186.145.91.234 - - [29/Oct/2022:12:54:07 -0500] "POST /sipse/faces/presentacion/financiero/solicitudProceso/listarSolicitudProceso.xhtml HTTP/1.1" 200 1560
186.145.91.234 - - [29/Oct/2022:12:54:08 -0500] "POST /sipse/faces/presentacion/financiero/solicitudProceso/listarSolicitudProceso.xhtml HTTP/1.1" 200 1564
186.145.91.234 - - [29/Oct/2022:12:54:08 -0500] "POST /sipse/faces/presentacion/financiero/solicitudProceso/listarSolicitudProceso.xhtml HTTP/1.1" 200 1564
186.145.91.234 - - [29/Oct/2022:12:54:08 -0500] "POST /sipse/faces/presentacion/financiero/solicitudProceso/listarSolicitudProceso.xhtml HTTP/1.1" 200 1564
186.28.188.228 - - [29/Oct/2022:12:54:08 -0500] "POST /procesar.php HTTP/1.1" 200 984
186.145.91.234 - - [29/Oct/2022:12:54:08 -0500] "POST /sipse/faces/presentacion/financiero/solicitudProceso/listarSolicitudProceso.xhtml HTTP/1.1" 200 1564
186.145.91.234 - - [29/Oct/2022:12:54:08 -0500] "POST /sipse/faces/presentacion/financiero/solicitudProceso/listarSolicitudProceso.xhtml HTTP/1.1" 200 1564
186.145.91.234 - - [29/Oct/2022:12:54:09 -0500] "POST /sipse/faces/presentacion/financiero/solicitudProceso/listarSolicitudProceso.xhtml HTTP/1.1" 200 1560
186.145.91.234 - - [29/Oct/2022:12:54:09 -0500] "POST /sipse/faces/presentacion/financiero/solicitudProceso/listarSolicitudProceso.xhtml HTTP/1.1" 200 1564
186.145.91.234 - - [29/Oct/2022:12:54:09 -0500] "POST /sipse/faces/presentacion/financiero/solicitudProceso/listarSolicitudProceso.xhtml HTTP/1.1" 200 1564
186.145.91.234 - - [29/Oct/2022:12:54:37 -0500] "POST /sipse/faces/presentacion/financiero/solicitudProceso/listarSolicitudProceso.xhtml HTTP/1.1" 200 111483
186.145.91.234 - - [29/Oct/2022:12:54:38 -0500] "GET /sipse/faces/javax.faces.resource/theme.css?ln=primefaces-sipse HTTP/1.1" 304 -
186.145.91.234 - - [29/Oct/2022:12:54:38 -0500] "GET /sipse/faces/javax.faces.resource/primefaces.css?ln=primefaces&v=4.0 HTTP/1.1" 304 -
186.145.91.234 - - [29/Oct/2022:12:54:39 -0500] "GET /sipse/faces/javax.faces.resource/jquery/jquery.js?ln=primefaces&v=4.0 HTTP/1.1" 304 -
186.145.91.234 - - [29/Oct/2022:12:54:39 -0500] "GET /sipse/faces/javax.faces.resource/layout/layout.css?ln=primefaces&v=4.0 HTTP/1.1" 304 -
186.145.91.234 - - [29/Oct/2022:12:54:39 -0500] "GET /sipse/faces/javax.faces.resource/jquery/jquery-plugins.js?ln=primefaces&v=4.0 HTTP/1.1" 304 -
186.145.91.234 - - [29/Oct/2022:12:54:39 -0500] "GET /sipse/faces/javax.faces.resource/primefaces.js?ln=primefaces&v=4.0 HTTP/1.1" 304 -
186.145.91.234 - - [29/Oct/2022:12:54:39 -0500] "GET /sipse/faces/javax.faces.resource/layout/layout.js?ln=primefaces&v=4.0 HTTP/1.1" 304 -
172.22.2.4 - - [29/Oct/2022:12:53:03 -0500] "HEAD /BLA/boletinlegal/ HTTP/1.1" 200 -
186.145.91.234 - - [29/Oct/2022:12:54:44 -0500] "POST /sipse/faces/presentacion/financiero/solicitudProceso/consultarSolicitudProceso.xhtml HTTP/1.1" 200 5439
216.245.221.92 - - [29/Oct/2022:12:54:53 -0500] "HEAD / HTTP/1.1" 200 -
194.55.186.199 - - [29/Oct/2022:12:55:03 -0500] "POST /boaform/admin/formLogin HTTP/1.1" 404 1186
186.29.79.87 - - [29/Oct/2022:12:55:27 -0500] "GET /120-mujeres-que-reverdecen-cumpliran-su-sueno-de-comprar-vivienda.html HTTP/1.1" 200 895
172.22.2.4 - - [29/Oct/2022:12:53:53 -0500] "GET /BLA/boletinlegal/ HTTP/1.1" 200 57725
186.145.91.234 - - [29/Oct/2022:12:55:54 -0500] "POST /sipse/faces/presentacion/financiero/solicitudProceso/consultarSolicitudProceso.xhtml HTTP/1.1" 200 64334
186.145.91.234 - - [29/Oct/2022:12:55:54 -0500] "GET /sipse/faces/javax.faces.resource/theme.css?ln=primefaces-sipse HTTP/1.1" 304 -
186.145.91.234 - - [29/Oct/2022:12:55:54 -0500] "GET /sipse/faces/javax.faces.resource/jquery/jquery.js?ln=primefaces&v=4.0 HTTP/1.1" 304 -
186.145.91.234 - - [29/Oct/2022:12:55:54 -0500] "GET /sipse/faces/javax.faces.resource/primefaces.css?ln=primefaces&v=4.0 HTTP/1.1" 304 -
186.145.91.234 - - [29/Oct/2022:12:55:54 -0500] "GET /sipse/faces/javax.faces.resource/layout/layout.css?ln=primefaces&v=4.0 HTTP/1.1" 304 -
186.145.91.234 - - [29/Oct/2022:12:55:54 -0500] "GET /sipse/faces/javax.faces.resource/jquery/jquery-plugins.js?ln=primefaces&v=4.0 HTTP/1.1" 304 -
186.145.91.234 - - [29/Oct/2022:12:55:55 -0500] "GET /sipse/faces/javax.faces.resource/primefaces.js?ln=primefaces&v=4.0 HTTP/1.1" 304 -
186.145.91.234 - - [29/Oct/2022:12:55:55 -0500] "GET /sipse/faces/javax.faces.resource/layout/layout.js?ln=primefaces&v=4.0 HTTP/1.1" 304 -
186.145.91.234 - - [29/Oct/2022:12:55:55 -0500] "POST /sipse/faces/presentacion/financiero/solicitudProceso/listarSolicitudProceso.xhtml HTTP/1.1" 200 57702
186.145.91.234 - - [29/Oct/2022:12:55:56 -0500] "POST /sipse/faces/presentacion/financiero/solicitudProceso/listarSolicitudProceso.xhtml HTTP/1.1" 200 57702
186.145.91.234 - - [29/Oct/2022:12:55:56 -0500] "POST /sipse/faces/presentacion/financiero/solicitudProceso/listarSolicitudProceso.xhtml HTTP/1.1" 200 57702
186.145.91.234 - - [29/Oct/2022:12:55:57 -0500] "POST /sipse/faces/presentacion/financiero/solicitudProceso/listarSolicitudProceso.xhtml HTTP/1.1" 200 57702
186.145.91.234 - - [29/Oct/2022:12:55:57 -0500] "POST /sipse/faces/presentacion/financiero/solicitudProceso/listarSolicitudProceso.xhtml HTTP/1.1" 200 57702
186.145.91.234 - - [29/Oct/2022:12:55:58 -0500] "POST /sipse/faces/presentacion/financiero/solicitudProceso/listarSolicitudProceso.xhtml HTTP/1.1" 200 57702
186.145.91.234 - - [29/Oct/2022:12:55:58 -0500] "POST /sipse/faces/presentacion/financiero/solicitudProceso/listarSolicitudProceso.xhtml HTTP/1.1" 200 57702
186.145.91.234 - - [29/Oct/2022:12:55:58 -0500] "POST /sipse/faces/presentacion/financiero/solicitudProceso/listarSolicitudProceso.xhtml HTTP/1.1" 200 57702
186.145.91.234 - - [29/Oct/2022:12:55:59 -0500] "POST /sipse/faces/presentacion/financiero/solicitudProceso/listarSolicitudProceso.xhtml HTTP/1.1" 200 57702
186.145.91.234 - - [29/Oct/2022:12:56:00 -0500] "POST /sipse/faces/presentacion/financiero/solicitudProceso/listarSolicitudProceso.xhtml HTTP/1.1" 200 57702
186.145.91.234 - - [29/Oct/2022:12:56:00 -0500] "POST /sipse/faces/presentacion/financiero/solicitudProceso/listarSolicitudProceso.xhtml HTTP/1.1" 200 1560
186.145.91.234 - - [29/Oct/2022:12:56:00 -0500] "POST /sipse/faces/presentacion/financiero/solicitudProceso/listarSolicitudProceso.xhtml HTTP/1.1" 200 1564
186.145.91.234 - - [29/Oct/2022:12:56:00 -0500] "POST /sipse/faces/presentacion/financiero/solicitudProceso/listarSolicitudProceso.xhtml HTTP/1.1" 200 1564
186.145.91.234 - - [29/Oct/2022:12:56:01 -0500] "POST /sipse/faces/presentacion/financiero/solicitudProceso/listarSolicitudProceso.xhtml HTTP/1.1" 200 1564
186.145.91.234 - - [29/Oct/2022:12:56:01 -0500] "POST /sipse/faces/presentacion/financiero/solicitudProceso/listarSolicitudProceso.xhtml HTTP/1.1" 200 1564
186.145.91.234 - - [29/Oct/2022:12:56:01 -0500] "POST /sipse/faces/presentacion/financiero/solicitudProceso/listarSolicitudProceso.xhtml HTTP/1.1" 200 1564
186.145.91.234 - - [29/Oct/2022:12:56:01 -0500] "POST /sipse/faces/presentacion/financiero/solicitudProceso/listarSolicitudProceso.xhtml HTTP/1.1" 200 1560
186.145.91.234 - - [29/Oct/2022:12:56:02 -0500] "POST /sipse/faces/presentacion/financiero/solicitudProceso/listarSolicitudProceso.xhtml HTTP/1.1" 200 1564
186.145.91.234 - - [29/Oct/2022:12:56:02 -0500] "POST /sipse/faces/presentacion/financiero/solicitudProceso/listarSolicitudProceso.xhtml HTTP/1.1" 200 1564
186.145.91.234 - - [29/Oct/2022:12:56:02 -0500] "POST /sipse/faces/presentacion/financiero/solicitudProceso/listarSolicitudProceso.xhtml HTTP/1.1" 200 1564
186.145.91.234 - - [29/Oct/2022:12:56:02 -0500] "POST /sipse/faces/presentacion/financiero/solicitudProceso/listarSolicitudProceso.xhtml HTTP/1.1" 200 1560
201.245.192.253 - - [29/Oct/2022:12:58:16 -0500] "POST /kwsrmcab/Wsrmcab  HTTP/1.1" 200 213
216.245.221.92 - - [29/Oct/2022:12:59:53 -0500] "HEAD / HTTP/1.1" 200 -
186.28.74.22 - - [29/Oct/2022:13:00:22 -0500] "GET /120-mujeres-que-reverdecen-cumpliran-su-sueno-de-comprar-vivienda.html HTTP/1.1" 200 895
172.22.2.4 - - [29/Oct/2022:12:58:53 -0500] "HEAD /BLA/boletinlegal/ HTTP/1.1" 200 -
207.46.13.79 - - [29/Oct/2022:13:00:33 -0500] "GET /forest/ HTTP/1.1" 200 12041
186.28.74.22 - - [29/Oct/2022:13:01:03 -0500] "GET /120-mujeres-que-reverdecen-cumpliran-su-sueno-de-comprar-vivienda.html HTTP/1.1" 304 -
172.22.2.4 - - [29/Oct/2022:12:59:43 -0500] "GET /BLA/boletinlegal/ HTTP/1.1" 200 58575
186.145.91.234 - - [29/Oct/2022:13:01:48 -0500] "POST /sipse/faces/presentacion/financiero/solicitudProceso/listarSolicitudProceso.xhtml HTTP/1.1" 200 115672
186.145.91.234 - - [29/Oct/2022:13:01:50 -0500] "GET /sipse/faces/javax.faces.resource/theme.css?ln=primefaces-sipse HTTP/1.1" 304 -
186.145.91.234 - - [29/Oct/2022:13:01:51 -0500] "GET /sipse/faces/javax.faces.resource/layout/layout.css?ln=primefaces&v=4.0 HTTP/1.1" 304 -
186.145.91.234 - - [29/Oct/2022:13:01:51 -0500] "GET /sipse/faces/javax.faces.resource/primefaces.css?ln=primefaces&v=4.0 HTTP/1.1" 304 -
186.145.91.234 - - [29/Oct/2022:13:01:51 -0500] "GET /sipse/faces/javax.faces.resource/jquery/jquery.js?ln=primefaces&v=4.0 HTTP/1.1" 304 -
186.145.91.234 - - [29/Oct/2022:13:01:51 -0500] "GET /sipse/faces/javax.faces.resource/jquery/jquery-plugins.js?ln=primefaces&v=4.0 HTTP/1.1" 304 -
186.145.91.234 - - [29/Oct/2022:13:01:51 -0500] "GET /sipse/faces/javax.faces.resource/primefaces.js?ln=primefaces&v=4.0 HTTP/1.1" 304 -
186.145.91.234 - - [29/Oct/2022:13:01:51 -0500] "GET /sipse/faces/javax.faces.resource/layout/layout.js?ln=primefaces&v=4.0 HTTP/1.1" 304 -
186.145.91.234 - - [29/Oct/2022:13:02:07 -0500] "POST /sipse/faces/presentacion/financiero/solicitudProceso/consultarSolicitudProceso.xhtml HTTP/1.1" 200 5439
128.14.136.18 - - [29/Oct/2022:13:03:06 -0500] "GET / HTTP/1.1" 200 319
201.245.192.253 - - [29/Oct/2022:13:03:14 -0500] "POST /kwsrmcab/Wsrmcab  HTTP/1.1" 200 213
186.145.91.234 - - [29/Oct/2022:13:04:02 -0500] "POST /sipse/faces/presentacion/financiero/solicitudProceso/consultarSolicitudProceso.xhtml HTTP/1.1" 200 64334
186.145.91.234 - - [29/Oct/2022:13:04:03 -0500] "GET /sipse/faces/javax.faces.resource/theme.css?ln=primefaces-sipse HTTP/1.1" 304 -
186.145.91.234 - - [29/Oct/2022:13:04:03 -0500] "GET /sipse/faces/javax.faces.resource/primefaces.css?ln=primefaces&v=4.0 HTTP/1.1" 304 -
186.145.91.234 - - [29/Oct/2022:13:04:03 -0500] "GET /sipse/faces/javax.faces.resource/layout/layout.css?ln=primefaces&v=4.0 HTTP/1.1" 304 -
186.145.91.234 - - [29/Oct/2022:13:04:03 -0500] "GET /sipse/faces/javax.faces.resource/jquery/jquery.js?ln=primefaces&v=4.0 HTTP/1.1" 304 -
186.145.91.234 - - [29/Oct/2022:13:04:04 -0500] "GET /sipse/faces/javax.faces.resource/jquery/jquery-plugins.js?ln=primefaces&v=4.0 HTTP/1.1" 304 -
186.145.91.234 - - [29/Oct/2022:13:04:04 -0500] "GET /sipse/faces/javax.faces.resource/primefaces.js?ln=primefaces&v=4.0 HTTP/1.1" 304 -
186.145.91.234 - - [29/Oct/2022:13:04:04 -0500] "GET /sipse/faces/javax.faces.resource/layout/layout.js?ln=primefaces&v=4.0 HTTP/1.1" 304 -
186.145.91.234 - - [29/Oct/2022:13:04:05 -0500] "POST /sipse/faces/presentacion/financiero/solicitudProceso/listarSolicitudProceso.xhtml HTTP/1.1" 200 57702
186.145.91.234 - - [29/Oct/2022:13:04:05 -0500] "POST /sipse/faces/presentacion/financiero/solicitudProceso/listarSolicitudProceso.xhtml HTTP/1.1" 200 57702
186.145.91.234 - - [29/Oct/2022:13:04:06 -0500] "POST /sipse/faces/presentacion/financiero/solicitudProceso/listarSolicitudProceso.xhtml HTTP/1.1" 200 57702
186.145.91.234 - - [29/Oct/2022:13:04:06 -0500] "POST /sipse/faces/presentacion/financiero/solicitudProceso/listarSolicitudProceso.xhtml HTTP/1.1" 200 57702
186.145.91.234 - - [29/Oct/2022:13:04:07 -0500] "POST /sipse/faces/presentacion/financiero/solicitudProceso/listarSolicitudProceso.xhtml HTTP/1.1" 200 57702
186.145.91.234 - - [29/Oct/2022:13:04:07 -0500] "POST /sipse/faces/presentacion/financiero/solicitudProceso/listarSolicitudProceso.xhtml HTTP/1.1" 200 57702
186.145.91.234 - - [29/Oct/2022:13:04:08 -0500] "POST /sipse/faces/presentacion/financiero/solicitudProceso/listarSolicitudProceso.xhtml HTTP/1.1" 200 57702
186.145.91.234 - - [29/Oct/2022:13:04:09 -0500] "POST /sipse/faces/presentacion/financiero/solicitudProceso/listarSolicitudProceso.xhtml HTTP/1.1" 200 57702
186.145.91.234 - - [29/Oct/2022:13:04:09 -0500] "POST /sipse/faces/presentacion/financiero/solicitudProceso/listarSolicitudProceso.xhtml HTTP/1.1" 200 57702
186.145.91.234 - - [29/Oct/2022:13:04:09 -0500] "POST /sipse/faces/presentacion/financiero/solicitudProceso/listarSolicitudProceso.xhtml HTTP/1.1" 200 57702
186.145.91.234 - - [29/Oct/2022:13:04:10 -0500] "POST /sipse/faces/presentacion/financiero/solicitudProceso/listarSolicitudProceso.xhtml HTTP/1.1" 200 57702
186.145.91.234 - - [29/Oct/2022:13:04:10 -0500] "POST /sipse/faces/presentacion/financiero/solicitudProceso/listarSolicitudProceso.xhtml HTTP/1.1" 200 57702
186.145.91.234 - - [29/Oct/2022:13:04:11 -0500] "POST /sipse/faces/presentacion/financiero/solicitudProceso/listarSolicitudProceso.xhtml HTTP/1.1" 200 1560
186.145.91.234 - - [29/Oct/2022:13:04:11 -0500] "POST /sipse/faces/presentacion/financiero/solicitudProceso/listarSolicitudProceso.xhtml HTTP/1.1" 200 1564
186.145.91.234 - - [29/Oct/2022:13:04:11 -0500] "POST /sipse/faces/presentacion/financiero/solicitudProceso/listarSolicitudProceso.xhtml HTTP/1.1" 200 1564
186.145.91.234 - - [29/Oct/2022:13:04:12 -0500] "POST /sipse/faces/presentacion/financiero/solicitudProceso/listarSolicitudProceso.xhtml HTTP/1.1" 200 1564
186.145.91.234 - - [29/Oct/2022:13:04:12 -0500] "POST /sipse/faces/presentacion/financiero/solicitudProceso/listarSolicitudProceso.xhtml HTTP/1.1" 200 1564
186.145.91.234 - - [29/Oct/2022:13:04:12 -0500] "POST /sipse/faces/presentacion/financiero/solicitudProceso/listarSolicitudProceso.xhtml HTTP/1.1" 200 1564
186.145.91.234 - - [29/Oct/2022:13:04:12 -0500] "POST /sipse/faces/presentacion/financiero/solicitudProceso/listarSolicitudProceso.xhtml HTTP/1.1" 200 1560
186.145.91.234 - - [29/Oct/2022:13:04:12 -0500] "POST /sipse/faces/presentacion/financiero/solicitudProceso/listarSolicitudProceso.xhtml HTTP/1.1" 200 1564
186.145.91.234 - - [29/Oct/2022:13:04:13 -0500] "POST /sipse/faces/presentacion/financiero/solicitudProceso/listarSolicitudProceso.xhtml HTTP/1.1" 200 1564
186.145.91.234 - - [29/Oct/2022:13:04:13 -0500] "POST /sipse/faces/presentacion/financiero/solicitudProceso/listarSolicitudProceso.xhtml HTTP/1.1" 200 1564
186.145.91.234 - - [29/Oct/2022:13:04:13 -0500] "POST /sipse/faces/presentacion/financiero/solicitudProceso/listarSolicitudProceso.xhtml HTTP/1.1" 200 1560
186.145.91.234 - - [29/Oct/2022:13:04:13 -0500] "POST /sipse/faces/presentacion/financiero/solicitudProceso/listarSolicitudProceso.xhtml HTTP/1.1" 200 1564
186.145.91.234 - - [29/Oct/2022:13:04:13 -0500] "POST /sipse/faces/presentacion/financiero/solicitudProceso/listarSolicitudProceso.xhtml HTTP/1.1" 200 1564
186.145.91.234 - - [29/Oct/2022:13:04:21 -0500] "POST /sipse/faces/presentacion/financiero/solicitudProceso/listarSolicitudProceso.xhtml HTTP/1.1" 200 121625
186.145.91.234 - - [29/Oct/2022:13:04:23 -0500] "GET /sipse/faces/javax.faces.resource/theme.css?ln=primefaces-sipse HTTP/1.1" 304 -
186.145.91.234 - - [29/Oct/2022:13:04:23 -0500] "GET /sipse/faces/javax.faces.resource/primefaces.css?ln=primefaces&v=4.0 HTTP/1.1" 304 -
186.145.91.234 - - [29/Oct/2022:13:04:23 -0500] "GET /sipse/faces/javax.faces.resource/layout/layout.css?ln=primefaces&v=4.0 HTTP/1.1" 304 -
186.145.91.234 - - [29/Oct/2022:13:04:23 -0500] "GET /sipse/faces/javax.faces.resource/jquery/jquery.js?ln=primefaces&v=4.0 HTTP/1.1" 304 -
186.145.91.234 - - [29/Oct/2022:13:04:23 -0500] "GET /sipse/faces/javax.faces.resource/jquery/jquery-plugins.js?ln=primefaces&v=4.0 HTTP/1.1" 304 -
186.145.91.234 - - [29/Oct/2022:13:04:24 -0500] "GET /sipse/faces/javax.faces.resource/primefaces.js?ln=primefaces&v=4.0 HTTP/1.1" 304 -
186.145.91.234 - - [29/Oct/2022:13:04:24 -0500] "GET /sipse/faces/javax.faces.resource/layout/layout.js?ln=primefaces&v=4.0 HTTP/1.1" 304 -
186.145.91.234 - - [29/Oct/2022:13:04:29 -0500] "POST /sipse/faces/presentacion/financiero/solicitudProceso/consultarSolicitudProceso.xhtml HTTP/1.1" 200 5471
216.245.221.92 - - [29/Oct/2022:13:04:53 -0500] "HEAD / HTTP/1.1" 200 -
157.55.39.69 - - [29/Oct/2022:13:05:29 -0500] "GET /BLA/resoluciones/Notificaciones/AUTOS%202017/3391.pdf HTTP/1.1" 304 -
172.22.2.4 - - [29/Oct/2022:13:04:43 -0500] "HEAD /BLA/boletinlegal/ HTTP/1.1" 200 -
172.22.2.4 - - [29/Oct/2022:13:05:33 -0500] "GET /BLA/boletinlegal/ HTTP/1.1" 200 57725
201.245.192.253 - - [29/Oct/2022:13:08:13 -0500] "POST /kwsrmcab/Wsrmcab  HTTP/1.1" 200 213
216.245.221.92 - - [29/Oct/2022:13:09:52 -0500] "HEAD / HTTP/1.1" 200 -
186.28.188.228 - - [29/Oct/2022:13:10:24 -0500] "GET /portaldeninos/ HTTP/1.1" 200 110197
186.28.188.228 - - [29/Oct/2022:13:10:24 -0500] "GET /portaldeninos/wp-content/uploads/useanyfont/uaf.css?ver=1589905315 HTTP/1.1" 200 408
186.28.188.228 - - [29/Oct/2022:13:10:24 -0500] "GET /portaldeninos/wp-content/themes/betheme/style.css?ver=20.9.6 HTTP/1.1" 200 287
186.28.188.228 - - [29/Oct/2022:13:10:24 -0500] "GET /portaldeninos/wp-content/plugins/gallery-videos/CSS/Total-Soft-Gallery-Video-Widget.css?ver=4.9.8 HTTP/1.1" 200 51554
186.28.188.228 - - [29/Oct/2022:13:10:24 -0500] "GET /portaldeninos/wp-content/plugins/gallery-videos/CSS/totalsoft.css?ver=4.9.8 HTTP/1.1" 200 40622
186.28.188.228 - - [29/Oct/2022:13:10:24 -0500] "GET /portaldeninos/wp-content/themes/betheme/css/base.css?ver=20.9.6 HTTP/1.1" 200 57283
186.28.188.228 - - [29/Oct/2022:13:10:25 -0500] "GET /portaldeninos/wp-content/themes/betheme/assets/jplayer/css/jplayer.blue.monday.css?ver=20.9.6 HTTP/1.1" 200 9834
186.28.188.228 - - [29/Oct/2022:13:10:25 -0500] "GET /portaldeninos/wp-content/themes/betheme/assets/ui/jquery.ui.all.css?ver=20.9.6 HTTP/1.1" 200 18765
186.28.188.228 - - [29/Oct/2022:13:10:25 -0500] "GET /portaldeninos/wp-content/plugins/popup-maker/assets/css/site.min.css?ver=1.8.14 HTTP/1.1" 200 8260
186.28.188.228 - - [29/Oct/2022:13:10:25 -0500] "GET /portaldeninos/wp-content/plugins/google-analytics-for-wordpress/assets/js/frontend-gtag.min.js?ver=8.5.0 HTTP/1.1" 200 11801
186.28.188.228 - - [29/Oct/2022:13:10:24 -0500] "GET /portaldeninos/wp-content/themes/betheme/assets/animations/animations.min.css?ver=20.9.6 HTTP/1.1" 200 58508
186.28.188.228 - - [29/Oct/2022:13:10:25 -0500] "GET /portaldeninos/wp-includes/js/jquery/jquery-migrate.min.js?ver=1.4.1 HTTP/1.1" 200 10056
186.28.188.228 - - [29/Oct/2022:13:10:24 -0500] "GET /portaldeninos/wp-content/themes/betheme/css/layout.css?ver=20.9.6 HTTP/1.1" 200 116639
186.28.188.228 - - [29/Oct/2022:13:10:25 -0500] "GET /portaldeninos/wp-includes/js/jquery/ui/core.min.js?ver=1.11.4 HTTP/1.1" 200 4000
186.28.188.228 - - [29/Oct/2022:13:10:25 -0500] "GET /portaldeninos/wp-content/plugins/gallery-videos/JS/modernizr.custom.js?ver=4.9.8 HTTP/1.1" 200 9019
186.28.188.228 - - [29/Oct/2022:13:10:25 -0500] "GET /portaldeninos/wp-content/plugins/gallery-videos/JS/Total-Soft-Gallery-Video-Widget.js?ver=4.9.8 HTTP/1.1" 200 80264
186.28.188.228 - - [29/Oct/2022:13:10:25 -0500] "GET /portaldeninos/wp-content/themes/betheme/css/responsive.css?ver=20.9.6 HTTP/1.1" 200 55740
186.28.188.228 - - [29/Oct/2022:13:10:24 -0500] "GET /portaldeninos/wp-content/themes/betheme/css/shortcodes.css?ver=20.9.6 HTTP/1.1" 200 138889
186.28.188.228 - - [29/Oct/2022:13:10:25 -0500] "GET /portaldeninos/wp-includes/js/jquery/jquery.js?ver=1.12.4 HTTP/1.1" 200 97184
186.28.188.228 - - [29/Oct/2022:13:10:25 -0500] "GET /portaldeninos/wp-includes/js/jquery/ui/widget.min.js?ver=1.11.4 HTTP/1.1" 200 6908
186.28.188.228 - - [29/Oct/2022:13:10:25 -0500] "GET /portaldeninos/wp-includes/js/jquery/ui/mouse.min.js?ver=1.11.4 HTTP/1.1" 200 3148
186.28.188.228 - - [29/Oct/2022:13:10:25 -0500] "GET /portaldeninos/wp-includes/js/jquery/ui/accordion.min.js?ver=1.11.4 HTTP/1.1" 200 8584
186.28.188.228 - - [29/Oct/2022:13:10:25 -0500] "GET /portaldeninos/wp-content/themes/betheme/js/menu.js?ver=20.9.6 HTTP/1.1" 200 2449
186.28.188.228 - - [29/Oct/2022:13:10:25 -0500] "GET /portaldeninos/wp-includes/js/jquery/ui/tabs.min.js?ver=1.11.4 HTTP/1.1" 200 12110
186.28.188.228 - - [29/Oct/2022:13:10:25 -0500] "GET /portaldeninos/wp-includes/js/jquery/ui/sortable.min.js?ver=1.11.4 HTTP/1.1" 200 24899
186.28.188.228 - - [29/Oct/2022:13:10:25 -0500] "GET /portaldeninos/wp-includes/js/jquery/ui/position.min.js?ver=1.11.4 HTTP/1.1" 200 6527
186.28.188.228 - - [29/Oct/2022:13:10:25 -0500] "GET /portaldeninos/wp-content/themes/betheme/assets/animations/animations.min.js?ver=20.9.6 HTTP/1.1" 200 1896
186.28.188.228 - - [29/Oct/2022:13:10:25 -0500] "GET /portaldeninos/wp-content/themes/betheme/assets/jplayer/jplayer.min.js?ver=20.9.6 HTTP/1.1" 200 52702
186.28.188.228 - - [29/Oct/2022:13:10:25 -0500] "GET /portaldeninos/wp-includes/js/wp-embed.min.js?ver=4.9.8 HTTP/1.1" 200 1398
186.28.188.228 - - [29/Oct/2022:13:10:25 -0500] "GET /portaldeninos/wp-content/themes/betheme/js/scripts.js?ver=20.9.6 HTTP/1.1" 200 77162
186.28.188.228 - - [29/Oct/2022:13:10:25 -0500] "GET /portaldeninos/wp-content/plugins/popup-maker/assets/js/site.min.js?defer&ver=1.8.14 HTTP/1.1" 200 48457
186.28.188.228 - - [29/Oct/2022:13:10:25 -0500] "GET /portaldeninos/wp-includes/js/wp-emoji-release.min.js?ver=4.9.8 HTTP/1.1" 200 12026
186.28.188.228 - - [29/Oct/2022:13:10:25 -0500] "GET /portaldeninos/wp-content/uploads/2021/06/titulo-miambiente-ni%C3%B1os.png HTTP/1.1" 200 11944
186.28.188.228 - - [29/Oct/2022:13:10:25 -0500] "GET /portaldeninos/wp-content/uploads/2021/06/titulo-cabezote-ni%C3%B1os.png HTTP/1.1" 200 64425
186.28.188.228 - - [29/Oct/2022:13:10:25 -0500] "GET /portaldeninos/wp-content/uploads/2019/08/Logo-Ambientic.png HTTP/1.1" 200 22941
186.28.188.228 - - [29/Oct/2022:13:10:25 -0500] "GET /portaldeninos/wp-content/themes/betheme/fonts/mfn-icons.woff?93978679 HTTP/1.1" 200 80932
186.28.188.228 - - [29/Oct/2022:13:10:25 -0500] "GET /portaldeninos/wp-content/themes/betheme/js/plugins.js?ver=20.9.6 HTTP/1.1" 200 197151
186.28.188.228 - - [29/Oct/2022:13:10:25 -0500] "GET /portaldeninos/wp-content/uploads/2020/01/Tierra-escenario.jpg HTTP/1.1" 200 181491
186.28.188.228 - - [29/Oct/2022:13:10:25 -0500] "GET /portaldeninos/wp-content/uploads/2021/06/titulo-videos-ni%C3%B1os.png HTTP/1.1" 200 10502
186.28.188.228 - - [29/Oct/2022:13:10:25 -0500] "GET /portaldeninos/wp-content/uploads/2020/01/Frailejon-escenario.jpg HTTP/1.1" 200 357472
186.28.188.228 - - [29/Oct/2022:13:10:25 -0500] "GET /portaldeninos/wp-content/uploads/2021/06/titulo-humedales-ni%C3%B1os.png HTTP/1.1" 200 13361
186.28.188.228 - - [29/Oct/2022:13:10:25 -0500] "GET /portaldeninos/wp-content/uploads/2020/05/fb.jpg HTTP/1.1" 200 9893
186.28.188.228 - - [29/Oct/2022:13:10:25 -0500] "GET /portaldeninos/wp-content/uploads/2018/11/caneca.jpg HTTP/1.1" 200 262661
186.28.188.228 - - [29/Oct/2022:13:10:25 -0500] "GET /portaldeninos/wp-content/uploads/2020/05/ig.jpg HTTP/1.1" 200 11470
186.28.188.228 - - [29/Oct/2022:13:10:25 -0500] "GET /portaldeninos/wp-content/uploads/2020/06/yt.jpg HTTP/1.1" 200 10577
186.28.188.228 - - [29/Oct/2022:13:10:25 -0500] "GET /portaldeninos/wp-content/uploads/2020/06/tw.jpg HTTP/1.1" 200 11056
186.28.188.228 - - [29/Oct/2022:13:10:25 -0500] "GET /portaldeninos/wp-content/themes/betheme/images/box_shadow.png HTTP/1.1" 200 108
186.28.188.228 - - [29/Oct/2022:13:10:25 -0500] "GET /portaldeninos/wp-content/themes/betheme/images/stripes/stripes_3_b.png HTTP/1.1" 200 974
186.28.188.228 - - [29/Oct/2022:13:10:25 -0500] "GET /portaldeninos/wp-content/uploads/2018/10/oso.jpg HTTP/1.1" 200 305180
186.28.188.228 - - [29/Oct/2022:13:10:25 -0500] "GET /portaldeninos/wp-content/uploads/2018/11/tigrillo.jpg HTTP/1.1" 200 402961
186.28.188.228 - - [29/Oct/2022:13:10:25 -0500] "GET /portaldeninos/wp-content/uploads/2022/08/Infograf%C3%ADa-humedales-actualizada.png HTTP/1.1" 200 588022
186.28.188.228 - - [29/Oct/2022:13:10:26 -0500] "GET /portaldeninos/wp-json/pum/v1/analytics/?event=open&pid=1126&_cache=1667066896872 HTTP/1.1" 204 -
186.28.188.228 - - [29/Oct/2022:13:10:25 -0500] "GET /portaldeninos/wp-content/uploads/2022/08/HUmedalConejera03-1.jpg HTTP/1.1" 200 12388495
186.28.188.228 - - [29/Oct/2022:13:10:25 -0500] "GET /portaldeninos/wp-content/uploads/2019/06/CabezoteAMBIENTIC.mp4 HTTP/1.1" 206 21677757
186.28.188.228 - - [29/Oct/2022:13:10:25 -0500] "GET /portaldeninos/wp-content/uploads/2022/01/Conoce-lo-que-hace-la-Secretar%C3%ADa-de-Ambiente.mp4 HTTP/1.1" 206 5947926
14.41.38.147 - - [29/Oct/2022:13:10:53 -0500] "GET / HTTP/1.0" 200 319
66.220.149.17 - - [29/Oct/2022:13:12:03 -0500] "GET /san-benito-circular-una-apuesta-para-la-transformacion-sostenible-de-la-industria-manufacturera-en-bogota.html HTTP/1.1" 206 933
172.22.2.4 - - [29/Oct/2022:13:10:33 -0500] "HEAD /BLA/boletinlegal/ HTTP/1.1" 200 -
172.22.2.4 - - [29/Oct/2022:13:11:23 -0500] "GET /BLA/boletinlegal/ HTTP/1.1" 200 57725
201.245.192.253 - - [29/Oct/2022:13:13:13 -0500] "POST /kwsrmcab/Wsrmcab  HTTP/1.1" 200 213
216.245.221.92 - - [29/Oct/2022:13:14:52 -0500] "HEAD / HTTP/1.1" 200 -
157.55.39.69 - - [29/Oct/2022:13:16:40 -0500] "GET /catalogoisis/ HTTP/1.1" 200 8575
172.22.2.4 - - [29/Oct/2022:13:16:23 -0500] "HEAD /BLA/boletinlegal/ HTTP/1.1" 200 -
201.245.192.253 - - [29/Oct/2022:13:18:12 -0500] "POST /kwsrmcab/Wsrmcab  HTTP/1.1" 200 213
172.22.2.4 - - [29/Oct/2022:13:17:13 -0500] "GET /BLA/boletinlegal/ HTTP/1.1" 200 59828
114.119.141.71 - - [29/Oct/2022:13:19:43 -0500] "GET /autoliquidacion/index.php?dir=Cobro%2BEvaluacion%2BCertificaci%C3%83%C2%83%C3%82%C2%AF%C3%83%C2%82%C3%82%C2%BF%C3%83%C2%82%C3%82%C2%BDn%2BPara%2BLa%2BDeducci%C3%83%C2%83%C3%82%C2%AF%C3%83%C2%82%C3%82%C2%BF%C3%83%C2%82%C3%82%C2%BDn%2BPor%2BInversi%C3%83%C2%83%C3%82%C2%AF%C3%83%C2%82%C3%82%C2%BF%C3%83%C2%82%C3%82%C2%BDn%2BEn%2BMedio%2BAmbiente/&sort=date&order=asc HTTP/1.1" 200 7231
216.245.221.92 - - [29/Oct/2022:13:19:52 -0500] "HEAD / HTTP/1.1" 200 -
201.245.192.253 - - [29/Oct/2022:13:21:46 -0500] "POST /kwsrmcab/Wsrmcab HTTP/1.1" 200 42577
201.245.192.253 - - [29/Oct/2022:13:21:49 -0500] "POST /kwsrmcab/Wsrmcab HTTP/1.1" 200 42270
201.245.192.253 - - [29/Oct/2022:13:23:11 -0500] "POST /kwsrmcab/Wsrmcab  HTTP/1.1" 200 213
172.22.2.4 - - [29/Oct/2022:13:22:13 -0500] "HEAD /BLA/boletinlegal/ HTTP/1.1" 200 -
190.27.61.132 - - [29/Oct/2022:13:24:00 -0500] "GET /sipse/faces/faces/faces/index.xhtml HTTP/1.1" 200 677
190.27.61.132 - - [29/Oct/2022:13:24:00 -0500] "GET /sipse/faces/javax.faces.resource/theme.css?ln=primefaces-sipse HTTP/1.1" 304 -
190.27.61.132 - - [29/Oct/2022:13:24:00 -0500] "GET /sipse/faces/faces/faces/faces/autenticacion.xhtml HTTP/1.1" 200 12181
190.27.61.132 - - [29/Oct/2022:13:24:00 -0500] "GET /sipse/faces/javax.faces.resource/theme.css?ln=primefaces-sipse HTTP/1.1" 304 -
190.27.61.132 - - [29/Oct/2022:13:24:00 -0500] "GET /sipse/faces/javax.faces.resource/primefaces.css?ln=primefaces&v=4.0 HTTP/1.1" 304 -
190.27.61.132 - - [29/Oct/2022:13:24:00 -0500] "GET /sipse/faces/javax.faces.resource/layout/layout.css?ln=primefaces&v=4.0 HTTP/1.1" 304 -
190.27.61.132 - - [29/Oct/2022:13:24:00 -0500] "GET /sipse/faces/javax.faces.resource/layout/layout.js?ln=primefaces&v=4.0 HTTP/1.1" 304 -
190.27.61.132 - - [29/Oct/2022:13:24:00 -0500] "GET /sipse/faces/javax.faces.resource/jquery/jquery-plugins.js?ln=primefaces&v=4.0 HTTP/1.1" 304 -
190.27.61.132 - - [29/Oct/2022:13:24:00 -0500] "GET /sipse/faces/javax.faces.resource/jquery/jquery.js?ln=primefaces&v=4.0 HTTP/1.1" 304 -
190.27.61.132 - - [29/Oct/2022:13:24:00 -0500] "GET /sipse/faces/javax.faces.resource/primefaces.js?ln=primefaces&v=4.0 HTTP/1.1" 304 -
190.27.61.132 - - [29/Oct/2022:13:24:00 -0500] "GET /sipse/faces/javax.faces.resource/images/ui-icons_898989_256x240.png?ln=primefaces-aristo HTTP/1.1" 304 -
190.27.61.132 - - [29/Oct/2022:13:24:07 -0500] "POST /sipse/faces/autenticacion.xhtml HTTP/1.1" 200 11180
190.27.61.132 - - [29/Oct/2022:13:24:07 -0500] "GET /sipse/faces/javax.faces.resource/theme.css?ln=primefaces-sipse HTTP/1.1" 304 -
190.27.61.132 - - [29/Oct/2022:13:24:07 -0500] "GET /sipse/faces/javax.faces.resource/primefaces.css?ln=primefaces&v=4.0 HTTP/1.1" 304 -
190.27.61.132 - - [29/Oct/2022:13:24:07 -0500] "GET /sipse/faces/javax.faces.resource/jquery/jquery.js?ln=primefaces&v=4.0 HTTP/1.1" 304 -
190.27.61.132 - - [29/Oct/2022:13:24:07 -0500] "GET /sipse/faces/javax.faces.resource/layout/layout.css?ln=primefaces&v=4.0 HTTP/1.1" 304 -
190.27.61.132 - - [29/Oct/2022:13:24:07 -0500] "GET /sipse/faces/javax.faces.resource/jquery/jquery-plugins.js?ln=primefaces&v=4.0 HTTP/1.1" 304 -
190.27.61.132 - - [29/Oct/2022:13:24:07 -0500] "GET /sipse/faces/javax.faces.resource/primefaces.js?ln=primefaces&v=4.0 HTTP/1.1" 304 -
190.27.61.132 - - [29/Oct/2022:13:24:07 -0500] "GET /sipse/faces/javax.faces.resource/layout/layout.js?ln=primefaces&v=4.0 HTTP/1.1" 304 -
190.27.61.132 - - [29/Oct/2022:13:24:07 -0500] "GET /sipse/faces/javax.faces.resource/images/ui-icons_898989_256x240.png?ln=primefaces-aristo HTTP/1.1" 304 -
190.27.61.132 - - [29/Oct/2022:13:24:07 -0500] "GET /sipse/faces/javax.faces.resource/messages/messages.png?ln=primefaces&v=4.0 HTTP/1.1" 304 -
190.27.61.132 - - [29/Oct/2022:13:24:09 -0500] "GET /sipse/faces/javax.faces.resource/images/ui-icons_898989_256x240.png?ln=primefaces-aristo HTTP/1.1" 304 -
190.27.61.132 - - [29/Oct/2022:13:24:10 -0500] "POST /sipse/faces/presentacion/sistema/seguridad/seleccionRol.xhtml HTTP/1.1" 200 5610
190.27.61.132 - - [29/Oct/2022:13:24:11 -0500] "POST /sipse/faces/presentacion/sistema/seguridad/seleccionRol.xhtml HTTP/1.1" 200 15637
190.27.61.132 - - [29/Oct/2022:13:24:11 -0500] "GET /sipse/faces/javax.faces.resource/theme.css?ln=primefaces-sipse HTTP/1.1" 304 -
190.27.61.132 - - [29/Oct/2022:13:24:11 -0500] "GET /sipse/faces/javax.faces.resource/layout/layout.css?ln=primefaces&v=4.0 HTTP/1.1" 304 -
190.27.61.132 - - [29/Oct/2022:13:24:11 -0500] "GET /sipse/faces/javax.faces.resource/primefaces.css?ln=primefaces&v=4.0 HTTP/1.1" 304 -
190.27.61.132 - - [29/Oct/2022:13:24:11 -0500] "GET /sipse/faces/javax.faces.resource/jquery/jquery.js?ln=primefaces&v=4.0 HTTP/1.1" 304 -
190.27.61.132 - - [29/Oct/2022:13:24:11 -0500] "GET /sipse/faces/javax.faces.resource/jquery/jquery-plugins.js?ln=primefaces&v=4.0 HTTP/1.1" 304 -
190.27.61.132 - - [29/Oct/2022:13:24:11 -0500] "GET /sipse/faces/javax.faces.resource/primefaces.js?ln=primefaces&v=4.0 HTTP/1.1" 304 -
190.27.61.132 - - [29/Oct/2022:13:24:11 -0500] "GET /sipse/faces/javax.faces.resource/layout/layout.js?ln=primefaces&v=4.0 HTTP/1.1" 304 -
190.27.61.132 - - [29/Oct/2022:13:24:11 -0500] "GET /sipse/faces/javax.faces.resource/images/ui-icons_898989_256x240.png?ln=primefaces-aristo HTTP/1.1" 304 -
190.27.61.132 - - [29/Oct/2022:13:24:12 -0500] "GET /sipse/faces/javax.faces.resource/images/ui-bg_flat_0_2d5972_40x100.png?ln=primefaces-aristo HTTP/1.1" 304 -
190.27.61.132 - - [29/Oct/2022:13:24:12 -0500] "POST /sipse/faces/bienvenido.xhtml HTTP/1.1" 200 1471
190.27.61.132 - - [29/Oct/2022:13:24:13 -0500] "POST /sipse/faces/bienvenido.xhtml HTTP/1.1" 200 63061
190.27.61.132 - - [29/Oct/2022:13:24:13 -0500] "GET /sipse/faces/javax.faces.resource/theme.css?ln=primefaces-sipse HTTP/1.1" 304 -
190.27.61.132 - - [29/Oct/2022:13:24:13 -0500] "GET /sipse/faces/javax.faces.resource/primefaces.css?ln=primefaces&v=4.0 HTTP/1.1" 304 -
190.27.61.132 - - [29/Oct/2022:13:24:13 -0500] "GET /sipse/faces/javax.faces.resource/layout/layout.css?ln=primefaces&v=4.0 HTTP/1.1" 304 -
190.27.61.132 - - [29/Oct/2022:13:24:13 -0500] "GET /sipse/faces/javax.faces.resource/jquery/jquery.js?ln=primefaces&v=4.0 HTTP/1.1" 304 -
190.27.61.132 - - [29/Oct/2022:13:24:13 -0500] "GET /sipse/faces/javax.faces.resource/jquery/jquery-plugins.js?ln=primefaces&v=4.0 HTTP/1.1" 304 -
190.27.61.132 - - [29/Oct/2022:13:24:13 -0500] "GET /sipse/faces/javax.faces.resource/primefaces.js?ln=primefaces&v=4.0 HTTP/1.1" 304 -
190.27.61.132 - - [29/Oct/2022:13:24:13 -0500] "GET /sipse/faces/javax.faces.resource/layout/layout.js?ln=primefaces&v=4.0 HTTP/1.1" 304 -
190.27.61.132 - - [29/Oct/2022:13:24:13 -0500] "GET /sipse/faces/javax.faces.resource/images/ui-icons_898989_256x240.png?ln=primefaces-aristo HTTP/1.1" 304 -
190.27.61.132 - - [29/Oct/2022:13:24:13 -0500] "POST /sipse/faces/presentacion/financiero/solicitudProceso/listarSolicitudProceso.xhtml HTTP/1.1" 200 1560
190.27.61.132 - - [29/Oct/2022:13:24:29 -0500] "POST /sipse/faces/presentacion/financiero/solicitudProceso/listarSolicitudProceso.xhtml HTTP/1.1" 200 33127
190.27.61.132 - - [29/Oct/2022:13:24:30 -0500] "POST /sipse/faces/presentacion/financiero/solicitudProceso/listarSolicitudProceso.xhtml HTTP/1.1" 200 2449
190.27.61.132 - - [29/Oct/2022:13:24:30 -0500] "POST /sipse/faces/presentacion/financiero/solicitudProceso/listarSolicitudProceso.xhtml HTTP/1.1" 200 2457
190.27.61.132 - - [29/Oct/2022:13:24:32 -0500] "POST /sipse/faces/presentacion/financiero/solicitudProceso/listarSolicitudProceso.xhtml HTTP/1.1" 200 31918
190.27.61.132 - - [29/Oct/2022:13:24:33 -0500] "POST /sipse/faces/presentacion/financiero/solicitudProceso/listarSolicitudProceso.xhtml HTTP/1.1" 200 11823
190.27.61.132 - - [29/Oct/2022:13:24:34 -0500] "POST /sipse/faces/presentacion/financiero/solicitudProceso/listarSolicitudProceso.xhtml HTTP/1.1" 200 2445
190.27.61.132 - - [29/Oct/2022:13:24:36 -0500] "POST /sipse/faces/presentacion/financiero/solicitudProceso/listarSolicitudProceso.xhtml HTTP/1.1" 200 11823
190.27.61.132 - - [29/Oct/2022:13:24:36 -0500] "POST /sipse/faces/presentacion/financiero/solicitudProceso/listarSolicitudProceso.xhtml HTTP/1.1" 200 11815
190.27.61.132 - - [29/Oct/2022:13:24:37 -0500] "POST /sipse/faces/presentacion/financiero/solicitudProceso/listarSolicitudProceso.xhtml HTTP/1.1" 200 2457
172.22.2.4 - - [29/Oct/2022:13:23:03 -0500] "GET /BLA/boletinlegal/ HTTP/1.1" 200 56014
216.245.221.92 - - [29/Oct/2022:13:24:52 -0500] "HEAD / HTTP/1.1" 200 -
201.245.192.253 - - [29/Oct/2022:13:28:10 -0500] "POST /kwsrmcab/Wsrmcab  HTTP/1.1" 200 213
172.22.2.4 - - [29/Oct/2022:13:28:02 -0500] "HEAD /BLA/boletinlegal/ HTTP/1.1" 200 -
216.245.221.92 - - [29/Oct/2022:13:29:52 -0500] "HEAD / HTTP/1.1" 200 -
172.22.2.4 - - [29/Oct/2022:13:28:53 -0500] "GET /BLA/boletinlegal/ HTTP/1.1" 200 57725
201.245.192.253 - - [29/Oct/2022:13:31:46 -0500] "POST /kwsrmcab/Wsrmcab HTTP/1.1" 200 42577
201.245.192.253 - - [29/Oct/2022:13:31:49 -0500] "POST /kwsrmcab/Wsrmcab HTTP/1.1" 200 42270
201.245.192.253 - - [29/Oct/2022:13:33:09 -0500] "POST /kwsrmcab/Wsrmcab  HTTP/1.1" 200 213
114.119.141.71 - - [29/Oct/2022:13:33:18 -0500] "GET /BLA/resoluciones/RESOLUCIONES%202010/4895.pdf HTTP/1.1" 200 191907
216.245.221.92 - - [29/Oct/2022:13:34:52 -0500] "HEAD / HTTP/1.1" 200 -
172.22.2.4 - - [29/Oct/2022:13:33:53 -0500] "HEAD /BLA/boletinlegal/ HTTP/1.1" 200 -
172.22.2.4 - - [29/Oct/2022:13:34:43 -0500] "GET /BLA/boletinlegal/ HTTP/1.1" 200 59828
157.55.39.69 - - [29/Oct/2022:13:37:21 -0500] "GET /BLA/resoluciones/RESOLUCIONES%202022/0855.pdf HTTP/1.1" 200 357857
201.245.192.253 - - [29/Oct/2022:13:38:08 -0500] "POST /kwsrmcab/Wsrmcab  HTTP/1.1" 200 213
193.142.146.35 - - [29/Oct/2022:13:39:04 -0500] "GET / HTTP/1.1" 200 319
193.142.146.35 - - [29/Oct/2022:13:39:04 -0500] "POST /HNAP1/ HTTP/1.1" 404 1018
207.46.13.188 - - [29/Oct/2022:13:39:24 -0500] "GET /BLA/boletinlegal/Circulares/2012/Circular%20No.%201%20del%2017%20de%20Enero%20de%202012.pdf HTTP/1.1" 304 -
216.245.221.92 - - [29/Oct/2022:13:39:52 -0500] "HEAD / HTTP/1.1" 200 -
172.22.2.4 - - [29/Oct/2022:13:39:43 -0500] "HEAD /BLA/boletinlegal/ HTTP/1.1" 200 -
201.245.192.253 - - [29/Oct/2022:13:41:47 -0500] "POST /kwsrmcab/Wsrmcab HTTP/1.1" 200 42577
201.245.192.253 - - [29/Oct/2022:13:41:49 -0500] "POST /kwsrmcab/Wsrmcab HTTP/1.1" 200 42270
172.22.2.4 - - [29/Oct/2022:13:40:33 -0500] "GET /BLA/boletinlegal/ HTTP/1.1" 200 59828
201.245.192.253 - - [29/Oct/2022:13:43:07 -0500] "POST /kwsrmcab/Wsrmcab  HTTP/1.1" 200 213
40.77.167.70 - - [29/Oct/2022:13:43:30 -0500] "GET /porque-tu-vida-vale-haz-parte-del-simulacro-distrital-de-evacuacion-este-4-de-octubre.html HTTP/1.1" 200 810
172.22.2.4 - - [29/Oct/2022:13:44:18 -0500] "GET /BLA/boletinlegal/actos.php HTTP/1.1" 200 9566
172.22.2.4 - - [29/Oct/2022:13:44:18 -0500] "GET /BLA/boletinlegal/favicon.ico HTTP/1.1" 404 1326
172.22.2.4 - - [29/Oct/2022:13:44:16 -0500] "GET /BLA/boletinlegal/ HTTP/1.1" 200 24523
216.245.221.92 - - [29/Oct/2022:13:44:52 -0500] "HEAD / HTTP/1.1" 200 -
172.22.2.4 - - [29/Oct/2022:13:44:53 -0500] "GET /BLA/boletinlegal/consulta_actos.php?tipo=resoluciones&no=5794&usuario=&sector=&fecha=2009&resuelve= HTTP/1.1" 200 1185
190.24.58.76 - - [29/Oct/2022:13:44:56 -0500] "GET /BLA/resoluciones/RESOLUCIONES%202009/5794.pdf HTTP/1.1" 200 1061373
190.24.58.76 - - [29/Oct/2022:13:44:56 -0500] "GET /favicon.ico HTTP/1.1" 200 7782
172.22.2.4 - - [29/Oct/2022:13:45:33 -0500] "HEAD /BLA/boletinlegal/ HTTP/1.1" 200 -
172.22.2.4 - - [29/Oct/2022:13:46:23 -0500] "GET /BLA/boletinlegal/ HTTP/1.1" 200 58955
201.245.192.253 - - [29/Oct/2022:13:48:06 -0500] "POST /kwsrmcab/Wsrmcab  HTTP/1.1" 200 213
172.22.2.4 - - [29/Oct/2022:13:48:18 -0500] "GET /BLA/boletinlegal/style.css HTTP/1.1" 200 9406
172.22.2.4 - - [29/Oct/2022:13:48:18 -0500] "GET /BLA/boletinlegal/styles2.css HTTP/1.1" 200 1838
172.22.2.4 - - [29/Oct/2022:13:48:18 -0500] "GET /BLA/boletinlegal/js/jquery.js HTTP/1.1" 200 57254
172.22.2.4 - - [29/Oct/2022:13:48:18 -0500] "GET /BLA/boletinlegal/js/jquery.scrollShow.js HTTP/1.1" 200 4586
172.22.2.4 - - [29/Oct/2022:13:48:18 -0500] "GET /BLA/boletinlegal/js/jquery.scrollTo-min.js HTTP/1.1" 200 1150
172.22.2.4 - - [29/Oct/2022:13:48:18 -0500] "GET /BLA/boletinlegal/images/cabezote%20BLEGAL.jpg HTTP/1.1" 200 118164
172.22.2.4 - - [29/Oct/2022:13:48:18 -0500] "GET /BLA/boletinlegal/images/subscribe-icon-big.png HTTP/1.1" 200 47702
172.22.2.4 - - [29/Oct/2022:13:48:18 -0500] "GET /BLA/boletinlegal/images/historia.png HTTP/1.1" 200 52775
172.22.2.4 - - [29/Oct/2022:13:48:18 -0500] "GET /BLA/boletinlegal/images/registro-usuarios.png HTTP/1.1" 200 8106
172.22.2.4 - - [29/Oct/2022:13:48:18 -0500] "GET /BLA/boletinlegal/images/arr_l.jpg HTTP/1.1" 200 1979
172.22.2.4 - - [29/Oct/2022:13:48:18 -0500] "GET /BLA/boletinlegal/images/screen_1.png HTTP/1.1" 200 202547
172.22.2.4 - - [29/Oct/2022:13:48:18 -0500] "GET /BLA/boletinlegal/images/launch.jpg HTTP/1.1" 200 14577
172.22.2.4 - - [29/Oct/2022:13:48:18 -0500] "GET /BLA/boletinlegal/images/menu_rght.gif HTTP/1.1" 200 1627
172.22.2.4 - - [29/Oct/2022:13:48:18 -0500] "GET /BLA/boletinlegal/images/menu_lft.gif HTTP/1.1" 200 1713
172.22.2.4 - - [29/Oct/2022:13:48:18 -0500] "GET /BLA/boletinlegal/images/menu_bg.jpg HTTP/1.1" 200 620
172.22.2.4 - - [29/Oct/2022:13:48:18 -0500] "GET /BLA/boletinlegal/images/bg_top.jpg HTTP/1.1" 200 522
172.22.2.4 - - [29/Oct/2022:13:48:18 -0500] "GET /BLA/boletinlegal/images/text.jpg HTTP/1.1" 200 568
172.22.2.4 - - [29/Oct/2022:13:48:18 -0500] "GET /BLA/boletinlegal/images/hover.jpg HTTP/1.1" 200 640
172.22.2.4 - - [29/Oct/2022:13:48:18 -0500] "GET /BLA/boletinlegal/images/body_bg.jpg HTTP/1.1" 200 1601
172.22.2.4 - - [29/Oct/2022:13:48:25 -0500] "GET /BLA/boletinlegal/images/screen_2.png HTTP/1.1" 200 362502
172.22.2.4 - - [29/Oct/2022:13:48:25 -0500] "GET /BLA/boletinlegal/images/screen_3.png HTTP/1.1" 200 210620
172.22.2.4 - - [29/Oct/2022:13:48:25 -0500] "GET /BLA/boletinlegal/images/arr_r.jpg HTTP/1.1" 200 1998
172.22.2.4 - - [29/Oct/2022:13:48:25 -0500] "GET /BLA/boletinlegal/images/screen_5.png HTTP/1.1" 200 368876
172.22.2.4 - - [29/Oct/2022:13:48:25 -0500] "GET /BLA/boletinlegal/images/footer_bg.jpg HTTP/1.1" 200 586
172.22.2.4 - - [29/Oct/2022:13:48:17 -0500] "GET /BLA/boletinlegal/ HTTP/1.1" 200 32715
216.245.221.92 - - [29/Oct/2022:13:49:52 -0500] "HEAD / HTTP/1.1" 200 -
185.119.81.96 - - [29/Oct/2022:13:52:54 -0500] "GET /portaldeninos/wp-login.php HTTP/1.1" 200 2592
185.119.81.96 - - [29/Oct/2022:13:52:55 -0500] "POST /portaldeninos/wp-login.php HTTP/1.1" 200 3605
172.22.2.4 - - [29/Oct/2022:13:51:22 -0500] "HEAD /BLA/boletinlegal/ HTTP/1.1" 200 -
201.245.192.253 - - [29/Oct/2022:13:53:05 -0500] "POST /kwsrmcab/Wsrmcab  HTTP/1.1" 200 213
185.119.81.96 - - [29/Oct/2022:13:53:32 -0500] "GET /portaldeninos/wp-login.php HTTP/1.1" 200 2592
185.119.81.96 - - [29/Oct/2022:13:53:33 -0500] "POST /portaldeninos/wp-login.php HTTP/1.1" 200 3605
172.22.2.4 - - [29/Oct/2022:13:52:13 -0500] "GET /BLA/boletinlegal/ HTTP/1.1" 200 57725
216.245.221.92 - - [29/Oct/2022:13:54:52 -0500] "HEAD / HTTP/1.1" 200 -
183.136.225.35 - - [29/Oct/2022:13:55:29 -0500] "-" 408 -
173.252.95.120 - - [29/Oct/2022:13:57:03 -0500] "GET /en-dia-internacional-de-la-tierra-secretaria-de-ambiente-presenta-libro-digital-de-relatos-escritos-por-ciudadanos.html HTTP/1.1" 206 1033
66.249.73.167 - - [29/Oct/2022:13:57:22 -0500] "-" 408 -
201.245.192.253 - - [29/Oct/2022:13:58:05 -0500] "POST /kwsrmcab/Wsrmcab  HTTP/1.1" 200 213
207.46.13.79 - - [29/Oct/2022:13:58:29 -0500] "GET /BLA/resoluciones/RESOLUCIONES%202000/2000%201250-1299.tif HTTP/1.1" 200 4609589
172.22.2.4 - - [29/Oct/2022:13:57:12 -0500] "HEAD /BLA/boletinlegal/ HTTP/1.1" 200 -
172.22.2.4 - - [29/Oct/2022:13:57:18 -0500] "GET /BLA/boletinlegal/ HTTP/1.1" 200 52877
172.22.2.4 - - [29/Oct/2022:13:58:03 -0500] "GET /BLA/boletinlegal/ HTTP/1.1" 200 55220
216.245.221.92 - - [29/Oct/2022:13:59:52 -0500] "HEAD / HTTP/1.1" 200 -
201.245.192.253 - - [29/Oct/2022:14:03:02 -0500] "POST /kwsrmcab/Wsrmcab  HTTP/1.1" 200 213
191.102.117.217 - - [29/Oct/2022:14:04:28 -0500] "GET /forest/ HTTP/1.1" 200 12041
191.102.117.217 - - [29/Oct/2022:14:04:32 -0500] "POST /forest/index.php HTTP/1.1" 200 12268
172.22.2.4 - - [29/Oct/2022:14:03:02 -0500] "HEAD /BLA/boletinlegal/ HTTP/1.1" 200 -
216.245.221.92 - - [29/Oct/2022:14:04:52 -0500] "HEAD / HTTP/1.1" 200 -
173.252.79.20 - - [29/Oct/2022:14:05:31 -0500] "GET /images/jardines-verticales-plantas-24-mayo.jpg HTTP/1.1" 200 148288
172.22.2.4 - - [29/Oct/2022:14:03:53 -0500] "GET /BLA/boletinlegal/ HTTP/1.1" 200 57375
201.245.192.253 - - [29/Oct/2022:14:08:02 -0500] "POST /kwsrmcab/Wsrmcab  HTTP/1.1" 200 213
216.245.221.92 - - [29/Oct/2022:14:09:52 -0500] "HEAD / HTTP/1.1" 200 -
172.22.2.4 - - [29/Oct/2022:14:08:52 -0500] "HEAD /BLA/boletinlegal/ HTTP/1.1" 200 -
172.22.2.4 - - [29/Oct/2022:14:09:43 -0500] "GET /BLA/boletinlegal/ HTTP/1.1" 200 56732
173.252.95.117 - - [29/Oct/2022:14:12:59 -0500] "GET /images/mujeres-reverdecen-humedales-2-febrero.jpg HTTP/1.1" 200 47327
201.245.192.253 - - [29/Oct/2022:14:13:00 -0500] "POST /kwsrmcab/Wsrmcab  HTTP/1.1" 200 213
172.22.2.4 - - [29/Oct/2022:14:13:46 -0500] "GET /BLA/boletinlegal/documentos-importantes.php HTTP/1.1" 200 4829
172.22.2.4 - - [29/Oct/2022:14:13:50 -0500] "GET /BLA/boletinlegal/styles2.css HTTP/1.1" 200 1838
172.22.2.4 - - [29/Oct/2022:14:13:51 -0500] "GET /BLA/boletinlegal/ajax.js HTTP/1.1" 200 577
172.22.2.4 - - [29/Oct/2022:14:13:52 -0500] "GET /BLA/boletinlegal/js/ajax_documentos.js HTTP/1.1" 200 1155
172.22.2.4 - - [29/Oct/2022:14:13:53 -0500] "GET /BLA/boletinlegal/niceforms.js HTTP/1.1" 200 22876
172.22.2.4 - - [29/Oct/2022:14:13:54 -0500] "GET /BLA/boletinlegal/niceforms-default.css HTTP/1.1" 200 6694
172.22.2.4 - - [29/Oct/2022:14:13:54 -0500] "GET /BLA/boletinlegal/style.css HTTP/1.1" 200 9406
216.245.221.92 - - [29/Oct/2022:14:14:52 -0500] "HEAD / HTTP/1.1" 200 -
172.22.2.4 - - [29/Oct/2022:14:14:03 -0500] "GET /BLA/boletinlegal/ HTTP/1.1" 200 58163
172.22.2.4 - - [29/Oct/2022:14:14:42 -0500] "HEAD /BLA/boletinlegal/ HTTP/1.1" 200 -
172.22.2.4 - - [29/Oct/2022:14:15:33 -0500] "GET /BLA/boletinlegal/ HTTP/1.1" 200 57375
201.245.192.253 - - [29/Oct/2022:14:18:00 -0500] "POST /kwsrmcab/Wsrmcab  HTTP/1.1" 200 213
216.245.221.92 - - [29/Oct/2022:14:19:52 -0500] "HEAD / HTTP/1.1" 200 -
66.220.149.6 - - [29/Oct/2022:14:21:04 -0500] "GET /asi-festejamos-el-dia-mundial-y-la-semana-de-los-humedales.html HTTP/1.1" 206 796
201.245.192.253 - - [29/Oct/2022:14:21:46 -0500] "POST /kwsrmcab/Wsrmcab HTTP/1.1" 200 43448
201.245.192.253 - - [29/Oct/2022:14:21:49 -0500] "POST /kwsrmcab/Wsrmcab HTTP/1.1" 200 42273
172.22.2.4 - - [29/Oct/2022:14:20:32 -0500] "HEAD /BLA/boletinlegal/ HTTP/1.1" 200 -
95.217.144.155 - - [29/Oct/2022:14:22:49 -0500] "-" 408 -
201.245.192.253 - - [29/Oct/2022:14:22:59 -0500] "POST /kwsrmcab/Wsrmcab  HTTP/1.1" 200 213
172.22.2.4 - - [29/Oct/2022:14:21:23 -0500] "GET /BLA/boletinlegal/ HTTP/1.1" 200 55630
95.217.144.242 - - [29/Oct/2022:14:23:19 -0500] "-" 408 -
95.217.144.155 - - [29/Oct/2022:14:23:20 -0500] "-" 408 -
95.217.144.156 - - [29/Oct/2022:14:23:28 -0500] "-" 408 -
95.217.144.155 - - [29/Oct/2022:14:23:29 -0500] "-" 408 -
95.217.144.242 - - [29/Oct/2022:14:23:38 -0500] "-" 408 -
95.217.144.242 - - [29/Oct/2022:14:23:39 -0500] "-" 408 -
95.217.144.242 - - [29/Oct/2022:14:23:40 -0500] "-" 408 -
216.245.221.92 - - [29/Oct/2022:14:24:52 -0500] "HEAD / HTTP/1.1" 200 -
190.68.153.221 - - [29/Oct/2022:14:27:58 -0500] "GET /BLA/resoluciones/RESOLUCIONES%202021/2903.pdf HTTP/1.1" 200 474460
190.68.153.221 - - [29/Oct/2022:14:27:59 -0500] "GET /favicon.ico HTTP/1.1" 200 7782
201.245.192.253 - - [29/Oct/2022:14:27:57 -0500] "POST /kwsrmcab/Wsrmcab  HTTP/1.1" 200 213
172.22.2.4 - - [29/Oct/2022:14:26:22 -0500] "HEAD /BLA/boletinlegal/ HTTP/1.1" 200 -
172.22.2.4 - - [29/Oct/2022:14:27:13 -0500] "GET /BLA/boletinlegal/ HTTP/1.1" 200 56376
207.46.13.237 - - [29/Oct/2022:14:29:37 -0500] "-" 408 -
216.245.221.92 - - [29/Oct/2022:14:29:52 -0500] "HEAD / HTTP/1.1" 200 -
199.16.157.180 - - [29/Oct/2022:14:30:46 -0500] "GET /rocio-martinez-la-mujer-que-junto-con-los-patrulleritos-ambientales-trabaja-por-la-proteccion-del-humedal-meandro-del-say.html HTTP/1.1" 200 868
199.16.157.183 - - [29/Oct/2022:14:30:46 -0500] "GET /images/rm1_optimized.jpeg HTTP/1.1" 200 238625
201.245.192.253 - - [29/Oct/2022:14:31:46 -0500] "POST /kwsrmcab/Wsrmcab HTTP/1.1" 200 43448
201.245.192.253 - - [29/Oct/2022:14:31:49 -0500] "POST /kwsrmcab/Wsrmcab HTTP/1.1" 200 42273
190.130.100.181 - - [29/Oct/2022:14:31:59 -0500] "GET /BLA/boletinlegal/js/jquery.scrollShow.js HTTP/1.1" 200 4586
190.130.100.181 - - [29/Oct/2022:14:31:59 -0500] "GET /galeria/galeria/jquery.fancybox.css?v=2.1.5 HTTP/1.1" 200 4895
190.130.100.181 - - [29/Oct/2022:14:31:59 -0500] "GET /galeria/galeria/jquery.fancybox.js?v=2.1.5 HTTP/1.1" 200 48706
201.245.192.253 - - [29/Oct/2022:14:32:57 -0500] "POST /kwsrmcab/Wsrmcab  HTTP/1.1" 200 213
173.252.127.2 - - [29/Oct/2022:14:33:13 -0500] "GET /images/Junio%2002-experiencias-jardines-verticales-sda.jpeg HTTP/1.1" 200 31171
172.104.242.173 - - [29/Oct/2022:14:33:46 -0500] "GET /0bef HTTP/1.0" 404 1019
172.22.2.4 - - [29/Oct/2022:14:32:12 -0500] "HEAD /BLA/boletinlegal/ HTTP/1.1" 200 -
172.22.2.4 - - [29/Oct/2022:14:33:03 -0500] "GET /BLA/boletinlegal/ HTTP/1.1" 200 57725
216.245.221.92 - - [29/Oct/2022:14:34:52 -0500] "HEAD / HTTP/1.1" 200 -
172.22.2.4 - - [29/Oct/2022:14:37:14 -0500] "GET /BLA/boletinlegal/robots.txt HTTP/1.1" 404 1038
201.245.192.253 - - [29/Oct/2022:14:37:57 -0500] "POST /kwsrmcab/Wsrmcab  HTTP/1.1" 200 213
45.61.187.64 - - [29/Oct/2022:14:38:11 -0500] "POST /boaform/admin/formLogin HTTP/1.1" 404 1186
172.22.2.4 - - [29/Oct/2022:14:37:16 -0500] "GET /BLA/boletinlegal/index.php HTTP/1.1" 200 56732
69.171.249.19 - - [29/Oct/2022:14:39:14 -0500] "GET /raton-de-campo-o-arrocero-nuevo-registro-en-el-humedal-torca-guaymaral.html HTTP/1.1" 206 727
172.22.2.4 - - [29/Oct/2022:14:38:02 -0500] "HEAD /BLA/boletinlegal/ HTTP/1.1" 200 -
216.245.221.92 - - [29/Oct/2022:14:39:52 -0500] "HEAD / HTTP/1.1" 200 -
157.55.39.201 - - [29/Oct/2022:14:40:05 -0500] "GET /BLA/resoluciones/AUTOS%202022/3141.pdf HTTP/1.1" 200 747229
172.22.2.4 - - [29/Oct/2022:14:38:53 -0500] "GET /BLA/boletinlegal/ HTTP/1.1" 200 58575
201.245.192.253 - - [29/Oct/2022:14:41:46 -0500] "POST /kwsrmcab/Wsrmcab HTTP/1.1" 200 43448
201.245.192.253 - - [29/Oct/2022:14:41:48 -0500] "POST /kwsrmcab/Wsrmcab HTTP/1.1" 200 42273
69.171.231.10 - - [29/Oct/2022:14:41:52 -0500] "GET /images/Junio%2002-experiencias-jardines-verticales-sda.jpeg HTTP/1.1" 200 31171
201.245.192.253 - - [29/Oct/2022:14:42:55 -0500] "POST /kwsrmcab/Wsrmcab  HTTP/1.1" 200 213
216.245.221.92 - - [29/Oct/2022:14:44:52 -0500] "HEAD / HTTP/1.1" 200 -
172.22.2.4 - - [29/Oct/2022:14:43:52 -0500] "HEAD /BLA/boletinlegal/ HTTP/1.1" 200 -
173.252.83.16 - - [29/Oct/2022:14:45:36 -0500] "GET /images/Junio%2002-experiencias-jardines-verticales-sda.jpeg HTTP/1.1" 200 31171
172.22.2.4 - - [29/Oct/2022:14:44:43 -0500] "GET /BLA/boletinlegal/ HTTP/1.1" 200 57725
66.249.73.170 - - [29/Oct/2022:14:47:47 -0500] "-" 408 -
201.245.192.253 - - [29/Oct/2022:14:47:54 -0500] "POST /kwsrmcab/Wsrmcab  HTTP/1.1" 200 213
186.102.13.64 - - [29/Oct/2022:14:49:41 -0500] "GET /kwssiamovil/sm/acme/a?s=U2FsdGVkX19y2MF7+kEnXKhDfuEehNhYM+9eihWUd2nN9drjoONKw0gSwQKRjqPHH73DPg4/EAnAalPZx/v1oEEz1LB+gbE5e19OxVocx0Q+BAyghW6muMDHpp9+ZWgWjyhAkTLXNQn4Kim5B317fO76D66gL4LptEiT0kJbY2SgCe16cY7/8g8/ciLn+BOAgBs/s03yEHU7XJ6+rknLdM2QJHrKauwlkcGOL0NVcWmLJ2LEJadOY4XoMEWoMpumHReR6FU+Aka2OzbGwPldRw==&u=U2FsdGVkX1/H6eMDkznuJGTha81wR8xssJeZlVoCOv5R9HuX5xLp/cZpHUhbSBqK&y=U2FsdGVkX19bRe8vpmf7cWW1PjCMF4k2FazniEz/F1tAbJbgm1fneLbW2Se/TVQV HTTP/1.1" 200 26
