186.145.91.234 - - [29/Oct/2022:18:37:51 -0500] "GET /sipse/faces/javax.faces.resource/primefaces.css?ln=primefaces&v=4.0 HTTP/1.1" 304 -
186.145.91.234 - - [29/Oct/2022:18:37:51 -0500] "GET /sipse/faces/javax.faces.resource/jquery/jquery.js?ln=primefaces&v=4.0 HTTP/1.1" 304 -
186.145.91.234 - - [29/Oct/2022:18:37:51 -0500] "GET /sipse/faces/javax.faces.resource/theme.css?ln=primefaces-sipse HTTP/1.1" 304 -
186.145.91.234 - - [29/Oct/2022:18:37:51 -0500] "GET /sipse/faces/javax.faces.resource/jquery/jquery-plugins.js?ln=primefaces&v=4.0 HTTP/1.1" 304 -
186.145.91.234 - - [29/Oct/2022:18:37:51 -0500] "GET /sipse/faces/javax.faces.resource/primefaces.js?ln=primefaces&v=4.0 HTTP/1.1" 304 -
186.145.91.234 - - [29/Oct/2022:18:37:52 -0500] "GET /sipse/faces/javax.faces.resource/layout/layout.js?ln=primefaces&v=4.0 HTTP/1.1" 304 -
186.145.91.234 - - [29/Oct/2022:18:37:52 -0500] "POST /sipse/faces/presentacion/financiero/solicitudProceso/listarSolicitudProceso.xhtml HTTP/1.1" 200 1468
186.145.91.234 - - [29/Oct/2022:18:37:56 -0500] "POST /sipse/faces/presentacion/financiero/solicitudProceso/listarSolicitudProceso.xhtml HTTP/1.1" 200 7629
186.145.91.234 - - [29/Oct/2022:18:37:57 -0500] "POST /sipse/faces/presentacion/financiero/solicitudProceso/listarSolicitudProceso.xhtml HTTP/1.1" 200 7629
172.22.2.4 - - [29/Oct/2022:18:38:18 -0500] "GET /BLA/boletinlegal/Circulares/2019/.pdf HTTP/1.1" 404 1218
172.22.2.4 - - [29/Oct/2022:18:38:26 -0500] "GET /BLA/boletinlegal/Circulares/2012/Circular%20No.%2010%20del%2026%20de%20Enero%20de%202012.pdf HTTP/1.1" 404 1218
172.22.2.4 - - [29/Oct/2022:18:37:12 -0500] "HEAD /BLA/boletinlegal/ HTTP/1.1" 200 -
172.22.2.4 - - [29/Oct/2022:18:38:02 -0500] "GET /BLA/boletinlegal/ HTTP/1.1" 200 54823
157.55.39.69 - - [29/Oct/2022:18:39:50 -0500] "GET /galeria/galeria/fotos/Soratama3G.jpg HTTP/1.1" 200 159434
216.245.221.92 - - [29/Oct/2022:18:39:52 -0500] "HEAD / HTTP/1.1" 200 -
201.245.192.253 - - [29/Oct/2022:18:41:46 -0500] "POST /kwsrmcab/Wsrmcab HTTP/1.1" 200 40743
201.245.192.253 - - [29/Oct/2022:18:41:48 -0500] "POST /kwsrmcab/Wsrmcab HTTP/1.1" 200 42433
201.245.192.253 - - [29/Oct/2022:18:42:10 -0500] "POST /kwsrmcab/Wsrmcab  HTTP/1.1" 200 213
172.22.2.4 - - [29/Oct/2022:18:43:02 -0500] "HEAD /BLA/boletinlegal/ HTTP/1.1" 200 -
216.245.221.92 - - [29/Oct/2022:18:44:52 -0500] "HEAD / HTTP/1.1" 200 -
172.22.2.4 - - [29/Oct/2022:18:45:13 -0500] "GET /BLA/boletinlegal/remote/fgt_lang?lang=/../../../..//////////dev/ HTTP/1.1" 404 1018
207.46.13.18 - - [29/Oct/2022:18:45:19 -0500] "GET /BLA/resoluciones/RESOLUCIONES%202001/2001%2001-49.TIF HTTP/1.1" 200 8692410
172.22.2.4 - - [29/Oct/2022:18:43:52 -0500] "GET /BLA/boletinlegal/ HTTP/1.1" 200 59319
207.46.13.50 - - [29/Oct/2022:18:45:35 -0500] "GET /BLA/resoluciones/index.php?dir=RESOLUCIONES+2002%2FRES+2002+1901-1950%2F HTTP/1.1" 200 12149
157.55.39.201 - - [29/Oct/2022:18:45:46 -0500] "GET /BLA/resoluciones/dlf/styles.css HTTP/1.1" 200 3049
207.46.13.18 - - [29/Oct/2022:18:46:21 -0500] "GET /sipse/faces/javax.faces.resource/jquery/jquery-plugins.js;jsessionid=cjnbkitssohw13uxj-is2tdt.undefined?ln=primefaces&amp;v=4.0 HTTP/1.1" 200 220526
201.245.192.253 - - [29/Oct/2022:18:47:09 -0500] "POST /kwsrmcab/Wsrmcab  HTTP/1.1" 200 213
186.28.21.25 - - [29/Oct/2022:18:48:02 -0500] "GET /BLA/boletinlegal/js/jquery.scrollShow.js HTTP/1.1" 200 4586
186.28.21.25 - - [29/Oct/2022:18:48:02 -0500] "GET /galeria/galeria/jquery.fancybox.js?v=2.1.5 HTTP/1.1" 200 48706
186.28.21.25 - - [29/Oct/2022:18:48:02 -0500] "GET /galeria/galeria/jquery.fancybox.css?v=2.1.5 HTTP/1.1" 200 4895
172.22.2.4 - - [29/Oct/2022:18:49:31 -0500] "GET /BLA/boletinlegal/wp-content/themes/pridmag/db.php?u HTTP/1.1" 404 1038
216.245.221.92 - - [29/Oct/2022:18:49:52 -0500] "HEAD / HTTP/1.1" 200 -
172.22.2.4 - - [29/Oct/2022:18:48:52 -0500] "HEAD /BLA/boletinlegal/ HTTP/1.1" 200 -
172.22.2.4 - - [29/Oct/2022:18:49:42 -0500] "GET /BLA/boletinlegal/ HTTP/1.1" 200 56376
201.245.192.253 - - [29/Oct/2022:18:52:08 -0500] "POST /kwsrmcab/Wsrmcab  HTTP/1.1" 200 213
152.203.166.67 - - [29/Oct/2022:18:54:39 -0500] "GET /sipse/faces/faces/faces/faces/index.xhtml HTTP/1.1" 200 677
152.203.166.67 - - [29/Oct/2022:18:54:40 -0500] "GET /sipse/faces/javax.faces.resource/theme.css?ln=primefaces-sipse HTTP/1.1" 304 -
152.203.166.67 - - [29/Oct/2022:18:54:40 -0500] "GET /sipse/faces/faces/faces/faces/faces/autenticacion.xhtml HTTP/1.1" 200 12181
152.203.166.67 - - [29/Oct/2022:18:54:40 -0500] "GET /sipse/faces/javax.faces.resource/theme.css?ln=primefaces-sipse HTTP/1.1" 304 -
152.203.166.67 - - [29/Oct/2022:18:54:40 -0500] "GET /sipse/faces/javax.faces.resource/layout/layout.js?ln=primefaces&v=4.0 HTTP/1.1" 304 -
152.203.166.67 - - [29/Oct/2022:18:54:40 -0500] "GET /sipse/faces/javax.faces.resource/layout/layout.css?ln=primefaces&v=4.0 HTTP/1.1" 304 -
152.203.166.67 - - [29/Oct/2022:18:54:40 -0500] "GET /sipse/faces/javax.faces.resource/jquery/jquery-plugins.js?ln=primefaces&v=4.0 HTTP/1.1" 304 -
152.203.166.67 - - [29/Oct/2022:18:54:40 -0500] "GET /sipse/faces/javax.faces.resource/primefaces.css?ln=primefaces&v=4.0 HTTP/1.1" 304 -
152.203.166.67 - - [29/Oct/2022:18:54:40 -0500] "GET /sipse/faces/javax.faces.resource/primefaces.js?ln=primefaces&v=4.0 HTTP/1.1" 304 -
152.203.166.67 - - [29/Oct/2022:18:54:40 -0500] "GET /sipse/faces/javax.faces.resource/jquery/jquery.js?ln=primefaces&v=4.0 HTTP/1.1" 304 -
152.203.166.67 - - [29/Oct/2022:18:54:40 -0500] "GET /sipse/faces/javax.faces.resource/images/ui-icons_898989_256x240.png?ln=primefaces-aristo HTTP/1.1" 304 -
152.203.166.67 - - [29/Oct/2022:18:54:45 -0500] "POST /sipse/faces/autenticacion.xhtml HTTP/1.1" 200 2224
152.203.166.67 - - [29/Oct/2022:18:54:45 -0500] "GET /sipse/faces/javax.faces.resource/messages/messages.png?ln=primefaces&v=4.0 HTTP/1.1" 304 -
152.203.166.67 - - [29/Oct/2022:18:54:51 -0500] "GET /sipse/faces/javax.faces.resource/images/ui-icons_898989_256x240.png?ln=primefaces-aristo HTTP/1.1" 304 -
152.203.166.67 - - [29/Oct/2022:18:54:51 -0500] "POST /sipse/faces/autenticacion.xhtml HTTP/1.1" 200 16257
152.203.166.67 - - [29/Oct/2022:18:54:52 -0500] "GET /sipse/faces/javax.faces.resource/layout/layout.css?ln=primefaces&v=4.0 HTTP/1.1" 304 -
152.203.166.67 - - [29/Oct/2022:18:54:52 -0500] "GET /sipse/faces/javax.faces.resource/theme.css?ln=primefaces-sipse HTTP/1.1" 304 -
152.203.166.67 - - [29/Oct/2022:18:54:52 -0500] "GET /sipse/faces/javax.faces.resource/primefaces.css?ln=primefaces&v=4.0 HTTP/1.1" 304 -
152.203.166.67 - - [29/Oct/2022:18:54:52 -0500] "GET /sipse/faces/javax.faces.resource/jquery/jquery.js?ln=primefaces&v=4.0 HTTP/1.1" 304 -
216.245.221.92 - - [29/Oct/2022:18:54:52 -0500] "HEAD / HTTP/1.1" 200 -
152.203.166.67 - - [29/Oct/2022:18:54:52 -0500] "GET /sipse/faces/javax.faces.resource/jquery/jquery-plugins.js?ln=primefaces&v=4.0 HTTP/1.1" 304 -
152.203.166.67 - - [29/Oct/2022:18:54:52 -0500] "GET /sipse/faces/javax.faces.resource/primefaces.js?ln=primefaces&v=4.0 HTTP/1.1" 304 -
152.203.166.67 - - [29/Oct/2022:18:54:52 -0500] "GET /sipse/faces/javax.faces.resource/layout/layout.js?ln=primefaces&v=4.0 HTTP/1.1" 304 -
152.203.166.67 - - [29/Oct/2022:18:54:52 -0500] "GET /sipse/faces/javax.faces.resource/images/ui-icons_898989_256x240.png?ln=primefaces-aristo HTTP/1.1" 304 -
152.203.166.67 - - [29/Oct/2022:18:54:57 -0500] "GET /sipse/faces/javax.faces.resource/images/ui-bg_flat_0_2d5972_40x100.png?ln=primefaces-aristo HTTP/1.1" 304 -
152.203.166.67 - - [29/Oct/2022:18:54:57 -0500] "POST /sipse/faces/bienvenido.xhtml HTTP/1.1" 200 2658
152.203.166.67 - - [29/Oct/2022:18:54:58 -0500] "POST /sipse/faces/bienvenido.xhtml HTTP/1.1" 200 66512
152.203.166.67 - - [29/Oct/2022:18:55:00 -0500] "GET /sipse/faces/javax.faces.resource/primefaces.css?ln=primefaces&v=4.0 HTTP/1.1" 304 -
152.203.166.67 - - [29/Oct/2022:18:55:00 -0500] "GET /sipse/faces/javax.faces.resource/theme.css?ln=primefaces-sipse HTTP/1.1" 304 -
152.203.166.67 - - [29/Oct/2022:18:55:00 -0500] "GET /sipse/faces/javax.faces.resource/layout/layout.css?ln=primefaces&v=4.0 HTTP/1.1" 304 -
152.203.166.67 - - [29/Oct/2022:18:55:00 -0500] "GET /sipse/faces/javax.faces.resource/jquery/jquery.js?ln=primefaces&v=4.0 HTTP/1.1" 304 -
152.203.166.67 - - [29/Oct/2022:18:55:00 -0500] "GET /sipse/faces/javax.faces.resource/jquery/jquery-plugins.js?ln=primefaces&v=4.0 HTTP/1.1" 304 -
152.203.166.67 - - [29/Oct/2022:18:55:00 -0500] "GET /sipse/faces/javax.faces.resource/primefaces.js?ln=primefaces&v=4.0 HTTP/1.1" 304 -
152.203.166.67 - - [29/Oct/2022:18:55:00 -0500] "GET /sipse/faces/javax.faces.resource/layout/layout.js?ln=primefaces&v=4.0 HTTP/1.1" 304 -
152.203.166.67 - - [29/Oct/2022:18:55:00 -0500] "GET /sipse/faces/javax.faces.resource/images/ui-icons_898989_256x240.png?ln=primefaces-aristo HTTP/1.1" 304 -
152.203.166.67 - - [29/Oct/2022:18:55:00 -0500] "POST /sipse/faces/presentacion/financiero/solicitudProceso/listarSolicitudProceso.xhtml HTTP/1.1" 200 1560
207.46.13.217 - - [29/Oct/2022:18:55:40 -0500] "GET / HTTP/1.1" 200 4720
172.22.2.4 - - [29/Oct/2022:18:54:42 -0500] "HEAD /BLA/boletinlegal/ HTTP/1.1" 200 -
157.55.39.69 - - [29/Oct/2022:18:57:01 -0500] "GET /bla/resoluciones/resoluciones%201997/1285.pdf HTTP/1.1" 200 85416
201.245.192.253 - - [29/Oct/2022:18:57:07 -0500] "POST /kwsrmcab/Wsrmcab  HTTP/1.1" 200 213
172.22.2.4 - - [29/Oct/2022:18:55:32 -0500] "GET /BLA/boletinlegal/ HTTP/1.1" 200 59319
216.245.221.92 - - [29/Oct/2022:18:59:52 -0500] "HEAD / HTTP/1.1" 200 -
201.245.192.253 - - [29/Oct/2022:19:02:06 -0500] "POST /kwsrmcab/Wsrmcab  HTTP/1.1" 200 213
172.22.2.4 - - [29/Oct/2022:19:00:32 -0500] "HEAD /BLA/boletinlegal/ HTTP/1.1" 200 -
207.46.13.50 - - [29/Oct/2022:19:02:46 -0500] "GET /BLA/resoluciones/index.php?dir=RESOLUCIONES+2002%2FRES+2002+1901-1950%2F HTTP/1.1" 200 12149
172.22.2.4 - - [29/Oct/2022:19:01:22 -0500] "GET /BLA/boletinlegal/ HTTP/1.1" 200 57725
102.129.145.53 - - [29/Oct/2022:19:04:22 -0500] "GET / HTTP/1.1" 200 319
102.129.145.53 - - [29/Oct/2022:19:04:45 -0500] "GET / HTTP/1.1" 200 319
216.245.221.92 - - [29/Oct/2022:19:04:52 -0500] "HEAD / HTTP/1.1" 200 -
172.22.2.4 - - [29/Oct/2022:19:04:22 -0500] "GET /BLA/boletinlegal/ HTTP/1.1" 200 32715
201.245.192.253 - - [29/Oct/2022:19:07:04 -0500] "POST /kwsrmcab/Wsrmcab  HTTP/1.1" 200 213
172.22.2.4 - - [29/Oct/2022:19:06:22 -0500] "HEAD /BLA/boletinlegal/ HTTP/1.1" 200 -
172.22.2.4 - - [29/Oct/2022:19:07:12 -0500] "GET /BLA/boletinlegal/ HTTP/1.1" 200 57725
172.22.2.4 - - [29/Oct/2022:19:09:44 -0500] "GET /BLA/boletinlegal/actos.php HTTP/1.1" 200 9566
172.22.2.4 - - [29/Oct/2022:19:09:46 -0500] "GET /BLA/boletinlegal/favicon.ico HTTP/1.1" 404 1326
186.154.33.200 - - [29/Oct/2022:19:09:48 -0500] "GET /BLA/resoluciones/ HTTP/1.1" 200 13093
216.245.221.92 - - [29/Oct/2022:19:09:52 -0500] "HEAD / HTTP/1.1" 200 -
186.154.33.200 - - [29/Oct/2022:19:10:13 -0500] "GET /BLA/resoluciones/index.php?dir=RESOLUCIONES+2011%2F HTTP/1.1" 200 746823
157.55.39.136 - - [29/Oct/2022:19:10:31 -0500] "GET /catalogoisis/ HTTP/1.1" 200 8575
185.119.81.96 - - [29/Oct/2022:19:10:37 -0500] "GET /portaldeninos/wp-login.php HTTP/1.1" 200 2592
185.119.81.96 - - [29/Oct/2022:19:10:38 -0500] "POST /portaldeninos/wp-login.php HTTP/1.1" 200 3670
157.55.39.136 - - [29/Oct/2022:19:10:50 -0500] "GET /catalogoisis/Js/AceptarLimpiar.js HTTP/1.1" 200 331
157.55.39.136 - - [29/Oct/2022:19:10:50 -0500] "GET /catalogoisis/Js/Go.js HTTP/1.1" 200 364
40.77.167.14 - - [29/Oct/2022:19:10:52 -0500] "GET /catalogoisis/Js/LimpiarCombinada.js HTTP/1.1" 200 207
157.55.39.126 - - [29/Oct/2022:19:10:53 -0500] "GET /catalogoisis/Js/CriterioCombinada.js HTTP/1.1" 200 1843
207.46.13.99 - - [29/Oct/2022:19:10:54 -0500] "GET /catalogoisis/Css/Busqueda.css HTTP/1.1" 200 1995
207.46.13.158 - - [29/Oct/2022:19:10:54 -0500] "GET /catalogoisis/Js/Cookies.js HTTP/1.1" 200 1369
207.46.13.188 - - [29/Oct/2022:19:10:55 -0500] "GET /catalogoisis/Js/Numero.js HTTP/1.1" 200 398
207.46.13.99 - - [29/Oct/2022:19:11:04 -0500] "GET /catalogoisis/Js/Enter.js HTTP/1.1" 200 1208
207.46.13.188 - - [29/Oct/2022:19:11:08 -0500] "GET /catalogoisis/Js/Remote.js HTTP/1.1" 200 436
172.22.2.4 - - [29/Oct/2022:19:09:40 -0500] "GET /BLA/boletinlegal/ HTTP/1.1" 200 62772
192.241.214.244 - - [29/Oct/2022:19:11:55 -0500] "GET / HTTP/1.1" 200 319
201.245.192.253 - - [29/Oct/2022:19:12:03 -0500] "POST /kwsrmcab/Wsrmcab  HTTP/1.1" 200 213
190.27.32.86 - - [29/Oct/2022:19:13:23 -0500] "GET /galeria/galeria/jquery.fancybox.css?v=2.1.5 HTTP/1.1" 200 4895
190.27.32.86 - - [29/Oct/2022:19:13:23 -0500] "GET /BLA/boletinlegal/js/jquery.scrollShow.js HTTP/1.1" 200 4586
190.27.32.86 - - [29/Oct/2022:19:13:23 -0500] "GET /galeria/galeria/jquery.fancybox.js?v=2.1.5 HTTP/1.1" 200 48706
186.31.176.87 - - [29/Oct/2022:19:13:24 -0500] "GET /portaldeninos/ HTTP/1.1" 200 110197
186.31.176.87 - - [29/Oct/2022:19:13:26 -0500] "GET /portaldeninos/wp-content/uploads/useanyfont/uaf.css?ver=1589905315 HTTP/1.1" 200 408
186.31.176.87 - - [29/Oct/2022:19:13:26 -0500] "GET /portaldeninos/wp-content/themes/betheme/style.css?ver=20.9.6 HTTP/1.1" 200 287
186.31.176.87 - - [29/Oct/2022:19:13:26 -0500] "GET /portaldeninos/wp-content/plugins/gallery-videos/CSS/Total-Soft-Gallery-Video-Widget.css?ver=4.9.8 HTTP/1.1" 200 51554
186.31.176.87 - - [29/Oct/2022:19:13:26 -0500] "GET /portaldeninos/wp-content/themes/betheme/css/base.css?ver=20.9.6 HTTP/1.1" 200 57283
186.31.176.87 - - [29/Oct/2022:19:13:26 -0500] "GET /portaldeninos/wp-content/plugins/gallery-videos/CSS/totalsoft.css?ver=4.9.8 HTTP/1.1" 200 40622
186.31.176.87 - - [29/Oct/2022:19:13:26 -0500] "GET /portaldeninos/wp-content/themes/betheme/assets/ui/jquery.ui.all.css?ver=20.9.6 HTTP/1.1" 200 18765
186.31.176.87 - - [29/Oct/2022:19:13:26 -0500] "GET /portaldeninos/wp-content/themes/betheme/assets/animations/animations.min.css?ver=20.9.6 HTTP/1.1" 200 58508
186.31.176.87 - - [29/Oct/2022:19:13:26 -0500] "GET /portaldeninos/wp-content/themes/betheme/css/shortcodes.css?ver=20.9.6 HTTP/1.1" 200 138889
186.31.176.87 - - [29/Oct/2022:19:13:27 -0500] "GET /portaldeninos/wp-content/themes/betheme/assets/jplayer/css/jplayer.blue.monday.css?ver=20.9.6 HTTP/1.1" 200 9834
186.31.176.87 - - [29/Oct/2022:19:13:27 -0500] "GET /portaldeninos/wp-content/themes/betheme/css/responsive.css?ver=20.9.6 HTTP/1.1" 200 55740
186.31.176.87 - - [29/Oct/2022:19:13:26 -0500] "GET /portaldeninos/wp-content/themes/betheme/css/layout.css?ver=20.9.6 HTTP/1.1" 200 116639
186.31.176.87 - - [29/Oct/2022:19:13:27 -0500] "GET /portaldeninos/wp-content/plugins/popup-maker/assets/css/site.min.css?ver=1.8.14 HTTP/1.1" 200 8260
186.31.176.87 - - [29/Oct/2022:19:13:27 -0500] "GET /portaldeninos/wp-content/plugins/google-analytics-for-wordpress/assets/js/frontend-gtag.min.js?ver=8.5.0 HTTP/1.1" 200 11801
186.31.176.87 - - [29/Oct/2022:19:13:27 -0500] "GET /portaldeninos/wp-includes/js/jquery/jquery.js?ver=1.12.4 HTTP/1.1" 200 97184
186.31.176.87 - - [29/Oct/2022:19:13:27 -0500] "GET /portaldeninos/wp-includes/js/jquery/ui/core.min.js?ver=1.11.4 HTTP/1.1" 200 4000
186.31.176.87 - - [29/Oct/2022:19:13:27 -0500] "GET /portaldeninos/wp-includes/js/jquery/jquery-migrate.min.js?ver=1.4.1 HTTP/1.1" 200 10056
186.31.176.87 - - [29/Oct/2022:19:13:27 -0500] "GET /portaldeninos/wp-content/plugins/gallery-videos/JS/modernizr.custom.js?ver=4.9.8 HTTP/1.1" 200 9019
186.31.176.87 - - [29/Oct/2022:19:13:27 -0500] "GET /portaldeninos/wp-content/plugins/gallery-videos/JS/Total-Soft-Gallery-Video-Widget.js?ver=4.9.8 HTTP/1.1" 200 80264
186.31.176.87 - - [29/Oct/2022:19:13:27 -0500] "GET /portaldeninos/wp-includes/js/jquery/ui/widget.min.js?ver=1.11.4 HTTP/1.1" 200 6908
186.31.176.87 - - [29/Oct/2022:19:13:27 -0500] "GET /portaldeninos/wp-includes/js/jquery/ui/mouse.min.js?ver=1.11.4 HTTP/1.1" 200 3148
186.31.176.87 - - [29/Oct/2022:19:13:27 -0500] "GET /portaldeninos/wp-includes/js/jquery/ui/accordion.min.js?ver=1.11.4 HTTP/1.1" 200 8584
186.31.176.87 - - [29/Oct/2022:19:13:27 -0500] "GET /portaldeninos/wp-includes/js/jquery/ui/tabs.min.js?ver=1.11.4 HTTP/1.1" 200 12110
186.31.176.87 - - [29/Oct/2022:19:13:27 -0500] "GET /portaldeninos/wp-includes/js/jquery/ui/sortable.min.js?ver=1.11.4 HTTP/1.1" 200 24899
186.31.176.87 - - [29/Oct/2022:19:13:27 -0500] "GET /portaldeninos/wp-content/themes/betheme/js/plugins.js?ver=20.9.6 HTTP/1.1" 200 197151
186.31.176.87 - - [29/Oct/2022:19:13:28 -0500] "GET /portaldeninos/wp-content/themes/betheme/js/menu.js?ver=20.9.6 HTTP/1.1" 200 2449
186.31.176.87 - - [29/Oct/2022:19:13:28 -0500] "GET /portaldeninos/wp-content/themes/betheme/assets/animations/animations.min.js?ver=20.9.6 HTTP/1.1" 200 1896
186.31.176.87 - - [29/Oct/2022:19:13:28 -0500] "GET /portaldeninos/wp-includes/js/wp-embed.min.js?ver=4.9.8 HTTP/1.1" 200 1398
186.31.176.87 - - [29/Oct/2022:19:13:28 -0500] "GET /portaldeninos/wp-includes/js/jquery/ui/position.min.js?ver=1.11.4 HTTP/1.1" 200 6527
186.31.176.87 - - [29/Oct/2022:19:13:28 -0500] "GET /portaldeninos/wp-content/themes/betheme/assets/jplayer/jplayer.min.js?ver=20.9.6 HTTP/1.1" 200 52702
186.31.176.87 - - [29/Oct/2022:19:13:28 -0500] "GET /portaldeninos/wp-content/plugins/popup-maker/assets/js/site.min.js?defer&ver=1.8.14 HTTP/1.1" 200 48457
186.31.176.87 - - [29/Oct/2022:19:13:28 -0500] "GET /portaldeninos/wp-content/themes/betheme/js/scripts.js?ver=20.9.6 HTTP/1.1" 200 77162
186.31.176.87 - - [29/Oct/2022:19:13:28 -0500] "GET /portaldeninos/wp-content/uploads/2019/08/Logo-Ambientic.png HTTP/1.1" 200 22941
186.31.176.87 - - [29/Oct/2022:19:13:28 -0500] "GET /portaldeninos/wp-content/uploads/2021/06/titulo-cabezote-ni%C3%B1os.png HTTP/1.1" 200 64425
186.31.176.87 - - [29/Oct/2022:19:13:28 -0500] "GET /portaldeninos/wp-content/uploads/2021/06/titulo-miambiente-ni%C3%B1os.png HTTP/1.1" 200 11944
186.31.176.87 - - [29/Oct/2022:19:13:28 -0500] "GET /portaldeninos/wp-content/uploads/2018/10/oso.jpg HTTP/1.1" 200 305180
186.31.176.87 - - [29/Oct/2022:19:13:28 -0500] "GET /portaldeninos/wp-content/uploads/2020/01/Tierra-escenario.jpg HTTP/1.1" 200 181491
186.31.176.87 - - [29/Oct/2022:19:13:28 -0500] "GET /portaldeninos/wp-content/uploads/2020/01/Frailejon-escenario.jpg HTTP/1.1" 200 357472
186.31.176.87 - - [29/Oct/2022:19:13:28 -0500] "GET /portaldeninos/wp-content/uploads/2021/06/titulo-videos-ni%C3%B1os.png HTTP/1.1" 200 10502
186.31.176.87 - - [29/Oct/2022:19:13:28 -0500] "GET /portaldeninos/wp-content/uploads/2018/11/caneca.jpg HTTP/1.1" 200 262661
186.31.176.87 - - [29/Oct/2022:19:13:28 -0500] "GET /portaldeninos/wp-content/uploads/2018/11/tigrillo.jpg HTTP/1.1" 200 402961
186.31.176.87 - - [29/Oct/2022:19:13:28 -0500] "GET /portaldeninos/wp-content/uploads/2021/06/titulo-humedales-ni%C3%B1os.png HTTP/1.1" 200 13361
186.31.176.87 - - [29/Oct/2022:19:13:28 -0500] "GET /portaldeninos/wp-content/uploads/2020/05/fb.jpg HTTP/1.1" 200 9893
186.31.176.87 - - [29/Oct/2022:19:13:28 -0500] "GET /portaldeninos/wp-content/uploads/2020/05/ig.jpg HTTP/1.1" 200 11470
186.31.176.87 - - [29/Oct/2022:19:13:28 -0500] "GET /portaldeninos/wp-content/uploads/2020/06/yt.jpg HTTP/1.1" 200 10577
186.31.176.87 - - [29/Oct/2022:19:13:28 -0500] "GET /portaldeninos/wp-content/uploads/2020/06/tw.jpg HTTP/1.1" 200 11056
186.31.176.87 - - [29/Oct/2022:19:13:28 -0500] "GET /portaldeninos/wp-includes/js/wp-emoji-release.min.js?ver=4.9.8 HTTP/1.1" 200 12026
186.31.176.87 - - [29/Oct/2022:19:13:28 -0500] "GET /portaldeninos/wp-content/themes/betheme/images/box_shadow.png HTTP/1.1" 200 108
186.31.176.87 - - [29/Oct/2022:19:13:28 -0500] "GET /portaldeninos/wp-content/themes/betheme/images/stripes/stripes_3_b.png HTTP/1.1" 200 974
186.31.176.87 - - [29/Oct/2022:19:13:28 -0500] "GET /portaldeninos/wp-content/uploads/2022/08/Infograf%C3%ADa-humedales-actualizada.png HTTP/1.1" 200 588022
186.31.176.87 - - [29/Oct/2022:19:13:29 -0500] "GET /portaldeninos/wp-content/themes/betheme/fonts/mfn-icons.woff?93978679 HTTP/1.1" 200 80932
186.31.176.87 - - [29/Oct/2022:19:13:30 -0500] "GET /portaldeninos/wp-json/pum/v1/analytics/?event=open&pid=1126&_cache=1667088681833 HTTP/1.1" 204 -
186.31.176.87 - - [29/Oct/2022:19:13:28 -0500] "GET /portaldeninos/wp-content/uploads/2022/08/HUmedalConejera03-1.jpg HTTP/1.1" 200 12388495
186.31.176.87 - - [29/Oct/2022:19:13:29 -0500] "GET /portaldeninos/wp-content/uploads/2019/06/CabezoteAMBIENTIC.mp4 HTTP/1.1" 206 21677757
186.31.176.87 - - [29/Oct/2022:19:13:29 -0500] "GET /portaldeninos/wp-content/uploads/2022/01/Conoce-lo-que-hace-la-Secretar%C3%ADa-de-Ambiente.mp4 HTTP/1.1" 206 6025106
172.22.2.4 - - [29/Oct/2022:19:12:12 -0500] "HEAD /BLA/boletinlegal/ HTTP/1.1" 200 -
172.22.2.4 - - [29/Oct/2022:19:13:02 -0500] "GET /BLA/boletinlegal/ HTTP/1.1" 200 57725
216.245.221.92 - - [29/Oct/2022:19:14:52 -0500] "HEAD / HTTP/1.1" 200 -
152.203.166.67 - - [29/Oct/2022:19:15:04 -0500] "GET /sipse/faces/javax.faces.resource/theme.css?ln=primefaces-sipse HTTP/1.1" 304 -
152.203.166.67 - - [29/Oct/2022:19:15:04 -0500] "GET /sipse/faces/javax.faces.resource/theme.css?ln=primefaces-sipse HTTP/1.1" 304 -
152.203.166.67 - - [29/Oct/2022:19:15:05 -0500] "GET /sipse/faces/faces/autenticacion.xhtml HTTP/1.1" 200 12190
152.203.166.67 - - [29/Oct/2022:19:15:05 -0500] "GET /sipse/faces/javax.faces.resource/theme.css?ln=primefaces-sipse HTTP/1.1" 304 -
152.203.166.67 - - [29/Oct/2022:19:15:05 -0500] "GET /sipse/faces/javax.faces.resource/primefaces.css?ln=primefaces&v=4.0 HTTP/1.1" 304 -
152.203.166.67 - - [29/Oct/2022:19:15:05 -0500] "GET /sipse/faces/javax.faces.resource/jquery/jquery-plugins.js?ln=primefaces&v=4.0 HTTP/1.1" 304 -
152.203.166.67 - - [29/Oct/2022:19:15:05 -0500] "GET /sipse/faces/javax.faces.resource/jquery/jquery.js?ln=primefaces&v=4.0 HTTP/1.1" 304 -
152.203.166.67 - - [29/Oct/2022:19:15:05 -0500] "GET /sipse/faces/javax.faces.resource/layout/layout.css?ln=primefaces&v=4.0 HTTP/1.1" 304 -
152.203.166.67 - - [29/Oct/2022:19:15:05 -0500] "GET /sipse/faces/javax.faces.resource/primefaces.js?ln=primefaces&v=4.0 HTTP/1.1" 304 -
152.203.166.67 - - [29/Oct/2022:19:15:05 -0500] "GET /sipse/faces/javax.faces.resource/layout/layout.js?ln=primefaces&v=4.0 HTTP/1.1" 304 -
152.203.166.67 - - [29/Oct/2022:19:15:05 -0500] "GET /sipse/faces/javax.faces.resource/images/ui-icons_898989_256x240.png?ln=primefaces-aristo HTTP/1.1" 304 -
152.203.166.67 - - [29/Oct/2022:19:15:07 -0500] "POST /sipse/faces/autenticacion.xhtml HTTP/1.1" 200 2224
152.203.166.67 - - [29/Oct/2022:19:15:07 -0500] "GET /sipse/faces/javax.faces.resource/messages/messages.png?ln=primefaces&v=4.0 HTTP/1.1" 304 -
3.87.253.80 - - [29/Oct/2022:19:15:12 -0500] "GET /BLA/boletinlegal/js/jquery.scrollShow.js HTTP/1.1" 200 4586
152.203.166.67 - - [29/Oct/2022:19:15:16 -0500] "POST /sipse/faces/autenticacion.xhtml HTTP/1.1" 200 16289
152.203.166.67 - - [29/Oct/2022:19:15:16 -0500] "GET /sipse/faces/javax.faces.resource/theme.css?ln=primefaces-sipse HTTP/1.1" 304 -
152.203.166.67 - - [29/Oct/2022:19:15:16 -0500] "GET /sipse/faces/javax.faces.resource/primefaces.css?ln=primefaces&v=4.0 HTTP/1.1" 304 -
152.203.166.67 - - [29/Oct/2022:19:15:16 -0500] "GET /sipse/faces/javax.faces.resource/layout/layout.css?ln=primefaces&v=4.0 HTTP/1.1" 304 -
152.203.166.67 - - [29/Oct/2022:19:15:16 -0500] "GET /sipse/faces/javax.faces.resource/jquery/jquery.js?ln=primefaces&v=4.0 HTTP/1.1" 304 -
152.203.166.67 - - [29/Oct/2022:19:15:16 -0500] "GET /sipse/faces/javax.faces.resource/jquery/jquery-plugins.js?ln=primefaces&v=4.0 HTTP/1.1" 304 -
152.203.166.67 - - [29/Oct/2022:19:15:16 -0500] "GET /sipse/faces/javax.faces.resource/primefaces.js?ln=primefaces&v=4.0 HTTP/1.1" 304 -
152.203.166.67 - - [29/Oct/2022:19:15:16 -0500] "GET /sipse/faces/javax.faces.resource/layout/layout.js?ln=primefaces&v=4.0 HTTP/1.1" 304 -
152.203.166.67 - - [29/Oct/2022:19:15:17 -0500] "GET /sipse/css/imagen/contrasena.png HTTP/1.1" 404 383
152.203.166.67 - - [29/Oct/2022:19:15:30 -0500] "GET /sipse/faces/javax.faces.resource/images/ui-bg_flat_0_2d5972_40x100.png?ln=primefaces-aristo HTTP/1.1" 304 -
152.203.166.67 - - [29/Oct/2022:19:15:30 -0500] "POST /sipse/faces/bienvenido.xhtml HTTP/1.1" 200 2658
152.203.166.67 - - [29/Oct/2022:19:15:31 -0500] "POST /sipse/faces/bienvenido.xhtml HTTP/1.1" 200 9786
3.88.50.108 - - [29/Oct/2022:19:15:33 -0500] "GET /galeria/galeria/jquery.fancybox.js?v=2.1.5 HTTP/1.1" 200 48706
152.203.166.67 - - [29/Oct/2022:19:15:34 -0500] "POST /sipse/faces/bienvenido.xhtml HTTP/1.1" 200 9786
152.203.166.67 - - [29/Oct/2022:19:15:35 -0500] "POST /sipse/faces/bienvenido.xhtml HTTP/1.1" 200 2658
152.203.166.67 - - [29/Oct/2022:19:15:36 -0500] "POST /sipse/faces/bienvenido.xhtml HTTP/1.1" 200 66512
152.203.166.67 - - [29/Oct/2022:19:15:38 -0500] "GET /sipse/faces/javax.faces.resource/theme.css?ln=primefaces-sipse HTTP/1.1" 304 -
152.203.166.67 - - [29/Oct/2022:19:15:38 -0500] "GET /sipse/faces/javax.faces.resource/primefaces.css?ln=primefaces&v=4.0 HTTP/1.1" 304 -
152.203.166.67 - - [29/Oct/2022:19:15:38 -0500] "GET /sipse/faces/javax.faces.resource/layout/layout.css?ln=primefaces&v=4.0 HTTP/1.1" 304 -
152.203.166.67 - - [29/Oct/2022:19:15:38 -0500] "GET /sipse/faces/javax.faces.resource/jquery/jquery.js?ln=primefaces&v=4.0 HTTP/1.1" 304 -
152.203.166.67 - - [29/Oct/2022:19:15:38 -0500] "GET /sipse/faces/javax.faces.resource/jquery/jquery-plugins.js?ln=primefaces&v=4.0 HTTP/1.1" 304 -
152.203.166.67 - - [29/Oct/2022:19:15:38 -0500] "GET /sipse/faces/javax.faces.resource/primefaces.js?ln=primefaces&v=4.0 HTTP/1.1" 304 -
152.203.166.67 - - [29/Oct/2022:19:15:38 -0500] "GET /sipse/faces/javax.faces.resource/layout/layout.js?ln=primefaces&v=4.0 HTTP/1.1" 304 -
152.203.166.67 - - [29/Oct/2022:19:15:39 -0500] "POST /sipse/faces/presentacion/financiero/solicitudProceso/listarSolicitudProceso.xhtml HTTP/1.1" 200 1560
201.245.192.253 - - [29/Oct/2022:19:17:02 -0500] "POST /kwsrmcab/Wsrmcab  HTTP/1.1" 200 213
185.119.81.96 - - [29/Oct/2022:19:17:07 -0500] "GET /portaldeninos/wp-login.php HTTP/1.1" 200 2592
185.119.81.96 - - [29/Oct/2022:19:17:08 -0500] "POST /portaldeninos/wp-login.php HTTP/1.1" 200 3650
65.154.226.171 - - [29/Oct/2022:19:18:22 -0500] "GET /Isolucionsda/BancoConocimientoSDA/7/7508308ee8a94015b1c0c985d0fb9105/7508308ee8a94015b1c0c985d0fb9105.asp?IdArticulo=12968 HTTP/1.1" 404 1018
207.46.13.18 - - [29/Oct/2022:19:19:22 -0500] "GET /galeria/mapa/3MapaBogot%C3%A1.jpg HTTP/1.1" 200 688183
172.22.2.4 - - [29/Oct/2022:19:18:02 -0500] "HEAD /BLA/boletinlegal/ HTTP/1.1" 200 -
216.245.221.92 - - [29/Oct/2022:19:19:52 -0500] "HEAD / HTTP/1.1" 200 -
172.22.2.4 - - [29/Oct/2022:19:18:52 -0500] "GET /BLA/boletinlegal/ HTTP/1.1" 200 56014
201.245.192.253 - - [29/Oct/2022:19:21:45 -0500] "POST /kwsrmcab/Wsrmcab HTTP/1.1" 200 41290
201.245.192.253 - - [29/Oct/2022:19:21:48 -0500] "POST /kwsrmcab/Wsrmcab HTTP/1.1" 200 40054
201.245.192.253 - - [29/Oct/2022:19:22:02 -0500] "POST /kwsrmcab/Wsrmcab  HTTP/1.1" 200 213
207.46.13.50 - - [29/Oct/2022:19:24:28 -0500] "GET /BLA/resoluciones/AUTOS%202022/3139.pdf HTTP/1.1" 200 919598
216.245.221.92 - - [29/Oct/2022:19:24:52 -0500] "HEAD / HTTP/1.1" 200 -
172.22.2.4 - - [29/Oct/2022:19:23:52 -0500] "HEAD /BLA/boletinlegal/ HTTP/1.1" 200 -
172.22.2.4 - - [29/Oct/2022:19:24:42 -0500] "GET /BLA/boletinlegal/ HTTP/1.1" 200 59828
201.245.192.253 - - [29/Oct/2022:19:27:01 -0500] "POST /kwsrmcab/Wsrmcab  HTTP/1.1" 200 213
181.61.208.58 - - [29/Oct/2022:19:28:19 -0500] "GET /BLA/resoluciones/RESOLUCIONES%202021/5262.pdf HTTP/1.1" 200 370932
216.245.221.92 - - [29/Oct/2022:19:29:52 -0500] "HEAD / HTTP/1.1" 200 -
172.22.2.4 - - [29/Oct/2022:19:29:42 -0500] "HEAD /BLA/boletinlegal/ HTTP/1.1" 200 -
201.245.192.253 - - [29/Oct/2022:19:31:45 -0500] "POST /kwsrmcab/Wsrmcab HTTP/1.1" 200 41290
201.245.192.253 - - [29/Oct/2022:19:31:48 -0500] "POST /kwsrmcab/Wsrmcab HTTP/1.1" 200 40054
201.245.192.253 - - [29/Oct/2022:19:32:00 -0500] "POST /kwsrmcab/Wsrmcab  HTTP/1.1" 200 213
172.22.2.4 - - [29/Oct/2022:19:30:32 -0500] "GET /BLA/boletinlegal/ HTTP/1.1" 200 59828
186.155.82.45 - - [29/Oct/2022:19:32:36 -0500] "GET /sipse/faces/index.xhtml HTTP/1.1" 200 677
186.155.82.45 - - [29/Oct/2022:19:32:36 -0500] "GET /sipse/faces/javax.faces.resource/theme.css?ln=primefaces-sipse HTTP/1.1" 304 -
186.155.82.45 - - [29/Oct/2022:19:32:36 -0500] "GET /sipse/faces/faces/autenticacion.xhtml HTTP/1.1" 200 12181
186.155.82.45 - - [29/Oct/2022:19:32:37 -0500] "GET /sipse/faces/javax.faces.resource/theme.css?ln=primefaces-sipse HTTP/1.1" 304 -
186.155.82.45 - - [29/Oct/2022:19:32:37 -0500] "GET /sipse/faces/javax.faces.resource/primefaces.css?ln=primefaces&v=4.0 HTTP/1.1" 304 -
186.155.82.45 - - [29/Oct/2022:19:32:37 -0500] "GET /sipse/faces/javax.faces.resource/layout/layout.css?ln=primefaces&v=4.0 HTTP/1.1" 304 -
186.155.82.45 - - [29/Oct/2022:19:32:37 -0500] "GET /sipse/faces/javax.faces.resource/jquery/jquery.js?ln=primefaces&v=4.0 HTTP/1.1" 304 -
186.155.82.45 - - [29/Oct/2022:19:32:37 -0500] "GET /sipse/faces/javax.faces.resource/jquery/jquery-plugins.js?ln=primefaces&v=4.0 HTTP/1.1" 304 -
186.155.82.45 - - [29/Oct/2022:19:32:37 -0500] "GET /sipse/faces/javax.faces.resource/primefaces.js?ln=primefaces&v=4.0 HTTP/1.1" 304 -
186.155.82.45 - - [29/Oct/2022:19:32:37 -0500] "GET /sipse/faces/javax.faces.resource/layout/layout.js?ln=primefaces&v=4.0 HTTP/1.1" 304 -
186.155.82.45 - - [29/Oct/2022:19:32:37 -0500] "GET /sipse/faces/javax.faces.resource/images/ui-icons_898989_256x240.png?ln=primefaces-aristo HTTP/1.1" 304 -
186.155.82.45 - - [29/Oct/2022:19:32:54 -0500] "POST /sipse/faces/autenticacion.xhtml HTTP/1.1" 200 11168
186.155.82.45 - - [29/Oct/2022:19:32:54 -0500] "GET /sipse/faces/javax.faces.resource/theme.css?ln=primefaces-sipse HTTP/1.1" 304 -
186.155.82.45 - - [29/Oct/2022:19:32:54 -0500] "GET /sipse/faces/javax.faces.resource/primefaces.css?ln=primefaces&v=4.0 HTTP/1.1" 304 -
186.155.82.45 - - [29/Oct/2022:19:32:54 -0500] "GET /sipse/faces/javax.faces.resource/layout/layout.css?ln=primefaces&v=4.0 HTTP/1.1" 304 -
186.155.82.45 - - [29/Oct/2022:19:32:54 -0500] "GET /sipse/faces/javax.faces.resource/jquery/jquery.js?ln=primefaces&v=4.0 HTTP/1.1" 304 -
186.155.82.45 - - [29/Oct/2022:19:32:54 -0500] "GET /sipse/faces/javax.faces.resource/jquery/jquery-plugins.js?ln=primefaces&v=4.0 HTTP/1.1" 304 -
186.155.82.45 - - [29/Oct/2022:19:32:54 -0500] "GET /sipse/faces/javax.faces.resource/primefaces.js?ln=primefaces&v=4.0 HTTP/1.1" 304 -
186.155.82.45 - - [29/Oct/2022:19:32:54 -0500] "GET /sipse/faces/javax.faces.resource/layout/layout.js?ln=primefaces&v=4.0 HTTP/1.1" 304 -
186.155.82.45 - - [29/Oct/2022:19:32:54 -0500] "GET /sipse/faces/javax.faces.resource/messages/messages.png?ln=primefaces&v=4.0 HTTP/1.1" 304 -
186.155.82.45 - - [29/Oct/2022:19:32:56 -0500] "POST /sipse/faces/presentacion/sistema/seguridad/seleccionRol.xhtml HTTP/1.1" 200 1687
186.155.82.45 - - [29/Oct/2022:19:32:59 -0500] "POST /sipse/faces/presentacion/sistema/seguridad/seleccionRol.xhtml HTTP/1.1" 200 5604
186.155.82.45 - - [29/Oct/2022:19:33:00 -0500] "POST /sipse/faces/presentacion/sistema/seguridad/seleccionRol.xhtml HTTP/1.1" 200 17471
186.155.82.45 - - [29/Oct/2022:19:33:00 -0500] "GET /sipse/faces/javax.faces.resource/theme.css?ln=primefaces-sipse HTTP/1.1" 304 -
186.155.82.45 - - [29/Oct/2022:19:33:00 -0500] "GET /sipse/faces/javax.faces.resource/primefaces.css?ln=primefaces&v=4.0 HTTP/1.1" 304 -
186.155.82.45 - - [29/Oct/2022:19:33:00 -0500] "GET /sipse/faces/javax.faces.resource/layout/layout.css?ln=primefaces&v=4.0 HTTP/1.1" 304 -
186.155.82.45 - - [29/Oct/2022:19:33:01 -0500] "GET /sipse/faces/javax.faces.resource/jquery/jquery.js?ln=primefaces&v=4.0 HTTP/1.1" 304 -
186.155.82.45 - - [29/Oct/2022:19:33:01 -0500] "GET /sipse/faces/javax.faces.resource/jquery/jquery-plugins.js?ln=primefaces&v=4.0 HTTP/1.1" 304 -
186.155.82.45 - - [29/Oct/2022:19:33:01 -0500] "GET /sipse/faces/javax.faces.resource/primefaces.js?ln=primefaces&v=4.0 HTTP/1.1" 304 -
186.155.82.45 - - [29/Oct/2022:19:33:01 -0500] "GET /sipse/faces/javax.faces.resource/layout/layout.js?ln=primefaces&v=4.0 HTTP/1.1" 304 -
186.155.82.45 - - [29/Oct/2022:19:33:01 -0500] "GET /sipse/css/imagen/contrasena.png HTTP/1.1" 404 383
186.155.82.45 - - [29/Oct/2022:19:33:02 -0500] "POST /sipse/faces/bienvenido.xhtml HTTP/1.1" 200 3843
186.155.82.45 - - [29/Oct/2022:19:33:02 -0500] "GET /sipse/faces/javax.faces.resource/images/ui-bg_flat_0_2d5972_40x100.png?ln=primefaces-aristo HTTP/1.1" 304 -
186.155.82.45 - - [29/Oct/2022:19:33:04 -0500] "POST /sipse/faces/bienvenido.xhtml HTTP/1.1" 200 65739
186.155.82.45 - - [29/Oct/2022:19:33:04 -0500] "GET /sipse/faces/javax.faces.resource/theme.css?ln=primefaces-sipse HTTP/1.1" 304 -
186.155.82.45 - - [29/Oct/2022:19:33:04 -0500] "GET /sipse/faces/javax.faces.resource/primefaces.css?ln=primefaces&v=4.0 HTTP/1.1" 304 -
186.155.82.45 - - [29/Oct/2022:19:33:04 -0500] "GET /sipse/faces/javax.faces.resource/layout/layout.css?ln=primefaces&v=4.0 HTTP/1.1" 304 -
186.155.82.45 - - [29/Oct/2022:19:33:04 -0500] "GET /sipse/faces/javax.faces.resource/jquery/jquery.js?ln=primefaces&v=4.0 HTTP/1.1" 304 -
186.155.82.45 - - [29/Oct/2022:19:33:04 -0500] "GET /sipse/faces/javax.faces.resource/jquery/jquery-plugins.js?ln=primefaces&v=4.0 HTTP/1.1" 304 -
186.155.82.45 - - [29/Oct/2022:19:33:04 -0500] "GET /sipse/faces/javax.faces.resource/primefaces.js?ln=primefaces&v=4.0 HTTP/1.1" 304 -
186.155.82.45 - - [29/Oct/2022:19:33:04 -0500] "GET /sipse/faces/javax.faces.resource/layout/layout.js?ln=primefaces&v=4.0 HTTP/1.1" 304 -
186.155.82.45 - - [29/Oct/2022:19:33:04 -0500] "POST /sipse/faces/presentacion/financiero/solicitudProceso/listarSolicitudProceso.xhtml HTTP/1.1" 200 1560
186.155.82.45 - - [29/Oct/2022:19:33:09 -0500] "POST /sipse/faces/presentacion/financiero/solicitudProceso/listarSolicitudProceso.xhtml HTTP/1.1" 200 20135
186.155.82.45 - - [29/Oct/2022:19:34:07 -0500] "POST /sipse/faces/presentacion/financiero/solicitudProceso/listarSolicitudProceso.xhtml HTTP/1.1" 200 31912
186.155.82.45 - - [29/Oct/2022:19:34:08 -0500] "POST /sipse/faces/presentacion/financiero/solicitudProceso/listarSolicitudProceso.xhtml HTTP/1.1" 200 2397
186.155.82.45 - - [29/Oct/2022:19:34:14 -0500] "POST /sipse/faces/presentacion/financiero/solicitudProceso/listarSolicitudProceso.xhtml HTTP/1.1" 200 5318
186.155.82.45 - - [29/Oct/2022:19:34:17 -0500] "POST /sipse/faces/presentacion/financiero/solicitudProceso/listarSolicitudProceso.xhtml HTTP/1.1" 200 113179
186.155.82.45 - - [29/Oct/2022:19:34:17 -0500] "GET /sipse/faces/javax.faces.resource/theme.css?ln=primefaces-sipse HTTP/1.1" 304 -
186.155.82.45 - - [29/Oct/2022:19:34:17 -0500] "GET /sipse/faces/javax.faces.resource/primefaces.css?ln=primefaces&v=4.0 HTTP/1.1" 304 -
186.155.82.45 - - [29/Oct/2022:19:34:17 -0500] "GET /sipse/faces/javax.faces.resource/layout/layout.css?ln=primefaces&v=4.0 HTTP/1.1" 304 -
186.155.82.45 - - [29/Oct/2022:19:34:17 -0500] "GET /sipse/faces/javax.faces.resource/jquery/jquery.js?ln=primefaces&v=4.0 HTTP/1.1" 304 -
186.155.82.45 - - [29/Oct/2022:19:34:17 -0500] "GET /sipse/faces/javax.faces.resource/jquery/jquery-plugins.js?ln=primefaces&v=4.0 HTTP/1.1" 304 -
186.155.82.45 - - [29/Oct/2022:19:34:17 -0500] "GET /sipse/faces/javax.faces.resource/primefaces.js?ln=primefaces&v=4.0 HTTP/1.1" 304 -
186.155.82.45 - - [29/Oct/2022:19:34:17 -0500] "GET /sipse/faces/javax.faces.resource/layout/layout.js?ln=primefaces&v=4.0 HTTP/1.1" 304 -
216.245.221.92 - - [29/Oct/2022:19:34:52 -0500] "HEAD / HTTP/1.1" 200 -
172.22.2.4 - - [29/Oct/2022:19:34:42 -0500] "GET /BLA/boletinlegal/ HTTP/1.1" 200 57725
201.245.192.253 - - [29/Oct/2022:19:37:00 -0500] "POST /kwsrmcab/Wsrmcab  HTTP/1.1" 200 213
172.22.2.4 - - [29/Oct/2022:19:35:32 -0500] "HEAD /BLA/boletinlegal/ HTTP/1.1" 200 -
172.22.2.4 - - [29/Oct/2022:19:36:22 -0500] "GET /BLA/boletinlegal/ HTTP/1.1" 200 57725
172.22.2.4 - - [29/Oct/2022:19:38:30 -0500] "GET /BLA/boletinlegal/Circulares/2019/.pdf HTTP/1.1" 404 1218
172.22.2.4 - - [29/Oct/2022:19:38:40 -0500] "GET /BLA/boletinlegal/Circulares/2012/Circular%20No.%2010%20del%2026%20de%20Enero%20de%202012.pdf HTTP/1.1" 404 1218
216.245.221.92 - - [29/Oct/2022:19:39:52 -0500] "HEAD / HTTP/1.1" 200 -
201.245.192.253 - - [29/Oct/2022:19:41:45 -0500] "POST /kwsrmcab/Wsrmcab HTTP/1.1" 200 41290
201.245.192.253 - - [29/Oct/2022:19:41:48 -0500] "POST /kwsrmcab/Wsrmcab HTTP/1.1" 200 40054
201.245.192.253 - - [29/Oct/2022:19:41:59 -0500] "POST /kwsrmcab/Wsrmcab  HTTP/1.1" 200 213
172.22.2.4 - - [29/Oct/2022:19:41:22 -0500] "HEAD /BLA/boletinlegal/ HTTP/1.1" 200 -
209.97.159.80 - - [29/Oct/2022:19:43:31 -0500] "\x8f\xd9\x80\xaa\x11\xe3\x8f\xb6-\x85\xf4\x1et\xb4\xa2\\\xb7" 501 953
209.97.159.80 - - [29/Oct/2022:19:43:32 -0500] "\x16\x03\x01" 400 226
209.97.159.80 - - [29/Oct/2022:19:43:33 -0500] "\x16\x03\x01" 400 226
209.97.159.80 - - [29/Oct/2022:19:43:33 -0500] "\x16\x03\x01" 400 226
179.19.90.11 - - [29/Oct/2022:19:43:41 -0500] "GET /galeria/galeria/jquery.fancybox.css?v=2.1.5 HTTP/1.1" 200 4895
179.19.90.11 - - [29/Oct/2022:19:43:41 -0500] "GET /BLA/boletinlegal/js/jquery.scrollShow.js HTTP/1.1" 200 4586
179.19.90.11 - - [29/Oct/2022:19:43:41 -0500] "GET /galeria/galeria/jquery.fancybox.js?v=2.1.5 HTTP/1.1" 200 48706
172.22.2.4 - - [29/Oct/2022:19:42:12 -0500] "GET /BLA/boletinlegal/ HTTP/1.1" 200 59319
172.22.2.4 - - [29/Oct/2022:19:44:02 -0500] "GET /BLA/boletinlegal/wp-content/themes/seotheme/db.php?u HTTP/1.1" 404 1038
185.83.144.103 - - [29/Oct/2022:19:44:37 -0500] "GET /.env HTTP/1.1" 404 1018
185.83.144.103 - - [29/Oct/2022:19:44:37 -0500] "\x16\x03\x01\x01D\x01" 400 226
216.245.221.92 - - [29/Oct/2022:19:44:52 -0500] "HEAD / HTTP/1.1" 200 -
201.245.192.253 - - [29/Oct/2022:19:46:57 -0500] "POST /kwsrmcab/Wsrmcab  HTTP/1.1" 200 213
207.46.13.79 - - [29/Oct/2022:19:48:02 -0500] "GET /BLA/resoluciones/AUTOS%202022/2179.pdf HTTP/1.1" 304 -
172.22.2.4 - - [29/Oct/2022:19:47:12 -0500] "HEAD /BLA/boletinlegal/ HTTP/1.1" 200 -
172.22.2.4 - - [29/Oct/2022:19:48:02 -0500] "GET /BLA/boletinlegal/ HTTP/1.1" 200 59828
216.245.221.92 - - [29/Oct/2022:19:49:51 -0500] "HEAD / HTTP/1.1" 200 -
66.249.73.167 - - [29/Oct/2022:19:50:11 -0500] "-" 408 -
201.245.192.253 - - [29/Oct/2022:19:51:56 -0500] "POST /kwsrmcab/Wsrmcab  HTTP/1.1" 200 213
207.46.13.50 - - [29/Oct/2022:19:52:10 -0500] "GET /BLA/resoluciones/RESOLUCIONES%202021/2899.pdf HTTP/1.1" 304 -
172.22.2.4 - - [29/Oct/2022:19:53:02 -0500] "HEAD /BLA/boletinlegal/ HTTP/1.1" 200 -
216.245.221.92 - - [29/Oct/2022:19:54:52 -0500] "HEAD / HTTP/1.1" 200 -
157.55.39.69 - - [29/Oct/2022:19:54:56 -0500] "GET /galeria/galeria/fotos/4humedal-Burro4G.jpg HTTP/1.1" 200 98452
172.22.2.4 - - [29/Oct/2022:19:55:15 -0500] "GET /BLA/boletinlegal/images/cabezote%20BLEGAL.jpg HTTP/1.1" 200 118164
172.22.2.4 - - [29/Oct/2022:19:53:52 -0500] "GET /BLA/boletinlegal/ HTTP/1.1" 200 59319
157.55.39.126 - - [29/Oct/2022:19:55:47 -0500] "GET /BLA/boletinlegal/Circulares/2019/Circular%20No.%200003%20del%2031%20de%20Enero%20de%202019.pdf HTTP/1.1" 304 -
201.245.192.253 - - [29/Oct/2022:19:56:55 -0500] "POST /kwsrmcab/Wsrmcab  HTTP/1.1" 200 213
216.245.221.92 - - [29/Oct/2022:19:59:51 -0500] "HEAD / HTTP/1.1" 200 -
172.22.2.4 - - [29/Oct/2022:19:58:52 -0500] "HEAD /BLA/boletinlegal/ HTTP/1.1" 200 -
172.22.2.4 - - [29/Oct/2022:19:59:42 -0500] "GET /BLA/boletinlegal/ HTTP/1.1" 200 59828
192.133.77.16 - - [29/Oct/2022:20:01:28 -0500] "GET /images/cronica-mujer-biodiveridad-30-noviembre.jpg HTTP/1.1" 200 63270
192.133.77.18 - - [29/Oct/2022:20:01:28 -0500] "GET /con-pinceles-y-acuarelas-veronica-martinez-protege-la-biodiversidad.html HTTP/1.1" 200 990
201.245.192.253 - - [29/Oct/2022:20:01:54 -0500] "POST /kwsrmcab/Wsrmcab  HTTP/1.1" 200 213
186.84.89.229 - - [29/Oct/2022:20:03:28 -0500] "-" 408 -
216.245.221.92 - - [29/Oct/2022:20:04:51 -0500] "HEAD / HTTP/1.1" 200 -
185.119.81.96 - - [29/Oct/2022:20:06:07 -0500] "GET /portaldeninos/wp-login.php HTTP/1.1" 200 2592
185.119.81.96 - - [29/Oct/2022:20:06:08 -0500] "POST /portaldeninos/wp-login.php HTTP/1.1" 200 3650
172.22.2.4 - - [29/Oct/2022:20:04:42 -0500] "HEAD /BLA/boletinlegal/ HTTP/1.1" 200 -
192.241.220.200 - - [29/Oct/2022:20:06:23 -0500] "MGLNDD_190.27.245.106_80" 501 953
185.119.81.96 - - [29/Oct/2022:20:06:38 -0500] "GET /portaldeninos/wp-login.php HTTP/1.1" 200 2592
185.119.81.96 - - [29/Oct/2022:20:06:39 -0500] "POST /portaldeninos/wp-login.php HTTP/1.1" 200 3605
201.245.192.253 - - [29/Oct/2022:20:06:53 -0500] "POST /kwsrmcab/Wsrmcab  HTTP/1.1" 200 213
172.22.2.4 - - [29/Oct/2022:20:05:32 -0500] "GET /BLA/boletinlegal/ HTTP/1.1" 200 59828
157.55.39.201 - - [29/Oct/2022:20:09:04 -0500] "GET /BLA/resoluciones/RESOLUCIONES%202021/2903.pdf HTTP/1.1" 200 474460
216.245.221.92 - - [29/Oct/2022:20:09:51 -0500] "HEAD / HTTP/1.1" 200 -
201.245.192.253 - - [29/Oct/2022:20:11:52 -0500] "POST /kwsrmcab/Wsrmcab  HTTP/1.1" 200 213
172.22.2.4 - - [29/Oct/2022:20:10:32 -0500] "HEAD /BLA/boletinlegal/ HTTP/1.1" 200 -
172.22.2.4 - - [29/Oct/2022:20:11:22 -0500] "GET /BLA/boletinlegal/ HTTP/1.1" 200 59319
186.30.107.83 - - [29/Oct/2022:20:13:36 -0500] "GET /BLA/resoluciones/index.php?dir= HTTP/1.1" 200 13093
186.30.107.83 - - [29/Oct/2022:20:13:38 -0500] "GET /BLA/resoluciones/index.php?dir=AUTOS+2014%2F HTTP/1.1" 200 883843
216.245.221.92 - - [29/Oct/2022:20:14:51 -0500] "HEAD / HTTP/1.1" 200 -
172.22.2.4 - - [29/Oct/2022:20:15:39 -0500] "GET /BLA/boletinlegal/styles2.css HTTP/1.1" 200 1838
172.22.2.4 - - [29/Oct/2022:20:15:39 -0500] "GET /BLA/boletinlegal/style.css HTTP/1.1" 200 9406
172.22.2.4 - - [29/Oct/2022:20:15:39 -0500] "GET /BLA/boletinlegal/js/jquery.js HTTP/1.1" 200 57254
172.22.2.4 - - [29/Oct/2022:20:15:39 -0500] "GET /BLA/boletinlegal/js/jquery.scrollShow.js HTTP/1.1" 200 4586
172.22.2.4 - - [29/Oct/2022:20:15:39 -0500] "GET /BLA/boletinlegal/js/jquery.scrollTo-min.js HTTP/1.1" 200 1150
172.22.2.4 - - [29/Oct/2022:20:15:39 -0500] "GET /BLA/boletinlegal/images/cabezote%20BLEGAL.jpg HTTP/1.1" 200 118164
172.22.2.4 - - [29/Oct/2022:20:15:39 -0500] "GET /BLA/boletinlegal/images/subscribe-icon-big.png HTTP/1.1" 200 47702
172.22.2.4 - - [29/Oct/2022:20:15:39 -0500] "GET /BLA/boletinlegal/images/historia.png HTTP/1.1" 200 52775
172.22.2.4 - - [29/Oct/2022:20:15:39 -0500] "GET /BLA/boletinlegal/images/registro-usuarios.png HTTP/1.1" 200 8106
172.22.2.4 - - [29/Oct/2022:20:15:39 -0500] "GET /BLA/boletinlegal/images/arr_l.jpg HTTP/1.1" 200 1979
172.22.2.4 - - [29/Oct/2022:20:15:39 -0500] "GET /BLA/boletinlegal/images/screen_1.png HTTP/1.1" 200 202547
172.22.2.4 - - [29/Oct/2022:20:15:39 -0500] "GET /BLA/boletinlegal/images/launch.jpg HTTP/1.1" 200 14577
172.22.2.4 - - [29/Oct/2022:20:15:41 -0500] "GET /BLA/boletinlegal/actos.php HTTP/1.1" 200 9566
172.22.2.4 - - [29/Oct/2022:20:15:41 -0500] "GET /BLA/boletinlegal/niceforms.js HTTP/1.1" 200 22876
172.22.2.4 - - [29/Oct/2022:20:15:41 -0500] "GET /BLA/boletinlegal/niceforms-default.css HTTP/1.1" 200 6694
172.22.2.4 - - [29/Oct/2022:20:15:41 -0500] "GET /BLA/boletinlegal/js/ajax_actos.js HTTP/1.1" 200 1322
172.22.2.4 - - [29/Oct/2022:20:15:41 -0500] "GET /BLA/boletinlegal/js/lib.js HTTP/1.1" 200 6474
172.22.2.4 - - [29/Oct/2022:20:15:41 -0500] "GET /BLA/boletinlegal/js/popup.js HTTP/1.1" 200 1270
172.22.2.4 - - [29/Oct/2022:20:15:41 -0500] "GET /BLA/boletinlegal/js/jquery1.js HTTP/1.1" 200 29846
172.22.2.4 - - [29/Oct/2022:20:15:41 -0500] "GET /BLA/boletinlegal/images/green-yellow-blue-pink-th.png HTTP/1.1" 200 7394
172.22.2.4 - - [29/Oct/2022:20:15:41 -0500] "GET /BLA/boletinlegal/images/tel.png HTTP/1.1" 200 14477
172.22.2.4 - - [29/Oct/2022:20:15:41 -0500] "GET /BLA/boletinlegal/images/icono-email.png HTTP/1.1" 200 5544
172.22.2.4 - - [29/Oct/2022:20:15:41 -0500] "GET /BLA/boletinlegal/images/body_bg.jpg HTTP/1.1" 200 1601
172.22.2.4 - - [29/Oct/2022:20:15:41 -0500] "GET /BLA/boletinlegal/images/menu_lft.gif HTTP/1.1" 200 1713
172.22.2.4 - - [29/Oct/2022:20:15:41 -0500] "GET /BLA/boletinlegal/images/menu_rght.gif HTTP/1.1" 200 1627
172.22.2.4 - - [29/Oct/2022:20:15:41 -0500] "GET /BLA/boletinlegal/images/bg_top.jpg HTTP/1.1" 200 522
172.22.2.4 - - [29/Oct/2022:20:15:41 -0500] "GET /BLA/boletinlegal/images/menu_bg.jpg HTTP/1.1" 200 620
172.22.2.4 - - [29/Oct/2022:20:15:41 -0500] "GET /BLA/boletinlegal/images/hover.jpg HTTP/1.1" 200 640
172.22.2.4 - - [29/Oct/2022:20:15:41 -0500] "GET /BLA/boletinlegal/images/text.jpg HTTP/1.1" 200 568
172.22.2.4 - - [29/Oct/2022:20:15:41 -0500] "GET /BLA/boletinlegal/images/footer_bg.jpg HTTP/1.1" 200 586
172.22.2.4 - - [29/Oct/2022:20:15:41 -0500] "GET /BLA/boletinlegal/images/footer_bg_l.jpg HTTP/1.1" 200 776
172.22.2.4 - - [29/Oct/2022:20:15:41 -0500] "GET /BLA/boletinlegal/img/0.png HTTP/1.1" 200 110
172.22.2.4 - - [29/Oct/2022:20:15:41 -0500] "GET /BLA/boletinlegal/img/select-right.png HTTP/1.1" 200 44019
172.22.2.4 - - [29/Oct/2022:20:15:41 -0500] "GET /BLA/boletinlegal/img/button.png HTTP/1.1" 200 43241
172.22.2.4 - - [29/Oct/2022:20:15:41 -0500] "GET /BLA/boletinlegal/img/button-left.png HTTP/1.1" 200 57071
172.22.2.4 - - [29/Oct/2022:20:15:41 -0500] "GET /BLA/boletinlegal/img/select-left.png HTTP/1.1" 200 263
172.22.2.4 - - [29/Oct/2022:20:15:41 -0500] "GET /BLA/boletinlegal/img/button-right.png HTTP/1.1" 200 57878
172.22.2.4 - - [29/Oct/2022:20:15:41 -0500] "GET /BLA/boletinlegal/favicon.ico HTTP/1.1" 404 1326
181.53.13.162 - - [29/Oct/2022:20:15:49 -0500] "GET /BLA/resoluciones/dlf/styles.css HTTP/1.1" 200 3049
181.53.13.162 - - [29/Oct/2022:20:15:49 -0500] "GET /BLA/resoluciones/dlf/folder.png HTTP/1.1" 200 410
181.53.13.162 - - [29/Oct/2022:20:15:49 -0500] "GET /BLA/resoluciones/dlf/bg.gif HTTP/1.1" 200 54
181.53.13.162 - - [29/Oct/2022:20:15:49 -0500] "GET /BLA/resoluciones/ HTTP/1.1" 200 13093
181.53.13.162 - - [29/Oct/2022:20:15:50 -0500] "GET /favicon.ico HTTP/1.1" 200 7782
181.53.13.162 - - [29/Oct/2022:20:15:53 -0500] "GET /BLA/resoluciones/dlf/dirup.png HTTP/1.1" 200 644
181.53.13.162 - - [29/Oct/2022:20:15:53 -0500] "GET /BLA/resoluciones/index.php?dir=RESOLUCIONES+2007%2F HTTP/1.1" 200 35450
181.53.13.162 - - [29/Oct/2022:20:15:53 -0500] "GET /BLA/resoluciones/dlf/pdf.gif HTTP/1.1" 200 272
181.53.13.162 - - [29/Oct/2022:20:15:59 -0500] "GET /BLA/resoluciones/index.php?dir=RESOLUCIONES+2017%2F HTTP/1.1" 200 284276
181.53.13.162 - - [29/Oct/2022:20:16:10 -0500] "GET /BLA/resoluciones/RESOLUCIONES%202017/0760.pdf HTTP/1.1" 200 432133
172.22.2.4 - - [29/Oct/2022:20:15:39 -0500] "GET /BLA/boletinlegal/ HTTP/1.1" 200 24523
201.245.192.253 - - [29/Oct/2022:20:16:51 -0500] "POST /kwsrmcab/Wsrmcab  HTTP/1.1" 200 213
172.22.2.4 - - [29/Oct/2022:20:16:22 -0500] "HEAD /BLA/boletinlegal/ HTTP/1.1" 200 -
172.22.2.4 - - [29/Oct/2022:20:17:12 -0500] "GET /BLA/boletinlegal/ HTTP/1.1" 200 56732
216.245.221.92 - - [29/Oct/2022:20:19:51 -0500] "HEAD / HTTP/1.1" 200 -
103.133.111.120 - - [29/Oct/2022:20:20:37 -0500] "GET / HTTP/1.1" 200 319
186.30.107.83 - - [29/Oct/2022:20:21:01 -0500] "GET /BLA/resoluciones/index.php?dir=RESOLUCIONES+2020%2F HTTP/1.1" 200 166164
103.133.111.120 - - [29/Oct/2022:20:20:53 -0500] "GET / HTTP/1.1" 200 319
186.155.72.72 - - [29/Oct/2022:20:21:19 -0500] "GET /BLA/resoluciones/RESOLUCIONES%202021/5262.pdf HTTP/1.1" 200 370932
186.155.72.72 - - [29/Oct/2022:20:21:19 -0500] "GET /favicon.ico HTTP/1.1" 200 7782
103.133.111.120 - - [29/Oct/2022:20:21:10 -0500] "GET /wp-includes/wlwmanifest.xml HTTP/1.1" 404 1018
103.133.111.120 - - [29/Oct/2022:20:21:27 -0500] "GET /xmlrpc.php?rsd HTTP/1.1" 404 1018
201.245.192.253 - - [29/Oct/2022:20:21:45 -0500] "POST /kwsrmcab/Wsrmcab HTTP/1.1" 200 42388
201.245.192.253 - - [29/Oct/2022:20:21:48 -0500] "POST /kwsrmcab/Wsrmcab HTTP/1.1" 200 42413
201.245.192.253 - - [29/Oct/2022:20:21:50 -0500] "POST /kwsrmcab/Wsrmcab  HTTP/1.1" 200 213
103.133.111.120 - - [29/Oct/2022:20:22:04 -0500] "GET /blog/wp-includes/wlwmanifest.xml HTTP/1.1" 404 1018
103.133.111.120 - - [29/Oct/2022:20:22:20 -0500] "GET /web/wp-includes/wlwmanifest.xml HTTP/1.1" 404 1018
103.133.111.120 - - [29/Oct/2022:20:22:36 -0500] "GET /wordpress/wp-includes/wlwmanifest.xml HTTP/1.1" 404 1018
103.133.111.120 - - [29/Oct/2022:20:22:52 -0500] "GET /website/wp-includes/wlwmanifest.xml HTTP/1.1" 404 1018
152.203.166.67 - - [29/Oct/2022:20:23:11 -0500] "GET /sipse/faces/faces/faces/faces/faces/index.xhtml HTTP/1.1" 200 677
152.203.166.67 - - [29/Oct/2022:20:23:11 -0500] "GET /sipse/faces/javax.faces.resource/theme.css?ln=primefaces-sipse HTTP/1.1" 304 -
152.203.166.67 - - [29/Oct/2022:20:23:11 -0500] "GET /sipse/faces/faces/faces/faces/faces/faces/autenticacion.xhtml HTTP/1.1" 200 12181
152.203.166.67 - - [29/Oct/2022:20:23:11 -0500] "GET /sipse/faces/javax.faces.resource/theme.css?ln=primefaces-sipse HTTP/1.1" 304 -
152.203.166.67 - - [29/Oct/2022:20:23:11 -0500] "GET /sipse/faces/javax.faces.resource/primefaces.js?ln=primefaces&v=4.0 HTTP/1.1" 304 -
152.203.166.67 - - [29/Oct/2022:20:23:11 -0500] "GET /sipse/faces/javax.faces.resource/jquery/jquery.js?ln=primefaces&v=4.0 HTTP/1.1" 304 -
152.203.166.67 - - [29/Oct/2022:20:23:11 -0500] "GET /sipse/faces/javax.faces.resource/layout/layout.css?ln=primefaces&v=4.0 HTTP/1.1" 304 -
152.203.166.67 - - [29/Oct/2022:20:23:11 -0500] "GET /sipse/faces/javax.faces.resource/primefaces.css?ln=primefaces&v=4.0 HTTP/1.1" 304 -
152.203.166.67 - - [29/Oct/2022:20:23:11 -0500] "GET /sipse/faces/javax.faces.resource/layout/layout.js?ln=primefaces&v=4.0 HTTP/1.1" 304 -
152.203.166.67 - - [29/Oct/2022:20:23:11 -0500] "GET /sipse/faces/javax.faces.resource/jquery/jquery-plugins.js?ln=primefaces&v=4.0 HTTP/1.1" 304 -
152.203.166.67 - - [29/Oct/2022:20:23:11 -0500] "GET /sipse/faces/javax.faces.resource/images/ui-icons_898989_256x240.png?ln=primefaces-aristo HTTP/1.1" 304 -
103.133.111.120 - - [29/Oct/2022:20:23:08 -0500] "GET /wp/wp-includes/wlwmanifest.xml HTTP/1.1" 404 1018
152.203.166.67 - - [29/Oct/2022:20:23:24 -0500] "POST /sipse/faces/autenticacion.xhtml HTTP/1.1" 200 2224
152.203.166.67 - - [29/Oct/2022:20:23:24 -0500] "GET /sipse/faces/javax.faces.resource/messages/messages.png?ln=primefaces&v=4.0 HTTP/1.1" 304 -
