!C99Shell v. 1.0 pre-release build #13!

Software: Apache. PHP/5.5.15 

uname -a: Windows NT SVR-DMZ 6.1 build 7600 (Windows Server 2008 R2 Enterprise Edition) i586 

SYSTEM 

Safe-mode: OFF (not secure)

E:\nuevo\apache\logs\   drwxrwxrwx
Free 7.33 GB of 239.26 GB (3.07%)
Detected drives: [ a ] [ c ] [ d ] [ e ] [ f ]
Home    Back    Forward    UPDIR    Refresh    Search    Buffer    Encoder    Tools    Proc.    FTP brute    Sec.    SQL    PHP-code    Update    Feedback    Self remove    Logout    


Viewing file:     access.2022.10.29.log (1.16 MB)      -rw-rw-rw-
Select action/file-type:
(+) | (+) | (+) | Code (+) | Session (+) | (+) | SDB (+) | (+) | (+) | (+) | (+) | (+) |
172.22.2.4 - - [29/Oct/2022:00:00:57 -0500] "GET /BLA/boletinlegal/actos.php HTTP/1.1" 200 9566
201.245.192.253 - - [29/Oct/2022:00:00:57 -0500] "POST /kwsrmcab/Wsrmcab  HTTP/1.1" 200 213
172.22.2.4 - - [29/Oct/2022:00:01:01 -0500] "GET /BLA/boletinlegal/normativa.php HTTP/1.1" 200 8333
172.22.2.4 - - [29/Oct/2022:00:01:01 -0500] "GET /BLA/boletinlegal/js/ajax_normativa.js HTTP/1.1" 200 1154
172.22.2.4 - - [29/Oct/2022:00:01:18 -0500] "GET /BLA/boletinlegal/images/screen_2.png HTTP/1.1" 200 362502
172.22.2.4 - - [29/Oct/2022:00:01:18 -0500] "GET /BLA/boletinlegal/images/screen_3.png HTTP/1.1" 200 210620
172.22.2.4 - - [29/Oct/2022:00:01:18 -0500] "GET /BLA/boletinlegal/images/screen_5.png HTTP/1.1" 200 368876
172.22.2.4 - - [29/Oct/2022:00:01:18 -0500] "GET /BLA/boletinlegal/images/arr_r.jpg HTTP/1.1" 200 1998
172.22.2.4 - - [29/Oct/2022:00:01:27 -0500] "GET /BLA/boletinlegal/images/pdf.gif HTTP/1.1" 200 567
172.22.2.4 - - [29/Oct/2022:00:00:55 -0500] "GET /BLA/boletinlegal/ HTTP/1.1" 200 24523
66.249.73.173 - - [29/Oct/2022:00:01:40 -0500] "-" 408 -
172.22.2.4 - - [29/Oct/2022:00:01:09 -0500] "GET /BLA/boletinlegal/ HTTP/1.1" 200 61445
172.22.2.4 - - [29/Oct/2022:00:03:12 -0500] "GET /BLA/boletinlegal/images/background.gif HTTP/1.1" 200 -
69.171.251.10 - - [29/Oct/2022:00:03:13 -0500] "GET /images/reciclaton-mayo-3-mayo.jpg HTTP/1.1" 200 278453
172.22.2.4 - - [29/Oct/2022:00:03:04 -0500] "HEAD /BLA/boletinlegal/ HTTP/1.1" 200 -
216.245.221.92 - - [29/Oct/2022:00:04:54 -0500] "HEAD / HTTP/1.1" 200 -
172.22.2.4 - - [29/Oct/2022:00:04:56 -0500] "GET /BLA/boletinlegal/Circulares/2012/Circular%20No.%201%20del%2017%20de%20Enero%20de%202012.pdf HTTP/1.1" 200 1118749
172.22.2.4 - - [29/Oct/2022:00:03:55 -0500] "GET /BLA/boletinlegal/ HTTP/1.1" 200 57375
201.245.192.253 - - [29/Oct/2022:00:05:55 -0500] "POST /kwsrmcab/Wsrmcab  HTTP/1.1" 200 213
216.245.221.92 - - [29/Oct/2022:00:09:54 -0500] "HEAD / HTTP/1.1" 200 -
172.22.2.4 - - [29/Oct/2022:00:08:54 -0500] "HEAD /BLA/boletinlegal/ HTTP/1.1" 200 -
201.245.192.253 - - [29/Oct/2022:00:10:55 -0500] "POST /kwsrmcab/Wsrmcab  HTTP/1.1" 200 213
172.22.2.4 - - [29/Oct/2022:00:09:45 -0500] "GET /BLA/boletinlegal/ HTTP/1.1" 200 59319
152.61.192.232 - - [29/Oct/2022:00:14:27 -0500] "GET / HTTP/1.1" 200 319
216.245.221.92 - - [29/Oct/2022:00:14:54 -0500] "HEAD / HTTP/1.1" 200 -
201.245.192.253 - - [29/Oct/2022:00:15:54 -0500] "POST /kwsrmcab/Wsrmcab  HTTP/1.1" 200 213
172.22.2.4 - - [29/Oct/2022:00:14:44 -0500] "HEAD /BLA/boletinlegal/ HTTP/1.1" 200 -
185.119.81.99 - - [29/Oct/2022:00:16:27 -0500] "GET /portaldeninos/wp-login.php HTTP/1.1" 200 2592
185.119.81.99 - - [29/Oct/2022:00:16:29 -0500] "POST /portaldeninos/wp-login.php HTTP/1.1" 200 3605
172.22.2.4 - - [29/Oct/2022:00:15:35 -0500] "GET /BLA/boletinlegal/ HTTP/1.1" 200 59319
186.30.107.83 - - [29/Oct/2022:00:19:36 -0500] "GET /BLA/resoluciones/index.php?dir= HTTP/1.1" 200 13093
186.30.107.83 - - [29/Oct/2022:00:19:39 -0500] "GET /BLA/resoluciones/index.php?dir=AUTOS+2014%2F HTTP/1.1" 200 883843
216.245.221.92 - - [29/Oct/2022:00:19:54 -0500] "HEAD / HTTP/1.1" 200 -
201.245.192.253 - - [29/Oct/2022:00:20:53 -0500] "POST /kwsrmcab/Wsrmcab  HTTP/1.1" 200 213
152.61.128.50 - - [29/Oct/2022:00:21:36 -0500] "GET / HTTP/1.1" 200 319
201.245.192.253 - - [29/Oct/2022:00:21:49 -0500] "POST /kwsrmcab/Wsrmcab HTTP/1.1" 200 42100
201.245.192.253 - - [29/Oct/2022:00:21:52 -0500] "POST /kwsrmcab/Wsrmcab HTTP/1.1" 200 42142
172.22.2.4 - - [29/Oct/2022:00:20:34 -0500] "HEAD /BLA/boletinlegal/ HTTP/1.1" 200 -
172.22.2.4 - - [29/Oct/2022:00:21:25 -0500] "GET /BLA/boletinlegal/ HTTP/1.1" 200 57725
216.245.221.92 - - [29/Oct/2022:00:24:54 -0500] "HEAD / HTTP/1.1" 200 -
201.245.192.253 - - [29/Oct/2022:00:25:51 -0500] "POST /kwsrmcab/Wsrmcab  HTTP/1.1" 200 213
172.22.2.4 - - [29/Oct/2022:00:26:24 -0500] "HEAD /BLA/boletinlegal/ HTTP/1.1" 200 -
172.22.2.4 - - [29/Oct/2022:00:27:31 -0500] "GET /BLA/boletinlegal/index.php?s=/Index/\\think\\app/invokefunction&function=call_user_func_array&vars[0]=md5&vars[1][]=HelloThinkPHP21 HTTP/1.1" 200 40907
172.22.2.4 - - [29/Oct/2022:00:27:15 -0500] "GET /BLA/boletinlegal/ HTTP/1.1" 200 51993
186.102.28.175 - - [29/Oct/2022:00:29:41 -0500] "GET /kwssiamovil/sm/ldap/au?x=U2FsdGVkX1/iWO4rIvdbnuq5vqSyYPEDRJ8Za1ZrfsSUJh3HFXo2fTNaRu2Cwv6qEPigKPeSFoXkzISffCUq6Q==&y=U2FsdGVkX18mRd/UR7GO3rHk1vPfmIBDM7F7V2zVdmjHuuJgtzwXnCoGA+vPRVzd HTTP/1.1" 200 30
186.102.28.175 - - [29/Oct/2022:00:29:41 -0500] "GET /kwssiamovil/sm/acme/s?s=U2FsdGVkX1/JYbfAEUjBo6Q1hSkp62Xnnuv+JOuQfy1XWr5Vx5WY9jy2KniWDd/P7Z0rqj+5Ha9gSHsA1WC/WX33rfVkCocrcv5iv0nDANc=&u=U2FsdGVkX1+VK/FmmnrL3R3yvkX6LhjDR/qE+GCLymoO/YFbJaiwJQHvUXABb1DJ&y=U2FsdGVkX18mRd/UR7GO3rHk1vPfmIBDM7F7V2zVdmjHuuJgtzwXnCoGA+vPRVzd HTTP/1.1" 200 97
186.102.28.175 - - [29/Oct/2022:00:29:41 -0500] "GET /kwssiamovil/sm/acme/s?s=U2FsdGVkX1/YAQwErCvrskpAakES3jsR6wk7xUstfeGvlQaiweRRPIWCT+S7tKSDqbWAUNPDT4NtKJOrb0dEEpgVufassUSRqakrAxXFrP3DXznqH/IUuruX8oNj7PWLn6oT9puKnFm0/NsZSdCpXZUPthT8Dk8Pj2BOMdkjblpooOhGQyH1zexnkX7X6BagbfiCcnrTP184Le33neHhtNIrTJUcam4X0lObT883fKxPLg1Nh71zy7jbeDjU0/JzKTgCqXhg23HhJkiD8askDSMgXNlvb8FF96sZDoAgbJSfoi0/isKVyFpeW61gMliJkm/fNZqaf/QDUMLufaUybVdcyq0h5xFAX2I6WuZ0OxzJjgV8BkEfyReKOf1EY/Zvhi6jYdHy+nukMhC9vd9nrueQmTWYHdtPDp9rRRn/kjL9zp+af9Sauv3h2xqLX7kOGRAas8zbAEFdv/SCaZFwUJjrjYzB20nL75uoEZzXXrcGjV9bicTATLfsjfBfzoCN24eWzuF6OVo0KTqkSr9flUlhQH2mdgCqzwWsLPNJvFcsLfXpV5NWtrOseBNLXwF9yXNZZ6NbXmBnBDgkbWmIbdXAET3goV6FZG0KL2Fh4WrPxOetRRDXU6CvnBlFvSF/KI2xCNzqg6Pjpy5bC4HLZ+2RdEDE7dtN2whNU5q8Dt+OT8Yyc1OmsTW8v/YAzGG4P7A06URfH9AimUAWeUnovumZIgs9dOhXRGRyMqPxUsxAYpd9WsAnxzWj0rEomSlP2Iwce3g105wXtqNMrP1pLh90HN0XtmvdmKYhMGlE+c+BTgFgZVVGz3dmeoBaCN05S1wzmQlQXSSOkqf5xu1X5F+zVhjL1fnSlb21D3T6eik4xAYmr4xEhJacKZdO1riH5BXoK5w1vBXKXVUhe3OHJg+eRQxFuB6Pz53FdSaivijUtAYGI1j7OhBKFQye46Wk3v8AiRnGIPyJZfOloAOVdPYjstuc/MQMoQcMefivS8wLusY6FMnglvKL3uxHhGtbv2Vu5No7KN5HAMuZMjY5Toe36Xau7ma9vGBlL7LPfiDT7M4odfQic8qLTJecdvYZyOY6xPNIXgBYjEbb4JjxQ7Rycg0uKdJiYGNdJy++vK6BZbMOlh9UJMTcebof/TvapBakv4xQByrTs4PHTaRqjkEBqPFR+9mHDN6wcK60HrI+03NrS+M8qpLI1BdXQaTsCB6U9gVtCAAkkemTMNKXmLESZrNfEpl1LeyJ+dRfdkUAFSB7Bk3l6eWV/R7RVMQexI1R9EjpzdEGJQWQwXAtt+FbSbqK/qXzaGXbBEKjms6hLeJFSHREJEDkT438gGXguII8ZkhKbUWNotdsun6jKjZs2AHUKRn3HLAQ/R/Gsat6KTs1Gfp+c1NsTQKbXlrSrCLzVeFLLUVMgZH3hs6VejTQSz1QCsO6mxgNQSfae4A=&u=U2FsdGVkX1+VK/FmmnrL3R3yvkX6LhjDR/qE+GCLymoO/YFbJaiwJQHvUXABb1DJ&y=U2FsdGVkX18mRd/UR7GO3rHk1vPfmIBDM7F7V2zVdmjHuuJgtzwXnCoGA+vPRVzd HTTP/1.1" 200 3814
186.102.28.175 - - [29/Oct/2022:00:29:41 -0500] "GET /kwssiamovil/sm/acme/s?s=U2FsdGVkX1/GBzjMhncYM7d763r8J2jqExGP54Dbp7IccXrf8PhQ1LjonTjQBBjnvkbXytNcXD4DRuQXfZmZl1NCaWmlM97VzRSu09Z1h7o6IUmU96nV+fgMJvIfB4VbOZ1m/VtTFyhsHNVt3ECPHoAjnVF+PXJoAv2KUIBokfTS5n2r/Dc4LkvMDqbFyLDkTmKEeqoILimajH+U70mKWdXEItEjsVkuWEaYKB4q+Mtjdanjn2jm+ubfrFxSusvpA6s9a2Ezzu9wnyY60rKgHD+vcowcVOfRozzVTXuwQYh10XRrE+yg2EgRFOoTPLfW5uJz4AF0yjYt6p+MLprZ7oH8XrvnCUs7MyMHNSPJPWo=&u=U2FsdGVkX1+VK/FmmnrL3R3yvkX6LhjDR/qE+GCLymoO/YFbJaiwJQHvUXABb1DJ&y=U2FsdGVkX18mRd/UR7GO3rHk1vPfmIBDM7F7V2zVdmjHuuJgtzwXnCoGA+vPRVzd HTTP/1.1" 200 196
186.102.28.175 - - [29/Oct/2022:00:29:42 -0500] "GET /kwssiamovil/sm/cjson/pre?f=1&x=U2FsdGVkX1/iWO4rIvdbnuq5vqSyYPEDRJ8Za1ZrfsSUJh3HFXo2fTNaRu2Cwv6qEPigKPeSFoXkzISffCUq6Q== HTTP/1.1" 200 30992
216.245.221.92 - - [29/Oct/2022:00:29:54 -0500] "HEAD / HTTP/1.1" 200 -
201.245.192.253 - - [29/Oct/2022:00:30:49 -0500] "POST /kwsrmcab/Wsrmcab  HTTP/1.1" 200 213
207.46.13.18 - - [29/Oct/2022:00:31:27 -0500] "GET /BLA/resoluciones/RESOLUCIONES%202000/2000%201600-1649.tif HTTP/1.1" 200 4758753
201.245.192.253 - - [29/Oct/2022:00:31:49 -0500] "POST /kwsrmcab/Wsrmcab HTTP/1.1" 200 42100
201.245.192.253 - - [29/Oct/2022:00:31:51 -0500] "POST /kwsrmcab/Wsrmcab HTTP/1.1" 200 42142
172.22.2.4 - - [29/Oct/2022:00:32:14 -0500] "HEAD /BLA/boletinlegal/ HTTP/1.1" 200 -
185.119.81.106 - - [29/Oct/2022:00:33:59 -0500] "GET /portaldeninos/wp-login.php HTTP/1.1" 200 2592
185.119.81.106 - - [29/Oct/2022:00:34:00 -0500] "POST /portaldeninos/wp-login.php HTTP/1.1" 200 3605
181.237.29.19 - - [29/Oct/2022:00:34:24 -0500] "GET /appsia/controlador HTTP/1.1" 200 4799
181.237.29.19 - - [29/Oct/2022:00:34:24 -0500] "GET /appsia/css/estilos.css HTTP/1.1" 200 4804
181.237.29.19 - - [29/Oct/2022:00:34:24 -0500] "GET /appsia/scripts/validarIngreso.js HTTP/1.1" 200 851
181.237.29.19 - - [29/Oct/2022:00:34:24 -0500] "GET /appsia/images/logo_bogota_p.png HTTP/1.1" 200 14951
181.237.29.19 - - [29/Oct/2022:00:34:24 -0500] "GET /appsia/images/cabezoteHojaVida.png HTTP/1.1" 200 32493
181.237.29.19 - - [29/Oct/2022:00:34:24 -0500] "GET /favicon.ico HTTP/1.1" 200 7782
181.237.29.19 - - [29/Oct/2022:00:34:27 -0500] "POST /appsia/controlador HTTP/1.1" 200 5437
157.55.39.69 - - [29/Oct/2022:00:34:29 -0500] "GET /BLA/resoluciones/RESOLUCIONES%202005/00001067.tif HTTP/1.1" 200 212792
181.237.29.19 - - [29/Oct/2022:00:34:29 -0500] "POST /appsia/controlador HTTP/1.1" 200 7728
181.237.29.19 - - [29/Oct/2022:00:34:29 -0500] "GET /appsia/images/logo_escudo.png HTTP/1.1" 200 36965
172.22.2.4 - - [29/Oct/2022:00:33:05 -0500] "GET /BLA/boletinlegal/ HTTP/1.1" 200 59319
216.245.221.92 - - [29/Oct/2022:00:34:54 -0500] "HEAD / HTTP/1.1" 200 -
157.55.39.201 - - [29/Oct/2022:00:35:07 -0500] "GET /Publicaciones/2022EE236468.pdf HTTP/1.1" 404 228
201.245.192.253 - - [29/Oct/2022:00:35:48 -0500] "POST /kwsrmcab/Wsrmcab  HTTP/1.1" 200 213
207.46.13.18 - - [29/Oct/2022:00:38:48 -0500] "GET /BLA/resoluciones/RESOLUCIONES%202000/2000%202750-2799.tif HTTP/1.1" 200 3331582
172.22.2.4 - - [29/Oct/2022:00:38:04 -0500] "HEAD /BLA/boletinlegal/ HTTP/1.1" 200 -
216.245.221.92 - - [29/Oct/2022:00:39:54 -0500] "HEAD / HTTP/1.1" 200 -
172.22.2.4 - - [29/Oct/2022:00:39:55 -0500] "GET /BLA/boletinlegal/Circulares/2014/Circular%20No.%201%20del%2008%20de%20Mayo%20de%202014.pdf HTTP/1.1" 200 180124
172.22.2.4 - - [29/Oct/2022:00:38:55 -0500] "GET /BLA/boletinlegal/ HTTP/1.1" 200 59828
201.245.192.253 - - [29/Oct/2022:00:40:47 -0500] "POST /kwsrmcab/Wsrmcab  HTTP/1.1" 200 213
201.245.192.253 - - [29/Oct/2022:00:41:49 -0500] "POST /kwsrmcab/Wsrmcab HTTP/1.1" 200 42100
201.245.192.253 - - [29/Oct/2022:00:41:53 -0500] "POST /kwsrmcab/Wsrmcab HTTP/1.1" 200 42142
46.183.134.3 - - [29/Oct/2022:00:42:37 -0500] "GET / HTTP/1.1" 200 319
40.77.167.69 - - [29/Oct/2022:00:42:38 -0500] "GET /portaldeninos/parque-mirador-de-los-nevados/ HTTP/1.1" 200 89855
40.77.167.69 - - [29/Oct/2022:00:42:57 -0500] "GET /portaldeninos/parque-mirador-de-los-nevados/ HTTP/1.1" 200 89855
216.245.221.92 - - [29/Oct/2022:00:44:54 -0500] "HEAD / HTTP/1.1" 200 -
172.22.2.4 - - [29/Oct/2022:00:43:54 -0500] "HEAD /BLA/boletinlegal/ HTTP/1.1" 200 -
201.245.192.253 - - [29/Oct/2022:00:45:47 -0500] "POST /kwsrmcab/Wsrmcab  HTTP/1.1" 200 213
172.22.2.4 - - [29/Oct/2022:00:44:45 -0500] "GET /BLA/boletinlegal/ HTTP/1.1" 200 59319
186.30.107.83 - - [29/Oct/2022:00:47:21 -0500] "GET /BLA/resoluciones/index.php?dir= HTTP/1.1" 200 13093
186.30.107.83 - - [29/Oct/2022:00:47:25 -0500] "GET /BLA/resoluciones/index.php?dir=RESOLUCIONES+2020%2F HTTP/1.1" 200 166164
186.30.107.83 - - [29/Oct/2022:00:48:01 -0500] "GET /BLA/resoluciones/index.php?dir=AUTOS+2014%2F HTTP/1.1" 200 883843
216.245.221.92 - - [29/Oct/2022:00:49:54 -0500] "HEAD / HTTP/1.1" 200 -
201.245.192.253 - - [29/Oct/2022:00:50:46 -0500] "POST /kwsrmcab/Wsrmcab  HTTP/1.1" 200 213
172.22.2.4 - - [29/Oct/2022:00:49:44 -0500] "HEAD /BLA/boletinlegal/ HTTP/1.1" 200 -
172.22.2.4 - - [29/Oct/2022:00:50:35 -0500] "GET /BLA/boletinlegal/ HTTP/1.1" 200 59828
216.245.221.92 - - [29/Oct/2022:00:54:54 -0500] "HEAD / HTTP/1.1" 200 -
172.22.2.4 - - [29/Oct/2022:00:54:47 -0500] "GET /BLA/boletinlegal/?XDEBUG_SESSION_START=phpstorm HTTP/1.1" 200 36811
201.245.192.253 - - [29/Oct/2022:00:55:45 -0500] "POST /kwsrmcab/Wsrmcab  HTTP/1.1" 200 213
36.37.135.111 - - [29/Oct/2022:00:56:01 -0500] "GET / HTTP/1.1" 200 319
172.22.2.4 - - [29/Oct/2022:00:55:34 -0500] "HEAD /BLA/boletinlegal/ HTTP/1.1" 200 -
185.119.81.106 - - [29/Oct/2022:00:57:22 -0500] "GET /portaldeninos/wp-login.php HTTP/1.1" 200 2592
185.119.81.106 - - [29/Oct/2022:00:57:23 -0500] "POST /portaldeninos/wp-login.php HTTP/1.1" 200 3650
172.22.2.4 - - [29/Oct/2022:00:56:25 -0500] "GET /BLA/boletinlegal/ HTTP/1.1" 200 59828
40.77.167.102 - - [29/Oct/2022:00:58:10 -0500] "-" 408 -
216.245.221.92 - - [29/Oct/2022:00:59:54 -0500] "HEAD / HTTP/1.1" 200 -
152.61.192.232 - - [29/Oct/2022:01:00:37 -0500] "GET /arcgis/services/Calidad_del_Agua_WQI/MapServer/WMSServer?request=GetCapabilities&service=WMS HTTP/1.1" 503 1020
152.61.192.232 - - [29/Oct/2022:01:00:38 -0500] "GET /arcgis/services/Calidad_del_Agua_WQI/MapServer/WMSServer?SERVICE=WMS&REQUEST=GetCapabilities HTTP/1.1" 503 1020
152.61.192.232 - - [29/Oct/2022:01:00:38 -0500] "GET /arcgis/services/Calidad_del_Agua_WQI/MapServer/WMSServer?WMTVER=1.0.0&REQUEST=capabilities HTTP/1.1" 503 1020
201.245.192.253 - - [29/Oct/2022:01:00:43 -0500] "POST /kwsrmcab/Wsrmcab  HTTP/1.1" 200 213
172.22.2.4 - - [29/Oct/2022:01:01:24 -0500] "HEAD /BLA/boletinlegal/ HTTP/1.1" 200 -
172.22.2.4 - - [29/Oct/2022:01:02:15 -0500] "GET /BLA/boletinlegal/ HTTP/1.1" 200 59828
216.245.221.92 - - [29/Oct/2022:01:04:54 -0500] "HEAD / HTTP/1.1" 200 -
207.46.13.50 - - [29/Oct/2022:01:05:05 -0500] "GET /BLA/resoluciones/AUTOS%202022/3185.pdf HTTP/1.1" 200 459162
152.61.128.50 - - [29/Oct/2022:01:05:32 -0500] "GET /arcgis/services/Calidad_del_Agua_WQI/MapServer/WMSServer?request=GetCapabilities&service=WMS HTTP/1.1" 503 1020
152.61.128.50 - - [29/Oct/2022:01:05:34 -0500] "GET /arcgis/services/Calidad_del_Agua_WQI/MapServer/WMSServer?SERVICE=WMS&REQUEST=GetCapabilities HTTP/1.1" 503 1020
152.61.128.50 - - [29/Oct/2022:01:05:34 -0500] "GET /arcgis/services/Calidad_del_Agua_WQI/MapServer/WMSServer?WMTVER=1.0.0&REQUEST=capabilities HTTP/1.1" 503 1020
201.245.192.253 - - [29/Oct/2022:01:05:42 -0500] "POST /kwsrmcab/Wsrmcab  HTTP/1.1" 200 213
172.22.2.4 - - [29/Oct/2022:01:07:14 -0500] "HEAD /BLA/boletinlegal/ HTTP/1.1" 200 -
172.22.2.4 - - [29/Oct/2022:01:08:05 -0500] "GET /BLA/boletinlegal/ HTTP/1.1" 200 59828
216.245.221.92 - - [29/Oct/2022:01:09:54 -0500] "HEAD / HTTP/1.1" 200 -
201.245.192.253 - - [29/Oct/2022:01:10:42 -0500] "POST /kwsrmcab/Wsrmcab  HTTP/1.1" 200 213
207.46.13.79 - - [29/Oct/2022:01:11:05 -0500] "GET /bla/resoluciones/autos%202019/3244.pdf HTTP/1.1" 200 263569
66.249.73.170 - - [29/Oct/2022:01:12:24 -0500] "-" 408 -
172.22.2.4 - - [29/Oct/2022:01:13:04 -0500] "HEAD /BLA/boletinlegal/ HTTP/1.1" 200 -
216.245.221.92 - - [29/Oct/2022:01:14:54 -0500] "HEAD / HTTP/1.1" 200 -
181.55.68.44 - - [29/Oct/2022:01:15:02 -0500] "GET /BLA/resoluciones/ HTTP/1.1" 200 13093
181.55.68.44 - - [29/Oct/2022:01:15:05 -0500] "GET /BLA/resoluciones/index.php?dir=AUTOS+2022%2F HTTP/1.1" 200 324982
181.55.68.44 - - [29/Oct/2022:01:15:16 -0500] "GET /BLA/resoluciones/AUTOS%202022/1286.pdf HTTP/1.1" 200 398777
181.55.68.44 - - [29/Oct/2022:01:15:17 -0500] "GET /BLA/resoluciones/AUTOS%202022/1286.pdf HTTP/1.1" 200 398777
181.55.68.44 - - [29/Oct/2022:01:15:17 -0500] "GET /BLA/resoluciones/AUTOS%202022/1286.pdf HTTP/1.1" 206 1025
181.55.68.44 - - [29/Oct/2022:01:15:18 -0500] "GET /BLA/resoluciones/AUTOS%202022/1286.pdf HTTP/1.1" 206 3072
181.55.68.44 - - [29/Oct/2022:01:15:18 -0500] "GET /BLA/resoluciones/AUTOS%202022/1286.pdf HTTP/1.1" 206 394680
172.22.2.4 - - [29/Oct/2022:01:13:55 -0500] "GET /BLA/boletinlegal/ HTTP/1.1" 200 56376
201.245.192.253 - - [29/Oct/2022:01:15:41 -0500] "POST /kwsrmcab/Wsrmcab  HTTP/1.1" 200 213
216.245.221.92 - - [29/Oct/2022:01:19:54 -0500] "HEAD / HTTP/1.1" 200 -
172.22.2.4 - - [29/Oct/2022:01:18:54 -0500] "HEAD /BLA/boletinlegal/ HTTP/1.1" 200 -
201.245.192.253 - - [29/Oct/2022:01:20:40 -0500] "POST /kwsrmcab/Wsrmcab  HTTP/1.1" 200 213
64.62.197.48 - - [29/Oct/2022:01:20:49 -0500] "GET /favicon.ico HTTP/1.1" 200 7782
172.22.2.4 - - [29/Oct/2022:01:19:45 -0500] "GET /BLA/boletinlegal/ HTTP/1.1" 200 56014
201.245.192.253 - - [29/Oct/2022:01:21:49 -0500] "POST /kwsrmcab/Wsrmcab HTTP/1.1" 200 41921
201.245.192.253 - - [29/Oct/2022:01:21:53 -0500] "POST /kwsrmcab/Wsrmcab HTTP/1.1" 200 41808
95.217.144.237 - - [29/Oct/2022:01:24:43 -0500] "-" 408 -
190.156.185.197 - - [29/Oct/2022:01:24:50 -0500] "GET /BLA/resoluciones/AUTOS%202019/4400.pdf HTTP/1.1" 200 270385
216.245.221.92 - - [29/Oct/2022:01:24:54 -0500] "HEAD / HTTP/1.1" 200 -
95.217.144.242 - - [29/Oct/2022:01:24:59 -0500] "-" 408 -
95.217.144.242 - - [29/Oct/2022:01:25:09 -0500] "-" 408 -
95.217.144.242 - - [29/Oct/2022:01:25:17 -0500] "-" 408 -
95.217.144.242 - - [29/Oct/2022:01:25:20 -0500] "-" 408 -
95.217.144.156 - - [29/Oct/2022:01:25:35 -0500] "-" 408 -
95.217.144.156 - - [29/Oct/2022:01:25:37 -0500] "-" 408 -
201.245.192.253 - - [29/Oct/2022:01:25:39 -0500] "POST /kwsrmcab/Wsrmcab  HTTP/1.1" 200 213
172.22.2.4 - - [29/Oct/2022:01:24:44 -0500] "HEAD /BLA/boletinlegal/ HTTP/1.1" 200 -
172.22.2.4 - - [29/Oct/2022:01:25:35 -0500] "GET /BLA/boletinlegal/ HTTP/1.1" 200 59828
157.55.39.195 - - [29/Oct/2022:01:27:15 -0500] "GET /BLA/resoluciones/AUTOS%202019/4400.pdf HTTP/1.1" 200 270385
172.22.2.4 - - [29/Oct/2022:01:28:38 -0500] "GET /BLA/boletinlegal/jurisprudencia/analisis/analisis%20sentencia%20C-596-10.doc HTTP/1.1" 200 36352
216.245.221.92 - - [29/Oct/2022:01:29:54 -0500] "HEAD / HTTP/1.1" 200 -
201.245.192.253 - - [29/Oct/2022:01:30:38 -0500] "POST /kwsrmcab/Wsrmcab  HTTP/1.1" 200 213
157.55.39.201 - - [29/Oct/2022:01:31:21 -0500] "GET /BLA/resoluciones/RESOLUCIONES%202000/2000%201200-1249.tif HTTP/1.1" 200 4148361
172.22.2.4 - - [29/Oct/2022:01:31:49 -0500] "GET /BLA/boletinlegal/actos.php HTTP/1.1" 200 9566
201.245.192.253 - - [29/Oct/2022:01:31:49 -0500] "POST /kwsrmcab/Wsrmcab HTTP/1.1" 200 41921
201.245.192.253 - - [29/Oct/2022:01:31:51 -0500] "POST /kwsrmcab/Wsrmcab HTTP/1.1" 200 41808
207.46.13.79 - - [29/Oct/2022:01:31:56 -0500] "GET /forest/ HTTP/1.1" 200 12041
172.22.2.4 - - [29/Oct/2022:01:30:34 -0500] "HEAD /BLA/boletinlegal/ HTTP/1.1" 200 -
172.22.2.4 - - [29/Oct/2022:01:31:25 -0500] "GET /BLA/boletinlegal/ HTTP/1.1" 200 55630
216.245.221.92 - - [29/Oct/2022:01:34:54 -0500] "HEAD / HTTP/1.1" 200 -
201.245.192.253 - - [29/Oct/2022:01:35:36 -0500] "POST /kwsrmcab/Wsrmcab  HTTP/1.1" 200 213
172.22.2.4 - - [29/Oct/2022:01:36:24 -0500] "HEAD /BLA/boletinlegal/ HTTP/1.1" 200 -
172.22.2.4 - - [29/Oct/2022:01:37:14 -0500] "GET /BLA/boletinlegal/ HTTP/1.1" 200 59828
216.245.221.92 - - [29/Oct/2022:01:39:54 -0500] "HEAD / HTTP/1.1" 200 -
172.22.2.4 - - [29/Oct/2022:01:39:56 -0500] "GET /BLA/boletinlegal/robots.txt HTTP/1.1" 404 1038
201.245.192.253 - - [29/Oct/2022:01:40:36 -0500] "POST /kwsrmcab/Wsrmcab  HTTP/1.1" 200 213
172.22.2.4 - - [29/Oct/2022:01:39:57 -0500] "GET /BLA/boletinlegal/index.php HTTP/1.1" 200 62772
201.245.192.253 - - [29/Oct/2022:01:41:49 -0500] "POST /kwsrmcab/Wsrmcab HTTP/1.1" 200 41921
201.245.192.253 - - [29/Oct/2022:01:41:51 -0500] "POST /kwsrmcab/Wsrmcab HTTP/1.1" 200 41808
172.22.2.4 - - [29/Oct/2022:01:42:14 -0500] "HEAD /BLA/boletinlegal/ HTTP/1.1" 200 -
172.22.2.4 - - [29/Oct/2022:01:43:04 -0500] "GET /BLA/boletinlegal/ HTTP/1.1" 200 57375
216.245.221.92 - - [29/Oct/2022:01:44:54 -0500] "HEAD / HTTP/1.1" 200 -
201.245.192.253 - - [29/Oct/2022:01:45:34 -0500] "POST /kwsrmcab/Wsrmcab  HTTP/1.1" 200 213
66.249.73.167 - - [29/Oct/2022:01:48:45 -0500] "-" 408 -
172.22.2.4 - - [29/Oct/2022:01:48:04 -0500] "HEAD /BLA/boletinlegal/ HTTP/1.1" 200 -
216.245.221.92 - - [29/Oct/2022:01:49:54 -0500] "HEAD / HTTP/1.1" 200 -
201.245.192.253 - - [29/Oct/2022:01:50:33 -0500] "POST /kwsrmcab/Wsrmcab  HTTP/1.1" 200 213
172.22.2.4 - - [29/Oct/2022:01:48:55 -0500] "GET /BLA/boletinlegal/ HTTP/1.1" 200 59319
216.245.221.92 - - [29/Oct/2022:01:54:54 -0500] "HEAD / HTTP/1.1" 200 -
201.245.192.253 - - [29/Oct/2022:01:55:31 -0500] "POST /kwsrmcab/Wsrmcab  HTTP/1.1" 200 213
172.22.2.4 - - [29/Oct/2022:01:53:54 -0500] "HEAD /BLA/boletinlegal/ HTTP/1.1" 200 -
172.22.2.4 - - [29/Oct/2022:01:54:44 -0500] "GET /BLA/boletinlegal/ HTTP/1.1" 200 59828
216.245.221.92 - - [29/Oct/2022:01:59:54 -0500] "HEAD / HTTP/1.1" 200 -
201.245.192.253 - - [29/Oct/2022:02:00:30 -0500] "POST /kwsrmcab/Wsrmcab  HTTP/1.1" 200 213
207.46.13.79 - - [29/Oct/2022:02:01:00 -0500] "GET /BLA/resoluciones/RESOLUCIONES%202017/2767.pdf HTTP/1.1" 304 -
172.22.2.4 - - [29/Oct/2022:01:59:44 -0500] "HEAD /BLA/boletinlegal/ HTTP/1.1" 200 -
172.22.2.4 - - [29/Oct/2022:02:00:34 -0500] "GET /BLA/boletinlegal/ HTTP/1.1" 200 56376
216.245.221.92 - - [29/Oct/2022:02:04:54 -0500] "HEAD / HTTP/1.1" 200 -
201.245.192.253 - - [29/Oct/2022:02:05:30 -0500] "POST /kwsrmcab/Wsrmcab  HTTP/1.1" 200 213
80.94.92.239 - - [29/Oct/2022:02:05:59 -0500] "GET / HTTP/1.1" 200 319
172.22.2.4 - - [29/Oct/2022:02:05:34 -0500] "HEAD /BLA/boletinlegal/ HTTP/1.1" 200 -
172.22.2.4 - - [29/Oct/2022:02:06:24 -0500] "GET /BLA/boletinlegal/ HTTP/1.1" 200 59828
185.119.81.96 - - [29/Oct/2022:02:09:23 -0500] "GET /portaldeninos/wp-login.php HTTP/1.1" 200 2592
185.119.81.96 - - [29/Oct/2022:02:09:24 -0500] "POST /portaldeninos/wp-login.php HTTP/1.1" 200 3605
216.245.221.92 - - [29/Oct/2022:02:09:54 -0500] "HEAD / HTTP/1.1" 200 -
190.156.185.197 - - [29/Oct/2022:02:10:18 -0500] "GET /BLA/resoluciones/AUTOS%202019/4390.pdf HTTP/1.1" 200 499041
201.245.192.253 - - [29/Oct/2022:02:10:29 -0500] "POST /kwsrmcab/Wsrmcab  HTTP/1.1" 200 213
185.119.81.106 - - [29/Oct/2022:02:10:51 -0500] "GET /portaldeninos/wp-login.php HTTP/1.1" 200 2592
185.119.81.106 - - [29/Oct/2022:02:10:52 -0500] "POST /portaldeninos/wp-login.php HTTP/1.1" 200 3650
172.22.2.4 - - [29/Oct/2022:02:11:24 -0500] "HEAD /BLA/boletinlegal/ HTTP/1.1" 200 -
172.22.2.4 - - [29/Oct/2022:02:12:14 -0500] "GET /BLA/boletinlegal/ HTTP/1.1" 200 59319
216.245.221.92 - - [29/Oct/2022:02:14:54 -0500] "HEAD / HTTP/1.1" 200 -
201.245.192.253 - - [29/Oct/2022:02:15:27 -0500] "POST /kwsrmcab/Wsrmcab  HTTP/1.1" 200 213
40.77.167.50 - - [29/Oct/2022:02:15:59 -0500] "GET /portaldeninos/wp-content/uploads/2020/11/La-Conejera-B-133x75.jpg HTTP/1.1" 200 4673
172.22.2.4 - - [29/Oct/2022:02:17:14 -0500] "HEAD /BLA/boletinlegal/ HTTP/1.1" 200 -
172.22.2.4 - - [29/Oct/2022:02:18:04 -0500] "GET /BLA/boletinlegal/ HTTP/1.1" 200 57725
207.46.13.18 - - [29/Oct/2022:02:19:47 -0500] "GET /galeria/mapa/3MapaBogot%C3%A1.jpg HTTP/1.1" 200 688183
216.245.221.92 - - [29/Oct/2022:02:19:54 -0500] "HEAD / HTTP/1.1" 200 -
201.245.192.253 - - [29/Oct/2022:02:20:25 -0500] "POST /kwsrmcab/Wsrmcab  HTTP/1.1" 200 213
207.46.13.18 - - [29/Oct/2022:02:20:56 -0500] "GET /BLA/resoluciones/AUTOS%202019/4390.pdf HTTP/1.1" 200 499041
201.245.192.253 - - [29/Oct/2022:02:21:48 -0500] "POST /kwsrmcab/Wsrmcab HTTP/1.1" 200 42098
201.245.192.253 - - [29/Oct/2022:02:21:51 -0500] "POST /kwsrmcab/Wsrmcab HTTP/1.1" 200 42132
172.22.2.4 - - [29/Oct/2022:02:23:04 -0500] "HEAD /BLA/boletinlegal/ HTTP/1.1" 200 -
216.245.221.92 - - [29/Oct/2022:02:24:54 -0500] "HEAD / HTTP/1.1" 200 -
201.245.192.253 - - [29/Oct/2022:02:25:24 -0500] "POST /kwsrmcab/Wsrmcab  HTTP/1.1" 200 213
172.22.2.4 - - [29/Oct/2022:02:23:54 -0500] "GET /BLA/boletinlegal/ HTTP/1.1" 200 59828
216.245.221.92 - - [29/Oct/2022:02:29:54 -0500] "HEAD / HTTP/1.1" 200 -
181.44.105.25 - - [29/Oct/2022:02:30:15 -0500] "GET / HTTP/1.1" 200 319
201.245.192.253 - - [29/Oct/2022:02:30:24 -0500] "POST /kwsrmcab/Wsrmcab  HTTP/1.1" 200 213
172.22.2.4 - - [29/Oct/2022:02:28:54 -0500] "HEAD /BLA/boletinlegal/ HTTP/1.1" 200 -
172.22.2.4 - - [29/Oct/2022:02:30:43 -0500] "GET /BLA/boletinlegal/robots.txt HTTP/1.1" 404 1038
185.119.81.99 - - [29/Oct/2022:02:31:23 -0500] "GET /portaldeninos/wp-login.php HTTP/1.1" 200 2592
172.22.2.4 - - [29/Oct/2022:02:29:45 -0500] "GET /BLA/boletinlegal/ HTTP/1.1" 200 51630
185.119.81.99 - - [29/Oct/2022:02:31:25 -0500] "POST /portaldeninos/wp-login.php HTTP/1.1" 200 3605
201.245.192.253 - - [29/Oct/2022:02:31:49 -0500] "POST /kwsrmcab/Wsrmcab HTTP/1.1" 200 42098
201.245.192.253 - - [29/Oct/2022:02:31:51 -0500] "POST /kwsrmcab/Wsrmcab HTTP/1.1" 200 42132
172.22.2.4 - - [29/Oct/2022:02:30:44 -0500] "GET /BLA/boletinlegal/index.php HTTP/1.1" 200 49099
45.61.187.64 - - [29/Oct/2022:02:33:40 -0500] "POST /boaform/admin/formLogin HTTP/1.1" 404 1186
216.245.221.92 - - [29/Oct/2022:02:34:54 -0500] "HEAD / HTTP/1.1" 200 -
201.245.192.253 - - [29/Oct/2022:02:35:24 -0500] "POST /kwsrmcab/Wsrmcab  HTTP/1.1" 200 213
172.22.2.4 - - [29/Oct/2022:02:34:44 -0500] "HEAD /BLA/boletinlegal/ HTTP/1.1" 200 -
207.46.13.18 - - [29/Oct/2022:02:36:58 -0500] "GET /BLA/resoluciones/RESOLUCIONES%202016/2393.pdf HTTP/1.1" 200 431649
172.22.2.4 - - [29/Oct/2022:02:35:34 -0500] "GET /BLA/boletinlegal/ HTTP/1.1" 200 55630
216.245.221.92 - - [29/Oct/2022:02:39:54 -0500] "HEAD / HTTP/1.1" 200 -
201.245.192.253 - - [29/Oct/2022:02:40:23 -0500] "POST /kwsrmcab/Wsrmcab  HTTP/1.1" 200 213
207.46.13.50 - - [29/Oct/2022:02:40:34 -0500] "GET /BLA/resoluciones/RESOLUCIONES%202000/2000%201650-1699.tif HTTP/1.1" 200 5529401
66.249.73.170 - - [29/Oct/2022:02:41:22 -0500] "-" 408 -
157.55.39.195 - - [29/Oct/2022:02:41:42 -0500] "GET /BLA/resoluciones/RESOLUCIONES%202000/2000%20700-749.tif HTTP/1.1" 200 4710687
201.245.192.253 - - [29/Oct/2022:02:41:49 -0500] "POST /kwsrmcab/Wsrmcab HTTP/1.1" 200 42098
201.245.192.253 - - [29/Oct/2022:02:41:52 -0500] "POST /kwsrmcab/Wsrmcab HTTP/1.1" 200 42132
172.22.2.4 - - [29/Oct/2022:02:40:34 -0500] "HEAD /BLA/boletinlegal/ HTTP/1.1" 200 -
172.22.2.4 - - [29/Oct/2022:02:41:25 -0500] "GET /BLA/boletinlegal/ HTTP/1.1" 200 56376
172.22.2.4 - - [29/Oct/2022:02:44:31 -0500] "POST /BLA/boletinlegal/Autodiscover/Autodiscover.xml HTTP/1.1" 404 1018
216.245.221.92 - - [29/Oct/2022:02:44:54 -0500] "HEAD / HTTP/1.1" 200 -
201.245.192.253 - - [29/Oct/2022:02:45:22 -0500] "POST /kwsrmcab/Wsrmcab  HTTP/1.1" 200 213
172.22.2.4 - - [29/Oct/2022:02:45:04 -0500] "GET /BLA/boletinlegal/ HTTP/1.1" 200 53195
172.22.2.4 - - [29/Oct/2022:02:46:24 -0500] "HEAD /BLA/boletinlegal/ HTTP/1.1" 200 -
172.22.2.4 - - [29/Oct/2022:02:47:14 -0500] "GET /BLA/boletinlegal/ HTTP/1.1" 200 59828
216.245.221.92 - - [29/Oct/2022:02:49:54 -0500] "HEAD / HTTP/1.1" 200 -
201.245.192.253 - - [29/Oct/2022:02:50:21 -0500] "POST /kwsrmcab/Wsrmcab  HTTP/1.1" 200 213
185.119.81.106 - - [29/Oct/2022:02:53:11 -0500] "GET /portaldeninos/wp-login.php HTTP/1.1" 200 2592
185.119.81.106 - - [29/Oct/2022:02:53:12 -0500] "POST /portaldeninos/wp-login.php HTTP/1.1" 200 3605
64.62.197.2 - - [29/Oct/2022:02:53:33 -0500] "GET /favicon.ico HTTP/1.1" 200 7782
172.22.2.4 - - [29/Oct/2022:02:52:14 -0500] "HEAD /BLA/boletinlegal/ HTTP/1.1" 200 -
172.22.2.4 - - [29/Oct/2022:02:53:04 -0500] "GET /BLA/boletinlegal/ HTTP/1.1" 200 59319
216.245.221.92 - - [29/Oct/2022:02:54:54 -0500] "HEAD / HTTP/1.1" 200 -
201.245.192.253 - - [29/Oct/2022:02:55:20 -0500] "POST /kwsrmcab/Wsrmcab  HTTP/1.1" 200 213
172.22.2.4 - - [29/Oct/2022:02:58:04 -0500] "HEAD /BLA/boletinlegal/ HTTP/1.1" 200 -
216.245.221.92 - - [29/Oct/2022:02:59:54 -0500] "HEAD / HTTP/1.1" 200 -
201.245.192.253 - - [29/Oct/2022:03:00:19 -0500] "POST /kwsrmcab/Wsrmcab  HTTP/1.1" 200 213
172.22.2.4 - - [29/Oct/2022:02:58:54 -0500] "GET /BLA/boletinlegal/ HTTP/1.1" 200 57375
207.46.13.50 - - [29/Oct/2022:03:04:06 -0500] "GET /BLA/resoluciones/RESOLUCIONES%202000/2000%2050-99.tif HTTP/1.1" 200 4413665
114.119.132.76 - - [29/Oct/2022:03:04:45 -0500] "GET /BLA/resoluciones/RESOLUCIONES%202019/2009.pdf HTTP/1.1" 200 227168
216.245.221.92 - - [29/Oct/2022:03:04:54 -0500] "HEAD / HTTP/1.1" 200 -
201.245.192.253 - - [29/Oct/2022:03:05:17 -0500] "POST /kwsrmcab/Wsrmcab  HTTP/1.1" 200 213
172.22.2.4 - - [29/Oct/2022:03:03:54 -0500] "HEAD /BLA/boletinlegal/ HTTP/1.1" 200 -
172.22.2.4 - - [29/Oct/2022:03:04:44 -0500] "GET /BLA/boletinlegal/ HTTP/1.1" 200 55220
216.245.221.92 - - [29/Oct/2022:03:09:54 -0500] "HEAD / HTTP/1.1" 200 -
201.245.192.253 - - [29/Oct/2022:03:10:17 -0500] "POST /kwsrmcab/Wsrmcab  HTTP/1.1" 200 213
172.22.2.4 - - [29/Oct/2022:03:09:44 -0500] "HEAD /BLA/boletinlegal/ HTTP/1.1" 200 -
172.22.2.4 - - [29/Oct/2022:03:10:34 -0500] "GET /BLA/boletinlegal/ HTTP/1.1" 200 57725
185.119.81.96 - - [29/Oct/2022:03:14:26 -0500] "GET /portaldeninos/wp-login.php HTTP/1.1" 200 2592
185.119.81.96 - - [29/Oct/2022:03:14:27 -0500] "POST /portaldeninos/wp-login.php HTTP/1.1" 200 3605
216.245.221.92 - - [29/Oct/2022:03:14:54 -0500] "HEAD / HTTP/1.1" 200 -
201.245.192.253 - - [29/Oct/2022:03:15:15 -0500] "POST /kwsrmcab/Wsrmcab  HTTP/1.1" 200 213
172.22.2.4 - - [29/Oct/2022:03:15:34 -0500] "HEAD /BLA/boletinlegal/ HTTP/1.1" 200 -
172.22.2.4 - - [29/Oct/2022:03:16:24 -0500] "GET /BLA/boletinlegal/ HTTP/1.1" 200 56732
216.245.221.92 - - [29/Oct/2022:03:19:54 -0500] "HEAD / HTTP/1.1" 200 -
201.245.192.253 - - [29/Oct/2022:03:20:14 -0500] "POST /kwsrmcab/Wsrmcab  HTTP/1.1" 200 213
201.245.192.253 - - [29/Oct/2022:03:21:49 -0500] "POST /kwsrmcab/Wsrmcab HTTP/1.1" 200 42095
201.245.192.253 - - [29/Oct/2022:03:21:51 -0500] "POST /kwsrmcab/Wsrmcab HTTP/1.1" 200 41995
172.22.2.4 - - [29/Oct/2022:03:21:24 -0500] "HEAD /BLA/boletinlegal/ HTTP/1.1" 200 -
172.22.2.4 - - [29/Oct/2022:03:22:14 -0500] "GET /BLA/boletinlegal/ HTTP/1.1" 200 56014
216.245.221.92 - - [29/Oct/2022:03:24:54 -0500] "HEAD / HTTP/1.1" 200 -
201.245.192.253 - - [29/Oct/2022:03:25:12 -0500] "POST /kwsrmcab/Wsrmcab  HTTP/1.1" 200 213
66.249.73.167 - - [29/Oct/2022:03:26:22 -0500] "-" 408 -
157.55.39.195 - - [29/Oct/2022:03:26:38 -0500] "GET /BLA/resoluciones/RESOLUCIONES%202004/RESOLUCION%20831%20DE%202004.PDF HTTP/1.1" 304 -
172.22.2.4 - - [29/Oct/2022:03:27:42 -0500] "GET /BLA/boletinlegal/conceptos.php HTTP/1.1" 200 7450
172.22.2.4 - - [29/Oct/2022:03:27:14 -0500] "HEAD /BLA/boletinlegal/ HTTP/1.1" 200 -
172.22.2.4 - - [29/Oct/2022:03:28:04 -0500] "GET /BLA/boletinlegal/ HTTP/1.1" 200 55220
216.245.221.92 - - [29/Oct/2022:03:29:54 -0500] "HEAD / HTTP/1.1" 200 -
201.245.192.253 - - [29/Oct/2022:03:30:11 -0500] "POST /kwsrmcab/Wsrmcab  HTTP/1.1" 200 213
201.245.192.253 - - [29/Oct/2022:03:31:48 -0500] "POST /kwsrmcab/Wsrmcab HTTP/1.1" 200 42095
201.245.192.253 - - [29/Oct/2022:03:31:50 -0500] "POST /kwsrmcab/Wsrmcab HTTP/1.1" 200 41995
207.46.13.79 - - [29/Oct/2022:03:32:48 -0500] "GET /BLA/resoluciones/index.php?dir=RESOLUCIONES+2007%2FRES+2007+1001+AL+1100%2F HTTP/1.1" 200 26838
157.55.39.201 - - [29/Oct/2022:03:33:02 -0500] "GET /BLA/resoluciones/dlf/styles.css HTTP/1.1" 200 3049
172.22.2.4 - - [29/Oct/2022:03:33:04 -0500] "HEAD /BLA/boletinlegal/ HTTP/1.1" 200 -
216.245.221.92 - - [29/Oct/2022:03:34:54 -0500] "HEAD / HTTP/1.1" 200 -
201.245.192.253 - - [29/Oct/2022:03:35:10 -0500] "POST /kwsrmcab/Wsrmcab  HTTP/1.1" 200 213
172.22.2.4 - - [29/Oct/2022:03:33:54 -0500] "GET /BLA/boletinlegal/ HTTP/1.1" 200 59828
69.171.249.19 - - [29/Oct/2022:03:36:11 -0500] "GET /images/Junio%2002-experiencias-jardines-verticales-sda.jpeg HTTP/1.1" 200 31171
216.245.221.92 - - [29/Oct/2022:03:39:54 -0500] "HEAD / HTTP/1.1" 200 -
201.245.192.253 - - [29/Oct/2022:03:40:09 -0500] "POST /kwsrmcab/Wsrmcab  HTTP/1.1" 200 213
172.22.2.4 - - [29/Oct/2022:03:38:54 -0500] "HEAD /BLA/boletinlegal/ HTTP/1.1" 200 -
172.22.2.4 - - [29/Oct/2022:03:39:44 -0500] "GET /BLA/boletinlegal/ HTTP/1.1" 200 59828
201.245.192.253 - - [29/Oct/2022:03:41:48 -0500] "POST /kwsrmcab/Wsrmcab HTTP/1.1" 200 42095
201.245.192.253 - - [29/Oct/2022:03:41:51 -0500] "POST /kwsrmcab/Wsrmcab HTTP/1.1" 200 41995
66.249.73.167 - - [29/Oct/2022:03:42:30 -0500] "-" 408 -
146.190.20.209 - - [29/Oct/2022:03:44:29 -0500] "\xd1\\}\x10Hv\xf23\x16XjD\x17T\xc7\x04+\x9d\x11_\v\xb9S_\xb15\x92\xf4\x07\xb9S_" 400 946
146.190.20.209 - - [29/Oct/2022:03:44:29 -0500] "\x16\x03\x01" 400 226
146.190.20.209 - - [29/Oct/2022:03:44:29 -0500] "\x16\x03\x01" 400 226
146.190.20.209 - - [29/Oct/2022:03:44:30 -0500] "\x16\x03\x01" 400 226
216.245.221.92 - - [29/Oct/2022:03:44:54 -0500] "HEAD / HTTP/1.1" 200 -
201.245.192.253 - - [29/Oct/2022:03:45:08 -0500] "POST /kwsrmcab/Wsrmcab  HTTP/1.1" 200 213
172.22.2.4 - - [29/Oct/2022:03:44:44 -0500] "HEAD /BLA/boletinlegal/ HTTP/1.1" 200 -
172.22.2.4 - - [29/Oct/2022:03:45:34 -0500] "GET /BLA/boletinlegal/ HTTP/1.1" 200 57375
216.245.221.92 - - [29/Oct/2022:03:49:54 -0500] "HEAD / HTTP/1.1" 200 -
66.249.73.167 - - [29/Oct/2022:03:50:07 -0500] "-" 408 -
201.245.192.253 - - [29/Oct/2022:03:50:08 -0500] "POST /kwsrmcab/Wsrmcab  HTTP/1.1" 200 213
93.160.62.190 - - [29/Oct/2022:03:52:08 -0500] "GET /.env HTTP/1.1" 404 1018
93.160.62.190 - - [29/Oct/2022:03:52:09 -0500] "POST / HTTP/1.1" 200 319
172.22.2.4 - - [29/Oct/2022:03:50:34 -0500] "HEAD /BLA/boletinlegal/ HTTP/1.1" 200 -
172.22.2.4 - - [29/Oct/2022:03:51:24 -0500] "GET /BLA/boletinlegal/ HTTP/1.1" 200 59319
216.245.221.92 - - [29/Oct/2022:03:54:54 -0500] "HEAD / HTTP/1.1" 200 -
201.245.192.253 - - [29/Oct/2022:03:55:06 -0500] "POST /kwsrmcab/Wsrmcab  HTTP/1.1" 200 213
66.249.73.167 - - [29/Oct/2022:03:57:15 -0500] "-" 408 -
157.55.39.69 - - [29/Oct/2022:03:57:28 -0500] "GET /BLA/resoluciones/index.php?dir=RESOLUCIONES+2003%2F HTTP/1.1" 200 31404
157.55.39.201 - - [29/Oct/2022:03:57:34 -0500] "GET /BLA/resoluciones/RESOLUCIONES%202000/2000%202050-2099.tif HTTP/1.1" 200 4179547
186.102.24.53 - - [29/Oct/2022:03:57:48 -0500] "GET /vota-por-bogota-en-we-love-cities-pioneros-en-sostenibilidad.html HTTP/1.1" 200 850
186.102.24.53 - - [29/Oct/2022:03:57:49 -0500] "GET /images/wwf_optimized.jpeg HTTP/1.1" 200 107460
172.22.2.4 - - [29/Oct/2022:03:56:24 -0500] "HEAD /BLA/boletinlegal/ HTTP/1.1" 200 -
172.22.2.4 - - [29/Oct/2022:03:57:14 -0500] "GET /BLA/boletinlegal/ HTTP/1.1" 200 57725
216.245.221.92 - - [29/Oct/2022:03:59:54 -0500] "HEAD / HTTP/1.1" 200 -
201.245.192.253 - - [29/Oct/2022:04:00:05 -0500] "POST /kwsrmcab/Wsrmcab  HTTP/1.1" 200 213
157.55.39.69 - - [29/Oct/2022:04:00:58 -0500] "GET /catalogoisis/ HTTP/1.1" 200 8575
34.76.60.69 - - [29/Oct/2022:04:03:36 -0500] "GET /distrito-entrego-certificado-de-reconocimiento-a-mas-de-600-mujeres-que-reverdecen-tras-seis-meses-de-formacion-teorica-y-practica.html HTTP/1.1" 200 1113
172.22.2.4 - - [29/Oct/2022:04:02:14 -0500] "HEAD /BLA/boletinlegal/ HTTP/1.1" 200 -
172.22.2.4 - - [29/Oct/2022:04:03:04 -0500] "GET /BLA/boletinlegal/ HTTP/1.1" 200 59828
216.245.221.92 - - [29/Oct/2022:04:04:54 -0500] "HEAD / HTTP/1.1" 200 -
201.245.192.253 - - [29/Oct/2022:04:05:04 -0500] "POST /kwsrmcab/Wsrmcab  HTTP/1.1" 200 213
172.22.2.4 - - [29/Oct/2022:04:08:04 -0500] "HEAD /BLA/boletinlegal/ HTTP/1.1" 200 -
216.245.221.92 - - [29/Oct/2022:04:09:54 -0500] "HEAD / HTTP/1.1" 200 -
201.245.192.253 - - [29/Oct/2022:04:10:03 -0500] "POST /kwsrmcab/Wsrmcab  HTTP/1.1" 200 213
172.22.2.4 - - [29/Oct/2022:04:08:54 -0500] "GET /BLA/boletinlegal/ HTTP/1.1" 200 59319
199.16.157.180 - - [29/Oct/2022:04:12:33 -0500] "GET /images/pieza-tramites-servicios-ventanilla-virtual.jpg HTTP/1.1" 200 39260
66.249.73.167 - - [29/Oct/2022:04:13:59 -0500] "-" 408 -
216.245.221.92 - - [29/Oct/2022:04:14:54 -0500] "HEAD / HTTP/1.1" 200 -
201.245.192.253 - - [29/Oct/2022:04:15:02 -0500] "POST /kwsrmcab/Wsrmcab  HTTP/1.1" 200 213
172.22.2.4 - - [29/Oct/2022:04:13:54 -0500] "HEAD /BLA/boletinlegal/ HTTP/1.1" 200 -
172.22.2.4 - - [29/Oct/2022:04:16:07 -0500] "GET /BLA/boletinlegal/_ignition/execute-solution HTTP/1.1" 404 1018
172.22.2.4 - - [29/Oct/2022:04:14:44 -0500] "GET /BLA/boletinlegal/ HTTP/1.1" 200 57725
207.46.13.79 - - [29/Oct/2022:04:17:03 -0500] "GET /bla/resoluciones/autos%202018/6295.pdf HTTP/1.1" 200 257950
66.249.73.167 - - [29/Oct/2022:04:19:39 -0500] "-" 408 -
216.245.221.92 - - [29/Oct/2022:04:19:54 -0500] "HEAD / HTTP/1.1" 200 -
201.245.192.253 - - [29/Oct/2022:04:20:01 -0500] "POST /kwsrmcab/Wsrmcab  HTTP/1.1" 200 213
172.22.2.4 - - [29/Oct/2022:04:19:44 -0500] "HEAD /BLA/boletinlegal/ HTTP/1.1" 200 -
201.245.192.253 - - [29/Oct/2022:04:21:49 -0500] "POST /kwsrmcab/Wsrmcab HTTP/1.1" 200 42107
201.245.192.253 - - [29/Oct/2022:04:21:51 -0500] "POST /kwsrmcab/Wsrmcab HTTP/1.1" 200 42137
172.22.2.4 - - [29/Oct/2022:04:20:34 -0500] "GET /BLA/boletinlegal/ HTTP/1.1" 200 54356
192.241.217.160 - - [29/Oct/2022:04:24:18 -0500] "GET /druid/index.html HTTP/1.1" 404 1018
216.245.221.92 - - [29/Oct/2022:04:24:54 -0500] "HEAD / HTTP/1.1" 200 -
201.245.192.253 - - [29/Oct/2022:04:25:00 -0500] "POST /kwsrmcab/Wsrmcab  HTTP/1.1" 200 213
213.177.194.239 - - [29/Oct/2022:04:25:40 -0500] "GET /forest/ HTTP/1.1" 200 12041
172.22.2.4 - - [29/Oct/2022:04:25:34 -0500] "HEAD /BLA/boletinlegal/ HTTP/1.1" 200 -
172.22.2.4 - - [29/Oct/2022:04:26:24 -0500] "GET /BLA/boletinlegal/ HTTP/1.1" 200 57725
216.245.221.92 - - [29/Oct/2022:04:29:54 -0500] "HEAD / HTTP/1.1" 200 -
201.245.192.253 - - [29/Oct/2022:04:29:59 -0500] "POST /kwsrmcab/Wsrmcab  HTTP/1.1" 200 213
172.22.2.4 - - [29/Oct/2022:04:30:01 -0500] "GET /BLA/boletinlegal/ecp/Current/exporttool/microsoft.exchange.ediscovery.exporttool.application HTTP/1.1" 404 1018
172.22.2.4 - - [29/Oct/2022:04:30:08 -0500] "GET /BLA/boletinlegal/owa/auth/logon.aspx HTTP/1.1" 404 1018
66.249.73.167 - - [29/Oct/2022:04:31:39 -0500] "-" 408 -
201.245.192.253 - - [29/Oct/2022:04:31:48 -0500] "POST /kwsrmcab/Wsrmcab HTTP/1.1" 200 42107
201.245.192.253 - - [29/Oct/2022:04:31:51 -0500] "POST /kwsrmcab/Wsrmcab HTTP/1.1" 200 42137
172.22.2.4 - - [29/Oct/2022:04:31:24 -0500] "HEAD /BLA/boletinlegal/ HTTP/1.1" 200 -
172.22.2.4 - - [29/Oct/2022:04:32:14 -0500] "GET /BLA/boletinlegal/ HTTP/1.1" 200 57725
172.22.2.4 - - [29/Oct/2022:04:34:23 -0500] "GET /BLA/boletinlegal/owa/auth/x.js HTTP/1.1" 404 1018
216.245.221.92 - - [29/Oct/2022:04:34:54 -0500] "HEAD / HTTP/1.1" 200 -
201.245.192.253 - - [29/Oct/2022:04:34:58 -0500] "POST /kwsrmcab/Wsrmcab  HTTP/1.1" 200 213
92.118.39.78 - - [29/Oct/2022:04:36:13 -0500] "GET / HTTP/1.1" 200 319
172.22.2.4 - - [29/Oct/2022:04:37:14 -0500] "HEAD /BLA/boletinlegal/ HTTP/1.1" 200 -
172.22.2.4 - - [29/Oct/2022:04:38:04 -0500] "GET /BLA/boletinlegal/ HTTP/1.1" 200 56732
207.46.13.179 - - [29/Oct/2022:04:39:46 -0500] "GET /portaldeninos/humedal-cordoba-2/ HTTP/1.1" 200 88041
66.249.73.167 - - [29/Oct/2022:04:39:51 -0500] "-" 408 -
216.245.221.92 - - [29/Oct/2022:04:39:54 -0500] "HEAD / HTTP/1.1" 200 -
207.46.13.217 - - [29/Oct/2022:04:39:58 -0500] "GET /portaldeninos/wp-content/themes/betheme/js/menu.js?ver=20.9.6 HTTP/1.1" 200 2449
207.46.13.217 - - [29/Oct/2022:04:39:58 -0500] "GET /portaldeninos/wp-includes/js/jquery/ui/mouse.min.js?ver=1.11.4 HTTP/1.1" 200 3148
207.46.13.217 - - [29/Oct/2022:04:39:58 -0500] "GET /portaldeninos/wp-includes/js/jquery/ui/tabs.min.js?ver=1.11.4 HTTP/1.1" 200 12110
207.46.13.217 - - [29/Oct/2022:04:39:58 -0500] "GET /portaldeninos/wp-includes/js/jquery/ui/widget.min.js?ver=1.11.4 HTTP/1.1" 200 6908
201.245.192.253 - - [29/Oct/2022:04:39:57 -0500] "POST /kwsrmcab/Wsrmcab  HTTP/1.1" 200 213
40.77.167.70 - - [29/Oct/2022:04:40:02 -0500] "GET /portaldeninos/wp-content/themes/betheme/assets/animations/animations.min.js?ver=20.9.6 HTTP/1.1" 200 1896
40.77.167.70 - - [29/Oct/2022:04:40:03 -0500] "GET /portaldeninos/wp-content/themes/betheme/css/shortcodes.css?ver=20.9.6 HTTP/1.1" 200 138889
40.77.167.70 - - [29/Oct/2022:04:40:03 -0500] "GET /portaldeninos/wp-content/themes/betheme/style.css?ver=20.9.6 HTTP/1.1" 200 287
40.77.167.70 - - [29/Oct/2022:04:40:03 -0500] "GET /portaldeninos/wp-includes/js/jquery/ui/core.min.js?ver=1.11.4 HTTP/1.1" 200 4000
185.119.81.96 - - [29/Oct/2022:04:40:06 -0500] "GET /portaldeninos/wp-login.php HTTP/1.1" 200 2592
207.46.13.179 - - [29/Oct/2022:04:40:06 -0500] "GET /portaldeninos/wp-content/themes/betheme/assets/animations/animations.min.css?ver=20.9.6 HTTP/1.1" 200 58508
185.119.81.96 - - [29/Oct/2022:04:40:07 -0500] "POST /portaldeninos/wp-login.php HTTP/1.1" 200 3670
40.77.167.50 - - [29/Oct/2022:04:40:07 -0500] "GET /portaldeninos/wp-content/plugins/gallery-videos/CSS/Total-Soft-Gallery-Video-Widget.css?ver=4.9.8 HTTP/1.1" 200 51554
40.77.167.50 - - [29/Oct/2022:04:40:07 -0500] "GET /portaldeninos/wp-content/plugins/gallery-videos/JS/modernizr.custom.js?ver=4.9.8 HTTP/1.1" 200 9019
40.77.167.50 - - [29/Oct/2022:04:40:07 -0500] "GET /portaldeninos/wp-content/themes/betheme/assets/jplayer/css/jplayer.blue.monday.css?ver=20.9.6 HTTP/1.1" 200 9834
40.77.167.50 - - [29/Oct/2022:04:40:07 -0500] "GET /portaldeninos/wp-content/themes/betheme/css/base.css?ver=20.9.6 HTTP/1.1" 200 57283
40.77.167.50 - - [29/Oct/2022:04:40:08 -0500] "GET /portaldeninos/wp-content/themes/betheme/css/responsive.css?ver=20.9.6 HTTP/1.1" 200 55740
40.77.167.50 - - [29/Oct/2022:04:40:08 -0500] "GET /portaldeninos/wp-includes/js/jquery/jquery-migrate.min.js?ver=1.4.1 HTTP/1.1" 200 10056
40.77.167.69 - - [29/Oct/2022:04:40:13 -0500] "GET /portaldeninos/wp-content/themes/betheme/assets/jplayer/jplayer.min.js?ver=20.9.6 HTTP/1.1" 200 52702
40.77.167.69 - - [29/Oct/2022:04:40:13 -0500] "GET /portaldeninos/wp-content/themes/betheme/js/plugins.js?ver=20.9.6 HTTP/1.1" 200 197151
40.77.167.69 - - [29/Oct/2022:04:40:14 -0500] "GET /portaldeninos/wp-includes/js/jquery/ui/sortable.min.js?ver=1.11.4 HTTP/1.1" 200 24899
40.77.167.69 - - [29/Oct/2022:04:40:14 -0500] "GET /portaldeninos/wp-includes/js/wp-emoji-release.min.js?ver=4.9.8 HTTP/1.1" 200 12026
207.46.13.209 - - [29/Oct/2022:04:40:19 -0500] "GET /portaldeninos/wp-content/plugins/gallery-videos/CSS/totalsoft.css?ver=4.9.8 HTTP/1.1" 200 40622
207.46.13.209 - - [29/Oct/2022:04:40:19 -0500] "GET /portaldeninos/wp-content/themes/betheme/assets/ui/jquery.ui.all.css?ver=20.9.6 HTTP/1.1" 200 18765
207.46.13.209 - - [29/Oct/2022:04:40:19 -0500] "GET /portaldeninos/wp-content/themes/betheme/css/layout.css?ver=20.9.6 HTTP/1.1" 200 116639
207.46.13.209 - - [29/Oct/2022:04:40:20 -0500] "GET /portaldeninos/wp-content/themes/betheme/js/scripts.js?ver=20.9.6 HTTP/1.1" 200 77162
207.46.13.209 - - [29/Oct/2022:04:40:20 -0500] "GET /portaldeninos/wp-content/uploads/useanyfont/uaf.css?ver=1589905315 HTTP/1.1" 200 408
207.46.13.209 - - [29/Oct/2022:04:40:21 -0500] "GET /portaldeninos/wp-includes/js/jquery/jquery.js?ver=1.12.4 HTTP/1.1" 200 97184
207.46.13.179 - - [29/Oct/2022:04:40:27 -0500] "GET /portaldeninos/wp-includes/js/jquery/ui/accordion.min.js?ver=1.11.4 HTTP/1.1" 200 8584
207.46.13.179 - - [29/Oct/2022:04:40:27 -0500] "GET /portaldeninos/wp-includes/js/wp-embed.min.js?ver=4.9.8 HTTP/1.1" 200 1398
201.245.192.253 - - [29/Oct/2022:04:41:48 -0500] "POST /kwsrmcab/Wsrmcab HTTP/1.1" 200 42107
201.245.192.253 - - [29/Oct/2022:04:41:56 -0500] "POST /kwsrmcab/Wsrmcab HTTP/1.1" 200 42137
207.46.13.18 - - [29/Oct/2022:04:44:22 -0500] "GET /bla/resoluciones/autos%202019/4446.pdf HTTP/1.1" 200 318480
172.22.2.4 - - [29/Oct/2022:04:43:04 -0500] "HEAD /BLA/boletinlegal/ HTTP/1.1" 200 -
216.245.221.92 - - [29/Oct/2022:04:44:54 -0500] "HEAD / HTTP/1.1" 200 -
201.245.192.253 - - [29/Oct/2022:04:44:55 -0500] "POST /kwsrmcab/Wsrmcab  HTTP/1.1" 200 213
207.46.13.209 - - [29/Oct/2022:04:45:16 -0500] "GET /documents/10184/1894576/pieza-dia-mundial-aves-dato-8-mayo.jpg/ab4e86d5-0ec9-4a23-b9a2-d9f58450fd90?t=1621084210116 HTTP/1.1" 404 1035
172.22.2.4 - - [29/Oct/2022:04:43:54 -0500] "GET /BLA/boletinlegal/ HTTP/1.1" 200 57725
172.22.2.4 - - [29/Oct/2022:04:46:41 -0500] "GET /BLA/boletinlegal/owa/auth/logon.aspx?url=https%3a%2f%2f1%2fecp%2f HTTP/1.1" 404 1018
216.245.221.92 - - [29/Oct/2022:04:49:54 -0500] "HEAD / HTTP/1.1" 200 -
201.245.192.253 - - [29/Oct/2022:04:49:54 -0500] "POST /kwsrmcab/Wsrmcab  HTTP/1.1" 200 213
172.22.2.4 - - [29/Oct/2022:04:48:54 -0500] "HEAD /BLA/boletinlegal/ HTTP/1.1" 200 -
157.55.39.69 - - [29/Oct/2022:04:50:43 -0500] "GET /BLA/resoluciones/RESOLUCIONES%202000/2000%201150-1199.tif HTTP/1.1" 200 4191097
172.22.2.4 - - [29/Oct/2022:04:49:44 -0500] "GET /BLA/boletinlegal/ HTTP/1.1" 200 59828
172.22.2.4 - - [29/Oct/2022:04:54:10 -0500] "GET /BLA/boletinlegal/robots.txt HTTP/1.1" 404 1038
216.245.221.92 - - [29/Oct/2022:04:54:54 -0500] "HEAD / HTTP/1.1" 200 -
201.245.192.253 - - [29/Oct/2022:04:54:54 -0500] "POST /kwsrmcab/Wsrmcab  HTTP/1.1" 200 213
64.62.197.79 - - [29/Oct/2022:04:55:29 -0500] "GET / HTTP/1.1" 200 319
172.22.2.4 - - [29/Oct/2022:04:54:12 -0500] "GET /BLA/boletinlegal/index.php HTTP/1.1" 200 55630
40.77.188.86 - - [29/Oct/2022:04:55:58 -0500] "GET /portaldeninos/wp-content/themes/betheme/fonts/mfn-icons.woff?93978679 HTTP/1.1" 200 80932
40.77.188.86 - - [29/Oct/2022:04:56:04 -0500] "GET /portaldeninos/wp-content/uploads/2020/11/C%C3%B3rdoba-B-1024x576.jpg HTTP/1.1" 200 18070
172.22.2.4 - - [29/Oct/2022:04:54:44 -0500] "HEAD /BLA/boletinlegal/ HTTP/1.1" 200 -
207.46.13.18 - - [29/Oct/2022:04:56:41 -0500] "GET /BLA/resoluciones/AUTOS%202022/2016.pdf HTTP/1.1" 200 395973
172.22.2.4 - - [29/Oct/2022:04:55:34 -0500] "GET /BLA/boletinlegal/ HTTP/1.1" 200 55630
64.62.197.87 - - [29/Oct/2022:04:58:08 -0500] "GET /favicon.ico HTTP/1.1" 200 7782
216.245.221.92 - - [29/Oct/2022:04:59:54 -0500] "HEAD / HTTP/1.1" 200 -
201.245.192.253 - - [29/Oct/2022:04:59:53 -0500] "POST /kwsrmcab/Wsrmcab  HTTP/1.1" 200 213
172.22.2.4 - - [29/Oct/2022:04:59:58 -0500] "GET /BLA/boletinlegal/ HTTP/1.1" 200 36811
157.55.39.195 - - [29/Oct/2022:05:01:17 -0500] "GET /BLA/resoluciones/AUTOS%202022/1830.pdf HTTP/1.1" 200 462691
172.22.2.4 - - [29/Oct/2022:05:00:34 -0500] "HEAD /BLA/boletinlegal/ HTTP/1.1" 200 -
172.22.2.4 - - [29/Oct/2022:05:01:24 -0500] "GET /BLA/boletinlegal/ HTTP/1.1" 200 54003
66.249.73.170 - - [29/Oct/2022:05:03:25 -0500] "-" 408 -
216.245.221.92 - - [29/Oct/2022:05:04:54 -0500] "HEAD / HTTP/1.1" 200 -
201.245.192.253 - - [29/Oct/2022:05:04:53 -0500] "POST /kwsrmcab/Wsrmcab  HTTP/1.1" 200 213
157.55.39.201 - - [29/Oct/2022:05:07:01 -0500] "GET /BLA/resoluciones/RESOLUCIONES%202000/2000%202150-2199.tif HTTP/1.1" 200 4923935
85.208.98.197 - - [29/Oct/2022:05:08:01 -0500] "GET /BLA/resoluciones/RESOLUCIONES%202012/0288.pdf HTTP/1.1" 200 418763
172.22.2.4 - - [29/Oct/2022:05:06:24 -0500] "HEAD /BLA/boletinlegal/ HTTP/1.1" 200 -
172.22.2.4 - - [29/Oct/2022:05:07:14 -0500] "GET /BLA/boletinlegal/ HTTP/1.1" 200 56376
216.245.221.92 - - [29/Oct/2022:05:09:54 -0500] "HEAD / HTTP/1.1" 200 -
201.245.192.253 - - [29/Oct/2022:05:09:52 -0500] "POST /kwsrmcab/Wsrmcab  HTTP/1.1" 200 213
66.249.73.167 - - [29/Oct/2022:05:10:34 -0500] "-" 408 -
54.69.251.172 - - [29/Oct/2022:05:12:11 -0500] "GET /secretaria-de-ambiente-reconoce-15-entidades-distritales-por-su-desempeno-ambiental.html HTTP/1.1" 200 978
207.46.13.217 - - [29/Oct/2022:05:13:02 -0500] "GET /dia-sin-carro-22-de-septiembre-2022-impacto-en-el-medioambiente.html HTTP/1.1" 304 -
172.22.2.4 - - [29/Oct/2022:05:12:14 -0500] "HEAD /BLA/boletinlegal/ HTTP/1.1" 200 -
185.119.81.96 - - [29/Oct/2022:05:14:36 -0500] "GET /portaldeninos/wp-login.php HTTP/1.1" 200 2592
185.119.81.96 - - [29/Oct/2022:05:14:37 -0500] "POST /portaldeninos/wp-login.php HTTP/1.1" 200 3605
172.22.2.4 - - [29/Oct/2022:05:13:29 -0500] "GET /BLA/boletinlegal/ HTTP/1.1" 200 32715
172.22.2.4 - - [29/Oct/2022:05:13:04 -0500] "GET /BLA/boletinlegal/ HTTP/1.1" 200 48733
201.245.192.253 - - [29/Oct/2022:05:14:51 -0500] "POST /kwsrmcab/Wsrmcab  HTTP/1.1" 200 213
216.245.221.92 - - [29/Oct/2022:05:14:54 -0500] "HEAD / HTTP/1.1" 200 -
172.22.2.4 - - [29/Oct/2022:05:18:04 -0500] "HEAD /BLA/boletinlegal/ HTTP/1.1" 200 -
66.249.73.167 - - [29/Oct/2022:05:19:51 -0500] "-" 408 -
201.245.192.253 - - [29/Oct/2022:05:19:50 -0500] "POST /kwsrmcab/Wsrmcab  HTTP/1.1" 200 213
216.245.221.92 - - [29/Oct/2022:05:19:54 -0500] "HEAD / HTTP/1.1" 200 -
157.55.39.69 - - [29/Oct/2022:05:20:05 -0500] "GET /bla/resoluciones/autos%202018/4446.pdf HTTP/1.1" 200 296470
172.22.2.4 - - [29/Oct/2022:05:18:54 -0500] "GET /BLA/boletinlegal/ HTTP/1.1" 200 59319
201.245.192.253 - - [29/Oct/2022:05:21:48 -0500] "POST /kwsrmcab/Wsrmcab HTTP/1.1" 200 41937
201.245.192.253 - - [29/Oct/2022:05:21:51 -0500] "POST /kwsrmcab/Wsrmcab HTTP/1.1" 200 42136
201.245.192.253 - - [29/Oct/2022:05:24:49 -0500] "POST /kwsrmcab/Wsrmcab  HTTP/1.1" 200 213
216.245.221.92 - - [29/Oct/2022:05:24:54 -0500] "HEAD / HTTP/1.1" 200 -
172.22.2.4 - - [29/Oct/2022:05:23:54 -0500] "HEAD /BLA/boletinlegal/ HTTP/1.1" 200 -
66.249.73.167 - - [29/Oct/2022:05:26:14 -0500] "-" 408 -
157.55.39.195 - - [29/Oct/2022:05:26:17 -0500] "GET /BLA/resoluciones/00000031.tif HTTP/1.1" 404 1018
172.22.2.4 - - [29/Oct/2022:05:24:44 -0500] "GET /BLA/boletinlegal/ HTTP/1.1" 200 59828
207.46.13.18 - - [29/Oct/2022:05:26:55 -0500] "GET /BLA/resoluciones/00000015.tif HTTP/1.1" 404 1018
172.22.2.4 - - [29/Oct/2022:05:27:04 -0500] "GET /BLA/boletinlegal/robots.txt HTTP/1.1" 404 1038
201.245.192.253 - - [29/Oct/2022:05:29:48 -0500] "POST /kwsrmcab/Wsrmcab  HTTP/1.1" 200 213
216.245.221.92 - - [29/Oct/2022:05:29:54 -0500] "HEAD / HTTP/1.1" 200 -
207.46.13.50 - - [29/Oct/2022:05:31:10 -0500] "GET /BLA/resoluciones/RESOLUCIONES%202000/2000%201800-1849.tif HTTP/1.1" 200 4946376
172.22.2.4 - - [29/Oct/2022:05:29:44 -0500] "HEAD /BLA/boletinlegal/ HTTP/1.1" 200 -
201.245.192.253 - - [29/Oct/2022:05:31:47 -0500] "POST /kwsrmcab/Wsrmcab HTTP/1.1" 200 41937
201.245.192.253 - - [29/Oct/2022:05:31:50 -0500] "POST /kwsrmcab/Wsrmcab HTTP/1.1" 200 42136
172.22.2.4 - - [29/Oct/2022:05:30:34 -0500] "GET /BLA/boletinlegal/ HTTP/1.1" 200 59828
66.249.73.167 - - [29/Oct/2022:05:32:18 -0500] "-" 408 -
207.46.13.79 - - [29/Oct/2022:05:34:19 -0500] "GET /Publicaciones/2022EE246571.pdf HTTP/1.1" 404 228
