185.119.81.106 - - [29/Oct/2022:11:02:07 -0500] "GET /portaldeninos/wp-login.php HTTP/1.1" 200 2592
185.119.81.106 - - [29/Oct/2022:11:02:08 -0500] "POST /portaldeninos/wp-login.php HTTP/1.1" 200 3650
167.0.150.78 - - [29/Oct/2022:11:03:09 -0500] "POST /sipse/faces/presentacion/financiero/solicitudProceso/listarSolicitudProceso.xhtml HTTP/1.1" 200 2425
167.0.150.78 - - [29/Oct/2022:11:03:19 -0500] "POST /sipse/faces/presentacion/financiero/solicitudProceso/listarSolicitudProceso.xhtml HTTP/1.1" 200 22393
167.0.150.78 - - [29/Oct/2022:11:03:24 -0500] "POST /sipse/faces/presentacion/financiero/solicitudProceso/listarSolicitudProceso.xhtml HTTP/1.1" 200 5165
167.0.150.78 - - [29/Oct/2022:11:03:31 -0500] "POST /sipse/faces/presentacion/financiero/solicitudProceso/listarSolicitudProceso.xhtml HTTP/1.1" 200 8258
167.0.150.78 - - [29/Oct/2022:11:03:35 -0500] "POST /sipse/faces/presentacion/financiero/solicitudProceso/listarSolicitudProceso.xhtml HTTP/1.1" 200 16716
167.0.150.78 - - [29/Oct/2022:11:03:38 -0500] "POST /sipse/faces/presentacion/financiero/solicitudProceso/listarSolicitudProceso.xhtml HTTP/1.1" 200 5161
201.245.192.253 - - [29/Oct/2022:11:03:38 -0500] "POST /kwsrmcab/Wsrmcab  HTTP/1.1" 200 213
167.0.150.78 - - [29/Oct/2022:11:03:43 -0500] "POST /sipse/faces/presentacion/financiero/solicitudProceso/listarSolicitudProceso.xhtml HTTP/1.1" 200 22397
172.22.2.4 - - [29/Oct/2022:11:02:13 -0500] "HEAD /BLA/boletinlegal/ HTTP/1.1" 200 -
66.249.73.167 - - [29/Oct/2022:11:04:17 -0500] "-" 408 -
172.22.2.4 - - [29/Oct/2022:11:03:03 -0500] "GET /BLA/boletinlegal/ HTTP/1.1" 200 57725
65.21.228.167 - - [29/Oct/2022:11:04:45 -0500] "GET /bla/resoluciones/notificaciones/autos%202020/0754.pdf HTTP/1.1" 200 366520
216.245.221.92 - - [29/Oct/2022:11:04:53 -0500] "HEAD / HTTP/1.1" 200 -
167.0.150.78 - - [29/Oct/2022:11:05:45 -0500] "POST /sipse/faces/presentacion/financiero/solicitudProceso/listarSolicitudProceso.xhtml HTTP/1.1" 200 2841
167.0.150.78 - - [29/Oct/2022:11:05:47 -0500] "POST /sipse/faces/presentacion/financiero/solicitudProceso/listarSolicitudProceso.xhtml HTTP/1.1" 200 38334
167.0.150.78 - - [29/Oct/2022:11:05:47 -0500] "GET /sipse/faces/javax.faces.resource/theme.css?ln=primefaces-sipse HTTP/1.1" 304 -
167.0.150.78 - - [29/Oct/2022:11:05:47 -0500] "GET /sipse/faces/javax.faces.resource/primefaces.css?ln=primefaces&v=4.0 HTTP/1.1" 304 -
167.0.150.78 - - [29/Oct/2022:11:05:47 -0500] "GET /sipse/faces/javax.faces.resource/layout/layout.css?ln=primefaces&v=4.0 HTTP/1.1" 304 -
167.0.150.78 - - [29/Oct/2022:11:05:47 -0500] "GET /sipse/faces/javax.faces.resource/jquery/jquery.js?ln=primefaces&v=4.0 HTTP/1.1" 304 -
167.0.150.78 - - [29/Oct/2022:11:05:47 -0500] "GET /sipse/faces/javax.faces.resource/jquery/jquery-plugins.js?ln=primefaces&v=4.0 HTTP/1.1" 304 -
167.0.150.78 - - [29/Oct/2022:11:05:48 -0500] "GET /sipse/faces/javax.faces.resource/primefaces.js?ln=primefaces&v=4.0 HTTP/1.1" 304 -
167.0.150.78 - - [29/Oct/2022:11:05:48 -0500] "GET /sipse/faces/javax.faces.resource/layout/layout.js?ln=primefaces&v=4.0 HTTP/1.1" 304 -
167.0.150.78 - - [29/Oct/2022:11:05:48 -0500] "POST /sipse/faces/presentacion/financiero/solicitudProceso/consultar.xhtml HTTP/1.1" 200 31753
186.28.40.229 - - [29/Oct/2022:11:05:52 -0500] "OPTIONS /kwssiamovil/sm/setfile/f? HTTP/1.1" 200 13
186.28.40.229 - - [29/Oct/2022:11:05:52 -0500] "POST /kwssiamovil/sm/setfile/f? HTTP/1.1" 200 381
167.0.150.78 - - [29/Oct/2022:11:05:55 -0500] "POST /sipse/faces/presentacion/financiero/solicitudProceso/consultar.xhtml HTTP/1.1" 200 12907
173.252.107.14 - - [29/Oct/2022:11:05:57 -0500] "GET /privados-y-distrito-inauguraron-vivero-en-la-reserva-van-der-hammen-con-capacidad-para-producir-50-mil-arboles-al-ano.html HTTP/1.1" 206 899
173.252.107.15 - - [29/Oct/2022:11:05:57 -0500] "GET /privados-y-distrito-inauguraron-vivero-en-la-reserva-van-der-hammen-con-capacidad-para-producir-50-mil-arboles-al-ano.html HTTP/1.1" 206 899
167.0.150.78 - - [29/Oct/2022:11:06:05 -0500] "POST /sipse/faces/presentacion/financiero/solicitudProceso/consultar.xhtml HTTP/1.1" 200 182113
167.0.150.78 - - [29/Oct/2022:11:06:05 -0500] "GET /sipse/faces/javax.faces.resource/theme.css?ln=primefaces-sipse HTTP/1.1" 304 -
167.0.150.78 - - [29/Oct/2022:11:06:05 -0500] "GET /sipse/faces/javax.faces.resource/primefaces.css?ln=primefaces&v=4.0 HTTP/1.1" 304 -
167.0.150.78 - - [29/Oct/2022:11:06:05 -0500] "GET /sipse/faces/javax.faces.resource/layout/layout.css?ln=primefaces&v=4.0 HTTP/1.1" 304 -
167.0.150.78 - - [29/Oct/2022:11:06:05 -0500] "GET /sipse/faces/javax.faces.resource/jquery/jquery.js?ln=primefaces&v=4.0 HTTP/1.1" 304 -
167.0.150.78 - - [29/Oct/2022:11:06:05 -0500] "GET /sipse/faces/javax.faces.resource/jquery/jquery-plugins.js?ln=primefaces&v=4.0 HTTP/1.1" 304 -
167.0.150.78 - - [29/Oct/2022:11:06:05 -0500] "GET /sipse/faces/javax.faces.resource/primefaces.js?ln=primefaces&v=4.0 HTTP/1.1" 304 -
167.0.150.78 - - [29/Oct/2022:11:06:06 -0500] "GET /sipse/faces/javax.faces.resource/layout/layout.js?ln=primefaces&v=4.0 HTTP/1.1" 304 -
186.84.21.58 - - [29/Oct/2022:11:06:08 -0500] "GET /catalogoisis/ HTTP/1.1" 200 8575
186.84.21.58 - - [29/Oct/2022:11:06:08 -0500] "GET /catalogoisis/Css/Busqueda.css HTTP/1.1" 200 1995
186.84.21.58 - - [29/Oct/2022:11:06:08 -0500] "GET /catalogoisis/Js/AceptarLimpiar.js HTTP/1.1" 200 331
186.28.40.229 - - [29/Oct/2022:11:06:08 -0500] "GET /kwssiamovil/sm/acme/a?s=U2FsdGVkX1+qSc11Mt2X3bFWqfyVYBj4cN/XQcjS7dE78jYY7X89jkw5lrHaaVece87wm8hzJybU+r1afChmM1pjcn5bXd0Usq3kmM3skNmn/dyWbCvxn3Q+jTSCc89sVGs/zVnKDaAw3zYqqh/DApTvkbSQwHM6HPuK9p3Gy4q6TRc7sLAuftuBuQODOP99hZGVcfmYKTYm2zTw+i/MuE5nBv+2UD46khT7ALDfbidga6BRrDqmUefrKU+qmXaDgIrNw3jUrVSPM/GdrRqF/Q==&u=U2FsdGVkX1/SQ5CxoWlHrIfrWkCV6lRc7IxWiaHBVAs=&y=U2FsdGVkX1/vk0nBEXbmHhvDxq61ICxZ51RUA2B/lRs= HTTP/1.1" 200 26
186.84.21.58 - - [29/Oct/2022:11:06:08 -0500] "GET /catalogoisis/Js/CriterioCombinada.js HTTP/1.1" 200 1843
186.84.21.58 - - [29/Oct/2022:11:06:08 -0500] "GET /catalogoisis/Js/Remote.js HTTP/1.1" 200 436
186.84.21.58 - - [29/Oct/2022:11:06:08 -0500] "GET /catalogoisis/Js/Cookies.js HTTP/1.1" 200 1369
186.84.21.58 - - [29/Oct/2022:11:06:08 -0500] "GET /catalogoisis/Js/LimpiarCombinada.js HTTP/1.1" 200 207
186.84.21.58 - - [29/Oct/2022:11:06:08 -0500] "GET /catalogoisis/Js/Go.js HTTP/1.1" 200 364
186.84.21.58 - - [29/Oct/2022:11:06:08 -0500] "GET /catalogoisis/Js/Enter.js HTTP/1.1" 200 1208
186.84.21.58 - - [29/Oct/2022:11:06:08 -0500] "GET /catalogoisis/Js/Numero.js HTTP/1.1" 200 398
186.84.21.58 - - [29/Oct/2022:11:06:08 -0500] "GET /catalogoisis/imagenes/br1c1.gif HTTP/1.1" 200 172
186.84.21.58 - - [29/Oct/2022:11:06:08 -0500] "GET /catalogoisis/imagenes/aceptar1.gif HTTP/1.1" 200 604
186.84.21.58 - - [29/Oct/2022:11:06:08 -0500] "GET /catalogoisis/imagenes/br1c3.gif HTTP/1.1" 200 302
186.84.21.58 - - [29/Oct/2022:11:06:08 -0500] "GET /catalogoisis/imagenes/Turnbo1.gif HTTP/1.1" 200 227
186.84.21.58 - - [29/Oct/2022:11:06:08 -0500] "GET /catalogoisis/imagenes/limpiar1.gif HTTP/1.1" 200 606
186.84.21.58 - - [29/Oct/2022:11:06:08 -0500] "GET /catalogoisis/imagenes/br3c1.gif HTTP/1.1" 200 177
186.84.21.58 - - [29/Oct/2022:11:06:08 -0500] "GET /catalogoisis/imagenes/br3c2.gif HTTP/1.1" 200 285
186.84.21.58 - - [29/Oct/2022:11:06:08 -0500] "GET /catalogoisis/imagenes/br3c3.gif HTTP/1.1" 200 186
186.84.21.58 - - [29/Oct/2022:11:06:08 -0500] "GET /catalogoisis/imagenes/br1c2.gif HTTP/1.1" 200 297
186.84.21.58 - - [29/Oct/2022:11:06:08 -0500] "GET /catalogoisis/imagenes/br2c1.gif HTTP/1.1" 200 297
186.84.21.58 - - [29/Oct/2022:11:06:08 -0500] "GET /catalogoisis/imagenes/Header.gif HTTP/1.1" 200 30313
186.84.21.58 - - [29/Oct/2022:11:06:08 -0500] "GET /catalogoisis/imagenes/br2c2.gif HTTP/1.1" 200 302
186.84.21.58 - - [29/Oct/2022:11:06:08 -0500] "GET /catalogoisis/imagenes/br2c3.gif HTTP/1.1" 200 416
186.28.40.229 - - [29/Oct/2022:11:06:08 -0500] "GET /kwssiamovil/sm/acme/a?s=U2FsdGVkX1+98c/Jd310K3jqmNVl4d8gGs2nfGUfHU4XwXn+cinNZqxXCAxD4Du3iZdbpI7akgAPjLvYYJ6mdrpiqnNimzV6mgaVeFlGrlFU9cUF/leMsZ+0mDsz/DL2UcFLYnYHQJCiROAC7au0CwuZcpIE3fc5MnDHo5u0BrgRYa8sv1vFgpiPo8HIbee5OU7MhM6pJeudeTGAmPoYP3abVZqAApLihAnWKmv4XLFIKUGOy5xI/QScWqStzrRixeW9HqE/JxHpSMpbTu7twr+f+bmHSil90DzXJAOURP7Cgey2OBbcTAhczSo+g07GXaTQUq3spBijK5I0RjL8BdCEpvzHhvqVbukNx11pe1snOO7lPHFQx2qrn5kyCQO/g937tkHzrjOgNxmXx/vmCHEVC2y+OKW7zNFr/557IknNGAmFmOjE4bI8emmcI0FOXFI1Jt6SRVGSjogItZnUZoGxksggCp3WRWRC5xRPMzGoSVEuhtfhgctFGhSmASzr6cJl71BaHeFvQKPNfzupcVRMV3MXM3NC4//r0dfV0ru28DfrXHiefXteOaz4OcYYti2nBZjsbF4I+/eVtjE52UpjpFmDRzb3aP5J/O30sfW6g++BmRjz4EXFpXzMlCUbLAc5QqD081VrxLA2spK3CChjmQx3688RNQfcWmiTG96strGIaDXEONYsnYrF7l1eudw6vFEC8YjTq03Z0o2oMmm1y+5Ey82n+X7erArMjiPHxF+vHo9aqS1LASIWoFRZoGhWOg4tOKjDEdrsah7Sug7xgD2EkQcu+DZXbQDoVyxNyetZU9yWKtgJ/fdekWWdNVYPY3JKo+6PcWjBXjiRdYtSE2eaRV+7+ZkpHkKyEN2FNcSqmgCtSCB4I/Hpxu81pS0FwBQN+a6PHIN1TX0Og+QARhOeF1C1rj2qqmXCUe+p35oGwJmd3MX4iPNyMbcyZU5RKKDgar91N/2MR9aTEyxYO/S74WDjWaMo8aiy+GHKifwHX7qkq1Nz9KlBS+q7iBdVIsE2w3hQQ2geqy7K/e99xnZFouLbaWWAW33gQEyRoj/gRe/FZrTgUozuBpwhIXiKo0GvK64+qFrpmNPiNmFZHaHCe51uYwjH25UyTaRcOVvEYDOtpph6PLz9SoFeI2/0uDIa4wYSuJPB+xJI5aGOHM9JdE/TrbJx76sl+bRKPyvwnRtwluYTSp3+62YPHA2LhwJlGINUWID8nPsW9oYswDuW6h0p4Fea4PXb3U3sAUJbmGcHVjkKUFhYART2JZ4DZf3dDODEwSknQp0B99khkaG9owGfaOoUw7UVnGH069kopf/RS4Juqt2w7bAT+zyxKsTvif7RpvmTmr4bmMy6Z6EkvJDOlwrzSP0E/4jdJ+fLl/EUnLx08NipLKycEOPKnMejwOL6eiY3jpBFT4Kk7JyyA4LarKnGNXZexB/rv/4P1rTLXSFl598/Nw2N1mlJwtA9p31Bq4pwBmNDQnTSc6DWBrDhIV2ZDRaWfX0YGuCxns7PaH4gzGFdnnQT67Py4k6aaPfeEWTSmoKgZEgBDIn0kp1q4/BburVoOuZAroklNhtcwdhl9PsGAvGOXa02+oPocbWuv/NtJPEmvahukBiZMd+yQOL9fCBlUakCBG6EmALyf75vfDIdsEhgZa0LfaVByE2zdqOUQ/coSmEmCDa6Mxb9W8UvPhygOsCs4TqY2QsvWYzsRpNSQoh/6RPxP3ktugTlQJstkhA4gUjcR4k+VjToVL8pd86XNpDcdJ6bYRjFSJiBTHDT4EZnDZjA6Zi1VWJMy35ZQWZ3ZVCwB4otVJeN/WlWlc1SKmBGOy30icAZo3cJONrN7QugiN6t7us7VZwXdoefpGYcxsOXvBQYJQ5UTOuoEnyI51PjxM9qun4d4Can3HLUe6Cm5OiLu+2WB2Xx0PIMDbbm8i2O2wEt39ECWDHA6aB3KqMCk+9ZsR8Yhz1Td5fIN0XtjfCErPI7K8l1hoysdeVulxW7asei6S9F4NCxNuuGGtDS/XTRkUCAHDdCG4oGfCTSYi6kaiW/v08+/kfiqA1ox6YvQ40IghN6fmfDxj/VK7mRbfv081XsC1rjKxY9rXHIhoO+kB6PDwm9XicJQzxfbdWT0NgXOuVAsVBGkFlcd8sgzZrZXzwPNuHSIvuMUCZmw0Ohcee2TJdsQhX2ou0iWW+xhNAMMNwTMqgRL5gvyvWOEIHiAFF67wyJV4lHdlq8rHxOlEA33Y4hBPHjTdWaqilJUBa+dJ8kGDwex/dsyiPl0W5J9eApC5cFKKuuOed+nIMjuhby5L7HNfFNMos0XpiWVSocGUFrRTBv+vM7g3eycoSwhpQhk4AMUqIi32ex1ilGQsxHMCcg6Wid81Jzvo2wvBy5gvSSGmjcf/KeyASM0Ln3Tp2LfNHEW8esOMJ8Q6doaKKuNAQH5g2ivuLOeNdot862BQQddgNfqWIbgdckvfXmwQIi9GqkIYXgmWyAZ/r30ZNBcwmEFGlZpzNeiapr9eCr8sIirksP1WxgwRR7jOdC25GObdBb9H1/QanzZTr3q6SJU6Ha4PBBUuCoGR6mQlTSTLT2bPWnE8rMwNEMqDaa6Q88KclfjcBBQZsmINNr1wAjFKMiz1nxSLMU7g==&u=U2FsdGVkX1/SQ5CxoWlHrIfrWkCV6lRc7IxWiaHBVAs=&y=U2FsdGVkX1/vk0nBEXbmHhvDxq61ICxZ51RUA2B/lRs= HTTP/1.1" 200 26
186.84.21.58 - - [29/Oct/2022:11:06:08 -0500] "GET /favicon.ico HTTP/1.1" 200 7782
186.28.40.229 - - [29/Oct/2022:11:06:09 -0500] "GET /kwssiamovil/sm/acme/a?s=U2FsdGVkX1+lE4xy6IpVaBYESBQ86lNsMnDj9APr0qt8cWZkGRvhKmRm6u18E+h6u6WxOoWCBF7VKwhrnMVkTyF6PbL+wwFBYax+ONLNhJI+2BTxv4AidT05CdvsB+3BHn1o0BqQTVZ0kd3fdPJV8DFInzkha/fmYFl4/Cz6xdk=&u=U2FsdGVkX1/SQ5CxoWlHrIfrWkCV6lRc7IxWiaHBVAs=&y=U2FsdGVkX1/vk0nBEXbmHhvDxq61ICxZ51RUA2B/lRs= HTTP/1.1" 200 26
186.28.40.229 - - [29/Oct/2022:11:06:09 -0500] "GET /kwssiamovil/sm/acme/a?s=U2FsdGVkX1/X/Eo9t3lk5jo+rD78djFU8CBKzJeijDKN7TjkkodwVmXmKsagB+LF8QalZNX9dX0qnfX59pSgPEm8Wf8aPkBbemxiQ00FXFza3GvqoOZLC17JH7qNwnyw3NLlea76AZ9QURJq/Qll6ck2EB7WChONPxtKh1vvYOM=&u=U2FsdGVkX1/SQ5CxoWlHrIfrWkCV6lRc7IxWiaHBVAs=&y=U2FsdGVkX1/vk0nBEXbmHhvDxq61ICxZ51RUA2B/lRs= HTTP/1.1" 200 26
186.28.40.229 - - [29/Oct/2022:11:06:09 -0500] "GET /kwssiamovil/sm/acme/a?s=U2FsdGVkX1+rnowt6RbghZ6EJYJ3ndvlZ3ND5b/aPG5n9Z3XnPy/Vf2w7kXVBB9ozWKCL4El9FsVw06WGE/0Ab/+LEzP46LybCXmfHilpMYCh7LYx+3CEBNUZcZI9/BHuJyIrpz4tx4/onJHcTGn9n/zhwmXFHhiZzjYJrLKU/4=&u=U2FsdGVkX1/SQ5CxoWlHrIfrWkCV6lRc7IxWiaHBVAs=&y=U2FsdGVkX1/vk0nBEXbmHhvDxq61ICxZ51RUA2B/lRs= HTTP/1.1" 200 25
186.28.40.229 - - [29/Oct/2022:11:06:09 -0500] "GET /kwssiamovil/sm/acme/a?s=U2FsdGVkX1/kpRidZx515ApIAJmfIvwOQuMdYsI7T8y66eYutIJQTFWtLcmijx0i2+VKUXfENq6h7pgjiAnCnLNuY+JX/YbjccWFoaC3Jlf9g4shEpVAknd0k0QaIvp4hgJokkg6J44YGkt34f6yW1DMD6bKGUexG7BJx4BYYOvQMeaO2AkXmYEUaOJPqIAs&u=U2FsdGVkX1/SQ5CxoWlHrIfrWkCV6lRc7IxWiaHBVAs=&y=U2FsdGVkX1/vk0nBEXbmHhvDxq61ICxZ51RUA2B/lRs= HTTP/1.1" 200 26
186.28.40.229 - - [29/Oct/2022:11:06:09 -0500] "GET /kwssiamovil/sm/acme/a?s=U2FsdGVkX19dwgqTVTOezYEJe1o9DXVZ2Pe+usN+zWUh8Z0WyDHMlKrxCrzQ0kcWYfDVGeA0nGR4qckpISDvgTFUWuCu5YqFXJIlALP2Ha2/AjflhXtoYuvTIrBxx4d23SSV+tqJVIdEzqZ5bXfMlqA5vLlaubN3BNrLxHtkphqGMl5gz0LJFegynklnUurEyx08z0dYiyBLOW9P5z3Fxi39jQLe9gXblW7Q7K+nJ30JfNy12Vmy970MQ0SVzWeIkcEhDiuShgEnkW4cTWDGr65aHewE7FWWWdYYngZVHDqbm7dMmI69ONM1Lil02lTrU0nSC9A1U06sWiXqMbrgr4lU9s8warQ1cQpCXVdiwVA7j/0oKQrELMPAv/pOYViq6LNzSYA9SlBTMjJl8WCB4TRO937NZ2rzsuZeD8byb0n9Up6YVttBBNj6FHI3mbQMV0d6TXpLSIPIleIQPHnLFOoX9Y041AWFsU9CXCDNDANedoQOj6YYcAqb0zkJKGIMB3VKQZhd/Eb5LAK/nyt1JqhSYHSrYnkKHHVTwA7sFjRQbikg3ZJsehgdEDRsSLXiEMuhTP2yJYWdb598GqiKTae8iC33/+UreCKA75dXPAgvcmMV1ngrepT2ptG56kyAvT4tnquLDJXKnIpRAzgLy4g4G0aMT8oPgFmL85Jz8+R8edlcgdJdtXOiwbD9GeHj&u=U2FsdGVkX1/SQ5CxoWlHrIfrWkCV6lRc7IxWiaHBVAs=&y=U2FsdGVkX1/vk0nBEXbmHhvDxq61ICxZ51RUA2B/lRs= HTTP/1.1" 200 25
186.28.40.229 - - [29/Oct/2022:11:06:10 -0500] "GET /kwssiamovil/sm/acme/a?s=U2FsdGVkX18B5YA7xlBCo4ArMF40mvo3ueZttp2hjm70mAKQ4Jial8MO0ESCS93oS4dimwohw/r9hOdwRmiqg9hImD0vcYg9yrwe0NW2MpcNa6WOCAkjoo5+T48jBtn/p/1N2mvsDVVWE18rJ10Eksy3sxTxzQnNEu4BnzXKMKvJCbJ2jRNYSvDg5bHGGw0Ot7EIjJbS+wGsscZFnWkwq0oT+xmx1JGAWvLDvfCXNKEx18ngzZt08mVHvsl28+0Fv40DlD+0oVGQB6ULaaoy0y1rg/2UI+Q5Q/QIZtcTBD9ESDbTUS/23dVlKrZsJEYwvuHELpdvrNi/UtXzOvvOimgHH8pyn6gEQvF1IYYXCOA/OaUuE8/YDt3g9qJ8Rr/iBQ78SYoFT239+rKl/3ocGRMQQh/C9ROk3An0ebCwJ8nPR4veDCZLYXC075W8ls9pQ4H9OdlXc7a2R4xcWlfFfjsoB9OW/xULM4KPOeFcKAzB33U4Tr5xjDWeJcfRNamhfkC0sRBF0xSy2kElF118vahdri01aMJC701iTeeClFKiChUjTpC2dMNpUy2RfFVSjpKiMhgs3h2eQ3LkuiIsvP7DnnE2ud19ntDOzjeiMVTvpUplfX7wieP+QLUqVBGYD6gwdpZLS2fTSbeJSQbDwg==&u=U2FsdGVkX1/SQ5CxoWlHrIfrWkCV6lRc7IxWiaHBVAs=&y=U2FsdGVkX1/vk0nBEXbmHhvDxq61ICxZ51RUA2B/lRs= HTTP/1.1" 200 25
167.0.150.78 - - [29/Oct/2022:11:06:12 -0500] "POST /sipse/faces/presentacion/financiero/solicitudProceso/consultarSolicitudProceso.xhtml HTTP/1.1" 200 57449
167.0.150.78 - - [29/Oct/2022:11:06:14 -0500] "GET /sipse/faces/javax.faces.resource/theme.css?ln=primefaces-sipse HTTP/1.1" 304 -
167.0.150.78 - - [29/Oct/2022:11:06:14 -0500] "GET /sipse/faces/javax.faces.resource/layout/layout.css?ln=primefaces&v=4.0 HTTP/1.1" 304 -
167.0.150.78 - - [29/Oct/2022:11:06:14 -0500] "GET /sipse/faces/javax.faces.resource/primefaces.css?ln=primefaces&v=4.0 HTTP/1.1" 304 -
167.0.150.78 - - [29/Oct/2022:11:06:14 -0500] "GET /sipse/faces/javax.faces.resource/jquery/jquery.js?ln=primefaces&v=4.0 HTTP/1.1" 304 -
167.0.150.78 - - [29/Oct/2022:11:06:14 -0500] "GET /sipse/faces/javax.faces.resource/jquery/jquery-plugins.js?ln=primefaces&v=4.0 HTTP/1.1" 304 -
167.0.150.78 - - [29/Oct/2022:11:06:14 -0500] "GET /sipse/faces/javax.faces.resource/layout/layout.js?ln=primefaces&v=4.0 HTTP/1.1" 304 -
167.0.150.78 - - [29/Oct/2022:11:06:14 -0500] "GET /sipse/faces/javax.faces.resource/primefaces.js?ln=primefaces&v=4.0 HTTP/1.1" 304 -
167.0.150.78 - - [29/Oct/2022:11:06:14 -0500] "GET /sipse/css/imagen/contrasena.png HTTP/1.1" 404 383
186.84.21.58 - - [29/Oct/2022:11:06:15 -0500] "GET /catalogoisis/Diccionario.php?i=2&form=0&element=4&prefix=te-&first=yes HTTP/1.1" 200 4195
186.84.21.58 - - [29/Oct/2022:11:06:15 -0500] "GET /catalogoisis/Diccionario.php?i=2&form=0&element=4&prefix=te-&first=yes HTTP/1.1" 200 4195
186.84.21.58 - - [29/Oct/2022:11:06:15 -0500] "GET /catalogoisis/Css/Diccionario.css HTTP/1.1" 200 1478
186.84.21.58 - - [29/Oct/2022:11:06:15 -0500] "GET /catalogoisis/Js/CriterioDiccionario.js HTTP/1.1" 200 608
186.84.21.58 - - [29/Oct/2022:11:06:15 -0500] "GET /catalogoisis/Js/LimpiarDiccionario.js HTTP/1.1" 200 98
186.84.21.58 - - [29/Oct/2022:11:06:15 -0500] "GET /catalogoisis/Js/Diccionario.js HTTP/1.1" 200 999
172.22.2.4 - - [29/Oct/2022:11:07:10 -0500] "GET /BLA/boletinlegal/robots.txt HTTP/1.1" 404 1038
201.245.192.253 - - [29/Oct/2022:11:08:37 -0500] "POST /kwsrmcab/Wsrmcab  HTTP/1.1" 200 213
172.22.2.4 - - [29/Oct/2022:11:07:11 -0500] "GET /BLA/boletinlegal/index.php HTTP/1.1" 200 53640
172.22.2.4 - - [29/Oct/2022:11:09:06 -0500] "GET /BLA/boletinlegal/admin/ HTTP/1.1" 200 7239
172.22.2.4 - - [29/Oct/2022:11:09:23 -0500] "GET /BLA/boletinlegal/admin/index_files/style.css HTTP/1.1" 200 6223
172.22.2.4 - - [29/Oct/2022:11:09:23 -0500] "GET /BLA/boletinlegal/admin/index_files/header.png HTTP/1.1" 200 240212
172.22.2.4 - - [29/Oct/2022:11:09:23 -0500] "GET /BLA/boletinlegal/images/can.png HTTP/1.1" 200 37574
172.22.2.4 - - [29/Oct/2022:11:09:23 -0500] "GET /BLA/boletinlegal/admin/index_files/3_5.gif HTTP/1.1" 200 1633
172.22.2.4 - - [29/Oct/2022:11:09:23 -0500] "GET /BLA/boletinlegal/admin/index_files/7_1.gif HTTP/1.1" 200 1455
172.22.2.4 - - [29/Oct/2022:11:09:23 -0500] "GET /BLA/boletinlegal/admin/index_files/2_4.gif HTTP/1.1" 200 1763
172.22.2.4 - - [29/Oct/2022:11:09:23 -0500] "GET /BLA/boletinlegal/admin/index_files/7_5.gif HTTP/1.1" 200 1565
172.22.2.4 - - [29/Oct/2022:11:09:23 -0500] "GET /BLA/boletinlegal/admin/index_files/5_1.gif HTTP/1.1" 200 1623
172.22.2.4 - - [29/Oct/2022:11:09:23 -0500] "GET /BLA/boletinlegal/admin/index_files/2_2.gif HTTP/1.1" 200 1728
172.22.2.4 - - [29/Oct/2022:11:09:23 -0500] "GET /BLA/boletinlegal/admin/index_files/index_files/tback.gif HTTP/1.1" 404 1362
172.22.2.4 - - [29/Oct/2022:11:08:03 -0500] "HEAD /BLA/boletinlegal/ HTTP/1.1" 200 -
216.245.221.92 - - [29/Oct/2022:11:09:53 -0500] "HEAD / HTTP/1.1" 200 -
186.155.82.45 - - [29/Oct/2022:11:09:56 -0500] "POST /sipse/faces/presentacion/financiero/solicitudProceso/consultarSolicitudProceso.xhtml HTTP/1.1" 200 5471
186.155.82.45 - - [29/Oct/2022:11:10:22 -0500] "POST /sipse/faces/presentacion/financiero/solicitudProceso/consultarSolicitudProceso.xhtml HTTP/1.1" 200 39150
186.155.82.45 - - [29/Oct/2022:11:10:24 -0500] "GET /sipse/faces/javax.faces.resource/theme.css?ln=primefaces-sipse HTTP/1.1" 304 -
186.155.82.45 - - [29/Oct/2022:11:10:24 -0500] "GET /sipse/faces/javax.faces.resource/layout/layout.css?ln=primefaces&v=4.0 HTTP/1.1" 304 -
186.155.82.45 - - [29/Oct/2022:11:10:24 -0500] "GET /sipse/faces/javax.faces.resource/primefaces.css?ln=primefaces&v=4.0 HTTP/1.1" 304 -
186.155.82.45 - - [29/Oct/2022:11:10:24 -0500] "GET /sipse/faces/javax.faces.resource/jquery/jquery.js?ln=primefaces&v=4.0 HTTP/1.1" 304 -
186.155.82.45 - - [29/Oct/2022:11:10:24 -0500] "GET /sipse/faces/javax.faces.resource/jquery/jquery-plugins.js?ln=primefaces&v=4.0 HTTP/1.1" 304 -
186.155.82.45 - - [29/Oct/2022:11:10:24 -0500] "GET /sipse/faces/javax.faces.resource/primefaces.js?ln=primefaces&v=4.0 HTTP/1.1" 304 -
186.155.82.45 - - [29/Oct/2022:11:10:24 -0500] "GET /sipse/faces/javax.faces.resource/layout/layout.js?ln=primefaces&v=4.0 HTTP/1.1" 304 -
186.155.82.45 - - [29/Oct/2022:11:10:24 -0500] "POST /sipse/faces/presentacion/financiero/solicitudProceso/listarSolicitudProceso.xhtml HTTP/1.1" 200 1400
191.111.3.214 - - [29/Oct/2022:11:10:29 -0500] "GET /BLA/boletinlegal/js/jquery.scrollShow.js HTTP/1.1" 200 4586
191.111.3.214 - - [29/Oct/2022:11:10:29 -0500] "GET /galeria/galeria/jquery.fancybox.js?v=2.1.5 HTTP/1.1" 200 48706
191.111.3.214 - - [29/Oct/2022:11:10:29 -0500] "GET /galeria/galeria/jquery.fancybox.css?v=2.1.5 HTTP/1.1" 200 4895
186.155.82.45 - - [29/Oct/2022:11:10:33 -0500] "POST /sipse/faces/presentacion/financiero/solicitudProceso/listarSolicitudProceso.xhtml HTTP/1.1" 200 31952
172.22.2.4 - - [29/Oct/2022:11:08:53 -0500] "GET /BLA/boletinlegal/ HTTP/1.1" 200 52493
186.155.82.45 - - [29/Oct/2022:11:10:35 -0500] "POST /sipse/faces/presentacion/financiero/solicitudProceso/listarSolicitudProceso.xhtml HTTP/1.1" 200 5354
186.155.82.45 - - [29/Oct/2022:11:10:35 -0500] "POST /sipse/faces/presentacion/financiero/solicitudProceso/listarSolicitudProceso.xhtml HTTP/1.1" 200 5358
186.155.82.45 - - [29/Oct/2022:11:10:38 -0500] "POST /sipse/faces/presentacion/financiero/solicitudProceso/listarSolicitudProceso.xhtml HTTP/1.1" 200 113180
186.155.82.45 - - [29/Oct/2022:11:10:38 -0500] "GET /sipse/faces/javax.faces.resource/primefaces.css?ln=primefaces&v=4.0 HTTP/1.1" 304 -
186.155.82.45 - - [29/Oct/2022:11:10:38 -0500] "GET /sipse/faces/javax.faces.resource/theme.css?ln=primefaces-sipse HTTP/1.1" 304 -
186.155.82.45 - - [29/Oct/2022:11:10:38 -0500] "GET /sipse/faces/javax.faces.resource/layout/layout.css?ln=primefaces&v=4.0 HTTP/1.1" 304 -
186.155.82.45 - - [29/Oct/2022:11:10:38 -0500] "GET /sipse/faces/javax.faces.resource/jquery/jquery.js?ln=primefaces&v=4.0 HTTP/1.1" 304 -
186.155.82.45 - - [29/Oct/2022:11:10:38 -0500] "GET /sipse/faces/javax.faces.resource/jquery/jquery-plugins.js?ln=primefaces&v=4.0 HTTP/1.1" 304 -
186.155.82.45 - - [29/Oct/2022:11:10:38 -0500] "GET /sipse/faces/javax.faces.resource/primefaces.js?ln=primefaces&v=4.0 HTTP/1.1" 304 -
186.155.82.45 - - [29/Oct/2022:11:10:38 -0500] "GET /sipse/faces/javax.faces.resource/layout/layout.js?ln=primefaces&v=4.0 HTTP/1.1" 304 -
66.249.73.167 - - [29/Oct/2022:11:11:29 -0500] "-" 408 -
186.86.33.1 - - [29/Oct/2022:11:12:27 -0500] "HEAD /appsia/controlador HTTP/1.1" 200 -
186.86.33.1 - - [29/Oct/2022:11:12:28 -0500] "GET /appsia/controlador HTTP/1.1" 200 4799
186.86.33.1 - - [29/Oct/2022:11:12:29 -0500] "GET /appsia/controlador HTTP/1.1" 200 4799
186.86.33.1 - - [29/Oct/2022:11:12:30 -0500] "GET /appsia/css/estilos.css HTTP/1.1" 200 4804
186.86.33.1 - - [29/Oct/2022:11:12:30 -0500] "GET /appsia/scripts/validarIngreso.js HTTP/1.1" 200 851
186.86.33.1 - - [29/Oct/2022:11:12:30 -0500] "GET /appsia/images/cabezoteHojaVida.png HTTP/1.1" 200 32493
186.86.33.1 - - [29/Oct/2022:11:12:30 -0500] "GET /appsia/images/logo_bogota_p.png HTTP/1.1" 200 14951
186.86.33.1 - - [29/Oct/2022:11:12:30 -0500] "GET /favicon.ico HTTP/1.1" 200 7782
157.55.39.201 - - [29/Oct/2022:11:12:34 -0500] "GET /BLA/resoluciones/RESOLUCIONES%202000/2000%202350-2399.tif HTTP/1.1" 200 4845966
186.86.33.1 - - [29/Oct/2022:11:12:53 -0500] "POST /appsia/controlador HTTP/1.1" 200 3596
186.86.33.1 - - [29/Oct/2022:11:12:53 -0500] "GET /appsia/jscripts/validarSolicitud.js HTTP/1.1" 404 68
186.86.33.1 - - [29/Oct/2022:11:13:01 -0500] "POST /appsia/controlador HTTP/1.1" 200 4799
186.155.82.45 - - [29/Oct/2022:11:13:19 -0500] "POST /sipse/faces/presentacion/financiero/solicitudProceso/consultarSolicitudProceso.xhtml HTTP/1.1" 200 244551
186.86.33.1 - - [29/Oct/2022:11:13:30 -0500] "POST /appsia/controlador HTTP/1.1" 200 3596
186.86.33.1 - - [29/Oct/2022:11:13:30 -0500] "GET /appsia/jscripts/validarSolicitud.js HTTP/1.1" 404 68
201.245.192.253 - - [29/Oct/2022:11:13:37 -0500] "POST /kwsrmcab/Wsrmcab  HTTP/1.1" 200 213
186.86.33.1 - - [29/Oct/2022:11:13:39 -0500] "POST /appsia/controlador HTTP/1.1" 200 4799
200.29.113.36 - - [29/Oct/2022:11:13:57 -0500] "GET /appsia/controlador HTTP/1.1" 200 4799
200.29.113.36 - - [29/Oct/2022:11:13:58 -0500] "GET /appsia/css/estilos.css HTTP/1.1" 200 4804
200.29.113.36 - - [29/Oct/2022:11:13:58 -0500] "GET /appsia/scripts/validarIngreso.js HTTP/1.1" 200 851
200.29.113.36 - - [29/Oct/2022:11:13:58 -0500] "GET /appsia/images/cabezoteHojaVida.png HTTP/1.1" 200 32493
200.29.113.36 - - [29/Oct/2022:11:13:58 -0500] "GET /appsia/images/logo_bogota_p.png HTTP/1.1" 200 14951
186.86.33.1 - - [29/Oct/2022:11:14:00 -0500] "POST /appsia/controlador HTTP/1.1" 200 4621
186.155.82.45 - - [29/Oct/2022:11:14:04 -0500] "POST /sipse/faces/presentacion/financiero/solicitudProceso/consultarSolicitudProceso.xhtml HTTP/1.1" 200 5439
186.86.33.1 - - [29/Oct/2022:11:14:07 -0500] "POST /appsia/controlador HTTP/1.1" 200 7723
186.86.33.1 - - [29/Oct/2022:11:14:07 -0500] "GET /appsia/images/logo_escudo.png HTTP/1.1" 200 36965
186.155.82.45 - - [29/Oct/2022:11:14:36 -0500] "POST /sipse/faces/presentacion/financiero/solicitudProceso/consultarSolicitudProceso.xhtml HTTP/1.1" 200 39128
186.155.82.45 - - [29/Oct/2022:11:14:38 -0500] "GET /sipse/faces/javax.faces.resource/theme.css?ln=primefaces-sipse HTTP/1.1" 304 -
186.155.82.45 - - [29/Oct/2022:11:14:38 -0500] "GET /sipse/faces/javax.faces.resource/layout/layout.css?ln=primefaces&v=4.0 HTTP/1.1" 304 -
186.155.82.45 - - [29/Oct/2022:11:14:38 -0500] "GET /sipse/faces/javax.faces.resource/primefaces.css?ln=primefaces&v=4.0 HTTP/1.1" 304 -
186.155.82.45 - - [29/Oct/2022:11:14:38 -0500] "GET /sipse/faces/javax.faces.resource/jquery/jquery.js?ln=primefaces&v=4.0 HTTP/1.1" 304 -
186.155.82.45 - - [29/Oct/2022:11:14:38 -0500] "GET /sipse/faces/javax.faces.resource/jquery/jquery-plugins.js?ln=primefaces&v=4.0 HTTP/1.1" 304 -
186.155.82.45 - - [29/Oct/2022:11:14:38 -0500] "GET /sipse/faces/javax.faces.resource/primefaces.js?ln=primefaces&v=4.0 HTTP/1.1" 304 -
186.155.82.45 - - [29/Oct/2022:11:14:38 -0500] "GET /sipse/faces/javax.faces.resource/layout/layout.js?ln=primefaces&v=4.0 HTTP/1.1" 304 -
186.155.82.45 - - [29/Oct/2022:11:14:38 -0500] "POST /sipse/faces/presentacion/financiero/solicitudProceso/listarSolicitudProceso.xhtml HTTP/1.1" 200 1400
186.155.82.45 - - [29/Oct/2022:11:14:46 -0500] "POST /sipse/faces/presentacion/financiero/solicitudProceso/listarSolicitudProceso.xhtml HTTP/1.1" 200 31932
186.155.82.45 - - [29/Oct/2022:11:14:47 -0500] "POST /sipse/faces/presentacion/financiero/solicitudProceso/listarSolicitudProceso.xhtml HTTP/1.1" 200 5234
186.155.82.45 - - [29/Oct/2022:11:14:49 -0500] "POST /sipse/faces/presentacion/financiero/solicitudProceso/listarSolicitudProceso.xhtml HTTP/1.1" 200 110522
186.155.82.45 - - [29/Oct/2022:11:14:50 -0500] "GET /sipse/faces/javax.faces.resource/theme.css?ln=primefaces-sipse HTTP/1.1" 304 -
186.155.82.45 - - [29/Oct/2022:11:14:50 -0500] "GET /sipse/faces/javax.faces.resource/primefaces.css?ln=primefaces&v=4.0 HTTP/1.1" 304 -
186.155.82.45 - - [29/Oct/2022:11:14:50 -0500] "GET /sipse/faces/javax.faces.resource/layout/layout.css?ln=primefaces&v=4.0 HTTP/1.1" 304 -
186.155.82.45 - - [29/Oct/2022:11:14:50 -0500] "GET /sipse/faces/javax.faces.resource/jquery/jquery.js?ln=primefaces&v=4.0 HTTP/1.1" 304 -
186.155.82.45 - - [29/Oct/2022:11:14:50 -0500] "GET /sipse/faces/javax.faces.resource/jquery/jquery-plugins.js?ln=primefaces&v=4.0 HTTP/1.1" 304 -
186.155.82.45 - - [29/Oct/2022:11:14:50 -0500] "GET /sipse/faces/javax.faces.resource/primefaces.js?ln=primefaces&v=4.0 HTTP/1.1" 304 -
186.155.82.45 - - [29/Oct/2022:11:14:50 -0500] "GET /sipse/faces/javax.faces.resource/layout/layout.js?ln=primefaces&v=4.0 HTTP/1.1" 304 -
216.245.221.92 - - [29/Oct/2022:11:14:53 -0500] "HEAD / HTTP/1.1" 200 -
172.22.2.4 - - [29/Oct/2022:11:13:53 -0500] "HEAD /BLA/boletinlegal/ HTTP/1.1" 200 -
172.22.2.4 - - [29/Oct/2022:11:14:43 -0500] "GET /BLA/boletinlegal/ HTTP/1.1" 200 59828
186.155.82.45 - - [29/Oct/2022:11:17:06 -0500] "POST /sipse/faces/presentacion/financiero/solicitudProceso/consultarSolicitudProceso.xhtml HTTP/1.1" 200 42042
186.155.82.45 - - [29/Oct/2022:11:17:07 -0500] "GET /sipse/faces/javax.faces.resource/theme.css?ln=primefaces-sipse HTTP/1.1" 304 -
186.155.82.45 - - [29/Oct/2022:11:17:07 -0500] "GET /sipse/faces/javax.faces.resource/primefaces.css?ln=primefaces&v=4.0 HTTP/1.1" 304 -
186.155.82.45 - - [29/Oct/2022:11:17:07 -0500] "GET /sipse/faces/javax.faces.resource/layout/layout.css?ln=primefaces&v=4.0 HTTP/1.1" 304 -
186.155.82.45 - - [29/Oct/2022:11:17:07 -0500] "GET /sipse/faces/javax.faces.resource/jquery/jquery.js?ln=primefaces&v=4.0 HTTP/1.1" 304 -
186.155.82.45 - - [29/Oct/2022:11:17:07 -0500] "GET /sipse/faces/javax.faces.resource/layout/layout.js?ln=primefaces&v=4.0 HTTP/1.1" 304 -
186.155.82.45 - - [29/Oct/2022:11:17:07 -0500] "GET /sipse/faces/javax.faces.resource/primefaces.js?ln=primefaces&v=4.0 HTTP/1.1" 304 -
186.155.82.45 - - [29/Oct/2022:11:17:07 -0500] "GET /sipse/faces/javax.faces.resource/jquery/jquery-plugins.js?ln=primefaces&v=4.0 HTTP/1.1" 304 -
186.155.82.45 - - [29/Oct/2022:11:17:07 -0500] "GET /sipse/css/imagen/contrasena.png HTTP/1.1" 404 383
186.155.82.45 - - [29/Oct/2022:11:17:07 -0500] "GET /sipse/faces/javax.faces.resource/images/ui-bg_flat_0_2d5972_40x100.png?ln=primefaces-aristo HTTP/1.1" 304 -
186.155.82.45 - - [29/Oct/2022:11:17:07 -0500] "POST /sipse/faces/presentacion/financiero/solicitudProceso/listarSolicitudProceso.xhtml HTTP/1.1" 200 1400
186.155.82.45 - - [29/Oct/2022:11:17:07 -0500] "POST /sipse/faces/presentacion/financiero/solicitudProceso/listarSolicitudProceso.xhtml HTTP/1.1" 200 1396
186.155.82.45 - - [29/Oct/2022:11:17:12 -0500] "POST /sipse/faces/presentacion/financiero/solicitudProceso/listarSolicitudProceso.xhtml HTTP/1.1" 200 31932
186.155.82.45 - - [29/Oct/2022:11:17:13 -0500] "POST /sipse/faces/presentacion/financiero/solicitudProceso/listarSolicitudProceso.xhtml HTTP/1.1" 200 23926
186.155.82.45 - - [29/Oct/2022:11:17:13 -0500] "POST /sipse/faces/presentacion/financiero/solicitudProceso/listarSolicitudProceso.xhtml HTTP/1.1" 200 5268
186.155.82.45 - - [29/Oct/2022:11:17:17 -0500] "POST /sipse/faces/presentacion/financiero/solicitudProceso/listarSolicitudProceso.xhtml HTTP/1.1" 200 110358
186.155.82.45 - - [29/Oct/2022:11:17:17 -0500] "GET /sipse/faces/javax.faces.resource/theme.css?ln=primefaces-sipse HTTP/1.1" 304 -
186.155.82.45 - - [29/Oct/2022:11:17:17 -0500] "GET /sipse/faces/javax.faces.resource/layout/layout.css?ln=primefaces&v=4.0 HTTP/1.1" 304 -
186.155.82.45 - - [29/Oct/2022:11:17:17 -0500] "GET /sipse/faces/javax.faces.resource/primefaces.css?ln=primefaces&v=4.0 HTTP/1.1" 304 -
186.155.82.45 - - [29/Oct/2022:11:17:17 -0500] "GET /sipse/faces/javax.faces.resource/jquery/jquery.js?ln=primefaces&v=4.0 HTTP/1.1" 304 -
186.155.82.45 - - [29/Oct/2022:11:17:17 -0500] "GET /sipse/faces/javax.faces.resource/jquery/jquery-plugins.js?ln=primefaces&v=4.0 HTTP/1.1" 304 -
186.155.82.45 - - [29/Oct/2022:11:17:17 -0500] "GET /sipse/faces/javax.faces.resource/primefaces.js?ln=primefaces&v=4.0 HTTP/1.1" 304 -
186.155.82.45 - - [29/Oct/2022:11:17:17 -0500] "GET /sipse/faces/javax.faces.resource/layout/layout.js?ln=primefaces&v=4.0 HTTP/1.1" 304 -
66.249.73.167 - - [29/Oct/2022:11:18:32 -0500] "-" 408 -
201.245.192.253 - - [29/Oct/2022:11:18:36 -0500] "POST /kwsrmcab/Wsrmcab  HTTP/1.1" 200 213
216.245.221.92 - - [29/Oct/2022:11:19:53 -0500] "HEAD / HTTP/1.1" 200 -
186.155.82.45 - - [29/Oct/2022:11:19:56 -0500] "POST /sipse/faces/presentacion/financiero/solicitudProceso/consultarSolicitudProceso.xhtml HTTP/1.1" 200 172425
157.55.39.201 - - [29/Oct/2022:11:20:26 -0500] "GET /BLA/resoluciones/RESOLUCIONES%202000/2000%202000-2049.tif HTTP/1.1" 200 5003528
186.155.82.45 - - [29/Oct/2022:11:20:51 -0500] "POST /sipse/faces/presentacion/financiero/solicitudProceso/consultarSolicitudProceso.xhtml HTTP/1.1" 200 5439
172.22.2.4 - - [29/Oct/2022:11:19:43 -0500] "HEAD /BLA/boletinlegal/ HTTP/1.1" 200 -
201.245.192.253 - - [29/Oct/2022:11:21:47 -0500] "POST /kwsrmcab/Wsrmcab HTTP/1.1" 200 42307
201.245.192.253 - - [29/Oct/2022:11:21:49 -0500] "POST /kwsrmcab/Wsrmcab HTTP/1.1" 200 42427
172.22.2.4 - - [29/Oct/2022:11:20:33 -0500] "GET /BLA/boletinlegal/ HTTP/1.1" 200 59828
93.158.161.72 - - [29/Oct/2022:11:22:25 -0500] "-" 408 -
186.155.82.45 - - [29/Oct/2022:11:22:24 -0500] "POST /sipse/faces/presentacion/financiero/solicitudProceso/consultarSolicitudProceso.xhtml HTTP/1.1" 200 39062
186.155.82.45 - - [29/Oct/2022:11:22:26 -0500] "GET /sipse/faces/javax.faces.resource/theme.css?ln=primefaces-sipse HTTP/1.1" 304 -
186.155.82.45 - - [29/Oct/2022:11:22:26 -0500] "GET /sipse/faces/javax.faces.resource/primefaces.css?ln=primefaces&v=4.0 HTTP/1.1" 304 -
186.155.82.45 - - [29/Oct/2022:11:22:26 -0500] "GET /sipse/faces/javax.faces.resource/layout/layout.css?ln=primefaces&v=4.0 HTTP/1.1" 304 -
186.155.82.45 - - [29/Oct/2022:11:22:26 -0500] "GET /sipse/faces/javax.faces.resource/jquery/jquery.js?ln=primefaces&v=4.0 HTTP/1.1" 304 -
186.155.82.45 - - [29/Oct/2022:11:22:26 -0500] "GET /sipse/faces/javax.faces.resource/jquery/jquery-plugins.js?ln=primefaces&v=4.0 HTTP/1.1" 304 -
186.155.82.45 - - [29/Oct/2022:11:22:26 -0500] "GET /sipse/faces/javax.faces.resource/primefaces.js?ln=primefaces&v=4.0 HTTP/1.1" 304 -
186.155.82.45 - - [29/Oct/2022:11:22:26 -0500] "GET /sipse/faces/javax.faces.resource/layout/layout.js?ln=primefaces&v=4.0 HTTP/1.1" 304 -
186.155.82.45 - - [29/Oct/2022:11:22:26 -0500] "GET /sipse/faces/javax.faces.resource/messages/messages.png?ln=primefaces&v=4.0 HTTP/1.1" 304 -
186.155.82.45 - - [29/Oct/2022:11:22:26 -0500] "POST /sipse/faces/presentacion/financiero/solicitudProceso/listarSolicitudProceso.xhtml HTTP/1.1" 200 1400
77.88.5.232 - - [29/Oct/2022:11:22:30 -0500] "-" 408 -
93.158.161.29 - - [29/Oct/2022:11:22:36 -0500] "-" 408 -
186.155.82.45 - - [29/Oct/2022:11:22:36 -0500] "POST /sipse/faces/presentacion/financiero/solicitudProceso/listarSolicitudProceso.xhtml HTTP/1.1" 200 14508
186.155.82.45 - - [29/Oct/2022:11:22:37 -0500] "POST /sipse/faces/presentacion/financiero/solicitudProceso/listarSolicitudProceso.xhtml HTTP/1.1" 200 5243
186.155.82.45 - - [29/Oct/2022:11:22:39 -0500] "POST /sipse/faces/presentacion/financiero/solicitudProceso/listarSolicitudProceso.xhtml HTTP/1.1" 200 117369
186.155.82.45 - - [29/Oct/2022:11:22:40 -0500] "GET /sipse/faces/javax.faces.resource/theme.css?ln=primefaces-sipse HTTP/1.1" 304 -
186.155.82.45 - - [29/Oct/2022:11:22:40 -0500] "GET /sipse/faces/javax.faces.resource/primefaces.css?ln=primefaces&v=4.0 HTTP/1.1" 304 -
186.155.82.45 - - [29/Oct/2022:11:22:40 -0500] "GET /sipse/faces/javax.faces.resource/layout/layout.css?ln=primefaces&v=4.0 HTTP/1.1" 304 -
186.155.82.45 - - [29/Oct/2022:11:22:40 -0500] "GET /sipse/faces/javax.faces.resource/jquery/jquery.js?ln=primefaces&v=4.0 HTTP/1.1" 304 -
186.155.82.45 - - [29/Oct/2022:11:22:40 -0500] "GET /sipse/faces/javax.faces.resource/jquery/jquery-plugins.js?ln=primefaces&v=4.0 HTTP/1.1" 304 -
186.155.82.45 - - [29/Oct/2022:11:22:40 -0500] "GET /sipse/faces/javax.faces.resource/primefaces.js?ln=primefaces&v=4.0 HTTP/1.1" 304 -
186.155.82.45 - - [29/Oct/2022:11:22:40 -0500] "GET /sipse/faces/javax.faces.resource/layout/layout.js?ln=primefaces&v=4.0 HTTP/1.1" 304 -
77.88.5.27 - - [29/Oct/2022:11:22:41 -0500] "-" 408 -
77.88.5.249 - - [29/Oct/2022:11:22:56 -0500] "-" 408 -
77.88.5.49 - - [29/Oct/2022:11:23:11 -0500] "-" 408 -
201.245.192.253 - - [29/Oct/2022:11:23:35 -0500] "POST /kwsrmcab/Wsrmcab  HTTP/1.1" 200 213
77.88.5.82 - - [29/Oct/2022:11:23:41 -0500] "-" 408 -
77.88.5.5 - - [29/Oct/2022:11:24:42 -0500] "-" 408 -
66.249.73.167 - - [29/Oct/2022:11:24:45 -0500] "-" 408 -
216.245.221.92 - - [29/Oct/2022:11:24:53 -0500] "HEAD / HTTP/1.1" 200 -
93.158.161.50 - - [29/Oct/2022:11:25:41 -0500] "-" 408 -
186.155.82.45 - - [29/Oct/2022:11:25:52 -0500] "POST /sipse/faces/presentacion/financiero/solicitudProceso/consultarSolicitudProceso.xhtml HTTP/1.1" 200 179436
186.155.82.45 - - [29/Oct/2022:11:26:29 -0500] "POST /sipse/faces/presentacion/financiero/solicitudProceso/consultarSolicitudProceso.xhtml HTTP/1.1" 200 5439
186.155.82.45 - - [29/Oct/2022:11:26:59 -0500] "POST /sipse/faces/presentacion/financiero/solicitudProceso/consultarSolicitudProceso.xhtml HTTP/1.1" 200 39049
186.155.82.45 - - [29/Oct/2022:11:27:00 -0500] "GET /sipse/faces/javax.faces.resource/theme.css?ln=primefaces-sipse HTTP/1.1" 304 -
186.155.82.45 - - [29/Oct/2022:11:27:00 -0500] "GET /sipse/faces/javax.faces.resource/layout/layout.css?ln=primefaces&v=4.0 HTTP/1.1" 304 -
186.155.82.45 - - [29/Oct/2022:11:27:00 -0500] "GET /sipse/faces/javax.faces.resource/primefaces.css?ln=primefaces&v=4.0 HTTP/1.1" 304 -
186.155.82.45 - - [29/Oct/2022:11:27:00 -0500] "GET /sipse/faces/javax.faces.resource/jquery/jquery.js?ln=primefaces&v=4.0 HTTP/1.1" 304 -
186.155.82.45 - - [29/Oct/2022:11:27:00 -0500] "GET /sipse/faces/javax.faces.resource/jquery/jquery-plugins.js?ln=primefaces&v=4.0 HTTP/1.1" 304 -
186.155.82.45 - - [29/Oct/2022:11:27:00 -0500] "GET /sipse/faces/javax.faces.resource/primefaces.js?ln=primefaces&v=4.0 HTTP/1.1" 304 -
186.155.82.45 - - [29/Oct/2022:11:27:00 -0500] "GET /sipse/faces/javax.faces.resource/layout/layout.js?ln=primefaces&v=4.0 HTTP/1.1" 304 -
186.155.82.45 - - [29/Oct/2022:11:27:00 -0500] "POST /sipse/faces/presentacion/financiero/solicitudProceso/listarSolicitudProceso.xhtml HTTP/1.1" 200 1400
172.22.2.4 - - [29/Oct/2022:11:25:33 -0500] "HEAD /BLA/boletinlegal/ HTTP/1.1" 200 -
186.155.82.45 - - [29/Oct/2022:11:27:28 -0500] "POST /sipse/faces/presentacion/financiero/solicitudProceso/listarSolicitudProceso.xhtml HTTP/1.1" 200 31904
186.155.82.45 - - [29/Oct/2022:11:27:29 -0500] "POST /sipse/faces/presentacion/financiero/solicitudProceso/listarSolicitudProceso.xhtml HTTP/1.1" 200 31838
186.155.82.45 - - [29/Oct/2022:11:27:30 -0500] "POST /sipse/faces/presentacion/financiero/solicitudProceso/listarSolicitudProceso.xhtml HTTP/1.1" 200 2389
157.55.39.148 - - [29/Oct/2022:11:27:32 -0500] "-" 408 -
186.155.82.45 - - [29/Oct/2022:11:27:38 -0500] "POST /sipse/faces/presentacion/financiero/solicitudProceso/listarSolicitudProceso.xhtml HTTP/1.1" 200 31838
186.155.82.45 - - [29/Oct/2022:11:27:38 -0500] "POST /sipse/faces/presentacion/financiero/solicitudProceso/listarSolicitudProceso.xhtml HTTP/1.1" 200 31904
186.155.82.45 - - [29/Oct/2022:11:27:40 -0500] "POST /sipse/faces/presentacion/financiero/solicitudProceso/listarSolicitudProceso.xhtml HTTP/1.1" 200 2389
186.155.82.45 - - [29/Oct/2022:11:27:40 -0500] "POST /sipse/faces/presentacion/financiero/solicitudProceso/listarSolicitudProceso.xhtml HTTP/1.1" 200 2389
77.88.5.214 - - [29/Oct/2022:11:27:41 -0500] "-" 408 -
186.155.82.45 - - [29/Oct/2022:11:27:45 -0500] "POST /sipse/faces/presentacion/financiero/solicitudProceso/listarSolicitudProceso.xhtml HTTP/1.1" 200 5290
186.155.82.45 - - [29/Oct/2022:11:27:46 -0500] "POST /sipse/faces/presentacion/financiero/solicitudProceso/listarSolicitudProceso.xhtml HTTP/1.1" 200 2393
186.155.82.45 - - [29/Oct/2022:11:27:51 -0500] "POST /sipse/faces/presentacion/financiero/solicitudProceso/listarSolicitudProceso.xhtml HTTP/1.1" 200 11546
186.155.82.45 - - [29/Oct/2022:11:27:51 -0500] "POST /sipse/faces/presentacion/financiero/solicitudProceso/listarSolicitudProceso.xhtml HTTP/1.1" 200 11546
186.155.82.45 - - [29/Oct/2022:11:27:52 -0500] "POST /sipse/faces/presentacion/financiero/solicitudProceso/listarSolicitudProceso.xhtml HTTP/1.1" 200 2393
186.155.82.45 - - [29/Oct/2022:11:27:57 -0500] "POST /sipse/faces/presentacion/financiero/solicitudProceso/listarSolicitudProceso.xhtml HTTP/1.1" 200 2389
186.155.82.45 - - [29/Oct/2022:11:27:59 -0500] "POST /sipse/faces/presentacion/financiero/solicitudProceso/listarSolicitudProceso.xhtml HTTP/1.1" 200 31900
186.155.82.45 - - [29/Oct/2022:11:27:59 -0500] "POST /sipse/faces/presentacion/financiero/solicitudProceso/listarSolicitudProceso.xhtml HTTP/1.1" 200 31900
186.155.82.45 - - [29/Oct/2022:11:28:01 -0500] "POST /sipse/faces/presentacion/financiero/solicitudProceso/listarSolicitudProceso.xhtml HTTP/1.1" 200 2389
172.22.2.4 - - [29/Oct/2022:11:26:23 -0500] "GET /BLA/boletinlegal/ HTTP/1.1" 200 54003
186.155.82.45 - - [29/Oct/2022:11:28:04 -0500] "POST /sipse/faces/presentacion/financiero/solicitudProceso/listarSolicitudProceso.xhtml HTTP/1.1" 200 5329
186.155.82.45 - - [29/Oct/2022:11:28:04 -0500] "POST /sipse/faces/presentacion/financiero/solicitudProceso/listarSolicitudProceso.xhtml HTTP/1.1" 200 2389
186.155.82.45 - - [29/Oct/2022:11:28:06 -0500] "POST /sipse/faces/presentacion/financiero/solicitudProceso/listarSolicitudProceso.xhtml HTTP/1.1" 200 5329
186.155.82.45 - - [29/Oct/2022:11:28:06 -0500] "POST /sipse/faces/presentacion/financiero/solicitudProceso/listarSolicitudProceso.xhtml HTTP/1.1" 200 2393
154.92.115.231 - - [29/Oct/2022:11:28:05 -0500] "GET /portaldeninos/ HTTP/1.1" 200 110197
186.155.82.45 - - [29/Oct/2022:11:28:11 -0500] "POST /sipse/faces/presentacion/financiero/solicitudProceso/listarSolicitudProceso.xhtml HTTP/1.1" 200 5329
154.92.115.231 - - [29/Oct/2022:11:28:11 -0500] "GET /portaldeninos/wp-admin/admin-ajax.php HTTP/1.1" 400 1
186.155.82.45 - - [29/Oct/2022:11:28:12 -0500] "POST /sipse/faces/presentacion/financiero/solicitudProceso/listarSolicitudProceso.xhtml HTTP/1.1" 200 2389
154.92.115.231 - - [29/Oct/2022:11:28:13 -0500] "GET /portaldeninos/wp-admin/admin-ajax.php?action=register HTTP/1.1" 400 1
186.155.82.45 - - [29/Oct/2022:11:28:14 -0500] "POST /sipse/faces/presentacion/financiero/solicitudProceso/listarSolicitudProceso.xhtml HTTP/1.1" 200 5329
186.155.82.45 - - [29/Oct/2022:11:28:15 -0500] "POST /sipse/faces/presentacion/financiero/solicitudProceso/listarSolicitudProceso.xhtml HTTP/1.1" 200 2393
186.155.82.45 - - [29/Oct/2022:11:28:17 -0500] "POST /sipse/faces/presentacion/financiero/solicitudProceso/listarSolicitudProceso.xhtml HTTP/1.1" 200 5329
186.155.82.45 - - [29/Oct/2022:11:28:17 -0500] "POST /sipse/faces/presentacion/financiero/solicitudProceso/listarSolicitudProceso.xhtml HTTP/1.1" 200 2393
201.245.192.253 - - [29/Oct/2022:11:28:34 -0500] "POST /kwsrmcab/Wsrmcab  HTTP/1.1" 200 213
161.35.141.13 - - [29/Oct/2022:11:28:52 -0500] "\x16\x03\x01" 400 226
161.35.141.13 - - [29/Oct/2022:11:28:54 -0500] "\x16\x03\x01" 400 226
161.35.141.13 - - [29/Oct/2022:11:28:55 -0500] "\x16\x03\x01" 400 226
216.245.221.92 - - [29/Oct/2022:11:29:53 -0500] "HEAD / HTTP/1.1" 200 -
77.88.5.162 - - [29/Oct/2022:11:30:41 -0500] "-" 408 -
66.249.73.167 - - [29/Oct/2022:11:31:25 -0500] "-" 408 -
201.245.192.253 - - [29/Oct/2022:11:31:47 -0500] "POST /kwsrmcab/Wsrmcab HTTP/1.1" 200 42307
201.245.192.253 - - [29/Oct/2022:11:31:50 -0500] "POST /kwsrmcab/Wsrmcab HTTP/1.1" 200 42427
190.68.153.221 - - [29/Oct/2022:11:32:51 -0500] "GET /BLA/resoluciones/RESOLUCIONES%202021/2903.pdf HTTP/1.1" 200 474460
190.68.153.221 - - [29/Oct/2022:11:32:51 -0500] "GET /favicon.ico HTTP/1.1" 200 7782
172.22.2.4 - - [29/Oct/2022:11:31:23 -0500] "HEAD /BLA/boletinlegal/ HTTP/1.1" 200 -
201.245.192.253 - - [29/Oct/2022:11:33:33 -0500] "POST /kwsrmcab/Wsrmcab  HTTP/1.1" 200 213
194.55.186.199 - - [29/Oct/2022:11:33:40 -0500] "POST /boaform/admin/formLogin HTTP/1.1" 404 1186
172.22.2.4 - - [29/Oct/2022:11:32:13 -0500] "GET /BLA/boletinlegal/ HTTP/1.1" 200 57725
216.245.221.92 - - [29/Oct/2022:11:34:53 -0500] "HEAD / HTTP/1.1" 200 -
186.28.83.7 - - [29/Oct/2022:11:38:08 -0500] "GET /galeria/galeria/jquery.fancybox.css?v=2.1.5 HTTP/1.1" 200 4895
186.28.83.7 - - [29/Oct/2022:11:38:08 -0500] "GET /galeria/galeria/jquery.fancybox.js?v=2.1.5 HTTP/1.1" 200 48706
186.28.83.7 - - [29/Oct/2022:11:38:08 -0500] "GET /BLA/boletinlegal/js/jquery.scrollShow.js HTTP/1.1" 200 4586
186.28.83.7 - - [29/Oct/2022:11:38:08 -0500] "GET /galeria/carrusel/Carrusel/jquery.thumbnailScroller.css HTTP/1.1" 200 2066
186.28.83.7 - - [29/Oct/2022:11:38:08 -0500] "GET /galeria/carrusel/Carrusel/jquery-ui-1.8.13.custom.min.js HTTP/1.1" 200 10800
186.28.83.7 - - [29/Oct/2022:11:38:08 -0500] "GET /galeria/carrusel/Carrusel/jquery.thumbnailScroller.js HTTP/1.1" 200 8157
186.28.83.7 - - [29/Oct/2022:11:38:09 -0500] "GET /galeria/nivo-slider/demo/banner.html HTTP/1.1" 200 5446
186.28.83.7 - - [29/Oct/2022:11:38:09 -0500] "GET /galeria/nivo-slider/themes/orman/orman.css HTTP/1.1" 200 2152
186.28.83.7 - - [29/Oct/2022:11:38:09 -0500] "GET /galeria/nivo-slider/themes/pascal/pascal.css HTTP/1.1" 200 2258
186.28.83.7 - - [29/Oct/2022:11:38:09 -0500] "GET /galeria/nivo-slider/themes/default/default.css HTTP/1.1" 200 1569
186.28.83.7 - - [29/Oct/2022:11:38:09 -0500] "GET /galeria/nivo-slider/nivo-slider.css HTTP/1.1" 200 1507
186.28.83.7 - - [29/Oct/2022:11:38:09 -0500] "GET /galeria/nivo-slider/demo/style.css HTTP/1.1" 200 2222
186.28.83.7 - - [29/Oct/2022:11:38:09 -0500] "GET /galeria/nivo-slider/demo/images/bannertortuga_optimized.jpg HTTP/1.1" 200 39066
186.28.83.7 - - [29/Oct/2022:11:38:09 -0500] "GET /galeria/nivo-slider/demo/scripts/jquery-1.7.1.min.js HTTP/1.1" 200 93868
186.28.83.7 - - [29/Oct/2022:11:38:09 -0500] "GET /galeria/nivo-slider/jquery.nivo.slider.pack.js HTTP/1.1" 200 11561
186.28.83.7 - - [29/Oct/2022:11:38:09 -0500] "GET /galeria/nivo-slider/demo/images/Bannermujeresquereverdecen.jpg HTTP/1.1" 200 46558
186.28.83.7 - - [29/Oct/2022:11:38:09 -0500] "GET /galeria/nivo-slider/demo/images/bannertrafico_optimized.jpg HTTP/1.1" 200 42578
186.28.83.7 - - [29/Oct/2022:11:38:09 -0500] "GET /galeria/nivo-slider/demo/images/Bannersedeelectronica.jpg HTTP/1.1" 200 40383
186.28.83.7 - - [29/Oct/2022:11:38:09 -0500] "GET /galeria/nivo-slider/demo/images/bannerrutaesperanza.jpg HTTP/1.1" 200 55560
186.28.83.7 - - [29/Oct/2022:11:38:09 -0500] "GET /galeria/nivo-slider/demo/images/4Simple_Slider.png HTTP/1.1" 200 11722
186.28.83.7 - - [29/Oct/2022:11:38:09 -0500] "GET /galeria/nivo-slider/themes/default/loading.gif HTTP/1.1" 200 1737
186.28.83.7 - - [29/Oct/2022:11:38:09 -0500] "GET /galeria/nivo-slider/demo/images/Bannerplasticosseptiembre.jpg HTTP/1.1" 200 45633
186.28.83.7 - - [29/Oct/2022:11:38:09 -0500] "GET /galeria/nivo-slider/demo/images/banneraire2021.jpg HTTP/1.1" 200 265101
186.28.83.7 - - [29/Oct/2022:11:38:09 -0500] "GET /galeria/nivo-slider/demo/images/bannerresiduoshospitalariosagosto.jpg HTTP/1.1" 200 36499
186.28.83.7 - - [29/Oct/2022:11:38:09 -0500] "GET /galeria/nivo-slider/demo/images/banneraccionpopularcrr68.jpg HTTP/1.1" 200 51887
186.28.83.7 - - [29/Oct/2022:11:38:09 -0500] "GET /galeria/nivo-slider/demo/images/banneraccionpopular.jpeg HTTP/1.1" 200 41707
186.28.83.7 - - [29/Oct/2022:11:38:09 -0500] "GET /galeria/nivo-slider/demo/images/bannerclases2021.jpg HTTP/1.1" 200 68230
186.28.83.7 - - [29/Oct/2022:11:38:09 -0500] "GET /galeria/nivo-slider/demo/images/bannercapacitacionesbogota.jpg HTTP/1.1" 200 42416
186.28.83.7 - - [29/Oct/2022:11:38:09 -0500] "GET /galeria/nivo-slider/demo/images/Bannerenvases.jpg HTTP/1.1" 200 37316
186.28.83.7 - - [29/Oct/2022:11:38:09 -0500] "GET /galeria/nivo-slider/demo/images/Bannervirtualescanales.jpg HTTP/1.1" 200 174544
186.28.83.7 - - [29/Oct/2022:11:38:09 -0500] "GET /galeria/nivo-slider/themes/default/arrows.png HTTP/1.1" 200 824
186.28.83.7 - - [29/Oct/2022:11:38:09 -0500] "GET /galeria/nivo-slider/themes/default/bullets.png HTTP/1.1" 200 1281
201.245.192.253 - - [29/Oct/2022:11:38:32 -0500] "POST /kwsrmcab/Wsrmcab  HTTP/1.1" 200 213
172.22.2.4 - - [29/Oct/2022:11:37:13 -0500] "HEAD /BLA/boletinlegal/ HTTP/1.1" 200 -
172.22.2.4 - - [29/Oct/2022:11:38:03 -0500] "GET /BLA/boletinlegal/ HTTP/1.1" 200 46728
216.245.221.92 - - [29/Oct/2022:11:39:53 -0500] "HEAD / HTTP/1.1" 200 -
186.155.82.45 - - [29/Oct/2022:11:40:59 -0500] "POST /sipse/faces/presentacion/financiero/solicitudProceso/listarSolicitudProceso.xhtml HTTP/1.1" 200 2393
186.155.82.45 - - [29/Oct/2022:11:41:08 -0500] "POST /sipse/faces/presentacion/financiero/solicitudProceso/listarSolicitudProceso.xhtml HTTP/1.1" 200 31900
186.155.82.45 - - [29/Oct/2022:11:41:09 -0500] "POST /sipse/faces/presentacion/financiero/solicitudProceso/listarSolicitudProceso.xhtml HTTP/1.1" 200 20557
186.155.82.45 - - [29/Oct/2022:11:41:11 -0500] "POST /sipse/faces/presentacion/financiero/solicitudProceso/listarSolicitudProceso.xhtml HTTP/1.1" 200 5332
186.155.82.45 - - [29/Oct/2022:11:41:11 -0500] "POST /sipse/faces/presentacion/financiero/solicitudProceso/listarSolicitudProceso.xhtml HTTP/1.1" 200 5332
186.155.82.45 - - [29/Oct/2022:11:41:15 -0500] "POST /sipse/faces/presentacion/financiero/solicitudProceso/listarSolicitudProceso.xhtml HTTP/1.1" 200 123322
186.155.82.45 - - [29/Oct/2022:11:41:15 -0500] "GET /sipse/faces/javax.faces.resource/theme.css?ln=primefaces-sipse HTTP/1.1" 304 -
186.155.82.45 - - [29/Oct/2022:11:41:15 -0500] "GET /sipse/faces/javax.faces.resource/primefaces.css?ln=primefaces&v=4.0 HTTP/1.1" 304 -
186.155.82.45 - - [29/Oct/2022:11:41:15 -0500] "GET /sipse/faces/javax.faces.resource/layout/layout.css?ln=primefaces&v=4.0 HTTP/1.1" 304 -
186.155.82.45 - - [29/Oct/2022:11:41:15 -0500] "GET /sipse/faces/javax.faces.resource/jquery/jquery.js?ln=primefaces&v=4.0 HTTP/1.1" 304 -
186.155.82.45 - - [29/Oct/2022:11:41:15 -0500] "GET /sipse/faces/javax.faces.resource/jquery/jquery-plugins.js?ln=primefaces&v=4.0 HTTP/1.1" 304 -
186.155.82.45 - - [29/Oct/2022:11:41:15 -0500] "GET /sipse/faces/javax.faces.resource/primefaces.js?ln=primefaces&v=4.0 HTTP/1.1" 304 -
186.155.82.45 - - [29/Oct/2022:11:41:15 -0500] "GET /sipse/faces/javax.faces.resource/layout/layout.js?ln=primefaces&v=4.0 HTTP/1.1" 304 -
201.245.192.253 - - [29/Oct/2022:11:41:46 -0500] "POST /kwsrmcab/Wsrmcab HTTP/1.1" 200 42307
201.245.192.253 - - [29/Oct/2022:11:41:49 -0500] "POST /kwsrmcab/Wsrmcab HTTP/1.1" 200 42427
191.102.117.217 - - [29/Oct/2022:11:42:19 -0500] "GET /forest/ HTTP/1.1" 200 12041
191.102.117.217 - - [29/Oct/2022:11:42:23 -0500] "POST /forest/index.php HTTP/1.1" 200 12268
186.155.82.45 - - [29/Oct/2022:11:43:02 -0500] "POST /sipse/faces/presentacion/financiero/solicitudProceso/consultarSolicitudProceso.xhtml HTTP/1.1" 200 320558
201.245.192.253 - - [29/Oct/2022:11:43:31 -0500] "POST /kwsrmcab/Wsrmcab  HTTP/1.1" 200 213
186.155.82.45 - - [29/Oct/2022:11:44:06 -0500] "POST /sipse/faces/presentacion/financiero/solicitudProceso/consultarSolicitudProceso.xhtml HTTP/1.1" 200 5471
186.155.82.45 - - [29/Oct/2022:11:44:38 -0500] "POST /sipse/faces/presentacion/financiero/solicitudProceso/consultarSolicitudProceso.xhtml HTTP/1.1" 200 39150
186.155.82.45 - - [29/Oct/2022:11:44:40 -0500] "GET /sipse/faces/javax.faces.resource/theme.css?ln=primefaces-sipse HTTP/1.1" 304 -
186.155.82.45 - - [29/Oct/2022:11:44:40 -0500] "GET /sipse/faces/javax.faces.resource/primefaces.css?ln=primefaces&v=4.0 HTTP/1.1" 304 -
186.155.82.45 - - [29/Oct/2022:11:44:40 -0500] "GET /sipse/faces/javax.faces.resource/layout/layout.css?ln=primefaces&v=4.0 HTTP/1.1" 304 -
186.155.82.45 - - [29/Oct/2022:11:44:40 -0500] "GET /sipse/faces/javax.faces.resource/jquery/jquery.js?ln=primefaces&v=4.0 HTTP/1.1" 304 -
186.155.82.45 - - [29/Oct/2022:11:44:40 -0500] "GET /sipse/faces/javax.faces.resource/jquery/jquery-plugins.js?ln=primefaces&v=4.0 HTTP/1.1" 304 -
