201.245.192.253 - - [29/Oct/2022:05:34:47 -0500] "POST /kwsrmcab/Wsrmcab  HTTP/1.1" 200 213
216.245.221.92 - - [29/Oct/2022:05:34:54 -0500] "HEAD / HTTP/1.1" 200 -
69.171.249.119 - - [29/Oct/2022:05:35:12 -0500] "GET /engativa-tendra-jornada-de-recoleccion-de-llantas-este-miercoles.html HTTP/1.1" 206 933
207.46.13.50 - - [29/Oct/2022:05:35:52 -0500] "GET /BLA/resoluciones/RESOLUCIONES%202019/2973.pdf HTTP/1.1" 304 -
172.22.2.4 - - [29/Oct/2022:05:35:34 -0500] "HEAD /BLA/boletinlegal/ HTTP/1.1" 200 -
172.22.2.4 - - [29/Oct/2022:05:36:24 -0500] "GET /BLA/boletinlegal/ HTTP/1.1" 200 56732
172.22.2.4 - - [29/Oct/2022:05:38:18 -0500] "GET /BLA/boletinlegal/robots.txt HTTP/1.1" 404 1018
172.22.2.4 - - [29/Oct/2022:05:38:18 -0500] "GET /BLA/boletinlegal/robots.txt HTTP/1.1" 404 1018
172.22.2.4 - - [29/Oct/2022:05:38:18 -0500] "GET /BLA/boletinlegal/99vt HTTP/1.1" 404 1018
172.22.2.4 - - [29/Oct/2022:05:38:18 -0500] "GET /BLA/boletinlegal/99vu HTTP/1.1" 404 1018
172.22.2.4 - - [29/Oct/2022:05:38:18 -0500] "GET /BLA/boletinlegal/ HTTP/1.1" 200 24523
172.22.2.4 - - [29/Oct/2022:05:38:20 -0500] "GET /BLA/boletinlegal/ HTTP/1.1" 200 36811
66.249.73.167 - - [29/Oct/2022:05:39:41 -0500] "-" 408 -
201.245.192.253 - - [29/Oct/2022:05:39:45 -0500] "POST /kwsrmcab/Wsrmcab  HTTP/1.1" 200 213
216.245.221.92 - - [29/Oct/2022:05:39:54 -0500] "HEAD / HTTP/1.1" 200 -
207.46.13.217 - - [29/Oct/2022:05:41:03 -0500] "GET /portaldeninos/wp-content/uploads/2018/06/infantil-5.jpg HTTP/1.1" 200 127124
201.245.192.253 - - [29/Oct/2022:05:41:48 -0500] "GET /kwsrmcab/Wsrmcab?wsdl HTTP/1.1" 200 6948
201.245.192.253 - - [29/Oct/2022:05:41:48 -0500] "POST /kwsrmcab/Wsrmcab HTTP/1.1" 200 41937
201.245.192.253 - - [29/Oct/2022:05:41:51 -0500] "POST /kwsrmcab/Wsrmcab HTTP/1.1" 200 42136
157.55.39.201 - - [29/Oct/2022:05:42:24 -0500] "GET /BLA/resoluciones/AUTOS%202022/4508.pdf HTTP/1.1" 200 380609
172.22.2.4 - - [29/Oct/2022:05:41:24 -0500] "HEAD /BLA/boletinlegal/ HTTP/1.1" 200 -
40.77.167.69 - - [29/Oct/2022:05:43:06 -0500] "GET /images/atrapamoscas-cornidorado_optimized.jpeg HTTP/1.1" 200 28085
66.220.149.10 - - [29/Oct/2022:05:43:31 -0500] "GET /images/jardines-verticales-plantas-24-mayo.jpg HTTP/1.1" 200 148288
172.22.2.4 - - [29/Oct/2022:05:42:14 -0500] "GET /BLA/boletinlegal/ HTTP/1.1" 200 57375
201.245.192.253 - - [29/Oct/2022:05:44:44 -0500] "POST /kwsrmcab/Wsrmcab  HTTP/1.1" 200 213
216.245.221.92 - - [29/Oct/2022:05:44:54 -0500] "HEAD / HTTP/1.1" 200 -
40.77.167.69 - - [29/Oct/2022:05:45:56 -0500] "GET /portaldeninos/humedal-santa-maria-del-lago/ HTTP/1.1" 200 88988
66.249.73.167 - - [29/Oct/2022:05:45:59 -0500] "-" 408 -
40.77.167.69 - - [29/Oct/2022:05:46:16 -0500] "GET /portaldeninos/wp-content/themes/betheme/fonts/mfn-icons.ttf?93978679 HTTP/1.1" 200 124684
172.22.2.4 - - [29/Oct/2022:05:46:39 -0500] "GET /BLA/boletinlegal/Circulares/2011/Circular%20No.%201%20del%2012%20de%20Abril%20de%202011.pdf HTTP/1.1" 200 366269
172.22.2.4 - - [29/Oct/2022:05:47:14 -0500] "HEAD /BLA/boletinlegal/ HTTP/1.1" 200 -
201.245.192.253 - - [29/Oct/2022:05:49:43 -0500] "POST /kwsrmcab/Wsrmcab  HTTP/1.1" 200 213
172.22.2.4 - - [29/Oct/2022:05:48:05 -0500] "GET /BLA/boletinlegal/ HTTP/1.1" 200 58163
216.245.221.92 - - [29/Oct/2022:05:49:54 -0500] "HEAD / HTTP/1.1" 200 -
103.133.111.120 - - [29/Oct/2022:05:51:15 -0500] "GET / HTTP/1.1" 200 319
193.142.146.35 - - [29/Oct/2022:05:51:43 -0500] "GET / HTTP/1.1" 200 319
193.142.146.35 - - [29/Oct/2022:05:51:43 -0500] "POST /HNAP1/ HTTP/1.1" 404 1018
103.133.111.120 - - [29/Oct/2022:05:51:31 -0500] "GET / HTTP/1.1" 200 319
103.133.111.120 - - [29/Oct/2022:05:51:47 -0500] "GET /wp-includes/wlwmanifest.xml HTTP/1.1" 404 1018
185.119.81.106 - - [29/Oct/2022:05:52:04 -0500] "GET /portaldeninos/wp-login.php HTTP/1.1" 200 2592
185.119.81.106 - - [29/Oct/2022:05:52:05 -0500] "POST /portaldeninos/wp-login.php HTTP/1.1" 200 3670
103.133.111.120 - - [29/Oct/2022:05:52:03 -0500] "GET /xmlrpc.php?rsd HTTP/1.1" 404 1018
66.249.73.167 - - [29/Oct/2022:05:52:32 -0500] "-" 408 -
103.133.111.120 - - [29/Oct/2022:05:52:19 -0500] "GET / HTTP/1.1" 200 319
173.252.79.11 - - [29/Oct/2022:05:52:50 -0500] "GET /images/eficiencia-energetica-11-marzo.jpg HTTP/1.1" 200 46478
103.133.111.120 - - [29/Oct/2022:05:52:35 -0500] "GET /blog/wp-includes/wlwmanifest.xml HTTP/1.1" 404 1018
103.133.111.120 - - [29/Oct/2022:05:52:52 -0500] "GET /web/wp-includes/wlwmanifest.xml HTTP/1.1" 404 1018
103.133.111.120 - - [29/Oct/2022:05:53:08 -0500] "GET /wordpress/wp-includes/wlwmanifest.xml HTTP/1.1" 404 1018
69.171.249.116 - - [29/Oct/2022:05:53:36 -0500] "GET /secretaria-de-ambiente-y-sena-abren-curso-de-jardines-verticales.html HTTP/1.1" 206 734
69.171.249.8 - - [29/Oct/2022:05:53:37 -0500] "GET /bogota-destacada-en-america-latina-por-su-accion-climatica.html HTTP/1.1" 206 768
103.133.111.120 - - [29/Oct/2022:05:53:24 -0500] "GET /website/wp-includes/wlwmanifest.xml HTTP/1.1" 404 1018
103.133.111.120 - - [29/Oct/2022:05:53:40 -0500] "GET /wp/wp-includes/wlwmanifest.xml HTTP/1.1" 404 1018
103.133.111.120 - - [29/Oct/2022:05:53:56 -0500] "GET /news/wp-includes/wlwmanifest.xml HTTP/1.1" 404 1018
103.133.111.120 - - [29/Oct/2022:05:54:12 -0500] "GET /2018/wp-includes/wlwmanifest.xml HTTP/1.1" 404 1018
201.245.192.253 - - [29/Oct/2022:05:54:42 -0500] "POST /kwsrmcab/Wsrmcab  HTTP/1.1" 200 213
172.22.2.4 - - [29/Oct/2022:05:53:04 -0500] "HEAD /BLA/boletinlegal/ HTTP/1.1" 200 -
103.133.111.120 - - [29/Oct/2022:05:54:28 -0500] "GET /2019/wp-includes/wlwmanifest.xml HTTP/1.1" 404 1018
216.245.221.92 - - [29/Oct/2022:05:54:54 -0500] "HEAD / HTTP/1.1" 200 -
103.133.111.120 - - [29/Oct/2022:05:54:44 -0500] "GET /shop/wp-includes/wlwmanifest.xml HTTP/1.1" 404 1018
103.133.111.120 - - [29/Oct/2022:05:55:00 -0500] "GET /wp1/wp-includes/wlwmanifest.xml HTTP/1.1" 404 1018
103.133.111.120 - - [29/Oct/2022:05:55:17 -0500] "GET /test/wp-includes/wlwmanifest.xml HTTP/1.1" 404 1018
172.22.2.4 - - [29/Oct/2022:05:53:54 -0500] "GET /BLA/boletinlegal/ HTTP/1.1" 200 59319
172.22.2.4 - - [29/Oct/2022:05:55:44 -0500] "GET /BLA/boletinlegal/Circulares/2012/Circular%20No.%205%20del%2027%20de%20Abril%20de%202012.pdf HTTP/1.1" 304 -
103.133.111.120 - - [29/Oct/2022:05:55:33 -0500] "GET /media/wp-includes/wlwmanifest.xml HTTP/1.1" 404 1018
103.133.111.120 - - [29/Oct/2022:05:55:49 -0500] "GET /wp2/wp-includes/wlwmanifest.xml HTTP/1.1" 404 1018
103.133.111.120 - - [29/Oct/2022:05:56:05 -0500] "GET /site/wp-includes/wlwmanifest.xml HTTP/1.1" 404 1018
103.133.111.120 - - [29/Oct/2022:05:56:21 -0500] "GET /cms/wp-includes/wlwmanifest.xml HTTP/1.1" 404 1018
103.133.111.120 - - [29/Oct/2022:05:56:37 -0500] "GET /sito/wp-includes/wlwmanifest.xml HTTP/1.1" 404 1018
201.245.192.253 - - [29/Oct/2022:05:59:41 -0500] "POST /kwsrmcab/Wsrmcab  HTTP/1.1" 200 213
216.245.221.92 - - [29/Oct/2022:05:59:54 -0500] "HEAD / HTTP/1.1" 200 -
172.22.2.4 - - [29/Oct/2022:05:58:54 -0500] "HEAD /BLA/boletinlegal/ HTTP/1.1" 200 -
172.22.2.4 - - [29/Oct/2022:05:59:44 -0500] "GET /BLA/boletinlegal/ HTTP/1.1" 200 57725
40.77.190.234 - - [29/Oct/2022:06:02:13 -0500] "GET /portaldeninos/wp-content/themes/betheme/fonts/mfn-icons.woff?93978679 HTTP/1.1" 200 80932
201.245.192.253 - - [29/Oct/2022:06:04:40 -0500] "POST /kwsrmcab/Wsrmcab  HTTP/1.1" 200 213
216.245.221.92 - - [29/Oct/2022:06:04:54 -0500] "HEAD / HTTP/1.1" 200 -
172.22.2.4 - - [29/Oct/2022:06:04:44 -0500] "HEAD /BLA/boletinlegal/ HTTP/1.1" 200 -
45.79.220.137 - - [29/Oct/2022:06:07:13 -0500] "GET /.env HTTP/1.1" 404 1049
45.79.220.137 - - [29/Oct/2022:06:07:13 -0500] "GET /wp-content/ HTTP/1.1" 404 1049
172.22.2.4 - - [29/Oct/2022:06:05:34 -0500] "GET /BLA/boletinlegal/ HTTP/1.1" 200 59828
45.79.220.137 - - [29/Oct/2022:06:07:14 -0500] "GET /.env HTTP/1.1" 404 1043
45.79.220.137 - - [29/Oct/2022:06:07:14 -0500] "GET /wp-content/ HTTP/1.1" 404 1043
201.245.192.253 - - [29/Oct/2022:06:09:38 -0500] "POST /kwsrmcab/Wsrmcab  HTTP/1.1" 200 213
216.245.221.92 - - [29/Oct/2022:06:09:54 -0500] "HEAD / HTTP/1.1" 200 -
172.22.2.4 - - [29/Oct/2022:06:10:34 -0500] "HEAD /BLA/boletinlegal/ HTTP/1.1" 200 -
172.22.2.4 - - [29/Oct/2022:06:11:24 -0500] "GET /BLA/boletinlegal/ HTTP/1.1" 200 54356
201.245.192.253 - - [29/Oct/2022:06:14:38 -0500] "POST /kwsrmcab/Wsrmcab  HTTP/1.1" 200 213
216.245.221.92 - - [29/Oct/2022:06:14:54 -0500] "HEAD / HTTP/1.1" 200 -
172.22.2.4 - - [29/Oct/2022:06:16:24 -0500] "HEAD /BLA/boletinlegal/ HTTP/1.1" 200 -
172.22.2.4 - - [29/Oct/2022:06:17:14 -0500] "GET /BLA/boletinlegal/ HTTP/1.1" 200 57375
201.245.192.253 - - [29/Oct/2022:06:19:36 -0500] "POST /kwsrmcab/Wsrmcab  HTTP/1.1" 200 213
216.245.221.92 - - [29/Oct/2022:06:19:53 -0500] "HEAD / HTTP/1.1" 200 -
201.245.192.253 - - [29/Oct/2022:06:21:48 -0500] "POST /kwsrmcab/Wsrmcab HTTP/1.1" 200 42126
201.245.192.253 - - [29/Oct/2022:06:21:50 -0500] "POST /kwsrmcab/Wsrmcab HTTP/1.1" 200 42162
172.22.2.4 - - [29/Oct/2022:06:23:52 -0500] "GET /BLA/boletinlegal/actos.php HTTP/1.1" 200 9566
172.22.2.4 - - [29/Oct/2022:06:22:14 -0500] "HEAD /BLA/boletinlegal/ HTTP/1.1" 200 -
201.245.192.253 - - [29/Oct/2022:06:24:37 -0500] "POST /kwsrmcab/Wsrmcab  HTTP/1.1" 200 213
172.22.2.4 - - [29/Oct/2022:06:23:04 -0500] "GET /BLA/boletinlegal/ HTTP/1.1" 200 59828
216.245.221.92 - - [29/Oct/2022:06:24:53 -0500] "HEAD / HTTP/1.1" 200 -
40.77.167.69 - - [29/Oct/2022:06:25:10 -0500] "GET /portaldeninos/wp-content/uploads/2020/01/Fauna-gif.gif HTTP/1.1" 200 3779027
66.249.73.170 - - [29/Oct/2022:06:27:23 -0500] "-" 408 -
155.138.203.91 - - [29/Oct/2022:06:27:53 -0500] "GET /.env HTTP/1.1" 404 1018
155.138.203.91 - - [29/Oct/2022:06:27:53 -0500] "POST / HTTP/1.1" 200 319
201.245.192.253 - - [29/Oct/2022:06:29:36 -0500] "POST /kwsrmcab/Wsrmcab  HTTP/1.1" 200 213
172.22.2.4 - - [29/Oct/2022:06:28:04 -0500] "HEAD /BLA/boletinlegal/ HTTP/1.1" 200 -
216.245.221.92 - - [29/Oct/2022:06:29:53 -0500] "HEAD / HTTP/1.1" 200 -
172.22.2.4 - - [29/Oct/2022:06:28:54 -0500] "GET /BLA/boletinlegal/ HTTP/1.1" 200 57375
172.22.2.4 - - [29/Oct/2022:06:30:36 -0500] "GET /BLA/boletinlegal/actuator/gateway/routes HTTP/1.1" 404 1018
201.245.192.253 - - [29/Oct/2022:06:31:47 -0500] "POST /kwsrmcab/Wsrmcab HTTP/1.1" 200 42126
201.245.192.253 - - [29/Oct/2022:06:31:50 -0500] "POST /kwsrmcab/Wsrmcab HTTP/1.1" 200 42162
40.77.167.69 - - [29/Oct/2022:06:33:31 -0500] "GET /privados-y-distrito-inauguraron-vivero-en-la-reserva-van-der-hammen-con-capacidad-para-producir-50-mil-arboles-al-ano.html HTTP/1.1" 200 899
201.245.192.253 - - [29/Oct/2022:06:34:34 -0500] "POST /kwsrmcab/Wsrmcab  HTTP/1.1" 200 213
216.245.221.92 - - [29/Oct/2022:06:34:53 -0500] "HEAD / HTTP/1.1" 200 -
172.22.2.4 - - [29/Oct/2022:06:33:54 -0500] "HEAD /BLA/boletinlegal/ HTTP/1.1" 200 -
172.22.2.4 - - [29/Oct/2022:06:34:44 -0500] "GET /BLA/boletinlegal/ HTTP/1.1" 200 56732
201.245.192.253 - - [29/Oct/2022:06:39:34 -0500] "POST /kwsrmcab/Wsrmcab  HTTP/1.1" 200 213
157.55.39.69 - - [29/Oct/2022:06:39:44 -0500] "GET /BLA/resoluciones/RESOLUCIONES%202022/2223.pdf HTTP/1.1" 200 1293906
216.245.221.92 - - [29/Oct/2022:06:39:53 -0500] "HEAD / HTTP/1.1" 200 -
172.22.2.4 - - [29/Oct/2022:06:39:44 -0500] "HEAD /BLA/boletinlegal/ HTTP/1.1" 200 -
69.171.251.118 - - [29/Oct/2022:06:41:47 -0500] "GET /images/pieza-grafica-semana-ambiental-30.jpg HTTP/1.1" 200 38850
201.245.192.253 - - [29/Oct/2022:06:41:48 -0500] "POST /kwsrmcab/Wsrmcab HTTP/1.1" 200 42126
201.245.192.253 - - [29/Oct/2022:06:41:50 -0500] "POST /kwsrmcab/Wsrmcab HTTP/1.1" 200 42162
172.22.2.4 - - [29/Oct/2022:06:40:34 -0500] "GET /BLA/boletinlegal/ HTTP/1.1" 200 57725
201.245.192.253 - - [29/Oct/2022:06:44:33 -0500] "POST /kwsrmcab/Wsrmcab  HTTP/1.1" 200 213
173.252.95.116 - - [29/Oct/2022:06:44:37 -0500] "GET /images/Acuerdos1.jpeg HTTP/1.1" 200 59889
216.245.221.92 - - [29/Oct/2022:06:44:53 -0500] "HEAD / HTTP/1.1" 200 -
186.145.91.234 - - [29/Oct/2022:06:45:25 -0500] "POST /sipse/faces/presentacion/financiero/solicitudProceso/listarSolicitudProceso.xhtml HTTP/1.1" 302 -
186.145.91.234 - - [29/Oct/2022:06:45:25 -0500] "GET /sipse/faces/autenticacion.xhtml HTTP/1.1" 200 1099
186.145.91.234 - - [29/Oct/2022:06:45:25 -0500] "POST /sipse/faces/presentacion/financiero/solicitudProceso/listarSolicitudProceso.xhtml HTTP/1.1" 302 -
186.145.91.234 - - [29/Oct/2022:06:45:26 -0500] "GET /sipse/faces/autenticacion.xhtml HTTP/1.1" 200 1099
186.145.91.234 - - [29/Oct/2022:06:45:26 -0500] "POST /sipse/faces/presentacion/financiero/solicitudProceso/listarSolicitudProceso.xhtml HTTP/1.1" 302 -
186.145.91.234 - - [29/Oct/2022:06:45:26 -0500] "GET /sipse/faces/autenticacion.xhtml HTTP/1.1" 200 1099
186.145.91.234 - - [29/Oct/2022:06:45:26 -0500] "POST /sipse/faces/presentacion/financiero/solicitudProceso/listarSolicitudProceso.xhtml HTTP/1.1" 302 -
186.145.91.234 - - [29/Oct/2022:06:45:27 -0500] "GET /sipse/faces/autenticacion.xhtml HTTP/1.1" 200 1099
186.145.91.234 - - [29/Oct/2022:06:45:27 -0500] "POST /sipse/faces/presentacion/financiero/solicitudProceso/listarSolicitudProceso.xhtml HTTP/1.1" 302 -
186.145.91.234 - - [29/Oct/2022:06:45:27 -0500] "GET /sipse/faces/autenticacion.xhtml HTTP/1.1" 200 1099
186.145.91.234 - - [29/Oct/2022:06:45:27 -0500] "POST /sipse/faces/presentacion/financiero/solicitudProceso/listarSolicitudProceso.xhtml HTTP/1.1" 302 -
186.145.91.234 - - [29/Oct/2022:06:45:27 -0500] "GET /sipse/faces/autenticacion.xhtml HTTP/1.1" 200 1099
186.145.91.234 - - [29/Oct/2022:06:45:28 -0500] "POST /sipse/faces/presentacion/financiero/solicitudProceso/listarSolicitudProceso.xhtml HTTP/1.1" 302 -
186.145.91.234 - - [29/Oct/2022:06:45:28 -0500] "GET /sipse/faces/autenticacion.xhtml HTTP/1.1" 200 1099
186.145.91.234 - - [29/Oct/2022:06:45:28 -0500] "POST /sipse/faces/presentacion/financiero/solicitudProceso/listarSolicitudProceso.xhtml HTTP/1.1" 302 -
186.145.91.234 - - [29/Oct/2022:06:45:28 -0500] "GET /sipse/faces/autenticacion.xhtml HTTP/1.1" 200 1099
186.145.91.234 - - [29/Oct/2022:06:45:29 -0500] "POST /sipse/faces/presentacion/financiero/solicitudProceso/listarSolicitudProceso.xhtml HTTP/1.1" 302 -
186.145.91.234 - - [29/Oct/2022:06:45:29 -0500] "GET /sipse/faces/autenticacion.xhtml HTTP/1.1" 200 1099
186.145.91.234 - - [29/Oct/2022:06:45:29 -0500] "POST /sipse/faces/presentacion/financiero/solicitudProceso/listarSolicitudProceso.xhtml HTTP/1.1" 302 -
186.145.91.234 - - [29/Oct/2022:06:45:29 -0500] "GET /sipse/faces/autenticacion.xhtml HTTP/1.1" 200 1099
186.145.91.234 - - [29/Oct/2022:06:45:29 -0500] "POST /sipse/faces/presentacion/financiero/solicitudProceso/listarSolicitudProceso.xhtml HTTP/1.1" 302 -
186.145.91.234 - - [29/Oct/2022:06:45:29 -0500] "GET /sipse/faces/autenticacion.xhtml HTTP/1.1" 200 1099
186.145.91.234 - - [29/Oct/2022:06:45:31 -0500] "POST /sipse/faces/presentacion/financiero/solicitudProceso/listarSolicitudProceso.xhtml HTTP/1.1" 302 -
186.145.91.234 - - [29/Oct/2022:06:45:31 -0500] "GET /sipse/faces/autenticacion.xhtml HTTP/1.1" 200 1099
186.145.91.234 - - [29/Oct/2022:06:45:33 -0500] "POST /sipse/faces/presentacion/financiero/solicitudProceso/listarSolicitudProceso.xhtml HTTP/1.1" 302 -
186.145.91.234 - - [29/Oct/2022:06:45:33 -0500] "GET /sipse/faces/autenticacion.xhtml HTTP/1.1" 200 1099
186.145.91.234 - - [29/Oct/2022:06:45:33 -0500] "POST /sipse/faces/presentacion/financiero/solicitudProceso/listarSolicitudProceso.xhtml HTTP/1.1" 302 -
186.145.91.234 - - [29/Oct/2022:06:45:34 -0500] "GET /sipse/faces/autenticacion.xhtml HTTP/1.1" 200 1099
186.145.91.234 - - [29/Oct/2022:06:45:34 -0500] "POST /sipse/faces/presentacion/financiero/solicitudProceso/listarSolicitudProceso.xhtml HTTP/1.1" 302 -
186.145.91.234 - - [29/Oct/2022:06:45:34 -0500] "GET /sipse/faces/autenticacion.xhtml HTTP/1.1" 200 1099
186.145.91.234 - - [29/Oct/2022:06:45:34 -0500] "POST /sipse/faces/presentacion/financiero/solicitudProceso/listarSolicitudProceso.xhtml HTTP/1.1" 302 -
186.145.91.234 - - [29/Oct/2022:06:45:34 -0500] "GET /sipse/faces/autenticacion.xhtml HTTP/1.1" 200 1099
186.145.91.234 - - [29/Oct/2022:06:45:35 -0500] "POST /sipse/faces/presentacion/financiero/solicitudProceso/listarSolicitudProceso.xhtml HTTP/1.1" 302 -
186.145.91.234 - - [29/Oct/2022:06:45:35 -0500] "GET /sipse/faces/autenticacion.xhtml HTTP/1.1" 200 1099
186.145.91.234 - - [29/Oct/2022:06:45:35 -0500] "POST /sipse/faces/presentacion/financiero/solicitudProceso/listarSolicitudProceso.xhtml HTTP/1.1" 302 -
186.145.91.234 - - [29/Oct/2022:06:45:35 -0500] "GET /sipse/faces/autenticacion.xhtml HTTP/1.1" 200 1099
186.145.91.234 - - [29/Oct/2022:06:45:35 -0500] "POST /sipse/faces/presentacion/financiero/solicitudProceso/listarSolicitudProceso.xhtml HTTP/1.1" 302 -
186.145.91.234 - - [29/Oct/2022:06:45:35 -0500] "GET /sipse/faces/autenticacion.xhtml HTTP/1.1" 200 1099
186.145.91.234 - - [29/Oct/2022:06:45:35 -0500] "POST /sipse/faces/presentacion/financiero/solicitudProceso/listarSolicitudProceso.xhtml HTTP/1.1" 302 -
186.145.91.234 - - [29/Oct/2022:06:45:35 -0500] "GET /sipse/faces/autenticacion.xhtml HTTP/1.1" 200 1099
186.145.91.234 - - [29/Oct/2022:06:45:36 -0500] "POST /sipse/faces/presentacion/financiero/solicitudProceso/listarSolicitudProceso.xhtml HTTP/1.1" 302 -
186.145.91.234 - - [29/Oct/2022:06:45:36 -0500] "GET /sipse/faces/autenticacion.xhtml HTTP/1.1" 200 1099
186.145.91.234 - - [29/Oct/2022:06:45:36 -0500] "POST /sipse/faces/presentacion/financiero/solicitudProceso/listarSolicitudProceso.xhtml HTTP/1.1" 302 -
186.145.91.234 - - [29/Oct/2022:06:45:36 -0500] "GET /sipse/faces/autenticacion.xhtml HTTP/1.1" 200 1099
186.145.91.234 - - [29/Oct/2022:06:45:36 -0500] "POST /sipse/faces/presentacion/financiero/solicitudProceso/listarSolicitudProceso.xhtml HTTP/1.1" 302 -
186.145.91.234 - - [29/Oct/2022:06:45:36 -0500] "GET /sipse/faces/autenticacion.xhtml HTTP/1.1" 200 1099
186.145.91.234 - - [29/Oct/2022:06:45:37 -0500] "POST /sipse/faces/presentacion/financiero/solicitudProceso/listarSolicitudProceso.xhtml HTTP/1.1" 302 -
186.145.91.234 - - [29/Oct/2022:06:45:38 -0500] "GET /sipse/faces/autenticacion.xhtml HTTP/1.1" 200 1099
186.145.91.234 - - [29/Oct/2022:06:45:38 -0500] "POST /sipse/faces/presentacion/financiero/solicitudProceso/listarSolicitudProceso.xhtml HTTP/1.1" 302 -
186.145.91.234 - - [29/Oct/2022:06:45:38 -0500] "GET /sipse/faces/autenticacion.xhtml HTTP/1.1" 200 1099
186.145.91.234 - - [29/Oct/2022:06:45:38 -0500] "POST /sipse/faces/presentacion/financiero/solicitudProceso/listarSolicitudProceso.xhtml HTTP/1.1" 302 -
186.145.91.234 - - [29/Oct/2022:06:45:39 -0500] "GET /sipse/faces/autenticacion.xhtml HTTP/1.1" 200 1099
186.145.91.234 - - [29/Oct/2022:06:45:39 -0500] "POST /sipse/faces/presentacion/financiero/solicitudProceso/listarSolicitudProceso.xhtml HTTP/1.1" 302 -
186.145.91.234 - - [29/Oct/2022:06:45:39 -0500] "GET /sipse/faces/autenticacion.xhtml HTTP/1.1" 200 1099
186.145.91.234 - - [29/Oct/2022:06:45:40 -0500] "POST /sipse/faces/presentacion/financiero/solicitudProceso/listarSolicitudProceso.xhtml HTTP/1.1" 302 -
186.145.91.234 - - [29/Oct/2022:06:45:40 -0500] "GET /sipse/faces/autenticacion.xhtml HTTP/1.1" 200 1099
186.145.91.234 - - [29/Oct/2022:06:45:40 -0500] "POST /sipse/faces/presentacion/financiero/solicitudProceso/listarSolicitudProceso.xhtml HTTP/1.1" 302 -
186.145.91.234 - - [29/Oct/2022:06:45:40 -0500] "GET /sipse/faces/autenticacion.xhtml HTTP/1.1" 200 1099
186.145.91.234 - - [29/Oct/2022:06:45:41 -0500] "POST /sipse/faces/presentacion/financiero/solicitudProceso/listarSolicitudProceso.xhtml HTTP/1.1" 302 -
186.145.91.234 - - [29/Oct/2022:06:45:41 -0500] "GET /sipse/faces/autenticacion.xhtml HTTP/1.1" 200 1099
186.145.91.234 - - [29/Oct/2022:06:45:41 -0500] "POST /sipse/faces/presentacion/financiero/solicitudProceso/listarSolicitudProceso.xhtml HTTP/1.1" 302 -
186.145.91.234 - - [29/Oct/2022:06:45:42 -0500] "GET /sipse/faces/autenticacion.xhtml HTTP/1.1" 200 1099
186.145.91.234 - - [29/Oct/2022:06:45:42 -0500] "POST /sipse/faces/presentacion/financiero/solicitudProceso/listarSolicitudProceso.xhtml HTTP/1.1" 302 -
186.145.91.234 - - [29/Oct/2022:06:45:42 -0500] "GET /sipse/faces/autenticacion.xhtml HTTP/1.1" 200 1099
186.145.91.234 - - [29/Oct/2022:06:45:42 -0500] "POST /sipse/faces/presentacion/financiero/solicitudProceso/listarSolicitudProceso.xhtml HTTP/1.1" 302 -
186.145.91.234 - - [29/Oct/2022:06:45:43 -0500] "GET /sipse/faces/autenticacion.xhtml HTTP/1.1" 200 1099
186.145.91.234 - - [29/Oct/2022:06:45:43 -0500] "POST /sipse/faces/presentacion/financiero/solicitudProceso/listarSolicitudProceso.xhtml HTTP/1.1" 302 -
186.145.91.234 - - [29/Oct/2022:06:45:43 -0500] "GET /sipse/faces/autenticacion.xhtml HTTP/1.1" 200 1099
186.145.91.234 - - [29/Oct/2022:06:45:44 -0500] "POST /sipse/faces/presentacion/financiero/solicitudProceso/listarSolicitudProceso.xhtml HTTP/1.1" 302 -
186.145.91.234 - - [29/Oct/2022:06:45:45 -0500] "GET /sipse/faces/autenticacion.xhtml HTTP/1.1" 200 1099
186.145.91.234 - - [29/Oct/2022:06:45:45 -0500] "POST /sipse/faces/presentacion/financiero/solicitudProceso/listarSolicitudProceso.xhtml HTTP/1.1" 302 -
186.145.91.234 - - [29/Oct/2022:06:45:45 -0500] "GET /sipse/faces/autenticacion.xhtml HTTP/1.1" 200 1099
186.145.91.234 - - [29/Oct/2022:06:45:45 -0500] "POST /sipse/faces/presentacion/financiero/solicitudProceso/listarSolicitudProceso.xhtml HTTP/1.1" 302 -
186.145.91.234 - - [29/Oct/2022:06:45:46 -0500] "GET /sipse/faces/autenticacion.xhtml HTTP/1.1" 200 1099
186.145.91.234 - - [29/Oct/2022:06:45:46 -0500] "POST /sipse/faces/presentacion/financiero/solicitudProceso/listarSolicitudProceso.xhtml HTTP/1.1" 302 -
186.145.91.234 - - [29/Oct/2022:06:45:46 -0500] "GET /sipse/faces/autenticacion.xhtml HTTP/1.1" 200 1099
186.145.91.234 - - [29/Oct/2022:06:45:46 -0500] "POST /sipse/faces/presentacion/financiero/solicitudProceso/listarSolicitudProceso.xhtml HTTP/1.1" 302 -
186.145.91.234 - - [29/Oct/2022:06:45:47 -0500] "GET /sipse/faces/autenticacion.xhtml HTTP/1.1" 200 1099
186.145.91.234 - - [29/Oct/2022:06:45:47 -0500] "POST /sipse/faces/presentacion/financiero/solicitudProceso/listarSolicitudProceso.xhtml HTTP/1.1" 302 -
186.145.91.234 - - [29/Oct/2022:06:45:47 -0500] "GET /sipse/faces/autenticacion.xhtml HTTP/1.1" 200 1099
186.145.91.234 - - [29/Oct/2022:06:45:48 -0500] "POST /sipse/faces/presentacion/financiero/solicitudProceso/listarSolicitudProceso.xhtml HTTP/1.1" 302 -
186.145.91.234 - - [29/Oct/2022:06:45:48 -0500] "GET /sipse/faces/autenticacion.xhtml HTTP/1.1" 200 1099
186.145.91.234 - - [29/Oct/2022:06:45:48 -0500] "POST /sipse/faces/presentacion/financiero/solicitudProceso/listarSolicitudProceso.xhtml HTTP/1.1" 302 -
186.145.91.234 - - [29/Oct/2022:06:45:48 -0500] "GET /sipse/faces/autenticacion.xhtml HTTP/1.1" 200 1099
186.145.91.234 - - [29/Oct/2022:06:45:49 -0500] "POST /sipse/faces/presentacion/financiero/solicitudProceso/listarSolicitudProceso.xhtml HTTP/1.1" 302 -
186.145.91.234 - - [29/Oct/2022:06:45:49 -0500] "GET /sipse/faces/autenticacion.xhtml HTTP/1.1" 200 1099
186.145.91.234 - - [29/Oct/2022:06:45:49 -0500] "POST /sipse/faces/presentacion/financiero/solicitudProceso/listarSolicitudProceso.xhtml HTTP/1.1" 302 -
186.145.91.234 - - [29/Oct/2022:06:45:49 -0500] "GET /sipse/faces/autenticacion.xhtml HTTP/1.1" 200 1099
186.145.91.234 - - [29/Oct/2022:06:45:50 -0500] "POST /sipse/faces/presentacion/financiero/solicitudProceso/listarSolicitudProceso.xhtml HTTP/1.1" 302 -
186.145.91.234 - - [29/Oct/2022:06:45:50 -0500] "GET /sipse/faces/autenticacion.xhtml HTTP/1.1" 200 1099
186.145.91.234 - - [29/Oct/2022:06:45:56 -0500] "GET /sipse/faces/faces/autenticacion.xhtml HTTP/1.1" 200 12181
186.145.91.234 - - [29/Oct/2022:06:45:57 -0500] "GET /sipse/js/disable_browser_buttons.js HTTP/1.1" 304 -
186.145.91.234 - - [29/Oct/2022:06:45:57 -0500] "GET /sipse/js/funciones.js HTTP/1.1" 304 -
186.145.91.234 - - [29/Oct/2022:06:45:57 -0500] "GET /sipse/css/custom_css_sg.css HTTP/1.1" 304 -
186.145.91.234 - - [29/Oct/2022:06:45:57 -0500] "GET /sipse/faces/javax.faces.resource/primefaces.css?ln=primefaces&v=4.0 HTTP/1.1" 304 -
186.145.91.234 - - [29/Oct/2022:06:45:57 -0500] "GET /sipse/faces/javax.faces.resource/theme.css?ln=primefaces-sipse HTTP/1.1" 304 -
186.145.91.234 - - [29/Oct/2022:06:45:57 -0500] "GET /sipse/faces/javax.faces.resource/layout/layout.css?ln=primefaces&v=4.0 HTTP/1.1" 304 -
186.145.91.234 - - [29/Oct/2022:06:45:57 -0500] "GET /sipse/faces/javax.faces.resource/jquery/jquery-plugins.js?ln=primefaces&v=4.0 HTTP/1.1" 304 -
186.145.91.234 - - [29/Oct/2022:06:45:57 -0500] "GET /sipse/faces/javax.faces.resource/jquery/jquery.js?ln=primefaces&v=4.0 HTTP/1.1" 304 -
186.145.91.234 - - [29/Oct/2022:06:45:57 -0500] "GET /sipse/faces/javax.faces.resource/primefaces.js?ln=primefaces&v=4.0 HTTP/1.1" 304 -
186.145.91.234 - - [29/Oct/2022:06:45:57 -0500] "GET /sipse/faces/javax.faces.resource/layout/layout.js?ln=primefaces&v=4.0 HTTP/1.1" 304 -
186.145.91.234 - - [29/Oct/2022:06:45:57 -0500] "GET /sipse/faces/javax.faces.resource/images/ui-icons_898989_256x240.png?ln=primefaces-aristo HTTP/1.1" 304 -
186.145.91.234 - - [29/Oct/2022:06:45:57 -0500] "GET /sipse/faces/faces/index.xhtml HTTP/1.1" 200 677
186.145.91.234 - - [29/Oct/2022:06:45:58 -0500] "GET /sipse/faces/javax.faces.resource/theme.css?ln=primefaces-sipse HTTP/1.1" 304 -
186.145.91.234 - - [29/Oct/2022:06:45:58 -0500] "GET /sipse/faces/javax.faces.resource/theme.css?ln=primefaces-sipse HTTP/1.1" 304 -
186.145.91.234 - - [29/Oct/2022:06:45:58 -0500] "GET /sipse/faces/javax.faces.resource/primefaces.css?ln=primefaces&v=4.0 HTTP/1.1" 304 -
186.145.91.234 - - [29/Oct/2022:06:45:58 -0500] "GET /sipse/faces/javax.faces.resource/jquery/jquery.js?ln=primefaces&v=4.0 HTTP/1.1" 304 -
186.145.91.234 - - [29/Oct/2022:06:45:58 -0500] "GET /sipse/faces/javax.faces.resource/layout/layout.css?ln=primefaces&v=4.0 HTTP/1.1" 304 -
186.145.91.234 - - [29/Oct/2022:06:45:58 -0500] "GET /sipse/faces/javax.faces.resource/jquery/jquery-plugins.js?ln=primefaces&v=4.0 HTTP/1.1" 304 -
186.145.91.234 - - [29/Oct/2022:06:45:58 -0500] "GET /sipse/faces/faces/faces/autenticacion.xhtml HTTP/1.1" 200 12181
186.145.91.234 - - [29/Oct/2022:06:45:58 -0500] "GET /sipse/faces/javax.faces.resource/layout/layout.js?ln=primefaces&v=4.0 HTTP/1.1" 304 -
186.145.91.234 - - [29/Oct/2022:06:45:58 -0500] "GET /sipse/faces/javax.faces.resource/primefaces.js?ln=primefaces&v=4.0 HTTP/1.1" 304 -
186.145.91.234 - - [29/Oct/2022:06:46:01 -0500] "POST /sipse/faces/autenticacion.xhtml HTTP/1.1" 200 11191
186.145.91.234 - - [29/Oct/2022:06:46:01 -0500] "GET /sipse/css/custom_css_sg_prime.css HTTP/1.1" 304 -
186.145.91.234 - - [29/Oct/2022:06:46:01 -0500] "GET /sipse/faces/javax.faces.resource/jquery/jquery.js?ln=primefaces&v=4.0 HTTP/1.1" 304 -
186.145.91.234 - - [29/Oct/2022:06:46:01 -0500] "GET /sipse/faces/javax.faces.resource/theme.css?ln=primefaces-sipse HTTP/1.1" 304 -
186.145.91.234 - - [29/Oct/2022:06:46:01 -0500] "GET /sipse/faces/javax.faces.resource/primefaces.css?ln=primefaces&v=4.0 HTTP/1.1" 304 -
186.145.91.234 - - [29/Oct/2022:06:46:01 -0500] "GET /sipse/faces/javax.faces.resource/layout/layout.css?ln=primefaces&v=4.0 HTTP/1.1" 304 -
186.145.91.234 - - [29/Oct/2022:06:46:02 -0500] "GET /sipse/faces/javax.faces.resource/jquery/jquery-plugins.js?ln=primefaces&v=4.0 HTTP/1.1" 304 -
186.145.91.234 - - [29/Oct/2022:06:46:02 -0500] "GET /sipse/faces/javax.faces.resource/primefaces.js?ln=primefaces&v=4.0 HTTP/1.1" 304 -
186.145.91.234 - - [29/Oct/2022:06:46:02 -0500] "GET /sipse/faces/javax.faces.resource/layout/layout.js?ln=primefaces&v=4.0 HTTP/1.1" 304 -
186.145.91.234 - - [29/Oct/2022:06:46:03 -0500] "GET /sipse/faces/javax.faces.resource/messages/messages.png?ln=primefaces&v=4.0 HTTP/1.1" 304 -
186.145.91.234 - - [29/Oct/2022:06:46:06 -0500] "GET /sipse/faces/javax.faces.resource/images/ui-icons_898989_256x240.png?ln=primefaces-aristo HTTP/1.1" 304 -
186.145.91.234 - - [29/Oct/2022:06:46:07 -0500] "POST /sipse/faces/presentacion/sistema/seguridad/seleccionRol.xhtml HTTP/1.1" 200 5624
186.145.91.234 - - [29/Oct/2022:06:46:08 -0500] "POST /sipse/faces/presentacion/sistema/seguridad/seleccionRol.xhtml HTTP/1.1" 200 15038
186.145.91.234 - - [29/Oct/2022:06:46:08 -0500] "GET /sipse/faces/javax.faces.resource/theme.css?ln=primefaces-sipse HTTP/1.1" 304 -
186.145.91.234 - - [29/Oct/2022:06:46:08 -0500] "GET /sipse/faces/javax.faces.resource/primefaces.css?ln=primefaces&v=4.0 HTTP/1.1" 304 -
186.145.91.234 - - [29/Oct/2022:06:46:08 -0500] "GET /sipse/faces/javax.faces.resource/layout/layout.css?ln=primefaces&v=4.0 HTTP/1.1" 304 -
186.145.91.234 - - [29/Oct/2022:06:46:08 -0500] "GET /sipse/js/jquery.min.js HTTP/1.1" 304 -
186.145.91.234 - - [29/Oct/2022:06:46:08 -0500] "GET /sipse/faces/javax.faces.resource/jquery/jquery.js?ln=primefaces&v=4.0 HTTP/1.1" 304 -
186.145.91.234 - - [29/Oct/2022:06:46:09 -0500] "GET /sipse/faces/javax.faces.resource/jquery/jquery-plugins.js?ln=primefaces&v=4.0 HTTP/1.1" 304 -
186.145.91.234 - - [29/Oct/2022:06:46:09 -0500] "GET /sipse/faces/javax.faces.resource/primefaces.js?ln=primefaces&v=4.0 HTTP/1.1" 304 -
186.145.91.234 - - [29/Oct/2022:06:46:09 -0500] "GET /sipse/faces/javax.faces.resource/layout/layout.js?ln=primefaces&v=4.0 HTTP/1.1" 304 -
186.145.91.234 - - [29/Oct/2022:06:46:09 -0500] "GET /sipse/css/imagen/contrasena.png HTTP/1.1" 404 383
186.145.91.234 - - [29/Oct/2022:06:46:11 -0500] "GET /sipse/faces/javax.faces.resource/images/ui-bg_flat_0_2d5972_40x100.png?ln=primefaces-aristo HTTP/1.1" 304 -
186.145.91.234 - - [29/Oct/2022:06:46:11 -0500] "POST /sipse/faces/bienvenido.xhtml HTTP/1.1" 200 3843
186.145.91.234 - - [29/Oct/2022:06:46:13 -0500] "POST /sipse/faces/bienvenido.xhtml HTTP/1.1" 200 2073
186.145.91.234 - - [29/Oct/2022:06:46:14 -0500] "POST /sipse/faces/bienvenido.xhtml HTTP/1.1" 200 40718
186.145.91.234 - - [29/Oct/2022:06:46:14 -0500] "GET /sipse/faces/javax.faces.resource/theme.css?ln=primefaces-sipse HTTP/1.1" 304 -
186.145.91.234 - - [29/Oct/2022:06:46:14 -0500] "GET /sipse/faces/javax.faces.resource/primefaces.css?ln=primefaces&v=4.0 HTTP/1.1" 304 -
186.145.91.234 - - [29/Oct/2022:06:46:14 -0500] "GET /sipse/faces/javax.faces.resource/layout/layout.css?ln=primefaces&v=4.0 HTTP/1.1" 304 -
186.145.91.234 - - [29/Oct/2022:06:46:14 -0500] "GET /sipse/faces/javax.faces.resource/jquery/jquery.js?ln=primefaces&v=4.0 HTTP/1.1" 304 -
186.145.91.234 - - [29/Oct/2022:06:46:15 -0500] "GET /sipse/faces/javax.faces.resource/jquery/jquery-plugins.js?ln=primefaces&v=4.0 HTTP/1.1" 304 -
186.145.91.234 - - [29/Oct/2022:06:46:15 -0500] "GET /sipse/faces/javax.faces.resource/primefaces.js?ln=primefaces&v=4.0 HTTP/1.1" 304 -
186.145.91.234 - - [29/Oct/2022:06:46:15 -0500] "GET /sipse/faces/javax.faces.resource/layout/layout.js?ln=primefaces&v=4.0 HTTP/1.1" 304 -
186.145.91.234 - - [29/Oct/2022:06:46:26 -0500] "POST /sipse/faces/presentacion/financiero/solicitudProceso/consultar.xhtml HTTP/1.1" 200 12983
172.22.2.4 - - [29/Oct/2022:06:45:34 -0500] "HEAD /BLA/boletinlegal/ HTTP/1.1" 200 -
85.208.98.200 - - [29/Oct/2022:06:47:51 -0500] "-" 408 -
172.22.2.4 - - [29/Oct/2022:06:47:04 -0500] "GET /BLA/boletinlegal/ HTTP/1.1" 200 24523
172.22.2.4 - - [29/Oct/2022:06:46:24 -0500] "GET /BLA/boletinlegal/ HTTP/1.1" 200 49689
207.46.13.18 - - [29/Oct/2022:06:48:12 -0500] "GET /BLA/resoluciones/RESOLUCIONES%202022/0992.pdf HTTP/1.1" 200 381722
185.119.81.96 - - [29/Oct/2022:06:49:28 -0500] "GET /portaldeninos/wp-login.php HTTP/1.1" 200 2592
185.119.81.96 - - [29/Oct/2022:06:49:29 -0500] "POST /portaldeninos/wp-login.php HTTP/1.1" 200 3605
201.245.192.253 - - [29/Oct/2022:06:49:32 -0500] "POST /kwsrmcab/Wsrmcab  HTTP/1.1" 200 213
216.245.221.92 - - [29/Oct/2022:06:49:53 -0500] "HEAD / HTTP/1.1" 200 -
172.22.2.4 - - [29/Oct/2022:06:51:23 -0500] "HEAD /BLA/boletinlegal/ HTTP/1.1" 200 -
172.22.2.4 - - [29/Oct/2022:06:52:14 -0500] "GET /BLA/boletinlegal/ HTTP/1.1" 200 59828
201.245.192.253 - - [29/Oct/2022:06:54:31 -0500] "POST /kwsrmcab/Wsrmcab  HTTP/1.1" 200 213
216.245.221.92 - - [29/Oct/2022:06:54:53 -0500] "HEAD / HTTP/1.1" 200 -
201.184.175.66 - - [29/Oct/2022:06:56:18 -0500] "GET / HTTP/1.1" 200 319
207.46.13.18 - - [29/Oct/2022:06:57:44 -0500] "GET /BLA/resoluciones/RESOLUCIONES%202000/2000%201750-1799.tif HTTP/1.1" 200 5276949
172.22.2.4 - - [29/Oct/2022:06:57:13 -0500] "HEAD /BLA/boletinlegal/ HTTP/1.1" 200 -
201.245.192.253 - - [29/Oct/2022:06:59:29 -0500] "POST /kwsrmcab/Wsrmcab  HTTP/1.1" 200 213
172.22.2.4 - - [29/Oct/2022:06:58:04 -0500] "GET /BLA/boletinlegal/ HTTP/1.1" 200 59828
216.245.221.92 - - [29/Oct/2022:06:59:53 -0500] "HEAD / HTTP/1.1" 200 -
186.102.26.116 - - [29/Oct/2022:07:01:01 -0500] "GET /kwssiamovil/sm/ldap/au?x=U2FsdGVkX19kMXXWNABQFlTBaDNdiFcp9YCvKQd33dbT+3p7MZD8bjC1ZETA5lvFTp8mHVcHkdnO7fR+fJEqcA==&y=U2FsdGVkX19rJur5Sc2cO2pmKFhUGSSh77XK1AQz76YGtrHCuFeUlmKIu/vWdxNN HTTP/1.1" 200 30
186.102.26.116 - - [29/Oct/2022:07:01:01 -0500] "GET /kwssiamovil/sm/acme/s?s=U2FsdGVkX18H4RfUnK44vvEf32IDelp0U50t6ELJ2i3cyK5ju2ajyzYcKrHipbZaEFpqPW4InqjxIlGisLx/9XQXh7adEeZ1P3Z7mQaGcss=&u=U2FsdGVkX18eLXKxUy98P7mHMCfGrBIzcLFGPZcrrUM=&y=U2FsdGVkX19rJur5Sc2cO2pmKFhUGSSh77XK1AQz76YGtrHCuFeUlmKIu/vWdxNN HTTP/1.1" 200 97
186.102.26.116 - - [29/Oct/2022:07:01:02 -0500] "GET /kwssiamovil/sm/ldap/au?x=U2FsdGVkX193gNz2akMxuczJi8kRO94laJ6Z51vHeucmZwQ6GaL49TFKQVbXXA3NuXllZy4bKkn2sGqMLfJxkQ==&y=U2FsdGVkX19QVdVTk5GWfXoWN2v0F+aSKlD7vzNxfpvpMpr0R9k9f73NVcAhwkel HTTP/1.1" 200 30
186.102.26.116 - - [29/Oct/2022:07:01:02 -0500] "GET /kwssiamovil/sm/acme/s?s=U2FsdGVkX1+OS/bSJM+tZZQrBKxxHOoLpRHdFOvo2gD33E+CIXOI922loy+W2imemH03EsY/SKj5tRiG1Nb754QkShfT9529dFsbZp2dIkn/bjwwiWg1oAPwjzvdOaQTQIAF1lEobcDlxTB1VJXC8njzhFdQ4uLFBzATe33jaPrn2kIQX5cflqRt7CaLXj8OK7DZR2QdyarRlQcLffxmsP9Vw9M+rl3klkNwBHTRMVX1Q8cBmUKy1lNr1xES6+TKe66k4WC2vXUvO3eYA8/bxQ7OKgbUVWdtubvSVKrSMqVo6cHETw1ehxWRz2BzJS9QRYulyWwl5VRiNF3KIrHBn5B2zOEsvdC2xj5gQLFPah9smcVdHBaNGZRsCnei8qvpTHvjP9OLeI+yI+jxYksDKSkD7hplBOGMRb6ukfs+yb7799y3AWPtxGWH5gTW5i/t6zQRxkXQkw1dcbkWEROrsKwV7bkTy1Ye6KnDuUZzfA7bEDdyP3fSU5GzLtRvm/yTpbXUn8mgf0APzPKJ1BD8bkGCdgtW/FgjPEacR3Z6OAnIuNqPA3gTVw1lQMxMpIzD2FMi0CqCHezAhNlw+/NSsNXq097Id3sU3nrX7gSKj2ytiXUC7W+ixlJ+ZSgoeSoF+X0xfxzrLXh4X25rTNjUVFcpo9I6FHEcT4+Sau6IFlzdR5u6DXEs6tD3mCAp7vudaCSRjGOICZgFm97u9i7CUM9Ij/UJVjPhV2hCv550qXWXCvXNYLNJLA2dx87kPD5HunKbP1P+/0GAWR3MNtjPzwiIP79YqhajK0ji307bhccm+QoXDjmYla6CXNlqsMwZ1J4LFHmsKVcHZmjzjtFloO6KCtu6CSL0Pv+uiFmoHCI9NR1VyfTi87GQad34jx73ysHxSrXbk2pFYiBYaOy7ym4Nzxi2wu3wTuzKljfOvB61A7REsTKyGRhXexZKqs5I0XO1d/oR2qBtDs4wvzj+dId1LYquL/GR6JVJIPtAPO8VF1WW/k436pbwYYjI4n8ep2SoVFv/52KCkcGEUNsICGQdnUXl5u6jTdCUAzEhRn2Hh/uq+HxRDS4/17eiieW4g98ijRcjc2bIunw6xY+ijaQ0LqbFuGb0+50AP8R8icu9x5GicAbbjKayOW89XQ/VRycUWRccaDQTc5B7BTQ8ERLxOfG7IL1zhBLasACoEBUsG6b+9TECALUIdWDMguDdxu45ciKAevTaHubf2YY6b1p6JrU2fj9nd9iGuSoImKu2GRSJoxpPzD1XDt3fxiox8bwia5e/MaCQZOO1d6dwjyPkNVAlgzVgaZyVCtlHk9OZQVH7YZMmqqB6cE+wLXy8WD3aA2EOGgBokA4Q+MhjNbhqg0nAcxUiQQNOpif2M/zxRTif2HbJhZk8ZIsRWcjEab59l+Pjx6zkmJXJkFo9xSv2LBWSnAkVoPR5htaQHI8=&u=U2FsdGVkX18eLXKxUy98P7mHMCfGrBIzcLFGPZcrrUM=&y=U2FsdGVkX19rJur5Sc2cO2pmKFhUGSSh77XK1AQz76YGtrHCuFeUlmKIu/vWdxNN HTTP/1.1" 200 66
186.102.26.116 - - [29/Oct/2022:07:01:02 -0500] "GET /kwssiamovil/sm/acme/s?s=U2FsdGVkX1/StnNmF2Bwm0RiZI/JxoHu8yEA3MCI/UhGVHgPcBw9WbwWMfiTNeTYOH4uT4mq1KBAUS46K2ynFU9P0Xrsq4P8F3KDX7rukks=&u=U2FsdGVkX18MtOB8A7YBdw1FvUtYehN5G7kYR0SQe4Q=&y=U2FsdGVkX19QVdVTk5GWfXoWN2v0F+aSKlD7vzNxfpvpMpr0R9k9f73NVcAhwkel HTTP/1.1" 200 97
186.102.26.116 - - [29/Oct/2022:07:01:02 -0500] "GET /kwssiamovil/sm/acme/s?s=U2FsdGVkX18eezxciffpTLk5g1UXB0LZ+ZOwJIqsIFJxRYrWyVPU1ceXhZmSkGJlyB+NDH9gVG/r2SIPlypdfRzWPwCjUBH80mAYNSm+uLLNXzpJuVR/O9TID/0iXylCZTMgXMy87TjOHxAgP/TqNgD6j5RkgXCzB9YqNozyGhHLZTQzNKEwW/cObtHGb9VwAwy64zs2SqSK80bXYeAiHCsIZbI8cyQY4SZY8NVC2o6qz7boGGyQLdIjwmhSqSaQcWrWX73IbeNukNkc2XO0kvk2f/C+useUMR35QMKTqMETQr1xZl1EDGFFOJZIpPs+OcMezFhMSCvtSEkfMGf9bhbhrqiWltpd8G/asr3yI1o=&u=U2FsdGVkX18eLXKxUy98P7mHMCfGrBIzcLFGPZcrrUM=&y=U2FsdGVkX19rJur5Sc2cO2pmKFhUGSSh77XK1AQz76YGtrHCuFeUlmKIu/vWdxNN HTTP/1.1" 200 66
186.102.26.116 - - [29/Oct/2022:07:01:02 -0500] "GET /kwssiamovil/sm/acme/s?s=U2FsdGVkX19Yc8WNo9rWaRBPYrc08VOgIjyRPxbTmPFO9urEW0VIgWj8PNlNjDP5c9IH/SKZUC+AVZ3LZXU5NaYuFe6A5cOYFUnMQwwtHJtm19CRcJpkR2+bvg70GB1EDFfg53aZTA1DJHolrLWxwuKysIV2hFNWLA/EihJD5nyvpV8ZrnBKrU0/DoQfKGeJ1NEEOKSS1aFdoyQNODxpilaQxthfv3+T1sNsBYsXrlxCAONWaJnE4IcS1bJoe1TQfQziIZROltMTgliAnJC4THMh3IumqnnAwrxUQui0z3r77NxRkC8joZVEQWqKAlC9Pj6h5jefdwu14pelHcZf6xsw6hESzkEB5X3RocV0/NXuyU8WJ3eICzQSzlOm5zx9+vWqrsKgrV6EnBJkc+T3KhnFveOEsyids0JX94PMdMBrQC3DkAROYvHhQwP4sjyY9tZ8YGKryjXnt/PBKDz+ZXKKjhPrGB/QxSGuIzkO4IF7QSH0/Whtw14fvKdwzBypKuLDBh3WFL7/nvMitI/fwa2XLHB5odKKse8WPLoIeNz/Z5Buwm+Q4eOLGLZ7wIcv4Ufexcz7kFhQky5NkFcGNFFIM0aSWqPcW/PeqmRt39F/9Eaug5ggaEQTTN4oEtHz3DN+PyQZ639rM1imjEo/V7rAc3YxV+QCAcILU2JXUZVP2YId1WAK9P1fBTTY1lygHOpIXStW4IoOZgBEX5lf8Q5EZD3f4wviy2UWwxkG39ShBldccInxp4sUfkm4NujdtvBQW4qw5gRazS0IQOpSQOAWILBDJJS7OmSXXKy3p+Jlxr6PFeJCtpf1VDzMYHp0o+p6nlZYzj7DiNRzzkYuJb5VooBoMfnYBew0yhIXrHPJEKF5rJtuz+nnmZOjKeSIg2Y2RDWKCIKJrhOVhAgJdw7ReNRmJ1LUf0+hFOCMWwl1IMCVbFD+Y5l2891XWFidFG0bPPcsDHPO9lDY7RoT+NocHp0McXqIoa6Na52sjutt7BBfJmgEAqdtXVCAf18eG4+hd6CXVgePclRgLMB+sCLEp5xwikXbVYbNn3TNU8SV2+qwQOV2AKxAfz2EtLQwNJ+m3aLgxZAYyeaK/U5G3bYvZZA5O0z4YTXgar1MzyXteTyp2RknAlTAU7uk8O72EIMjjagkutspQ8WCloJzEEC/8417+cOjd94K2q9faAZlQS0mMSYI9O8G4dlSCrAyGNdzHm1JiTE3NmrSk/hslSg9qf5Yf/Qidz6FglYUyDqVPv0rsQbolZ62/zERxcUh1xaFXN/d65N3CyFkfXcfkym7D2k9ufvqL5XwWLIhf5ELYLOKZB9cpaY+5tyM3w2/4j8qhwTQv6U09g3tDcBanr0ykl39/svTZ8KnBroLojPGrJd0w6o0K2HcoJwtOewB/wbYcigWapEzU9T8dGi7y+OxvcA53lwndOc6qJdGMwI=&u=U2FsdGVkX18MtOB8A7YBdw1FvUtYehN5G7kYR0SQe4Q=&y=U2FsdGVkX19QVdVTk5GWfXoWN2v0F+aSKlD7vzNxfpvpMpr0R9k9f73NVcAhwkel HTTP/1.1" 200 367
186.102.26.116 - - [29/Oct/2022:07:01:02 -0500] "GET /kwssiamovil/sm/acme/s?s=U2FsdGVkX1/NOQ3sCGi+0e6eB7SVw0m98c4iZOWL5XzNcSN4d/aUpjSNYFNYiKx/OzCcJwtCdqP45o3klukf0qBma25v9eekBpMg7KtkXeFzWBMqajlAhK0HFHVpLKkjzKR1zmd9eaJaKbl1oo4I9Ya+GlczztvR2kQ7El5mtK8xf5Qyxy53gvgfgCUA+8H/PGf7oDznUgv4Fl/BilQYd2LqxUbR73bwus9g7Yj+UnhFw06bADBG1qOcY35apt2BW0w1bncvxDMbGx/92PmzPteHQIF6Pnc6SpmdXom9p4HOFIiFkt4OrG9M8XEfgZzct1py8Udgi39NCrg5A2NUyf0iOKQWw6zjvyqCc5rojeM=&u=U2FsdGVkX18MtOB8A7YBdw1FvUtYehN5G7kYR0SQe4Q=&y=U2FsdGVkX19QVdVTk5GWfXoWN2v0F+aSKlD7vzNxfpvpMpr0R9k9f73NVcAhwkel HTTP/1.1" 200 196
186.102.26.116 - - [29/Oct/2022:07:01:02 -0500] "GET /kwssiamovil/sm/cjson/pre?f=1&x=U2FsdGVkX193gNz2akMxuczJi8kRO94laJ6Z51vHeucmZwQ6GaL49TFKQVbXXA3NuXllZy4bKkn2sGqMLfJxkQ== HTTP/1.1" 200 30992
157.55.39.201 - - [29/Oct/2022:07:01:31 -0500] "GET /sipse/faces/autenticacion.xhtml HTTP/1.1" 200 12503
185.119.81.106 - - [29/Oct/2022:07:03:07 -0500] "GET /portaldeninos/wp-login.php HTTP/1.1" 200 2592
185.119.81.106 - - [29/Oct/2022:07:03:08 -0500] "POST /portaldeninos/wp-login.php HTTP/1.1" 200 3605
201.245.192.253 - - [29/Oct/2022:07:04:29 -0500] "POST /kwsrmcab/Wsrmcab  HTTP/1.1" 200 213
172.22.2.4 - - [29/Oct/2022:07:03:03 -0500] "HEAD /BLA/boletinlegal/ HTTP/1.1" 200 -
216.245.221.92 - - [29/Oct/2022:07:04:53 -0500] "HEAD / HTTP/1.1" 200 -
172.22.2.4 - - [29/Oct/2022:07:03:54 -0500] "GET /BLA/boletinlegal/ HTTP/1.1" 200 54356
172.22.2.4 - - [29/Oct/2022:07:05:07 -0500] "GET /BLA/boletinlegal/ HTTP/1.1" 200 24523
40.77.167.50 - - [29/Oct/2022:07:07:56 -0500] "GET / HTTP/1.1" 200 319
201.245.192.253 - - [29/Oct/2022:07:09:27 -0500] "POST /kwsrmcab/Wsrmcab  HTTP/1.1" 200 213
66.249.73.170 - - [29/Oct/2022:07:09:30 -0500] "-" 408 -
216.245.221.92 - - [29/Oct/2022:07:09:53 -0500] "HEAD / HTTP/1.1" 200 -
172.22.2.4 - - [29/Oct/2022:07:08:53 -0500] "HEAD /BLA/boletinlegal/ HTTP/1.1" 200 -
103.199.97.50 - - [29/Oct/2022:07:10:48 -0500] "GET / HTTP/1.1" 200 319
172.22.2.4 - - [29/Oct/2022:07:09:44 -0500] "GET /BLA/boletinlegal/ HTTP/1.1" 200 59319
186.145.91.234 - - [29/Oct/2022:07:12:28 -0500] "GET /sipse/faces/faces/index.xhtml HTTP/1.1" 200 677
186.145.91.234 - - [29/Oct/2022:07:12:28 -0500] "GET /sipse/faces/javax.faces.resource/theme.css?ln=primefaces-sipse HTTP/1.1" 304 -
186.145.91.234 - - [29/Oct/2022:07:12:29 -0500] "GET /sipse/faces/faces/faces/autenticacion.xhtml HTTP/1.1" 200 12187
186.145.91.234 - - [29/Oct/2022:07:12:29 -0500] "GET /sipse/faces/javax.faces.resource/theme.css?ln=primefaces-sipse HTTP/1.1" 304 -
186.145.91.234 - - [29/Oct/2022:07:12:29 -0500] "GET /sipse/faces/javax.faces.resource/layout/layout.css?ln=primefaces&v=4.0 HTTP/1.1" 304 -
186.145.91.234 - - [29/Oct/2022:07:12:29 -0500] "GET /sipse/faces/javax.faces.resource/primefaces.css?ln=primefaces&v=4.0 HTTP/1.1" 304 -
186.145.91.234 - - [29/Oct/2022:07:12:29 -0500] "GET /sipse/faces/javax.faces.resource/jquery/jquery.js?ln=primefaces&v=4.0 HTTP/1.1" 304 -
186.145.91.234 - - [29/Oct/2022:07:12:29 -0500] "GET /sipse/faces/javax.faces.resource/jquery/jquery-plugins.js?ln=primefaces&v=4.0 HTTP/1.1" 304 -
186.145.91.234 - - [29/Oct/2022:07:12:29 -0500] "GET /sipse/faces/javax.faces.resource/layout/layout.js?ln=primefaces&v=4.0 HTTP/1.1" 304 -
186.145.91.234 - - [29/Oct/2022:07:12:29 -0500] "GET /sipse/faces/javax.faces.resource/primefaces.js?ln=primefaces&v=4.0 HTTP/1.1" 304 -
186.145.91.234 - - [29/Oct/2022:07:12:29 -0500] "GET /sipse/faces/javax.faces.resource/images/ui-icons_898989_256x240.png?ln=primefaces-aristo HTTP/1.1" 304 -
186.145.91.234 - - [29/Oct/2022:07:12:34 -0500] "POST /sipse/faces/autenticacion.xhtml HTTP/1.1" 200 11191
186.145.91.234 - - [29/Oct/2022:07:12:35 -0500] "GET /sipse/faces/javax.faces.resource/theme.css?ln=primefaces-sipse HTTP/1.1" 304 -
186.145.91.234 - - [29/Oct/2022:07:12:35 -0500] "GET /sipse/faces/javax.faces.resource/jquery/jquery.js?ln=primefaces&v=4.0 HTTP/1.1" 304 -
186.145.91.234 - - [29/Oct/2022:07:12:35 -0500] "GET /sipse/faces/javax.faces.resource/layout/layout.css?ln=primefaces&v=4.0 HTTP/1.1" 304 -
186.145.91.234 - - [29/Oct/2022:07:12:35 -0500] "GET /sipse/faces/javax.faces.resource/primefaces.css?ln=primefaces&v=4.0 HTTP/1.1" 304 -
186.145.91.234 - - [29/Oct/2022:07:12:35 -0500] "GET /sipse/faces/javax.faces.resource/jquery/jquery-plugins.js?ln=primefaces&v=4.0 HTTP/1.1" 304 -
186.145.91.234 - - [29/Oct/2022:07:12:35 -0500] "GET /sipse/faces/javax.faces.resource/primefaces.js?ln=primefaces&v=4.0 HTTP/1.1" 304 -
186.145.91.234 - - [29/Oct/2022:07:12:36 -0500] "GET /sipse/faces/javax.faces.resource/layout/layout.js?ln=primefaces&v=4.0 HTTP/1.1" 304 -
186.145.91.234 - - [29/Oct/2022:07:12:36 -0500] "GET /sipse/faces/javax.faces.resource/messages/messages.png?ln=primefaces&v=4.0 HTTP/1.1" 304 -
186.145.91.234 - - [29/Oct/2022:07:12:40 -0500] "POST /sipse/faces/presentacion/sistema/seguridad/seleccionRol.xhtml HTTP/1.1" 200 15072
186.145.91.234 - - [29/Oct/2022:07:12:41 -0500] "GET /sipse/faces/javax.faces.resource/primefaces.css?ln=primefaces&v=4.0 HTTP/1.1" 304 -
186.145.91.234 - - [29/Oct/2022:07:12:41 -0500] "GET /sipse/faces/javax.faces.resource/theme.css?ln=primefaces-sipse HTTP/1.1" 304 -
186.145.91.234 - - [29/Oct/2022:07:12:41 -0500] "GET /sipse/faces/javax.faces.resource/layout/layout.css?ln=primefaces&v=4.0 HTTP/1.1" 304 -
186.145.91.234 - - [29/Oct/2022:07:12:41 -0500] "GET /sipse/faces/javax.faces.resource/jquery/jquery.js?ln=primefaces&v=4.0 HTTP/1.1" 304 -
186.145.91.234 - - [29/Oct/2022:07:12:41 -0500] "GET /sipse/faces/javax.faces.resource/jquery/jquery-plugins.js?ln=primefaces&v=4.0 HTTP/1.1" 304 -
186.145.91.234 - - [29/Oct/2022:07:12:41 -0500] "GET /sipse/faces/javax.faces.resource/primefaces.js?ln=primefaces&v=4.0 HTTP/1.1" 304 -
186.145.91.234 - - [29/Oct/2022:07:12:42 -0500] "GET /sipse/faces/javax.faces.resource/layout/layout.js?ln=primefaces&v=4.0 HTTP/1.1" 304 -
186.145.91.234 - - [29/Oct/2022:07:12:42 -0500] "GET /sipse/css/imagen/contrasena.png HTTP/1.1" 404 383
186.145.91.234 - - [29/Oct/2022:07:12:44 -0500] "GET /sipse/faces/javax.faces.resource/images/ui-bg_flat_0_2d5972_40x100.png?ln=primefaces-aristo HTTP/1.1" 304 -
186.145.91.234 - - [29/Oct/2022:07:12:44 -0500] "POST /sipse/faces/bienvenido.xhtml HTTP/1.1" 200 3843
186.145.91.234 - - [29/Oct/2022:07:12:45 -0500] "POST /sipse/faces/bienvenido.xhtml HTTP/1.1" 200 65442
186.145.91.234 - - [29/Oct/2022:07:12:47 -0500] "GET /sipse/faces/javax.faces.resource/jquery/jquery.js?ln=primefaces&v=4.0 HTTP/1.1" 304 -
186.145.91.234 - - [29/Oct/2022:07:12:47 -0500] "GET /sipse/faces/javax.faces.resource/theme.css?ln=primefaces-sipse HTTP/1.1" 304 -
186.145.91.234 - - [29/Oct/2022:07:12:47 -0500] "GET /sipse/faces/javax.faces.resource/primefaces.css?ln=primefaces&v=4.0 HTTP/1.1" 304 -
186.145.91.234 - - [29/Oct/2022:07:12:47 -0500] "GET /sipse/faces/javax.faces.resource/layout/layout.css?ln=primefaces&v=4.0 HTTP/1.1" 304 -
186.145.91.234 - - [29/Oct/2022:07:12:47 -0500] "GET /sipse/faces/javax.faces.resource/jquery/jquery-plugins.js?ln=primefaces&v=4.0 HTTP/1.1" 304 -
186.145.91.234 - - [29/Oct/2022:07:12:47 -0500] "GET /sipse/faces/javax.faces.resource/primefaces.js?ln=primefaces&v=4.0 HTTP/1.1" 304 -
186.145.91.234 - - [29/Oct/2022:07:12:47 -0500] "GET /sipse/faces/javax.faces.resource/layout/layout.js?ln=primefaces&v=4.0 HTTP/1.1" 304 -
186.145.91.234 - - [29/Oct/2022:07:12:48 -0500] "POST /sipse/faces/presentacion/financiero/solicitudProceso/listarSolicitudProceso.xhtml HTTP/1.1" 200 1560
186.145.91.234 - - [29/Oct/2022:07:12:50 -0500] "POST /sipse/faces/presentacion/financiero/solicitudProceso/listarSolicitudProceso.xhtml HTTP/1.1" 200 47857
186.145.91.234 - - [29/Oct/2022:07:12:51 -0500] "POST /sipse/faces/presentacion/financiero/solicitudProceso/listarSolicitudProceso.xhtml HTTP/1.1" 200 1564
186.145.91.234 - - [29/Oct/2022:07:12:52 -0500] "POST /sipse/faces/presentacion/financiero/solicitudProceso/listarSolicitudProceso.xhtml HTTP/1.1" 200 33191
186.145.91.234 - - [29/Oct/2022:07:12:52 -0500] "POST /sipse/faces/presentacion/financiero/solicitudProceso/listarSolicitudProceso.xhtml HTTP/1.1" 200 45335
186.145.91.234 - - [29/Oct/2022:07:12:56 -0500] "POST /sipse/faces/presentacion/financiero/solicitudProceso/listarSolicitudProceso.xhtml HTTP/1.1" 200 33231
207.46.13.79 - - [29/Oct/2022:07:13:00 -0500] "GET /BLA/resoluciones/RESOLUCIONES%202000/2000%2001-49.tif HTTP/1.1" 200 5230523
186.145.91.234 - - [29/Oct/2022:07:13:01 -0500] "POST /sipse/faces/presentacion/financiero/solicitudProceso/listarSolicitudProceso.xhtml HTTP/1.1" 200 8521
157.55.39.126 - - [29/Oct/2022:07:13:16 -0500] "GET /BLA/boletinlegal/images/arr_l.jpg HTTP/1.1" 200 1979
186.145.91.234 - - [29/Oct/2022:07:13:18 -0500] "POST /sipse/faces/presentacion/financiero/solicitudProceso/listarSolicitudProceso.xhtml HTTP/1.1" 200 111409
186.145.91.234 - - [29/Oct/2022:07:13:19 -0500] "GET /sipse/faces/javax.faces.resource/theme.css?ln=primefaces-sipse HTTP/1.1" 304 -
186.145.91.234 - - [29/Oct/2022:07:13:20 -0500] "GET /sipse/faces/javax.faces.resource/layout/layout.css?ln=primefaces&v=4.0 HTTP/1.1" 304 -
186.145.91.234 - - [29/Oct/2022:07:13:20 -0500] "GET /sipse/faces/javax.faces.resource/jquery/jquery.js?ln=primefaces&v=4.0 HTTP/1.1" 304 -
186.145.91.234 - - [29/Oct/2022:07:13:20 -0500] "GET /sipse/faces/javax.faces.resource/primefaces.css?ln=primefaces&v=4.0 HTTP/1.1" 304 -
186.145.91.234 - - [29/Oct/2022:07:13:20 -0500] "GET /sipse/faces/javax.faces.resource/jquery/jquery-plugins.js?ln=primefaces&v=4.0 HTTP/1.1" 304 -
186.145.91.234 - - [29/Oct/2022:07:13:20 -0500] "GET /sipse/faces/javax.faces.resource/primefaces.js?ln=primefaces&v=4.0 HTTP/1.1" 304 -
186.145.91.234 - - [29/Oct/2022:07:13:20 -0500] "GET /sipse/faces/javax.faces.resource/layout/layout.js?ln=primefaces&v=4.0 HTTP/1.1" 304 -
186.145.91.234 - - [29/Oct/2022:07:13:27 -0500] "POST /sipse/faces/presentacion/financiero/solicitudProceso/consultarSolicitudProceso.xhtml HTTP/1.1" 200 26102
186.145.91.234 - - [29/Oct/2022:07:13:28 -0500] "GET /sipse/faces/javax.faces.resource/layout/layout.css?ln=primefaces&v=4.0 HTTP/1.1" 304 -
186.145.91.234 - - [29/Oct/2022:07:13:28 -0500] "GET /sipse/faces/javax.faces.resource/primefaces.css?ln=primefaces&v=4.0 HTTP/1.1" 304 -
186.145.91.234 - - [29/Oct/2022:07:13:28 -0500] "GET /sipse/faces/javax.faces.resource/theme.css?ln=primefaces-sipse HTTP/1.1" 304 -
186.145.91.234 - - [29/Oct/2022:07:13:28 -0500] "GET /sipse/faces/javax.faces.resource/jquery/jquery.js?ln=primefaces&v=4.0 HTTP/1.1" 304 -
186.145.91.234 - - [29/Oct/2022:07:13:28 -0500] "GET /sipse/faces/javax.faces.resource/jquery/jquery-plugins.js?ln=primefaces&v=4.0 HTTP/1.1" 304 -
186.145.91.234 - - [29/Oct/2022:07:13:29 -0500] "GET /sipse/faces/javax.faces.resource/primefaces.js?ln=primefaces&v=4.0 HTTP/1.1" 304 -
186.145.91.234 - - [29/Oct/2022:07:13:29 -0500] "GET /sipse/faces/javax.faces.resource/layout/layout.js?ln=primefaces&v=4.0 HTTP/1.1" 304 -
186.145.91.234 - - [29/Oct/2022:07:13:43 -0500] "POST /sipse/faces/presentacion/financiero/cdp/expedirCdp.xhtml HTTP/1.1" 200 2146
186.145.91.234 - - [29/Oct/2022:07:13:45 -0500] "GET /sipse/faces/javax.faces.resource/theme.css?ln=primefaces-sipse HTTP/1.1" 304 -
186.145.91.234 - - [29/Oct/2022:07:13:45 -0500] "POST /sipse/faces/presentacion/financiero/cdp/expedirCdp.xhtml HTTP/1.1" 200 19764
186.145.91.234 - - [29/Oct/2022:07:13:45 -0500] "GET /sipse/faces/javax.faces.resource/primefaces.css?ln=primefaces&v=4.0 HTTP/1.1" 304 -
186.145.91.234 - - [29/Oct/2022:07:13:45 -0500] "GET /sipse/faces/javax.faces.resource/layout/layout.css?ln=primefaces&v=4.0 HTTP/1.1" 304 -
186.145.91.234 - - [29/Oct/2022:07:13:45 -0500] "GET /sipse/faces/javax.faces.resource/jquery/jquery.js?ln=primefaces&v=4.0 HTTP/1.1" 304 -
186.145.91.234 - - [29/Oct/2022:07:13:45 -0500] "GET /sipse/faces/javax.faces.resource/primefaces.js?ln=primefaces&v=4.0 HTTP/1.1" 304 -
186.145.91.234 - - [29/Oct/2022:07:13:45 -0500] "GET /sipse/faces/javax.faces.resource/layout/layout.js?ln=primefaces&v=4.0 HTTP/1.1" 304 -
186.145.91.234 - - [29/Oct/2022:07:13:45 -0500] "GET /sipse/faces/javax.faces.resource/jquery/jquery-plugins.js?ln=primefaces&v=4.0 HTTP/1.1" 304 -
186.145.91.234 - - [29/Oct/2022:07:13:46 -0500] "GET /sipse/faces/javax.faces.resource/images/ui-icons_898989_256x240.png?ln=primefaces-aristo HTTP/1.1" 304 -
