201.245.192.253 - - [02/Nov/2022:10:00:36 -0500] "GET /sipse/faces/javax.faces.resource/jquery/jquery-plugins.js?ln=primefaces&v=4.0 HTTP/1.1" 304 -
201.245.192.253 - - [02/Nov/2022:10:00:36 -0500] "GET /sipse/faces/javax.faces.resource/primefaces.js?ln=primefaces&v=4.0 HTTP/1.1" 304 -
201.245.192.253 - - [02/Nov/2022:10:00:36 -0500] "GET /sipse/faces/javax.faces.resource/layout/layout.js?ln=primefaces&v=4.0 HTTP/1.1" 304 -
201.245.192.253 - - [02/Nov/2022:10:00:36 -0500] "GET /sipse/faces/javax.faces.resource/images/ui-icons_898989_256x240.png?ln=primefaces-aristo HTTP/1.1" 304 -
172.22.2.4 - - [02/Nov/2022:09:59:07 -0500] "HEAD /BLA/boletinlegal/ HTTP/1.1" 200 -
186.28.3.121 - - [02/Nov/2022:10:00:49 -0500] "POST /sipse/faces/presentacion/financiero/solicitudProceso/consultarSolicitudProceso.xhtml HTTP/1.1" 200 120110
201.245.192.253 - - [02/Nov/2022:10:00:58 -0500] "GET /sipse/faces/javax.faces.resource/images/ui-bg_flat_0_2d5972_40x100.png?ln=primefaces-aristo HTTP/1.1" 304 -
201.245.192.253 - - [02/Nov/2022:10:00:58 -0500] "POST /sipse/faces/presentacion/financiero/solicitudProceso/consultarHistorialSolProceso.xhtml HTTP/1.1" 200 69817
201.245.192.253 - - [02/Nov/2022:10:00:58 -0500] "GET /sipse/faces/javax.faces.resource/jquery/jquery.js?ln=primefaces&v=4.0 HTTP/1.1" 304 -
201.245.192.253 - - [02/Nov/2022:10:00:58 -0500] "GET /sipse/faces/javax.faces.resource/jquery/jquery-plugins.js?ln=primefaces&v=4.0 HTTP/1.1" 304 -
201.245.192.253 - - [02/Nov/2022:10:00:58 -0500] "GET /sipse/faces/javax.faces.resource/primefaces.js?ln=primefaces&v=4.0 HTTP/1.1" 304 -
201.245.192.253 - - [02/Nov/2022:10:00:58 -0500] "GET /sipse/faces/javax.faces.resource/layout/layout.js?ln=primefaces&v=4.0 HTTP/1.1" 304 -
201.245.192.253 - - [02/Nov/2022:10:00:58 -0500] "POST /sipse/faces/presentacion/financiero/solicitudProceso/listarSolicitudProceso.xhtml HTTP/1.1" 200 1560
201.245.192.253 - - [02/Nov/2022:10:01:01 -0500] "POST /sipse/faces/presentacion/financiero/solicitudProceso/listarSolicitudProceso.xhtml HTTP/1.1" 200 4652
201.245.192.253 - - [02/Nov/2022:10:01:13 -0500] "POST /sipse/faces/presentacion/financiero/solicitudProceso/listarSolicitudProceso.xhtml HTTP/1.1" 200 120327
201.245.192.253 - - [02/Nov/2022:10:01:14 -0500] "GET /sipse/faces/javax.faces.resource/jquery/jquery.js?ln=primefaces&v=4.0 HTTP/1.1" 304 -
201.245.192.253 - - [02/Nov/2022:10:01:14 -0500] "GET /sipse/faces/javax.faces.resource/jquery/jquery-plugins.js?ln=primefaces&v=4.0 HTTP/1.1" 304 -
201.245.192.253 - - [02/Nov/2022:10:01:14 -0500] "GET /sipse/faces/javax.faces.resource/primefaces.js?ln=primefaces&v=4.0 HTTP/1.1" 304 -
201.245.192.253 - - [02/Nov/2022:10:01:14 -0500] "GET /sipse/faces/javax.faces.resource/layout/layout.js?ln=primefaces&v=4.0 HTTP/1.1" 304 -
172.22.2.4 - - [02/Nov/2022:09:59:57 -0500] "GET /BLA/boletinlegal/ HTTP/1.1" 200 57375
186.28.3.121 - - [02/Nov/2022:10:02:00 -0500] "POST /sipse/faces/presentacion/financiero/solicitudProceso/consultarSolicitudProceso.xhtml HTTP/1.1" 200 5447
172.22.2.4 - - [02/Nov/2022:10:02:04 -0500] "GET /BLA/boletinlegal/actos.php HTTP/1.1" 200 9566
186.154.33.200 - - [02/Nov/2022:10:02:07 -0500] "GET /BLA/resoluciones/ HTTP/1.1" 200 13093
186.154.33.200 - - [02/Nov/2022:10:02:10 -0500] "GET /BLA/resoluciones/index.php?dir=AUTOS+2014%2F HTTP/1.1" 200 884169
186.154.33.200 - - [02/Nov/2022:10:02:15 -0500] "GET /BLA/resoluciones/dlf/unknown.png HTTP/1.1" 200 266
186.145.91.234 - - [02/Nov/2022:10:02:25 -0500] "GET /sipse/faces/javax.faces.resource/theme.css?ln=primefaces-sipse HTTP/1.1" 304 -
186.145.91.234 - - [02/Nov/2022:10:02:25 -0500] "GET /sipse/faces/javax.faces.resource/primefaces.css?ln=primefaces&v=4.0 HTTP/1.1" 304 -
186.145.91.234 - - [02/Nov/2022:10:02:25 -0500] "GET /sipse/faces/javax.faces.resource/jquery/jquery.js?ln=primefaces&v=4.0 HTTP/1.1" 304 -
186.145.91.234 - - [02/Nov/2022:10:02:25 -0500] "GET /sipse/faces/javax.faces.resource/layout/layout.css?ln=primefaces&v=4.0 HTTP/1.1" 304 -
186.145.91.234 - - [02/Nov/2022:10:02:25 -0500] "GET /sipse/faces/javax.faces.resource/jquery/jquery-plugins.js?ln=primefaces&v=4.0 HTTP/1.1" 304 -
186.145.91.234 - - [02/Nov/2022:10:02:25 -0500] "GET /sipse/faces/javax.faces.resource/primefaces.js?ln=primefaces&v=4.0 HTTP/1.1" 304 -
186.145.91.234 - - [02/Nov/2022:10:02:25 -0500] "GET /sipse/faces/javax.faces.resource/layout/layout.js?ln=primefaces&v=4.0 HTTP/1.1" 304 -
186.145.91.234 - - [02/Nov/2022:10:02:25 -0500] "POST /sipse/faces/presentacion/financiero/solicitudProceso/consultarSolicitudProceso.xhtml HTTP/1.1" 200 54584
186.145.91.234 - - [02/Nov/2022:10:02:26 -0500] "POST /sipse/faces/presentacion/financiero/solicitudProceso/listarSolicitudProceso.xhtml HTTP/1.1" 200 1492
186.145.91.234 - - [02/Nov/2022:10:02:26 -0500] "POST /sipse/faces/presentacion/financiero/solicitudProceso/listarSolicitudProceso.xhtml HTTP/1.1" 200 1504
186.154.33.200 - - [02/Nov/2022:10:02:30 -0500] "GET /BLA/resoluciones/AUTOS%202014/4029.pdf HTTP/1.1" 200 471207
186.145.91.234 - - [02/Nov/2022:10:02:38 -0500] "POST /sipse/faces/presentacion/financiero/solicitudProceso/listarSolicitudProceso.xhtml HTTP/1.1" 200 157611
186.145.91.234 - - [02/Nov/2022:10:02:39 -0500] "GET /sipse/faces/javax.faces.resource/theme.css?ln=primefaces-sipse HTTP/1.1" 304 -
186.145.91.234 - - [02/Nov/2022:10:02:39 -0500] "GET /sipse/faces/javax.faces.resource/layout/layout.css?ln=primefaces&v=4.0 HTTP/1.1" 304 -
186.145.91.234 - - [02/Nov/2022:10:02:39 -0500] "GET /sipse/faces/javax.faces.resource/primefaces.css?ln=primefaces&v=4.0 HTTP/1.1" 304 -
186.145.91.234 - - [02/Nov/2022:10:02:39 -0500] "GET /sipse/faces/javax.faces.resource/jquery/jquery.js?ln=primefaces&v=4.0 HTTP/1.1" 304 -
186.145.91.234 - - [02/Nov/2022:10:02:39 -0500] "GET /sipse/faces/javax.faces.resource/jquery/jquery-plugins.js?ln=primefaces&v=4.0 HTTP/1.1" 304 -
186.145.91.234 - - [02/Nov/2022:10:02:40 -0500] "GET /sipse/faces/javax.faces.resource/primefaces.js?ln=primefaces&v=4.0 HTTP/1.1" 304 -
186.145.91.234 - - [02/Nov/2022:10:02:40 -0500] "GET /sipse/faces/javax.faces.resource/layout/layout.js?ln=primefaces&v=4.0 HTTP/1.1" 304 -
186.145.91.234 - - [02/Nov/2022:10:02:45 -0500] "POST /sipse/faces/presentacion/financiero/solicitudProceso/consultarSolicitudProceso.xhtml HTTP/1.1" 200 200956
186.145.91.234 - - [02/Nov/2022:10:02:54 -0500] "POST /sipse/faces/presentacion/financiero/solicitudProceso/consultarSolicitudProceso.xhtml HTTP/1.1" 200 76482
186.145.91.234 - - [02/Nov/2022:10:02:53 -0500] "POST /sipse/faces/presentacion/financiero/solicitudProceso/consultarSolicitudProceso.xhtml HTTP/1.1" 200 732765
207.46.13.217 - - [02/Nov/2022:10:03:04 -0500] "GET / HTTP/1.1" 200 4720
216.245.221.92 - - [02/Nov/2022:10:03:35 -0500] "HEAD / HTTP/1.1" 200 -
172.22.2.4 - - [02/Nov/2022:10:02:01 -0500] "GET /BLA/boletinlegal/ HTTP/1.1" 200 62772
201.245.192.253 - - [02/Nov/2022:10:03:50 -0500] "POST /kwsrmcab/Wsrmcab  HTTP/1.1" 200 41830
186.102.57.235 - - [02/Nov/2022:10:03:55 -0500] "OPTIONS /kwssiamovil/sm/setfile/f? HTTP/1.1" 200 13
186.102.57.235 - - [02/Nov/2022:10:03:55 -0500] "POST /kwssiamovil/sm/setfile/f? HTTP/1.1" 200 381
186.102.57.235 - - [02/Nov/2022:10:04:00 -0500] "OPTIONS /kwssiamovil/sm/setfile/f? HTTP/1.1" 200 13
186.28.3.121 - - [02/Nov/2022:10:03:53 -0500] "POST /sipse/faces/presentacion/financiero/solicitudProceso/consultarSolicitudProceso.xhtml HTTP/1.1" 200 66261
186.28.3.121 - - [02/Nov/2022:10:04:03 -0500] "GET /sipse/faces/javax.faces.resource/theme.css?ln=primefaces-sipse HTTP/1.1" 304 -
186.28.3.121 - - [02/Nov/2022:10:04:03 -0500] "GET /sipse/faces/javax.faces.resource/primefaces.css?ln=primefaces&v=4.0 HTTP/1.1" 304 -
186.28.3.121 - - [02/Nov/2022:10:04:03 -0500] "GET /sipse/faces/javax.faces.resource/layout/layout.css?ln=primefaces&v=4.0 HTTP/1.1" 304 -
186.28.3.121 - - [02/Nov/2022:10:04:03 -0500] "GET /sipse/faces/javax.faces.resource/jquery/jquery.js?ln=primefaces&v=4.0 HTTP/1.1" 304 -
186.28.3.121 - - [02/Nov/2022:10:04:03 -0500] "GET /sipse/faces/javax.faces.resource/jquery/jquery-plugins.js?ln=primefaces&v=4.0 HTTP/1.1" 304 -
186.28.3.121 - - [02/Nov/2022:10:04:03 -0500] "GET /sipse/faces/javax.faces.resource/primefaces.js?ln=primefaces&v=4.0 HTTP/1.1" 304 -
186.28.3.121 - - [02/Nov/2022:10:04:03 -0500] "GET /sipse/faces/javax.faces.resource/layout/layout.js?ln=primefaces&v=4.0 HTTP/1.1" 304 -
186.102.57.235 - - [02/Nov/2022:10:04:00 -0500] "POST /kwssiamovil/sm/setfile/f? HTTP/1.1" 200 381
186.28.3.121 - - [02/Nov/2022:10:04:03 -0500] "POST /sipse/faces/presentacion/financiero/solicitudProceso/listarSolicitudProceso.xhtml HTTP/1.1" 200 1560
186.102.57.235 - - [02/Nov/2022:10:04:04 -0500] "OPTIONS /kwssiamovil/sm/setfile/f? HTTP/1.1" 200 13
186.28.3.121 - - [02/Nov/2022:10:04:05 -0500] "POST /sipse/faces/presentacion/financiero/solicitudProceso/listarSolicitudProceso.xhtml HTTP/1.1" 200 4652
186.28.3.121 - - [02/Nov/2022:10:04:07 -0500] "POST /sipse/faces/presentacion/financiero/solicitudProceso/listarSolicitudProceso.xhtml HTTP/1.1" 200 32009
186.102.57.235 - - [02/Nov/2022:10:04:05 -0500] "POST /kwssiamovil/sm/setfile/f? HTTP/1.1" 200 381
186.102.57.235 - - [02/Nov/2022:10:04:08 -0500] "OPTIONS /kwssiamovil/sm/setfile/f? HTTP/1.1" 200 13
186.28.3.121 - - [02/Nov/2022:10:04:10 -0500] "POST /sipse/faces/presentacion/financiero/solicitudProceso/listarSolicitudProceso.xhtml HTTP/1.1" 200 33046
186.102.57.235 - - [02/Nov/2022:10:04:09 -0500] "POST /kwssiamovil/sm/setfile/f? HTTP/1.1" 200 381
186.102.57.235 - - [02/Nov/2022:10:04:13 -0500] "OPTIONS /kwssiamovil/sm/setfile/f? HTTP/1.1" 200 13
186.28.3.121 - - [02/Nov/2022:10:04:12 -0500] "POST /sipse/faces/presentacion/financiero/solicitudProceso/listarSolicitudProceso.xhtml HTTP/1.1" 200 109141
186.28.3.121 - - [02/Nov/2022:10:04:13 -0500] "GET /sipse/faces/javax.faces.resource/theme.css?ln=primefaces-sipse HTTP/1.1" 304 -
186.28.3.121 - - [02/Nov/2022:10:04:13 -0500] "GET /sipse/faces/javax.faces.resource/primefaces.css?ln=primefaces&v=4.0 HTTP/1.1" 304 -
186.28.3.121 - - [02/Nov/2022:10:04:13 -0500] "GET /sipse/faces/javax.faces.resource/layout/layout.css?ln=primefaces&v=4.0 HTTP/1.1" 304 -
186.28.3.121 - - [02/Nov/2022:10:04:13 -0500] "GET /sipse/faces/javax.faces.resource/jquery/jquery.js?ln=primefaces&v=4.0 HTTP/1.1" 304 -
186.28.3.121 - - [02/Nov/2022:10:04:13 -0500] "GET /sipse/faces/javax.faces.resource/jquery/jquery-plugins.js?ln=primefaces&v=4.0 HTTP/1.1" 304 -
186.28.3.121 - - [02/Nov/2022:10:04:13 -0500] "GET /sipse/faces/javax.faces.resource/primefaces.js?ln=primefaces&v=4.0 HTTP/1.1" 304 -
186.28.3.121 - - [02/Nov/2022:10:04:13 -0500] "GET /sipse/faces/javax.faces.resource/layout/layout.js?ln=primefaces&v=4.0 HTTP/1.1" 304 -
186.102.57.235 - - [02/Nov/2022:10:04:13 -0500] "POST /kwssiamovil/sm/setfile/f? HTTP/1.1" 200 381
186.102.57.235 - - [02/Nov/2022:10:04:17 -0500] "OPTIONS /kwssiamovil/sm/setfile/f? HTTP/1.1" 200 13
186.102.57.235 - - [02/Nov/2022:10:04:18 -0500] "POST /kwssiamovil/sm/setfile/f? HTTP/1.1" 200 381
186.102.57.235 - - [02/Nov/2022:10:04:22 -0500] "OPTIONS /kwssiamovil/sm/setfile/f? HTTP/1.1" 200 13
186.28.3.121 - - [02/Nov/2022:10:04:25 -0500] "POST /sipse/faces/presentacion/financiero/solicitudProceso/consultarSolicitudProceso.xhtml HTTP/1.1" 200 69747
186.28.3.121 - - [02/Nov/2022:10:04:25 -0500] "GET /sipse/faces/javax.faces.resource/theme.css?ln=primefaces-sipse HTTP/1.1" 304 -
186.28.3.121 - - [02/Nov/2022:10:04:25 -0500] "GET /sipse/faces/javax.faces.resource/layout/layout.css?ln=primefaces&v=4.0 HTTP/1.1" 304 -
186.28.3.121 - - [02/Nov/2022:10:04:25 -0500] "GET /sipse/faces/javax.faces.resource/primefaces.css?ln=primefaces&v=4.0 HTTP/1.1" 304 -
186.28.3.121 - - [02/Nov/2022:10:04:25 -0500] "GET /sipse/faces/javax.faces.resource/jquery/jquery.js?ln=primefaces&v=4.0 HTTP/1.1" 304 -
186.28.3.121 - - [02/Nov/2022:10:04:25 -0500] "GET /sipse/faces/javax.faces.resource/primefaces.js?ln=primefaces&v=4.0 HTTP/1.1" 304 -
186.28.3.121 - - [02/Nov/2022:10:04:25 -0500] "GET /sipse/faces/javax.faces.resource/jquery/jquery-plugins.js?ln=primefaces&v=4.0 HTTP/1.1" 304 -
186.28.3.121 - - [02/Nov/2022:10:04:25 -0500] "GET /sipse/faces/javax.faces.resource/layout/layout.js?ln=primefaces&v=4.0 HTTP/1.1" 304 -
186.28.3.121 - - [02/Nov/2022:10:04:25 -0500] "POST /sipse/faces/presentacion/financiero/solicitudProceso/listarSolicitudProceso.xhtml HTTP/1.1" 200 1560
186.28.3.121 - - [02/Nov/2022:10:04:25 -0500] "POST /sipse/faces/presentacion/financiero/solicitudProceso/listarSolicitudProceso.xhtml HTTP/1.1" 200 1564
186.102.57.235 - - [02/Nov/2022:10:04:22 -0500] "POST /kwssiamovil/sm/setfile/f? HTTP/1.1" 200 381
186.28.3.121 - - [02/Nov/2022:10:04:27 -0500] "POST /sipse/faces/presentacion/financiero/solicitudProceso/listarSolicitudProceso.xhtml HTTP/1.1" 200 31755
186.102.57.235 - - [02/Nov/2022:10:04:27 -0500] "OPTIONS /kwssiamovil/sm/setfile/f? HTTP/1.1" 200 13
186.28.3.121 - - [02/Nov/2022:10:04:27 -0500] "POST /sipse/faces/presentacion/financiero/solicitudProceso/listarSolicitudProceso.xhtml HTTP/1.1" 200 43953
186.28.3.121 - - [02/Nov/2022:10:04:29 -0500] "POST /sipse/faces/presentacion/financiero/solicitudProceso/listarSolicitudProceso.xhtml HTTP/1.1" 200 33290
186.102.57.235 - - [02/Nov/2022:10:04:27 -0500] "POST /kwssiamovil/sm/setfile/f? HTTP/1.1" 200 381
186.102.57.235 - - [02/Nov/2022:10:04:32 -0500] "OPTIONS /kwssiamovil/sm/setfile/f? HTTP/1.1" 200 13
186.28.3.121 - - [02/Nov/2022:10:04:33 -0500] "POST /sipse/faces/presentacion/financiero/solicitudProceso/listarSolicitudProceso.xhtml HTTP/1.1" 200 119427
186.28.3.121 - - [02/Nov/2022:10:04:33 -0500] "GET /sipse/faces/javax.faces.resource/theme.css?ln=primefaces-sipse HTTP/1.1" 304 -
186.28.3.121 - - [02/Nov/2022:10:04:33 -0500] "GET /sipse/faces/javax.faces.resource/primefaces.css?ln=primefaces&v=4.0 HTTP/1.1" 304 -
186.28.3.121 - - [02/Nov/2022:10:04:33 -0500] "GET /sipse/faces/javax.faces.resource/layout/layout.css?ln=primefaces&v=4.0 HTTP/1.1" 304 -
186.28.3.121 - - [02/Nov/2022:10:04:33 -0500] "GET /sipse/faces/javax.faces.resource/jquery/jquery.js?ln=primefaces&v=4.0 HTTP/1.1" 304 -
186.28.3.121 - - [02/Nov/2022:10:04:33 -0500] "GET /sipse/faces/javax.faces.resource/jquery/jquery-plugins.js?ln=primefaces&v=4.0 HTTP/1.1" 304 -
186.28.3.121 - - [02/Nov/2022:10:04:33 -0500] "GET /sipse/faces/javax.faces.resource/primefaces.js?ln=primefaces&v=4.0 HTTP/1.1" 304 -
186.28.3.121 - - [02/Nov/2022:10:04:33 -0500] "GET /sipse/faces/javax.faces.resource/layout/layout.js?ln=primefaces&v=4.0 HTTP/1.1" 304 -
186.102.57.235 - - [02/Nov/2022:10:04:32 -0500] "POST /kwssiamovil/sm/setfile/f? HTTP/1.1" 200 381
186.102.57.235 - - [02/Nov/2022:10:04:37 -0500] "OPTIONS /kwssiamovil/sm/setfile/f? HTTP/1.1" 200 13
186.102.57.235 - - [02/Nov/2022:10:04:37 -0500] "POST /kwssiamovil/sm/setfile/f? HTTP/1.1" 200 381
186.102.57.235 - - [02/Nov/2022:10:04:57 -0500] "GET /kwssiamovil/sm/acme/a?s=U2FsdGVkX1/91upsW143iU0AUfsfxsjzRaZfRNHB4UKgpvcGsjmDgLXanhg0LYXwFyECSzcjDk6Gg7BYjVrg3PQB0N7/n3mnkbsSR2Ye1Lhx0LKJV+StfP5snK2fxXMxa0nvgfcDPpIqCHtoaAksRx1wPgFIeUyWFgRo5ETmVygQ1o3z5oKFS/11TwA5c3mug511YgzWfwwBg61VQIxo6z+r9qPCSYPgfC/MAO1uVsk6tGBxJm77dq3yh00XTu+AfhyD54zA3k5k+wsu+tU4sg==&u=U2FsdGVkX1+/5bcGThaoKB+P0gCT/PSpPq+z3lXJVzeGVjk1lJ7KdFZjaUBUlnFJ&y=U2FsdGVkX19f5CsfkP4Wn6tDerReZPzRqesfXTgHEiliZYeRQdOYwUa3Bj0f9LS5 HTTP/1.1" 200 26
186.102.57.235 - - [02/Nov/2022:10:04:58 -0500] "GET /kwssiamovil/sm/acme/a?s=U2FsdGVkX18oSpoOSMMNH2V6mqHr/ERT5nSk3RhNlHKxEo9rB5qHmjwKE7YD1w8kYq8JeGNJYNUlyVLUWhBv9echjXJDVf/cBWLGIme7VzbNCWusb6wPYU4NgzWBLt6kIbe2I2oGUejaebYCXyaA5m6gJSQH3NAPlUBHb7kxg0K4GSn19cR8bTOv8L8vLX57JkimFKsignHPZN76diU28Qe7LMQplaQ5ztUk88hwEC6C/VHuXQsIR0HCVo4twkiPpRg+3gawmF8YE1tvGSAGP0npdktL7ynTrQsLyfROXkhYCLOXhIMTxNAwg1PjBG6DhE2bT7BLFH/aOibvVRvPP6Raqys1F6hzbGaoAZ8/3A+4D5pTxQ+RKN874c5tm3z/QeSb0NU5RG0Uk61qvXE1ok1mot+tgS6GYudTjfDt6rtKnJiBNgFn2IJyVatsApsagKbVe/dEdkLV6w8CcYwX98JSyTrtNxm4mPm9rq47Sew0NYZqmKZjq1CKQ+ODP5KrD+edArOU9Vx1cibttZyE8Kz3aRwFj8is0o5xmpl9xoHa1H0oU+0rgwYx0FT1gGIhQV4sXiT3fZDy+t4kSCXTyNH5T7NKJOERuydi7vPJl770iKbMrSpe98Qckbpqs6vRj+hFiQ66URNg+IMkXvnyv9sMAeyxRJOM+V5ZM9+S0S67TMTK3GDCC+zy4N/pcKp4t0HZkVoDhr7uJtqqDntPEFIaWv+sODB+83dYiPTAxAW/btYiKirZZ2pFrHCoUki7/32+hd5KcMCy2pxq+dyF4J9qmy8j4/h97xzpOOGUHQAoxFoUiYlMgHlMG996ne+2BTXSqU+mSUtddSv5Qs/eN+SHyb0fZzvA5fDzn60dkWMRV6YGgIJUhi3yy7ZEON5Ag7RltKLuZ8Zd1JHjOuMmzZ9zeXsbs5lqbh4dJGI/cKlwmJPgGutApOxdvKhqrtV6l0LCb0M6v384jpk2XPI2Q66eHVsuQqFwZsCZUTlUmr6Y8EXTHotB4WPBvBvzVHY0+o1De0kwopvQQPE0oOvCcVq5fFW4e1qd3ntPzDu9Qad7CF1mju6QiQVend0FqGK1ti/O026uLttzFGO1ETzMX2hKjl8HnaXS3d+0qhbDXlKvALsqrlHTllX+jS49r3yTK13FKa7yASgNNcysFFgkHWKZ4oeQKH0/c4dFj0RFlKy135z6D5tLx6LMBSoeF5V9A85CL4eo02cdjA2sQ8rgH25mLeTOU4ZF2s9CcV4q27RGwTWmUJ1sc7SWlvGpUmfKlgLX+CAsI+aeGeQQX/gN95zc7hdilHNKOUc1R/3fZhcBCVvIjTegsVNiz4spF9QWNCzeNqKWBQqMt559tTgH5HOs4H0KPlVfKdadPH4jebZd7/W6UqHQ8RA1ZTfhXOT1VaOtXUlXl0jdbVROWxE6IdP8Xxv5Ydz1G2uK5vQs/zdCOzPCt1ya0sUjSudaDxze/85nEMRnytQ3Jh1m58FIvQjhiymRxufdG/sUvSfWGP/Jt2tb0m6jYV+Dyg4mEcshqiD6m2vhvrYdwiskxJkMyOwdrDbgKsqXbckdZJ/iU7V/A2cUCOAX2TwGLMjxoM8F&u=U2FsdGVkX1+/5bcGThaoKB+P0gCT/PSpPq+z3lXJVzeGVjk1lJ7KdFZjaUBUlnFJ&y=U2FsdGVkX19f5CsfkP4Wn6tDerReZPzRqesfXTgHEiliZYeRQdOYwUa3Bj0f9LS5 HTTP/1.1" 200 26
186.102.57.235 - - [02/Nov/2022:10:04:58 -0500] "GET /kwssiamovil/sm/acme/a?s=U2FsdGVkX18MK0cdVl+GAsDuYR5BA9ibba3WZTqg6ROCNoUZ6LaqQoGh8VO9z/vMt7k99B1IgW8tHVmmKR7N/ZMim7+OmR7F24j+KSJDLYIOnJCDSVNtHJxir0vWPOU/11eiLs4NZfnl9xMvTvlgAjoAir5yeUzfCrOX5PGjRfY=&u=U2FsdGVkX1+/5bcGThaoKB+P0gCT/PSpPq+z3lXJVzeGVjk1lJ7KdFZjaUBUlnFJ&y=U2FsdGVkX19f5CsfkP4Wn6tDerReZPzRqesfXTgHEiliZYeRQdOYwUa3Bj0f9LS5 HTTP/1.1" 200 26
186.102.57.235 - - [02/Nov/2022:10:04:58 -0500] "GET /kwssiamovil/sm/acme/a?s=U2FsdGVkX1+F8arlcD8VIQmkOarDFFMkl+DGdqqpbu2Zg1Efr4da/MZNo6CIAnZbSHzu9xRvUPjm+8QuVVWQWajRAI0Jd72UhbGjhc3qe4G17dvjpyokF7m0tA6mB6vmQ/BESIvpVA63kydsyHYfoSqiSgNjLXY9mRutnFumSGU=&u=U2FsdGVkX1+/5bcGThaoKB+P0gCT/PSpPq+z3lXJVzeGVjk1lJ7KdFZjaUBUlnFJ&y=U2FsdGVkX19f5CsfkP4Wn6tDerReZPzRqesfXTgHEiliZYeRQdOYwUa3Bj0f9LS5 HTTP/1.1" 200 26
186.102.57.235 - - [02/Nov/2022:10:04:58 -0500] "GET /kwssiamovil/sm/acme/a?s=U2FsdGVkX19YLsbNcORafozAX+kQYAReoDQKAnGo+bADTLBbkmW9IGflbEOKwvez3IJpwKVVdbi5u0e14zVxpVCA/jwKCIve//76awvhjGSpAfip0vbo2anhj4Gqj9tGZm0Cvh05rRT39SBkdndOxHcv6hW/I3G/+ALFSMCPejg=&u=U2FsdGVkX1+/5bcGThaoKB+P0gCT/PSpPq+z3lXJVzeGVjk1lJ7KdFZjaUBUlnFJ&y=U2FsdGVkX19f5CsfkP4Wn6tDerReZPzRqesfXTgHEiliZYeRQdOYwUa3Bj0f9LS5 HTTP/1.1" 200 26
186.102.57.235 - - [02/Nov/2022:10:04:59 -0500] "GET /kwssiamovil/sm/acme/a?s=U2FsdGVkX18RTiucorlsHVb4/7e1YntF4qScS13wonywnSNBEPKjPxzEieeClVsf/ep6NDiAbDSwbOgD2UmHW7fY/Lmx/FUmb6GwljGLk53uUW40Qdc7FQg+oyZY7VIdpbTvxdUj31lNl8A49U20DrKMnZ3p9bfuVV+FhDZ1h+lk7dZKdSOzrwre1q3GKQpYv6xFfq3BzNVtdyWwmEv4TQ==&u=U2FsdGVkX1+/5bcGThaoKB+P0gCT/PSpPq+z3lXJVzeGVjk1lJ7KdFZjaUBUlnFJ&y=U2FsdGVkX19f5CsfkP4Wn6tDerReZPzRqesfXTgHEiliZYeRQdOYwUa3Bj0f9LS5 HTTP/1.1" 200 26
186.102.57.235 - - [02/Nov/2022:10:04:59 -0500] "GET /kwssiamovil/sm/acme/a?s=U2FsdGVkX1+Ti1jtAzwYws6xXIt5CBxu27q+oEQq/O9h8lwCu0jRNYlWmlOUEq2c37VCJhgw8gqC3hT96wyxK9cI2nSsJqxAZ5w5Tw8sL8xjF4FjUAkRJfzWCHdSW0yjrK8tU8zGTyXoKwyc50y8DoPQeBxOAe0AHqrRY/I5JMCKIvFszCVPQqZ1yXkXJxLqnEMbzC/y0/g+UOPtIi0IOA==&u=U2FsdGVkX1+/5bcGThaoKB+P0gCT/PSpPq+z3lXJVzeGVjk1lJ7KdFZjaUBUlnFJ&y=U2FsdGVkX19f5CsfkP4Wn6tDerReZPzRqesfXTgHEiliZYeRQdOYwUa3Bj0f9LS5 HTTP/1.1" 200 25
186.102.57.235 - - [02/Nov/2022:10:04:59 -0500] "GET /kwssiamovil/sm/acme/a?s=U2FsdGVkX18d977SMB/3RgWjiRZnh+9OkKk0pviQQJqqxGKimup4ie+3Nlb8faxgO7xIrqoKVm42Nhst4GDkcFPHuhjanPWoz+WBWWIFzlLWLErt9RBdB0JeBrDYbkzo43XaSuFPS62l+yUOFf5fw2zMeDIoTfDsBhNBFuZXB1dj4DwTRbwrY7iMB1qEw0jJ&u=U2FsdGVkX1+/5bcGThaoKB+P0gCT/PSpPq+z3lXJVzeGVjk1lJ7KdFZjaUBUlnFJ&y=U2FsdGVkX19f5CsfkP4Wn6tDerReZPzRqesfXTgHEiliZYeRQdOYwUa3Bj0f9LS5 HTTP/1.1" 200 25
186.102.57.235 - - [02/Nov/2022:10:04:59 -0500] "GET /kwssiamovil/sm/acme/a?s=U2FsdGVkX19MqQS/inZVx5xP+S+AMCo2HfPeUnZMMsu9EQe0tuLVWYu/Pj9aN1kU6dHq1uuXOR8ySH2KWhAn6YQ/mC0mhfW9tDT3pgpKQQxVPPNURka1KcmkEZNIcO7D2tcE4HDCaYKZN0evfG21narHX/75/0rk+VqB178/9ms8lzQuzlU3dLGlJQr9yrNTeoSltxlf5JyhhHBbSuLv7tVl2CIPNAUA+U7Isq4Mlaw=&u=U2FsdGVkX1+/5bcGThaoKB+P0gCT/PSpPq+z3lXJVzeGVjk1lJ7KdFZjaUBUlnFJ&y=U2FsdGVkX19f5CsfkP4Wn6tDerReZPzRqesfXTgHEiliZYeRQdOYwUa3Bj0f9LS5 HTTP/1.1" 200 25
186.102.57.235 - - [02/Nov/2022:10:05:00 -0500] "GET /kwssiamovil/sm/acme/a?s=U2FsdGVkX19GIZhUJBJ1W0bZGsw+JlZjtH7YJYR25QVYqqueY4MPwMRNCQHoIQ32QMN8zpwjmFPRkTMolGQEhur1Zn9KkWB96UQu2Vc6Ej0s6vwU+zR45DAgTipnYyQa50addU5WG8ZyLgjF/3A5RWmQ8OLoNLXIH0sViO5e1S4woVOi+TpYR8L0f2S6QUBKKyLY7fDMYpml/VGxSVbzEg==&u=U2FsdGVkX1+/5bcGThaoKB+P0gCT/PSpPq+z3lXJVzeGVjk1lJ7KdFZjaUBUlnFJ&y=U2FsdGVkX19f5CsfkP4Wn6tDerReZPzRqesfXTgHEiliZYeRQdOYwUa3Bj0f9LS5 HTTP/1.1" 200 25
186.102.57.235 - - [02/Nov/2022:10:05:00 -0500] "GET /kwssiamovil/sm/acme/a?s=U2FsdGVkX1/INWehdlrsFhpd1CikQPWvZ4YljX0UMHB37i2hsP7ghyapNqd4VnyXbxIbt7RwowkWPsBdoOMXYsPSw9aWigGwfy6GnyzNRfx2UTKW1hmQm5O8ohILmHEA7K8qgRtd/KMXt1TeCN2yGA3wm4Y2kStQRvvuMsNJJ9Q+pHe38uD0+8r1xefzBL1ic84r8kapUI98aapsghUue1j3CGpaDeRf1+WyjzIpfeM=&u=U2FsdGVkX1+/5bcGThaoKB+P0gCT/PSpPq+z3lXJVzeGVjk1lJ7KdFZjaUBUlnFJ&y=U2FsdGVkX19f5CsfkP4Wn6tDerReZPzRqesfXTgHEiliZYeRQdOYwUa3Bj0f9LS5 HTTP/1.1" 200 25
186.102.57.235 - - [02/Nov/2022:10:05:00 -0500] "GET /kwssiamovil/sm/acme/a?s=U2FsdGVkX1/7BeR+B9FHL3Ss48qgehCvrPZnO1ox1M7JqeaOaEcbA7ntjGjlw0EMBYMFb8nmR4dsqDk7A6ePjN4g7w77lX9RiRgrKnl36KC/DyQVUCeux2kQcn1z7B2DGFDrcBfcmXoMUo2IcFfKI0kRvgIb5rP9Lle4XD2cKE6X2M8Etv5FYJkdAxS+sLtkrOOgrlwyfZOLBGQ8x+49oQ==&u=U2FsdGVkX1+/5bcGThaoKB+P0gCT/PSpPq+z3lXJVzeGVjk1lJ7KdFZjaUBUlnFJ&y=U2FsdGVkX19f5CsfkP4Wn6tDerReZPzRqesfXTgHEiliZYeRQdOYwUa3Bj0f9LS5 HTTP/1.1" 200 25
186.102.57.235 - - [02/Nov/2022:10:05:00 -0500] "GET /kwssiamovil/sm/acme/a?s=U2FsdGVkX1/YMKOI/PaOEx8Cn+tdpKVP4pMjdWwU63RFSd8wtq84eLJS4LEUTSW6CyOPyviAKazDl1djSAsmC5TirAfAJnZa+gZpBpiJbjaZwfIbU0ODwKFnc+Bm57O5erSN3xDtVLtWnvU1pI1her//YecNcZkeeQ9rQbAcu0CRF/NKThRdxzoJZkUxyrjFlxK/s2HTd2emAwmNKp+iPA==&u=U2FsdGVkX1+/5bcGThaoKB+P0gCT/PSpPq+z3lXJVzeGVjk1lJ7KdFZjaUBUlnFJ&y=U2FsdGVkX19f5CsfkP4Wn6tDerReZPzRqesfXTgHEiliZYeRQdOYwUa3Bj0f9LS5 HTTP/1.1" 200 25
186.102.57.235 - - [02/Nov/2022:10:05:00 -0500] "GET /kwssiamovil/sm/acme/a?s=U2FsdGVkX18cbw4NrOxKYRpApvni23w4RCqeYHIhOquiEY6wJ9lI3N67vyIyvnl5DuGt/dJu8WTHxuDDo0/b3pVmZ9djm96qgq9Y89AGcJJaBNgVunUTGlAZoIWNrSXjTMNMfXst1CLBi258163YL+IYeuJq6xm01ChmXN+qY3p8M13n+EypH795CtBGdg5c&u=U2FsdGVkX1+/5bcGThaoKB+P0gCT/PSpPq+z3lXJVzeGVjk1lJ7KdFZjaUBUlnFJ&y=U2FsdGVkX19f5CsfkP4Wn6tDerReZPzRqesfXTgHEiliZYeRQdOYwUa3Bj0f9LS5 HTTP/1.1" 200 25
186.102.57.235 - - [02/Nov/2022:10:05:01 -0500] "GET /kwssiamovil/sm/acme/a?s=U2FsdGVkX1/DoQOb0upNJxtnWi6R406QS7UmzwuDxDLF91j9RtOeyWV8s1smVSKTamH+KC4iN4jm9IBwW9foD5ikHXxxVbTu51Zthc+/86y2eNDxs3Y3r+Z1x44EszPIaIM+95k5X3vyQHvztIcPVFiI/mp9R8soSfwgZCLBNRni8eZ+BC9m+7vHbIPT7lWxO3gJL39Jf70CohMBWe8TGg==&u=U2FsdGVkX1+/5bcGThaoKB+P0gCT/PSpPq+z3lXJVzeGVjk1lJ7KdFZjaUBUlnFJ&y=U2FsdGVkX19f5CsfkP4Wn6tDerReZPzRqesfXTgHEiliZYeRQdOYwUa3Bj0f9LS5 HTTP/1.1" 200 25
186.102.57.235 - - [02/Nov/2022:10:05:01 -0500] "GET /kwssiamovil/sm/acme/a?s=U2FsdGVkX18CckSnBzW/lH5MphO3eZfpO6B+R46umHgDmCulNzA6hUQ6ylCWiotXtip35l0WudDkrkvLgvGEU6rNPriIWBedxxbXRZ3Q5qSEMdTRx1lxZm7Wt8ESnf+nsPd1wx+hHut4+D5RpuPzqWf8Qc84utkLTIZ8yyPcGnrLBh+TTwCNTHv3L34tsoR/&u=U2FsdGVkX1+/5bcGThaoKB+P0gCT/PSpPq+z3lXJVzeGVjk1lJ7KdFZjaUBUlnFJ&y=U2FsdGVkX19f5CsfkP4Wn6tDerReZPzRqesfXTgHEiliZYeRQdOYwUa3Bj0f9LS5 HTTP/1.1" 200 25
186.102.57.235 - - [02/Nov/2022:10:05:01 -0500] "GET /kwssiamovil/sm/acme/a?s=U2FsdGVkX19Suc+ruRBHleDYDxKOF+MCh4lLioLSnSnji3OW2bCKklSRUOX/fJWXiNDcbPwS2SA4Fj0eAczrczaJwBQ08M6GO5QZ0pz+fRgqJ7KTt/fM3LMw+9RNxj560W7wtHUhrxbWWRjysN3ex/aI1Kj2Agf8uE2bNW8qv4eNsxN/0oTvLNjWV8ivo7FxTv8GIH/UGR2Heu4oul067A==&u=U2FsdGVkX1+/5bcGThaoKB+P0gCT/PSpPq+z3lXJVzeGVjk1lJ7KdFZjaUBUlnFJ&y=U2FsdGVkX19f5CsfkP4Wn6tDerReZPzRqesfXTgHEiliZYeRQdOYwUa3Bj0f9LS5 HTTP/1.1" 200 25
186.102.57.235 - - [02/Nov/2022:10:05:01 -0500] "GET /kwssiamovil/sm/acme/a?s=U2FsdGVkX18srb+j5JXYEOPd9zf5YC94SQAWU2TRyEDu9PIKjiWNpkfsun8FYvF3JPbh+t1YkhFmeazEcxX5Gzjh1SWsbRHqk5pfCvMTlTwIiE3f1Iy2sSenlzrdyCs9fjUpaJFdO9Ax8bWIPNPo+wKlMAzcs17muvBF0P+O2QbhFkFF/ViWa+j+h9InAHOUE4ylQWprs7GIGxthD5d4Pw==&u=U2FsdGVkX1+/5bcGThaoKB+P0gCT/PSpPq+z3lXJVzeGVjk1lJ7KdFZjaUBUlnFJ&y=U2FsdGVkX19f5CsfkP4Wn6tDerReZPzRqesfXTgHEiliZYeRQdOYwUa3Bj0f9LS5 HTTP/1.1" 200 25
186.102.57.235 - - [02/Nov/2022:10:05:02 -0500] "GET /kwssiamovil/sm/acme/a?s=U2FsdGVkX1/aM4wzIS7zk4zrbomh2Dw4Wss4DgCKExEL0tC4LjSu2KQ2+vFUZvGwH6TBOOVEuVprM3i6tcymm++xlYAaLZvC83U3irgldH+WK8kpPnnCWJQ4NGOZpkDc/tb56rwSMkgGp+G7BlNeZtmdioqGZ1r3Ri891nFm2HiqYlYz4tIe9EErBOq2xkRc3W7qxvBjQmvbcy7Mx9rGYLPT3pNMC6PHIbsspfzM1yY=&u=U2FsdGVkX1+/5bcGThaoKB+P0gCT/PSpPq+z3lXJVzeGVjk1lJ7KdFZjaUBUlnFJ&y=U2FsdGVkX19f5CsfkP4Wn6tDerReZPzRqesfXTgHEiliZYeRQdOYwUa3Bj0f9LS5 HTTP/1.1" 200 25
186.102.57.235 - - [02/Nov/2022:10:05:02 -0500] "GET /kwssiamovil/sm/acme/a?s=U2FsdGVkX1+EDAXHqcXDGoA6qgVKkhuxnhAWNkjDLk23IfwXN6326i//UWiW1oikTnwL5+mOdRfnPiNjD1PE0fgAw/1BRd0cY+Y0fb6f6AgMGHqyfaUft+bV/a7CUgEjMm5b+s1omUO9bEvc/jRv9u7i1UyrD2lrM4uo/uk7j5XJE8nZFZqfU+SwF6QGbWUBWNy0Xz3cwq1QsxE3/aB9Vg==&u=U2FsdGVkX1+/5bcGThaoKB+P0gCT/PSpPq+z3lXJVzeGVjk1lJ7KdFZjaUBUlnFJ&y=U2FsdGVkX19f5CsfkP4Wn6tDerReZPzRqesfXTgHEiliZYeRQdOYwUa3Bj0f9LS5 HTTP/1.1" 200 25
186.102.57.235 - - [02/Nov/2022:10:05:02 -0500] "GET /kwssiamovil/sm/acme/a?s=U2FsdGVkX18rgjNU3XPu+RgBAzMKJKr/cJhGQ2vDZQCVEgIRrY4+jGu43qtDHYnrj5yn23P6grj/VOthPR173BIasa/egwt2xfRGMcaJ94Jl5Z1teeibw+u5UumhEpjsJyBa1U4Oq7viFCsROqKKF4QXXmTkxZTtreO3lePDYGoD+tRUEv6/0t2if/5VpWunZ/JbWQG+P1YPVvKoZ6qaoA==&u=U2FsdGVkX1+/5bcGThaoKB+P0gCT/PSpPq+z3lXJVzeGVjk1lJ7KdFZjaUBUlnFJ&y=U2FsdGVkX19f5CsfkP4Wn6tDerReZPzRqesfXTgHEiliZYeRQdOYwUa3Bj0f9LS5 HTTP/1.1" 200 25
186.102.57.235 - - [02/Nov/2022:10:05:02 -0500] "GET /kwssiamovil/sm/acme/a?s=U2FsdGVkX1/mOR3RY3mJiY9BQ8Fn3iL4F9xJ2ObZS7kex+sSZ8RRx5Y1jSpBjsyZ057gS8eAyJr1nm5kDsnNpVnZSUDZ8ORGESC9Ax3FK13yjXSIbKjNtbWO/WBmADSnTxqfU+792xd9oeMzrsP+9CLrePJrq6n9tLiN3+b9Ks1hl+rAxtTe4r9eWbeBww6h&u=U2FsdGVkX1+/5bcGThaoKB+P0gCT/PSpPq+z3lXJVzeGVjk1lJ7KdFZjaUBUlnFJ&y=U2FsdGVkX19f5CsfkP4Wn6tDerReZPzRqesfXTgHEiliZYeRQdOYwUa3Bj0f9LS5 HTTP/1.1" 200 25
186.102.57.235 - - [02/Nov/2022:10:05:03 -0500] "GET /kwssiamovil/sm/acme/a?s=U2FsdGVkX1+jKkRt6eR43s8lzJeIrujgO91vr8aTyGl8GCqD02jKEO2Jy3cMMMIYFDSCBAKQg97KsTZz0ZYi8dlKdJyjJ8wXLg3T4gZ43kocbdzWXsIMEgwrqdaLbDCHFXYI3jIhCf0+pXzbObyGEzUSFFk8wlV+yCVqVQygZu+AUJ+LY1C5h0nuWD0SmQTuEsv2VG+lFTV0VqPw95LfbQ==&u=U2FsdGVkX1+/5bcGThaoKB+P0gCT/PSpPq+z3lXJVzeGVjk1lJ7KdFZjaUBUlnFJ&y=U2FsdGVkX19f5CsfkP4Wn6tDerReZPzRqesfXTgHEiliZYeRQdOYwUa3Bj0f9LS5 HTTP/1.1" 200 25
186.102.57.235 - - [02/Nov/2022:10:05:03 -0500] "GET /kwssiamovil/sm/acme/a?s=U2FsdGVkX19Z0sbqolsx0GMGaiPL+aKu6bRKaFaGMpx3ohiZcQWPqRCowyteZecBR2kjfeggj3RaBIbAY/N4jObVuekws8sPc8Vk2aRuqUJPnNrfQr4KE9iQg6EVF5Npm6rNWfszUr4BaCCl3P/q46NXOnx6z00Q93ZA0Soj+Y8VtkaVuoL/jMBtHFDqd7Tm&u=U2FsdGVkX1+/5bcGThaoKB+P0gCT/PSpPq+z3lXJVzeGVjk1lJ7KdFZjaUBUlnFJ&y=U2FsdGVkX19f5CsfkP4Wn6tDerReZPzRqesfXTgHEiliZYeRQdOYwUa3Bj0f9LS5 HTTP/1.1" 200 25
186.102.57.235 - - [02/Nov/2022:10:05:03 -0500] "GET /kwssiamovil/sm/acme/a?s=U2FsdGVkX18ijK5HFeaJ0caySDqJIxuzPuqXQymIgeqx1xreCsZm4SipJW+yJQidRvaRAyvfw3OkeoRMWKo631zfMDCpo7CrhNfHZsvFyoaAU2U8YXk21zkRj/fzfHrRPtPWMWufedEptZrbl302gPw8AZGPAxXsdqfftfv44O2yv7ZxOr9z7JwnKt+5zJ89AlH03+GqidLaaSGpgZoEPQ==&u=U2FsdGVkX1+/5bcGThaoKB+P0gCT/PSpPq+z3lXJVzeGVjk1lJ7KdFZjaUBUlnFJ&y=U2FsdGVkX19f5CsfkP4Wn6tDerReZPzRqesfXTgHEiliZYeRQdOYwUa3Bj0f9LS5 HTTP/1.1" 200 25
186.102.57.235 - - [02/Nov/2022:10:05:03 -0500] "GET /kwssiamovil/sm/acme/a?s=U2FsdGVkX1+GnpVyZG2+ekVosgxe3TEh2D0JkPHSK0MPn7pHxxpB4w9bBT9mK3M23MxYb2qMTjZV2qOgs9WJaWKk5h5m3a+DnJ9THc4zD+SmYyRYxGHkWqQbrlce9xczqrWmkpcfzHqcNN+pU0rnDf2XZSu6IQFK8f2523HCiFYXvrAzi6BxpFiZeYl/60hP&u=U2FsdGVkX1+/5bcGThaoKB+P0gCT/PSpPq+z3lXJVzeGVjk1lJ7KdFZjaUBUlnFJ&y=U2FsdGVkX19f5CsfkP4Wn6tDerReZPzRqesfXTgHEiliZYeRQdOYwUa3Bj0f9LS5 HTTP/1.1" 200 25
186.86.32.182 - - [02/Nov/2022:10:06:10 -0500] "GET /galeria/galeria/jquery.fancybox.css?v=2.1.5 HTTP/1.1" 200 4895
186.86.32.182 - - [02/Nov/2022:10:06:10 -0500] "GET /BLA/boletinlegal/js/jquery.scrollShow.js HTTP/1.1" 200 4586
186.86.32.182 - - [02/Nov/2022:10:06:10 -0500] "GET /galeria/galeria/jquery.fancybox.js?v=2.1.5 HTTP/1.1" 200 48706
172.22.2.4 - - [02/Nov/2022:10:04:57 -0500] "HEAD /BLA/boletinlegal/ HTTP/1.1" 200 -
186.84.20.162 - - [02/Nov/2022:10:06:42 -0500] "GET /BLA/resoluciones/index.php?dir=AUTOS+2014%2F HTTP/1.1" 200 884169
172.22.2.4 - - [02/Nov/2022:10:05:47 -0500] "GET /BLA/boletinlegal/ HTTP/1.1" 200 58163
181.61.209.141 - - [02/Nov/2022:10:07:49 -0500] "GET /BLA/resoluciones/AUTOS%202014/4894.pdf HTTP/1.1" 200 521703
185.119.81.97 - - [02/Nov/2022:10:08:10 -0500] "GET /portaldeninos/wp-login.php HTTP/1.1" 200 2592
185.119.81.97 - - [02/Nov/2022:10:08:11 -0500] "POST /portaldeninos/wp-login.php HTTP/1.1" 200 3650
181.48.33.178 - - [02/Nov/2022:10:08:26 -0500] "GET /vota-por-bogota-en-we-love-cities-pioneros-en-sostenibilidad.html HTTP/1.1" 200 850
216.245.221.92 - - [02/Nov/2022:10:08:35 -0500] "HEAD / HTTP/1.1" 200 -
201.245.192.253 - - [02/Nov/2022:10:08:48 -0500] "POST /kwsrmcab/Wsrmcab  HTTP/1.1" 200 41830
201.244.96.206 - - [02/Nov/2022:10:08:54 -0500] "POST /sipsesda/faces/vista/administracion/funcionario/registrarFuncionario.jspx?_afPfm=1 HTTP/1.1" 200 37390
201.244.96.206 - - [02/Nov/2022:10:08:57 -0500] "POST /sipsesda/faces/vista/administracion/funcionario/listadoFuncionario.jspx HTTP/1.1" 200 17578
201.244.96.206 - - [02/Nov/2022:10:09:02 -0500] "POST /sipsesda/faces/vista/administracion/funcionario/registrarFuncionario.jspx?_afPfm=2 HTTP/1.1" 200 11669
172.22.2.4 - - [02/Nov/2022:10:08:16 -0500] "GET /BLA/boletinlegal/ HTTP/1.1" 200 40907
186.145.91.234 - - [02/Nov/2022:10:09:15 -0500] "GET /sipse/faces/javax.faces.resource/theme.css?ln=primefaces-sipse HTTP/1.1" 304 -
186.145.91.234 - - [02/Nov/2022:10:09:15 -0500] "GET /sipse/faces/javax.faces.resource/primefaces.css?ln=primefaces&v=4.0 HTTP/1.1" 304 -
186.145.91.234 - - [02/Nov/2022:10:09:15 -0500] "GET /sipse/faces/javax.faces.resource/layout/layout.css?ln=primefaces&v=4.0 HTTP/1.1" 304 -
186.145.91.234 - - [02/Nov/2022:10:09:15 -0500] "GET /sipse/faces/javax.faces.resource/jquery/jquery.js?ln=primefaces&v=4.0 HTTP/1.1" 304 -
186.145.91.234 - - [02/Nov/2022:10:09:15 -0500] "GET /sipse/faces/javax.faces.resource/primefaces.js?ln=primefaces&v=4.0 HTTP/1.1" 304 -
186.145.91.234 - - [02/Nov/2022:10:09:15 -0500] "GET /sipse/faces/javax.faces.resource/jquery/jquery-plugins.js?ln=primefaces&v=4.0 HTTP/1.1" 304 -
186.145.91.234 - - [02/Nov/2022:10:09:15 -0500] "GET /sipse/faces/javax.faces.resource/layout/layout.js?ln=primefaces&v=4.0 HTTP/1.1" 304 -
186.145.91.234 - - [02/Nov/2022:10:09:14 -0500] "POST /sipse/faces/presentacion/financiero/solicitudProceso/consultarSolicitudProceso.xhtml HTTP/1.1" 200 54584
186.145.91.234 - - [02/Nov/2022:10:09:15 -0500] "POST /sipse/faces/presentacion/financiero/solicitudProceso/listarSolicitudProceso.xhtml HTTP/1.1" 200 1492
186.145.91.234 - - [02/Nov/2022:10:09:15 -0500] "POST /sipse/faces/presentacion/financiero/solicitudProceso/listarSolicitudProceso.xhtml HTTP/1.1" 200 1504
186.145.91.234 - - [02/Nov/2022:10:09:29 -0500] "POST /sipse/faces/presentacion/financiero/solicitudProceso/listarSolicitudProceso.xhtml HTTP/1.1" 200 141853
186.145.91.234 - - [02/Nov/2022:10:09:30 -0500] "GET /sipse/faces/javax.faces.resource/primefaces.css?ln=primefaces&v=4.0 HTTP/1.1" 304 -
186.145.91.234 - - [02/Nov/2022:10:09:30 -0500] "GET /sipse/faces/javax.faces.resource/theme.css?ln=primefaces-sipse HTTP/1.1" 304 -
186.145.91.234 - - [02/Nov/2022:10:09:30 -0500] "GET /sipse/faces/javax.faces.resource/jquery/jquery.js?ln=primefaces&v=4.0 HTTP/1.1" 304 -
186.145.91.234 - - [02/Nov/2022:10:09:30 -0500] "GET /sipse/faces/javax.faces.resource/layout/layout.css?ln=primefaces&v=4.0 HTTP/1.1" 304 -
186.145.91.234 - - [02/Nov/2022:10:09:31 -0500] "GET /sipse/faces/javax.faces.resource/jquery/jquery-plugins.js?ln=primefaces&v=4.0 HTTP/1.1" 304 -
186.145.91.234 - - [02/Nov/2022:10:09:31 -0500] "GET /sipse/faces/javax.faces.resource/primefaces.js?ln=primefaces&v=4.0 HTTP/1.1" 304 -
186.145.91.234 - - [02/Nov/2022:10:09:31 -0500] "GET /sipse/faces/javax.faces.resource/layout/layout.js?ln=primefaces&v=4.0 HTTP/1.1" 304 -
186.145.91.234 - - [02/Nov/2022:10:09:31 -0500] "GET /sipse/faces/javax.faces.resource/images/ui-icons_898989_256x240.png?ln=primefaces-aristo HTTP/1.1" 304 -
186.145.91.234 - - [02/Nov/2022:10:09:37 -0500] "POST /sipse/faces/presentacion/financiero/solicitudProceso/consultarSolicitudProceso.xhtml HTTP/1.1" 200 171142
186.145.91.234 - - [02/Nov/2022:10:09:38 -0500] "POST /sipse/faces/presentacion/financiero/solicitudProceso/consultarSolicitudProceso.xhtml HTTP/1.1" 200 76179
186.145.91.234 - - [02/Nov/2022:10:09:38 -0500] "POST /sipse/faces/presentacion/financiero/solicitudProceso/consultarSolicitudProceso.xhtml HTTP/1.1" 200 707146
201.244.96.206 - - [02/Nov/2022:10:09:44 -0500] "POST /sipsesda/faces/vista/administracion/dependenciaFuncionario/registrarDependenciaFuncionario.jspx?_afPfm=2.1 HTTP/1.1" 200 17578
201.244.96.206 - - [02/Nov/2022:10:09:45 -0500] "POST /sipsesda/faces/vista/administracion/funcionario/registrarFuncionario.jspx?_afPfm=2 HTTP/1.1" 200 37407
201.244.96.206 - - [02/Nov/2022:10:09:46 -0500] "POST /sipsesda/faces/vista/administracion/funcionario/listadoFuncionario.jspx HTTP/1.1" 200 36916
201.244.96.206 - - [02/Nov/2022:10:09:52 -0500] "POST /sipsesda/faces/vista/administracion/funcionario/listadoFuncionario.jspx HTTP/1.1" 200 37360
201.244.96.206 - - [02/Nov/2022:10:09:53 -0500] "POST /sipsesda/faces/vista/administracion/funcionario/listadoFuncionario.jspx HTTP/1.1" 200 18886
186.28.3.121 - - [02/Nov/2022:10:10:41 -0500] "POST /sipse/faces/presentacion/financiero/solicitudProceso/consultarSolicitudProceso.xhtml HTTP/1.1" 200 269153
201.245.192.253 - - [02/Nov/2022:10:10:51 -0500] "GET /BLA/resoluciones/ HTTP/1.1" 200 13093
201.245.192.253 - - [02/Nov/2022:10:10:57 -0500] "GET /BLA/resoluciones/index.php?dir=AUTOS+2018%2F HTTP/1.1" 200 438883
213.186.1.242 - - [02/Nov/2022:10:11:25 -0500] "GET /cinco-humedales-cerrados-por-fuertes-lluvias.html HTTP/1.1" 200 785
200.118.16.60 - - [02/Nov/2022:10:12:03 -0500] "GET /kwssiamovil/sm/acme/a?s=U2FsdGVkX18fSry0Dd5EWtr4+R4FCmzv9jAYYDA1nAMhpL9MkQyfiwlCBKcEs7t000fV1s938spxUYAkt4mhiNnC2iek31zDFg41eJm4lGNQMSqbTv/c4c/IQkgUt7ec/lyG+Ub4J4HYBhdS4MC/sIdElxBRxavbeXTGb91jaTFAInZeRHYhfEq0k+Mt6n7J6lKDpx3OR8FXwyoouxAVe30mjzwGpbshMjfBfrSwUikwsM/EWHPIh6L8hxnWpQsnoNfclC3CAbeoUoJew5Vdqw==&u=U2FsdGVkX1/eJjfayzsQnZKbTHzoTmShE00mz6jKgW8=&y=U2FsdGVkX1+1+2C8CthpdVtRp9MAnbHwvIYvSYnGxev33h0RsZjxuUK366Us+gM1 HTTP/1.1" 200 26
200.118.16.60 - - [02/Nov/2022:10:12:03 -0500] "GET /kwssiamovil/sm/acme/a?s=U2FsdGVkX1/eqjwntX9V53bjNl/6KhF9wUhBc7gLmPT4o2n8O/GTCejAdit5+DfyjPNj2wWf5PhZgxQloejRwin5yuBSlCAnJd8bOajzL0vfs8UclJqHtQ+GE0qROlzYkKrZJwRhN4NVpc3n/o0cjDJcxeOUjuFwW9MhS9ZxnDWNjdJ8YyFhzuUPXGbkgMDMN5k06ord3PE8SIbMNLOSbmoQ6STvsZ9r0CHaUc0scHsRKFbTRaoMfy7MfZpfvzKbE8zKlRGBz5xpYuwRq3gzn7uLWS+lepJD+wklBmsFzTwIR6V80bZeT6rRYy1BsZhEnrVKttj9CsDnt7oJCbmE4CUsD5YxiH2X29Vb9r17iMuMgvXH9O9OUftuH87t+tC7pL5I4Gofyhk5jwNzb/aZkjH0p2+EdpZGTjdKvLTLbNYwxU8v/kgiU7ANa+J+uFaRl39lZfUrgktYBaVAIISdorZ1oQcs+qUniIFCpLQ3tOyvIjO0Dvdu4maWUav2tV45qXKOQ3mos8KBxyOQahokNFYkUznu6qIhpmjYkM1JMAgcQ5jf7e7aqxiPiRtaeJ6mIo1K5qspp4+RbuEJzCBPr7FhfYs1dpaV0ryo0eB1HVj+Qt3R2rgNOjdcFT4lm/rmXxd8FjCku1mTUlrkBYopTgkdr8iNL6fhkKZsYVyjqsUP+DNtWHnppKTHJ/Lm4OBdd0hlSzCboOwephBNYG3aAlLEcNS6gH4zh2Lzmi7VE0dF3dIky1+KU271ffINdbcDS3qBwVxTLuOyXNdwzLEJLg2OMzVqQxAq5HvyeXPrRSiQul/Yw1SDYqKRptO1+mDVI8Bi8khpigfgRlYLDii3yvBYhaS84HrOL1tUd9U8V93OpN29mzY6PR9WHdHgcZVQzbfykOMp97ia3i8ySxUX45WhKPt5uHupvXIxIymMggPyTTgZIGvFf+fv0H9aWAcg3Zdl4yuhWPVmfl4Z5qksQDaoDF83CNmxv4YPLVrTRvMflz/ZJK2bKXudfgZ4tCLYE87rv2jvXmkn90ZJoVxQED2eTXBca3iBa+GYMaZob3RmSHSKFKKNSRmaPE9MgVErL0kfWKYMYkfk9skS/+2gpcn7mJjaMb9GlliiMymhauQTtQzittx3c5DmPaTJV6wqYhwTE4/XC+vUVQZFpbN0uNeEvHQv3+Nd+rG050rK2SB6dPCDKzwwrxNCEVfs/a4qKPy2pUiyVH6fA2SSkKM9KCzJlh3PVaRD2ONXfxrdJWfp8+aOvZzyg1uLQpNP/S06ZZN9lIAaL0PL8qA9R6WMKc3bQQs+p2+J3h8nrqsifNOVLGTSyce3Uh2U3US/3A2fxq3X99No1eyBlQFr+0PJeMBkVufOYwbv01Tzaat21qRMuF0CNEeNK4NiNZP3mu7Flde/acgtVKGJT4CqL7XYToAn/3fze3luFAorDpNtFwu8hQEeiO5S4C6+4l8Ou7XjZbNqiXHW5TF74tIyebjTU+/6Qsuf0zhmua6CnW4v+zoX67DWHRw6vfL/0qNTcXRGjYazakYtBvd3nKHwBOAHIQiukudhjfPVI4eVMKOA95W3fef51MRs0hJa3NPqXwamjxftPwgYDDeMfNXrYS/Wn+fYBI8wBB5sH9ZnRCd9pTuToxVh7gNlV/Y/822Be3RkcQMW0LC+uJMF8tbjSeDmyGx3GASOOs9FNb83l/EAoinnOC6DykqR10BXpVw3+fQ9cYucn3COc6hWAETdKzmLgziv8lGm9CeWr6iIOlwfT6jqFO8wYqKmJ6UenTi8p7hseNC7YoK036rpJla5zhv/rEUQldufZUtIlBL5PBfvNf+crENxpaAo8CEe6yeGVdaWnPVfX9kHW70vis0AO3G+a47T+0eCSpsRatcKWZCwe6XBCnl3syo3+8hh484WAxRlsdHcInNzUZArbAFuiSafsiRyMbcQ01/z7z3Ad98tXv9W4ZJXf1s3Ywr8e84JJcx9BwR+Iqhj8C89Q9MCyAY6NDODQRGBNqcfm+1FrCAMxGwlWnsxqNCWcOVMJJfvlShf5PzOSP2r57D+Wjoy6JbHiaQh81ZvRTyUt/2TBSpRLX/7sco23EjACzlQf1PAtKYqzUJcw1rFAT61+OarkmxDy8QKY7AzjqUGRIZ0lGphdA3yBeL4RHLE7a5icdEE4vm+HEJ3EOSJFKX1parxfi3QgUo+9thelvW2rM/kZh24g5Sse0uu0eiEvJGjd5GBkQ3gt3gsDygBLOLVmAglCioTBfOrk8hvBBfWHLVLobpEU1BmxyvJw6xgIHxS1otKY0RFWGQLxs83/LW448QI7ArEQDk7/LOVHLVtVyNx+NJ+6NE=&u=U2FsdGVkX1/eJjfayzsQnZKbTHzoTmShE00mz6jKgW8=&y=U2FsdGVkX1+1+2C8CthpdVtRp9MAnbHwvIYvSYnGxev33h0RsZjxuUK366Us+gM1 HTTP/1.1" 200 26
200.118.16.60 - - [02/Nov/2022:10:12:03 -0500] "GET /kwssiamovil/sm/acme/a?s=U2FsdGVkX19Rm4uadJYzNOxtmnqhe6qlhFmXwO8gJiwceGSXXxyC7QMjlcKUJzop4YWZials46nokDzChDOtte/DH49DOeCwH5bJgeL3fnIn0kj80SRDfXgphReeyFmAHSFXikMf1Ly9/1aDzcHurUxgBi7JhMGxzbeZgb+avsI=&u=U2FsdGVkX1/eJjfayzsQnZKbTHzoTmShE00mz6jKgW8=&y=U2FsdGVkX1+1+2C8CthpdVtRp9MAnbHwvIYvSYnGxev33h0RsZjxuUK366Us+gM1 HTTP/1.1" 200 26
200.118.16.60 - - [02/Nov/2022:10:12:04 -0500] "GET /kwssiamovil/sm/acme/a?s=U2FsdGVkX1+ydMg3jidET4Y2KqXPLo++dhgyeHI9bNZFC7OJ9p7AVO1xlx/yqVZAO/PXNRx9hZc/KeKqHiE1r8+HQnXm730zsvjtG8uDVmv6d84gAAy1MQv6Yr/d6AY5cbD25HON9hXIkEFYeIEObOr3Q+SRiyD+0zxLukoGh1Q=&u=U2FsdGVkX1/eJjfayzsQnZKbTHzoTmShE00mz6jKgW8=&y=U2FsdGVkX1+1+2C8CthpdVtRp9MAnbHwvIYvSYnGxev33h0RsZjxuUK366Us+gM1 HTTP/1.1" 200 26
200.118.16.60 - - [02/Nov/2022:10:12:04 -0500] "GET /kwssiamovil/sm/acme/a?s=U2FsdGVkX19soLZ2eFOvZz4UPFYuJ5zc1bq66tdz7+e4pv5crcLUAPOvNhnfwe0+l3dq/MVD2kEplb4undUbLrlE695c50vUxAl9MKjpIkSq2wPp0f5BEtMqre3S1rrEu4p3j/d+anecAB16g+ceBj2KP6fSKKeqTKLYIEveFpY=&u=U2FsdGVkX1/eJjfayzsQnZKbTHzoTmShE00mz6jKgW8=&y=U2FsdGVkX1+1+2C8CthpdVtRp9MAnbHwvIYvSYnGxev33h0RsZjxuUK366Us+gM1 HTTP/1.1" 200 26
200.118.16.60 - - [02/Nov/2022:10:12:04 -0500] "GET /kwssiamovil/sm/acme/a?s=U2FsdGVkX18LbVvo2gF9iDzxP/rlbDUm35L1NKTCT/NjdGG2XeoNnRqKxglzSX9oiOUI6lfsfn7hY9mTLC5epYWcEe0mSY37zZIWyI6lGOGfZ3GLdSWsExv+WEpW/D7li0MLF9eQpkDukphnpcq3/23VrFzMfBl+ZrIXtjAEYdPyip643vr88GYTQ8k94pMa&u=U2FsdGVkX1/eJjfayzsQnZKbTHzoTmShE00mz6jKgW8=&y=U2FsdGVkX1+1+2C8CthpdVtRp9MAnbHwvIYvSYnGxev33h0RsZjxuUK366Us+gM1 HTTP/1.1" 200 26
201.244.96.206 - - [02/Nov/2022:10:12:09 -0500] "POST /sipsesda/faces/vista/administracion/funcionario/registrarFuncionario.jspx?_afPfm=3 HTTP/1.1" 200 37415
201.244.96.206 - - [02/Nov/2022:10:12:11 -0500] "POST /sipsesda/faces/vista/administracion/funcionario/listadoFuncionario.jspx HTTP/1.1" 200 36916
201.244.96.206 - - [02/Nov/2022:10:12:15 -0500] "POST /sipsesda/faces/vista/administracion/funcionario/listadoFuncionario.jspx HTTP/1.1" 200 38588
201.244.96.206 - - [02/Nov/2022:10:12:19 -0500] "POST /sipsesda/faces/vista/administracion/funcionario/listadoFuncionario.jspx HTTP/1.1" 200 17582
201.244.96.206 - - [02/Nov/2022:10:12:21 -0500] "POST /sipsesda/faces/vista/administracion/funcionario/registrarFuncionario.jspx?_afPfm=4 HTTP/1.1" 200 11670
201.244.96.206 - - [02/Nov/2022:10:12:23 -0500] "GET /sipsesda/faces/__ADFv__?_afPfm=4.1&_t=fred&_red=cd&value=1667401828293&loc=es-CO&enc=UTF-8&minValue=1136073600000&maxValue=1793620800000 HTTP/1.1" 200 1074
201.244.96.206 - - [02/Nov/2022:10:12:23 -0500] "GET /sipsesda/faces/__ADFv__?_afPfm=4.1&_t=cd&loc=es-CO&maxValue=1793620800000&value=1667401828293&enc=UTF-8&minValue=1136073600000 HTTP/1.1" 200 7348
201.244.96.206 - - [02/Nov/2022:10:12:27 -0500] "GET /sipsesda/faces/__ADFv__?_afPfm=4.1&_t=fred&_red=cd&value=1667260800000&loc=es-CO&enc=UTF-8&minValue=1136073600000&maxValue=1793620800000 HTTP/1.1" 200 1074
201.244.96.206 - - [02/Nov/2022:10:12:27 -0500] "GET /sipsesda/faces/__ADFv__?_afPfm=4.1&_t=cd&enc=UTF-8&maxValue=1793620800000&minValue=1136073600000&loc=es-CO&value=1667260800000 HTTP/1.1" 200 7348
172.22.2.4 - - [02/Nov/2022:10:10:47 -0500] "HEAD /BLA/boletinlegal/ HTTP/1.1" 200 -
201.244.96.206 - - [02/Nov/2022:10:12:28 -0500] "GET /sipsesda/faces/__ADFv__?_afPfm=4.1&_t=fred&_red=cd&value=1667401833492&loc=es-CO&enc=UTF-8&minValue=1136073600000&maxValue=1793620800000 HTTP/1.1" 200 1074
201.244.96.206 - - [02/Nov/2022:10:12:29 -0500] "GET /sipsesda/faces/__ADFv__?_afPfm=4.1&_t=cd&maxValue=1793620800000&value=1667401833492&enc=UTF-8&loc=es-CO&minValue=1136073600000 HTTP/1.1" 200 7348
201.244.96.206 - - [02/Nov/2022:10:12:34 -0500] "POST /sipsesda/faces/vista/administracion/dependenciaFuncionario/registrarDependenciaFuncionario.jspx?_afPfm=4.1 HTTP/1.1" 200 13252
201.244.96.206 - - [02/Nov/2022:10:12:47 -0500] "POST /sipsesda/faces/vista/administracion/dependenciaFuncionario/registrarDependenciaFuncionario.jspx?_afPfm=4.1 HTTP/1.1" 200 18054
201.244.96.206 - - [02/Nov/2022:10:12:50 -0500] "POST /sipsesda/faces/vista/administracion/funcionario/registrarFuncionario.jspx?_afPfm=4 HTTP/1.1" 200 8909
201.244.96.206 - - [02/Nov/2022:10:12:53 -0500] "POST /sipsesda/faces/vista/administracion/rolFuncionario/registrarRolFuncionario.jspx?_afPfm=4.2 HTTP/1.1" 200 18459
201.244.96.206 - - [02/Nov/2022:10:12:59 -0500] "POST /sipsesda/faces/vista/administracion/funcionario/registrarFuncionario.jspx?_afPfm=4 HTTP/1.1" 200 18713
201.244.96.206 - - [02/Nov/2022:10:13:01 -0500] "POST /sipsesda/faces/vista/administracion/funcionario/registrarFuncionario.jspx?_afPfm=4 HTTP/1.1" 200 8909
186.145.91.234 - - [02/Nov/2022:10:13:13 -0500] "GET /sipse/faces/javax.faces.resource/images/ui-bg_flat_0_2d5972_40x100.png?ln=primefaces-aristo HTTP/1.1" 304 -
186.145.91.234 - - [02/Nov/2022:10:13:13 -0500] "POST /sipse/faces/presentacion/financiero/solicitudProceso/consultarSolicitudProceso.xhtml HTTP/1.1" 200 50793
186.145.91.234 - - [02/Nov/2022:10:13:13 -0500] "GET /sipse/faces/javax.faces.resource/primefaces.css?ln=primefaces&v=4.0 HTTP/1.1" 304 -
186.145.91.234 - - [02/Nov/2022:10:13:13 -0500] "GET /sipse/faces/javax.faces.resource/theme.css?ln=primefaces-sipse HTTP/1.1" 304 -
186.145.91.234 - - [02/Nov/2022:10:13:13 -0500] "GET /sipse/faces/javax.faces.resource/jquery/jquery.js?ln=primefaces&v=4.0 HTTP/1.1" 304 -
186.145.91.234 - - [02/Nov/2022:10:13:13 -0500] "GET /sipse/faces/javax.faces.resource/layout/layout.css?ln=primefaces&v=4.0 HTTP/1.1" 304 -
186.145.91.234 - - [02/Nov/2022:10:13:14 -0500] "GET /sipse/faces/javax.faces.resource/jquery/jquery-plugins.js?ln=primefaces&v=4.0 HTTP/1.1" 304 -
186.145.91.234 - - [02/Nov/2022:10:13:14 -0500] "GET /sipse/faces/javax.faces.resource/primefaces.js?ln=primefaces&v=4.0 HTTP/1.1" 304 -
186.145.91.234 - - [02/Nov/2022:10:13:14 -0500] "GET /sipse/faces/javax.faces.resource/layout/layout.js?ln=primefaces&v=4.0 HTTP/1.1" 304 -
186.145.91.234 - - [02/Nov/2022:10:13:14 -0500] "POST /sipse/faces/presentacion/financiero/solicitudProceso/listarSolicitudProceso.xhtml HTTP/1.1" 200 44157
186.145.91.234 - - [02/Nov/2022:10:13:15 -0500] "POST /sipse/faces/presentacion/financiero/solicitudProceso/listarSolicitudProceso.xhtml HTTP/1.1" 200 1492
186.145.91.234 - - [02/Nov/2022:10:13:15 -0500] "POST /sipse/faces/presentacion/financiero/solicitudProceso/listarSolicitudProceso.xhtml HTTP/1.1" 200 1504
172.22.2.4 - - [02/Nov/2022:10:11:37 -0500] "GET /BLA/boletinlegal/ HTTP/1.1" 200 59828
201.244.96.206 - - [02/Nov/2022:10:13:18 -0500] "POST /sipsesda/faces/vista/administracion/rolFuncionario/registrarRolFuncionario.jspx?_afPfm=4.3 HTTP/1.1" 200 18672
186.102.39.34 - - [02/Nov/2022:10:13:22 -0500] "OPTIONS /kwssiamovil/sm/setfile/f? HTTP/1.1" 200 13
186.102.39.34 - - [02/Nov/2022:10:13:22 -0500] "POST /kwssiamovil/sm/setfile/f? HTTP/1.1" 200 381
201.244.96.206 - - [02/Nov/2022:10:13:23 -0500] "POST /sipsesda/faces/vista/administracion/funcionario/registrarFuncionario.jspx?_afPfm=4 HTTP/1.1" 200 8909
186.102.39.34 - - [02/Nov/2022:10:13:30 -0500] "GET /kwssiamovil/sm/acme/a?s=U2FsdGVkX1/oyiybW1uh0ZFkCpjw65Xs8f0pcbnIx2hKZXZDhDc2a9Y2YwWWyh4kXgJe+7eAYxpXu+T/p6yRFmjgxTSAJcTVspAOdrI3WyHF8dx2l1PiTSuHVRU1C9KvoOiqxQy/WntWNmsIieyEdsZAkVeL19/NezxO1YlmT97Cl392D7h1axKCwLirnpUQslp9UVRoCfh13y225p7RzMoDF48lKPRmecx4z6jPzUTUswdm3mSQ/KwtmQkNO033ja8+7uHE8OwGC8lEOo/UWg==&u=U2FsdGVkX19WKd4PJZ98jjFOtbgEHy+bxc77GdGwRFs=&y=U2FsdGVkX1+vp4pec+y9MS0/E1aCov4BYZyUrv9qN3Q= HTTP/1.1" 200 26
186.102.39.34 - - [02/Nov/2022:10:13:31 -0500] "GET /kwssiamovil/sm/acme/a?s=U2FsdGVkX18xd4pztkv2FGpBjd/pdMjxRHRpGoqr6RwVuU0sd8dF31rj2T4ntA8LHP/Op0wdfAxbf8ixgl59HjIYW9aGZJFaSxMhJB3zfPd7+5uxitQRcI7BzQWE1++TpmCOI4aGYZG13RGd+HbuTlsUNgk6IUjxmR67r6sT1Zeg8rOaLnm3srvq3uaPzVKXFSs8H5uEoFYx2Tzofb/SyOtLTjiEsUUoVd3eGk/Lq1MI+uXUnovjhZQnNIqyDJUA/ed7evM3vQkRkypaIMuYZhMzYTwlYTsq4G8xPcquhzC8mYzbb34PVdTDJSTU11CNQtyIijpL0/10KD/2VM4vxSDW0IMLLDDUoopKjZcYp+z7Gs+XBC+dQHAGQ4zgGr4d4Igf9b6xcyw4FIuFJImZ20Jmb0CQNiQAEJW1MMSRtcY5ME771crEtqM/yobxJM4SvbaWa3rn95alUcJc+weFwECHPzIUjhJXXJShs4bN6SNHNsO3vg6s6yqsBHHY0mdIXsSjGITNdGu1sZyBVrN9bKaiau0/GztZCTy/QGqtAkj3G96H5cDeXhsihobbif+3L0o7WUE/SJYnAbW5Py+f6YBpjyX7snGKrDD4ZQBqTjQUT4KAs5V546VAY3BWG2FnpbyDOqhFmLEgKembK6VySJ+nKfl3prM/fqUAr8YpwspU2fHa5x9pyGtyg/QMZGL8ZvnpZEuyCtsfcQW8SnV0hijXEDzUf6SFS5FAeyHp2Y8neOJF6M6AxeYJCabXZ9nyaTxCSFIUY/fgdJE5B4yGM+Yy6t0IScWUCMSggtZ7/aEvfJVdxZIKLz9hDeGhyIgHzD9d2OR87GYkMfcp59KzuT4q+i6BUeDmnZGbTY7qxKpAYmmMzrJZRSxGOwafkhrCadaObpfs9lsLh810loWEC+4dy+aazFGGaIeR7aqR3OZmCQugQ+z8gBlnUIb3/Dqz0ro/9/N2NT7uMWPeRlBa7CwhLL7iqcvSlX5n4NQ9FRaczHDTBLbITS0tcwBtSTWzzn934z8dIqFK2HryimLJ0mP5iAxZcwG3eQbjbQrq1vNXq3B/D0hBqrWYnLzcVDfdBFM0PS5Tv5yoTEYL8L/B38yFBRVTrDQEyUHNNpucNEoHQRHmvc8KLMwFZFvo382lSeZYwE2WOjzVVkHUNlZRNjUXUIC3Cb0fbgUFAnU1R0/E6q2JvPfAzEpUf6z3DcXC/PQoYtTh7K8ddwgC28rdWW1Sw78S9YtLadM5U7gObZT2WtD+HI/iprXbjc5U6zqLOSCjOxC2dH13uEvOxZIzkN/kl4Sp3CM72B8wix9/xSPmZF7bvgFd3lyrS+jcS8AdFoAsb9xSEqpYXAhMT2X4TkkeKwoGihfD8uqWI2MxlHETruiHZKdm2HLusuPs7cqtp237e7p2v3kt5k/MOLLRA5UWTaW4oxiO+M6OADwzXHXgIiLATKrgCtGkQSslcJtj/eQmZhsHPKgQP+sLkD3aomb8DX0K1wRdb6rYj1uDma2TM5i74u4Z9rPyygDx2jWTiEChU7iQPkxXiALVstwa1p73qsehJMkktTR2qeAkWHyqppo+zyODhDU5cboZEBIbRK4mFVWRVQEwbGRjEStr3H8hz8VbZ+EulG7/Hb6MfaEcAQHoivRWPyFzIrsyahHKa1KFOGj0XdXdtr/rAntxIAetoZi7hodLqth3iq8hsJwaLcgxCg3Ru7H5/bt3GAUW20RXW5IOT1Fm8a3Ni004vOwRgdsB9mig/2RRBUjCi67wzucWM68FHitaldNe3/8QSR544VfSGcEiTw3UBc1KnQVB4WNFM4cEUHlMnjbl2nuGkwqxZUI72+kw6UiFjShSvRPoRIeLNzMWddSpEH3VGSZGMXl6MAKiecbTyZ0kAHClqWe9Krrd1/75FFGI3PqjlcWvFH44cQ9tEoLm1CrNkldy242wkGrCuyN9HbcicuwXuLIbhqS7NuDzxbk85cWTvZerS4kREyo58Vc4FIJHI45Be2a7f1dG2PJREVdwUmy1GQN23Bnw6B7zLbrciDhNA3/yJJZ0y+lQ4G3J08/QGDUcKh0FhxdVxH/6ukzfmdl1aS23Woptm7L+xa7XHzgxgULCHRF1LfQUpy/2KxVwSqBxiGL7GOCG0E1lNjjHLNl8+1iJrsB11A69hjk3th8tuNc6+vA+3biZ1YHphvhADCQ5O9R2fZRzaPj1yv8TibkSXvvUV+1+WuHRtkh0i5gNjXF9u9MSQPPUrzORYgYgXGD5+SiQiiO4VtiPwZHteTgJD5I/Fcww+0uwq0fhSGpyoUKhqbHQxqYAjyK6OwIMhrKLseS9aZ24M4YPqkujwI+62GlboOyb4RHKPR4kLu8gq9fw/Gpqq3jjHUrZv8jU98Yid/+fSCJcYDnUtBpz3D4=&u=U2FsdGVkX19WKd4PJZ98jjFOtbgEHy+bxc77GdGwRFs=&y=U2FsdGVkX1+vp4pec+y9MS0/E1aCov4BYZyUrv9qN3Q= HTTP/1.1" 200 26
186.102.39.34 - - [02/Nov/2022:10:13:31 -0500] "GET /kwssiamovil/sm/acme/a?s=U2FsdGVkX18BENfKM9AEMLtEbcOtISPTH3tTKN0LY4R2XjPds782ZHK5yvI4rIRX0ZU+l3ZEx9OU2W0KfvoTCwBTfnt2BrEKFNVEwq6RmUZqrCyvtMMTaX48MgYDyb3KSrBb9yNHMtzyCoGx/mGo3bHZOIa7FfSznow1uJiA+Ac=&u=U2FsdGVkX19WKd4PJZ98jjFOtbgEHy+bxc77GdGwRFs=&y=U2FsdGVkX1+vp4pec+y9MS0/E1aCov4BYZyUrv9qN3Q= HTTP/1.1" 200 26
186.102.39.34 - - [02/Nov/2022:10:13:31 -0500] "GET /kwssiamovil/sm/acme/a?s=U2FsdGVkX18LEEZ540tSQeXwEaLImlCKhz0VSGO9A6jYRK/+2XUJLI4/iU+6mVqoMq4tA1qGty+fbyWuMC6FYE70dT5avdriUlyj26j8aF0I+S6vIizk9WzAWeiBgAmxG/Cya+VCQHk48tkpDy+iM74E0lcVuHilB0V/f4kTYbM=&u=U2FsdGVkX19WKd4PJZ98jjFOtbgEHy+bxc77GdGwRFs=&y=U2FsdGVkX1+vp4pec+y9MS0/E1aCov4BYZyUrv9qN3Q= HTTP/1.1" 200 26
186.102.39.34 - - [02/Nov/2022:10:13:32 -0500] "GET /kwssiamovil/sm/acme/a?s=U2FsdGVkX19aSuv7HzK1e4k8HcD7sxuVhzDF1XctdVafu5OMO154vRLS+Z53HjMvvgLzbCHekBLyhKQIOo8GWUir9msBIuGwFJP/apPsSGhCnjzTB4pkqSwlReF75ZPyEdFPJb/2IigRZjP+x6QTY4+T17uDP3MipKmZkSgk68s=&u=U2FsdGVkX19WKd4PJZ98jjFOtbgEHy+bxc77GdGwRFs=&y=U2FsdGVkX1+vp4pec+y9MS0/E1aCov4BYZyUrv9qN3Q= HTTP/1.1" 200 26
186.102.39.34 - - [02/Nov/2022:10:13:32 -0500] "GET /kwssiamovil/sm/acme/a?s=U2FsdGVkX1++YeqPKvD1suI0cXM22NnbzaDCwOF/4DEl9SfIu0vCHqLh8ln0RoGyuuHO5+4OI3uIPDRSPoofSPHKwl6UZPOlAWvRUDyPr5L2xR5zBKwMFIr8mTBNsDLTymUoc/SETNjw37//tVqxVoqDyMitnamWWssTta5/3MNM6uBBZ552GU1O0vWKnDSN&u=U2FsdGVkX19WKd4PJZ98jjFOtbgEHy+bxc77GdGwRFs=&y=U2FsdGVkX1+vp4pec+y9MS0/E1aCov4BYZyUrv9qN3Q= HTTP/1.1" 200 26
186.102.39.34 - - [02/Nov/2022:10:13:32 -0500] "GET /kwssiamovil/sm/acme/a?s=U2FsdGVkX1+ZUBK6UBSD/gVglePQFI61D5TxAem6+vapnCFGo9x6ypLFnpcRU8k5q1W7Iha9Ae9wjT7auhlrW0EB07JJur2xYvbC2lxo/w6ylCyffl8jvWrGMsvGhWK+oOHrlYGZYwBvZALvRL6y3SiJj1M1EQLsFp+ek4JD09sCBYPZFYsAypQlJj25ar+OD576XttMwn0W7iJz3CS05EtCVcpt5Ny7vTqz80uE3sTk4YDn39v4i13PoTAbjYYcQ7njiOnMqiCJeL3jXXSb3FwMNQgAUB8Hc/c+Temulf3GSnzpCSHfDFNOgIMf/ps20BSY+j9qMeTrDg/UtMo+JJi5P40nm9fY4aBbxBLz5kh8n6qXmw8fUgvvCpdUzfe9HeyiIORGbpJ3fPvjwi/Ayrj3q5kwYysh8X/XEzcfRpz430AgN1V0P3xCEBmG11bOqbwCE89Fv8kKUGj3aErmMQ==&u=U2FsdGVkX19WKd4PJZ98jjFOtbgEHy+bxc77GdGwRFs=&y=U2FsdGVkX1+vp4pec+y9MS0/E1aCov4BYZyUrv9qN3Q= HTTP/1.1" 200 25
186.102.39.34 - - [02/Nov/2022:10:13:32 -0500] "GET /kwssiamovil/sm/acme/a?s=U2FsdGVkX1/MXkXEpYhRIysQZZcJq/8RlpLj8GZuBYxt5RQbZk4HNsXaEg9YEvCj4BMoYerjkzu/T82kY3gPC093dRrLHyEPVMN2sWv71ttql7XqN+QIZg8sat12A9jvFNAiTG785w4TWVr0KTjsigL8veQ67J7Knd2Svpdzat8YaKXRrQtqiJBL2xAYRLP7s+1hmpHWjCSEfg0njXk6pSmbF+DWhIp0suN3uAP4ElCmvNT2Z4CcVOmwP8S2tViOnN2tq7FMH7SWxwzDXcfo6BA1Gn6ugLBjVn3Qo+ogV5LGYKSa1JqIW0eVRS+gohwYYxpcpQg9Y1fVmFJmgNu7QyAXvV4uVwkwYONJULJ5OB7VP+slnU80POhkg2WOZ9wGh+WLA6AxOSBZ8x5F4ulwKMLex9lbZjZ5kAmLBJ8XgAo=&u=U2FsdGVkX19WKd4PJZ98jjFOtbgEHy+bxc77GdGwRFs=&y=U2FsdGVkX1+vp4pec+y9MS0/E1aCov4BYZyUrv9qN3Q= HTTP/1.1" 200 25
216.245.221.92 - - [02/Nov/2022:10:13:35 -0500] "HEAD / HTTP/1.1" 200 -
