172.22.2.4 - - [06/Nov/2022:21:38:15 -0500] "GET /BLA/boletinlegal/images/historia.png HTTP/1.1" 200 52775
172.22.2.4 - - [06/Nov/2022:21:38:15 -0500] "GET /BLA/boletinlegal/images/screen_1.png HTTP/1.1" 200 202547
172.22.2.4 - - [06/Nov/2022:21:38:15 -0500] "GET /BLA/boletinlegal/images/launch.jpg HTTP/1.1" 200 14577
172.22.2.4 - - [06/Nov/2022:21:38:15 -0500] "GET /BLA/boletinlegal/ HTTP/1.1" 200 24523
201.245.192.253 - - [06/Nov/2022:21:38:51 -0500] "POST /kwsrmcab/Wsrmcab  HTTP/1.1" 200 40655
216.245.221.92 - - [06/Nov/2022:21:39:56 -0500] "HEAD / HTTP/1.1" 200 -
201.245.192.253 - - [06/Nov/2022:21:41:06 -0500] "POST /kwsrmcab/Wsrmcab HTTP/1.1" 200 44196
185.119.81.103 - - [06/Nov/2022:21:41:10 -0500] "GET /portaldeninos/wp-login.php HTTP/1.1" 200 2592
201.245.192.253 - - [06/Nov/2022:21:41:08 -0500] "POST /kwsrmcab/Wsrmcab HTTP/1.1" 200 44418
185.119.81.103 - - [06/Nov/2022:21:41:11 -0500] "POST /portaldeninos/wp-login.php HTTP/1.1" 200 3605
157.55.39.15 - - [06/Nov/2022:21:41:33 -0500] "GET /portaldeninos/aula-ambiental-artistica-itinerante-auambari/ HTTP/1.1" 200 89306
172.22.2.4 - - [06/Nov/2022:21:40:07 -0500] "HEAD /BLA/boletinlegal/ HTTP/1.1" 200 -
172.22.2.4 - - [06/Nov/2022:21:40:57 -0500] "GET /BLA/boletinlegal/ HTTP/1.1" 200 59828
201.245.192.253 - - [06/Nov/2022:21:43:50 -0500] "POST /kwsrmcab/Wsrmcab  HTTP/1.1" 200 40655
69.171.249.2 - - [06/Nov/2022:21:44:00 -0500] "GET /images/Reciclaton%20Nov%202022%20(1)%20(1).jpeg HTTP/1.1" 200 53811
216.245.221.92 - - [06/Nov/2022:21:44:56 -0500] "HEAD / HTTP/1.1" 200 -
172.22.2.4 - - [06/Nov/2022:21:45:57 -0500] "HEAD /BLA/boletinlegal/ HTTP/1.1" 200 -
172.22.2.4 - - [06/Nov/2022:21:46:47 -0500] "GET /BLA/boletinlegal/ HTTP/1.1" 200 55220
201.245.192.253 - - [06/Nov/2022:21:48:50 -0500] "POST /kwsrmcab/Wsrmcab  HTTP/1.1" 200 40655
207.46.13.11 - - [06/Nov/2022:21:49:09 -0500] "GET /BLA/resoluciones/AUTOS%202022/1326.pdf HTTP/1.1" 304 -
207.46.13.11 - - [06/Nov/2022:21:49:09 -0500] "GET /BLA/resoluciones/AUTOS%202022/1326.pdf HTTP/1.1" 304 -
216.245.221.92 - - [06/Nov/2022:21:49:56 -0500] "HEAD / HTTP/1.1" 200 -
181.58.38.0 - - [06/Nov/2022:21:49:59 -0500] "GET /galeria/galeria/jquery.fancybox.css?v=2.1.5 HTTP/1.1" 200 4895
181.58.38.0 - - [06/Nov/2022:21:49:59 -0500] "GET /BLA/boletinlegal/js/jquery.scrollShow.js HTTP/1.1" 200 4586
181.58.38.0 - - [06/Nov/2022:21:49:59 -0500] "GET /galeria/galeria/jquery.fancybox.js?v=2.1.5 HTTP/1.1" 200 48706
181.61.209.141 - - [06/Nov/2022:21:50:04 -0500] "GET /BLA/resoluciones/AUTOS%202014/4638.pdf HTTP/1.1" 200 526329
206.62.169.149 - - [06/Nov/2022:21:51:56 -0500] "GET / HTTP/1.1" 200 319
191.111.13.170 - - [06/Nov/2022:21:52:36 -0500] "GET /BLA/resoluciones/index.php?dir=RESOLUCIONES+2009%2F HTTP/1.1" 200 12235
191.111.13.170 - - [06/Nov/2022:21:52:36 -0500] "GET /BLA/resoluciones/index.php?dir=RESOLUCIONES+2009%2F HTTP/1.1" 200 1694101
191.111.13.170 - - [06/Nov/2022:21:52:43 -0500] "GET /BLA/resoluciones/RESOLUCIONES%202009/2906.pdf HTTP/1.1" 200 1171055
172.22.2.4 - - [06/Nov/2022:21:51:47 -0500] "HEAD /BLA/boletinlegal/ HTTP/1.1" 200 -
207.46.13.11 - - [06/Nov/2022:21:53:38 -0500] "GET /galeria/nivo-slider/demo/banner.html HTTP/1.1" 200 5446
186.84.88.249 - - [06/Nov/2022:21:53:42 -0500] "GET /catalogoisis/Js/AceptarLimpiar.js HTTP/1.1" 200 331
186.84.88.249 - - [06/Nov/2022:21:53:42 -0500] "GET /catalogoisis/Js/CriterioCombinada.js HTTP/1.1" 200 1843
186.84.88.249 - - [06/Nov/2022:21:53:42 -0500] "GET /catalogoisis/Js/Cookies.js HTTP/1.1" 200 1369
186.84.88.249 - - [06/Nov/2022:21:53:42 -0500] "GET /catalogoisis/Js/LimpiarCombinada.js HTTP/1.1" 200 207
186.84.88.249 - - [06/Nov/2022:21:53:42 -0500] "GET /catalogoisis/Js/Numero.js HTTP/1.1" 200 398
186.84.88.249 - - [06/Nov/2022:21:53:42 -0500] "GET /catalogoisis/Js/Enter.js HTTP/1.1" 200 1208
186.84.88.249 - - [06/Nov/2022:21:53:41 -0500] "GET /catalogoisis/ HTTP/1.1" 200 8575
186.84.88.249 - - [06/Nov/2022:21:53:42 -0500] "GET /catalogoisis/Css/Busqueda.css HTTP/1.1" 200 1995
186.84.88.249 - - [06/Nov/2022:21:53:42 -0500] "GET /catalogoisis/Js/Go.js HTTP/1.1" 200 364
186.84.88.249 - - [06/Nov/2022:21:53:42 -0500] "GET /catalogoisis/Js/Remote.js HTTP/1.1" 200 436
186.84.88.249 - - [06/Nov/2022:21:53:42 -0500] "GET /catalogoisis/imagenes/br1c1.gif HTTP/1.1" 200 172
186.84.88.249 - - [06/Nov/2022:21:53:42 -0500] "GET /catalogoisis/imagenes/br1c3.gif HTTP/1.1" 200 302
186.84.88.249 - - [06/Nov/2022:21:53:42 -0500] "GET /catalogoisis/imagenes/aceptar1.gif HTTP/1.1" 200 604
186.84.88.249 - - [06/Nov/2022:21:53:42 -0500] "GET /catalogoisis/imagenes/Turnbo1.gif HTTP/1.1" 200 227
186.84.88.249 - - [06/Nov/2022:21:53:42 -0500] "GET /catalogoisis/imagenes/limpiar1.gif HTTP/1.1" 200 606
186.84.88.249 - - [06/Nov/2022:21:53:42 -0500] "GET /catalogoisis/imagenes/Header.gif HTTP/1.1" 200 30313
186.84.88.249 - - [06/Nov/2022:21:53:42 -0500] "GET /catalogoisis/imagenes/br1c2.gif HTTP/1.1" 200 297
186.84.88.249 - - [06/Nov/2022:21:53:42 -0500] "GET /catalogoisis/imagenes/br2c2.gif HTTP/1.1" 200 302
186.84.88.249 - - [06/Nov/2022:21:53:42 -0500] "GET /catalogoisis/imagenes/br2c3.gif HTTP/1.1" 200 416
186.84.88.249 - - [06/Nov/2022:21:53:42 -0500] "GET /catalogoisis/imagenes/br2c1.gif HTTP/1.1" 200 297
186.84.88.249 - - [06/Nov/2022:21:53:43 -0500] "GET /catalogoisis/imagenes/br3c3.gif HTTP/1.1" 200 186
186.84.88.249 - - [06/Nov/2022:21:53:43 -0500] "GET /catalogoisis/imagenes/br3c1.gif HTTP/1.1" 200 177
186.84.88.249 - - [06/Nov/2022:21:53:43 -0500] "GET /catalogoisis/imagenes/br3c2.gif HTTP/1.1" 200 285
186.84.88.249 - - [06/Nov/2022:21:53:43 -0500] "GET /favicon.ico HTTP/1.1" 200 7782
201.245.192.253 - - [06/Nov/2022:21:53:48 -0500] "POST /kwsrmcab/Wsrmcab  HTTP/1.1" 200 40655
186.84.88.249 - - [06/Nov/2022:21:54:12 -0500] "GET /catalogoisis/Diccionario.php?i=5&form=0&element=9&prefix=&first=yes HTTP/1.1" 200 4194
186.84.88.249 - - [06/Nov/2022:21:54:13 -0500] "GET /catalogoisis/Css/Diccionario.css HTTP/1.1" 200 1478
186.84.88.249 - - [06/Nov/2022:21:54:13 -0500] "GET /catalogoisis/Js/CriterioDiccionario.js HTTP/1.1" 200 608
186.84.88.249 - - [06/Nov/2022:21:54:13 -0500] "GET /catalogoisis/Js/LimpiarDiccionario.js HTTP/1.1" 200 98
186.84.88.249 - - [06/Nov/2022:21:54:13 -0500] "GET /catalogoisis/Js/Diccionario.js HTTP/1.1" 200 999
172.22.2.4 - - [06/Nov/2022:21:52:37 -0500] "GET /BLA/boletinlegal/ HTTP/1.1" 200 59828
186.84.88.249 - - [06/Nov/2022:21:54:19 -0500] "GET /catalogoisis/imagenes/limpiar2.gif HTTP/1.1" 200 589
216.245.221.92 - - [06/Nov/2022:21:54:56 -0500] "HEAD / HTTP/1.1" 200 -
186.84.88.249 - - [06/Nov/2022:21:54:58 -0500] "GET /catalogoisis/Diccionario.php?i=0&form=0&element=2&prefix=au-&first=yes HTTP/1.1" 200 4197
186.84.88.249 - - [06/Nov/2022:21:55:09 -0500] "GET /catalogoisis/Diccionario.php?i=5&form=0&element=9&prefix=&first=yes HTTP/1.1" 200 4194
172.22.2.4 - - [06/Nov/2022:21:56:07 -0500] "GET /BLA/boletinlegal/favicon.ico HTTP/1.1" 404 1018
172.22.2.4 - - [06/Nov/2022:21:56:22 -0500] "GET /BLA/boletinlegal/owa/auth/logon.aspx?url=https%3a%2f%2f1%2fecp%2f HTTP/1.1" 404 1018
172.22.2.4 - - [06/Nov/2022:21:55:52 -0500] "GET /BLA/boletinlegal/ HTTP/1.1" 200 32715
69.171.251.9 - - [06/Nov/2022:21:58:09 -0500] "GET /images/jardines-verticales-plantas-24-mayo.jpg HTTP/1.1" 200 148288
201.245.192.253 - - [06/Nov/2022:21:58:47 -0500] "POST /kwsrmcab/Wsrmcab  HTTP/1.1" 200 40655
40.77.167.57 - - [06/Nov/2022:21:59:06 -0500] "GET /BLA/resoluciones/RESOLUCIONES%202000/2000%20200-249.tif HTTP/1.1" 200 6293319
172.22.2.4 - - [06/Nov/2022:21:57:37 -0500] "HEAD /BLA/boletinlegal/ HTTP/1.1" 200 -
216.245.221.92 - - [06/Nov/2022:21:59:56 -0500] "HEAD / HTTP/1.1" 200 -
172.22.2.4 - - [06/Nov/2022:21:58:27 -0500] "GET /BLA/boletinlegal/ HTTP/1.1" 200 59319
172.22.2.4 - - [06/Nov/2022:22:00:09 -0500] "GET /BLA/boletinlegal/consulta_actos.php?tipo=autos&no=3081&usuario=&sector=&fecha=2013&resuelve= HTTP/1.1" 200 1055
186.31.123.207 - - [06/Nov/2022:22:00:12 -0500] "GET /BLA/resoluciones/ HTTP/1.1" 200 13093
186.31.123.207 - - [06/Nov/2022:22:00:13 -0500] "GET /BLA/resoluciones/index.php?dir=AUTOS+2013%2F HTTP/1.1" 200 406613
186.31.123.207 - - [06/Nov/2022:22:00:21 -0500] "GET /BLA/resoluciones/AUTOS%202013/3081.pdf HTTP/1.1" 200 2145514
186.84.88.249 - - [06/Nov/2022:22:01:17 -0500] "GET /catalogoisis/ HTTP/1.1" 200 8575
186.84.88.249 - - [06/Nov/2022:22:01:18 -0500] "GET /catalogoisis/Css/Busqueda.css HTTP/1.1" 200 1995
186.84.88.249 - - [06/Nov/2022:22:01:18 -0500] "GET /catalogoisis/Js/AceptarLimpiar.js HTTP/1.1" 200 331
186.84.88.249 - - [06/Nov/2022:22:01:18 -0500] "GET /catalogoisis/Js/CriterioCombinada.js HTTP/1.1" 200 1843
186.84.88.249 - - [06/Nov/2022:22:01:18 -0500] "GET /catalogoisis/Js/Cookies.js HTTP/1.1" 200 1369
186.84.88.249 - - [06/Nov/2022:22:01:18 -0500] "GET /catalogoisis/Js/LimpiarCombinada.js HTTP/1.1" 200 207
186.84.88.249 - - [06/Nov/2022:22:01:18 -0500] "GET /catalogoisis/Js/Remote.js HTTP/1.1" 200 436
186.84.88.249 - - [06/Nov/2022:22:01:18 -0500] "GET /catalogoisis/Js/Go.js HTTP/1.1" 200 364
186.84.88.249 - - [06/Nov/2022:22:01:18 -0500] "GET /catalogoisis/Js/Enter.js HTTP/1.1" 200 1208
186.84.88.249 - - [06/Nov/2022:22:01:18 -0500] "GET /catalogoisis/Js/Numero.js HTTP/1.1" 200 398
186.84.88.249 - - [06/Nov/2022:22:01:18 -0500] "GET /catalogoisis/imagenes/Turnbo1.gif HTTP/1.1" 200 227
186.84.88.249 - - [06/Nov/2022:22:01:18 -0500] "GET /catalogoisis/imagenes/aceptar1.gif HTTP/1.1" 200 604
186.84.88.249 - - [06/Nov/2022:22:01:18 -0500] "GET /catalogoisis/imagenes/br1c2.gif HTTP/1.1" 200 297
186.84.88.249 - - [06/Nov/2022:22:01:18 -0500] "GET /catalogoisis/imagenes/br2c1.gif HTTP/1.1" 200 297
186.84.88.249 - - [06/Nov/2022:22:01:18 -0500] "GET /catalogoisis/imagenes/br2c2.gif HTTP/1.1" 200 302
186.84.88.249 - - [06/Nov/2022:22:01:19 -0500] "GET /catalogoisis/imagenes/br1c3.gif HTTP/1.1" 200 302
186.84.88.249 - - [06/Nov/2022:22:01:19 -0500] "GET /catalogoisis/imagenes/br1c1.gif HTTP/1.1" 200 172
186.84.88.249 - - [06/Nov/2022:22:01:19 -0500] "GET /catalogoisis/imagenes/Header.gif HTTP/1.1" 200 30313
186.84.88.249 - - [06/Nov/2022:22:01:19 -0500] "GET /catalogoisis/imagenes/limpiar1.gif HTTP/1.1" 200 606
186.84.88.249 - - [06/Nov/2022:22:01:19 -0500] "GET /catalogoisis/imagenes/br3c1.gif HTTP/1.1" 200 177
186.84.88.249 - - [06/Nov/2022:22:01:19 -0500] "GET /catalogoisis/imagenes/br3c3.gif HTTP/1.1" 200 186
186.84.88.249 - - [06/Nov/2022:22:01:19 -0500] "GET /catalogoisis/imagenes/br3c2.gif HTTP/1.1" 200 285
186.84.88.249 - - [06/Nov/2022:22:01:19 -0500] "GET /catalogoisis/imagenes/br2c3.gif HTTP/1.1" 200 416
186.84.88.249 - - [06/Nov/2022:22:01:20 -0500] "GET /favicon.ico HTTP/1.1" 200 7782
186.84.88.249 - - [06/Nov/2022:22:01:42 -0500] "GET /catalogoisis/Diccionario.php?i=2&form=0&element=4&prefix=te-&first=yes HTTP/1.1" 200 4195
186.84.88.249 - - [06/Nov/2022:22:01:42 -0500] "GET /catalogoisis/Css/Diccionario.css HTTP/1.1" 200 1478
186.84.88.249 - - [06/Nov/2022:22:01:42 -0500] "GET /catalogoisis/Js/CriterioDiccionario.js HTTP/1.1" 200 608
186.84.88.249 - - [06/Nov/2022:22:01:42 -0500] "GET /catalogoisis/Js/Diccionario.js HTTP/1.1" 200 999
186.84.88.249 - - [06/Nov/2022:22:01:42 -0500] "GET /catalogoisis/Js/LimpiarDiccionario.js HTTP/1.1" 200 98
186.84.88.249 - - [06/Nov/2022:22:01:48 -0500] "POST /catalogoisis/Diccionario.php HTTP/1.1" 200 5325
186.84.88.249 - - [06/Nov/2022:22:01:55 -0500] "GET /catalogoisis/imagenes/aceptar2.gif HTTP/1.1" 200 586
186.84.88.249 - - [06/Nov/2022:22:01:58 -0500] "GET /catalogoisis/imagenes/aceptar2.gif HTTP/1.1" 200 586
20.106.28.17 - - [06/Nov/2022:22:02:15 -0500] "GET /galeria/nivo-slider/demo/images/Banner%20FORO%20SOSTENIBILIDAD.jpg HTTP/1.1" 200 369274
186.84.88.249 - - [06/Nov/2022:22:02:40 -0500] "GET /catalogoisis/Css/Pft.css HTTP/1.1" 200 3933
186.84.88.249 - - [06/Nov/2022:22:02:40 -0500] "POST /catalogoisis/comb.php HTTP/1.1" 200 10994
186.84.88.249 - - [06/Nov/2022:22:02:40 -0500] "GET /catalogoisis/imagenes/ar1c1.gif HTTP/1.1" 200 251
186.84.88.249 - - [06/Nov/2022:22:02:40 -0500] "GET /catalogoisis/imagenes/ar1c3.gif HTTP/1.1" 200 296
186.84.88.249 - - [06/Nov/2022:22:02:40 -0500] "GET /catalogoisis/imagenes/estado.gif HTTP/1.1" 200 580
186.84.88.249 - - [06/Nov/2022:22:02:40 -0500] "GET /catalogoisis/imagenes/ar3c1.gif HTTP/1.1" 200 277
186.84.88.249 - - [06/Nov/2022:22:02:40 -0500] "GET /catalogoisis/imagenes/ar3c3.gif HTTP/1.1" 200 314
186.84.88.249 - - [06/Nov/2022:22:02:41 -0500] "GET /catalogoisis/Js/Marcados.js HTTP/1.1" 200 1327
186.84.88.249 - - [06/Nov/2022:22:02:41 -0500] "GET /catalogoisis/imagenes/ar2c2.gif HTTP/1.1" 200 305
186.84.88.249 - - [06/Nov/2022:22:02:41 -0500] "GET /catalogoisis/imagenes/fonest4.gif HTTP/1.1" 404 1402
186.84.88.249 - - [06/Nov/2022:22:02:41 -0500] "GET /catalogoisis/imagenes/back.gif HTTP/1.1" 200 666
186.84.88.249 - - [06/Nov/2022:22:02:41 -0500] "GET /catalogoisis/imagenes/up.gif HTTP/1.1" 200 669
186.84.88.249 - - [06/Nov/2022:22:02:41 -0500] "GET /catalogoisis/imagenes/ar2c1.gif HTTP/1.1" 200 366
186.84.88.249 - - [06/Nov/2022:22:02:41 -0500] "GET /catalogoisis/imagenes/ar1c2.gif HTTP/1.1" 200 276
186.84.88.249 - - [06/Nov/2022:22:02:41 -0500] "GET /catalogoisis/imagenes/home.gif HTTP/1.1" 200 923
40.77.167.3 - - [06/Nov/2022:22:02:40 -0500] "GET /BLA/resoluciones/index.php?dir=RESOLUCIONES+2018%2F HTTP/1.1" 200 271436
186.84.88.249 - - [06/Nov/2022:22:02:41 -0500] "GET /catalogoisis/imagenes/ar2c3.gif HTTP/1.1" 200 469
186.84.88.249 - - [06/Nov/2022:22:02:41 -0500] "GET /catalogoisis/imagenes/print.gif HTTP/1.1" 200 916
186.84.88.249 - - [06/Nov/2022:22:02:41 -0500] "GET /catalogoisis/imagenes/correo.gif HTTP/1.1" 200 525
186.84.88.249 - - [06/Nov/2022:22:02:41 -0500] "GET /catalogoisis/imagenes/selecc.gif HTTP/1.1" 200 784
186.84.88.249 - - [06/Nov/2022:22:02:41 -0500] "GET /catalogoisis/imagenes/ar3c2.gif HTTP/1.1" 200 383
186.84.88.249 - - [06/Nov/2022:22:03:19 -0500] "GET /catalogoisis/ref.php?mfn=003942&sobre=Estado%20de%20prestamo HTTP/1.1" 200 5130
186.84.88.249 - - [06/Nov/2022:22:03:19 -0500] "GET /catalogoisis/imagenes/fonest4.gif HTTP/1.1" 404 1402
186.84.88.249 - - [06/Nov/2022:22:03:39 -0500] "POST /catalogoisis/comb.php HTTP/1.1" 200 5023
186.84.88.249 - - [06/Nov/2022:22:03:39 -0500] "GET /catalogoisis/Css/Pft.css HTTP/1.1" 200 3933
186.84.88.249 - - [06/Nov/2022:22:03:39 -0500] "GET /catalogoisis/Js/Marcados.js HTTP/1.1" 200 1327
186.84.88.249 - - [06/Nov/2022:22:03:39 -0500] "GET /catalogoisis/imagenes/back.gif HTTP/1.1" 200 666
186.84.88.249 - - [06/Nov/2022:22:03:39 -0500] "GET /catalogoisis/imagenes/up.gif HTTP/1.1" 200 669
186.84.88.249 - - [06/Nov/2022:22:03:39 -0500] "GET /catalogoisis/imagenes/home.gif HTTP/1.1" 200 923
186.84.88.249 - - [06/Nov/2022:22:03:39 -0500] "GET /catalogoisis/imagenes/correo.gif HTTP/1.1" 200 525
186.84.88.249 - - [06/Nov/2022:22:03:39 -0500] "GET /catalogoisis/imagenes/selecc.gif HTTP/1.1" 200 784
186.84.88.249 - - [06/Nov/2022:22:03:39 -0500] "GET /catalogoisis/imagenes/print.gif HTTP/1.1" 200 916
186.84.88.249 - - [06/Nov/2022:22:03:39 -0500] "GET /catalogoisis/imagenes/fonest4.gif HTTP/1.1" 404 1303
186.84.88.249 - - [06/Nov/2022:22:03:48 -0500] "POST /catalogoisis/comb.php HTTP/1.1" 200 4443
186.84.88.249 - - [06/Nov/2022:22:03:48 -0500] "GET /catalogoisis/imagenes/fonest4.gif HTTP/1.1" 404 1303
201.245.192.253 - - [06/Nov/2022:22:03:46 -0500] "POST /kwsrmcab/Wsrmcab  HTTP/1.1" 200 40655
186.84.88.249 - - [06/Nov/2022:22:03:56 -0500] "POST /catalogoisis/comb.php HTTP/1.1" 200 4407
186.84.88.249 - - [06/Nov/2022:22:03:56 -0500] "GET /catalogoisis/imagenes/fonest4.gif HTTP/1.1" 404 1303
190.84.119.147 - - [06/Nov/2022:22:04:07 -0500] "GET /BLA/resoluciones/index.php?dir=AUTOS+2014%2F HTTP/1.1" 200 884169
186.84.88.249 - - [06/Nov/2022:22:04:26 -0500] "POST /catalogoisis/comb.php HTTP/1.1" 200 4443
186.84.88.249 - - [06/Nov/2022:22:04:26 -0500] "GET /catalogoisis/imagenes/fonest4.gif HTTP/1.1" 404 1402
186.84.88.249 - - [06/Nov/2022:22:04:36 -0500] "POST /catalogoisis/comb.php HTTP/1.1" 200 17357
186.84.88.249 - - [06/Nov/2022:22:04:36 -0500] "GET /catalogoisis/imagenes/fonest4.gif HTTP/1.1" 404 1402
216.245.221.92 - - [06/Nov/2022:22:04:56 -0500] "HEAD / HTTP/1.1" 200 -
186.84.88.249 - - [06/Nov/2022:22:05:00 -0500] "GET /catalogoisis/ref.php?mfn=004470&sobre=Estado%20de%20prestamo HTTP/1.1" 200 5131
186.84.88.249 - - [06/Nov/2022:22:05:00 -0500] "GET /catalogoisis/imagenes/fonest4.gif HTTP/1.1" 404 1402
186.84.88.249 - - [06/Nov/2022:22:05:06 -0500] "GET /catalogoisis/index.php HTTP/1.1" 200 8575
172.22.2.4 - - [06/Nov/2022:22:03:27 -0500] "HEAD /BLA/boletinlegal/ HTTP/1.1" 200 -
88.135.43.218 - - [06/Nov/2022:22:05:47 -0500] "GET / HTTP/1.1" 200 319
172.22.2.4 - - [06/Nov/2022:22:04:17 -0500] "GET /BLA/boletinlegal/ HTTP/1.1" 200 53640
172.22.2.4 - - [06/Nov/2022:22:06:49 -0500] "GET /BLA/boletinlegal/?XDEBUG_SESSION_START=phpstorm HTTP/1.1" 200 32715
201.245.192.253 - - [06/Nov/2022:22:08:45 -0500] "POST /kwsrmcab/Wsrmcab  HTTP/1.1" 200 40655
66.249.73.97 - - [06/Nov/2022:22:09:21 -0500] "-" 408 -
191.111.13.170 - - [06/Nov/2022:22:09:34 -0500] "GET /BLA/resoluciones/index.php?dir=RESOLUCIONES+2014%2F HTTP/1.1" 200 333849
40.77.202.164 - - [06/Nov/2022:22:09:51 -0500] "GET /galeria/nivo-slider/themes/default/default.css HTTP/1.1" 200 1569
40.77.202.7 - - [06/Nov/2022:22:09:51 -0500] "GET /galeria/nivo-slider/themes/pascal/pascal.css HTTP/1.1" 200 2258
40.77.202.61 - - [06/Nov/2022:22:09:52 -0500] "GET /galeria/nivo-slider/nivo-slider.css HTTP/1.1" 200 1507
40.77.202.104 - - [06/Nov/2022:22:09:52 -0500] "GET /galeria/nivo-slider/demo/scripts/jquery-1.7.1.min.js HTTP/1.1" 200 93868
40.77.202.49 - - [06/Nov/2022:22:09:52 -0500] "GET /galeria/nivo-slider/demo/style.css HTTP/1.1" 200 2222
40.77.202.151 - - [06/Nov/2022:22:09:52 -0500] "GET /galeria/nivo-slider/jquery.nivo.slider.pack.js HTTP/1.1" 200 11561
191.111.13.170 - - [06/Nov/2022:22:09:53 -0500] "GET /BLA/resoluciones/index.php?dir=RESOLUCIONES+2011%2F HTTP/1.1" 200 746823
216.245.221.92 - - [06/Nov/2022:22:09:56 -0500] "HEAD / HTTP/1.1" 200 -
191.111.13.170 - - [06/Nov/2022:22:10:04 -0500] "GET /BLA/resoluciones/RESOLUCIONES%202011/5448.pdf HTTP/1.1" 200 575054
185.119.81.100 - - [06/Nov/2022:22:10:40 -0500] "GET /portaldeninos/wp-login.php HTTP/1.1" 200 2592
185.119.81.100 - - [06/Nov/2022:22:10:41 -0500] "POST /portaldeninos/wp-login.php HTTP/1.1" 200 3670
172.22.2.4 - - [06/Nov/2022:22:09:17 -0500] "HEAD /BLA/boletinlegal/ HTTP/1.1" 200 -
172.22.2.4 - - [06/Nov/2022:22:11:38 -0500] "GET /BLA/boletinlegal/Circulares/2011/Circular%20No.%209%20del%2003%20de%20Noviembre%20de%202011.pdf HTTP/1.1" 200 54568
172.22.2.4 - - [06/Nov/2022:22:10:07 -0500] "GET /BLA/boletinlegal/ HTTP/1.1" 200 57725
201.245.192.253 - - [06/Nov/2022:22:13:44 -0500] "POST /kwsrmcab/Wsrmcab  HTTP/1.1" 200 40655
216.245.221.92 - - [06/Nov/2022:22:14:56 -0500] "HEAD / HTTP/1.1" 200 -
128.1.248.26 - - [06/Nov/2022:22:15:02 -0500] "GET /portaldeninos/ HTTP/1.1" 200 110197
172.22.2.4 - - [06/Nov/2022:22:15:07 -0500] "HEAD /BLA/boletinlegal/ HTTP/1.1" 200 -
172.22.2.4 - - [06/Nov/2022:22:15:57 -0500] "GET /BLA/boletinlegal/ HTTP/1.1" 200 53640
185.119.81.100 - - [06/Nov/2022:22:18:29 -0500] "GET /portaldeninos/wp-login.php HTTP/1.1" 200 2592
185.119.81.100 - - [06/Nov/2022:22:18:30 -0500] "POST /portaldeninos/wp-login.php HTTP/1.1" 200 3605
201.245.192.253 - - [06/Nov/2022:22:18:42 -0500] "POST /kwsrmcab/Wsrmcab  HTTP/1.1" 200 40655
216.245.221.92 - - [06/Nov/2022:22:19:56 -0500] "HEAD / HTTP/1.1" 200 -
201.245.192.253 - - [06/Nov/2022:22:21:06 -0500] "POST /kwsrmcab/Wsrmcab HTTP/1.1" 200 44044
201.245.192.253 - - [06/Nov/2022:22:21:08 -0500] "POST /kwsrmcab/Wsrmcab HTTP/1.1" 200 44427
172.22.2.4 - - [06/Nov/2022:22:20:57 -0500] "HEAD /BLA/boletinlegal/ HTTP/1.1" 200 -
172.22.2.4 - - [06/Nov/2022:22:22:17 -0500] "GET /BLA/boletinlegal/ HTTP/1.1" 200 24523
172.22.2.4 - - [06/Nov/2022:22:21:47 -0500] "GET /BLA/boletinlegal/ HTTP/1.1" 200 54003
201.245.192.253 - - [06/Nov/2022:22:23:41 -0500] "POST /kwsrmcab/Wsrmcab  HTTP/1.1" 200 40655
216.245.221.92 - - [06/Nov/2022:22:24:56 -0500] "HEAD / HTTP/1.1" 200 -
40.77.167.3 - - [06/Nov/2022:22:27:19 -0500] "GET /BLA/resoluciones/RESOLUCIONES%202001/2001%20500-549.TIF HTTP/1.1" 200 9707590
172.22.2.4 - - [06/Nov/2022:22:26:47 -0500] "HEAD /BLA/boletinlegal/ HTTP/1.1" 200 -
191.102.196.190 - - [06/Nov/2022:22:28:38 -0500] "GET /kwssiamovil/sm/acme/u?s=U2FsdGVkX189/uJIb4k6nW/5Qon/YhxI893tOinuzJma03/S7RzSkV3hIFhjbMFi4k/nKrvhF/cg64gj8fEN7F8/Fu7QEqHSDYuLM2oL0WP0OzAQdSmuRWW9hOf9bWtGqc7fQ8SImT9Nqdabk0EBmA==&u=U2FsdGVkX1/zFPITJmaBVUuL8AlNyCNQzDKF0RUFABw=&y=U2FsdGVkX19jT4tkVNsl/PQHGLzXVnFRuxqCNNKL8aM= HTTP/1.1" 200 60
191.102.196.190 - - [06/Nov/2022:22:28:39 -0500] "GET /kwssiamovil/sm/acme/u?s=U2FsdGVkX185lWja4JnTGVg1V/Au/n7m+F5cTvcHttZTrAcAJm5OJMCzpFr77VyC90vukxIwQviOBBIt623NyC8sYhxN4c3VNYYzMMcDBBOjNw9qGh5mlyxiQ9i5MVDo68P+d4eB255SbXHK13tA8Q==&u=U2FsdGVkX1/zFPITJmaBVUuL8AlNyCNQzDKF0RUFABw=&y=U2FsdGVkX19jT4tkVNsl/PQHGLzXVnFRuxqCNNKL8aM= HTTP/1.1" 200 60
191.102.196.190 - - [06/Nov/2022:22:28:40 -0500] "GET /kwssiamovil/sm/acme/u?s=U2FsdGVkX1+XcBZDFmzmuWBndIUg1qFZvJPWulXvUrFrKCpeio8j+O/1/OZxQpuVymFuBk7VxOCLoiZAUbNeY4T9Oncy5OZXpTr0bZss/uKNKQ0Thy0dqF0xYPk3Ra4wZwWRqEOLzrxCsi0cy/2MbQ==&u=U2FsdGVkX1/zFPITJmaBVUuL8AlNyCNQzDKF0RUFABw=&y=U2FsdGVkX19jT4tkVNsl/PQHGLzXVnFRuxqCNNKL8aM= HTTP/1.1" 200 60
201.245.192.253 - - [06/Nov/2022:22:28:40 -0500] "POST /kwsrmcab/Wsrmcab  HTTP/1.1" 200 40655
172.22.2.4 - - [06/Nov/2022:22:27:37 -0500] "GET /BLA/boletinlegal/ HTTP/1.1" 200 57725
216.245.221.92 - - [06/Nov/2022:22:29:56 -0500] "HEAD / HTTP/1.1" 200 -
201.245.192.253 - - [06/Nov/2022:22:31:06 -0500] "POST /kwsrmcab/Wsrmcab HTTP/1.1" 200 44044
201.245.192.253 - - [06/Nov/2022:22:31:09 -0500] "POST /kwsrmcab/Wsrmcab HTTP/1.1" 200 44427
69.171.249.2 - - [06/Nov/2022:22:33:13 -0500] "GET /images/Junio%2002-experiencias-jardines-verticales-sda.jpeg HTTP/1.1" 200 31171
40.77.167.3 - - [06/Nov/2022:22:33:31 -0500] "GET /BLA/resoluciones/RESOLUCIONES%202001/2001%201350-1399.tif HTTP/1.1" 200 3333955
201.245.192.253 - - [06/Nov/2022:22:33:39 -0500] "POST /kwsrmcab/Wsrmcab  HTTP/1.1" 200 40655
185.119.81.103 - - [06/Nov/2022:22:34:14 -0500] "GET /portaldeninos/wp-login.php HTTP/1.1" 200 2592
185.119.81.103 - - [06/Nov/2022:22:34:16 -0500] "POST /portaldeninos/wp-login.php HTTP/1.1" 200 3605
172.22.2.4 - - [06/Nov/2022:22:32:37 -0500] "HEAD /BLA/boletinlegal/ HTTP/1.1" 200 -
216.245.221.92 - - [06/Nov/2022:22:34:56 -0500] "HEAD / HTTP/1.1" 200 -
172.22.2.4 - - [06/Nov/2022:22:33:27 -0500] "GET /BLA/boletinlegal/ HTTP/1.1" 200 54823
172.22.2.4 - - [06/Nov/2022:22:34:03 -0500] "GET /BLA/boletinlegal/ HTTP/1.1" 200 58163
190.67.208.74 - - [06/Nov/2022:22:37:07 -0500] "GET /catalogoisis/ HTTP/1.1" 200 8575
190.67.208.74 - - [06/Nov/2022:22:37:07 -0500] "GET /catalogoisis/Css/Busqueda.css HTTP/1.1" 200 1995
190.67.208.74 - - [06/Nov/2022:22:37:07 -0500] "GET /catalogoisis/Js/AceptarLimpiar.js HTTP/1.1" 200 331
190.67.208.74 - - [06/Nov/2022:22:37:07 -0500] "GET /catalogoisis/Js/Go.js HTTP/1.1" 200 364
190.67.208.74 - - [06/Nov/2022:22:37:07 -0500] "GET /catalogoisis/Js/Cookies.js HTTP/1.1" 200 1369
190.67.208.74 - - [06/Nov/2022:22:37:07 -0500] "GET /catalogoisis/Js/Numero.js HTTP/1.1" 200 398
190.67.208.74 - - [06/Nov/2022:22:37:07 -0500] "GET /catalogoisis/Js/Remote.js HTTP/1.1" 200 436
190.67.208.74 - - [06/Nov/2022:22:37:07 -0500] "GET /catalogoisis/Js/LimpiarCombinada.js HTTP/1.1" 200 207
190.67.208.74 - - [06/Nov/2022:22:37:07 -0500] "GET /catalogoisis/Js/CriterioCombinada.js HTTP/1.1" 200 1843
190.67.208.74 - - [06/Nov/2022:22:37:07 -0500] "GET /catalogoisis/Js/Enter.js HTTP/1.1" 200 1208
190.67.208.74 - - [06/Nov/2022:22:37:07 -0500] "GET /catalogoisis/imagenes/br1c1.gif HTTP/1.1" 200 172
190.67.208.74 - - [06/Nov/2022:22:37:07 -0500] "GET /catalogoisis/imagenes/Turnbo1.gif HTTP/1.1" 200 227
190.67.208.74 - - [06/Nov/2022:22:37:07 -0500] "GET /catalogoisis/imagenes/br1c3.gif HTTP/1.1" 200 302
190.67.208.74 - - [06/Nov/2022:22:37:07 -0500] "GET /catalogoisis/imagenes/limpiar1.gif HTTP/1.1" 200 606
190.67.208.74 - - [06/Nov/2022:22:37:07 -0500] "GET /catalogoisis/imagenes/aceptar1.gif HTTP/1.1" 200 604
190.67.208.74 - - [06/Nov/2022:22:37:07 -0500] "GET /catalogoisis/imagenes/br2c3.gif HTTP/1.1" 200 416
190.67.208.74 - - [06/Nov/2022:22:37:07 -0500] "GET /catalogoisis/imagenes/br1c2.gif HTTP/1.1" 200 297
190.67.208.74 - - [06/Nov/2022:22:37:07 -0500] "GET /catalogoisis/imagenes/br3c2.gif HTTP/1.1" 200 285
190.67.208.74 - - [06/Nov/2022:22:37:07 -0500] "GET /catalogoisis/imagenes/br2c2.gif HTTP/1.1" 200 302
190.67.208.74 - - [06/Nov/2022:22:37:07 -0500] "GET /catalogoisis/imagenes/br2c1.gif HTTP/1.1" 200 297
190.67.208.74 - - [06/Nov/2022:22:37:07 -0500] "GET /catalogoisis/imagenes/Header.gif HTTP/1.1" 200 30313
190.67.208.74 - - [06/Nov/2022:22:37:07 -0500] "GET /catalogoisis/imagenes/br3c3.gif HTTP/1.1" 200 186
190.67.208.74 - - [06/Nov/2022:22:37:07 -0500] "GET /catalogoisis/imagenes/br3c1.gif HTTP/1.1" 200 177
190.67.208.74 - - [06/Nov/2022:22:37:07 -0500] "GET /favicon.ico HTTP/1.1" 200 7782
172.22.2.4 - - [06/Nov/2022:22:37:52 -0500] "GET /BLA/boletinlegal/Circulares/2019/.pdf HTTP/1.1" 404 1218
172.22.2.4 - - [06/Nov/2022:22:38:03 -0500] "GET /BLA/boletinlegal/Circulares/2012/Circular%20No.%2010%20del%2026%20de%20Enero%20de%202012.pdf HTTP/1.1" 404 1218
201.245.192.253 - - [06/Nov/2022:22:38:39 -0500] "POST /kwsrmcab/Wsrmcab  HTTP/1.1" 200 40655
216.245.221.92 - - [06/Nov/2022:22:39:56 -0500] "HEAD / HTTP/1.1" 200 -
172.22.2.4 - - [06/Nov/2022:22:38:27 -0500] "HEAD /BLA/boletinlegal/ HTTP/1.1" 200 -
172.22.2.4 - - [06/Nov/2022:22:39:17 -0500] "GET /BLA/boletinlegal/ HTTP/1.1" 200 57725
207.46.13.11 - - [06/Nov/2022:22:41:03 -0500] "GET /Publicaciones/2022EE80125.pdf HTTP/1.1" 404 227
201.245.192.253 - - [06/Nov/2022:22:41:06 -0500] "POST /kwsrmcab/Wsrmcab HTTP/1.1" 200 44044
201.245.192.253 - - [06/Nov/2022:22:41:08 -0500] "POST /kwsrmcab/Wsrmcab HTTP/1.1" 200 44427
207.46.13.11 - - [06/Nov/2022:22:43:13 -0500] "GET /BLA/resoluciones/AUTOS%202013/3519.pdf HTTP/1.1" 200 660331
201.245.192.253 - - [06/Nov/2022:22:43:38 -0500] "POST /kwsrmcab/Wsrmcab  HTTP/1.1" 200 40655
216.245.221.92 - - [06/Nov/2022:22:44:56 -0500] "HEAD / HTTP/1.1" 200 -
172.22.2.4 - - [06/Nov/2022:22:44:17 -0500] "HEAD /BLA/boletinlegal/ HTTP/1.1" 200 -
172.22.2.4 - - [06/Nov/2022:22:45:07 -0500] "GET /BLA/boletinlegal/ HTTP/1.1" 200 50799
172.22.2.4 - - [06/Nov/2022:22:45:10 -0500] "GET /BLA/boletinlegal/ HTTP/1.1" 200 50395
201.245.192.253 - - [06/Nov/2022:22:48:37 -0500] "POST /kwsrmcab/Wsrmcab  HTTP/1.1" 200 40655
216.245.221.92 - - [06/Nov/2022:22:49:56 -0500] "HEAD / HTTP/1.1" 200 -
95.217.144.250 - - [06/Nov/2022:22:50:23 -0500] "-" 408 -
181.55.68.44 - - [06/Nov/2022:22:50:25 -0500] "GET /BLA/resoluciones/AUTOS%202022/0237.pdf HTTP/1.1" 200 392525
95.217.144.238 - - [06/Nov/2022:22:50:41 -0500] "-" 408 -
95.217.144.238 - - [06/Nov/2022:22:50:41 -0500] "-" 408 -
95.217.144.250 - - [06/Nov/2022:22:50:41 -0500] "-" 408 -
95.217.144.250 - - [06/Nov/2022:22:50:43 -0500] "-" 408 -
95.217.144.238 - - [06/Nov/2022:22:50:50 -0500] "-" 408 -
172.22.2.4 - - [06/Nov/2022:22:50:07 -0500] "HEAD /BLA/boletinlegal/ HTTP/1.1" 200 -
172.22.2.4 - - [06/Nov/2022:22:50:57 -0500] "GET /BLA/boletinlegal/ HTTP/1.1" 200 57725
201.245.192.253 - - [06/Nov/2022:22:53:36 -0500] "POST /kwsrmcab/Wsrmcab  HTTP/1.1" 200 40655
172.22.2.4 - - [06/Nov/2022:22:54:38 -0500] "GET /BLA/boletinlegal/robots.txt HTTP/1.1" 404 1038
216.245.221.92 - - [06/Nov/2022:22:54:56 -0500] "HEAD / HTTP/1.1" 200 -
172.22.2.4 - - [06/Nov/2022:22:54:38 -0500] "GET /BLA/boletinlegal/ HTTP/1.1" 200 59319
172.22.2.4 - - [06/Nov/2022:22:56:36 -0500] "GET /BLA/boletinlegal/js/jquery.scrollShow.js HTTP/1.1" 200 4586
40.77.167.3 - - [06/Nov/2022:22:56:35 -0500] "GET /sipse/faces/autenticacion.xhtml HTTP/1.1" 200 12504
172.22.2.4 - - [06/Nov/2022:22:55:57 -0500] "HEAD /BLA/boletinlegal/ HTTP/1.1" 200 -
172.22.2.4 - - [06/Nov/2022:22:56:47 -0500] "GET /BLA/boletinlegal/ HTTP/1.1" 200 59828
157.55.39.190 - - [06/Nov/2022:22:58:29 -0500] "GET /galeria/galeria/fotos/1GuaymaralTorcaG1.jpg HTTP/1.1" 200 36592
201.245.192.253 - - [06/Nov/2022:22:58:35 -0500] "POST /kwsrmcab/Wsrmcab  HTTP/1.1" 200 40655
80.94.92.239 - - [06/Nov/2022:22:59:21 -0500] "GET / HTTP/1.1" 200 319
216.245.221.92 - - [06/Nov/2022:22:59:56 -0500] "HEAD / HTTP/1.1" 200 -
191.95.58.91 - - [06/Nov/2022:23:00:15 -0500] "GET /kwssiamovil/sm/acme/a?s=U2FsdGVkX19N88OoYUbdUYXQEP5VYLT1LwXE30dP7GWcLlCM1Gs9C/d+hCUYtiB7v5TzIOkEN3+z2lrj9MNnDC35G5uBpZPWFOucEKEy3U/SzRFjYp88tLD62Y37ac6+oEMBst7sipPJxBi6rGs7qvzrI4S9AeX/uwILhQ86bI5HRzJI+O3u8BG2C4arKSITuFGL7dCgPapxBceuvu6EJ0dBef+DXf3FeyWbrWGl41grSFxCCL//rHzIidYcKQuVMmnSHEwMcfuQ4uENfrbYyA==&u=U2FsdGVkX18obqapSHRsyDpzmPKi5TQqlpLn5M0BJ8Vtv/dj7oKJOavaoluICGzF&y=U2FsdGVkX1+omYShEXkL0aspUnwVRGGkVvMPbka0Mse31j6uJIcQeN36x0XtduNU HTTP/1.1" 200 26
191.95.58.91 - - [06/Nov/2022:23:00:17 -0500] "GET /kwssiamovil/sm/acme/a?s=U2FsdGVkX1/UszmeRLklUqaapiBxcCpTbM80MrX3w6w//dz/ZBBN1Wc66VbKGua8mUJOm8iCMPR7eYlSYBKzTXvaiJoDfoRkRQCEUJgbM6vfWFOe8r1DPR+KzdTyaZB1PsI2Ad4Bh+odmHtEx1uJz9p15hveBUHX3Fx1LdqtWB3MhGQ3UyYUVsrhmU3m1CjleDOK4llco8ctzRbcqKMgUha2zZBXP4S63oywNGoyQfXmA9yiEpdmWGTx+5WRWBViAPfGIqLwCqFQzqeNxyQ1sIOF/yHf6DonARWWm3AX2arf76UdstHtm/3lTaofmbdiIksgikxXgxVfcVHTljnG/46EsYb9X/J7/vG5CyaPagoUtPhHuSA5uMvYuJu3ciqKJRdPyicliKDEA0NO8oLLqG2lfdXyKOkeUkIVrUib7sZxFnw/rDXzVMIuQr6OgCV05H2DvNZbBWX5jOEHo1sNEIzSSd++Oe+39N/6tj1iXlaJmRJ6bUwP8iv1+QtLo6RznK85IjfhOweIexs/NXrmLwoEuEjgRQWR0fjTcwgBIoB3iyqXeR2MNS9zDHe8IAhTnTSiGsQh/dskObcJVIrgoisAp9q1sHtxWViHA7dyf+4qiS20LNfEhMY+CfnjPVR8HOiskOaulIpieqZO5Y7HvupntySpOVdWK9p7QIrkI2158LWupWrCWcVHCI/3mSGsBxvzll4V8VqAjZjX+k/UttB2em3VYFIwT8blbeCb0GIerc4X1I3e1xpiC79QcBJg4oo8CiFGi41ZJ/iilGNzadT3/8m6CeNmobiHMzAQ1ZXgYqekqsoKXtghuRSjw7fMYKWfeTcDqMvWkfgwrZrdk/5JNHoIkX1FMuaDj+/PP/siO0DkY4K67aBzHVoK/wuXipZ2SqY8xrQ/hFOnjLbLaiC31iS0jisUAPXudafrmz+D/HHJuhTfpvRXVCcfsg8tyBQ7Xd4GF+E1WzK94CWnTLQt3jh/bo8FMP6FGOuMqStJLpl0ZmW73i63VnRXoZ6+lX+v2jKun8QlDMORoO4g+C3bueNqK5H/SkGg4DGeyulqIWTXrhG6Ma5/5UBYfwYfCyudb8gilRzzQ4x8A7oEqYZp6l7bIFOduWrBZ/zvaDaP4EycNRerCD9mr9TIW544PWCtomghCQ2vwqpRbF/81xCsEN1OYAlR64cmdfZutz2/zvi09AjKefImr4JHdiVQ47tiP4FoRwfJMRJ5N8hi/P+acocwsql78rm9g0wZmjDOiN1OcLe1FMesVi6LHuGsBeNys1RT3OCs/fKwqWaMsA8erCS1SoUBl5ANWx9wBBqUuVsFhuGRUvGqOEINuR1tp5EItD2OtGzSctJACBxkKsL9EIX4mt+/VUdKWnsfwltbQdS0Ondfdi4CGUkBXaR34EiYSllAWq3zjQuxdiHaCSMtj7sCKLTg9eppVtuVe3+vZuywYtZy7mm2OSnZpk9mnjO0sxiidn7NsWAqXBo5fd/f/0DIZ41DhFIDf6P2S0S2oCS9h0uIsr3KfWEnOSj6HsRv1GgasErEL+XNVO+vXdm/U7CpfY8gOpAQ/ZnF35HlPSrUv+t87P05sTO2kpRao0rSy8PrJj6w/0ayBKLrpnw9mH3SonFKm5qIStFq4/yGnFdCoL9xRGRvz72fsj4PCZ7AdmUbKLW3zZ3deoTO/vnH+Ae5iysIqxZIpPe4Rhh/qvEWa+RCbgm3+vTRoT0O7WyZGqAZyOzgfIp/anv0OdRMizSZf3tfTznmDKBf+UsNxBHXGRIZS8sueGMu0wwjEVPFdVhTjW1qPIsfMdzVa/s10p8HsYNtSkF4rgcFXhziCE1olbdg5VwTjGHFJaiFFpl7GLLSgxo/Ks1RKDiZaM/4fq9IESASqE254jgdN0IQTq2jXIqVdes8MpZ03uqHyk7MGSBZumUTBp7C7Bvr45S+ZvFdoNw7j+kCqfhsXPGh2uEJrZcbP/DFJ0uu8h2RtRaF/bvqEYo90qoiYWLyXQOiKs/eBaD9V7J/pvcmPW3TwGIdqjAbj97xbUZWE/g8SdesU5QZmupR2BMW2fY7sOzb+X6pq3hhUwR9f/GRGEYZa1IKXGjTo/UwcAyTXgSWmoIEvHygCQIKWNpL3+AjmrW6t6rPYvDcthQAAx5L/KuBeYEyaASxtzCW74CHKQRpBxdrl814o/rmkp/RN0/aFTmT6USk9+PEt/MxnfC8zjVDvBAN4hJshmyTCYtRUHefe6gvlSKU0iIBEnVJjrej6Q9TmBLKRrY2zrbCLGKJ3dYFOTB/nSIrQjYHCwAqQJNadarPE1KWzSDNcuz75DkYlaKQmCKuvti84J2HzN7zwAYN63iSss01iR0czYyeQ8XIYm5PDilOnluFGD/jPGHUGaQ4a5TI3vKzulE3SBkHcWWso7ui4qmutbPbShRW3oB+jPOnQzvEmM4TnBKy1dZyIf65sBCVAfY3Q/RQ67Sl0NpHwD9Iiu1kE4UhJAJT4RHgqvcAy2U5FgTjGdhFzdVegd4/K1inCktYuIR4BE/4mdibJGWGB6+75Uwd4g6OmUPzUcxfOjLS/a5tsxWFdoNApR0oOhMSWLe3nZetoCGjlnFxZZbOn2hAcx8D+7IxwxWhUzDVYmLl8Msalv4QuGGfI/Bw1Z6FOpj2WA7Bn+SCLCaVISbLCTBOGuccaqd1oc+PdCmvFC5YIn5DPg+B2RMswM8DM+nsGPs9OSpEEOkBnvFBaWEYLXyOJjzhXLnw9U15cZxNE3Y2PdaVtuTJqgQD+z+qPYKovtCNfAyUMM0hbp2bfYvzhCTVdvQlfsAo7nXpbuPikvCC2Bmx4JKSPf+TXsaAI9zO5yRNFt5N13fy8vEVJ9cqU3HZ2wl9vH5OTbL2EHZbUk6WRcZH/m1VMrgNNSrTtpKZ9J2tDDMeKZw4e5E6ey3+mTSVIIb7L7rUkpnb1wKbIt3SQznYPB3YQOmZ12RS+1HN6A7pWlGovb/sSjY=&u=U2FsdGVkX18obqapSHRsyDpzmPKi5TQqlpLn5M0BJ8Vtv/dj7oKJOavaoluICGzF&y=U2FsdGVkX1+omYShEXkL0aspUnwVRGGkVvMPbka0Mse31j6uJIcQeN36x0XtduNU HTTP/1.1" 200 26
191.95.58.91 - - [06/Nov/2022:23:00:18 -0500] "GET /kwssiamovil/sm/acme/a?s=U2FsdGVkX18OLK0HytvhjAeItcpbWEu6px5eUDERLj+JIrHFp2sfRtd7ODFRpTAwMZgtiNcGk+D3VRbMt6lnmFCmCLEgrxVknPkPG9e4323xaK03A/zrgfjQtvLPLnWtfrZf7Q0kZKaRuy7ml6j1iGcNl9nUjMxQddha452SC8w=&u=U2FsdGVkX18obqapSHRsyDpzmPKi5TQqlpLn5M0BJ8Vtv/dj7oKJOavaoluICGzF&y=U2FsdGVkX1+omYShEXkL0aspUnwVRGGkVvMPbka0Mse31j6uJIcQeN36x0XtduNU HTTP/1.1" 200 26
191.95.58.91 - - [06/Nov/2022:23:00:18 -0500] "GET /kwssiamovil/sm/acme/a?s=U2FsdGVkX19TyTyr16DvSawMuKuuwap79J8ollmVVfLCpynZptd7nFuEwAXr/ItukQJhDJKscimGJpF0MqNH8rBIn+dnitVgkBUWS8rpVKtJvixOC6bwJbNc3K2A7nQdKbbb05T6EZey6pIol+fmBDTjO9BrYVW5f73qdW254LU=&u=U2FsdGVkX18obqapSHRsyDpzmPKi5TQqlpLn5M0BJ8Vtv/dj7oKJOavaoluICGzF&y=U2FsdGVkX1+omYShEXkL0aspUnwVRGGkVvMPbka0Mse31j6uJIcQeN36x0XtduNU HTTP/1.1" 200 26
191.95.58.91 - - [06/Nov/2022:23:00:18 -0500] "GET /kwssiamovil/sm/acme/a?s=U2FsdGVkX18gKMjYNGyk60UD5BMK7gN4izf+Hpf1HMK+FOxKIAz0GKiP3W67j2xI8Qi1wHUV8myzpRwlnuy5Hdi1LQtFExN8fYt8kkH9IUuROo9ncnnI/ZzEpqUVnJCMfwx2f3McPwquNvFLaeUiANRSGCiQ6gMJINXDmmeSSvc=&u=U2FsdGVkX18obqapSHRsyDpzmPKi5TQqlpLn5M0BJ8Vtv/dj7oKJOavaoluICGzF&y=U2FsdGVkX1+omYShEXkL0aspUnwVRGGkVvMPbka0Mse31j6uJIcQeN36x0XtduNU HTTP/1.1" 200 26
191.95.58.91 - - [06/Nov/2022:23:00:18 -0500] "GET /kwssiamovil/sm/acme/a?s=U2FsdGVkX1/T1CFX6cDOyyYjWjk5epALlYBJIfLPefvlTExEwwea1y2luRZNwEn+R16XnF/SlpxkZnXA0spplKUkXor8IrrEdehCu+9/ea9ZB4RGnLp2IO6QfdSJzqrRsE+IkDKMcfdh2P+KnvmMpwUcGXB9GYeZyipAeTkv9lUMm/gn5FHf/EWQqN4H0XTW0YhmGOac+j4kH1axxe0Hlw==&u=U2FsdGVkX18obqapSHRsyDpzmPKi5TQqlpLn5M0BJ8Vtv/dj7oKJOavaoluICGzF&y=U2FsdGVkX1+omYShEXkL0aspUnwVRGGkVvMPbka0Mse31j6uJIcQeN36x0XtduNU HTTP/1.1" 200 26
172.22.2.4 - - [06/Nov/2022:23:01:47 -0500] "HEAD /BLA/boletinlegal/ HTTP/1.1" 200 -
201.245.192.253 - - [06/Nov/2022:23:03:34 -0500] "POST /kwsrmcab/Wsrmcab  HTTP/1.1" 200 40655
185.119.81.101 - - [06/Nov/2022:23:03:46 -0500] "GET /portaldeninos/wp-login.php HTTP/1.1" 200 2592
185.119.81.101 - - [06/Nov/2022:23:03:47 -0500] "POST /portaldeninos/wp-login.php HTTP/1.1" 200 3605
191.95.58.91 - - [06/Nov/2022:23:04:07 -0500] "GET /kwssiamovil/sm/acme/a?s=U2FsdGVkX1+feiav4M7WXrZdV25at4d0SWxOKYbfPwoZXLFPuFvESR1OWtJfjRsOdgli+mstihFFiWoSqJu46jS1xRw3HCc2NRdOj+armRPlAqrzkGUVQHkBrDRDzSSrtHZVjqzb//TRYbNQCviU3OTc4gDsvPmH08LycuXNzD6acFXaxFTD1nf121EjpNgF7NtTuNk2okdB0ToPYIarG+byq94MA4XF6gZ17XUb8RQgAdeyf0dpmDq71ik9qxRUhO/VfO76GHCgEpy2DWH3Sw==&u=U2FsdGVkX18obqapSHRsyDpzmPKi5TQqlpLn5M0BJ8Vtv/dj7oKJOavaoluICGzF&y=U2FsdGVkX1+omYShEXkL0aspUnwVRGGkVvMPbka0Mse31j6uJIcQeN36x0XtduNU HTTP/1.1" 200 26
191.95.58.91 - - [06/Nov/2022:23:04:08 -0500] "GET /kwssiamovil/sm/acme/a?s=U2FsdGVkX19xP2Z993EU91uvkzwHgFeYiRA6djuWbNUqte0JwxZLYhCC/8wDaJY9gRuDYEYTTIiDVepiJchZ2Dq0CzsOKaK8kiwkNhOWgG/G8h+B2v4tGlpjdRVwz7OyyGf3YgqrtxsX9D+nHn20d9CKP3BIVopEmrJwfDLKnqawhfWOfNmr1TogSOKWI7wJY26ZInyY29s9WDFxXAgHpubFK5tdAJHzY14tcCi2DkbkrK4dNhcVZ3Yw2od4jqkloGTd03AHpEqQAYN4fMKm7dAkhnqCGro+UT2uvnGkzuvnQdHUchV3itHMFYfibSETKa+K3pkx9+JoXhkViCCJhngsnaStcgFma2qqNOyTBdGmwVFAPR3IiluZ3BjdEBSWKdpKfv0+ArtD+CUy3J/HOALRwZ6V/8O5ddDi7ltuGZE890OrHKqf8r7uZeaYICjEXfqqnxIV1BJnYq8w924lxbwyIlvUGHg0KO/dh5Kf64dquTHob9zvZOL0QO4eGkC6aTS1Pfg0VH/8JMTrSkviEJ0gqPf4QtmMM9S/PlIPyR2JBruQJ/w/N1rUSP+VX+ooCWLUQogpQOK8Yow5mHcbCW6T2K4zwctXKi8EokbyImO2N0j8fsoSHnnoUZ4lvYvRLwZN+FquVXHG1Qlm8TYj0+yEnnk/S7FaFzAgWrNixLRh88PB+ynqdcmmD+bDYt5ax7oySuFihrjkfZA9NCjLFfyNHXGGxCNN5eKpdipzi2TAoK3p1664Fnkqynjai/j+J6R23RsgLhzVPgAwGslJ/fdW83sE8K2ZrwFRnTHhw2dYIjnPMH/+SS14VhlLqZeyYzkI8lEoEdpieicOQoAFJlq7RNnX4zKtHeagexmJe8F29RdTc/UFPpLbm0FjdYrvkeB6WNtFoeOaSPmXS2nZIQWN01TElnXU2N6215N5hS5XDCgjsiFEAWe7sdAeDm7rGMaw2d5M0zsPDuqZ1T4kS6AIWz1GaSBSZRR/KTTUgVAhRFYFhQvTB54dXEUkWyIwxDe7Nr4TQK407sNPNuTWrjJ8qI++m1tJlIgRx2JIeMiKr1mZDhy/T71tJ2AUdzVaXSdCFLk5NBuhYkPn+aqquugRe9sMPy5DtPtrSvPpRVXUY2pPcJkpAYpitRQ5O234fmWFESo1UY3y4WEELuklZ0bvRN2jluAFdLG1GntQc8kzr/Nq+/Hebrig68QGewZ5Ec7Q3X5B18pwS9VQcpsAfaQCQAIXqn5qxdE+Dbn3cPaip9cYSD7XipEiYBN4NsS5tSNI8byUO4YNDL5VJ1FUz5NONGB7KIAP7553PxGVahJ9kOT4Bo6381wf9SDHAekTPjT+S7WO+057/njawarxv/D/Ge6tUYFi1ntKFcEbpXAOAybvQ9vlCpLsz1QFMSRqrwwhDj2wMuFx2EEcA7fgGEvspp1JrnjHoRN6QYgcLLJzplDr4N4YeY6NKpBDZasnO9c7i+QUuXQNWP+cIX8yrIBvXFl8kSE4KPaD8GPpWDYyWgw26s61trnjuZROc36u9m+sDUsHZZdx5rlKCoTa/0Cev1Y7Vyyjtxcn43idiNLQkrNm43HIZBv8K3f+Qo5qPx3ZOgZoCoAhYCUydcPqWtRoAHiEj0HuMQSgaC2J3rctlQJ4whdtO+OtIXBP3Gc0ww7RBPjWjpH0nbOYmkafd8EtDU1bARNlqLCefp6FzWN6HuPgNySANQdoc6KesWE98P0EkgFP2dRt0lggDkXsgrHP3rZRZj+om3m0oEyNbU+X7/H6F0+zzsn1B9yFgorklApQIc4MiUICbATH3+cz6+IempI6AlkbG5J7D0A2b9Q4XZBqY0w0AcECJ0Hk2et5RiM9mTTe98yqVOGbJudit54j390D83v5Ydqv5bwUVD/ua0F7fmKlxkPc8dMvcd9Yzma1yzrDLd+Z/V0pboaGjHzZISNqK1jgAB3OZRUQ3rj9ZXPrs9MaHVdBt/wHnD/P/cf+N9kGecDQAVoGvCBfkAml067llODod6X/Cs/m2BUGBQCUyUMglO+t3/4UjdHy91yis5LbNzgxbnNU7rrzSOUWBr5ba6yoD4D+hYvgzI6W7F8NcGNHaXRgTDtDIuI+XEhFrA/w020PZuA8b/7qH68L1E37KHQzj5C/yiF7tMeceQvq5jh9vAxbRrvmxMwrRswpkjTlDxcRPsTjgJ2wfdr6pBkxpsFvRSgUGVK7FYNXNTeGlJnL1kvW9c3sKz4vJ81FUwtQfO07Pw6sFofNns70gP5aVV/7AqO1fE6iJzX9kDZQ3vKpHzWGDpIQIn+1jt+I2R9wv0doiCwsH1HFsK5WzoJJSvj7PATWfaNcPpLO1NF0XBNx29liLevrgNt/z8ldfkR/XIUIsBseVPJausHrind6zthlG9zmYORWQ2RkcV+3IDVhQikfyf48OoCTALXJTfu0oT+m7KwO55bPitaItisXC9XTArSv+mdz4LVRLO9uoFOn5ExphCYkY5GdEsTv5b5LOYt66bfvTaN3v29tP6GhJaTuY9scy2Zkow8mgBFKHc9/QUy2+jt4wE1alhgVGb6lZ+6ZD6VG99y/eDfEdYXFPr3NYB6Fb9CSBNQ7mYP5U+3VTCqRC/X0sp9xQ8TzsNCuPP3Zur1WY9f0SWiNg9/wTTYSQ+Hkzh6oZ8zChApZBblH/M+GrWWXUWe3LJTDyzQ3plHkXfDQ7uAIisDBEOSyUOL5CB6vk1ui3KcmFshKpRN6MQ9Xf4Asdwi8kRwLLImrfkTXO6CZRd90ZrRZKYH0CLi1qSbLIWUV5tnH2c0ftONFe6M8Y7yqd1Hci6jMgmvdcrNv8x0G6GHZ3MXFl7qXyHwmjbde5ySbmhd6NiWNKx3SfgjD/3HXRUv2M7aUKlip19Tt/5qg4rDLt++X4s1gJGmGVb+OUBAcmisrzzP0uz5s2cZBvpXSp++BQWx7+M6XlavP35TiSBCRDDANgMvQDSiwFjuFkPOfo9VdzOv1PA4fY3ppuxakJFUO&u=U2FsdGVkX18obqapSHRsyDpzmPKi5TQqlpLn5M0BJ8Vtv/dj7oKJOavaoluICGzF&y=U2FsdGVkX1+omYShEXkL0aspUnwVRGGkVvMPbka0Mse31j6uJIcQeN36x0XtduNU HTTP/1.1" 200 26
191.95.58.91 - - [06/Nov/2022:23:04:08 -0500] "GET /kwssiamovil/sm/acme/a?s=U2FsdGVkX18oAaYlcF0YUnumeZ0EgEY2v+BdbFZI1LeBFD6IS5yMkFTGoAUh8E30JNnrGvhqsnW4LxOOvoKl91OxvUfbescC5PYnYcE44KdxyVYRHarkIhKfilNnfhUCuYKmkTDrQdw5Gi32zb1X83Yb7Jz8Lwt+/fWC6OhUmgY=&u=U2FsdGVkX18obqapSHRsyDpzmPKi5TQqlpLn5M0BJ8Vtv/dj7oKJOavaoluICGzF&y=U2FsdGVkX1+omYShEXkL0aspUnwVRGGkVvMPbka0Mse31j6uJIcQeN36x0XtduNU HTTP/1.1" 200 26
191.95.58.91 - - [06/Nov/2022:23:04:08 -0500] "GET /kwssiamovil/sm/acme/a?s=U2FsdGVkX1+9Zog1jZUnrTNb/1iEZI8U6odVYqR+Lo4kQ2JFKvwCgbypm/k+1MIk23W1QDqmNUniSnCPC62wZjbSPo6x7x3hY6xC6wuj05h4O+vg81jWwRgJ28aij7dAaysfcqXyK05oJ2CZG8paWqIuxfR0XLATOn8KTAFJc94=&u=U2FsdGVkX18obqapSHRsyDpzmPKi5TQqlpLn5M0BJ8Vtv/dj7oKJOavaoluICGzF&y=U2FsdGVkX1+omYShEXkL0aspUnwVRGGkVvMPbka0Mse31j6uJIcQeN36x0XtduNU HTTP/1.1" 200 26
191.95.58.91 - - [06/Nov/2022:23:04:09 -0500] "GET /kwssiamovil/sm/acme/a?s=U2FsdGVkX1/qBXR2YltQwKZFpijiFoVJXyJOa0wRA0vU7OYexZ77jJg/Tm6ejkyJpghTZxzZm4IFGZtgmfzClrfLJg8WkuLNsod8p5fFhc2dh3ayeZe7MqyTDU3DbqwKFLIzoYDJmIvkP1WAOG7k/raWsrEIyzfPMI2Hq0+EOxY=&u=U2FsdGVkX18obqapSHRsyDpzmPKi5TQqlpLn5M0BJ8Vtv/dj7oKJOavaoluICGzF&y=U2FsdGVkX1+omYShEXkL0aspUnwVRGGkVvMPbka0Mse31j6uJIcQeN36x0XtduNU HTTP/1.1" 200 26
191.95.58.91 - - [06/Nov/2022:23:04:09 -0500] "GET /kwssiamovil/sm/acme/a?s=U2FsdGVkX1/e4NdmW28aH+ymSdAMnaBAVV0ynlAH9HPpAFElma6uFclxFvZW2p4BCN6CHIc2M3hJt2XLqBHcCohCXaIuDQYH9LyLo7aWppY//v64Ezl2dSXrHDWBiGjDleUUgVRIV1DKQ5ieG6rxJ93qLpDwvuKitgW6Y4QFoPWV3948h88JFQIkKZdaPrCYB5JEYjSVs3yHgFfGPjOgmg==&u=U2FsdGVkX18obqapSHRsyDpzmPKi5TQqlpLn5M0BJ8Vtv/dj7oKJOavaoluICGzF&y=U2FsdGVkX1+omYShEXkL0aspUnwVRGGkVvMPbka0Mse31j6uJIcQeN36x0XtduNU HTTP/1.1" 200 26
172.22.2.4 - - [06/Nov/2022:23:02:37 -0500] "GET /BLA/boletinlegal/ HTTP/1.1" 200 59319
216.245.221.92 - - [06/Nov/2022:23:04:56 -0500] "HEAD / HTTP/1.1" 200 -
40.77.167.3 - - [06/Nov/2022:23:07:45 -0500] "GET /php/CarreraAdministrativa/INSTRUCTIVO_SISTEMA_PROPIO_SDA_2010.doc HTTP/1.1" 404 1018
185.119.81.103 - - [06/Nov/2022:23:08:14 -0500] "GET /portaldeninos/wp-login.php HTTP/1.1" 200 2592
185.119.81.103 - - [06/Nov/2022:23:08:15 -0500] "POST /portaldeninos/wp-login.php HTTP/1.1" 200 3650
201.245.192.253 - - [06/Nov/2022:23:08:33 -0500] "POST /kwsrmcab/Wsrmcab  HTTP/1.1" 200 40655
172.22.2.4 - - [06/Nov/2022:23:07:37 -0500] "HEAD /BLA/boletinlegal/ HTTP/1.1" 200 -
40.77.167.57 - - [06/Nov/2022:23:09:53 -0500] "GET /BLA/boletinlegal/images/signo-mas.gif HTTP/1.1" 200 13689
216.245.221.92 - - [06/Nov/2022:23:09:56 -0500] "HEAD / HTTP/1.1" 200 -
172.22.2.4 - - [06/Nov/2022:23:08:27 -0500] "GET /BLA/boletinlegal/ HTTP/1.1" 200 59828
172.22.2.4 - - [06/Nov/2022:23:10:30 -0500] "GET /BLA/boletinlegal/ HTTP/1.1" 200 36811
186.155.74.195 - - [06/Nov/2022:23:12:33 -0500] "GET /BLA/resoluciones/index.php?dir=AUTOS+2019%2F HTTP/1.1" 200 348199
201.245.192.253 - - [06/Nov/2022:23:13:32 -0500] "POST /kwsrmcab/Wsrmcab  HTTP/1.1" 200 40655
216.245.221.92 - - [06/Nov/2022:23:14:56 -0500] "HEAD / HTTP/1.1" 200 -
172.22.2.4 - - [06/Nov/2022:23:13:27 -0500] "HEAD /BLA/boletinlegal/ HTTP/1.1" 200 -
172.22.2.4 - - [06/Nov/2022:23:14:17 -0500] "GET /BLA/boletinlegal/ HTTP/1.1" 200 57375
47.251.41.168 - - [06/Nov/2022:23:14:10 -0500] "GET /portaldeninos/wp-content/uploads/2020/06/mapa-humedales-de-bogot%C3%A1-1.jpg HTTP/1.1" 200 1170768
172.22.2.4 - - [06/Nov/2022:23:16:30 -0500] "GET /BLA/boletinlegal/dns-query?dns=q80BAAABAAAAAAAAA3d3dwdleGFtcGxlA2NvbQAAAQAB HTTP/1.1" 404 1018
172.22.2.4 - - [06/Nov/2022:23:16:31 -0500] "GET /BLA/boletinlegal/dns-query?dns=q80BAAABAAAAAAAAA3d3dwdleGFtcGxlA2NvbQAAAQAB HTTP/1.1" 404 1018
172.22.2.4 - - [06/Nov/2022:23:16:32 -0500] "POST /BLA/boletinlegal/dns-query HTTP/1.1" 404 1018
207.46.13.162 - - [06/Nov/2022:23:16:32 -0500] "GET /BLA/resoluciones/RESOLUCIONES%202000/2000%201000-1049.tif HTTP/1.1" 200 3859139
172.22.2.4 - - [06/Nov/2022:23:16:33 -0500] "POST /BLA/boletinlegal/dns-query HTTP/1.1" 404 1018
172.22.2.4 - - [06/Nov/2022:23:16:34 -0500] "GET /BLA/boletinlegal/query?dns=q80BAAABAAAAAAAAA3d3dwdleGFtcGxlA2NvbQAAAQAB HTTP/1.1" 404 1018
172.22.2.4 - - [06/Nov/2022:23:16:35 -0500] "GET /BLA/boletinlegal/query?dns=q80BAAABAAAAAAAAA3d3dwdleGFtcGxlA2NvbQAAAQAB HTTP/1.1" 404 1018
172.22.2.4 - - [06/Nov/2022:23:16:35 -0500] "POST /BLA/boletinlegal/query HTTP/1.1" 404 1018
172.22.2.4 - - [06/Nov/2022:23:16:36 -0500] "POST /BLA/boletinlegal/query HTTP/1.1" 404 1018
172.22.2.4 - - [06/Nov/2022:23:16:37 -0500] "GET /BLA/boletinlegal/resolve?dns=q80BAAABAAAAAAAAA3d3dwdleGFtcGxlA2NvbQAAAQAB HTTP/1.1" 404 1018
172.22.2.4 - - [06/Nov/2022:23:16:38 -0500] "GET /BLA/boletinlegal/resolve?dns=q80BAAABAAAAAAAAA3d3dwdleGFtcGxlA2NvbQAAAQAB HTTP/1.1" 404 1018
172.22.2.4 - - [06/Nov/2022:23:16:39 -0500] "POST /BLA/boletinlegal/resolve HTTP/1.1" 404 1018
172.22.2.4 - - [06/Nov/2022:23:16:40 -0500] "POST /BLA/boletinlegal/resolve HTTP/1.1" 404 1018
172.22.2.4 - - [06/Nov/2022:23:16:42 -0500] "GET /BLA/boletinlegal/?dns=q80BAAABAAAAAAAAA3d3dwdleGFtcGxlA2NvbQAAAQAB HTTP/1.1" 200 20427
172.22.2.4 - - [06/Nov/2022:23:16:43 -0500] "POST /BLA/boletinlegal/ HTTP/1.1" 200 20427
172.22.2.4 - - [06/Nov/2022:23:16:41 -0500] "GET /BLA/boletinlegal/?dns=q80BAAABAAAAAAAAA3d3dwdleGFtcGxlA2NvbQAAAQAB HTTP/1.1" 200 24523
172.22.2.4 - - [06/Nov/2022:23:16:43 -0500] "POST /BLA/boletinlegal/ HTTP/1.1" 200 24523
201.245.192.253 - - [06/Nov/2022:23:18:31 -0500] "POST /kwsrmcab/Wsrmcab  HTTP/1.1" 200 40655
207.46.13.162 - - [06/Nov/2022:23:19:12 -0500] "GET /BLA/resoluciones/AUTOS%202019/3074.pdf HTTP/1.1" 304 -
216.245.221.92 - - [06/Nov/2022:23:19:56 -0500] "HEAD / HTTP/1.1" 200 -
172.22.2.4 - - [06/Nov/2022:23:19:17 -0500] "HEAD /BLA/boletinlegal/ HTTP/1.1" 200 -
201.245.192.253 - - [06/Nov/2022:23:21:06 -0500] "POST /kwsrmcab/Wsrmcab HTTP/1.1" 200 44030
201.245.192.253 - - [06/Nov/2022:23:21:08 -0500] "POST /kwsrmcab/Wsrmcab HTTP/1.1" 200 44431
207.46.13.11 - - [06/Nov/2022:23:21:36 -0500] "GET /BLA/resoluciones/RESOLUCIONES%202001/2001%20200-249.TIF HTTP/1.1" 200 8819186
172.22.2.4 - - [06/Nov/2022:23:20:07 -0500] "GET /BLA/boletinlegal/ HTTP/1.1" 200 59828
185.119.81.101 - - [06/Nov/2022:23:22:59 -0500] "GET /portaldeninos/wp-login.php HTTP/1.1" 200 2592
185.119.81.101 - - [06/Nov/2022:23:23:00 -0500] "POST /portaldeninos/wp-login.php HTTP/1.1" 200 3605
201.245.192.253 - - [06/Nov/2022:23:23:30 -0500] "POST /kwsrmcab/Wsrmcab  HTTP/1.1" 200 40655
186.29.254.232 - - [06/Nov/2022:23:24:35 -0500] "GET /appsia/controlador HTTP/1.1" 200 4799
186.29.254.232 - - [06/Nov/2022:23:24:53 -0500] "POST /appsia/controlador HTTP/1.1" 200 3600
186.29.254.232 - - [06/Nov/2022:23:24:53 -0500] "GET /appsia/jscripts/validarSolicitud.js HTTP/1.1" 404 68
216.245.221.92 - - [06/Nov/2022:23:24:55 -0500] "HEAD / HTTP/1.1" 200 -
186.29.254.232 - - [06/Nov/2022:23:25:01 -0500] "POST /appsia/controlador HTTP/1.1" 200 4799
186.29.254.232 - - [06/Nov/2022:23:25:15 -0500] "POST /appsia/controlador HTTP/1.1" 200 5437
186.29.254.232 - - [06/Nov/2022:23:25:18 -0500] "POST /appsia/controlador HTTP/1.1" 200 8511
172.22.2.4 - - [06/Nov/2022:23:25:07 -0500] "HEAD /BLA/boletinlegal/ HTTP/1.1" 200 -
172.22.2.4 - - [06/Nov/2022:23:25:53 -0500] "GET /BLA/boletinlegal/ HTTP/1.1" 200 28619
172.22.2.4 - - [06/Nov/2022:23:25:57 -0500] "GET /BLA/boletinlegal/ HTTP/1.1" 200 56014
201.245.192.253 - - [06/Nov/2022:23:28:29 -0500] "POST /kwsrmcab/Wsrmcab  HTTP/1.1" 200 40655
216.245.221.92 - - [06/Nov/2022:23:29:56 -0500] "HEAD / HTTP/1.1" 200 -
181.237.18.78 - - [06/Nov/2022:23:30:35 -0500] "GET /sipse/faces/faces/index.xhtml HTTP/1.1" 200 677
181.237.18.78 - - [06/Nov/2022:23:30:36 -0500] "GET /sipse/faces/javax.faces.resource/theme.css?ln=primefaces-sipse HTTP/1.1" 304 -
181.237.18.78 - - [06/Nov/2022:23:30:36 -0500] "GET /sipse/faces/faces/faces/autenticacion.xhtml HTTP/1.1" 200 12182
181.237.18.78 - - [06/Nov/2022:23:30:36 -0500] "GET /sipse/js/disable_browser_buttons.js HTTP/1.1" 304 -
181.237.18.78 - - [06/Nov/2022:23:30:36 -0500] "GET /sipse/css/custom_css_sg.css HTTP/1.1" 304 -
181.237.18.78 - - [06/Nov/2022:23:30:36 -0500] "GET /sipse/css/custom_css_sg_prime_login.css HTTP/1.1" 304 -
181.237.18.78 - - [06/Nov/2022:23:30:36 -0500] "GET /sipse/faces/javax.faces.resource/theme.css?ln=primefaces-sipse HTTP/1.1" 304 -
181.237.18.78 - - [06/Nov/2022:23:30:36 -0500] "GET /sipse/js/funciones.js HTTP/1.1" 304 -
181.237.18.78 - - [06/Nov/2022:23:30:36 -0500] "GET /sipse/faces/javax.faces.resource/primefaces.css?ln=primefaces&v=4.0 HTTP/1.1" 304 -
181.237.18.78 - - [06/Nov/2022:23:30:36 -0500] "GET /sipse/faces/javax.faces.resource/layout/layout.css?ln=primefaces&v=4.0 HTTP/1.1" 304 -
181.237.18.78 - - [06/Nov/2022:23:30:36 -0500] "GET /sipse/faces/javax.faces.resource/jquery/jquery.js?ln=primefaces&v=4.0 HTTP/1.1" 304 -
181.237.18.78 - - [06/Nov/2022:23:30:36 -0500] "GET /sipse/faces/javax.faces.resource/jquery/jquery-plugins.js?ln=primefaces&v=4.0 HTTP/1.1" 304 -
181.237.18.78 - - [06/Nov/2022:23:30:36 -0500] "GET /sipse/faces/javax.faces.resource/primefaces.js?ln=primefaces&v=4.0 HTTP/1.1" 304 -
181.237.18.78 - - [06/Nov/2022:23:30:36 -0500] "GET /sipse/faces/javax.faces.resource/layout/layout.js?ln=primefaces&v=4.0 HTTP/1.1" 304 -
181.237.18.78 - - [06/Nov/2022:23:30:36 -0500] "GET /sipse/css/imagen/logoSDG.png HTTP/1.1" 304 -
181.237.18.78 - - [06/Nov/2022:23:30:36 -0500] "GET /sipse/css/imagen/loginimg.png HTTP/1.1" 304 -
181.237.18.78 - - [06/Nov/2022:23:30:36 -0500] "GET /sipse/faces/javax.faces.resource/images/ui-icons_898989_256x240.png?ln=primefaces-aristo HTTP/1.1" 304 -
181.237.18.78 - - [06/Nov/2022:23:30:44 -0500] "POST /sipse/faces/autenticacion.xhtml HTTP/1.1" 200 16686
181.237.18.78 - - [06/Nov/2022:23:30:45 -0500] "GET /sipse/css/custom_css_sg_prime.css HTTP/1.1" 304 -
181.237.18.78 - - [06/Nov/2022:23:30:45 -0500] "GET /sipse/faces/javax.faces.resource/theme.css?ln=primefaces-sipse HTTP/1.1" 304 -
181.237.18.78 - - [06/Nov/2022:23:30:45 -0500] "GET /sipse/faces/javax.faces.resource/primefaces.css?ln=primefaces&v=4.0 HTTP/1.1" 304 -
181.237.18.78 - - [06/Nov/2022:23:30:45 -0500] "GET /sipse/faces/javax.faces.resource/layout/layout.css?ln=primefaces&v=4.0 HTTP/1.1" 304 -
181.237.18.78 - - [06/Nov/2022:23:30:45 -0500] "GET /sipse/js/jquery.min.js HTTP/1.1" 304 -
181.237.18.78 - - [06/Nov/2022:23:30:45 -0500] "GET /sipse/faces/javax.faces.resource/jquery/jquery.js?ln=primefaces&v=4.0 HTTP/1.1" 304 -
181.237.18.78 - - [06/Nov/2022:23:30:45 -0500] "GET /sipse/faces/javax.faces.resource/jquery/jquery-plugins.js?ln=primefaces&v=4.0 HTTP/1.1" 304 -
181.237.18.78 - - [06/Nov/2022:23:30:45 -0500] "GET /sipse/faces/javax.faces.resource/primefaces.js?ln=primefaces&v=4.0 HTTP/1.1" 304 -
181.237.18.78 - - [06/Nov/2022:23:30:45 -0500] "GET /sipse/faces/javax.faces.resource/layout/layout.js?ln=primefaces&v=4.0 HTTP/1.1" 304 -
181.237.18.78 - - [06/Nov/2022:23:30:45 -0500] "GET /sipse/imagenes/cargando.gif HTTP/1.1" 304 -
181.237.18.78 - - [06/Nov/2022:23:30:45 -0500] "GET /sipse/imagenes/logoAplicacion.jpg HTTP/1.1" 304 -
181.237.18.78 - - [06/Nov/2022:23:30:46 -0500] "GET /sipse/css/imagen/contrasena.png HTTP/1.1" 404 383
181.237.18.78 - - [06/Nov/2022:23:30:46 -0500] "GET /sipse/faces/javax.faces.resource/messages/messages.png?ln=primefaces&v=4.0 HTTP/1.1" 304 -
181.237.18.78 - - [06/Nov/2022:23:30:48 -0500] "GET /sipse/faces/javax.faces.resource/images/ui-bg_flat_0_2d5972_40x100.png?ln=primefaces-aristo HTTP/1.1" 304 -
181.237.18.78 - - [06/Nov/2022:23:30:48 -0500] "POST /sipse/faces/bienvenido.xhtml HTTP/1.1" 200 3255
181.237.18.78 - - [06/Nov/2022:23:30:49 -0500] "POST /sipse/faces/bienvenido.xhtml HTTP/1.1" 200 36686
181.237.18.78 - - [06/Nov/2022:23:30:50 -0500] "GET /sipse/faces/javax.faces.resource/theme.css?ln=primefaces-sipse HTTP/1.1" 304 -
181.237.18.78 - - [06/Nov/2022:23:30:50 -0500] "GET /sipse/faces/javax.faces.resource/primefaces.css?ln=primefaces&v=4.0 HTTP/1.1" 304 -
181.237.18.78 - - [06/Nov/2022:23:30:50 -0500] "GET /sipse/faces/javax.faces.resource/layout/layout.css?ln=primefaces&v=4.0 HTTP/1.1" 304 -
