172.22.2.4 - - [10/Nov/2022:07:27:28 -0500] "GET /BLA/boletinlegal/images/arr_l.jpg HTTP/1.1" 200 1979
172.22.2.4 - - [10/Nov/2022:07:27:28 -0500] "GET /BLA/boletinlegal/images/screen_1.png HTTP/1.1" 200 202547
172.22.2.4 - - [10/Nov/2022:07:27:28 -0500] "GET /BLA/boletinlegal/images/menu_rght.gif HTTP/1.1" 200 1627
172.22.2.4 - - [10/Nov/2022:07:27:28 -0500] "GET /BLA/boletinlegal/images/body_bg.jpg HTTP/1.1" 200 1601
172.22.2.4 - - [10/Nov/2022:07:27:28 -0500] "GET /BLA/boletinlegal/images/menu_bg.jpg HTTP/1.1" 200 620
172.22.2.4 - - [10/Nov/2022:07:27:28 -0500] "GET /BLA/boletinlegal/images/menu_lft.gif HTTP/1.1" 200 1713
172.22.2.4 - - [10/Nov/2022:07:27:29 -0500] "GET /BLA/boletinlegal/images/hover.jpg HTTP/1.1" 200 640
172.22.2.4 - - [10/Nov/2022:07:27:29 -0500] "GET /BLA/boletinlegal/images/text.jpg HTTP/1.1" 200 568
172.22.2.4 - - [10/Nov/2022:07:27:29 -0500] "GET /BLA/boletinlegal/images/bg_top.jpg HTTP/1.1" 200 522
172.22.2.4 - - [10/Nov/2022:07:27:30 -0500] "GET /BLA/boletinlegal/images/launch.jpg HTTP/1.1" 200 14577
172.22.2.4 - - [10/Nov/2022:07:27:35 -0500] "GET /BLA/boletinlegal/images/screen_3.png HTTP/1.1" 200 210620
172.22.2.4 - - [10/Nov/2022:07:27:35 -0500] "GET /BLA/boletinlegal/images/screen_5.png HTTP/1.1" 200 368876
172.22.2.4 - - [10/Nov/2022:07:27:35 -0500] "GET /BLA/boletinlegal/images/screen_2.png HTTP/1.1" 200 362502
172.22.2.4 - - [10/Nov/2022:07:27:40 -0500] "GET /BLA/boletinlegal/images/arr_r.jpg HTTP/1.1" 200 1998
172.22.2.4 - - [10/Nov/2022:07:27:45 -0500] "GET /BLA/boletinlegal/images/pdf.gif HTTP/1.1" 200 567
201.245.192.253 - - [10/Nov/2022:07:28:30 -0500] "POST /sipse/faces/presentacion/financiero/solicitudProceso/listarSolicitudProceso.xhtml HTTP/1.1" 200 15660
201.245.192.253 - - [10/Nov/2022:07:28:32 -0500] "POST /sipse/faces/presentacion/financiero/solicitudProceso/listarSolicitudProceso.xhtml HTTP/1.1" 200 154669
201.245.192.253 - - [10/Nov/2022:07:28:33 -0500] "GET /sipse/faces/javax.faces.resource/theme.css?ln=primefaces-sipse HTTP/1.1" 304 -
201.245.192.253 - - [10/Nov/2022:07:28:33 -0500] "GET /sipse/faces/javax.faces.resource/primefaces.css?ln=primefaces&v=4.0 HTTP/1.1" 304 -
201.245.192.253 - - [10/Nov/2022:07:28:33 -0500] "GET /sipse/faces/javax.faces.resource/layout/layout.css?ln=primefaces&v=4.0 HTTP/1.1" 304 -
201.245.192.253 - - [10/Nov/2022:07:28:33 -0500] "GET /sipse/faces/javax.faces.resource/jquery/jquery.js?ln=primefaces&v=4.0 HTTP/1.1" 304 -
201.245.192.253 - - [10/Nov/2022:07:28:33 -0500] "GET /sipse/faces/javax.faces.resource/jquery/jquery-plugins.js?ln=primefaces&v=4.0 HTTP/1.1" 304 -
201.245.192.253 - - [10/Nov/2022:07:28:33 -0500] "GET /sipse/faces/javax.faces.resource/primefaces.js?ln=primefaces&v=4.0 HTTP/1.1" 304 -
201.245.192.253 - - [10/Nov/2022:07:28:33 -0500] "GET /sipse/faces/javax.faces.resource/layout/layout.js?ln=primefaces&v=4.0 HTTP/1.1" 304 -
201.245.192.253 - - [10/Nov/2022:07:28:33 -0500] "GET /sipse/faces/javax.faces.resource/dynamiccontent.properties?ln=primefaces&pfdrid=XjOR5%2F%2FfPAZAuY9TpWQeCiM0BhlXxYRBGKi%2FQcXXfeA%3D&pfdrid_c=false HTTP/1.1" 500 383
201.245.192.253 - - [10/Nov/2022:07:28:35 -0500] "POST /sipse/faces/presentacion/financiero/solicitudProceso/consultarSolicitudProceso.xhtml HTTP/1.1" 200 101285
172.22.2.4 - - [10/Nov/2022:07:27:27 -0500] "GET /BLA/boletinlegal/ HTTP/1.1" 200 62840
172.22.2.4 - - [10/Nov/2022:07:29:07 -0500] "GET /BLA/boletinlegal/images/footer_bg.jpg HTTP/1.1" 200 586
172.22.2.4 - - [10/Nov/2022:07:29:07 -0500] "GET /BLA/boletinlegal/favicon.ico HTTP/1.1" 404 1308
172.22.2.4 - - [10/Nov/2022:07:29:09 -0500] "GET /BLA/boletinlegal/jurisprudencia/analisis/null HTTP/1.1" 404 1038
216.245.221.92 - - [10/Nov/2022:07:29:15 -0500] "HEAD / HTTP/1.1" 200 -
136.243.228.197 - - [10/Nov/2022:07:29:29 -0500] "GET /BLA/resoluciones/index.php?dir=RESOLUCIONES+2020/ HTTP/1.1" 200 166164
136.243.228.197 - - [10/Nov/2022:07:29:46 -0500] "GET /BLA/resoluciones/index.php?dir=2018/ HTTP/1.1" 200 1608
136.243.228.197 - - [10/Nov/2022:07:30:01 -0500] "GET /BLA/resoluciones/index.php?dir=AUTOS+2004/ HTTP/1.1" 200 2786
186.102.45.114 - - [10/Nov/2022:07:30:12 -0500] "OPTIONS /kwssiamovil/sm/setfile/f? HTTP/1.1" 200 13
186.102.45.114 - - [10/Nov/2022:07:30:12 -0500] "POST /kwssiamovil/sm/setfile/f? HTTP/1.1" 200 381
136.243.228.197 - - [10/Nov/2022:07:30:15 -0500] "GET /BLA/resoluciones/index.php?dir=AUTOS+1997/ HTTP/1.1" 200 2025
201.245.192.253 - - [10/Nov/2022:07:30:21 -0500] "POST /kwsrmcab/Wsrmcab  HTTP/1.1" 200 40655
186.102.45.114 - - [10/Nov/2022:07:30:31 -0500] "GET /kwssiamovil/sm/acme/a?s=U2FsdGVkX1+ufEHvghsYl+ulR3WzcsVeYZ2JS9kLw+JqCcOqMr4KiomcP1t8YpudDubqgNhwGbsJGCmZGt+IBFptQ+jBbUuebwxOiIE6eTjtSxMgXyBgpSrV9LjHakbb0cNhmUNsoiYdX2eh3Am9TgHGe832hCZ4cgglG8+ZfwaDqyG6T2dIdU3FjC/wx376aP19tjoxzIaD77wp3KBEk208vXNJYyPR02b2jwb8fRvd/rfH1ifYB3nV7poA+4aV6ReQq+sR3+1S5JrsvD9hiA==&u=U2FsdGVkX18SD7kqqVmyU9q3QSGfoFIpsY7Q2BBcIYU=&y=U2FsdGVkX1/zD6gLCom1gxIfgTfzK25ScIIt7TmFl3DrcJBKFo9SO9Pt4VaXu/MY HTTP/1.1" 200 26
186.102.45.114 - - [10/Nov/2022:07:30:31 -0500] "GET /kwssiamovil/sm/acme/a?s=U2FsdGVkX18ghl1/q4S5wDpdQvclXMMFn+jvKEvcbKqfJuaiJ0gI8Yb+oDGgUsCAjf+E01v+NCpGgBPVaC7InB4d5gQ2e8w7hoy+Z6RxKNgxpnFhXQlmtKVUq/54hyixLixQZDmjQwchq4EVIdkzEvTHhYhrfTjCXdjk4ut94Ywl6uK4Xs3O5J4XGU3cCsgkZSZs9IZp+ot+jWVPbI6kYgRelJkZ99e+w3+AEFOb42yiNzOgCx3Ymfv/BYKBqBtOmWZ8CG8RVqr57TpLmkCpa7rT00ERlC64cXJ6+NR/bpMAMJ8QTbT36km6upEHcTQNO1ZZWw1XAihoRg0oahmxVr1yVeWOq5TAMsVUPKfD4qFh+pZslKjNQFFwWjwrlFHlZa9exDc3rFykex8LifcrxJ4dTmGY8LZ02EAK3MEc0kfI8eiDcvaoZtvRHAN2HS6G6SfqD2GNYRJSnmlRFqhir+oJGmaZyjNodpKZXjYsKqbDnc1UN5APbQOxrxBIxD0Ti5lnVujMAixgMJhY+zcoI0teElP93gRxfZNC+Z5RKz3qfR6FF0u8nV2lMf5AQTi8RR5CraH7+rO2P2AusD3zb2tJrU/UaCBFfFeesSsUZ4oP5gML0zG4t+Kv8ysOtPNmRa2up+969BYXEDeU7FotUF2gVx4kcuTGdOAPmNISKw8yoyF+yAZSZNYfEmRV+EWUpHVDpHwGGYIqMN5079iIbAHO4g7YrezSVANH5InL4FuEjsp3iilcbt1SzpRWiVMH0JtWN+9RmxlER2/PqGeX/VGMTW+fLKDJYl2YyK12IuD0VVONKS4TspKLgosZCutGIZTROzMozFOibP93zwt7v6aD1e+qKAqSEkxCu9+UOaSk0O45Y5sZbKaegVtA8wOg63Icl7K5u9pXUZZRi6sQqOv82/QjE5ARcY4DqqHSdaqWUtorHheQDi6WYtbZz8oENaqbCyXpO3UvCxVkrahJfArpYIU8ozKEHHIMtvtPjSog7SfsyaTtFKrQkqtq2IuhwgyERtoE4jUNd6s9OccVcMK9jzXMSQBeWnpNIGlrKIv4KUV0Gp2OiCj9l66fuRhP3DQlQGF5h1mUqplZc9sO5nG+/PbCHbziNHFdhhJt4QzXWAo8gZPrf+/UR3sLPh01CXnxf1H396umOd2dHR1CCVOR/MUas5qSQJUSEcxPKexSHNDLwpwWawR7sfBMnIazcsogiCJLEllXKhmlEkv++tWP0LpKLpmUw6icWX1JjOjjeM5V8tzytGkJoCslthncdRA7bHpBLQZRhx7ow7/07yaJduy97lssu29cmYnt/do99wYSTy8ukp3Ptng2bCnKDi/ZnHDNdHm8fQgQzUF2SJLfOOAv/LX92kABpMKTCZXh6qpPmuHimqudFaiHIs6kILGmzRGCLc0kZxyRF6R8aDz3BvuMZibAjViAPSiXnn9tef3p7sb2TG+vDyh7PU8+20HnjbDUVWU1Wsg7xMLUB+CMc9Nt2ZHvPzJYS59Ry2QaYvgl1mta8pVuPU6j+pvnNWBRU+ZNhuBpv0RcFqzTbA==&u=U2FsdGVkX18SD7kqqVmyU9q3QSGfoFIpsY7Q2BBcIYU=&y=U2FsdGVkX1/zD6gLCom1gxIfgTfzK25ScIIt7TmFl3DrcJBKFo9SO9Pt4VaXu/MY HTTP/1.1" 200 26
186.102.45.114 - - [10/Nov/2022:07:30:32 -0500] "GET /kwssiamovil/sm/acme/a?s=U2FsdGVkX1963f03218YiCgPfhbZs2Wed+xARuTTX7oKGKW2af8xqXsTm2aWqhEGEQYQk6pDi4juqGRmA423eRVA6+O5X0vb+fIJNeWefYHIBiUJ7WqrYOyd3I/DlXTkOyZw5Zz132FauxmD9BN2bZY9vwCFrKh09Qtr1/6HqDk=&u=U2FsdGVkX18SD7kqqVmyU9q3QSGfoFIpsY7Q2BBcIYU=&y=U2FsdGVkX1/zD6gLCom1gxIfgTfzK25ScIIt7TmFl3DrcJBKFo9SO9Pt4VaXu/MY HTTP/1.1" 200 26
186.102.45.114 - - [10/Nov/2022:07:30:32 -0500] "GET /kwssiamovil/sm/acme/a?s=U2FsdGVkX18nFNRNz8dSTNxOvgXKHOObr1JPJToW0Cc57jeAeHNwHV6SlTgEmmGihkjCBuln6YjeJjFjjQTTOZb0omqKLckT7nUn9CG1ufYaFhdY6a6/rjhszOZRDnfQ6chIJI4IKslQV7taIfZr6OE4KO+KUVmd9JBL7v3hACM=&u=U2FsdGVkX18SD7kqqVmyU9q3QSGfoFIpsY7Q2BBcIYU=&y=U2FsdGVkX1/zD6gLCom1gxIfgTfzK25ScIIt7TmFl3DrcJBKFo9SO9Pt4VaXu/MY HTTP/1.1" 200 26
186.102.45.114 - - [10/Nov/2022:07:30:32 -0500] "GET /kwssiamovil/sm/acme/a?s=U2FsdGVkX18QU4uRAEc3OILn3MnlNlYwcIBRMmb50cjcPLhYoZTGFTTig/bnmKjivR0SGqdTCT2YA7x+P+UJuRpyv478VAaZj2PKRBe+X0rYG0ku7zreu3jiMxikJADOT8RU8ceKi9PlSLdDsZAm8Jzn6+wfCjKiyJwgwmImrVU=&u=U2FsdGVkX18SD7kqqVmyU9q3QSGfoFIpsY7Q2BBcIYU=&y=U2FsdGVkX1/zD6gLCom1gxIfgTfzK25ScIIt7TmFl3DrcJBKFo9SO9Pt4VaXu/MY HTTP/1.1" 200 26
186.102.45.114 - - [10/Nov/2022:07:30:32 -0500] "GET /kwssiamovil/sm/acme/a?s=U2FsdGVkX1+/2YzqiSfKHzntGpghIqkuZux0MSS2z5mK0qR0sAU6/poZBcCXvQFLE8a6Cm10SZlhXgpGu8ZLOS+3rXWFg42MvXko20dVlHWo8Cgmx37Cora7T5t04Qx6jvCTWUVhU/4dYK6MqQjPCS1fen9CC8mNqZq1/x1r0Y9pgomJflqf7wrdeSTsgLJItp12N8zxx8UQ8C9Ku/4KVg==&u=U2FsdGVkX18SD7kqqVmyU9q3QSGfoFIpsY7Q2BBcIYU=&y=U2FsdGVkX1/zD6gLCom1gxIfgTfzK25ScIIt7TmFl3DrcJBKFo9SO9Pt4VaXu/MY HTTP/1.1" 200 26
136.243.228.197 - - [10/Nov/2022:07:30:31 -0500] "GET /BLA/resoluciones/index.php?dir=AUTOS+2020/ HTTP/1.1" 200 326981
186.102.45.114 - - [10/Nov/2022:07:30:33 -0500] "GET /kwssiamovil/sm/acme/a?s=U2FsdGVkX190QpmbmRopc0eI9vwauwIRnZyWvuSBerg7Z8/YAIzH5DOmiOaGktdtldZlSetmtEkqZYFwQIajbzg/mQbot3UD4WX/HRoPXTXEBZPkFtl/m88BxW+Xr5ThnOoG64Ss2WAd3DSVBEkm90DjMz1mMj2JW8NuXtNyxilh93sD4takkHR/MSvC3GrkQsVNyIy8dDgeKgn+H7XNYzvOAtlPt8AeTG5NLReGnKHTsighZl6WolNbaaFEUmyuv8VHRdX/7vhpQf5hKcJ8HmhwiQdtwO7CA40/1fqhu/B8Xu4cIyMCOSoLbuNxj0EAdaNTYwxL1wfrBUu0kcTuwfvJtwxxLd95v5DqOH+AWj/X+/b4uHqgdxm0Qj1F/BENXVw82+dQlodjlRfMoOJkyvzAZb+hOGtRz5h6fsFdWnY=&u=U2FsdGVkX18SD7kqqVmyU9q3QSGfoFIpsY7Q2BBcIYU=&y=U2FsdGVkX1/zD6gLCom1gxIfgTfzK25ScIIt7TmFl3DrcJBKFo9SO9Pt4VaXu/MY HTTP/1.1" 200 25
186.102.45.114 - - [10/Nov/2022:07:30:33 -0500] "GET /kwssiamovil/sm/acme/a?s=U2FsdGVkX1+sT0xGvjK1AGt/2mAynGBr+UwfEuruG6LMvyFmVyY9W2ZIPWE7HCiJAAqBXbYCXaqfxC4gVIIQ/1EIHYk6jH8cbwtmr0AIg1AD1i7tdEhzqsw8ZI1JppuO+e/T5GzKONiCTcoiKMYJxAAdUaAghrR9l3GLQC1HjUE0+xFhKORlXpPJtVqadIt0vmgpkU7lNZqmnAUIET4W/z+Z/21vbBZk84ZZUExCgB9sZTvFkQjicY/b8pW6YUF0/LfHu6kmboF+Q9E2DvNVxr7nO3xNzNo3s7TTmCZ0Q4krgNHOkROjI0AJL+om2n4KZZXLE1kwTHdG8t99VMhvELVmukDmR/bGr1WlwaR7gaM/42skH2trlVB+NAVxTS0+&u=U2FsdGVkX18SD7kqqVmyU9q3QSGfoFIpsY7Q2BBcIYU=&y=U2FsdGVkX1/zD6gLCom1gxIfgTfzK25ScIIt7TmFl3DrcJBKFo9SO9Pt4VaXu/MY HTTP/1.1" 200 25
136.243.228.197 - - [10/Nov/2022:07:30:46 -0500] "GET /BLA/resoluciones/index.php?dir=RESOLUCIONES+2014/ HTTP/1.1" 200 334019
136.243.228.197 - - [10/Nov/2022:07:31:05 -0500] "GET /BLA/resoluciones/index.php?dir=RESOLUCIONES+2000/ HTTP/1.1" 200 27659
136.243.228.197 - - [10/Nov/2022:07:31:20 -0500] "GET /BLA/resoluciones/index.php?dir=RESOLUCIONES+1992/ HTTP/1.1" 200 2871
136.243.228.197 - - [10/Nov/2022:07:31:34 -0500] "GET /BLA/resoluciones/index.php?dir=Notificaciones/ HTTP/1.1" 200 10351
136.243.228.197 - - [10/Nov/2022:07:31:50 -0500] "GET /BLA/resoluciones/index.php?dir=RESOLUCIONES+1996/ HTTP/1.1" 200 8967
201.245.192.253 - - [10/Nov/2022:07:31:50 -0500] "POST /kwsrmcab/Wsrmcab HTTP/1.1" 200 44008
201.245.192.253 - - [10/Nov/2022:07:31:52 -0500] "POST /kwsrmcab/Wsrmcab HTTP/1.1" 200 44295
136.243.228.197 - - [10/Nov/2022:07:32:07 -0500] "GET /BLA/resoluciones/index.php?dir=RESOLUCIONES+1994/ HTTP/1.1" 200 2479
172.22.2.4 - - [10/Nov/2022:07:30:34 -0500] "HEAD /BLA/boletinlegal/ HTTP/1.1" 200 -
136.243.228.197 - - [10/Nov/2022:07:32:21 -0500] "GET /BLA/resoluciones/index.php?dir=RESOLUCIONES+2003/ HTTP/1.1" 200 31404
136.243.228.197 - - [10/Nov/2022:07:32:35 -0500] "GET /BLA/resoluciones/index.php?dir=RESOLUCIONES+1995/ HTTP/1.1" 200 12327
136.243.228.197 - - [10/Nov/2022:07:32:50 -0500] "GET /BLA/resoluciones/index.php?dir=&sort=date&order=asc HTTP/1.1" 200 13093
201.245.192.253 - - [10/Nov/2022:07:32:51 -0500] "POST /sipse/faces/presentacion/financiero/solicitudProceso/consultarSolicitudProceso.xhtml HTTP/1.1" 200 37164
201.245.192.253 - - [10/Nov/2022:07:32:52 -0500] "GET /sipse/faces/javax.faces.resource/theme.css?ln=primefaces-sipse HTTP/1.1" 304 -
201.245.192.253 - - [10/Nov/2022:07:32:52 -0500] "GET /sipse/faces/javax.faces.resource/primefaces.css?ln=primefaces&v=4.0 HTTP/1.1" 304 -
201.245.192.253 - - [10/Nov/2022:07:32:52 -0500] "GET /sipse/faces/javax.faces.resource/layout/layout.css?ln=primefaces&v=4.0 HTTP/1.1" 304 -
201.245.192.253 - - [10/Nov/2022:07:32:52 -0500] "GET /sipse/faces/javax.faces.resource/jquery/jquery.js?ln=primefaces&v=4.0 HTTP/1.1" 304 -
201.245.192.253 - - [10/Nov/2022:07:32:52 -0500] "GET /sipse/faces/javax.faces.resource/jquery/jquery-plugins.js?ln=primefaces&v=4.0 HTTP/1.1" 304 -
201.245.192.253 - - [10/Nov/2022:07:32:52 -0500] "GET /sipse/css/imagen/contrasena.png HTTP/1.1" 404 383
201.245.192.253 - - [10/Nov/2022:07:32:52 -0500] "GET /sipse/faces/javax.faces.resource/primefaces.js?ln=primefaces&v=4.0 HTTP/1.1" 304 -
201.245.192.253 - - [10/Nov/2022:07:32:52 -0500] "GET /sipse/faces/javax.faces.resource/layout/layout.js?ln=primefaces&v=4.0 HTTP/1.1" 304 -
201.245.192.253 - - [10/Nov/2022:07:32:52 -0500] "GET /sipse/faces/javax.faces.resource/images/ui-icons_898989_256x240.png?ln=primefaces-aristo HTTP/1.1" 304 -
201.245.192.253 - - [10/Nov/2022:07:32:52 -0500] "POST /sipse/faces/presentacion/financiero/solicitudProceso/listarSolicitudProceso.xhtml HTTP/1.1" 200 30558
201.245.192.253 - - [10/Nov/2022:07:32:52 -0500] "POST /sipse/faces/presentacion/financiero/solicitudProceso/listarSolicitudProceso.xhtml HTTP/1.1" 200 1400
201.245.192.253 - - [10/Nov/2022:07:32:54 -0500] "POST /sipse/faces/presentacion/financiero/solicitudProceso/listarSolicitudProceso.xhtml HTTP/1.1" 200 1396
201.245.192.253 - - [10/Nov/2022:07:32:57 -0500] "POST /sipse/faces/presentacion/financiero/solicitudProceso/listarSolicitudProceso.xhtml HTTP/1.1" 200 43151
136.243.228.197 - - [10/Nov/2022:07:33:03 -0500] "GET /BLA/resoluciones/index.php?dir=AUTOS+2013/ HTTP/1.1" 200 406613
172.22.2.4 - - [10/Nov/2022:07:31:25 -0500] "GET /BLA/boletinlegal/ HTTP/1.1" 200 58612
136.243.228.197 - - [10/Nov/2022:07:33:16 -0500] "GET /BLA/resoluciones/index.php?dir=RESOLUCIONES+2017/ HTTP/1.1" 200 284446
136.243.228.197 - - [10/Nov/2022:07:33:28 -0500] "GET /BLA/resoluciones/index.php?dir=RESOLUCIONES+2013/ HTTP/1.1" 200 238278
136.243.228.197 - - [10/Nov/2022:07:33:43 -0500] "GET /BLA/resoluciones/index.php?dir=AUTOS+2021/ HTTP/1.1" 200 396098
136.243.228.197 - - [10/Nov/2022:07:33:57 -0500] "GET /BLA/resoluciones/index.php?dir=AUTOS+2009/ HTTP/1.1" 200 399860
136.243.228.197 - - [10/Nov/2022:07:34:11 -0500] "GET /BLA/resoluciones/index.php?dir=Acuerdos/ HTTP/1.1" 200 3396
216.245.221.92 - - [10/Nov/2022:07:34:15 -0500] "HEAD / HTTP/1.1" 200 -
40.77.167.57 - - [10/Nov/2022:07:34:17 -0500] "GET / HTTP/1.1" 200 319
136.243.228.197 - - [10/Nov/2022:07:34:23 -0500] "GET /BLA/resoluciones/index.php?dir=RESOLUCIONES+2021/ HTTP/1.1" 200 430796
136.243.228.197 - - [10/Nov/2022:07:34:39 -0500] "GET /BLA/resoluciones/index.php?dir=RESOLUCIONES+1999/ HTTP/1.1" 200 10377
136.243.228.197 - - [10/Nov/2022:07:34:51 -0500] "GET /BLA/resoluciones/index.php?dir=AUTOS+2008/ HTTP/1.1" 200 569644
201.245.192.253 - - [10/Nov/2022:07:35:06 -0500] "POST /sipse/faces/presentacion/financiero/solicitudProceso/listarSolicitudProceso.xhtml HTTP/1.1" 200 12677
201.245.192.253 - - [10/Nov/2022:07:35:08 -0500] "POST /sipse/faces/presentacion/financiero/solicitudProceso/listarSolicitudProceso.xhtml HTTP/1.1" 200 12685
201.245.192.253 - - [10/Nov/2022:07:35:11 -0500] "POST /sipse/faces/presentacion/financiero/solicitudProceso/listarSolicitudProceso.xhtml HTTP/1.1" 200 43143
136.243.228.197 - - [10/Nov/2022:07:35:11 -0500] "GET /BLA/resoluciones/index.php?dir=RESOLUCIONES+2008/ HTTP/1.1" 200 976272
201.245.192.253 - - [10/Nov/2022:07:35:20 -0500] "POST /kwsrmcab/Wsrmcab  HTTP/1.1" 200 40655
136.243.228.197 - - [10/Nov/2022:07:35:28 -0500] "GET /BLA/resoluciones/index.php?dir=AUTOS+2006/ HTTP/1.1" 200 9681
201.245.192.253 - - [10/Nov/2022:07:35:32 -0500] "POST /sipse/faces/presentacion/financiero/solicitudProceso/listarSolicitudProceso.xhtml HTTP/1.1" 200 59018
201.245.192.253 - - [10/Nov/2022:07:35:32 -0500] "GET /sipse/faces/javax.faces.resource/theme.css?ln=primefaces-sipse HTTP/1.1" 304 -
201.245.192.253 - - [10/Nov/2022:07:35:32 -0500] "GET /sipse/faces/javax.faces.resource/primefaces.css?ln=primefaces&v=4.0 HTTP/1.1" 304 -
201.245.192.253 - - [10/Nov/2022:07:35:32 -0500] "GET /sipse/faces/javax.faces.resource/layout/layout.css?ln=primefaces&v=4.0 HTTP/1.1" 304 -
201.245.192.253 - - [10/Nov/2022:07:35:32 -0500] "GET /sipse/faces/javax.faces.resource/jquery/jquery.js?ln=primefaces&v=4.0 HTTP/1.1" 304 -
201.245.192.253 - - [10/Nov/2022:07:35:32 -0500] "GET /sipse/faces/javax.faces.resource/jquery/jquery-plugins.js?ln=primefaces&v=4.0 HTTP/1.1" 304 -
201.245.192.253 - - [10/Nov/2022:07:35:32 -0500] "GET /sipse/faces/javax.faces.resource/primefaces.js?ln=primefaces&v=4.0 HTTP/1.1" 304 -
201.245.192.253 - - [10/Nov/2022:07:35:32 -0500] "GET /sipse/faces/javax.faces.resource/layout/layout.js?ln=primefaces&v=4.0 HTTP/1.1" 304 -
136.243.228.197 - - [10/Nov/2022:07:35:41 -0500] "GET /BLA/resoluciones/index.php?dir=AUTOS+2002/ HTTP/1.1" 200 1813
201.245.192.253 - - [10/Nov/2022:07:35:49 -0500] "POST /sipse/faces/presentacion/financiero/solicitudProceso/crearModificarSolicitudProceso.xhtml HTTP/1.1" 200 26669
136.243.228.197 - - [10/Nov/2022:07:36:07 -0500] "GET /BLA/resoluciones/index.php?dir=RESOLUCIONES+2022/ HTTP/1.1" 200 212254
136.243.228.197 - - [10/Nov/2022:07:36:22 -0500] "GET /BLA/resoluciones/index.php?dir=RESOLUCIONES+2011/ HTTP/1.1" 200 746823
201.245.192.253 - - [10/Nov/2022:07:36:27 -0500] "POST /sipse/faces/presentacion/financiero/solicitudProceso/crearModificarSolicitudProceso.xhtml HTTP/1.1" 200 24595
201.245.192.253 - - [10/Nov/2022:07:36:27 -0500] "GET /sipse/faces/javax.faces.resource/primefaces.css?ln=primefaces&v=4.0 HTTP/1.1" 304 -
201.245.192.253 - - [10/Nov/2022:07:36:27 -0500] "GET /sipse/faces/javax.faces.resource/theme.css?ln=primefaces-sipse HTTP/1.1" 304 -
201.245.192.253 - - [10/Nov/2022:07:36:27 -0500] "GET /sipse/faces/javax.faces.resource/jquery/jquery.js?ln=primefaces&v=4.0 HTTP/1.1" 304 -
201.245.192.253 - - [10/Nov/2022:07:36:27 -0500] "GET /sipse/faces/javax.faces.resource/layout/layout.css?ln=primefaces&v=4.0 HTTP/1.1" 304 -
201.245.192.253 - - [10/Nov/2022:07:36:27 -0500] "GET /sipse/faces/javax.faces.resource/jquery/jquery-plugins.js?ln=primefaces&v=4.0 HTTP/1.1" 304 -
201.245.192.253 - - [10/Nov/2022:07:36:27 -0500] "GET /sipse/faces/javax.faces.resource/primefaces.js?ln=primefaces&v=4.0 HTTP/1.1" 304 -
201.245.192.253 - - [10/Nov/2022:07:36:27 -0500] "GET /sipse/faces/javax.faces.resource/layout/layout.js?ln=primefaces&v=4.0 HTTP/1.1" 304 -
201.245.192.253 - - [10/Nov/2022:07:36:30 -0500] "POST /sipse/faces/presentacion/financiero/solicitudProyectoActividad/asociarProyectoSolicitud.xhtml HTTP/1.1" 200 6609
201.245.192.253 - - [10/Nov/2022:07:36:31 -0500] "POST /sipse/faces/presentacion/financiero/solicitudProyectoActividad/asociarProyectoSolicitud.xhtml HTTP/1.1" 200 1700
201.245.192.253 - - [10/Nov/2022:07:36:32 -0500] "POST /sipse/faces/presentacion/financiero/solicitudProyectoActividad/asociarProyectoSolicitud.xhtml HTTP/1.1" 200 76066
201.245.192.253 - - [10/Nov/2022:07:36:32 -0500] "GET /sipse/faces/javax.faces.resource/theme.css?ln=primefaces-sipse HTTP/1.1" 304 -
201.245.192.253 - - [10/Nov/2022:07:36:32 -0500] "GET /sipse/faces/javax.faces.resource/primefaces.css?ln=primefaces&v=4.0 HTTP/1.1" 304 -
201.245.192.253 - - [10/Nov/2022:07:36:32 -0500] "GET /sipse/faces/javax.faces.resource/layout/layout.css?ln=primefaces&v=4.0 HTTP/1.1" 304 -
201.245.192.253 - - [10/Nov/2022:07:36:32 -0500] "GET /sipse/faces/javax.faces.resource/jquery/jquery.js?ln=primefaces&v=4.0 HTTP/1.1" 304 -
201.245.192.253 - - [10/Nov/2022:07:36:32 -0500] "GET /sipse/faces/javax.faces.resource/jquery/jquery-plugins.js?ln=primefaces&v=4.0 HTTP/1.1" 304 -
201.245.192.253 - - [10/Nov/2022:07:36:32 -0500] "GET /sipse/faces/javax.faces.resource/primefaces.js?ln=primefaces&v=4.0 HTTP/1.1" 304 -
201.245.192.253 - - [10/Nov/2022:07:36:32 -0500] "GET /sipse/faces/javax.faces.resource/layout/layout.js?ln=primefaces&v=4.0 HTTP/1.1" 304 -
136.243.228.197 - - [10/Nov/2022:07:36:40 -0500] "GET /BLA/resoluciones/index.php?dir=AUTOS+2005/ HTTP/1.1" 200 2791
136.243.228.197 - - [10/Nov/2022:07:36:53 -0500] "GET /BLA/resoluciones/index.php?dir=AUTOS+2012/ HTTP/1.1" 200 274522
136.243.228.197 - - [10/Nov/2022:07:37:06 -0500] "GET /BLA/resoluciones/index.php?dir=AUTOS+2011/ HTTP/1.1" 200 636098
201.245.192.253 - - [10/Nov/2022:07:37:22 -0500] "POST /sipse/faces/presentacion/financiero/solicitudProyectoActividad/asociarActividadSolicitud.xhtml HTTP/1.1" 200 34280
201.245.192.253 - - [10/Nov/2022:07:37:24 -0500] "POST /sipse/faces/presentacion/financiero/solicitudProyectoActividad/asociarActividadSolicitud.xhtml HTTP/1.1" 200 60573
136.243.228.197 - - [10/Nov/2022:07:37:23 -0500] "GET /BLA/resoluciones/index.php?dir=RESOLUCIONES+2002/ HTTP/1.1" 200 24741
136.243.228.197 - - [10/Nov/2022:07:37:36 -0500] "GET /BLA/resoluciones/index.php?dir=RESOLUCIONES+2001/ HTTP/1.1" 200 24983
136.243.228.197 - - [10/Nov/2022:07:37:50 -0500] "GET /BLA/resoluciones/index.php?dir=RESOLUCIONES+1993/ HTTP/1.1" 200 2879
172.22.2.4 - - [10/Nov/2022:07:36:24 -0500] "HEAD /BLA/boletinlegal/ HTTP/1.1" 200 -
136.243.228.197 - - [10/Nov/2022:07:38:03 -0500] "GET /BLA/resoluciones/index.php?dir=AUTOS+2022/ HTTP/1.1" 200 338033
172.22.2.4 - - [10/Nov/2022:07:38:13 -0500] "GET /BLA/boletinlegal/Circulares/2018/CIRCULAR%20COJUNTA%20042%20DE%202018.pdf HTTP/1.1" 200 515008
136.243.228.197 - - [10/Nov/2022:07:38:15 -0500] "GET /BLA/resoluciones/index.php HTTP/1.1" 200 13093
136.243.228.197 - - [10/Nov/2022:07:38:27 -0500] "GET /BLA/resoluciones/index.php?dir=RESOLUCIONES+1998/ HTTP/1.1" 200 13225
136.243.228.197 - - [10/Nov/2022:07:38:38 -0500] "GET /BLA/resoluciones/index.php?dir=RESOLUCIONES+2006/ HTTP/1.1" 200 38542
172.22.2.4 - - [10/Nov/2022:07:37:14 -0500] "GET /BLA/boletinlegal/ HTTP/1.1" 200 58185
136.243.228.197 - - [10/Nov/2022:07:38:54 -0500] "GET /BLA/resoluciones/index.php?dir=RESOLUCIONES+2012/ HTTP/1.1" 200 140066
136.243.228.197 - - [10/Nov/2022:07:39:06 -0500] "GET /BLA/resoluciones/index.php?dir=Decretos/ HTTP/1.1" 200 6804
186.102.45.114 - - [10/Nov/2022:07:39:07 -0500] "GET /kwssiamovil/sm/acme/a?s=U2FsdGVkX1+YlIGnjrsddzY8o4LmywmcWbxcjlH/iaF13goBifYzADncpq6jE2NID9zhGa73vYME6k+FrT57rcGHGIZPQVTGWnChnbKmzmvFIHTNzMW/BqD0BSGs64PAYlgmy6JkZysUjxa7oVJcQ2EWTYIzTefLtr46jbi1uIGTEb6tY5E8/fXUd+4VufYfwSqG6zQIyRg/5q3Jde+0pPMr3W1n3d79WN6qXF8cn8ez+am26GHZiTxfVYQ3RuLKYb5b7z4cFvHbjVKz9bO+nA==&u=U2FsdGVkX18SD7kqqVmyU9q3QSGfoFIpsY7Q2BBcIYU=&y=U2FsdGVkX1/zD6gLCom1gxIfgTfzK25ScIIt7TmFl3DrcJBKFo9SO9Pt4VaXu/MY HTTP/1.1" 200 26
186.102.45.114 - - [10/Nov/2022:07:39:07 -0500] "GET /kwssiamovil/sm/acme/a?s=U2FsdGVkX194x/SChWKqMc9opl3s3SeSTCrSU1zOQs6PBHvUiF10AG4NDAS593AsBE/jnd9B6N1yQcjshpNabBf8GFCVPbEm84mjxV/7dLT41SldrAvq/O8YqATAbs5LUKG3wrfLVxWZ3AGXBRxvBKl4lZXED5DMh2jzAAEdapn1JkRucYfmGnTDWJobtOU4HrNoAhLN/UzUcnQNunUcuh/6XVYC/BIha3+RdJuiVw6y3ddjV9RZ+bQ8TzzJpVJLLPwt0Ov/ljMBFvGbaQsaMhkvpJbR5iPoROsEx1ce5h4K6KV4dZ+DsKqwOqYyjn5k6JFwnKDGyYTzdDCfCzXdiaAw3nlrFcjrdkouXmd5PqgelQyLs9UlKe2Pz8Cl7jU7X2fwEBY0s0FdQd9rhD95SIx/8kQmRA2u2iwS4kB/Ma5yW6/soK6448lpWAdQW/21mWhhPgfw5mFvTF+TZMSLjJ9ce3SMKXYfY/aNdI9mcQUiXUwFJ6aGKUBPz99hCT4SKFPksswriMeeCkclLIuBEvFzgyerx7r5Swyu/KKBDx+3AKylwtRQS8I39V+auvGXd9Cr4EGV6vfUO5mG+TuGd8Bv8v74sEvjP4Wu763UiCePrNWBIuK4Ke8LFwa3nNA59V4pUonSC6zRXT7Di1Iia6yxBmxoKajgSZtVY30d/zn8e5Tx5CNcHGLgdqCVRZ8IP4FK5N83VY6+sQiOFA1lSqOwo4MVdwAs3DdUowdOfy2bT8IDc6+VUQ0mVgvG7RzMzagy7dqndfB99FJnC2FlS3bncs8P9rQ6n0Ko1Gvc5ZaSPCajaZOGHme6DXeWvH2sVUGJ/7Pb+NNZx4yuXtryYxmmZ3AeeJXENJe5UoKV+S2CEYEFtEpa/NbxYWiqsIRUI5KrN48T2VhsbJ5Uuwnx+9Jlunqq9Y/fQjz7E8wINrF/YcIWR5NSJGsTXRMuX0OZUdjZie09cnqu/HduF0CGHALmNLM78e8CsyPC2ELRT+vsMbpZSjXE0SA0GbUOApnQ0/98fjKYPoXXYnb6rXPfOAeX+JZMVJDTwIg4pZY8Ve5r6udpkPGdmDppYFwju9d3gBE0tmIs4bjlvt/5adJL//yOiJ9Cl0EkGBj5demblv8/lldYD8CHVZRx1mSwv7SNGqjs4Y+ArSI+JpXPjJpdFymzIY8Shmkg5SDKwK9S/y+lNvAijLxebpfoSQEWm2KSQ5gnOlZH40Rj4q0kndCnnYsLdzzsVYx0TRJHuI2Ocx8nGnM/KTdz6QDIqq79163c3rerWKwqSYWtHG0ZtqE+ENytobAiTI5vm28ssIRClL1WxmgBQRNv6mb7Nz9g3TtbT1+vjVeEQ0eg+tSWdMYbx64E8Ixw/+KK+eYKuBHSkgXEqNCNfAkgGHBYrs/1iTF8c4r7LDh2StycX7TXu+LuD+toWVeDXQg/Rk46fVMPZI5QNR9sTu1/YergVy9YYkn9awdfwRw4hmEnzmygsfEYMqYqaVA+zVEN9sdIF9tQCCUMzlfwFzhCWDCnAc11TB4SCZMKzAVCHT8JW4Q29EXdT0amtJMdeWsmiz6GlNVZE2NDcLZ4s9pH46JbvWwahIjfw8ifC1FmhKtX5x/rID4cKO0vSEWZqD52gUUVX7m7/LtlltNc54j7c5t2mTUChwE8mNOsKZosZGmMUbSInhAY3kQe0+PZVbIMrjkeyB9KvEeCEh2e9gS7MoMl2yKi4qMjGztFypUj349Vgc6a6aD3zVoLeYS+U7s8K/MAaL7EWF1mAU10HQxYi0hQE8VboGHBpzbyQo+xuNhVPC7xPRyzp2+wWdcCdkLhQZBkAnPpjIh74qMTSdQ2EBCAdu/mVyLLFAMaZYxO4Tncyo4k3A0czw==&u=U2FsdGVkX18SD7kqqVmyU9q3QSGfoFIpsY7Q2BBcIYU=&y=U2FsdGVkX1/zD6gLCom1gxIfgTfzK25ScIIt7TmFl3DrcJBKFo9SO9Pt4VaXu/MY HTTP/1.1" 200 26
186.102.45.114 - - [10/Nov/2022:07:39:07 -0500] "GET /kwssiamovil/sm/acme/a?s=U2FsdGVkX182N556/pmYy1k0dTvsnXAP4/G6TV3hnVaGdENTry8nv6rJVZD97fFYCUI1VTKKmGi+SHIJFTRFcU800AEvDENliMEraXpU9YSiFnDwe5tDmkholRCEq0zGl0H3G4GuUmye611zxovYczfwr1xqEPvqYr+X1K/5/ZA=&u=U2FsdGVkX18SD7kqqVmyU9q3QSGfoFIpsY7Q2BBcIYU=&y=U2FsdGVkX1/zD6gLCom1gxIfgTfzK25ScIIt7TmFl3DrcJBKFo9SO9Pt4VaXu/MY HTTP/1.1" 200 26
186.102.45.114 - - [10/Nov/2022:07:39:07 -0500] "GET /kwssiamovil/sm/acme/a?s=U2FsdGVkX18myAGw7gH9Qrib3V/UfVRfIpVg0MmMxIX5ZSnKPtXk2tHmlWQrQ2yVydWo1ByomMSVdaB4OTwNyyp98Ib/EyYBsGA7VGxZtpx1qmU9kXHDp5iAtDe9PgmaAMrzeLFBF4v3sSVb8geEFBSeNG7xeYRXXHb3XG/JDAA=&u=U2FsdGVkX18SD7kqqVmyU9q3QSGfoFIpsY7Q2BBcIYU=&y=U2FsdGVkX1/zD6gLCom1gxIfgTfzK25ScIIt7TmFl3DrcJBKFo9SO9Pt4VaXu/MY HTTP/1.1" 200 26
186.102.45.114 - - [10/Nov/2022:07:39:08 -0500] "GET /kwssiamovil/sm/acme/a?s=U2FsdGVkX19sl0rv/2f7BqkfgfCmdiPtx1k9+Yi/HKOi2Ihn6zmr+HhPmGz0pAtLOmc1FFD7pdX4JQmssMvyYW4/9wxECW/oPfW0bXRTP8rZjbzd0wais5tSdDIhtH5SgZXFvbPNuehmaSn470Y7OpjLGoGqjiZeEEgODzX7zEA=&u=U2FsdGVkX18SD7kqqVmyU9q3QSGfoFIpsY7Q2BBcIYU=&y=U2FsdGVkX1/zD6gLCom1gxIfgTfzK25ScIIt7TmFl3DrcJBKFo9SO9Pt4VaXu/MY HTTP/1.1" 200 26
186.102.45.114 - - [10/Nov/2022:07:39:08 -0500] "GET /kwssiamovil/sm/acme/a?s=U2FsdGVkX18vjZJYUuL3GsEWtBHgDHGD6Lolem5TtVLCC1s/kmbAOGiWSagknKXrc4ZGkw1LgdRAEklbgTjj1ARufcuMQMVMUP/PPizLYks+HLsHyPqesRH/3DHLUWdq8nEwCo+/ZzNllrPGcLv5DYne4y27f/JK0PFA8c+Cvdk0URRFrV37FQB3nfEAfQPGxLMnhQpMEXvsOBeI/JL6YA==&u=U2FsdGVkX18SD7kqqVmyU9q3QSGfoFIpsY7Q2BBcIYU=&y=U2FsdGVkX1/zD6gLCom1gxIfgTfzK25ScIIt7TmFl3DrcJBKFo9SO9Pt4VaXu/MY HTTP/1.1" 200 26
216.245.221.92 - - [10/Nov/2022:07:39:15 -0500] "HEAD / HTTP/1.1" 200 -
136.243.228.197 - - [10/Nov/2022:07:39:17 -0500] "GET /BLA/resoluciones/index.php?dir=AUTOS+2018/ HTTP/1.1" 200 439372
136.243.228.197 - - [10/Nov/2022:07:39:30 -0500] "GET /BLA/resoluciones/index.php?dir=AUTOS+2019/ HTTP/1.1" 200 348525
136.243.228.197 - - [10/Nov/2022:07:39:43 -0500] "GET /BLA/resoluciones/index.php?dir=&sort=size&order=asc HTTP/1.1" 200 13093
136.243.228.197 - - [10/Nov/2022:07:39:56 -0500] "GET /BLA/resoluciones/index.php?dir=RESOLUCIONES+2007/ HTTP/1.1" 200 35450
172.22.2.4 - - [10/Nov/2022:07:39:58 -0500] "GET /BLA/boletinlegal/favicon.ico HTTP/1.1" 404 1326
136.243.228.197 - - [10/Nov/2022:07:40:09 -0500] "GET /BLA/resoluciones/index.php?dir=AUTOS+2007/ HTTP/1.1" 200 628423
201.245.192.253 - - [10/Nov/2022:07:40:18 -0500] "POST /kwsrmcab/Wsrmcab  HTTP/1.1" 200 40655
136.243.228.197 - - [10/Nov/2022:07:40:21 -0500] "GET /BLA/resoluciones/index.php?dir=RESOLUCIONES+2010/ HTTP/1.1" 200 1307967
201.245.192.253 - - [10/Nov/2022:07:40:29 -0500] "POST /sipse/faces/presentacion/financiero/solicitudProyectoActividad/asociarActividadSolicitud.xhtml HTTP/1.1" 200 34284
136.243.228.197 - - [10/Nov/2022:07:40:35 -0500] "GET /BLA/resoluciones/index.php?dir=AUTOS+2016/ HTTP/1.1" 200 327058
201.245.192.253 - - [10/Nov/2022:07:40:37 -0500] "POST /sipse/faces/presentacion/financiero/solicitudProyectoActividad/asociarActividadSolicitud.xhtml HTTP/1.1" 200 60573
201.245.192.253 - - [10/Nov/2022:07:40:46 -0500] "GET /sipse/faces/javax.faces.resource/images/ui-icons_898989_256x240.png?ln=primefaces-aristo HTTP/1.1" 304 -
201.245.192.253 - - [10/Nov/2022:07:40:47 -0500] "POST /sipse/faces/presentacion/financiero/solicitudProyectoActividad/asociarActividadSolicitud.xhtml HTTP/1.1" 200 59026
201.245.192.253 - - [10/Nov/2022:07:40:47 -0500] "GET /sipse/faces/javax.faces.resource/theme.css?ln=primefaces-sipse HTTP/1.1" 304 -
201.245.192.253 - - [10/Nov/2022:07:40:47 -0500] "GET /sipse/faces/javax.faces.resource/primefaces.css?ln=primefaces&v=4.0 HTTP/1.1" 304 -
201.245.192.253 - - [10/Nov/2022:07:40:47 -0500] "GET /sipse/faces/javax.faces.resource/layout/layout.css?ln=primefaces&v=4.0 HTTP/1.1" 304 -
201.245.192.253 - - [10/Nov/2022:07:40:47 -0500] "GET /sipse/faces/javax.faces.resource/jquery/jquery.js?ln=primefaces&v=4.0 HTTP/1.1" 304 -
201.245.192.253 - - [10/Nov/2022:07:40:47 -0500] "GET /sipse/faces/javax.faces.resource/jquery/jquery-plugins.js?ln=primefaces&v=4.0 HTTP/1.1" 304 -
201.245.192.253 - - [10/Nov/2022:07:40:47 -0500] "GET /sipse/faces/javax.faces.resource/primefaces.js?ln=primefaces&v=4.0 HTTP/1.1" 304 -
201.245.192.253 - - [10/Nov/2022:07:40:47 -0500] "GET /sipse/faces/javax.faces.resource/layout/layout.js?ln=primefaces&v=4.0 HTTP/1.1" 304 -
136.243.228.197 - - [10/Nov/2022:07:40:48 -0500] "GET /BLA/resoluciones/index.php?dir=RESOLUCIONES+2018/ HTTP/1.1" 200 271436
136.243.228.197 - - [10/Nov/2022:07:40:58 -0500] "GET /BLA/resoluciones/index.php?dir=RESOLUCIONES+2004/ HTTP/1.1" 200 31994
201.245.192.253 - - [10/Nov/2022:07:41:10 -0500] "GET /sipse/faces/javax.faces.resource/theme.css?ln=primefaces-sipse HTTP/1.1" 304 -
201.245.192.253 - - [10/Nov/2022:07:41:10 -0500] "GET /sipse/faces/javax.faces.resource/primefaces.css?ln=primefaces&v=4.0 HTTP/1.1" 304 -
201.245.192.253 - - [10/Nov/2022:07:41:10 -0500] "GET /sipse/faces/javax.faces.resource/jquery/jquery.js?ln=primefaces&v=4.0 HTTP/1.1" 304 -
201.245.192.253 - - [10/Nov/2022:07:41:10 -0500] "GET /sipse/faces/javax.faces.resource/layout/layout.css?ln=primefaces&v=4.0 HTTP/1.1" 304 -
201.245.192.253 - - [10/Nov/2022:07:40:50 -0500] "POST /sipse/faces/presentacion/financiero/solicitudProceso/crearModificarSolicitudProceso.xhtml HTTP/1.1" 200 44565
201.245.192.253 - - [10/Nov/2022:07:41:10 -0500] "GET /sipse/faces/javax.faces.resource/layout/layout.js?ln=primefaces&v=4.0 HTTP/1.1" 304 -
201.245.192.253 - - [10/Nov/2022:07:41:10 -0500] "GET /sipse/faces/javax.faces.resource/primefaces.js?ln=primefaces&v=4.0 HTTP/1.1" 304 -
201.245.192.253 - - [10/Nov/2022:07:41:10 -0500] "GET /sipse/faces/javax.faces.resource/jquery/jquery-plugins.js?ln=primefaces&v=4.0 HTTP/1.1" 304 -
136.243.228.197 - - [10/Nov/2022:07:41:13 -0500] "GET /BLA/resoluciones/index.php?dir=AUTOS+2015/ HTTP/1.1" 200 577485
136.243.228.197 - - [10/Nov/2022:07:41:32 -0500] "GET /BLA/resoluciones/index.php?dir=RESOLUCIONES+CONJUNTAS/ HTTP/1.1" 200 4762
136.243.228.197 - - [10/Nov/2022:07:41:43 -0500] "GET /BLA/resoluciones/index.php?dir=RESOLUCIONES+2016/ HTTP/1.1" 200 170796
201.245.192.253 - - [10/Nov/2022:07:41:50 -0500] "GET /kwsrmcab/Wsrmcab?wsdl HTTP/1.1" 200 6948
201.245.192.253 - - [10/Nov/2022:07:41:50 -0500] "POST /kwsrmcab/Wsrmcab HTTP/1.1" 200 44008
201.245.192.253 - - [10/Nov/2022:07:41:53 -0500] "POST /kwsrmcab/Wsrmcab HTTP/1.1" 200 44295
136.243.228.197 - - [10/Nov/2022:07:41:56 -0500] "GET /BLA/resoluciones/index.php?dir=AUTOS+2010/ HTTP/1.1" 200 277597
190.69.228.228 - - [10/Nov/2022:07:42:07 -0500] "GET /sipse/faces/javax.faces.resource/images/ui-bg_flat_0_2d5972_40x100.png?ln=primefaces-aristo HTTP/1.1" 304 -
190.69.228.228 - - [10/Nov/2022:07:42:07 -0500] "POST /sipse/faces/presentacion/financiero/solicitudProceso/consultarHistorialSolProceso.xhtml HTTP/1.1" 200 41955
190.69.228.228 - - [10/Nov/2022:07:42:08 -0500] "GET /sipse/faces/javax.faces.resource/theme.css?ln=primefaces-sipse HTTP/1.1" 304 -
190.69.228.228 - - [10/Nov/2022:07:42:08 -0500] "GET /sipse/faces/javax.faces.resource/primefaces.css?ln=primefaces&v=4.0 HTTP/1.1" 304 -
190.69.228.228 - - [10/Nov/2022:07:42:08 -0500] "GET /sipse/faces/javax.faces.resource/layout/layout.css?ln=primefaces&v=4.0 HTTP/1.1" 304 -
190.69.228.228 - - [10/Nov/2022:07:42:08 -0500] "GET /sipse/faces/javax.faces.resource/jquery/jquery.js?ln=primefaces&v=4.0 HTTP/1.1" 304 -
190.69.228.228 - - [10/Nov/2022:07:42:08 -0500] "GET /sipse/faces/javax.faces.resource/jquery/jquery-plugins.js?ln=primefaces&v=4.0 HTTP/1.1" 304 -
190.69.228.228 - - [10/Nov/2022:07:42:08 -0500] "GET /sipse/faces/javax.faces.resource/primefaces.js?ln=primefaces&v=4.0 HTTP/1.1" 304 -
190.69.228.228 - - [10/Nov/2022:07:42:08 -0500] "GET /sipse/faces/javax.faces.resource/layout/layout.js?ln=primefaces&v=4.0 HTTP/1.1" 304 -
190.69.228.228 - - [10/Nov/2022:07:42:12 -0500] "POST /sipse/faces/presentacion/financiero/solicitudProceso/consultar.xhtml HTTP/1.1" 200 23089
136.243.228.197 - - [10/Nov/2022:07:42:09 -0500] "GET /BLA/resoluciones/index.php?dir=AUTOS+2017/ HTTP/1.1" 200 458531
190.69.228.228 - - [10/Nov/2022:07:42:21 -0500] "POST /sipse/faces/presentacion/financiero/solicitudProceso/consultar.xhtml HTTP/1.1" 200 38614
136.243.228.197 - - [10/Nov/2022:07:42:21 -0500] "GET /BLA/resoluciones/index.php?dir=RESOLUCIONES+2009/ HTTP/1.1" 200 1694101
136.243.228.197 - - [10/Nov/2022:07:42:38 -0500] "GET /BLA/resoluciones/index.php?dir=RESOLUCIONES+2005/ HTTP/1.1" 200 49518
136.243.228.197 - - [10/Nov/2022:07:42:52 -0500] "GET /BLA/resoluciones/index.php?dir=AUTOS+2014/ HTTP/1.1" 200 884495
136.243.228.197 - - [10/Nov/2022:07:43:06 -0500] "GET /BLA/resoluciones/index.php?dir=RESOLUCIONES+2015/ HTTP/1.1" 200 130562
186.80.52.172 - - [10/Nov/2022:07:43:17 -0500] "GET /galeria/galeria/jquery.fancybox.css?v=2.1.5 HTTP/1.1" 200 4895
186.80.52.172 - - [10/Nov/2022:07:43:17 -0500] "GET /BLA/boletinlegal/js/jquery.scrollShow.js HTTP/1.1" 200 4586
186.80.52.172 - - [10/Nov/2022:07:43:17 -0500] "GET /galeria/carrusel/Carrusel/jquery.thumbnailScroller.css HTTP/1.1" 200 2066
186.80.52.172 - - [10/Nov/2022:07:43:17 -0500] "GET /galeria/carrusel/Carrusel/jquery-ui-1.8.13.custom.min.js HTTP/1.1" 200 10800
186.80.52.172 - - [10/Nov/2022:07:43:17 -0500] "GET /galeria/galeria/jquery.fancybox.js?v=2.1.5 HTTP/1.1" 200 48706
186.80.52.172 - - [10/Nov/2022:07:43:17 -0500] "GET /galeria/carrusel/Carrusel/jquery.thumbnailScroller.js HTTP/1.1" 200 8157
136.243.228.197 - - [10/Nov/2022:07:43:17 -0500] "GET /BLA/resoluciones/index.php?dir=&sort=name&order=desc HTTP/1.1" 200 13092
186.80.52.172 - - [10/Nov/2022:07:43:18 -0500] "GET /galeria/nivo-slider/demo/banner.html HTTP/1.1" 200 5446
186.80.52.172 - - [10/Nov/2022:07:43:18 -0500] "GET /galeria/nivo-slider/themes/default/default.css HTTP/1.1" 200 1569
186.80.52.172 - - [10/Nov/2022:07:43:18 -0500] "GET /galeria/nivo-slider/themes/pascal/pascal.css HTTP/1.1" 200 2258
186.80.52.172 - - [10/Nov/2022:07:43:18 -0500] "GET /galeria/nivo-slider/nivo-slider.css HTTP/1.1" 200 1507
186.80.52.172 - - [10/Nov/2022:07:43:18 -0500] "GET /galeria/nivo-slider/themes/orman/orman.css HTTP/1.1" 200 2152
186.80.52.172 - - [10/Nov/2022:07:43:18 -0500] "GET /galeria/nivo-slider/demo/style.css HTTP/1.1" 200 2222
186.80.52.172 - - [10/Nov/2022:07:43:18 -0500] "GET /galeria/nivo-slider/demo/images/bannertortuga_optimized.jpg HTTP/1.1" 200 39066
186.80.52.172 - - [10/Nov/2022:07:43:18 -0500] "GET /galeria/nivo-slider/jquery.nivo.slider.pack.js HTTP/1.1" 200 11561
186.80.52.172 - - [10/Nov/2022:07:43:18 -0500] "GET /galeria/nivo-slider/demo/scripts/jquery-1.7.1.min.js HTTP/1.1" 200 93868
186.80.52.172 - - [10/Nov/2022:07:43:18 -0500] "GET /galeria/nivo-slider/demo/images/bannertrafico_optimized.jpg HTTP/1.1" 200 42578
186.80.52.172 - - [10/Nov/2022:07:43:18 -0500] "GET /galeria/nivo-slider/demo/images/Bannermujeresquereverdecen.jpg HTTP/1.1" 200 46558
186.80.52.172 - - [10/Nov/2022:07:43:18 -0500] "GET /galeria/nivo-slider/demo/images/Bannersedeelectronica.jpg HTTP/1.1" 200 40383
186.80.52.172 - - [10/Nov/2022:07:43:18 -0500] "GET /galeria/nivo-slider/demo/images/bannerrutaesperanza.jpg HTTP/1.1" 200 55560
186.80.52.172 - - [10/Nov/2022:07:43:18 -0500] "GET /galeria/nivo-slider/demo/images/banneraire2021.jpg HTTP/1.1" 200 265101
186.80.52.172 - - [10/Nov/2022:07:43:18 -0500] "GET /galeria/nivo-slider/demo/images/Bannerplasticosseptiembre.jpg HTTP/1.1" 200 45633
186.80.52.172 - - [10/Nov/2022:07:43:18 -0500] "GET /galeria/nivo-slider/demo/images/bannerresiduoshospitalariosagosto.jpg HTTP/1.1" 200 36499
186.80.52.172 - - [10/Nov/2022:07:43:18 -0500] "GET /galeria/nivo-slider/demo/images/banneraccionpopularcrr68.jpg HTTP/1.1" 200 51887
186.80.52.172 - - [10/Nov/2022:07:43:18 -0500] "GET /galeria/nivo-slider/demo/images/banneraccionpopular.jpeg HTTP/1.1" 200 41707
186.80.52.172 - - [10/Nov/2022:07:43:18 -0500] "GET /galeria/nivo-slider/demo/images/bannerclases2021.jpg HTTP/1.1" 200 68230
186.80.52.172 - - [10/Nov/2022:07:43:18 -0500] "GET /galeria/nivo-slider/demo/images/bannercapacitacionesbogota.jpg HTTP/1.1" 200 42416
186.80.52.172 - - [10/Nov/2022:07:43:18 -0500] "GET /galeria/nivo-slider/demo/images/Bannerenvases.jpg HTTP/1.1" 200 37316
186.80.52.172 - - [10/Nov/2022:07:43:18 -0500] "GET /galeria/nivo-slider/demo/images/Bannervirtualescanales.jpg HTTP/1.1" 200 174544
186.80.52.172 - - [10/Nov/2022:07:43:18 -0500] "GET /galeria/nivo-slider/demo/images/4Simple_Slider.png HTTP/1.1" 200 11722
186.80.52.172 - - [10/Nov/2022:07:43:18 -0500] "GET /galeria/nivo-slider/themes/default/loading.gif HTTP/1.1" 200 1737
186.80.52.172 - - [10/Nov/2022:07:43:19 -0500] "GET /galeria/nivo-slider/themes/default/arrows.png HTTP/1.1" 200 824
186.80.52.172 - - [10/Nov/2022:07:43:19 -0500] "GET /galeria/nivo-slider/themes/default/bullets.png HTTP/1.1" 200 1281
136.243.228.197 - - [10/Nov/2022:07:43:28 -0500] "GET /BLA/resoluciones/index.php?dir=RESOLUCIONES+2019/ HTTP/1.1" 200 248131
136.243.228.179 - - [10/Nov/2022:07:43:36 -0500] "GET /portaldeninos/humedal-tibanica-2/ HTTP/1.1" 200 87771
136.243.228.179 - - [10/Nov/2022:07:43:47 -0500] "GET /portaldeninos/humedal-santa-maria-del-lago/ HTTP/1.1" 200 88988
172.22.2.4 - - [10/Nov/2022:07:42:14 -0500] "HEAD /BLA/boletinlegal/ HTTP/1.1" 200 -
136.243.228.179 - - [10/Nov/2022:07:43:57 -0500] "GET /portaldeninos/humedal-juan-amarillo-2/ HTTP/1.1" 200 88155
136.243.228.179 - - [10/Nov/2022:07:44:08 -0500] "GET /portaldeninos/agua-y-estructura-ecologica-principal HTTP/1.1" 301 -
172.22.2.4 - - [10/Nov/2022:07:44:12 -0500] "GET /BLA/boletinlegal/actos.php HTTP/1.1" 200 9566
216.245.221.92 - - [10/Nov/2022:07:44:15 -0500] "HEAD / HTTP/1.1" 200 -
136.243.228.179 - - [10/Nov/2022:07:44:16 -0500] "GET /portaldeninos/gestion-del-riesgo-incendios-forestales HTTP/1.1" 301 -
172.22.2.4 - - [10/Nov/2022:07:44:19 -0500] "GET /BLA/boletinlegal/consulta_actos.php?tipo=autos&no=6505&usuario=&sector=&fecha=2022&resuelve= HTTP/1.1" 200 1193
136.243.228.179 - - [10/Nov/2022:07:44:22 -0500] "GET /portaldeninos/que-es-cambio-climatico HTTP/1.1" 301 -
136.243.228.179 - - [10/Nov/2022:07:44:31 -0500] "GET /portaldeninos/corresponsal-ambiental/ HTTP/1.1" 200 93768
172.22.2.4 - - [10/Nov/2022:07:44:37 -0500] "GET /BLA/boletinlegal/consulta_actos.php?tipo=autos&no=6367&usuario=&sector=&fecha=2022&resuelve= HTTP/1.1" 200 1069
136.243.228.179 - - [10/Nov/2022:07:44:42 -0500] "GET /portaldeninos/publicidad/ HTTP/1.1" 200 87569
172.22.2.4 - - [10/Nov/2022:07:43:04 -0500] "GET /BLA/boletinlegal/ HTTP/1.1" 200 54816
172.22.2.4 - - [10/Nov/2022:07:44:51 -0500] "GET /BLA/boletinlegal/consulta_actos.php?tipo=autos&no=5738&usuario=&sector=&fecha=2022&resuelve= HTTP/1.1" 200 1075
190.69.228.228 - - [10/Nov/2022:07:44:52 -0500] "POST /sipse/faces/presentacion/financiero/solicitudProceso/consultar.xhtml HTTP/1.1" 200 61315
190.69.228.228 - - [10/Nov/2022:07:44:53 -0500] "POST /sipse/faces/presentacion/financiero/solicitudProceso/consultar.xhtml HTTP/1.1" 200 61315
136.243.228.179 - - [10/Nov/2022:07:44:54 -0500] "GET /portaldeninos/humedal-jaboque-2/ HTTP/1.1" 200 87846
190.69.228.228 - - [10/Nov/2022:07:45:02 -0500] "POST /sipse/faces/presentacion/financiero/solicitudProceso/consultar.xhtml HTTP/1.1" 200 38606
172.22.2.4 - - [10/Nov/2022:07:45:03 -0500] "GET /BLA/boletinlegal/consulta_actos.php?tipo=autos&no=5265&usuario=&sector=&fecha=2022&resuelve= HTTP/1.1" 200 1082
136.243.228.179 - - [10/Nov/2022:07:45:03 -0500] "GET /portaldeninos/aulas-ambientales-2/parque-ecologico-distrital-de-montana-entrenubes/ HTTP/1.1" 200 90406
136.243.228.179 - - [10/Nov/2022:07:45:13 -0500] "GET /portaldeninos/los-arboles/tips/ HTTP/1.1" 200 87677
172.22.2.4 - - [10/Nov/2022:07:45:15 -0500] "GET /BLA/boletinlegal/consulta_actos.php?tipo=autos&no=5228&usuario=&sector=&fecha=2022&resuelve= HTTP/1.1" 200 1082
190.69.228.228 - - [10/Nov/2022:07:45:17 -0500] "POST /sipse/faces/presentacion/financiero/solicitudProceso/consultar.xhtml HTTP/1.1" 200 30535
201.245.192.253 - - [10/Nov/2022:07:45:18 -0500] "POST /kwsrmcab/Wsrmcab  HTTP/1.1" 200 40655
136.243.228.179 - - [10/Nov/2022:07:45:23 -0500] "GET /portaldeninos/humedal-capellania-2/ HTTP/1.1" 200 87949
172.22.2.4 - - [10/Nov/2022:07:45:34 -0500] "GET /BLA/boletinlegal/consulta_actos.php?tipo=autos&no=6438&usuario=&sector=&fecha=2022&resuelve= HTTP/1.1" 200 1083
172.22.2.4 - - [10/Nov/2022:07:45:45 -0500] "GET /BLA/boletinlegal/consulta_actos.php?tipo=autos&no=6502&usuario=&sector=&fecha=2022&resuelve= HTTP/1.1" 200 1081
172.22.2.4 - - [10/Nov/2022:07:45:31 -0500] "GET /BLA/boletinlegal/ HTTP/1.1" 200 20427
172.22.2.4 - - [10/Nov/2022:07:45:57 -0500] "GET /BLA/boletinlegal/consulta_actos.php?tipo=autos&no=6499&usuario=&sector=&fecha=2022&resuelve= HTTP/1.1" 200 1076
136.243.228.179 - - [10/Nov/2022:07:45:33 -0500] "GET /portaldeninos/aulas-ambientales/aula-ambiental-sorotama/ HTTP/1.1" 200 14464
172.22.2.4 - - [10/Nov/2022:07:46:10 -0500] "GET /BLA/boletinlegal/consulta_actos.php?tipo=autos&no=6354&usuario=&sector=&fecha=2022&resuelve= HTTP/1.1" 200 1084
172.22.2.4 - - [10/Nov/2022:07:46:21 -0500] "GET /BLA/boletinlegal/consulta_actos.php?tipo=autos&no=6391&usuario=&sector=&fecha=2022&resuelve= HTTP/1.1" 200 1089
172.22.2.4 - - [10/Nov/2022:07:46:33 -0500] "GET /BLA/boletinlegal/consulta_actos.php?tipo=autos&no=6388&usuario=&sector=&fecha=2022&resuelve= HTTP/1.1" 200 1124
136.243.228.179 - - [10/Nov/2022:07:46:31 -0500] "GET /portaldeninos/ruido/ HTTP/1.1" 200 88494
190.69.228.228 - - [10/Nov/2022:07:46:41 -0500] "POST /sipse/faces/presentacion/financiero/solicitudProceso/consultar.xhtml HTTP/1.1" 200 38658
172.22.2.4 - - [10/Nov/2022:07:46:43 -0500] "GET /BLA/boletinlegal/consulta_actos.php?tipo=autos&no=6377&usuario=&sector=&fecha=2022&resuelve= HTTP/1.1" 200 1077
136.243.228.179 - - [10/Nov/2022:07:46:43 -0500] "GET /portaldeninos/aulas-ambientales/ HTTP/1.1" 200 88416
191.108.59.243 - - [10/Nov/2022:07:46:48 -0500] "GET /kwssiamovil/sm/ldap/au?x=U2FsdGVkX18F+Gs85WVV5YBhKjt6s4jhCVcR4AKH7mbGJ8HHx4dPIfZmSDTgH0nS&y=U2FsdGVkX1+OEcQoZQKEeRplL9Gp4J9aWiclEpNpdgRIo6l8d14AeP3qHscanfk2 HTTP/1.1" 200 30
191.108.59.243 - - [10/Nov/2022:07:46:49 -0500] "GET /kwssiamovil/sm/acme/s?s=U2FsdGVkX1+rR8D+AkfgvHnIx1bXDaLLYAGm0RSwYcW3lgBfLdVFzN8yDrZtTQboy5KNzFB4suBbLMoOgfM8bily1La38T5cYAMlXBtNh/g=&u=U2FsdGVkX1+zHMC3RtyvkT8hAurKVe3GpEXtFSEzvew=&y=U2FsdGVkX1+OEcQoZQKEeRplL9Gp4J9aWiclEpNpdgRIo6l8d14AeP3qHscanfk2 HTTP/1.1" 200 97
191.108.59.243 - - [10/Nov/2022:07:46:49 -0500] "GET /kwssiamovil/sm/acme/s?s=U2FsdGVkX189Ibdjnu8lG8tfNyYf2eQ5wN9Vx33t2F+9zGk5n9MHYE0JErUAnTtanrAGZLbzElhycvTV2UdwowFTMObx2VqX5CbPD0ZkY9PI2Z1ILi5sfk/VEEIBnJgPYJlARv9tPSFm5sXDHjNJV4NMPy87kEpR2EfClvb4dnH5bMCp//Ja28EyiwYnyjWR7h9ohABpqMHHzN1eLD4LbOYePTWGvkQj9ybt+9nOLsTD95O8u5qUcIUpkBiiZpPeMRvg8tiM3ZFTgdSqEC38TXrR+ZPLECb3otxXY2Zm4tiHL4es9lESseztALypHjXDs6bHVKH49CcfPIJc1Xg1kUq/k3ewH7+S2R+g8t+0bG62RF6CdPgFJf1lu/OqV2n/GYYDBtbLDQ+ajjELGRTtFyeXSwinz2cX7rdZ8iJxYie8s0rBSlbo2xmnnLrHJwdYcLwKHl8LjSbwUXFsB2wuYVWUrurwhfN7OHp3JtxIq/7rkuTtUF63KUpd41D1NST1lTBNoVamtvLGsmQDW0QVh2UzxwcRYaGXdYt+uGSKFmVIlj56xzKTI5lnrL2z8XEUZ3CJNfyXWkwfG2fRVlHIgV3+mm/rMuVBbit4lngP7OKNtD7ePF/UYS/80XEbm5gUhSc4ONXntCMVmeAWPCfjpqkbXfMf5LAt9Qebq9V4FXjeHmkL5i4RUoFjIdCYAclsnuw+fbPl4+5GYzOaKkvHVaxK2qhXwQRalMj1/Nm0vAam7/rg/qS2LwSQpxKRSDtZhzxyWeib+X+CqrMmxgR2iGzgaGHsyYOzmUg6iR/PmNnY6cy+fo6a7yAuarZm/MbIjY7hBVPg85HWit7Nl3fv/HbPbH63zzXAr7f3xgH/0Sgd+RWdJq4sP9SmOvz7BWIdrVOrPfm4DJ+o08z7Kfle1tcX5V3f80WQFJKWdnm8ibLxeNEiyz4omVdny+8ArocLlHsW7cNfVA8+QcVx4VscBnQR7lADWX7yC4kDYo//VImW4cWQqSBicFtUjtIXSjX+yZ6qJSoFBIaw3hOn3Z+gAc0J8mVB6yL5rTTzs5yjAxzMWj8OTQbvbsq8TFLzc07yyd93GlM6fex8l5tzcAtB2kKip+4Q/q/pjs71F/zTyk9gBj9wWDNSwFqOWVO4kualrVz/x/7JpBp7ACoRwh69QNlM4X7vREkk9j6gPyQINwmSfFwbKywNOxqaku6DJO0bE2spQK5V9KjMKHND1cQmwEo7e2xrajV9gXHEKuLzNPSobXCB0hai5HAjQH+jrvlVDoDf++1qHfyxIqZFaQGbRE0szpWQB/O/5gCQ647C9YQWuX1ahVeKAZ88EJA59+rGnRRsAzkyT5E39AYfy/MYXA6iV6/Izw2v+DGxEIdAH5rHv0jg7541/bT9TX+ymmc6BpM9r6AYQLbVzs3+5LHMLnDJ/S1/4P1Jmz9aaJGAq6Q=&u=U2FsdGVkX1+zHMC3RtyvkT8hAurKVe3GpEXtFSEzvew=&y=U2FsdGVkX1+OEcQoZQKEeRplL9Gp4J9aWiclEpNpdgRIo6l8d14AeP3qHscanfk2 HTTP/1.1" 200 2104
191.108.59.243 - - [10/Nov/2022:07:46:49 -0500] "GET /kwssiamovil/sm/acme/s?s=U2FsdGVkX190hB6/00eDFeW+mReF27XvlJu0yY6d6kPHjPNL7KKwIkawanvNYYziAz0cCwH/Rd/OnubHtofqlNDSbM+gE4+T1VF6xhGYQb74bXis51s1BD7qqQlv3np0ik/xhtFvP/0o2g2AUbEtOrK8AzVJ6i/2zpJ88vHUpqFlj9riwXKLzBo86x7Lad5t5KiG0SqQK0QY23iaPM7rbtnAubsJaqA4yarfr832DZ/ZABD/nPQjWoXJytTh9NUH505227zKCt+N025t1do04th9tWzprSrL6WSBnftExWmfLXoJud4Si+VFoBbDRSIZZkX6puAfVKtBEpaQjqGvMA==&u=U2FsdGVkX1+zHMC3RtyvkT8hAurKVe3GpEXtFSEzvew=&y=U2FsdGVkX1+OEcQoZQKEeRplL9Gp4J9aWiclEpNpdgRIo6l8d14AeP3qHscanfk2 HTTP/1.1" 200 196
191.108.59.243 - - [10/Nov/2022:07:46:49 -0500] "GET /kwssiamovil/sm/cjson/pre?f=1&x=U2FsdGVkX18F+Gs85WVV5YBhKjt6s4jhCVcR4AKH7mbGJ8HHx4dPIfZmSDTgH0nS HTTP/1.1" 200 30992
172.22.2.4 - - [10/Nov/2022:07:46:54 -0500] "GET /BLA/boletinlegal/consulta_actos.php?tipo=autos&no=6376&usuario=&sector=&fecha=2022&resuelve= HTTP/1.1" 200 1076
136.243.228.179 - - [10/Nov/2022:07:46:56 -0500] "GET /portaldeninos/biodiversidad HTTP/1.1" 301 -
136.243.228.179 - - [10/Nov/2022:07:47:05 -0500] "GET /portaldeninos/humedal-el-tunjo/ HTTP/1.1" 200 87661
136.243.228.179 - - [10/Nov/2022:07:47:14 -0500] "GET /portaldeninos/aire/ HTTP/1.1" 200 88215
66.249.73.97 - - [10/Nov/2022:07:47:18 -0500] "-" 408 -
136.243.228.179 - - [10/Nov/2022:07:47:25 -0500] "GET /portaldeninos/tipos-de-arboles-en-bogota/ HTTP/1.1" 200 109802
201.245.192.253 - - [10/Nov/2022:07:47:33 -0500] "POST /sipse/faces/presentacion/financiero/contrato/consultarContratosSolicitudProceso.xhtml HTTP/1.1" 200 62737
201.245.192.253 - - [10/Nov/2022:07:47:36 -0500] "POST /sipse/faces/presentacion/financiero/contrato/consultarContratosSolicitudProceso.xhtml HTTP/1.1" 200 59829
201.245.192.253 - - [10/Nov/2022:07:47:36 -0500] "GET /sipse/faces/javax.faces.resource/theme.css?ln=primefaces-sipse HTTP/1.1" 304 -
201.245.192.253 - - [10/Nov/2022:07:47:36 -0500] "GET /sipse/faces/javax.faces.resource/primefaces.css?ln=primefaces&v=4.0 HTTP/1.1" 304 -
201.245.192.253 - - [10/Nov/2022:07:47:36 -0500] "GET /sipse/faces/javax.faces.resource/layout/layout.css?ln=primefaces&v=4.0 HTTP/1.1" 304 -
201.245.192.253 - - [10/Nov/2022:07:47:36 -0500] "GET /sipse/faces/javax.faces.resource/jquery/jquery.js?ln=primefaces&v=4.0 HTTP/1.1" 304 -
201.245.192.253 - - [10/Nov/2022:07:47:36 -0500] "GET /sipse/faces/javax.faces.resource/jquery/jquery-plugins.js?ln=primefaces&v=4.0 HTTP/1.1" 304 -
201.245.192.253 - - [10/Nov/2022:07:47:36 -0500] "GET /sipse/faces/javax.faces.resource/primefaces.js?ln=primefaces&v=4.0 HTTP/1.1" 304 -
201.245.192.253 - - [10/Nov/2022:07:47:36 -0500] "GET /sipse/faces/javax.faces.resource/layout/layout.js?ln=primefaces&v=4.0 HTTP/1.1" 304 -
172.22.2.4 - - [10/Nov/2022:07:47:36 -0500] "GET /BLA/boletinlegal/consulta_actos.php?tipo=autos&no=6376&usuario=&sector=&fecha=2022&resuelve= HTTP/1.1" 200 1076
136.243.228.179 - - [10/Nov/2022:07:47:37 -0500] "GET /portaldeninos/contactanos/ HTTP/1.1" 200 88135
201.245.192.253 - - [10/Nov/2022:07:47:40 -0500] "POST /sipse/faces/presentacion/financiero/solicitudProceso/crearModificarSolicitudProceso.xhtml HTTP/1.1" 200 21110
201.245.192.253 - - [10/Nov/2022:07:47:40 -0500] "GET /sipse/faces/javax.faces.resource/theme.css?ln=primefaces-sipse HTTP/1.1" 304 -
201.245.192.253 - - [10/Nov/2022:07:47:40 -0500] "GET /sipse/faces/javax.faces.resource/layout/layout.css?ln=primefaces&v=4.0 HTTP/1.1" 304 -
201.245.192.253 - - [10/Nov/2022:07:47:40 -0500] "GET /sipse/faces/javax.faces.resource/primefaces.css?ln=primefaces&v=4.0 HTTP/1.1" 304 -
201.245.192.253 - - [10/Nov/2022:07:47:40 -0500] "GET /sipse/faces/javax.faces.resource/fileupload/fileupload.css?ln=primefaces&v=4.0 HTTP/1.1" 304 -
201.245.192.253 - - [10/Nov/2022:07:47:40 -0500] "GET /sipse/faces/javax.faces.resource/jquery/jquery-plugins.js?ln=primefaces&v=4.0 HTTP/1.1" 304 -
201.245.192.253 - - [10/Nov/2022:07:47:40 -0500] "GET /sipse/faces/javax.faces.resource/jquery/jquery.js?ln=primefaces&v=4.0 HTTP/1.1" 304 -
201.245.192.253 - - [10/Nov/2022:07:47:40 -0500] "GET /sipse/faces/javax.faces.resource/primefaces.js?ln=primefaces&v=4.0 HTTP/1.1" 304 -
201.245.192.253 - - [10/Nov/2022:07:47:40 -0500] "GET /sipse/faces/javax.faces.resource/layout/layout.js?ln=primefaces&v=4.0 HTTP/1.1" 304 -
201.245.192.253 - - [10/Nov/2022:07:47:40 -0500] "GET /sipse/faces/javax.faces.resource/fileupload/fileupload.js?ln=primefaces&v=4.0 HTTP/1.1" 304 -
172.22.2.4 - - [10/Nov/2022:07:47:45 -0500] "GET /BLA/boletinlegal/consulta_actos.php?tipo=autos&no=6376&usuario=&sector=&fecha=2022&resuelve= HTTP/1.1" 200 1076
136.243.228.179 - - [10/Nov/2022:07:47:46 -0500] "GET /portaldeninos/relatos-urbanos-de-los-ecosistemas-bogotanos-2/ HTTP/1.1" 200 88374
172.22.2.4 - - [10/Nov/2022:07:47:54 -0500] "GET /BLA/boletinlegal/consulta_actos.php?tipo=autos&no=6376&usuario=&sector=&fecha=2022&resuelve= HTTP/1.1" 200 1076
172.22.2.4 - - [10/Nov/2022:07:47:55 -0500] "GET /BLA/boletinlegal/consulta_actos.php?tipo=autos&no=6376&usuario=&sector=&fecha=2022&resuelve= HTTP/1.1" 200 1076
181.53.239.152 - - [10/Nov/2022:07:47:58 -0500] "GET /forest/ HTTP/1.1" 200 12041
136.243.228.179 - - [10/Nov/2022:07:47:57 -0500] "GET /portaldeninos/aula-ambiental-artistica-itinerante-auambari/ HTTP/1.1" 200 89306
136.243.228.179 - - [10/Nov/2022:07:48:05 -0500] "GET /portaldeninos/humedal-cordoba-2/ HTTP/1.1" 200 88041
181.53.239.152 - - [10/Nov/2022:07:48:08 -0500] "POST /forest/index.php HTTP/1.1" 200 12268
40.86.101.164 - - [10/Nov/2022:07:48:12 -0500] "GET /BLA/boletinlegal/images/screen_3.png HTTP/1.1" 200 210620
136.243.228.179 - - [10/Nov/2022:07:48:13 -0500] "GET /portaldeninos/humedales-ramsar/ HTTP/1.1" 200 89255
