186.144.252.80 - - [10/Nov/2022:08:06:09 -0500] "GET /sipse/faces/javax.faces.resource/primefaces.css?ln=primefaces&v=4.0 HTTP/1.1" 304 -
186.144.252.80 - - [10/Nov/2022:08:06:09 -0500] "GET /sipse/faces/javax.faces.resource/layout/layout.css?ln=primefaces&v=4.0 HTTP/1.1" 304 -
186.144.252.80 - - [10/Nov/2022:08:06:09 -0500] "GET /sipse/faces/javax.faces.resource/jquery/jquery.js?ln=primefaces&v=4.0 HTTP/1.1" 304 -
186.144.252.80 - - [10/Nov/2022:08:06:09 -0500] "GET /sipse/faces/javax.faces.resource/jquery/jquery-plugins.js?ln=primefaces&v=4.0 HTTP/1.1" 304 -
186.144.252.80 - - [10/Nov/2022:08:06:09 -0500] "GET /sipse/faces/javax.faces.resource/primefaces.js?ln=primefaces&v=4.0 HTTP/1.1" 304 -
186.144.252.80 - - [10/Nov/2022:08:06:09 -0500] "GET /sipse/faces/javax.faces.resource/layout/layout.js?ln=primefaces&v=4.0 HTTP/1.1" 304 -
186.144.252.80 - - [10/Nov/2022:08:06:09 -0500] "GET /sipse/css/imagen/contrasena.png HTTP/1.1" 404 383
186.144.252.80 - - [10/Nov/2022:08:06:09 -0500] "GET /sipse/faces/javax.faces.resource/messages/messages.png?ln=primefaces&v=4.0 HTTP/1.1" 304 -
186.144.252.80 - - [10/Nov/2022:08:06:12 -0500] "GET /sipse/faces/javax.faces.resource/images/ui-bg_flat_0_2d5972_40x100.png?ln=primefaces-aristo HTTP/1.1" 304 -
186.144.252.80 - - [10/Nov/2022:08:06:12 -0500] "POST /sipse/faces/bienvenido.xhtml HTTP/1.1" 200 9754
136.243.228.197 - - [10/Nov/2022:08:06:13 -0500] "GET /BLA/resoluciones/index.php?dir=RESOLUCIONES+2003/RES+2003+1901-1950/ HTTP/1.1" 200 12158
186.144.252.80 - - [10/Nov/2022:08:06:14 -0500] "POST /sipse/faces/bienvenido.xhtml HTTP/1.1" 200 3255
186.144.252.80 - - [10/Nov/2022:08:06:15 -0500] "POST /sipse/faces/bienvenido.xhtml HTTP/1.1" 200 39737
186.144.252.80 - - [10/Nov/2022:08:06:16 -0500] "GET /sipse/faces/javax.faces.resource/theme.css?ln=primefaces-sipse HTTP/1.1" 304 -
186.144.252.80 - - [10/Nov/2022:08:06:16 -0500] "GET /sipse/faces/javax.faces.resource/primefaces.css?ln=primefaces&v=4.0 HTTP/1.1" 304 -
186.144.252.80 - - [10/Nov/2022:08:06:16 -0500] "GET /sipse/faces/javax.faces.resource/layout/layout.css?ln=primefaces&v=4.0 HTTP/1.1" 304 -
186.144.252.80 - - [10/Nov/2022:08:06:16 -0500] "GET /sipse/faces/javax.faces.resource/jquery/jquery.js?ln=primefaces&v=4.0 HTTP/1.1" 304 -
186.144.252.80 - - [10/Nov/2022:08:06:16 -0500] "GET /sipse/faces/javax.faces.resource/jquery/jquery-plugins.js?ln=primefaces&v=4.0 HTTP/1.1" 304 -
186.144.252.80 - - [10/Nov/2022:08:06:16 -0500] "GET /sipse/faces/javax.faces.resource/primefaces.js?ln=primefaces&v=4.0 HTTP/1.1" 304 -
186.144.252.80 - - [10/Nov/2022:08:06:16 -0500] "GET /sipse/faces/javax.faces.resource/layout/layout.js?ln=primefaces&v=4.0 HTTP/1.1" 304 -
186.144.252.80 - - [10/Nov/2022:08:06:17 -0500] "POST /sipse/faces/presentacion/financiero/solicitudProceso/listarSolicitudProceso.xhtml HTTP/1.1" 200 1416
201.245.192.253 - - [10/Nov/2022:08:06:18 -0500] "GET /sipse/faces/faces/autenticacion.xhtml HTTP/1.1" 200 12504
201.245.192.253 - - [10/Nov/2022:08:06:18 -0500] "GET /sipse/faces/javax.faces.resource/layout/layout.css;jsessionid=Hny-E97HpWK3mIXYwIlvvXd2.undefined?ln=primefaces&v=4.0 HTTP/1.1" 200 542
201.245.192.253 - - [10/Nov/2022:08:06:18 -0500] "GET /sipse/faces/javax.faces.resource/theme.css?ln=primefaces-sipse HTTP/1.1" 304 -
201.245.192.253 - - [10/Nov/2022:08:06:18 -0500] "GET /sipse/faces/javax.faces.resource/layout/layout.js;jsessionid=Hny-E97HpWK3mIXYwIlvvXd2.undefined?ln=primefaces&v=4.0 HTTP/1.1" 200 87560
201.245.192.253 - - [10/Nov/2022:08:06:18 -0500] "GET /sipse/faces/javax.faces.resource/primefaces.css;jsessionid=Hny-E97HpWK3mIXYwIlvvXd2.undefined?ln=primefaces&v=4.0 HTTP/1.1" 200 53295
201.245.192.253 - - [10/Nov/2022:08:06:18 -0500] "GET /sipse/faces/javax.faces.resource/jquery/jquery.js;jsessionid=Hny-E97HpWK3mIXYwIlvvXd2.undefined?ln=primefaces&v=4.0 HTTP/1.1" 200 105384
201.245.192.253 - - [10/Nov/2022:08:06:18 -0500] "GET /sipse/faces/javax.faces.resource/jquery/jquery-plugins.js;jsessionid=Hny-E97HpWK3mIXYwIlvvXd2.undefined?ln=primefaces&v=4.0 HTTP/1.1" 200 220526
201.245.192.253 - - [10/Nov/2022:08:06:18 -0500] "GET /sipse/faces/javax.faces.resource/primefaces.js;jsessionid=Hny-E97HpWK3mIXYwIlvvXd2.undefined?ln=primefaces&v=4.0 HTTP/1.1" 200 276924
201.245.192.253 - - [10/Nov/2022:08:06:18 -0500] "GET /sipse/css/imagen/logoSDG.png HTTP/1.1" 200 17770
201.245.192.253 - - [10/Nov/2022:08:06:18 -0500] "GET /sipse/css/imagen/loginimg.png HTTP/1.1" 200 17770
201.245.192.253 - - [10/Nov/2022:08:06:18 -0500] "GET /sipse/faces/javax.faces.resource/images/ui-icons_898989_256x240.png?ln=primefaces-aristo HTTP/1.1" 200 5355
201.245.192.253 - - [10/Nov/2022:08:06:18 -0500] "GET /sipse/faces/faces/index.xhtml HTTP/1.1" 200 677
201.245.192.253 - - [10/Nov/2022:08:06:18 -0500] "GET /sipse/faces/javax.faces.resource/theme.css?ln=primefaces-sipse HTTP/1.1" 304 -
201.245.192.253 - - [10/Nov/2022:08:06:18 -0500] "GET /sipse/faces/faces/faces/autenticacion.xhtml HTTP/1.1" 200 12182
201.245.192.253 - - [10/Nov/2022:08:06:19 -0500] "GET /sipse/faces/javax.faces.resource/theme.css?ln=primefaces-sipse HTTP/1.1" 304 -
201.245.192.253 - - [10/Nov/2022:08:06:19 -0500] "GET /sipse/faces/javax.faces.resource/primefaces.css?ln=primefaces&v=4.0 HTTP/1.1" 304 -
201.245.192.253 - - [10/Nov/2022:08:06:19 -0500] "GET /sipse/faces/javax.faces.resource/jquery/jquery.js?ln=primefaces&v=4.0 HTTP/1.1" 304 -
201.245.192.253 - - [10/Nov/2022:08:06:19 -0500] "GET /sipse/faces/javax.faces.resource/jquery/jquery-plugins.js?ln=primefaces&v=4.0 HTTP/1.1" 304 -
201.245.192.253 - - [10/Nov/2022:08:06:19 -0500] "GET /sipse/faces/javax.faces.resource/layout/layout.css?ln=primefaces&v=4.0 HTTP/1.1" 304 -
201.245.192.253 - - [10/Nov/2022:08:06:19 -0500] "GET /sipse/faces/javax.faces.resource/primefaces.js?ln=primefaces&v=4.0 HTTP/1.1" 304 -
201.245.192.253 - - [10/Nov/2022:08:06:19 -0500] "GET /sipse/faces/javax.faces.resource/layout/layout.js?ln=primefaces&v=4.0 HTTP/1.1" 304 -
201.245.192.253 - - [10/Nov/2022:08:06:19 -0500] "GET /sipse/faces/javax.faces.resource/images/ui-icons_898989_256x240.png?ln=primefaces-aristo HTTP/1.1" 304 -
201.245.192.253 - - [10/Nov/2022:08:06:21 -0500] "POST /sipse/faces/autenticacion.xhtml HTTP/1.1" 200 11168
201.245.192.253 - - [10/Nov/2022:08:06:21 -0500] "GET /sipse/css/custom_css_sg_prime.css HTTP/1.1" 200 5201
201.245.192.253 - - [10/Nov/2022:08:06:21 -0500] "GET /sipse/faces/javax.faces.resource/jquery/jquery.js?ln=primefaces&v=4.0 HTTP/1.1" 304 -
201.245.192.253 - - [10/Nov/2022:08:06:21 -0500] "GET /sipse/faces/javax.faces.resource/jquery/jquery-plugins.js?ln=primefaces&v=4.0 HTTP/1.1" 304 -
201.245.192.253 - - [10/Nov/2022:08:06:21 -0500] "GET /sipse/faces/javax.faces.resource/primefaces.js?ln=primefaces&v=4.0 HTTP/1.1" 304 -
201.245.192.253 - - [10/Nov/2022:08:06:21 -0500] "GET /sipse/faces/javax.faces.resource/layout/layout.js?ln=primefaces&v=4.0 HTTP/1.1" 304 -
201.245.192.253 - - [10/Nov/2022:08:06:21 -0500] "GET /sipse/faces/javax.faces.resource/messages/messages.png?ln=primefaces&v=4.0 HTTP/1.1" 304 -
186.144.252.80 - - [10/Nov/2022:08:06:20 -0500] "POST /sipse/faces/presentacion/financiero/solicitudProceso/listarSolicitudProceso.xhtml HTTP/1.1" 200 116020
186.144.252.80 - - [10/Nov/2022:08:06:21 -0500] "GET /sipse/faces/javax.faces.resource/theme.css?ln=primefaces-sipse HTTP/1.1" 304 -
186.144.252.80 - - [10/Nov/2022:08:06:21 -0500] "GET /sipse/faces/javax.faces.resource/layout/layout.css?ln=primefaces&v=4.0 HTTP/1.1" 304 -
186.144.252.80 - - [10/Nov/2022:08:06:21 -0500] "GET /sipse/faces/javax.faces.resource/primefaces.css?ln=primefaces&v=4.0 HTTP/1.1" 304 -
186.144.252.80 - - [10/Nov/2022:08:06:21 -0500] "GET /sipse/faces/javax.faces.resource/jquery/jquery.js?ln=primefaces&v=4.0 HTTP/1.1" 304 -
186.144.252.80 - - [10/Nov/2022:08:06:21 -0500] "GET /sipse/faces/javax.faces.resource/jquery/jquery-plugins.js?ln=primefaces&v=4.0 HTTP/1.1" 304 -
186.144.252.80 - - [10/Nov/2022:08:06:21 -0500] "GET /sipse/faces/javax.faces.resource/primefaces.js?ln=primefaces&v=4.0 HTTP/1.1" 304 -
186.144.252.80 - - [10/Nov/2022:08:06:22 -0500] "GET /sipse/faces/javax.faces.resource/layout/layout.js?ln=primefaces&v=4.0 HTTP/1.1" 304 -
136.243.228.197 - - [10/Nov/2022:08:06:23 -0500] "GET /BLA/resoluciones/index.php?dir=Notificaciones/AUTOS+2022/ HTTP/1.1" 200 109804
201.245.192.253 - - [10/Nov/2022:08:06:25 -0500] "POST /sipse/faces/presentacion/sistema/seguridad/seleccionRol.xhtml HTTP/1.1" 200 5600
190.69.228.228 - - [10/Nov/2022:08:06:25 -0500] "POST /sipse/faces/presentacion/financiero/solicitudProceso/consultar.xhtml HTTP/1.1" 200 23249
201.245.192.253 - - [10/Nov/2022:08:06:26 -0500] "POST /sipse/faces/presentacion/sistema/seguridad/seleccionRol.xhtml HTTP/1.1" 200 17462
201.245.192.253 - - [10/Nov/2022:08:06:26 -0500] "GET /sipse/faces/javax.faces.resource/jquery/jquery.js?ln=primefaces&v=4.0 HTTP/1.1" 304 -
201.245.192.253 - - [10/Nov/2022:08:06:26 -0500] "GET /sipse/faces/javax.faces.resource/jquery/jquery-plugins.js?ln=primefaces&v=4.0 HTTP/1.1" 304 -
201.245.192.253 - - [10/Nov/2022:08:06:26 -0500] "GET /sipse/faces/javax.faces.resource/primefaces.js?ln=primefaces&v=4.0 HTTP/1.1" 304 -
201.245.192.253 - - [10/Nov/2022:08:06:26 -0500] "GET /sipse/faces/javax.faces.resource/layout/layout.js?ln=primefaces&v=4.0 HTTP/1.1" 304 -
201.245.192.253 - - [10/Nov/2022:08:06:26 -0500] "GET /sipse/css/imagen/contrasena.png HTTP/1.1" 404 383
190.69.228.228 - - [10/Nov/2022:08:06:26 -0500] "POST /sipse/faces/presentacion/financiero/solicitudProceso/consultar.xhtml HTTP/1.1" 200 12869
201.245.192.253 - - [10/Nov/2022:08:06:27 -0500] "GET /sipse/faces/javax.faces.resource/images/ui-bg_flat_0_2d5972_40x100.png?ln=primefaces-aristo HTTP/1.1" 304 -
201.245.192.253 - - [10/Nov/2022:08:06:27 -0500] "POST /sipse/faces/bienvenido.xhtml HTTP/1.1" 200 3843
201.245.192.253 - - [10/Nov/2022:08:06:29 -0500] "POST /sipse/faces/bienvenido.xhtml HTTP/1.1" 200 66066
201.245.192.253 - - [10/Nov/2022:08:06:30 -0500] "GET /sipse/faces/javax.faces.resource/jquery/jquery.js?ln=primefaces&v=4.0 HTTP/1.1" 304 -
201.245.192.253 - - [10/Nov/2022:08:06:30 -0500] "GET /sipse/faces/javax.faces.resource/jquery/jquery-plugins.js?ln=primefaces&v=4.0 HTTP/1.1" 304 -
201.245.192.253 - - [10/Nov/2022:08:06:30 -0500] "GET /sipse/faces/javax.faces.resource/primefaces.js?ln=primefaces&v=4.0 HTTP/1.1" 304 -
201.245.192.253 - - [10/Nov/2022:08:06:30 -0500] "GET /sipse/faces/javax.faces.resource/layout/layout.js?ln=primefaces&v=4.0 HTTP/1.1" 304 -
201.245.192.253 - - [10/Nov/2022:08:06:30 -0500] "POST /sipse/faces/presentacion/financiero/solicitudProceso/listarSolicitudProceso.xhtml HTTP/1.1" 200 1560
186.144.252.80 - - [10/Nov/2022:08:06:30 -0500] "POST /sipse/faces/presentacion/financiero/solicitudProceso/consultarSolicitudProceso.xhtml HTTP/1.1" 200 37313
186.144.252.80 - - [10/Nov/2022:08:06:32 -0500] "GET /sipse/faces/javax.faces.resource/theme.css?ln=primefaces-sipse HTTP/1.1" 304 -
186.144.252.80 - - [10/Nov/2022:08:06:32 -0500] "GET /sipse/faces/javax.faces.resource/primefaces.css?ln=primefaces&v=4.0 HTTP/1.1" 304 -
186.144.252.80 - - [10/Nov/2022:08:06:32 -0500] "GET /sipse/faces/javax.faces.resource/layout/layout.css?ln=primefaces&v=4.0 HTTP/1.1" 304 -
186.144.252.80 - - [10/Nov/2022:08:06:32 -0500] "GET /sipse/faces/javax.faces.resource/jquery/jquery.js?ln=primefaces&v=4.0 HTTP/1.1" 304 -
186.144.252.80 - - [10/Nov/2022:08:06:32 -0500] "GET /sipse/faces/javax.faces.resource/jquery/jquery-plugins.js?ln=primefaces&v=4.0 HTTP/1.1" 304 -
186.144.252.80 - - [10/Nov/2022:08:06:33 -0500] "GET /sipse/faces/javax.faces.resource/primefaces.js?ln=primefaces&v=4.0 HTTP/1.1" 304 -
186.144.252.80 - - [10/Nov/2022:08:06:33 -0500] "GET /sipse/faces/javax.faces.resource/layout/layout.js?ln=primefaces&v=4.0 HTTP/1.1" 304 -
201.245.192.253 - - [10/Nov/2022:08:06:33 -0500] "POST /sipse/faces/presentacion/financiero/solicitudProceso/listarSolicitudProceso.xhtml HTTP/1.1" 200 4692
186.144.252.80 - - [10/Nov/2022:08:06:33 -0500] "POST /sipse/faces/presentacion/financiero/solicitudProceso/listarSolicitudProceso.xhtml HTTP/1.1" 200 1400
186.144.252.80 - - [10/Nov/2022:08:06:36 -0500] "POST /sipse/faces/presentacion/financiero/solicitudProceso/listarSolicitudProceso.xhtml HTTP/1.1" 200 104401
186.144.252.80 - - [10/Nov/2022:08:06:37 -0500] "GET /sipse/faces/javax.faces.resource/theme.css?ln=primefaces-sipse HTTP/1.1" 304 -
186.144.252.80 - - [10/Nov/2022:08:06:37 -0500] "GET /sipse/faces/javax.faces.resource/primefaces.css?ln=primefaces&v=4.0 HTTP/1.1" 304 -
186.144.252.80 - - [10/Nov/2022:08:06:37 -0500] "GET /sipse/faces/javax.faces.resource/layout/layout.css?ln=primefaces&v=4.0 HTTP/1.1" 304 -
186.144.252.80 - - [10/Nov/2022:08:06:37 -0500] "GET /sipse/faces/javax.faces.resource/jquery/jquery.js?ln=primefaces&v=4.0 HTTP/1.1" 304 -
186.144.252.80 - - [10/Nov/2022:08:06:37 -0500] "GET /sipse/faces/javax.faces.resource/jquery/jquery-plugins.js?ln=primefaces&v=4.0 HTTP/1.1" 304 -
186.144.252.80 - - [10/Nov/2022:08:06:37 -0500] "GET /sipse/faces/javax.faces.resource/primefaces.js?ln=primefaces&v=4.0 HTTP/1.1" 304 -
186.144.252.80 - - [10/Nov/2022:08:06:38 -0500] "GET /sipse/faces/javax.faces.resource/layout/layout.js?ln=primefaces&v=4.0 HTTP/1.1" 304 -
136.243.228.197 - - [10/Nov/2022:08:06:37 -0500] "GET /BLA/resoluciones/index.php?dir=RESOLUCIONES+2003/RES+2003+1451-1500/ HTTP/1.1" 200 12159
186.102.45.114 - - [10/Nov/2022:08:06:42 -0500] "GET /kwssiamovil/sm/acme/a?s=U2FsdGVkX1+PNhmOsef9w7Gc8tg0p6JIpXviQe/RiVlQ3Ukq8kESzta2CZmTzkNW7yEkZJPEMeDubFdpiR3c69q6y0zDi9k5htlsTgFgMfmq5vAxWEWZ+7d6a7Qfyy+AlD72UV3i1/PjVgkiNL+HBRgaxJWx5H0D29kX75hc9A1Q79t531zMyvm20yhlXradMiUErhJOd2cAqZCpziN96E5B8/hdC/j8V9jJsbnPB/F4Ptchv+xCmxPyTeQ5N/zErBhT7zMPvojYD+mAs6nvKQ==&u=U2FsdGVkX18SD7kqqVmyU9q3QSGfoFIpsY7Q2BBcIYU=&y=U2FsdGVkX1/zD6gLCom1gxIfgTfzK25ScIIt7TmFl3DrcJBKFo9SO9Pt4VaXu/MY HTTP/1.1" 200 26
186.102.45.114 - - [10/Nov/2022:08:06:42 -0500] "GET /kwssiamovil/sm/acme/a?s=U2FsdGVkX196LUlJkYjOFR2gGiN+f69Aiuqs0E1cAsOWm43cieCCHpl0C/V4ANGN+PQfoshe3X4aGgAt/6khP2MfMHrnEmwZLexxKDyemQtVzGlmJBUABNPPft8vszadbTDXejelPnY9A5W8s38rhQN8De+rdfMUHEOj3zRoKDwpXJ+8NyzG3Uwnxoe0N9EbedwpPcT2EvoBfLv2G7V/1+m/vmd4dyv9t1TPE/b4sB16jlMT52Wx8N3433OSQ1vgsTA4+YPobpCtNMJkQdt2s/Z7ZM9Wtihr3ZHVO40vOSykzCBCwsPhOzc7juEKhe9xc2bGKJCNuViGS0y6TDNDInokKZLfqqZXCjFdZxPEQMrFM5jJ2u2AWsCOv34v/w2QIg/7j2KrMUB2jDVNmD1IoRU5APkHECkcuNIG9Lg6O6Ms5fJzqzRC0we3ALBFkG88qcLwZjU9EcXGuodc2ZPkA0Yvwyy/76WeaUXuU3ttdnU7xS+cRtM7tHrz7LubTCxB3zb+7l0aVIaINlhoNS4vxGAEZW1I6BlWOwlyi7+G//7+fItHobodfnile/lKvicuTzVmWWTu92WzQj72aSd3TTmBKfzAqk3hYRqfmrlxFrRnO4Mqf/ybSwv5woY3fF3vwstiWAO4+CrLMj04+z80NdbTPYPHp8qC6QAY+NL7sk/iQTaQ4iQzg0CxkgVkr6pJBZ0egVZW0c3UdkRLiq3OZma6d5QgncVsWv1ublIbLwsNIt+doQeBs0GX8N7GilRuor1LMJ7Bi443GoeKNvBgNodeALX2QVEYEblvjpll7qN/lgGyMy/FgjZnpmuAvcwXGUOuTEPcY34XZOsg5ltZWpT9R/2GVxgYXdTwZamIwJKolBK00Xj6ixU3pqP/Vbx59UqXb/iPz26+v+rPUOvuS/vwzFNrpPq8a44CrygBVYnrP2gEbUQi9w2n30aOexy1uZZBzXhPGYltj+GjSH6A5MeLRF85G3ufK4dLnxBBRGjvrujmH2hFpIRog011M1PADq7itR19WWoqJKIFuA+Y5WoIZ3OO9bf7QuEMwmDvHm6MPnTVUNe5abygMjaRrb7xNmpnVDHhnHxDtHbLgCNyOenBXq4QTagL6xV1echWQbYr41i6Lx94w3tNGbeBcyn6xqvTuGKzHw3e1CnwpslZq5B7b7AnzgccNYe2BIle/KwB6nDyni52wiPvWxHmtbexiwyedxcmtQXdARAjP6Y+2Hxmi9L6AhNDsX+BlCAyyJ/Xd7iw6PMHumZGhv2p0kAFFKx3TjxaOQLuzhfWABBv8Lamnsg4HuwGCs1v1EYFXBOYMO1FDayw5Vbw+kvryEy+2oJh9ly2QdnRhrObS+OLp0r1nyXDY5MG7sv+F/4fN8jINhLupoWjYaXMzF5F09EjKiklU53TrPjMZooVGwspT5UcMd2l8Q5BHDSmaDrobImvvsueSzfuXFs0hdXkS3fORoeZt0gzrJY4WFAOlwYVw34s+YvdvUwzlXCKWhzz6lpB55pkZS3VIppPUulLVNqeedq6cgVHfIatjx4ONuSoBCWHjdPKbYWgdSbxEJ8Zb4v7wjkA2PfRzZJjJ6VsUD5iwt9Av9W9+XyCp1UWB6Tm1bRBZCtlSqHI64mpFYUExRjlLqj22/9in32kxBW8lc1ECTlbJIDjEqmlW4ttMgxzltaF38HGVVh3GldAjJ4gjEervm9l8QU20iMq1q7+7rtqiyU9NlVHHq8qmlz4Uip9m/TqM/+mPvcynp/aNSboJxzZTko055BgPaMBKSFXDTKj+aJHEL4FzTS7qu/lvA2T7R8iG4Ye9xdMwCUa7AOT1k6IUCI3orPbhCvNITqrmXYEkMmOxFywX7829b4dRzHuYBNs0HKRUE+Tkf20WOvk9W8BW60FntE18m2m3/gXCDw0&u=U2FsdGVkX18SD7kqqVmyU9q3QSGfoFIpsY7Q2BBcIYU=&y=U2FsdGVkX1/zD6gLCom1gxIfgTfzK25ScIIt7TmFl3DrcJBKFo9SO9Pt4VaXu/MY HTTP/1.1" 200 26
186.102.45.114 - - [10/Nov/2022:08:06:42 -0500] "GET /kwssiamovil/sm/acme/a?s=U2FsdGVkX18xQVG4/GML62ydbYWld/htUFAtpHuCA4fe2D/jlaB1k7/rCT07QWbFjLkbJRd5m58fJ1ckKsg1Ya5r/Z0FhsQNDPvfJYzlqY13KZlH95XO2OCqXRwv7tgk4avfJZWSad59+tOfj6gKyqI7ix1c4Uv+ORBMk1vQ6Og=&u=U2FsdGVkX18SD7kqqVmyU9q3QSGfoFIpsY7Q2BBcIYU=&y=U2FsdGVkX1/zD6gLCom1gxIfgTfzK25ScIIt7TmFl3DrcJBKFo9SO9Pt4VaXu/MY HTTP/1.1" 200 26
186.102.45.114 - - [10/Nov/2022:08:06:43 -0500] "GET /kwssiamovil/sm/acme/a?s=U2FsdGVkX1+twjOelCaLAdFXsW7AcY0jL8CAYA7TFOPLb2PjJBYa4vAJ3JZK8sO1k8k3Bw8cx8l8dmWnKP3s2E8lGrb5Z6KkROU1/K+MCqeQIg1o5ux6YRFLOYBw/Bh2bFAJvzqKnvugBuL/4Pia9aDLIsauUUp14lRaZvDs8F0=&u=U2FsdGVkX18SD7kqqVmyU9q3QSGfoFIpsY7Q2BBcIYU=&y=U2FsdGVkX1/zD6gLCom1gxIfgTfzK25ScIIt7TmFl3DrcJBKFo9SO9Pt4VaXu/MY HTTP/1.1" 200 26
186.102.45.114 - - [10/Nov/2022:08:06:43 -0500] "GET /kwssiamovil/sm/acme/a?s=U2FsdGVkX1/fqSCmIlkQhLY9F6kdhBld/OKVvYmR0Z/cjmIKYJ2ff6hHGSf/0ise/PUEBiEAp9An24T3qd5TwNpNEMHjQOy6CNlatKdPglhw35abgJ0Y0bBdTL4mndb0d/IIaJOiuTgCk2cU+aQlF90KF2t1JylVCCZwSw+lhAc=&u=U2FsdGVkX18SD7kqqVmyU9q3QSGfoFIpsY7Q2BBcIYU=&y=U2FsdGVkX1/zD6gLCom1gxIfgTfzK25ScIIt7TmFl3DrcJBKFo9SO9Pt4VaXu/MY HTTP/1.1" 200 26
186.102.45.114 - - [10/Nov/2022:08:06:43 -0500] "GET /kwssiamovil/sm/acme/a?s=U2FsdGVkX18sl5eXImAFivUuvTfe/VSjBVh156Shq4vq/XsfwL9QdLuV3CR/kBWyTWPgSw8MYDQ6NqAvog2UrLbf13Zxc2u5IZ0dLCXcUCTcsBOZMJKqAffjy2WWKPZeA7+k31J64KB732JIC35E4SFPaDmnGJcVR0q/Z2xlsasKAOHqLI9BdJE/7RE+mUXs8J64Acb80m5mghquQA8a7w==&u=U2FsdGVkX18SD7kqqVmyU9q3QSGfoFIpsY7Q2BBcIYU=&y=U2FsdGVkX1/zD6gLCom1gxIfgTfzK25ScIIt7TmFl3DrcJBKFo9SO9Pt4VaXu/MY HTTP/1.1" 200 26
136.243.228.197 - - [10/Nov/2022:08:06:48 -0500] "GET /BLA/resoluciones/index.php?dir=Notificaciones/RESOLUCIONES+2022/ HTTP/1.1" 200 82449
186.144.252.80 - - [10/Nov/2022:08:06:49 -0500] "POST /sipse/faces/presentacion/financiero/solicitudProceso/consultarSolicitudProceso.xhtml HTTP/1.1" 200 34125
186.144.252.80 - - [10/Nov/2022:08:06:51 -0500] "GET /sipse/faces/javax.faces.resource/theme.css?ln=primefaces-sipse HTTP/1.1" 304 -
186.144.252.80 - - [10/Nov/2022:08:06:51 -0500] "GET /sipse/faces/javax.faces.resource/primefaces.css?ln=primefaces&v=4.0 HTTP/1.1" 304 -
186.144.252.80 - - [10/Nov/2022:08:06:51 -0500] "GET /sipse/faces/javax.faces.resource/layout/layout.css?ln=primefaces&v=4.0 HTTP/1.1" 304 -
186.144.252.80 - - [10/Nov/2022:08:06:51 -0500] "GET /sipse/faces/javax.faces.resource/jquery/jquery.js?ln=primefaces&v=4.0 HTTP/1.1" 304 -
186.144.252.80 - - [10/Nov/2022:08:06:51 -0500] "GET /sipse/faces/javax.faces.resource/jquery/jquery-plugins.js?ln=primefaces&v=4.0 HTTP/1.1" 304 -
186.144.252.80 - - [10/Nov/2022:08:06:52 -0500] "GET /sipse/faces/javax.faces.resource/primefaces.js?ln=primefaces&v=4.0 HTTP/1.1" 304 -
186.144.252.80 - - [10/Nov/2022:08:06:52 -0500] "GET /sipse/faces/javax.faces.resource/layout/layout.js?ln=primefaces&v=4.0 HTTP/1.1" 304 -
186.144.252.80 - - [10/Nov/2022:08:06:52 -0500] "POST /sipse/faces/presentacion/financiero/solicitudProceso/listarSolicitudProceso.xhtml HTTP/1.1" 200 1376
136.243.228.197 - - [10/Nov/2022:08:07:00 -0500] "GET /BLA/resoluciones/index.php?dir=RESOLUCIONES+2003/RES+2003+251-300/ HTTP/1.1" 200 11115
136.243.228.197 - - [10/Nov/2022:08:07:14 -0500] "GET /BLA/resoluciones/index.php?dir=Notificaciones/RESOLUCIONES+2015/ HTTP/1.1" 200 14394
172.22.2.4 - - [10/Nov/2022:08:05:34 -0500] "HEAD /BLA/boletinlegal/ HTTP/1.1" 200 -
136.243.228.197 - - [10/Nov/2022:08:07:23 -0500] "GET /BLA/resoluciones/index.php?dir=Notificaciones/AUTOS+2014/ HTTP/1.1" 200 307706
136.243.228.197 - - [10/Nov/2022:08:07:38 -0500] "GET /BLA/resoluciones/index.php?dir=Notificaciones/REGISTROS+0216/ HTTP/1.1" 200 2241
136.243.228.197 - - [10/Nov/2022:08:07:50 -0500] "GET /BLA/resoluciones/index.php?dir=Notificaciones/REGISTROS+2015/ HTTP/1.1" 200 19557
136.243.228.197 - - [10/Nov/2022:08:08:02 -0500] "GET /BLA/resoluciones/index.php?dir=Notificaciones/REGISTROS+2020/ HTTP/1.1" 200 19439
172.22.2.4 - - [10/Nov/2022:08:06:25 -0500] "GET /BLA/boletinlegal/ HTTP/1.1" 200 57824
201.245.192.253 - - [10/Nov/2022:08:08:04 -0500] "POST /sipse/faces/presentacion/financiero/solicitudProceso/listarSolicitudProceso.xhtml HTTP/1.1" 200 110060
201.245.192.253 - - [10/Nov/2022:08:08:05 -0500] "GET /sipse/faces/javax.faces.resource/jquery/jquery.js?ln=primefaces&v=4.0 HTTP/1.1" 304 -
201.245.192.253 - - [10/Nov/2022:08:08:05 -0500] "GET /sipse/faces/javax.faces.resource/jquery/jquery-plugins.js?ln=primefaces&v=4.0 HTTP/1.1" 304 -
201.245.192.253 - - [10/Nov/2022:08:08:05 -0500] "GET /sipse/faces/javax.faces.resource/primefaces.js?ln=primefaces&v=4.0 HTTP/1.1" 304 -
201.245.192.253 - - [10/Nov/2022:08:08:05 -0500] "GET /sipse/faces/javax.faces.resource/layout/layout.js?ln=primefaces&v=4.0 HTTP/1.1" 304 -
201.245.192.253 - - [10/Nov/2022:08:08:05 -0500] "GET /sipse/faces/javax.faces.resource/dynamiccontent.properties?ln=primefaces&pfdrid=XjOR5%2F%2FfPAZAuY9TpWQeCiM0BhlXxYRBGKi%2FQcXXfeA%3D&pfdrid_c=false HTTP/1.1" 500 383
136.243.228.197 - - [10/Nov/2022:08:08:14 -0500] "GET /BLA/resoluciones/index.php?dir=Notificaciones/AUTOS+2021/ HTTP/1.1" 200 199710
136.243.228.197 - - [10/Nov/2022:08:08:27 -0500] "GET /BLA/resoluciones/index.php?dir=RESOLUCIONES+2003/RES+2003+601-650/ HTTP/1.1" 200 11292
136.243.228.197 - - [10/Nov/2022:08:08:38 -0500] "GET /BLA/resoluciones/index.php?dir=RESOLUCIONES%202003/&sort=size&order=asc HTTP/1.1" 200 31404
136.243.228.197 - - [10/Nov/2022:08:08:50 -0500] "GET /BLA/resoluciones/index.php?dir=RESOLUCIONES+2003/RES+2003+2051-2100/ HTTP/1.1" 200 12152
136.243.228.197 - - [10/Nov/2022:08:09:03 -0500] "GET /BLA/resoluciones/index.php?dir=RESOLUCIONES+2003/RES+2003+301-350/ HTTP/1.1" 200 11308
136.243.228.197 - - [10/Nov/2022:08:09:15 -0500] "GET /BLA/resoluciones/index.php?dir=Notificaciones/AUTOS+2012/ HTTP/1.1" 200 3092
216.245.221.92 - - [10/Nov/2022:08:09:15 -0500] "HEAD / HTTP/1.1" 200 -
136.243.228.197 - - [10/Nov/2022:08:09:27 -0500] "GET /BLA/resoluciones/index.php?dir=RESOLUCIONES+2003/RES+2003+1151-1200/ HTTP/1.1" 200 11570
136.243.228.197 - - [10/Nov/2022:08:09:37 -0500] "GET /BLA/resoluciones/index.php?dir=AUTOS%202004/&sort=date&order=asc HTTP/1.1" 200 2786
172.22.2.4 - - [10/Nov/2022:08:09:45 -0500] "GET /BLA/boletinlegal/Circulares/2013/Circular%20No.%204%20del%2005%20de%20junio%20de%202013.pdf HTTP/1.1" 304 -
136.243.228.197 - - [10/Nov/2022:08:09:50 -0500] "GET /BLA/resoluciones/index.php?dir=RESOLUCIONES+2003/RES+2003+901-950/ HTTP/1.1" 200 11306
136.243.228.197 - - [10/Nov/2022:08:10:02 -0500] "GET /BLA/resoluciones/index.php?dir=RESOLUCIONES%201994/&sort=date&order=asc HTTP/1.1" 200 2479
136.243.228.197 - - [10/Nov/2022:08:10:15 -0500] "GET /BLA/resoluciones/index.php?dir=RESOLUCIONES%202003/&sort=date&order=asc HTTP/1.1" 200 31404
201.245.192.253 - - [10/Nov/2022:08:10:14 -0500] "POST /kwsrmcab/Wsrmcab  HTTP/1.1" 200 40655
136.243.228.197 - - [10/Nov/2022:08:10:27 -0500] "GET /BLA/resoluciones/index.php?dir=Notificaciones/REGISTROS+2014/ HTTP/1.1" 200 15754
136.243.228.197 - - [10/Nov/2022:08:10:38 -0500] "GET /BLA/resoluciones/index.php?dir=RESOLUCIONES%201996/&sort=date&order=asc HTTP/1.1" 200 8967
136.243.228.197 - - [10/Nov/2022:08:10:48 -0500] "GET /BLA/resoluciones/index.php?dir=RESOLUCIONES+2003/RES+2003+1051-1100/ HTTP/1.1" 200 11571
136.243.228.197 - - [10/Nov/2022:08:11:01 -0500] "GET /BLA/resoluciones/index.php?dir=RESOLUCIONES+2003/RES+2003+001-050/ HTTP/1.1" 200 12161
136.243.228.197 - - [10/Nov/2022:08:11:11 -0500] "GET /BLA/resoluciones/index.php?dir=RESOLUCIONES%201992/&sort=size&order=asc HTTP/1.1" 200 2871
136.243.228.197 - - [10/Nov/2022:08:11:22 -0500] "GET /BLA/resoluciones/index.php?dir=RESOLUCIONES%202003/&sort=name&order=desc HTTP/1.1" 200 31403
136.243.228.197 - - [10/Nov/2022:08:11:33 -0500] "GET /BLA/resoluciones/index.php?dir=RESOLUCIONES%201996/&sort=name&order=desc HTTP/1.1" 200 8966
136.243.228.197 - - [10/Nov/2022:08:11:44 -0500] "GET /BLA/resoluciones/index.php?dir=RESOLUCIONES+2003/RES+2003+851-900/ HTTP/1.1" 200 11302
136.243.228.197 - - [10/Nov/2022:08:11:56 -0500] "GET /BLA/resoluciones/index.php?dir=Notificaciones/REGISTROS+2013/ HTTP/1.1" 200 2053
136.243.228.197 - - [10/Nov/2022:08:12:06 -0500] "GET /BLA/resoluciones/index.php?dir=Acuerdos/&sort=name&order=desc HTTP/1.1" 200 3395
136.243.228.197 - - [10/Nov/2022:08:12:18 -0500] "GET /BLA/resoluciones/index.php?dir=RESOLUCIONES+2003/RES+2003+1351-1400/ HTTP/1.1" 200 12157
136.243.228.197 - - [10/Nov/2022:08:12:30 -0500] "GET /BLA/resoluciones/index.php?dir=&sort=date&order=desc HTTP/1.1" 200 13092
186.102.51.173 - - [10/Nov/2022:08:12:37 -0500] "GET /kwssiamovil/sm/ldap/au?x=U2FsdGVkX19C477hwFQVOuTWeUNY2Z27pbeG3ABLehEcncxuM70wYAaCmKdLDqHl7R7mICQW7I2NwAtY4gYkCA==&y=U2FsdGVkX18SNMFSXqPftRIRAsMyrZ1BaOntbo35jMkwppcCdnKq4jasE7AGxfWR HTTP/1.1" 200 30
186.102.51.173 - - [10/Nov/2022:08:12:37 -0500] "GET /kwssiamovil/sm/acme/s?s=U2FsdGVkX1/Aod8F5J5QDk7NWwIZ8dDJHQNJ9x5Gofl8SpqXHh5flRF9SSiPYfav4tRSxMSKW8UlcWeUcx1t1VLxKzsaw17gQiqrU4ItlW4=&u=U2FsdGVkX1+n1lZzRPLdLnLLUhI/D6rl8wZWqi7FTyIQM3tyJulHxcHZt5wpgi3J&y=U2FsdGVkX18SNMFSXqPftRIRAsMyrZ1BaOntbo35jMkwppcCdnKq4jasE7AGxfWR HTTP/1.1" 200 97
186.102.51.173 - - [10/Nov/2022:08:12:37 -0500] "GET /kwssiamovil/sm/acme/s?s=U2FsdGVkX1+Z/ipAPmV3N1HCljVz91dsc8+xTQyL0sAdsNuWGGem4+3qt+gueeeR5IO76LDBMQcelA0ZRZQi9aJnSd1PORkLv9mSxeg+mFFg8NqCmPFzX2nehy8udSAG2cyg0rG3uPR4kS0XYkXvSZBctFgSniXsjdfhXOAcy4zd7afuOqGjoC0J+AM9rzbtm4CkSEDxIR4sj4v9t5aC4t1X5unDLUO2Um8d7VrOhesMGMl7M7qfijuIuoYt9agVvS5kNiRKVpgaGrMdfx1Bg7uXf5M03/ohqNYl9GyI2nnqQWc6/HPt2CjV9EehKfrJF9TtTFGnWpyWt5ekSSXffsELLze1TRQcq1KTbeG8S4JwQbdNFfzpZKuFEJogE76R9w8uNtt5+OfUj4cUMCrk7zR3Yb/wEo+mOZMPfnfpsd6BlcEcA71ehGq0y3jWYhyvmzFPCh73Hec+51lxjyVK4O5NgL0TSdZfTDnWCNpEudkcDISmcnXBMV2kJy1jefENdvBMwbpEZIo3RwebsNz0dXORe+soEuLUlpccqoiyFXc/C9SUNIlAT0VbQnbblgySJ1n/9xY3GZ6ZuHhKM3pYNc/mwQZp5KZAPoYrnhKhBrjWJNIC9MQXkXufViNNKuPcI6v1TMQNHqTsLojiB68/IjDWR0DyQSt2aRZv/p6B5dV7UEi/R6R916RKJgO8eP07TxG7OpoOKfWTRwYZKgT8F+dODlkTwVzh7xhVI5vGTP6CA4cmhV1Celmorxkxm5GWv8IBNbp8FRf0cFUpFtMMvEtExrzdkGyYEoZTNbbKvgNu+y2SlkowktaSnq1IFMPMofeVs6nwJS5KtEtr7KCVNc0zU3t12SQb0WSxFr763EcHNM3guLS45X+Sv9JqmcLXqrd66e45RfVDUb//gvdur5ZZFUIziQelxcb5hHJkcPC5iymT+ukrz1NzrdxPlkkYXFgRsHfyXu1EJ7AJnPR9kwVLEySv6PKuFRzf2gNc08Gl0kfogjIHoLDoKdpRUAc48E7KiVXCPOgz7+oE26CWFB9TfHQifAOcLBY3r5f4LJ4bnmoW68aR2+m25XPvm8kArxcN8IX5IvsCvoSqHx8hADJoNOwqnP7oJ3LeD6+0ZiLZCsaajp0eFTqdRjIS41oU8G8W8J8m2/MvnBJevAG2EtePnqm8SOsAg/YCP93hbU4ZyXvLImcZcPqr4rlN6JCwOO/i21iAqXxBbXXOpZ+R+90sHe/6qyFXQmf6st5BS1MbpDFykw6PeQ4Q+XbEzFa4CR31KJhJLCG4Dp13nBJMeqHYS042+nmxhKaEDQ9kwb1My52jTCxnmFj2hNqFxu1uXKo0J6kbuu7e97wVhxS/egsYq4R3qsxgQD+8TXNeFglV1Dk8971T2R7EJWDLSn/UN19rag86zyh6sjb9gFB2h1xYLVcr4fUHgHeRvf8OQ70=&u=U2FsdGVkX1+n1lZzRPLdLnLLUhI/D6rl8wZWqi7FTyIQM3tyJulHxcHZt5wpgi3J&y=U2FsdGVkX18SNMFSXqPftRIRAsMyrZ1BaOntbo35jMkwppcCdnKq4jasE7AGxfWR HTTP/1.1" 200 538
186.102.51.173 - - [10/Nov/2022:08:12:37 -0500] "GET /kwssiamovil/sm/acme/s?s=U2FsdGVkX1967JscMUk5GPpmxMBaL+alKAytRNP6eBD4Nf7+PViMhH1d817tJBgjyXZQaaGe43k5uVuu1ssk0hnwWpNYh3xQ6a+zagnFvMn22DNYGyUwQvrNV4B7MVweRP2C6o7v5hmzaAhRkwkQrAtG2dFk2LVKAIb+niCq2vCEnC8/nHkH+h2bhc7XT0Fm06UpbeSl/MQusN2DFXrSuV1Cw/5ftI5tHx/rc5yTyXpxZ/J6LAe7HkOVzWgUsu2w3pMeZ6En3h0ihBNIHF/t1NNw3TxsMxz3mCUSD5NN988b3eQkZkzc4LmxidEBJW3j385ZgXDAm/ZdUN8dCi+SMzzkofEJfcKrnGvpqieutr4=&u=U2FsdGVkX1+n1lZzRPLdLnLLUhI/D6rl8wZWqi7FTyIQM3tyJulHxcHZt5wpgi3J&y=U2FsdGVkX18SNMFSXqPftRIRAsMyrZ1BaOntbo35jMkwppcCdnKq4jasE7AGxfWR HTTP/1.1" 200 327
186.102.51.173 - - [10/Nov/2022:08:12:37 -0500] "GET /kwssiamovil/sm/cjson/pre?f=9&x=U2FsdGVkX19C477hwFQVOuTWeUNY2Z27pbeG3ABLehEcncxuM70wYAaCmKdLDqHl7R7mICQW7I2NwAtY4gYkCA== HTTP/1.1" 200 25142
186.102.51.173 - - [10/Nov/2022:08:12:37 -0500] "GET /kwssiamovil/sm/cjson/pre?f=18&x=U2FsdGVkX19C477hwFQVOuTWeUNY2Z27pbeG3ABLehEcncxuM70wYAaCmKdLDqHl7R7mICQW7I2NwAtY4gYkCA== HTTP/1.1" 200 32849
136.243.228.197 - - [10/Nov/2022:08:12:40 -0500] "GET /BLA/resoluciones/index.php?dir=RESOLUCIONES+2003/RES+2003+151-200/ HTTP/1.1" 200 12346
136.243.228.197 - - [10/Nov/2022:08:12:51 -0500] "GET /BLA/resoluciones/index.php?dir=Notificaciones/RESOLUCIONES+0020/ HTTP/1.1" 200 2077
136.243.228.197 - - [10/Nov/2022:08:13:03 -0500] "GET /BLA/resoluciones/index.php?dir=RESOLUCIONES+2003/RES+2003+101-150/ HTTP/1.1" 200 12355
172.22.2.4 - - [10/Nov/2022:08:11:24 -0500] "HEAD /BLA/boletinlegal/ HTTP/1.1" 200 -
136.243.228.197 - - [10/Nov/2022:08:13:14 -0500] "GET /BLA/resoluciones/index.php?dir=Notificaciones/&sort=name&order=desc HTTP/1.1" 200 10350
136.243.228.197 - - [10/Nov/2022:08:13:23 -0500] "GET /BLA/resoluciones/index.php?dir=AUTOS%202004/&sort=size&order=asc HTTP/1.1" 200 2786
136.243.228.197 - - [10/Nov/2022:08:13:35 -0500] "GET /BLA/resoluciones/index.php?dir=AUTOS%201997/&sort=size&order=asc HTTP/1.1" 200 2025
136.243.228.197 - - [10/Nov/2022:08:13:44 -0500] "GET /BLA/resoluciones/index.php?dir=RESOLUCIONES+2003/RES+2003+1101-1150/ HTTP/1.1" 200 11572
172.22.2.4 - - [10/Nov/2022:08:12:14 -0500] "GET /BLA/boletinlegal/ HTTP/1.1" 200 59404
136.243.228.197 - - [10/Nov/2022:08:13:56 -0500] "GET /BLA/resoluciones/index.php?dir=RESOLUCIONES%201992/&sort=name&order=desc HTTP/1.1" 200 2870
136.243.228.197 - - [10/Nov/2022:08:14:05 -0500] "GET /BLA/resoluciones/index.php?dir=RESOLUCIONES+2003/RES+2003+1301-1350/ HTTP/1.1" 200 12156
216.245.221.92 - - [10/Nov/2022:08:14:15 -0500] "HEAD / HTTP/1.1" 200 -
136.243.228.197 - - [10/Nov/2022:08:14:15 -0500] "GET /BLA/resoluciones/index.php?dir=Notificaciones/RESOLUCIONES+2014/ HTTP/1.1" 200 13932
136.243.228.197 - - [10/Nov/2022:08:14:26 -0500] "GET /BLA/resoluciones/index.php?dir=RESOLUCIONES+2003/RES+2003+351-400/ HTTP/1.1" 200 11305
136.243.228.197 - - [10/Nov/2022:08:14:37 -0500] "GET /BLA/resoluciones/index.php?dir=RESOLUCIONES+2003/RES+2003+801-850/ HTTP/1.1" 200 11308
136.243.228.197 - - [10/Nov/2022:08:14:49 -0500] "GET /BLA/resoluciones/index.php?dir=RESOLUCIONES+2003/RES+2003+1201-1250/ HTTP/1.1" 200 12626
136.243.228.197 - - [10/Nov/2022:08:14:58 -0500] "GET /BLA/resoluciones/index.php?dir=Notificaciones/RESOLUCIONES+2018/ HTTP/1.1" 200 19354
136.243.228.197 - - [10/Nov/2022:08:15:08 -0500] "GET /BLA/resoluciones/index.php?dir=2018/&sort=size&order=asc HTTP/1.1" 200 1608
201.245.192.253 - - [10/Nov/2022:08:15:11 -0500] "POST /kwsrmcab/Wsrmcab  HTTP/1.1" 200 40655
136.243.228.197 - - [10/Nov/2022:08:15:18 -0500] "GET /BLA/resoluciones/index.php?dir=RESOLUCIONES+2003/RES+2003+2101-2150/ HTTP/1.1" 200 12160
136.243.228.197 - - [10/Nov/2022:08:15:28 -0500] "GET /BLA/resoluciones/index.php?dir=RESOLUCIONES+2003/RES+2003+1951-2000/ HTTP/1.1" 200 12149
136.243.228.197 - - [10/Nov/2022:08:15:39 -0500] "GET /BLA/resoluciones/index.php?dir=RESOLUCIONES+2003/RES+2003+201-250/ HTTP/1.1" 200 12348
136.243.228.197 - - [10/Nov/2022:08:15:50 -0500] "GET /BLA/resoluciones/index.php?dir=Notificaciones/AUTOS+2020/ HTTP/1.1" 200 119159
136.243.228.197 - - [10/Nov/2022:08:16:01 -0500] "GET /BLA/resoluciones/index.php?dir=RESOLUCIONES+2003/RES+2003+651-700/ HTTP/1.1" 200 11300
13.67.224.13 - - [10/Nov/2022:08:16:07 -0500] "GET /galeria/galeria/fotos/2CaminataP3.jpg HTTP/1.1" 200 30753
136.243.228.197 - - [10/Nov/2022:08:16:09 -0500] "GET /BLA/resoluciones/index.php?dir=RESOLUCIONES%201995/&sort=size&order=asc HTTP/1.1" 200 12327
136.243.228.197 - - [10/Nov/2022:08:16:20 -0500] "GET /BLA/resoluciones/index.php?dir=2018/&sort=date&order=asc HTTP/1.1" 200 1608
136.243.228.197 - - [10/Nov/2022:08:16:30 -0500] "GET /BLA/resoluciones/index.php?dir=Notificaciones/AUTOS+2013/ HTTP/1.1" 200 39422
136.243.228.197 - - [10/Nov/2022:08:16:39 -0500] "GET /BLA/resoluciones/index.php?dir=RESOLUCIONES+2003/RES+2003+1501-1550/ HTTP/1.1" 200 12137
136.243.228.197 - - [10/Nov/2022:08:16:47 -0500] "GET /BLA/resoluciones/index.php?dir=RESOLUCIONES+2003/RES+2003+1851--1900/ HTTP/1.1" 200 12206
136.243.228.197 - - [10/Nov/2022:08:16:58 -0500] "GET /BLA/resoluciones/index.php?dir=Notificaciones/RESOLUCIONES+2016/ HTTP/1.1" 200 18023
136.243.228.197 - - [10/Nov/2022:08:17:07 -0500] "GET /BLA/resoluciones/index.php?dir=&sort=name&order=asc HTTP/1.1" 200 13093
136.243.228.197 - - [10/Nov/2022:08:17:15 -0500] "GET /BLA/resoluciones/index.php?dir=Notificaciones/AUTOS+1988/ HTTP/1.1" 200 2205
136.243.228.197 - - [10/Nov/2022:08:17:25 -0500] "GET /BLA/resoluciones/index.php?dir=RESOLUCIONES+2003/RES+2003+701-750/ HTTP/1.1" 200 11298
136.243.228.197 - - [10/Nov/2022:08:17:33 -0500] "GET /BLA/resoluciones/index.php?dir=Notificaciones/REGISTROS+2017/ HTTP/1.1" 200 9178
186.102.24.248 - - [10/Nov/2022:08:17:38 -0500] "GET /kwssiamovil/sm/ldap/au?x=U2FsdGVkX19PUbjA98xkVG6sSDf7+pmafW2X+ak9Yg3guIbSZGzBwrjCOkedoqoPDOg+zfFbuT2uH8TeryBsCQ==&y=U2FsdGVkX1+8k2OIz3kBDeD/MjRuFjAsRjlV4Y0kqcL9ZHhvZW25aMNb/jaNTxbc HTTP/1.1" 200 30
186.102.24.248 - - [10/Nov/2022:08:17:38 -0500] "GET /kwssiamovil/sm/acme/s?s=U2FsdGVkX1/LnQIJImZDPuk3VvXjAdLRh4mLoC4V4wMoiQQjqay2lIe5OHnD9kQ0xixmedWMaUpnQSk6IaYRJZlrqoyHzsaql2lkxuFRIE8=&u=U2FsdGVkX1+Fo4ScUN5u+9Kr/Q6z2oFXZdmoRpbhEAY=&y=U2FsdGVkX1+8k2OIz3kBDeD/MjRuFjAsRjlV4Y0kqcL9ZHhvZW25aMNb/jaNTxbc HTTP/1.1" 200 97
186.102.24.248 - - [10/Nov/2022:08:17:39 -0500] "GET /kwssiamovil/sm/acme/s?s=U2FsdGVkX19DHuLanMh4cQozS7QQxDQsZAJJMg9Ju/ZAMXvh9aEk+VMUZmsOgtUoxi07MTVExGgIOWflfQLwhltDPiqw8LbYZADBlu3KVIv1uZ5SX14/JLBt7T6DUQP+s6z2u3QQhUnzW95uAZwjjaExEF6mCADNhLEou8U8KYvBoNydwYX/VykqYFbgsDBrUQd2gp/ezEGOH6ohUohlxLq9ts+IvSF0yx/OEwPA+O74+9+pRpmkG8li+rg2QCCjb47HewA/WJZ7XaVRE+WSvzUEdnnE8fMPiS2KV/1gy4L0D0ehecxlCdHu0iETmcOPinKlXCqIQuBwty0gGMGkzodZ5CUmAa53XyOzFUiOUnPlXOvjc4ZAPEXZXetT+TWEyB7CkgQlOBwKjKMPbqJEiDvEeBAlDMzA7XsOCDff7AqVxZCpn1gsfuimUBuZsHWkGBJXR4x27My4i6VrL4MycNXOKsphlvPxHTE3w2A5lENtdHqo/TMohao28y4Cto+i0sSlKen7M0oswcFsAHmtQEj5aq72Sd/kJ6W42bbW1tLlxbJlNezAX3/Bm2lk7vc6PW7VAMOYuLwycgzd1ScI02grbYksZ3I2UTcDX0zL7qqjjFB5hd4YnAreFDXczO2jtZo1TgTM9Yz5boM2w7tVVLc2OVyE4PRv0+XzsdkLNIJ3llZrXAo5lWI2yR+g6xI6jk8ACJ8wK97SVjszJj7ScfB5UK5mqYJJORBTbzqYfUBPCuPpKAcAevTKxpcDLPX1difO82MHaCI9IMARRcTl9PyAG2v9ChDm6u4VsknzUnSyH/yXLjlsB1eT25qUdVyCxEuC5xK2ow1GPY9wehppcfZWMH3YwwDwuzkJvpa+Gx+PfiSV3ukty98z4weKWLmlcGMtGxZx2N91cqZe8vtfUQ6YO7NlI2GFdFpotknwcD8R7Q5bVMgtCoQuVf5fe0M/zKf+S6Tmz2tlDEuM7pLy96HKPpYtXeSwRjQdW4cmetQGCo/p/5tv3B+AQaQECBGKQAO/XjVAUfoZrdg5/xBtwhVmpkJGiCpWs2XbtgHJkb6rWK9qq9jjJgvuZfazGGuPnOABIBEbqNqefvPywpH3NilQ1C66FktldCV5hfBbPgms3Ke/fM/uqPvQ47uGUvKQtcRj2nk55TqRs95Pbi3BGlgZlztGG6jqpFLZTaTEKkpmkgMS9oXrjKsWm0sAnv8XTsYq4a1C8+BsnQMCk3AE2p400NzpwWtEpn3YBQ6ucd9B3AhWKVLCVz6l9pB4pq8PRVqXGsX4H3JgYD8aH1hmIxi3VQBhBul7UQqB3tKm39FLLQGefp+HlUcXiLD07WTJDAFGzopSKNPWRiY5uOKXZjY9F2CeTc2a8D4Ql6xBpRz0zHLQBaQpNy/eqtUi7qkm/MeLbGxPBs0ojQueu90SBvmadfD9Ct4M96AVUddeUBM=&u=U2FsdGVkX1+Fo4ScUN5u+9Kr/Q6z2oFXZdmoRpbhEAY=&y=U2FsdGVkX1+8k2OIz3kBDeD/MjRuFjAsRjlV4Y0kqcL9ZHhvZW25aMNb/jaNTxbc HTTP/1.1" 200 1551
186.102.24.248 - - [10/Nov/2022:08:17:39 -0500] "GET /kwssiamovil/sm/acme/s?s=U2FsdGVkX190IW+wQNtX9k0t80IyaN7eSPbKNcYzYZBP7L3SVrsiiYozxS9MBYe9UtXgBqjyU4JYZIJywHKv4Y6mVcM+QHbKa0253qLFjFFIA11k5fTB6l28CxdPx6Si/quCvF8MB3HAiHDNw63HB9g+LGdim0qnvFNdEvgJO1MdNF3aORSp2X/c8VZyk5QTM+Bg/GUXozKvO68vDp3YQDqhEpyfOhCB1zwCHd1XN69aA7CkSlyNp68wMM7u6covAuutrdbSEN0cF10fdLk8lbiEPWwTMKkCag1JLTD1dKhmORdo1LlpNczk0iye2FBkvv4ZnBCy345JNG77JFIrmFDOO5N4cPxM6qbXVhY5Cqg=&u=U2FsdGVkX1+Fo4ScUN5u+9Kr/Q6z2oFXZdmoRpbhEAY=&y=U2FsdGVkX1+8k2OIz3kBDeD/MjRuFjAsRjlV4Y0kqcL9ZHhvZW25aMNb/jaNTxbc HTTP/1.1" 200 196
186.102.24.248 - - [10/Nov/2022:08:17:39 -0500] "GET /kwssiamovil/sm/cjson/pre?f=1&x=U2FsdGVkX19PUbjA98xkVG6sSDf7+pmafW2X+ak9Yg3guIbSZGzBwrjCOkedoqoPDOg+zfFbuT2uH8TeryBsCQ== HTTP/1.1" 200 30992
136.243.228.197 - - [10/Nov/2022:08:17:42 -0500] "GET /BLA/resoluciones/index.php?dir=Notificaciones/RESOLUCIONES+2021/ HTTP/1.1" 200 117654
136.243.228.197 - - [10/Nov/2022:08:17:52 -0500] "GET /BLA/resoluciones/index.php?dir=RESOLUCIONES+2003/RES+2003+1551-1601/ HTTP/1.1" 200 12156
136.243.228.197 - - [10/Nov/2022:08:18:03 -0500] "GET /BLA/resoluciones/index.php?dir=RESOLUCIONES%202000/&sort=name&order=desc HTTP/1.1" 200 27658
136.243.228.197 - - [10/Nov/2022:08:18:11 -0500] "GET /BLA/resoluciones/index.php?dir=RESOLUCIONES+2003/RES+2003+1251-1300/ HTTP/1.1" 200 12202
136.243.228.197 - - [10/Nov/2022:08:18:21 -0500] "GET /BLA/resoluciones/index.php?dir=Notificaciones/RESOLUCIONES+0217/ HTTP/1.1" 200 2268
136.243.228.197 - - [10/Nov/2022:08:18:29 -0500] "GET /BLA/resoluciones/index.php?dir=AUTOS%201997/&sort=name&order=desc HTTP/1.1" 200 2024
136.243.228.197 - - [10/Nov/2022:08:18:40 -0500] "GET /BLA/resoluciones/index.php?dir=RESOLUCIONES+2003/ANEXOS+RES+2048/ HTTP/1.1" 200 7160
136.243.228.197 - - [10/Nov/2022:08:18:48 -0500] "GET /BLA/resoluciones/index.php?dir=Notificaciones/RESOLUCIONES+2020/ HTTP/1.1" 200 52806
172.22.2.4 - - [10/Nov/2022:08:17:14 -0500] "HEAD /BLA/boletinlegal/ HTTP/1.1" 200 -
136.243.228.197 - - [10/Nov/2022:08:18:56 -0500] "GET /BLA/resoluciones/index.php?dir=AUTOS%202004/&sort=name&order=desc HTTP/1.1" 200 2785
136.243.228.197 - - [10/Nov/2022:08:19:06 -0500] "GET /BLA/resoluciones/index.php?dir=RESOLUCIONES%201994/&sort=size&order=asc HTTP/1.1" 200 2479
216.245.221.92 - - [10/Nov/2022:08:19:15 -0500] "HEAD / HTTP/1.1" 200 -
136.243.228.197 - - [10/Nov/2022:08:19:16 -0500] "GET /BLA/resoluciones/index.php?dir=Notificaciones/REGISTROS+0218/ HTTP/1.1" 200 1871
136.243.228.197 - - [10/Nov/2022:08:19:23 -0500] "GET /BLA/resoluciones/index.php?dir=Notificaciones/REGISTROS+2019/ HTTP/1.1" 200 17861
172.22.2.4 - - [10/Nov/2022:08:18:05 -0500] "GET /BLA/boletinlegal/ HTTP/1.1" 200 59779
201.245.192.253 - - [10/Nov/2022:08:20:11 -0500] "POST /kwsrmcab/Wsrmcab  HTTP/1.1" 200 40655
20.29.110.169 - - [10/Nov/2022:08:20:59 -0500] "GET /portaldeninos/wp-content/uploads/2020/05/fb.jpg HTTP/1.1" 200 9893
172.22.2.4 - - [10/Nov/2022:08:21:22 -0500] "GET /BLA/boletinlegal/actos.php HTTP/1.1" 200 9566
172.22.2.4 - - [10/Nov/2022:08:21:22 -0500] "GET /BLA/boletinlegal/styles2.css HTTP/1.1" 200 1838
172.22.2.4 - - [10/Nov/2022:08:21:22 -0500] "GET /BLA/boletinlegal/js/ajax_actos.js HTTP/1.1" 200 1322
172.22.2.4 - - [10/Nov/2022:08:21:22 -0500] "GET /BLA/boletinlegal/niceforms-default.css HTTP/1.1" 200 6694
172.22.2.4 - - [10/Nov/2022:08:21:22 -0500] "GET /BLA/boletinlegal/style.css HTTP/1.1" 200 9406
172.22.2.4 - - [10/Nov/2022:08:21:22 -0500] "GET /BLA/boletinlegal/niceforms.js HTTP/1.1" 200 22876
172.22.2.4 - - [10/Nov/2022:08:21:22 -0500] "GET /BLA/boletinlegal/js/lib.js HTTP/1.1" 200 6474
172.22.2.4 - - [10/Nov/2022:08:21:22 -0500] "GET /BLA/boletinlegal/js/popup.js HTTP/1.1" 200 1270
172.22.2.4 - - [10/Nov/2022:08:21:22 -0500] "GET /BLA/boletinlegal/js/jquery1.js HTTP/1.1" 200 29846
172.22.2.4 - - [10/Nov/2022:08:21:22 -0500] "GET /BLA/boletinlegal/images/cabezote%20BLEGAL.jpg HTTP/1.1" 200 118164
172.22.2.4 - - [10/Nov/2022:08:21:22 -0500] "GET /BLA/boletinlegal/images/subscribe-icon-big.png HTTP/1.1" 200 47702
172.22.2.4 - - [10/Nov/2022:08:21:22 -0500] "GET /BLA/boletinlegal/images/tel.png HTTP/1.1" 200 14477
172.22.2.4 - - [10/Nov/2022:08:21:22 -0500] "GET /BLA/boletinlegal/images/registro-usuarios.png HTTP/1.1" 200 8106
172.22.2.4 - - [10/Nov/2022:08:21:22 -0500] "GET /BLA/boletinlegal/images/historia.png HTTP/1.1" 200 52775
172.22.2.4 - - [10/Nov/2022:08:21:22 -0500] "GET /BLA/boletinlegal/images/green-yellow-blue-pink-th.png HTTP/1.1" 200 7394
172.22.2.4 - - [10/Nov/2022:08:21:22 -0500] "GET /BLA/boletinlegal/images/body_bg.jpg HTTP/1.1" 200 1601
172.22.2.4 - - [10/Nov/2022:08:21:22 -0500] "GET /BLA/boletinlegal/images/menu_lft.gif HTTP/1.1" 200 1713
172.22.2.4 - - [10/Nov/2022:08:21:22 -0500] "GET /BLA/boletinlegal/images/icono-email.png HTTP/1.1" 200 5544
172.22.2.4 - - [10/Nov/2022:08:21:22 -0500] "GET /BLA/boletinlegal/images/menu_rght.gif HTTP/1.1" 200 1627
172.22.2.4 - - [10/Nov/2022:08:21:22 -0500] "GET /BLA/boletinlegal/images/bg_top.jpg HTTP/1.1" 200 522
172.22.2.4 - - [10/Nov/2022:08:21:22 -0500] "GET /BLA/boletinlegal/images/menu_bg.jpg HTTP/1.1" 200 620
172.22.2.4 - - [10/Nov/2022:08:21:22 -0500] "GET /BLA/boletinlegal/images/text.jpg HTTP/1.1" 200 568
172.22.2.4 - - [10/Nov/2022:08:21:22 -0500] "GET /BLA/boletinlegal/images/footer_bg.jpg HTTP/1.1" 200 586
172.22.2.4 - - [10/Nov/2022:08:21:22 -0500] "GET /BLA/boletinlegal/images/footer_bg_l.jpg HTTP/1.1" 200 776
172.22.2.4 - - [10/Nov/2022:08:21:22 -0500] "GET /BLA/boletinlegal/images/hover.jpg HTTP/1.1" 200 640
172.22.2.4 - - [10/Nov/2022:08:21:22 -0500] "GET /BLA/boletinlegal/img/0.png HTTP/1.1" 200 110
172.22.2.4 - - [10/Nov/2022:08:21:23 -0500] "GET /BLA/boletinlegal/img/select-left.png HTTP/1.1" 200 263
172.22.2.4 - - [10/Nov/2022:08:21:23 -0500] "GET /BLA/boletinlegal/img/select-right.png HTTP/1.1" 200 44019
172.22.2.4 - - [10/Nov/2022:08:21:23 -0500] "GET /BLA/boletinlegal/img/button-left.png HTTP/1.1" 200 57071
172.22.2.4 - - [10/Nov/2022:08:21:23 -0500] "GET /BLA/boletinlegal/img/button.png HTTP/1.1" 200 43241
172.22.2.4 - - [10/Nov/2022:08:21:23 -0500] "GET /BLA/boletinlegal/img/button-right.png HTTP/1.1" 200 57878
172.22.2.4 - - [10/Nov/2022:08:21:23 -0500] "GET /BLA/boletinlegal/favicon.ico HTTP/1.1" 404 1326
172.22.2.4 - - [10/Nov/2022:08:21:39 -0500] "GET /BLA/boletinlegal/consulta_actos.php?tipo=resoluciones&no=2641&usuario=&sector=&fecha=2009&resuelve= HTTP/1.1" 200 1175
190.93.137.233 - - [10/Nov/2022:08:21:43 -0500] "GET /BLA/resoluciones/RESOLUCIONES%202009/2641.pdf HTTP/1.1" 200 1097549
201.245.192.253 - - [10/Nov/2022:08:21:49 -0500] "POST /kwsrmcab/Wsrmcab HTTP/1.1" 200 44155
201.245.192.253 - - [10/Nov/2022:08:21:52 -0500] "POST /kwsrmcab/Wsrmcab HTTP/1.1" 200 44303
172.22.2.4 - - [10/Nov/2022:08:22:36 -0500] "GET /BLA/boletinlegal/actos.php HTTP/1.1" 200 9566
172.22.2.4 - - [10/Nov/2022:08:22:49 -0500] "GET /BLA/boletinlegal/consulta_actos.php?tipo=resoluciones&no=2641&usuario=&sector=&fecha=2009&resuelve= HTTP/1.1" 200 1175
136.243.228.197 - - [10/Nov/2022:08:22:58 -0500] "GET /BLA/resoluciones/index.php?dir=AUTOS+2006/AUTOS+2006+2501+-+2600/ HTTP/1.1" 200 22209
136.243.228.197 - - [10/Nov/2022:08:23:14 -0500] "GET /BLA/resoluciones/index.php?dir=RESOLUCIONES+2006/RES+2006+2351-2400/ HTTP/1.1" 200 12357
136.243.228.179 - - [10/Nov/2022:08:23:15 -0500] "GET /portaldeninos/biodiversidad/ HTTP/1.1" 200 86633
136.243.228.197 - - [10/Nov/2022:08:23:18 -0500] "GET /BLA/resoluciones/index.php?dir=RESOLUCIONES%201999/&sort=name&order=desc HTTP/1.1" 200 10376
136.243.228.197 - - [10/Nov/2022:08:23:34 -0500] "GET /BLA/resoluciones/index.php?dir=RESOLUCIONES+2006/RES+2006+1451-1500/ HTTP/1.1" 200 12370
13.67.224.12 - - [10/Nov/2022:08:23:40 -0500] "GET /galeria/nivo-slider/demo/images/BANNERCAMINATAJUNIO.jpg HTTP/1.1" 200 269771
136.243.228.197 - - [10/Nov/2022:08:23:50 -0500] "GET /BLA/resoluciones/index.php?dir=AUTOS+2006/AUTOS+2006+401-500/ HTTP/1.1" 200 21769
191.102.89.5 - - [10/Nov/2022:08:24:06 -0500] "GET /reportes_sipse/jsp/inicio.jsp HTTP/1.1" 200 2935
136.243.228.197 - - [10/Nov/2022:08:24:07 -0500] "GET /BLA/resoluciones/index.php?dir=AUTOS+2006/AUTOS+2006+801-900/ HTTP/1.1" 200 21775
191.102.89.5 - - [10/Nov/2022:08:24:12 -0500] "POST /reportes_sipse/sdg/ServletReporte?adquisiciones_sipse_detallado& HTTP/1.1" 200 6273
216.245.221.92 - - [10/Nov/2022:08:24:15 -0500] "HEAD / HTTP/1.1" 200 -
136.243.228.197 - - [10/Nov/2022:08:24:24 -0500] "GET /BLA/resoluciones/index.php?dir=RESOLUCIONES+2006/RES+2006+2301-2350/ HTTP/1.1" 200 12364
136.243.228.197 - - [10/Nov/2022:08:24:39 -0500] "GET /BLA/resoluciones/index.php?dir=RESOLUCIONES+2002/RES+2002+1651-1700/ HTTP/1.1" 200 12155
172.22.2.4 - - [10/Nov/2022:08:23:04 -0500] "HEAD /BLA/boletinlegal/ HTTP/1.1" 200 -
136.243.228.197 - - [10/Nov/2022:08:24:52 -0500] "GET /BLA/resoluciones/index.php?dir=RESOLUCIONES+2002/RES+2002+1801-1850/ HTTP/1.1" 200 12158
201.245.192.253 - - [10/Nov/2022:08:25:07 -0500] "POST /sipse/faces/presentacion/financiero/solicitudProceso/consultarSolicitudProceso.xhtml HTTP/1.1" 200 66066
201.245.192.253 - - [10/Nov/2022:08:25:08 -0500] "GET /sipse/faces/javax.faces.resource/jquery/jquery.js?ln=primefaces&v=4.0 HTTP/1.1" 304 -
201.245.192.253 - - [10/Nov/2022:08:25:08 -0500] "GET /sipse/faces/javax.faces.resource/jquery/jquery-plugins.js?ln=primefaces&v=4.0 HTTP/1.1" 304 -
201.245.192.253 - - [10/Nov/2022:08:25:08 -0500] "GET /sipse/faces/javax.faces.resource/primefaces.js?ln=primefaces&v=4.0 HTTP/1.1" 304 -
201.245.192.253 - - [10/Nov/2022:08:25:08 -0500] "GET /sipse/faces/javax.faces.resource/layout/layout.js?ln=primefaces&v=4.0 HTTP/1.1" 304 -
136.243.228.197 - - [10/Nov/2022:08:25:08 -0500] "GET /BLA/resoluciones/index.php?dir=AUTOS%202002/&sort=size&order=asc HTTP/1.1" 200 1813
201.245.192.253 - - [10/Nov/2022:08:25:08 -0500] "POST /sipse/faces/presentacion/financiero/solicitudProceso/listarSolicitudProceso.xhtml HTTP/1.1" 200 59463
201.245.192.253 - - [10/Nov/2022:08:25:08 -0500] "POST /sipse/faces/presentacion/financiero/solicitudProceso/listarSolicitudProceso.xhtml HTTP/1.1" 200 59463
201.245.192.253 - - [10/Nov/2022:08:25:09 -0500] "POST /sipse/faces/presentacion/financiero/solicitudProceso/listarSolicitudProceso.xhtml HTTP/1.1" 200 1560
201.245.192.253 - - [10/Nov/2022:08:25:09 -0500] "POST /sipse/faces/presentacion/financiero/solicitudProceso/listarSolicitudProceso.xhtml HTTP/1.1" 200 1564
201.245.192.253 - - [10/Nov/2022:08:25:09 -0500] "POST /sipse/faces/presentacion/financiero/solicitudProceso/listarSolicitudProceso.xhtml HTTP/1.1" 200 1564
191.102.89.5 - - [10/Nov/2022:08:25:11 -0500] "GET /reportes_sipse/jsp/inicio.jsp HTTP/1.1" 200 2935
201.245.192.253 - - [10/Nov/2022:08:25:10 -0500] "POST /kwsrmcab/Wsrmcab  HTTP/1.1" 200 40655
191.102.89.5 - - [10/Nov/2022:08:25:13 -0500] "POST /reportes_sipse/sdg/ServletReporte?saldo_actividades_contratacion_columnas& HTTP/1.1" 200 5986
136.243.228.197 - - [10/Nov/2022:08:25:23 -0500] "GET /BLA/resoluciones/index.php?dir=RESOLUCIONES+2002/RES+2002+1601-1650/ HTTP/1.1" 200 12158
172.22.2.4 - - [10/Nov/2022:08:23:54 -0500] "GET /BLA/boletinlegal/ HTTP/1.1" 200 59404
191.102.89.5 - - [10/Nov/2022:08:25:20 -0500] "POST /reportes_sipse/sdg/ServletControlador HTTP/1.1" 200 72797
136.243.228.197 - - [10/Nov/2022:08:25:37 -0500] "GET /BLA/resoluciones/index.php?dir=AUTOS+2006/AUTOS+2006+301-400/ HTTP/1.1" 200 21781
191.156.56.9 - - [10/Nov/2022:08:25:45 -0500] "GET /sipse/faces/index.xhtml HTTP/1.1" 200 677
191.156.56.9 - - [10/Nov/2022:08:25:46 -0500] "GET /sipse/faces/javax.faces.resource/theme.css?ln=primefaces-sipse HTTP/1.1" 304 -
191.156.60.56 - - [10/Nov/2022:08:25:48 -0500] "GET /sipse/js/disable_browser_buttons.js HTTP/1.1" 304 -
191.156.58.180 - - [10/Nov/2022:08:25:48 -0500] "GET /sipse/css/custom_css_sg.css HTTP/1.1" 304 -
191.156.56.9 - - [10/Nov/2022:08:25:47 -0500] "GET /sipse/faces/faces/autenticacion.xhtml HTTP/1.1" 200 12182
191.156.59.81 - - [10/Nov/2022:08:25:48 -0500] "GET /sipse/css/custom_css_sg_prime_login.css HTTP/1.1" 304 -
191.156.57.127 - - [10/Nov/2022:08:25:48 -0500] "GET /sipse/faces/javax.faces.resource/theme.css?ln=primefaces-sipse HTTP/1.1" 304 -
191.156.51.128 - - [10/Nov/2022:08:25:48 -0500] "GET /sipse/faces/javax.faces.resource/primefaces.css?ln=primefaces&v=4.0 HTTP/1.1" 304 -
191.156.60.56 - - [10/Nov/2022:08:25:48 -0500] "GET /sipse/faces/javax.faces.resource/layout/layout.css?ln=primefaces&v=4.0 HTTP/1.1" 304 -
191.156.58.180 - - [10/Nov/2022:08:25:48 -0500] "GET /sipse/js/funciones.js HTTP/1.1" 304 -
191.156.56.9 - - [10/Nov/2022:08:25:48 -0500] "GET /sipse/faces/javax.faces.resource/jquery/jquery.js?ln=primefaces&v=4.0 HTTP/1.1" 304 -
191.156.59.81 - - [10/Nov/2022:08:25:49 -0500] "GET /sipse/faces/javax.faces.resource/jquery/jquery-plugins.js?ln=primefaces&v=4.0 HTTP/1.1" 304 -
191.156.57.127 - - [10/Nov/2022:08:25:49 -0500] "GET /sipse/faces/javax.faces.resource/primefaces.js?ln=primefaces&v=4.0 HTTP/1.1" 304 -
191.156.51.128 - - [10/Nov/2022:08:25:49 -0500] "GET /sipse/faces/javax.faces.resource/layout/layout.js?ln=primefaces&v=4.0 HTTP/1.1" 304 -
191.156.51.128 - - [10/Nov/2022:08:25:51 -0500] "GET /sipse/css/imagen/logoSDG.png HTTP/1.1" 304 -
191.156.57.127 - - [10/Nov/2022:08:25:51 -0500] "GET /sipse/css/imagen/loginimg.png HTTP/1.1" 304 -
136.243.228.197 - - [10/Nov/2022:08:25:52 -0500] "GET /BLA/resoluciones/index.php?dir=RESOLUCIONES+2002/RES+2002+1101-1150/ HTTP/1.1" 200 12347
191.156.59.81 - - [10/Nov/2022:08:25:53 -0500] "GET /sipse/faces/javax.faces.resource/images/ui-icons_898989_256x240.png?ln=primefaces-aristo HTTP/1.1" 304 -
136.243.228.197 - - [10/Nov/2022:08:26:06 -0500] "GET /BLA/resoluciones/index.php?dir=AUTOS%202005/&sort=size&order=asc HTTP/1.1" 200 2791
136.243.228.197 - - [10/Nov/2022:08:26:22 -0500] "GET /BLA/resoluciones/index.php?dir=RESOLUCIONES+2002/RES+2002+601-650/ HTTP/1.1" 200 12037
191.156.62.111 - - [10/Nov/2022:08:26:29 -0500] "POST /sipse/faces/autenticacion.xhtml HTTP/1.1" 200 2224
191.156.62.111 - - [10/Nov/2022:08:26:30 -0500] "GET /sipse/faces/javax.faces.resource/messages/messages.png?ln=primefaces&v=4.0 HTTP/1.1" 304 -
191.156.62.111 - - [10/Nov/2022:08:26:30 -0500] "POST /sipse/faces/autenticacion.xhtml HTTP/1.1" 200 2228
136.243.228.197 - - [10/Nov/2022:08:26:36 -0500] "GET /BLA/resoluciones/index.php?dir=RESOLUCIONES+2002/RES+2002+1001-1050/ HTTP/1.1" 200 12610
191.156.62.111 - - [10/Nov/2022:08:26:37 -0500] "POST /sipse/faces/autenticacion.xhtml HTTP/1.1" 200 16258
191.156.62.111 - - [10/Nov/2022:08:26:38 -0500] "GET /sipse/css/custom_css_sg_prime.css HTTP/1.1" 304 -
191.156.59.81 - - [10/Nov/2022:08:26:39 -0500] "GET /sipse/js/jquery.min.js HTTP/1.1" 304 -
191.156.57.127 - - [10/Nov/2022:08:26:39 -0500] "GET /sipse/faces/javax.faces.resource/theme.css?ln=primefaces-sipse HTTP/1.1" 304 -
191.156.51.128 - - [10/Nov/2022:08:26:39 -0500] "GET /sipse/faces/javax.faces.resource/primefaces.css?ln=primefaces&v=4.0 HTTP/1.1" 304 -
191.156.62.111 - - [10/Nov/2022:08:26:39 -0500] "GET /sipse/faces/javax.faces.resource/layout/layout.css?ln=primefaces&v=4.0 HTTP/1.1" 304 -
191.156.57.127 - - [10/Nov/2022:08:26:39 -0500] "GET /sipse/faces/javax.faces.resource/jquery/jquery.js?ln=primefaces&v=4.0 HTTP/1.1" 304 -
