66.220.149.14 - - [10/Nov/2022:03:44:18 -0500] "GET /images/Senderos1.jpeg HTTP/1.1" 200 172777
172.22.2.4 - - [10/Nov/2022:03:43:05 -0500] "HEAD /BLA/boletinlegal/ HTTP/1.1" 200 -
172.22.2.4 - - [10/Nov/2022:03:43:55 -0500] "GET /BLA/boletinlegal/ HTTP/1.1" 200 57824
201.245.192.253 - - [10/Nov/2022:03:46:05 -0500] "POST /kwsrmcab/Wsrmcab  HTTP/1.1" 200 40655
216.245.221.92 - - [10/Nov/2022:03:49:16 -0500] "HEAD / HTTP/1.1" 200 -
172.22.2.4 - - [10/Nov/2022:03:48:35 -0500] "GET /BLA/boletinlegal/ HTTP/1.1" 200 48801
172.22.2.4 - - [10/Nov/2022:03:48:55 -0500] "HEAD /BLA/boletinlegal/ HTTP/1.1" 200 -
201.245.192.253 - - [10/Nov/2022:03:51:04 -0500] "POST /kwsrmcab/Wsrmcab  HTTP/1.1" 200 40655
172.22.2.4 - - [10/Nov/2022:03:49:45 -0500] "GET /BLA/boletinlegal/ HTTP/1.1" 200 56079
172.22.2.4 - - [10/Nov/2022:03:53:22 -0500] "GET /BLA/boletinlegal/actos.php HTTP/1.1" 200 9566
172.22.2.4 - - [10/Nov/2022:03:53:37 -0500] "GET /BLA/boletinlegal/js/popup.js HTTP/1.1" 200 1270
172.22.2.4 - - [10/Nov/2022:03:53:37 -0500] "GET /BLA/boletinlegal/js/jquery1.js HTTP/1.1" 200 29846
172.22.2.4 - - [10/Nov/2022:03:53:38 -0500] "GET /BLA/boletinlegal/js/lib.js HTTP/1.1" 200 6474
172.22.2.4 - - [10/Nov/2022:03:53:38 -0500] "GET /BLA/boletinlegal/js/ajax_actos.js HTTP/1.1" 200 1322
216.245.221.92 - - [10/Nov/2022:03:54:16 -0500] "HEAD / HTTP/1.1" 200 -
201.245.192.253 - - [10/Nov/2022:03:56:03 -0500] "POST /kwsrmcab/Wsrmcab  HTTP/1.1" 200 40655
172.22.2.4 - - [10/Nov/2022:03:54:45 -0500] "HEAD /BLA/boletinlegal/ HTTP/1.1" 200 -
172.22.2.4 - - [10/Nov/2022:03:55:35 -0500] "GET /BLA/boletinlegal/ HTTP/1.1" 200 56825
93.158.161.72 - - [10/Nov/2022:03:58:19 -0500] "-" 408 -
77.88.5.232 - - [10/Nov/2022:03:58:24 -0500] "-" 408 -
93.158.161.29 - - [10/Nov/2022:03:58:30 -0500] "-" 408 -
77.88.5.27 - - [10/Nov/2022:03:58:35 -0500] "-" 408 -
172.22.2.4 - - [10/Nov/2022:03:58:41 -0500] "GET /BLA/boletinlegal/Circulares/2012/Circular%20No.%202%20del%2014%20de%20Marzo%20de%202012.pdf HTTP/1.1" 304 -
77.88.5.249 - - [10/Nov/2022:03:58:50 -0500] "-" 408 -
77.88.5.49 - - [10/Nov/2022:03:59:05 -0500] "-" 408 -
216.245.221.92 - - [10/Nov/2022:03:59:16 -0500] "HEAD / HTTP/1.1" 200 -
77.88.5.82 - - [10/Nov/2022:03:59:35 -0500] "-" 408 -
77.88.5.5 - - [10/Nov/2022:04:00:35 -0500] "-" 408 -
201.245.192.253 - - [10/Nov/2022:04:01:02 -0500] "POST /kwsrmcab/Wsrmcab  HTTP/1.1" 200 40655
93.158.161.50 - - [10/Nov/2022:04:01:35 -0500] "-" 408 -
172.22.2.4 - - [10/Nov/2022:04:00:35 -0500] "HEAD /BLA/boletinlegal/ HTTP/1.1" 200 -
172.22.2.4 - - [10/Nov/2022:04:01:25 -0500] "GET /BLA/boletinlegal/ HTTP/1.1" 200 57824
216.245.221.92 - - [10/Nov/2022:04:04:16 -0500] "HEAD / HTTP/1.1" 200 -
77.88.5.214 - - [10/Nov/2022:04:04:18 -0500] "-" 408 -
66.249.73.97 - - [10/Nov/2022:04:04:33 -0500] "-" 408 -
201.245.192.253 - - [10/Nov/2022:04:06:01 -0500] "POST /kwsrmcab/Wsrmcab  HTTP/1.1" 200 40655
77.88.5.162 - - [10/Nov/2022:04:08:04 -0500] "-" 408 -
172.22.2.4 - - [10/Nov/2022:04:06:25 -0500] "HEAD /BLA/boletinlegal/ HTTP/1.1" 200 -
40.77.167.41 - - [10/Nov/2022:04:08:47 -0500] "GET /portaldeninos/wp-content/uploads/2020/11/Humedal-octubre-6.jpg HTTP/1.1" 200 152089
172.22.2.4 - - [10/Nov/2022:04:07:15 -0500] "GET /BLA/boletinlegal/ HTTP/1.1" 200 57824
216.245.221.92 - - [10/Nov/2022:04:09:16 -0500] "HEAD / HTTP/1.1" 200 -
201.245.192.253 - - [10/Nov/2022:04:11:00 -0500] "POST /kwsrmcab/Wsrmcab  HTTP/1.1" 200 40655
13.67.224.12 - - [10/Nov/2022:04:11:44 -0500] "GET /galeria/nivo-slider/demo/images/BANNERRUTADEVERTIMIENTOS.jpg HTTP/1.1" 200 98506
157.55.39.41 - - [10/Nov/2022:04:11:57 -0500] "GET /BLA/resoluciones/RESOLUCIONES%202021/1181.pdf HTTP/1.1" 304 -
20.109.241.98 - - [10/Nov/2022:04:12:06 -0500] "GET /catalogoisis/imagenes/limpiar1.gif HTTP/1.1" 200 606
172.22.2.4 - - [10/Nov/2022:04:12:51 -0500] "GET /BLA/boletinlegal/_ignition/execute-solution HTTP/1.1" 404 1018
77.88.5.10 - - [10/Nov/2022:04:13:04 -0500] "-" 408 -
172.22.2.4 - - [10/Nov/2022:04:12:15 -0500] "HEAD /BLA/boletinlegal/ HTTP/1.1" 200 -
216.245.221.92 - - [10/Nov/2022:04:14:16 -0500] "HEAD / HTTP/1.1" 200 -
172.22.2.4 - - [10/Nov/2022:04:13:05 -0500] "GET /BLA/boletinlegal/ HTTP/1.1" 200 59404
201.245.192.253 - - [10/Nov/2022:04:15:59 -0500] "POST /kwsrmcab/Wsrmcab  HTTP/1.1" 200 40655
172.22.2.4 - - [10/Nov/2022:04:16:36 -0500] "GET /BLA/boletinlegal/autodiscover/autodiscover.json?@zdi/Powershell HTTP/1.1" 404 1018
216.245.221.92 - - [10/Nov/2022:04:19:16 -0500] "HEAD / HTTP/1.1" 200 -
172.22.2.4 - - [10/Nov/2022:04:18:05 -0500] "HEAD /BLA/boletinlegal/ HTTP/1.1" 200 -
172.22.2.4 - - [10/Nov/2022:04:18:55 -0500] "GET /BLA/boletinlegal/ HTTP/1.1" 200 57824
201.245.192.253 - - [10/Nov/2022:04:20:58 -0500] "POST /kwsrmcab/Wsrmcab  HTTP/1.1" 200 40655
77.88.5.221 - - [10/Nov/2022:04:21:04 -0500] "-" 408 -
201.245.192.253 - - [10/Nov/2022:04:21:50 -0500] "POST /kwsrmcab/Wsrmcab HTTP/1.1" 200 43989
201.245.192.253 - - [10/Nov/2022:04:21:52 -0500] "POST /kwsrmcab/Wsrmcab HTTP/1.1" 200 44261
40.122.230.190 - - [10/Nov/2022:04:22:27 -0500] "GET /galeria/galeria/fotos/diaSC6Peq.jpg HTTP/1.1" 200 17665
216.245.221.92 - - [10/Nov/2022:04:24:16 -0500] "HEAD / HTTP/1.1" 200 -
13.67.224.12 - - [10/Nov/2022:04:24:44 -0500] "GET /portaldeninos/wp-content/uploads/2021/11/cronica-mujer-junio-29-junio-ambiente.png HTTP/1.1" 200 102849
172.22.2.4 - - [10/Nov/2022:04:23:55 -0500] "HEAD /BLA/boletinlegal/ HTTP/1.1" 200 -
201.245.192.253 - - [10/Nov/2022:04:25:57 -0500] "POST /kwsrmcab/Wsrmcab  HTTP/1.1" 200 40655
172.22.2.4 - - [10/Nov/2022:04:24:45 -0500] "GET /BLA/boletinlegal/ HTTP/1.1" 200 56474
40.86.101.252 - - [10/Nov/2022:04:27:51 -0500] "GET /images/CORREO.jpg HTTP/1.1" 200 39337
216.245.221.92 - - [10/Nov/2022:04:29:16 -0500] "HEAD / HTTP/1.1" 200 -
201.245.192.253 - - [10/Nov/2022:04:30:56 -0500] "POST /kwsrmcab/Wsrmcab  HTTP/1.1" 200 40655
77.88.5.167 - - [10/Nov/2022:04:31:04 -0500] "-" 408 -
64.62.197.94 - - [10/Nov/2022:04:31:08 -0500] "GET /favicon.ico HTTP/1.1" 200 7782
172.22.2.4 - - [10/Nov/2022:04:29:45 -0500] "HEAD /BLA/boletinlegal/ HTTP/1.1" 200 -
201.245.192.253 - - [10/Nov/2022:04:31:50 -0500] "POST /kwsrmcab/Wsrmcab HTTP/1.1" 200 43989
201.245.192.253 - - [10/Nov/2022:04:31:53 -0500] "POST /kwsrmcab/Wsrmcab HTTP/1.1" 200 44261
172.22.2.4 - - [10/Nov/2022:04:30:35 -0500] "GET /BLA/boletinlegal/ HTTP/1.1" 200 59779
216.245.221.92 - - [10/Nov/2022:04:34:16 -0500] "HEAD / HTTP/1.1" 200 -
66.249.73.97 - - [10/Nov/2022:04:35:37 -0500] "-" 408 -
201.245.192.253 - - [10/Nov/2022:04:35:55 -0500] "POST /kwsrmcab/Wsrmcab  HTTP/1.1" 200 40655
172.22.2.4 - - [10/Nov/2022:04:35:35 -0500] "HEAD /BLA/boletinlegal/ HTTP/1.1" 200 -
172.22.2.4 - - [10/Nov/2022:04:36:25 -0500] "GET /BLA/boletinlegal/ HTTP/1.1" 200 59035
216.245.221.92 - - [10/Nov/2022:04:39:16 -0500] "HEAD / HTTP/1.1" 200 -
201.245.192.253 - - [10/Nov/2022:04:40:54 -0500] "POST /kwsrmcab/Wsrmcab  HTTP/1.1" 200 40655
77.88.5.29 - - [10/Nov/2022:04:41:35 -0500] "-" 408 -
201.245.192.253 - - [10/Nov/2022:04:41:51 -0500] "POST /kwsrmcab/Wsrmcab HTTP/1.1" 200 43989
201.245.192.253 - - [10/Nov/2022:04:41:53 -0500] "POST /kwsrmcab/Wsrmcab HTTP/1.1" 200 44261
207.46.13.196 - - [10/Nov/2022:04:42:56 -0500] "GET /BLA/resoluciones/AUTOS%202013/0375.pdf HTTP/1.1" 200 1847341
172.22.2.4 - - [10/Nov/2022:04:41:25 -0500] "HEAD /BLA/boletinlegal/ HTTP/1.1" 200 -
172.22.2.4 - - [10/Nov/2022:04:42:15 -0500] "GET /BLA/boletinlegal/ HTTP/1.1" 200 59779
216.245.221.92 - - [10/Nov/2022:04:44:16 -0500] "HEAD / HTTP/1.1" 200 -
66.249.73.127 - - [10/Nov/2022:04:45:19 -0500] "-" 408 -
201.245.192.253 - - [10/Nov/2022:04:45:53 -0500] "POST /kwsrmcab/Wsrmcab  HTTP/1.1" 200 40655
190.69.228.228 - - [10/Nov/2022:04:47:43 -0500] "GET /sipse/faces/faces/index.xhtml HTTP/1.1" 200 677
190.69.228.228 - - [10/Nov/2022:04:47:44 -0500] "GET /sipse/faces/javax.faces.resource/theme.css?ln=primefaces-sipse HTTP/1.1" 304 -
190.69.228.228 - - [10/Nov/2022:04:47:44 -0500] "GET /sipse/faces/faces/faces/autenticacion.xhtml HTTP/1.1" 200 12182
190.69.228.228 - - [10/Nov/2022:04:47:44 -0500] "GET /sipse/faces/javax.faces.resource/theme.css?ln=primefaces-sipse HTTP/1.1" 304 -
190.69.228.228 - - [10/Nov/2022:04:47:44 -0500] "GET /sipse/faces/javax.faces.resource/layout/layout.js?ln=primefaces&v=4.0 HTTP/1.1" 304 -
190.69.228.228 - - [10/Nov/2022:04:47:44 -0500] "GET /sipse/faces/javax.faces.resource/primefaces.css?ln=primefaces&v=4.0 HTTP/1.1" 304 -
190.69.228.228 - - [10/Nov/2022:04:47:44 -0500] "GET /sipse/faces/javax.faces.resource/layout/layout.css?ln=primefaces&v=4.0 HTTP/1.1" 304 -
190.69.228.228 - - [10/Nov/2022:04:47:44 -0500] "GET /sipse/faces/javax.faces.resource/jquery/jquery.js?ln=primefaces&v=4.0 HTTP/1.1" 304 -
190.69.228.228 - - [10/Nov/2022:04:47:44 -0500] "GET /sipse/faces/javax.faces.resource/primefaces.js?ln=primefaces&v=4.0 HTTP/1.1" 304 -
190.69.228.228 - - [10/Nov/2022:04:47:44 -0500] "GET /sipse/faces/javax.faces.resource/jquery/jquery-plugins.js?ln=primefaces&v=4.0 HTTP/1.1" 304 -
190.69.228.228 - - [10/Nov/2022:04:47:44 -0500] "GET /sipse/faces/javax.faces.resource/images/ui-icons_898989_256x240.png?ln=primefaces-aristo HTTP/1.1" 304 -
172.22.2.4 - - [10/Nov/2022:04:47:15 -0500] "HEAD /BLA/boletinlegal/ HTTP/1.1" 200 -
216.245.221.92 - - [10/Nov/2022:04:49:16 -0500] "HEAD / HTTP/1.1" 200 -
172.22.2.4 - - [10/Nov/2022:04:48:05 -0500] "GET /BLA/boletinlegal/ HTTP/1.1" 200 59404
157.55.39.41 - - [10/Nov/2022:04:50:31 -0500] "GET /BLA/resoluciones/RESOLUCIONES%202021/1955.pdf HTTP/1.1" 200 426939
201.245.192.253 - - [10/Nov/2022:04:50:52 -0500] "POST /kwsrmcab/Wsrmcab  HTTP/1.1" 200 40655
93.158.161.36 - - [10/Nov/2022:04:51:33 -0500] "-" 408 -
190.69.228.228 - - [10/Nov/2022:04:51:51 -0500] "POST /sipse/faces/autenticacion.xhtml HTTP/1.1" 200 2224
190.69.228.228 - - [10/Nov/2022:04:51:51 -0500] "GET /sipse/faces/javax.faces.resource/messages/messages.png?ln=primefaces&v=4.0 HTTP/1.1" 304 -
190.69.228.228 - - [10/Nov/2022:04:51:52 -0500] "POST /sipse/faces/autenticacion.xhtml HTTP/1.1" 200 16258
190.69.228.228 - - [10/Nov/2022:04:51:52 -0500] "GET /sipse/faces/javax.faces.resource/theme.css?ln=primefaces-sipse HTTP/1.1" 304 -
190.69.228.228 - - [10/Nov/2022:04:51:52 -0500] "GET /sipse/faces/javax.faces.resource/layout/layout.css?ln=primefaces&v=4.0 HTTP/1.1" 304 -
190.69.228.228 - - [10/Nov/2022:04:51:52 -0500] "GET /sipse/faces/javax.faces.resource/primefaces.css?ln=primefaces&v=4.0 HTTP/1.1" 304 -
190.69.228.228 - - [10/Nov/2022:04:51:53 -0500] "GET /sipse/faces/javax.faces.resource/jquery/jquery.js?ln=primefaces&v=4.0 HTTP/1.1" 304 -
190.69.228.228 - - [10/Nov/2022:04:51:53 -0500] "GET /sipse/faces/javax.faces.resource/jquery/jquery-plugins.js?ln=primefaces&v=4.0 HTTP/1.1" 304 -
190.69.228.228 - - [10/Nov/2022:04:51:53 -0500] "GET /sipse/faces/javax.faces.resource/primefaces.js?ln=primefaces&v=4.0 HTTP/1.1" 304 -
190.69.228.228 - - [10/Nov/2022:04:51:53 -0500] "GET /sipse/faces/javax.faces.resource/layout/layout.js?ln=primefaces&v=4.0 HTTP/1.1" 304 -
190.69.228.228 - - [10/Nov/2022:04:51:53 -0500] "GET /sipse/css/imagen/contrasena.png HTTP/1.1" 404 383
190.69.228.228 - - [10/Nov/2022:04:51:54 -0500] "GET /sipse/faces/javax.faces.resource/images/ui-bg_flat_0_2d5972_40x100.png?ln=primefaces-aristo HTTP/1.1" 304 -
190.69.228.228 - - [10/Nov/2022:04:51:54 -0500] "POST /sipse/faces/bienvenido.xhtml HTTP/1.1" 200 2073
190.69.228.228 - - [10/Nov/2022:04:51:55 -0500] "POST /sipse/faces/bienvenido.xhtml HTTP/1.1" 200 38995
190.69.228.228 - - [10/Nov/2022:04:51:56 -0500] "GET /sipse/faces/javax.faces.resource/theme.css?ln=primefaces-sipse HTTP/1.1" 304 -
190.69.228.228 - - [10/Nov/2022:04:51:56 -0500] "GET /sipse/faces/javax.faces.resource/primefaces.css?ln=primefaces&v=4.0 HTTP/1.1" 304 -
190.69.228.228 - - [10/Nov/2022:04:51:56 -0500] "GET /sipse/faces/javax.faces.resource/layout/layout.css?ln=primefaces&v=4.0 HTTP/1.1" 304 -
190.69.228.228 - - [10/Nov/2022:04:51:56 -0500] "GET /sipse/faces/javax.faces.resource/jquery/jquery.js?ln=primefaces&v=4.0 HTTP/1.1" 304 -
190.69.228.228 - - [10/Nov/2022:04:51:56 -0500] "GET /sipse/faces/javax.faces.resource/jquery/jquery-plugins.js?ln=primefaces&v=4.0 HTTP/1.1" 304 -
190.69.228.228 - - [10/Nov/2022:04:51:56 -0500] "GET /sipse/faces/javax.faces.resource/primefaces.js?ln=primefaces&v=4.0 HTTP/1.1" 304 -
190.69.228.228 - - [10/Nov/2022:04:51:56 -0500] "GET /sipse/faces/javax.faces.resource/layout/layout.js?ln=primefaces&v=4.0 HTTP/1.1" 304 -
190.69.228.228 - - [10/Nov/2022:04:53:19 -0500] "POST /sipse/faces/presentacion/financiero/solicitudProceso/consultar.xhtml HTTP/1.1" 200 12743
190.69.228.228 - - [10/Nov/2022:04:53:23 -0500] "POST /sipse/faces/presentacion/financiero/solicitudProceso/consultar.xhtml HTTP/1.1" 200 133474
190.69.228.228 - - [10/Nov/2022:04:53:23 -0500] "GET /sipse/faces/javax.faces.resource/theme.css?ln=primefaces-sipse HTTP/1.1" 304 -
190.69.228.228 - - [10/Nov/2022:04:53:23 -0500] "GET /sipse/faces/javax.faces.resource/layout/layout.css?ln=primefaces&v=4.0 HTTP/1.1" 304 -
190.69.228.228 - - [10/Nov/2022:04:53:23 -0500] "GET /sipse/faces/javax.faces.resource/primefaces.css?ln=primefaces&v=4.0 HTTP/1.1" 304 -
190.69.228.228 - - [10/Nov/2022:04:53:23 -0500] "GET /sipse/faces/javax.faces.resource/jquery/jquery.js?ln=primefaces&v=4.0 HTTP/1.1" 304 -
190.69.228.228 - - [10/Nov/2022:04:53:23 -0500] "GET /sipse/faces/javax.faces.resource/jquery/jquery-plugins.js?ln=primefaces&v=4.0 HTTP/1.1" 304 -
190.69.228.228 - - [10/Nov/2022:04:53:24 -0500] "GET /sipse/faces/javax.faces.resource/primefaces.js?ln=primefaces&v=4.0 HTTP/1.1" 304 -
190.69.228.228 - - [10/Nov/2022:04:53:24 -0500] "GET /sipse/faces/javax.faces.resource/layout/layout.js?ln=primefaces&v=4.0 HTTP/1.1" 304 -
190.69.228.228 - - [10/Nov/2022:04:53:24 -0500] "GET /sipse/faces/javax.faces.resource/dynamiccontent.properties?ln=primefaces&pfdrid=XjOR5%2F%2FfPAZAuY9TpWQeCiM0BhlXxYRBGKi%2FQcXXfeA%3D&pfdrid_c=false HTTP/1.1" 500 383
190.69.228.228 - - [10/Nov/2022:04:53:30 -0500] "POST /sipse/faces/presentacion/financiero/solicitudProceso/consultarSolicitudProceso.xhtml HTTP/1.1" 200 34570
190.69.228.228 - - [10/Nov/2022:04:53:31 -0500] "GET /sipse/faces/javax.faces.resource/primefaces.js?ln=primefaces&v=4.0 HTTP/1.1" 304 -
190.69.228.228 - - [10/Nov/2022:04:53:31 -0500] "GET /sipse/faces/javax.faces.resource/theme.css?ln=primefaces-sipse HTTP/1.1" 304 -
190.69.228.228 - - [10/Nov/2022:04:53:31 -0500] "GET /sipse/faces/javax.faces.resource/primefaces.css?ln=primefaces&v=4.0 HTTP/1.1" 304 -
190.69.228.228 - - [10/Nov/2022:04:53:31 -0500] "GET /sipse/faces/javax.faces.resource/layout/layout.css?ln=primefaces&v=4.0 HTTP/1.1" 304 -
190.69.228.228 - - [10/Nov/2022:04:53:31 -0500] "GET /sipse/faces/javax.faces.resource/jquery/jquery.js?ln=primefaces&v=4.0 HTTP/1.1" 304 -
190.69.228.228 - - [10/Nov/2022:04:53:31 -0500] "GET /sipse/faces/javax.faces.resource/jquery/jquery-plugins.js?ln=primefaces&v=4.0 HTTP/1.1" 304 -
190.69.228.228 - - [10/Nov/2022:04:53:31 -0500] "GET /sipse/faces/javax.faces.resource/layout/layout.js?ln=primefaces&v=4.0 HTTP/1.1" 304 -
190.69.228.228 - - [10/Nov/2022:04:53:31 -0500] "GET /sipse/css/imagen/contrasena.png HTTP/1.1" 404 383
190.69.228.228 - - [10/Nov/2022:04:53:31 -0500] "GET /sipse/faces/javax.faces.resource/images/ui-icons_898989_256x240.png?ln=primefaces-aristo HTTP/1.1" 304 -
157.55.39.13 - - [10/Nov/2022:04:53:32 -0500] "GET /BLA/resoluciones/00000889.tif HTTP/1.1" 404 1018
216.245.221.92 - - [10/Nov/2022:04:54:16 -0500] "HEAD / HTTP/1.1" 200 -
172.22.2.4 - - [10/Nov/2022:04:53:05 -0500] "HEAD /BLA/boletinlegal/ HTTP/1.1" 200 -
172.22.2.4 - - [10/Nov/2022:04:53:55 -0500] "GET /BLA/boletinlegal/ HTTP/1.1" 200 54816
201.245.192.253 - - [10/Nov/2022:04:55:51 -0500] "POST /kwsrmcab/Wsrmcab  HTTP/1.1" 200 40655
172.22.2.4 - - [10/Nov/2022:04:58:36 -0500] "GET /BLA/boletinlegal/Circulares/2012/Circular%20No.%202%20del%2014%20de%20Marzo%20de%202012.pdf HTTP/1.1" 304 -
216.245.221.92 - - [10/Nov/2022:04:59:16 -0500] "HEAD / HTTP/1.1" 200 -
172.22.2.4 - - [10/Nov/2022:05:00:34 -0500] "GET /BLA/boletinlegal/Circulares/2012/Circular%20No.%2012%20del%2028%20de%20Agosto%20de%202012.pdf HTTP/1.1" 200 369945
172.22.2.4 - - [10/Nov/2022:05:00:35 -0500] "GET /BLA/boletinlegal/Circulares/2012/Circular%20No.%204%20del%2019%20de%20abril%20de%202012.pdf HTTP/1.1" 200 253045
172.22.2.4 - - [10/Nov/2022:04:58:55 -0500] "HEAD /BLA/boletinlegal/ HTTP/1.1" 200 -
201.245.192.253 - - [10/Nov/2022:05:00:50 -0500] "POST /kwsrmcab/Wsrmcab  HTTP/1.1" 200 40655
172.22.2.4 - - [10/Nov/2022:04:59:45 -0500] "GET /BLA/boletinlegal/ HTTP/1.1" 200 56825
66.249.73.97 - - [10/Nov/2022:05:02:32 -0500] "-" 408 -
93.158.161.41 - - [10/Nov/2022:05:03:43 -0500] "-" 408 -
216.245.221.92 - - [10/Nov/2022:05:04:16 -0500] "HEAD / HTTP/1.1" 200 -
201.245.192.253 - - [10/Nov/2022:05:05:49 -0500] "POST /kwsrmcab/Wsrmcab  HTTP/1.1" 200 40655
172.22.2.4 - - [10/Nov/2022:05:04:45 -0500] "HEAD /BLA/boletinlegal/ HTTP/1.1" 200 -
172.22.2.4 - - [10/Nov/2022:05:05:35 -0500] "GET /BLA/boletinlegal/ HTTP/1.1" 200 57824
94.102.51.9 - - [10/Nov/2022:05:07:59 -0500] "GET / HTTP/1.1" 200 319
40.122.230.190 - - [10/Nov/2022:05:08:00 -0500] "GET /galeria/nivo-slider/demo/images/banneraire.jpg HTTP/1.1" 200 334246
216.245.221.92 - - [10/Nov/2022:05:09:16 -0500] "HEAD / HTTP/1.1" 200 -
34.243.40.246 - - [10/Nov/2022:05:09:36 -0500] "-" 408 -
66.249.73.127 - - [10/Nov/2022:05:09:37 -0500] "-" 408 -
183.136.225.32 - - [10/Nov/2022:05:10:19 -0500] "-" 408 -
201.245.192.253 - - [10/Nov/2022:05:10:48 -0500] "POST /kwsrmcab/Wsrmcab  HTTP/1.1" 200 40655
172.22.2.4 - - [10/Nov/2022:05:10:48 -0500] "GET /BLA/boletinlegal/ HTTP/1.1" 200 36811
172.22.2.4 - - [10/Nov/2022:05:10:35 -0500] "HEAD /BLA/boletinlegal/ HTTP/1.1" 200 -
172.22.2.4 - - [10/Nov/2022:05:11:25 -0500] "GET /BLA/boletinlegal/ HTTP/1.1" 200 52942
216.245.221.92 - - [10/Nov/2022:05:14:16 -0500] "HEAD / HTTP/1.1" 200 -
77.88.5.171 - - [10/Nov/2022:05:15:27 -0500] "-" 408 -
201.245.192.253 - - [10/Nov/2022:05:15:46 -0500] "POST /kwsrmcab/Wsrmcab  HTTP/1.1" 200 40655
172.22.2.4 - - [10/Nov/2022:05:16:15 -0500] "GET /BLA/boletinlegal/remote/fgt_lang?lang=/../../../..//////////dev/ HTTP/1.1" 404 1018
185.119.81.101 - - [10/Nov/2022:05:17:16 -0500] "GET /portaldeninos/wp-login.php HTTP/1.1" 200 2592
185.119.81.101 - - [10/Nov/2022:05:17:17 -0500] "POST /portaldeninos/wp-login.php HTTP/1.1" 200 3605
172.22.2.4 - - [10/Nov/2022:05:16:25 -0500] "HEAD /BLA/boletinlegal/ HTTP/1.1" 200 -
205.169.39.88 - - [10/Nov/2022:05:18:05 -0500] "GET /portaldeninos/wp-includes/js/wp-emoji-release.min.js?ver=4.9.8 HTTP/1.1" 200 12026
205.169.39.88 - - [10/Nov/2022:05:18:06 -0500] "GET /portaldeninos/wp-content/plugins/google-analytics-for-wordpress/assets/js/frontend-gtag.min.js?ver=8.5.0 HTTP/1.1" 200 11801
205.169.39.88 - - [10/Nov/2022:05:18:06 -0500] "GET /portaldeninos/wp-includes/js/jquery/jquery.js?ver=1.12.4 HTTP/1.1" 200 97184
205.169.39.88 - - [10/Nov/2022:05:18:08 -0500] "GET /portaldeninos/wp-includes/js/jquery/jquery-migrate.min.js?ver=1.4.1 HTTP/1.1" 200 10056
205.169.39.88 - - [10/Nov/2022:05:18:08 -0500] "GET /portaldeninos/wp-includes/js/jquery/ui/core.min.js?ver=1.11.4 HTTP/1.1" 200 4000
205.169.39.88 - - [10/Nov/2022:05:18:08 -0500] "GET /portaldeninos/wp-content/plugins/gallery-videos/JS/modernizr.custom.js?ver=4.9.8 HTTP/1.1" 200 9019
205.169.39.88 - - [10/Nov/2022:05:18:08 -0500] "GET /portaldeninos/wp-content/plugins/gallery-videos/JS/Total-Soft-Gallery-Video-Widget.js?ver=4.9.8 HTTP/1.1" 200 80264
205.169.39.88 - - [10/Nov/2022:05:18:09 -0500] "GET /portaldeninos/wp-includes/js/jquery/ui/widget.min.js?ver=1.11.4 HTTP/1.1" 200 6908
205.169.39.88 - - [10/Nov/2022:05:18:09 -0500] "GET /portaldeninos/wp-includes/js/jquery/ui/mouse.min.js?ver=1.11.4 HTTP/1.1" 200 3148
205.169.39.88 - - [10/Nov/2022:05:18:09 -0500] "GET /portaldeninos/wp-includes/js/jquery/ui/sortable.min.js?ver=1.11.4 HTTP/1.1" 200 24899
205.169.39.88 - - [10/Nov/2022:05:18:10 -0500] "GET /portaldeninos/wp-includes/js/jquery/ui/tabs.min.js?ver=1.11.4 HTTP/1.1" 200 12110
205.169.39.88 - - [10/Nov/2022:05:18:10 -0500] "GET /portaldeninos/wp-includes/js/jquery/ui/accordion.min.js?ver=1.11.4 HTTP/1.1" 200 8584
205.169.39.88 - - [10/Nov/2022:05:18:10 -0500] "GET /portaldeninos/wp-content/themes/betheme/js/plugins.js?ver=20.9.6 HTTP/1.1" 200 197151
205.169.39.88 - - [10/Nov/2022:05:18:12 -0500] "GET /portaldeninos/wp-content/themes/betheme/js/menu.js?ver=20.9.6 HTTP/1.1" 200 2449
205.169.39.88 - - [10/Nov/2022:05:18:12 -0500] "GET /portaldeninos/wp-content/themes/betheme/assets/animations/animations.min.js?ver=20.9.6 HTTP/1.1" 200 1896
205.169.39.88 - - [10/Nov/2022:05:18:12 -0500] "GET /portaldeninos/wp-content/themes/betheme/assets/jplayer/jplayer.min.js?ver=20.9.6 HTTP/1.1" 200 52702
205.169.39.88 - - [10/Nov/2022:05:18:13 -0500] "GET /portaldeninos/wp-content/themes/betheme/js/scripts.js?ver=20.9.6 HTTP/1.1" 200 77162
205.169.39.88 - - [10/Nov/2022:05:18:13 -0500] "GET /portaldeninos/wp-includes/js/wp-embed.min.js?ver=4.9.8 HTTP/1.1" 200 1398
172.22.2.4 - - [10/Nov/2022:05:17:15 -0500] "GET /BLA/boletinlegal/ HTTP/1.1" 200 57824
216.245.221.92 - - [10/Nov/2022:05:19:15 -0500] "HEAD / HTTP/1.1" 200 -
66.249.73.127 - - [10/Nov/2022:05:19:57 -0500] "-" 408 -
201.245.192.253 - - [10/Nov/2022:05:20:46 -0500] "POST /kwsrmcab/Wsrmcab  HTTP/1.1" 200 40655
201.245.192.253 - - [10/Nov/2022:05:21:50 -0500] "POST /kwsrmcab/Wsrmcab HTTP/1.1" 200 43967
201.245.192.253 - - [10/Nov/2022:05:21:52 -0500] "POST /kwsrmcab/Wsrmcab HTTP/1.1" 200 44266
40.77.167.57 - - [10/Nov/2022:05:22:06 -0500] "GET /BLA/resoluciones/AUTOS%202022/2982.pdf HTTP/1.1" 200 351055
85.31.44.75 - - [10/Nov/2022:05:22:58 -0500] "POST /cgi-bin/.%%32%65/.%%32%65/.%%32%65/.%%32%65/.%%32%65/bin/sh HTTP/1.1" 400 945
40.77.167.57 - - [10/Nov/2022:05:23:35 -0500] "GET /BLA/resoluciones/AUTOS%202022/3086.pdf HTTP/1.1" 200 361343
185.119.81.101 - - [10/Nov/2022:05:23:36 -0500] "GET /portaldeninos/wp-login.php HTTP/1.1" 200 2592
185.119.81.101 - - [10/Nov/2022:05:23:37 -0500] "POST /portaldeninos/wp-login.php HTTP/1.1" 200 3605
172.22.2.4 - - [10/Nov/2022:05:22:15 -0500] "HEAD /BLA/boletinlegal/ HTTP/1.1" 200 -
216.245.221.92 - - [10/Nov/2022:05:24:15 -0500] "HEAD / HTTP/1.1" 200 -
172.22.2.4 - - [10/Nov/2022:05:23:05 -0500] "GET /BLA/boletinlegal/ HTTP/1.1" 200 56474
201.245.192.253 - - [10/Nov/2022:05:25:45 -0500] "POST /kwsrmcab/Wsrmcab  HTTP/1.1" 200 40655
77.88.5.173 - - [10/Nov/2022:05:26:04 -0500] "-" 408 -
20.106.24.246 - - [10/Nov/2022:05:29:06 -0500] "GET /catalogoisis/imagenes/br3c1.gif HTTP/1.1" 200 177
216.245.221.92 - - [10/Nov/2022:05:29:15 -0500] "HEAD / HTTP/1.1" 200 -
172.22.2.4 - - [10/Nov/2022:05:28:05 -0500] "HEAD /BLA/boletinlegal/ HTTP/1.1" 200 -
172.22.2.4 - - [10/Nov/2022:05:28:55 -0500] "GET /BLA/boletinlegal/ HTTP/1.1" 200 59779
201.245.192.253 - - [10/Nov/2022:05:30:43 -0500] "POST /kwsrmcab/Wsrmcab  HTTP/1.1" 200 40655
157.55.39.206 - - [10/Nov/2022:05:31:27 -0500] "GET /BLA/resoluciones/00000885.tif HTTP/1.1" 404 1018
201.245.192.253 - - [10/Nov/2022:05:31:50 -0500] "POST /kwsrmcab/Wsrmcab HTTP/1.1" 200 43967
201.245.192.253 - - [10/Nov/2022:05:31:52 -0500] "POST /kwsrmcab/Wsrmcab HTTP/1.1" 200 44266
40.77.167.46 - - [10/Nov/2022:05:32:03 -0500] "GET /BLA/resoluciones/AUTOS%202022/2689.pdf HTTP/1.1" 200 1648538
207.46.13.131 - - [10/Nov/2022:05:33:20 -0500] "GET / HTTP/1.1" 200 319
20.29.110.168 - - [10/Nov/2022:05:33:31 -0500] "GET /galeria/nivo-slider/demo/images/banner%20aceite%20vegetal%20usado.jpg HTTP/1.1" 200 169350
216.245.221.92 - - [10/Nov/2022:05:34:16 -0500] "HEAD / HTTP/1.1" 200 -
172.22.2.4 - - [10/Nov/2022:05:33:55 -0500] "HEAD /BLA/boletinlegal/ HTTP/1.1" 200 -
66.249.73.127 - - [10/Nov/2022:05:35:44 -0500] "-" 408 -
201.245.192.253 - - [10/Nov/2022:05:35:43 -0500] "POST /kwsrmcab/Wsrmcab  HTTP/1.1" 200 40655
172.22.2.4 - - [10/Nov/2022:05:34:45 -0500] "GET /BLA/boletinlegal/ HTTP/1.1" 200 57824
157.55.39.206 - - [10/Nov/2022:05:36:28 -0500] "GET /bla/boletinlegal/actos.php/js/jquery1.js HTTP/1.1" 200 9566
216.245.221.92 - - [10/Nov/2022:05:39:15 -0500] "HEAD / HTTP/1.1" 200 -
201.245.192.253 - - [10/Nov/2022:05:40:42 -0500] "POST /kwsrmcab/Wsrmcab  HTTP/1.1" 200 40655
172.22.2.4 - - [10/Nov/2022:05:39:45 -0500] "HEAD /BLA/boletinlegal/ HTTP/1.1" 200 -
201.245.192.253 - - [10/Nov/2022:05:41:50 -0500] "POST /kwsrmcab/Wsrmcab HTTP/1.1" 200 43967
201.245.192.253 - - [10/Nov/2022:05:41:52 -0500] "POST /kwsrmcab/Wsrmcab HTTP/1.1" 200 44266
172.22.2.4 - - [10/Nov/2022:05:40:35 -0500] "GET /BLA/boletinlegal/ HTTP/1.1" 200 59779
172.22.2.4 - - [10/Nov/2022:05:42:15 -0500] "GET /BLA/boletinlegal/robots.txt HTTP/1.1" 404 1038
172.22.2.4 - - [10/Nov/2022:05:42:25 -0500] "GET /BLA/boletinlegal/actos.php HTTP/1.1" 200 9566
172.22.2.4 - - [10/Nov/2022:05:42:47 -0500] "GET /BLA/boletinlegal/js/jquery1.js HTTP/1.1" 200 29846
172.22.2.4 - - [10/Nov/2022:05:42:47 -0500] "GET /BLA/boletinlegal/js/popup.js HTTP/1.1" 200 1270
40.77.51.85 - - [10/Nov/2022:05:43:00 -0500] "GET /galeria/nivo-slider/demo/images/PYBA2017.jpg HTTP/1.1" 200 271327
172.22.2.4 - - [10/Nov/2022:05:43:19 -0500] "GET /BLA/boletinlegal/js/lib.js HTTP/1.1" 200 6474
172.22.2.4 - - [10/Nov/2022:05:43:19 -0500] "GET /BLA/boletinlegal/niceforms.js HTTP/1.1" 200 22876
172.22.2.4 - - [10/Nov/2022:05:43:19 -0500] "GET /BLA/boletinlegal/niceforms-default.css HTTP/1.1" 200 6694
172.22.2.4 - - [10/Nov/2022:05:44:00 -0500] "GET /BLA/boletinlegal/style.css HTTP/1.1" 200 9406
172.22.2.4 - - [10/Nov/2022:05:44:00 -0500] "GET /BLA/boletinlegal/styles2.css HTTP/1.1" 200 1838
216.245.221.92 - - [10/Nov/2022:05:44:15 -0500] "HEAD / HTTP/1.1" 200 -
157.55.39.13 - - [10/Nov/2022:05:45:10 -0500] "GET /BLA/resoluciones/00000012.tif HTTP/1.1" 404 1018
172.22.2.4 - - [10/Nov/2022:05:45:14 -0500] "GET /BLA/boletinlegal/js/ajax_actos.js HTTP/1.1" 200 1322
172.22.2.4 - - [10/Nov/2022:05:45:35 -0500] "GET /BLA/boletinlegal/Directivas/2013/Directiva%20No.%201%20del%2004%20de%20Abril%20de%202013.pdf HTTP/1.1" 200 472003
201.245.192.253 - - [10/Nov/2022:05:45:41 -0500] "POST /kwsrmcab/Wsrmcab  HTTP/1.1" 200 40655
172.22.2.4 - - [10/Nov/2022:05:45:35 -0500] "HEAD /BLA/boletinlegal/ HTTP/1.1" 200 -
172.22.2.4 - - [10/Nov/2022:05:46:25 -0500] "GET /BLA/boletinlegal/ HTTP/1.1" 200 57824
216.245.221.92 - - [10/Nov/2022:05:49:15 -0500] "HEAD / HTTP/1.1" 200 -
201.245.192.253 - - [10/Nov/2022:05:50:40 -0500] "POST /kwsrmcab/Wsrmcab  HTTP/1.1" 200 40655
172.22.2.4 - - [10/Nov/2022:05:49:42 -0500] "GET /BLA/boletinlegal/ HTTP/1.1" 200 62840
172.22.2.4 - - [10/Nov/2022:05:51:21 -0500] "GET /BLA/boletinlegal/index.php HTTP/1.1" 200 52079
172.22.2.4 - - [10/Nov/2022:05:51:24 -0500] "HEAD /BLA/boletinlegal/ HTTP/1.1" 200 -
40.77.167.46 - - [10/Nov/2022:05:53:05 -0500] "GET /BLA/resoluciones/0172.tif HTTP/1.1" 404 1018
172.22.2.4 - - [10/Nov/2022:05:53:12 -0500] "GET /BLA/boletinlegal/js/jquery.js HTTP/1.1" 200 57254
172.22.2.4 - - [10/Nov/2022:05:52:15 -0500] "GET /BLA/boletinlegal/ HTTP/1.1" 200 54100
216.245.221.92 - - [10/Nov/2022:05:54:15 -0500] "HEAD / HTTP/1.1" 200 -
186.80.52.223 - - [10/Nov/2022:05:55:00 -0500] "GET /sipse/faces/index.xhtml HTTP/1.1" 200 677
186.80.52.223 - - [10/Nov/2022:05:55:14 -0500] "GET /sipse/faces/index.xhtml HTTP/1.1" 200 677
186.80.52.223 - - [10/Nov/2022:05:55:15 -0500] "GET /sipse/faces/javax.faces.resource/theme.css?ln=primefaces-sipse HTTP/1.1" 304 -
186.80.52.223 - - [10/Nov/2022:05:55:15 -0500] "GET /sipse/faces/faces/autenticacion.xhtml HTTP/1.1" 200 12182
186.80.52.223 - - [10/Nov/2022:05:55:16 -0500] "GET /sipse/faces/javax.faces.resource/theme.css?ln=primefaces-sipse HTTP/1.1" 304 -
186.80.52.223 - - [10/Nov/2022:05:55:16 -0500] "GET /sipse/faces/javax.faces.resource/primefaces.css?ln=primefaces&v=4.0 HTTP/1.1" 304 -
186.80.52.223 - - [10/Nov/2022:05:55:16 -0500] "GET /sipse/faces/javax.faces.resource/jquery/jquery.js?ln=primefaces&v=4.0 HTTP/1.1" 304 -
186.80.52.223 - - [10/Nov/2022:05:55:16 -0500] "GET /sipse/faces/javax.faces.resource/jquery/jquery-plugins.js?ln=primefaces&v=4.0 HTTP/1.1" 304 -
186.80.52.223 - - [10/Nov/2022:05:55:16 -0500] "GET /sipse/faces/javax.faces.resource/layout/layout.css?ln=primefaces&v=4.0 HTTP/1.1" 304 -
186.80.52.223 - - [10/Nov/2022:05:55:16 -0500] "GET /sipse/faces/javax.faces.resource/layout/layout.js?ln=primefaces&v=4.0 HTTP/1.1" 304 -
186.80.52.223 - - [10/Nov/2022:05:55:16 -0500] "GET /sipse/faces/javax.faces.resource/primefaces.js?ln=primefaces&v=4.0 HTTP/1.1" 304 -
186.80.52.223 - - [10/Nov/2022:05:55:16 -0500] "GET /sipse/faces/javax.faces.resource/images/ui-icons_898989_256x240.png?ln=primefaces-aristo HTTP/1.1" 304 -
186.80.52.223 - - [10/Nov/2022:05:55:30 -0500] "POST /sipse/faces/autenticacion.xhtml HTTP/1.1" 200 2224
186.80.52.223 - - [10/Nov/2022:05:55:30 -0500] "GET /sipse/faces/javax.faces.resource/messages/messages.png?ln=primefaces&v=4.0 HTTP/1.1" 304 -
186.80.52.223 - - [10/Nov/2022:05:55:32 -0500] "POST /sipse/faces/autenticacion.xhtml HTTP/1.1" 200 16234
186.80.52.223 - - [10/Nov/2022:05:55:32 -0500] "GET /sipse/faces/javax.faces.resource/theme.css?ln=primefaces-sipse HTTP/1.1" 304 -
186.80.52.223 - - [10/Nov/2022:05:55:32 -0500] "GET /sipse/faces/javax.faces.resource/primefaces.css?ln=primefaces&v=4.0 HTTP/1.1" 304 -
186.80.52.223 - - [10/Nov/2022:05:55:32 -0500] "GET /sipse/faces/javax.faces.resource/layout/layout.css?ln=primefaces&v=4.0 HTTP/1.1" 304 -
186.80.52.223 - - [10/Nov/2022:05:55:32 -0500] "GET /sipse/faces/javax.faces.resource/jquery/jquery.js?ln=primefaces&v=4.0 HTTP/1.1" 304 -
186.80.52.223 - - [10/Nov/2022:05:55:32 -0500] "GET /sipse/faces/javax.faces.resource/jquery/jquery-plugins.js?ln=primefaces&v=4.0 HTTP/1.1" 304 -
186.80.52.223 - - [10/Nov/2022:05:55:32 -0500] "GET /sipse/faces/javax.faces.resource/primefaces.js?ln=primefaces&v=4.0 HTTP/1.1" 304 -
186.80.52.223 - - [10/Nov/2022:05:55:32 -0500] "GET /sipse/faces/javax.faces.resource/layout/layout.js?ln=primefaces&v=4.0 HTTP/1.1" 304 -
186.80.52.223 - - [10/Nov/2022:05:55:33 -0500] "GET /sipse/css/imagen/contrasena.png HTTP/1.1" 404 383
186.80.52.223 - - [10/Nov/2022:05:55:35 -0500] "GET /sipse/faces/javax.faces.resource/images/ui-bg_flat_0_2d5972_40x100.png?ln=primefaces-aristo HTTP/1.1" 304 -
186.80.52.223 - - [10/Nov/2022:05:55:35 -0500] "POST /sipse/faces/bienvenido.xhtml HTTP/1.1" 200 2658
186.80.52.223 - - [10/Nov/2022:05:55:36 -0500] "POST /sipse/faces/bienvenido.xhtml HTTP/1.1" 200 65783
186.80.52.223 - - [10/Nov/2022:05:55:37 -0500] "GET /sipse/faces/javax.faces.resource/theme.css?ln=primefaces-sipse HTTP/1.1" 304 -
186.80.52.223 - - [10/Nov/2022:05:55:37 -0500] "GET /sipse/faces/javax.faces.resource/primefaces.css?ln=primefaces&v=4.0 HTTP/1.1" 304 -
186.80.52.223 - - [10/Nov/2022:05:55:37 -0500] "GET /sipse/faces/javax.faces.resource/layout/layout.css?ln=primefaces&v=4.0 HTTP/1.1" 304 -
186.80.52.223 - - [10/Nov/2022:05:55:37 -0500] "GET /sipse/faces/javax.faces.resource/jquery/jquery.js?ln=primefaces&v=4.0 HTTP/1.1" 304 -
186.80.52.223 - - [10/Nov/2022:05:55:37 -0500] "GET /sipse/faces/javax.faces.resource/jquery/jquery-plugins.js?ln=primefaces&v=4.0 HTTP/1.1" 304 -
186.80.52.223 - - [10/Nov/2022:05:55:37 -0500] "GET /sipse/faces/javax.faces.resource/primefaces.js?ln=primefaces&v=4.0 HTTP/1.1" 304 -
186.80.52.223 - - [10/Nov/2022:05:55:37 -0500] "GET /sipse/faces/javax.faces.resource/layout/layout.js?ln=primefaces&v=4.0 HTTP/1.1" 304 -
186.80.52.223 - - [10/Nov/2022:05:55:38 -0500] "POST /sipse/faces/presentacion/financiero/solicitudProceso/listarSolicitudProceso.xhtml HTTP/1.1" 200 1560
201.245.192.253 - - [10/Nov/2022:05:55:39 -0500] "POST /kwsrmcab/Wsrmcab  HTTP/1.1" 200 40655
186.80.52.223 - - [10/Nov/2022:05:55:44 -0500] "POST /sipse/faces/presentacion/financiero/solicitudProceso/listarSolicitudProceso.xhtml HTTP/1.1" 200 2857
186.80.52.223 - - [10/Nov/2022:05:55:46 -0500] "POST /sipse/faces/presentacion/financiero/solicitudProceso/listarSolicitudProceso.xhtml HTTP/1.1" 200 40729
186.80.52.223 - - [10/Nov/2022:05:55:46 -0500] "GET /sipse/faces/javax.faces.resource/theme.css?ln=primefaces-sipse HTTP/1.1" 304 -
186.80.52.223 - - [10/Nov/2022:05:55:46 -0500] "GET /sipse/faces/javax.faces.resource/layout/layout.css?ln=primefaces&v=4.0 HTTP/1.1" 304 -
186.80.52.223 - - [10/Nov/2022:05:55:46 -0500] "GET /sipse/faces/javax.faces.resource/primefaces.css?ln=primefaces&v=4.0 HTTP/1.1" 304 -
186.80.52.223 - - [10/Nov/2022:05:55:46 -0500] "GET /sipse/faces/javax.faces.resource/jquery/jquery.js?ln=primefaces&v=4.0 HTTP/1.1" 304 -
186.80.52.223 - - [10/Nov/2022:05:55:46 -0500] "GET /sipse/faces/javax.faces.resource/jquery/jquery-plugins.js?ln=primefaces&v=4.0 HTTP/1.1" 304 -
186.80.52.223 - - [10/Nov/2022:05:55:46 -0500] "GET /sipse/faces/javax.faces.resource/primefaces.js?ln=primefaces&v=4.0 HTTP/1.1" 304 -
186.80.52.223 - - [10/Nov/2022:05:55:48 -0500] "GET /sipse/faces/javax.faces.resource/layout/layout.js?ln=primefaces&v=4.0 HTTP/1.1" 304 -
186.80.52.223 - - [10/Nov/2022:05:55:48 -0500] "POST /sipse/faces/presentacion/financiero/solicitudProceso/consultar.xhtml HTTP/1.1" 200 34149
186.80.52.223 - - [10/Nov/2022:05:55:59 -0500] "POST /sipse/faces/presentacion/financiero/solicitudProceso/consultar.xhtml HTTP/1.1" 200 13008
186.80.52.223 - - [10/Nov/2022:05:56:01 -0500] "POST /sipse/faces/presentacion/financiero/solicitudProceso/consultar.xhtml HTTP/1.1" 200 159471
186.80.52.223 - - [10/Nov/2022:05:56:02 -0500] "GET /sipse/faces/javax.faces.resource/theme.css?ln=primefaces-sipse HTTP/1.1" 304 -
186.80.52.223 - - [10/Nov/2022:05:56:02 -0500] "GET /sipse/faces/javax.faces.resource/layout/layout.css?ln=primefaces&v=4.0 HTTP/1.1" 304 -
186.80.52.223 - - [10/Nov/2022:05:56:02 -0500] "GET /sipse/faces/javax.faces.resource/primefaces.css?ln=primefaces&v=4.0 HTTP/1.1" 304 -
186.80.52.223 - - [10/Nov/2022:05:56:02 -0500] "GET /sipse/faces/javax.faces.resource/jquery/jquery.js?ln=primefaces&v=4.0 HTTP/1.1" 304 -
186.80.52.223 - - [10/Nov/2022:05:56:02 -0500] "GET /sipse/faces/javax.faces.resource/jquery/jquery-plugins.js?ln=primefaces&v=4.0 HTTP/1.1" 304 -
186.80.52.223 - - [10/Nov/2022:05:56:02 -0500] "GET /sipse/faces/javax.faces.resource/primefaces.js?ln=primefaces&v=4.0 HTTP/1.1" 304 -
186.80.52.223 - - [10/Nov/2022:05:56:02 -0500] "GET /sipse/faces/javax.faces.resource/layout/layout.js?ln=primefaces&v=4.0 HTTP/1.1" 304 -
186.80.52.223 - - [10/Nov/2022:05:56:03 -0500] "GET /sipse/faces/javax.faces.resource/dynamiccontent.properties?ln=primefaces&pfdrid=XjOR5%2F%2FfPAZAuY9TpWQeCiM0BhlXxYRBGKi%2FQcXXfeA%3D&pfdrid_c=false HTTP/1.1" 500 383
172.22.2.4 - - [10/Nov/2022:05:58:50 -0500] "GET /BLA/boletinlegal/robots.txt HTTP/1.1" 404 1038
172.22.2.4 - - [10/Nov/2022:05:57:14 -0500] "HEAD /BLA/boletinlegal/ HTTP/1.1" 200 -
216.245.221.92 - - [10/Nov/2022:05:59:15 -0500] "HEAD / HTTP/1.1" 200 -
172.22.2.4 - - [10/Nov/2022:05:58:05 -0500] "GET /BLA/boletinlegal/ HTTP/1.1" 200 54816
172.22.2.4 - - [10/Nov/2022:05:58:51 -0500] "GET /BLA/boletinlegal/ HTTP/1.1" 200 57192
201.245.192.253 - - [10/Nov/2022:06:00:38 -0500] "POST /kwsrmcab/Wsrmcab  HTTP/1.1" 200 40655
173.252.127.116 - - [10/Nov/2022:06:01:58 -0500] "GET /images/Reciclaton%20Nov%202022%20(1)%20(1).jpeg HTTP/1.1" 200 53811
66.249.73.97 - - [10/Nov/2022:06:02:44 -0500] "-" 408 -
216.245.221.92 - - [10/Nov/2022:06:04:15 -0500] "HEAD / HTTP/1.1" 200 -
172.22.2.4 - - [10/Nov/2022:06:03:04 -0500] "HEAD /BLA/boletinlegal/ HTTP/1.1" 200 -
172.22.2.4 - - [10/Nov/2022:06:03:55 -0500] "GET /BLA/boletinlegal/ HTTP/1.1" 200 57824
201.245.192.253 - - [10/Nov/2022:06:05:37 -0500] "POST /kwsrmcab/Wsrmcab  HTTP/1.1" 200 40655
216.245.221.92 - - [10/Nov/2022:06:09:15 -0500] "HEAD / HTTP/1.1" 200 -
66.249.73.127 - - [10/Nov/2022:06:10:10 -0500] "-" 408 -
172.22.2.4 - - [10/Nov/2022:06:08:54 -0500] "HEAD /BLA/boletinlegal/ HTTP/1.1" 200 -
201.245.192.253 - - [10/Nov/2022:06:10:36 -0500] "POST /kwsrmcab/Wsrmcab  HTTP/1.1" 200 40655
172.22.2.4 - - [10/Nov/2022:06:09:45 -0500] "GET /BLA/boletinlegal/ HTTP/1.1" 200 57824
65.21.228.167 - - [10/Nov/2022:06:12:45 -0500] "GET /bla/resoluciones/notificaciones/autos%202018/5467.pdf HTTP/1.1" 200 275126
207.46.13.196 - - [10/Nov/2022:06:13:46 -0500] "GET /BLA/resoluciones/AUTOS%202021/3746.pdf HTTP/1.1" 304 -
216.245.221.92 - - [10/Nov/2022:06:14:15 -0500] "HEAD / HTTP/1.1" 200 -
201.245.192.253 - - [10/Nov/2022:06:15:35 -0500] "POST /kwsrmcab/Wsrmcab  HTTP/1.1" 200 40655
172.22.2.4 - - [10/Nov/2022:06:14:44 -0500] "HEAD /BLA/boletinlegal/ HTTP/1.1" 200 -
172.22.2.4 - - [10/Nov/2022:06:15:35 -0500] "GET /BLA/boletinlegal/ HTTP/1.1" 200 59404
186.80.52.223 - - [10/Nov/2022:06:17:46 -0500] "POST /sipse/faces/presentacion/financiero/solicitudProceso/consultarSolicitudProceso.xhtml HTTP/1.1" 200 43954
186.80.52.223 - - [10/Nov/2022:06:17:46 -0500] "GET /sipse/faces/javax.faces.resource/theme.css?ln=primefaces-sipse HTTP/1.1" 304 -
186.80.52.223 - - [10/Nov/2022:06:17:46 -0500] "GET /sipse/faces/javax.faces.resource/layout/layout.css?ln=primefaces&v=4.0 HTTP/1.1" 304 -
186.80.52.223 - - [10/Nov/2022:06:17:46 -0500] "GET /sipse/faces/javax.faces.resource/primefaces.css?ln=primefaces&v=4.0 HTTP/1.1" 304 -
186.80.52.223 - - [10/Nov/2022:06:17:46 -0500] "GET /sipse/faces/javax.faces.resource/jquery/jquery.js?ln=primefaces&v=4.0 HTTP/1.1" 304 -
186.80.52.223 - - [10/Nov/2022:06:17:46 -0500] "GET /sipse/faces/javax.faces.resource/jquery/jquery-plugins.js?ln=primefaces&v=4.0 HTTP/1.1" 304 -
186.80.52.223 - - [10/Nov/2022:06:17:47 -0500] "GET /sipse/faces/javax.faces.resource/primefaces.js?ln=primefaces&v=4.0 HTTP/1.1" 304 -
186.80.52.223 - - [10/Nov/2022:06:17:47 -0500] "GET /sipse/faces/javax.faces.resource/layout/layout.js?ln=primefaces&v=4.0 HTTP/1.1" 304 -
186.80.52.223 - - [10/Nov/2022:06:17:47 -0500] "POST /sipse/faces/presentacion/financiero/solicitudProceso/consultar.xhtml HTTP/1.1" 200 37374
186.80.52.223 - - [10/Nov/2022:06:17:47 -0500] "POST /sipse/faces/presentacion/financiero/solicitudProceso/consultar.xhtml HTTP/1.1" 200 37374
186.80.52.223 - - [10/Nov/2022:06:17:47 -0500] "POST /sipse/faces/presentacion/financiero/solicitudProceso/consultar.xhtml HTTP/1.1" 200 37374
186.80.52.223 - - [10/Nov/2022:06:17:54 -0500] "POST /sipse/faces/presentacion/financiero/solicitudProceso/consultar.xhtml HTTP/1.1" 200 12907
186.80.52.223 - - [10/Nov/2022:06:18:00 -0500] "POST /sipse/faces/presentacion/financiero/solicitudProceso/consultar.xhtml HTTP/1.1" 200 152359
186.80.52.223 - - [10/Nov/2022:06:18:01 -0500] "GET /sipse/faces/javax.faces.resource/theme.css?ln=primefaces-sipse HTTP/1.1" 304 -
186.80.52.223 - - [10/Nov/2022:06:18:01 -0500] "GET /sipse/faces/javax.faces.resource/primefaces.css?ln=primefaces&v=4.0 HTTP/1.1" 304 -
186.80.52.223 - - [10/Nov/2022:06:18:01 -0500] "GET /sipse/faces/javax.faces.resource/layout/layout.css?ln=primefaces&v=4.0 HTTP/1.1" 304 -
186.80.52.223 - - [10/Nov/2022:06:18:01 -0500] "GET /sipse/faces/javax.faces.resource/jquery/jquery.js?ln=primefaces&v=4.0 HTTP/1.1" 304 -
186.80.52.223 - - [10/Nov/2022:06:18:01 -0500] "GET /sipse/faces/javax.faces.resource/jquery/jquery-plugins.js?ln=primefaces&v=4.0 HTTP/1.1" 304 -
186.80.52.223 - - [10/Nov/2022:06:18:01 -0500] "GET /sipse/faces/javax.faces.resource/primefaces.js?ln=primefaces&v=4.0 HTTP/1.1" 304 -
186.80.52.223 - - [10/Nov/2022:06:18:01 -0500] "GET /sipse/faces/javax.faces.resource/layout/layout.js?ln=primefaces&v=4.0 HTTP/1.1" 304 -
186.80.52.223 - - [10/Nov/2022:06:18:02 -0500] "GET /sipse/faces/javax.faces.resource/dynamiccontent.properties?ln=primefaces&pfdrid=XjOR5%2F%2FfPAZAuY9TpWQeCiM0BhlXxYRBGKi%2FQcXXfeA%3D&pfdrid_c=false HTTP/1.1" 500 383
216.245.221.92 - - [10/Nov/2022:06:19:15 -0500] "HEAD / HTTP/1.1" 200 -
201.245.192.253 - - [10/Nov/2022:06:20:35 -0500] "POST /kwsrmcab/Wsrmcab  HTTP/1.1" 200 40655
201.245.192.253 - - [10/Nov/2022:06:21:50 -0500] "POST /kwsrmcab/Wsrmcab HTTP/1.1" 200 44000
201.245.192.253 - - [10/Nov/2022:06:21:53 -0500] "POST /kwsrmcab/Wsrmcab HTTP/1.1" 200 44307
114.119.145.115 - - [10/Nov/2022:06:22:07 -0500] "-" 408 -
172.22.2.4 - - [10/Nov/2022:06:20:34 -0500] "HEAD /BLA/boletinlegal/ HTTP/1.1" 200 -
172.22.2.4 - - [10/Nov/2022:06:21:25 -0500] "GET /BLA/boletinlegal/ HTTP/1.1" 200 57824
40.77.167.57 - - [10/Nov/2022:06:23:20 -0500] "GET /BLA/resoluciones/00000877.tif HTTP/1.1" 404 1018
216.245.221.92 - - [10/Nov/2022:06:24:15 -0500] "HEAD / HTTP/1.1" 200 -
66.249.73.127 - - [10/Nov/2022:06:24:44 -0500] "-" 408 -
172.22.2.4 - - [10/Nov/2022:06:25:21 -0500] "GET /BLA/boletinlegal/jurisprudencia/analisis/Analisis%20Jurisprudencia%20Sent%202000-00005-01.doc HTTP/1.1" 304 -
201.245.192.253 - - [10/Nov/2022:06:25:34 -0500] "POST /kwsrmcab/Wsrmcab  HTTP/1.1" 200 40655
172.22.2.4 - - [10/Nov/2022:06:26:24 -0500] "HEAD /BLA/boletinlegal/ HTTP/1.1" 200 -
172.22.2.4 - - [10/Nov/2022:06:28:49 -0500] "GET /BLA/boletinlegal/Circulares/2015/Circular%20No.%201%20del%2010%20de%20Febrero%20de%202015.pdf HTTP/1.1" 304 -
172.22.2.4 - - [10/Nov/2022:06:27:15 -0500] "GET /BLA/boletinlegal/ HTTP/1.1" 200 57824
157.55.39.13 - - [10/Nov/2022:06:29:04 -0500] "GET /BLA/resoluciones/RESOLUCIONES%202022/0363.pdf HTTP/1.1" 304 -
216.245.221.92 - - [10/Nov/2022:06:29:15 -0500] "HEAD / HTTP/1.1" 200 -
201.245.192.253 - - [10/Nov/2022:06:30:34 -0500] "POST /kwsrmcab/Wsrmcab  HTTP/1.1" 200 40655
172.22.2.4 - - [10/Nov/2022:06:31:36 -0500] "GET /BLA/boletinlegal/actos.php HTTP/1.1" 200 9566
172.22.2.4 - - [10/Nov/2022:06:31:36 -0500] "GET /BLA/boletinlegal/favicon.ico HTTP/1.1" 404 1326
172.22.2.4 - - [10/Nov/2022:06:31:43 -0500] "GET /BLA/boletinlegal/consulta_actos.php?tipo=autos&no=7188&usuario=&sector=&fecha=2022&resuelve= HTTP/1.1" 200 1076
66.249.73.127 - - [10/Nov/2022:06:31:45 -0500] "-" 408 -
186.154.67.16 - - [10/Nov/2022:06:31:45 -0500] "GET /BLA/resoluciones/AUTOS%202022/7188.pdf HTTP/1.1" 200 402439
186.154.67.16 - - [10/Nov/2022:06:31:45 -0500] "GET /favicon.ico HTTP/1.1" 200 7782
201.245.192.253 - - [10/Nov/2022:06:31:49 -0500] "POST /kwsrmcab/Wsrmcab HTTP/1.1" 200 44000
201.245.192.253 - - [10/Nov/2022:06:31:52 -0500] "POST /kwsrmcab/Wsrmcab HTTP/1.1" 200 44307
172.22.2.4 - - [10/Nov/2022:06:31:34 -0500] "GET /BLA/boletinlegal/ HTTP/1.1" 200 56079
172.22.2.4 - - [10/Nov/2022:06:32:14 -0500] "HEAD /BLA/boletinlegal/ HTTP/1.1" 200 -
216.245.221.92 - - [10/Nov/2022:06:34:15 -0500] "HEAD / HTTP/1.1" 200 -
172.22.2.4 - - [10/Nov/2022:06:33:05 -0500] "GET /BLA/boletinlegal/ HTTP/1.1" 200 57192
201.245.192.253 - - [10/Nov/2022:06:35:33 -0500] "POST /kwsrmcab/Wsrmcab  HTTP/1.1" 200 40655
186.80.52.223 - - [10/Nov/2022:06:38:43 -0500] "POST /sipse/faces/presentacion/financiero/solicitudProceso/consultarSolicitudProceso.xhtml HTTP/1.1" 200 43853
186.80.52.223 - - [10/Nov/2022:06:38:43 -0500] "GET /sipse/faces/javax.faces.resource/theme.css?ln=primefaces-sipse HTTP/1.1" 304 -
186.80.52.223 - - [10/Nov/2022:06:38:43 -0500] "GET /sipse/faces/javax.faces.resource/primefaces.css?ln=primefaces&v=4.0 HTTP/1.1" 304 -
186.80.52.223 - - [10/Nov/2022:06:38:43 -0500] "GET /sipse/faces/javax.faces.resource/layout/layout.css?ln=primefaces&v=4.0 HTTP/1.1" 304 -
186.80.52.223 - - [10/Nov/2022:06:38:43 -0500] "GET /sipse/faces/javax.faces.resource/jquery/jquery.js?ln=primefaces&v=4.0 HTTP/1.1" 304 -
186.80.52.223 - - [10/Nov/2022:06:38:43 -0500] "GET /sipse/faces/javax.faces.resource/jquery/jquery-plugins.js?ln=primefaces&v=4.0 HTTP/1.1" 304 -
186.80.52.223 - - [10/Nov/2022:06:38:43 -0500] "GET /sipse/faces/javax.faces.resource/primefaces.js?ln=primefaces&v=4.0 HTTP/1.1" 304 -
186.80.52.223 - - [10/Nov/2022:06:38:43 -0500] "GET /sipse/faces/javax.faces.resource/layout/layout.js?ln=primefaces&v=4.0 HTTP/1.1" 304 -
186.80.52.223 - - [10/Nov/2022:06:38:43 -0500] "POST /sipse/faces/presentacion/financiero/solicitudProceso/consultar.xhtml HTTP/1.1" 200 37273
186.80.52.223 - - [10/Nov/2022:06:38:44 -0500] "POST /sipse/faces/presentacion/financiero/solicitudProceso/consultar.xhtml HTTP/1.1" 200 37273
186.80.52.223 - - [10/Nov/2022:06:38:44 -0500] "POST /sipse/faces/presentacion/financiero/solicitudProceso/consultar.xhtml HTTP/1.1" 200 37273
186.80.52.223 - - [10/Nov/2022:06:38:45 -0500] "POST /sipse/faces/presentacion/financiero/solicitudProceso/consultar.xhtml HTTP/1.1" 200 37273
186.80.52.223 - - [10/Nov/2022:06:38:45 -0500] "POST /sipse/faces/presentacion/financiero/solicitudProceso/consultar.xhtml HTTP/1.1" 200 37273
186.80.52.223 - - [10/Nov/2022:06:38:52 -0500] "POST /sipse/faces/presentacion/financiero/solicitudProceso/consultar.xhtml HTTP/1.1" 200 12953
172.22.2.4 - - [10/Nov/2022:06:38:53 -0500] "GET /BLA/boletinlegal/Circulares/2010/Circular%2001%20de%2018%20de%20febrero%20de%202010.pdf HTTP/1.1" 200 72083
172.22.2.4 - - [10/Nov/2022:06:38:55 -0500] "GET /BLA/boletinlegal/actos.php HTTP/1.1" 200 9566
172.22.2.4 - - [10/Nov/2022:06:39:00 -0500] "GET /BLA/boletinlegal/consulta_actos.php?tipo=autos&no=6619&usuario=&sector=&fecha=2022&resuelve= HTTP/1.1" 200 1076
186.154.67.16 - - [10/Nov/2022:06:39:02 -0500] "GET /BLA/resoluciones/AUTOS%202022/6619.pdf HTTP/1.1" 200 380184
150.158.93.86 - - [10/Nov/2022:06:39:08 -0500] "GET /xmlrpc.php HTTP/1.1" 404 1034
186.80.52.223 - - [10/Nov/2022:06:39:08 -0500] "POST /sipse/faces/presentacion/financiero/solicitudProceso/consultar.xhtml HTTP/1.1" 200 159515
186.80.52.223 - - [10/Nov/2022:06:39:10 -0500] "GET /sipse/faces/javax.faces.resource/theme.css?ln=primefaces-sipse HTTP/1.1" 304 -
186.80.52.223 - - [10/Nov/2022:06:39:10 -0500] "GET /sipse/faces/javax.faces.resource/primefaces.css?ln=primefaces&v=4.0 HTTP/1.1" 304 -
186.80.52.223 - - [10/Nov/2022:06:39:10 -0500] "GET /sipse/faces/javax.faces.resource/layout/layout.css?ln=primefaces&v=4.0 HTTP/1.1" 304 -
186.80.52.223 - - [10/Nov/2022:06:39:10 -0500] "GET /sipse/faces/javax.faces.resource/jquery/jquery.js?ln=primefaces&v=4.0 HTTP/1.1" 304 -
186.80.52.223 - - [10/Nov/2022:06:39:10 -0500] "GET /sipse/faces/javax.faces.resource/jquery/jquery-plugins.js?ln=primefaces&v=4.0 HTTP/1.1" 304 -
186.80.52.223 - - [10/Nov/2022:06:39:10 -0500] "GET /sipse/faces/javax.faces.resource/primefaces.js?ln=primefaces&v=4.0 HTTP/1.1" 304 -
186.80.52.223 - - [10/Nov/2022:06:39:10 -0500] "GET /sipse/faces/javax.faces.resource/layout/layout.js?ln=primefaces&v=4.0 HTTP/1.1" 304 -
186.80.52.223 - - [10/Nov/2022:06:39:10 -0500] "GET /sipse/faces/javax.faces.resource/dynamiccontent.properties?ln=primefaces&pfdrid=XjOR5%2F%2FfPAZAuY9TpWQeCiM0BhlXxYRBGKi%2FQcXXfeA%3D&pfdrid_c=false HTTP/1.1" 500 383
216.245.221.92 - - [10/Nov/2022:06:39:15 -0500] "HEAD / HTTP/1.1" 200 -
172.22.2.4 - - [10/Nov/2022:06:38:04 -0500] "HEAD /BLA/boletinlegal/ HTTP/1.1" 200 -
172.22.2.4 - - [10/Nov/2022:06:38:53 -0500] "GET /BLA/boletinlegal/ HTTP/1.1" 200 45717
201.245.192.253 - - [10/Nov/2022:06:40:32 -0500] "POST /kwsrmcab/Wsrmcab  HTTP/1.1" 200 40655
172.22.2.4 - - [10/Nov/2022:06:38:55 -0500] "GET /BLA/boletinlegal/ HTTP/1.1" 200 45717
172.22.2.4 - - [10/Nov/2022:06:40:22 -0500] "GET /BLA/boletinlegal/ HTTP/1.1" 200 32715
186.80.52.223 - - [10/Nov/2022:06:41:32 -0500] "POST /sipse/faces/presentacion/financiero/solicitudProceso/consultarSolicitudProceso.xhtml HTTP/1.1" 200 193
186.80.52.223 - - [10/Nov/2022:06:41:32 -0500] "POST /sipse/faces/presentacion/financiero/solicitudProceso/consultarSolicitudProceso.xhtml HTTP/1.1" 200 193
186.80.52.223 - - [10/Nov/2022:06:41:32 -0500] "GET /sipse/faces/presentacion/financiero/solicitudAnulacion/consultarSolicitudAnulacion.xhtml HTTP/1.1" 200 36992
186.80.52.223 - - [10/Nov/2022:06:41:32 -0500] "POST /sipse/faces/presentacion/financiero/solicitudProceso/consultarSolicitudProceso.xhtml HTTP/1.1" 200 193
186.80.52.223 - - [10/Nov/2022:06:41:32 -0500] "GET /sipse/faces/presentacion/financiero/solicitudAnulacion/consultarSolicitudAnulacion.xhtml HTTP/1.1" 200 36992
186.80.52.223 - - [10/Nov/2022:06:41:32 -0500] "POST /sipse/faces/presentacion/financiero/solicitudProceso/consultarSolicitudProceso.xhtml HTTP/1.1" 200 193
186.80.52.223 - - [10/Nov/2022:06:41:32 -0500] "GET /sipse/faces/presentacion/financiero/solicitudAnulacion/consultarSolicitudAnulacion.xhtml HTTP/1.1" 200 36992
186.80.52.223 - - [10/Nov/2022:06:41:33 -0500] "POST /sipse/faces/presentacion/financiero/solicitudProceso/consultarSolicitudProceso.xhtml HTTP/1.1" 200 193
186.80.52.223 - - [10/Nov/2022:06:41:33 -0500] "GET /sipse/faces/presentacion/financiero/solicitudAnulacion/consultarSolicitudAnulacion.xhtml HTTP/1.1" 200 36992
186.80.52.223 - - [10/Nov/2022:06:41:33 -0500] "POST /sipse/faces/presentacion/financiero/solicitudProceso/consultarSolicitudProceso.xhtml HTTP/1.1" 200 193
186.80.52.223 - - [10/Nov/2022:06:41:33 -0500] "GET /sipse/faces/presentacion/financiero/solicitudAnulacion/consultarSolicitudAnulacion.xhtml HTTP/1.1" 200 36992
186.80.52.223 - - [10/Nov/2022:06:41:33 -0500] "POST /sipse/faces/presentacion/financiero/solicitudProceso/consultarSolicitudProceso.xhtml HTTP/1.1" 200 193
186.80.52.223 - - [10/Nov/2022:06:41:33 -0500] "GET /sipse/faces/presentacion/financiero/solicitudAnulacion/consultarSolicitudAnulacion.xhtml HTTP/1.1" 200 36992
186.80.52.223 - - [10/Nov/2022:06:41:33 -0500] "POST /sipse/faces/presentacion/financiero/solicitudProceso/consultarSolicitudProceso.xhtml HTTP/1.1" 200 193
186.80.52.223 - - [10/Nov/2022:06:41:33 -0500] "GET /sipse/faces/presentacion/financiero/solicitudAnulacion/consultarSolicitudAnulacion.xhtml HTTP/1.1" 200 36992
186.80.52.223 - - [10/Nov/2022:06:41:33 -0500] "GET /sipse/faces/presentacion/financiero/solicitudAnulacion/consultarSolicitudAnulacion.xhtml HTTP/1.1" 200 36992
186.80.52.223 - - [10/Nov/2022:06:41:33 -0500] "GET /sipse/faces/javax.faces.resource/theme.css?ln=primefaces-sipse HTTP/1.1" 304 -
186.80.52.223 - - [10/Nov/2022:06:41:33 -0500] "GET /sipse/faces/javax.faces.resource/primefaces.css?ln=primefaces&v=4.0 HTTP/1.1" 304 -
186.80.52.223 - - [10/Nov/2022:06:41:33 -0500] "GET /sipse/faces/javax.faces.resource/jquery/jquery.js?ln=primefaces&v=4.0 HTTP/1.1" 304 -
