173.252.107.20 - - [12/Nov/2022:19:27:06 -0500] "GET /bogota-esta-mejorando-y-en-el-dia-de-los-humedales-bogota-reafirma-su-compromiso-con-estos-ecosistemas.html HTTP/1.1" 206 1153
173.252.107.22 - - [12/Nov/2022:19:27:06 -0500] "GET /secretaria-de-ambiente-incrementa-evaluacion-y-seguimiento-al-arbolado-urbano.html HTTP/1.1" 206 933
173.252.107.18 - - [12/Nov/2022:19:27:06 -0500] "GET /alcaldesa-claudia-lopez-les-dio-la-bienvenida-a-las-sembradoras-por-la-reactivaccion.html HTTP/1.1" 206 1264
172.22.2.4 - - [12/Nov/2022:19:27:07 -0500] "GET /BLA/boletinlegal/Circulares/2019/Circular%20No.%200003%20del%2031%20de%20Enero%20de%202019.pdf HTTP/1.1" 200 164676
201.245.192.253 - - [12/Nov/2022:19:28:03 -0500] "POST /kwsrmcab/Wsrmcab  HTTP/1.1" 200 40655
185.119.81.104 - - [12/Nov/2022:19:29:02 -0500] "GET /portaldeninos/wp-login.php HTTP/1.1" 200 2592
185.119.81.104 - - [12/Nov/2022:19:29:03 -0500] "POST /portaldeninos/wp-login.php HTTP/1.1" 200 3605
216.245.221.92 - - [12/Nov/2022:19:29:06 -0500] "HEAD / HTTP/1.1" 200 -
31.13.103.6 - - [12/Nov/2022:19:29:17 -0500] "GET /secretaria-de-ambiente-acompano-los-dialogos-regionales-vinculantes-para-san-cristobal-y-rafael-uribe-uribe.html HTTP/1.1" 206 984
31.13.103.10 - - [12/Nov/2022:19:29:17 -0500] "GET /secretaria-de-ambiente-acompano-los-dialogos-regionales-vinculantes-para-san-cristobal-y-rafael-uribe-uribe.html HTTP/1.1" 206 984
31.13.103.6 - - [12/Nov/2022:19:29:18 -0500] "GET /secretaria-de-ambiente-acompano-los-dialogos-regionales-vinculantes-para-san-cristobal-y-rafael-uribe-uribe.html HTTP/1.1" 206 984
31.13.103.10 - - [12/Nov/2022:19:29:18 -0500] "GET /secretaria-de-ambiente-acompano-los-dialogos-regionales-vinculantes-para-san-cristobal-y-rafael-uribe-uribe.html HTTP/1.1" 206 984
31.13.103.2 - - [12/Nov/2022:19:29:19 -0500] "GET /images/drv-1_optimized.jpeg HTTP/1.1" 200 186030
31.13.103.14 - - [12/Nov/2022:19:29:27 -0500] "GET /images/drv-1_optimized.jpeg HTTP/1.1" 200 186030
172.22.2.4 - - [12/Nov/2022:19:29:41 -0500] "HEAD /BLA/boletinlegal/ HTTP/1.1" 200 -
201.245.192.253 - - [12/Nov/2022:19:31:37 -0500] "POST /kwsrmcab/Wsrmcab HTTP/1.1" 200 44413
201.245.192.253 - - [12/Nov/2022:19:31:40 -0500] "POST /kwsrmcab/Wsrmcab HTTP/1.1" 200 43739
172.22.2.4 - - [12/Nov/2022:19:30:32 -0500] "GET /BLA/boletinlegal/ HTTP/1.1" 200 56079
201.245.192.253 - - [12/Nov/2022:19:33:02 -0500] "POST /kwsrmcab/Wsrmcab  HTTP/1.1" 200 40655
216.245.221.92 - - [12/Nov/2022:19:34:06 -0500] "HEAD / HTTP/1.1" 200 -
66.249.69.47 - - [12/Nov/2022:19:34:46 -0500] "-" 408 -
40.77.167.46 - - [12/Nov/2022:19:34:58 -0500] "GET /sia/ HTTP/1.1" 304 -
172.22.2.4 - - [12/Nov/2022:19:35:25 -0500] "GET /BLA/boletinlegal/ HTTP/1.1" 200 52942
172.22.2.4 - - [12/Nov/2022:19:35:31 -0500] "HEAD /BLA/boletinlegal/ HTTP/1.1" 200 -
172.22.2.4 - - [12/Nov/2022:19:36:22 -0500] "GET /BLA/boletinlegal/ HTTP/1.1" 200 54452
201.245.192.253 - - [12/Nov/2022:19:38:02 -0500] "POST /kwsrmcab/Wsrmcab  HTTP/1.1" 200 40655
216.245.221.92 - - [12/Nov/2022:19:39:06 -0500] "HEAD / HTTP/1.1" 200 -
172.22.2.4 - - [12/Nov/2022:19:39:18 -0500] "GET /BLA/boletinlegal/Circulares/2019/.pdf HTTP/1.1" 404 1218
173.252.107.119 - - [12/Nov/2022:19:41:19 -0500] "GET /del-22-al-26-de-noviembre-se-realizara-la-semana-ecoempresarial-en-bogota.html HTTP/1.1" 206 860
20.231.101.203 - - [12/Nov/2022:19:39:42 -0500] "GET /BLA/boletinlegal/ HTTP/1.1" 200 62840
201.245.192.253 - - [12/Nov/2022:19:41:38 -0500] "POST /kwsrmcab/Wsrmcab HTTP/1.1" 200 44413
201.245.192.253 - - [12/Nov/2022:19:41:40 -0500] "POST /kwsrmcab/Wsrmcab HTTP/1.1" 200 43739
172.22.2.4 - - [12/Nov/2022:19:41:21 -0500] "HEAD /BLA/boletinlegal/ HTTP/1.1" 200 -
201.245.192.253 - - [12/Nov/2022:19:43:00 -0500] "POST /kwsrmcab/Wsrmcab  HTTP/1.1" 200 40655
172.22.2.4 - - [12/Nov/2022:19:42:12 -0500] "GET /BLA/boletinlegal/ HTTP/1.1" 200 58185
216.245.221.92 - - [12/Nov/2022:19:44:06 -0500] "HEAD / HTTP/1.1" 200 -
117.243.194.242 - - [12/Nov/2022:19:44:29 -0500] "GET / HTTP/1.1" 200 319
173.252.111.24 - - [12/Nov/2022:19:44:49 -0500] "GET /images/Reciclaton%20Nov%202022%20(1)%20(1).jpeg HTTP/1.1" 200 53811
173.252.127.13 - - [12/Nov/2022:19:47:07 -0500] "GET /images/parque-nal-secretaria.jpg HTTP/1.1" 200 168060
201.245.192.253 - - [12/Nov/2022:19:47:59 -0500] "POST /kwsrmcab/Wsrmcab  HTTP/1.1" 200 40655
35.236.215.231 - - [12/Nov/2022:19:48:03 -0500] "GET /camino-guadalupe-aguanoso-cerrado-por-caida-de-arboles.html HTTP/1.1" 200 851
35.236.215.231 - - [12/Nov/2022:19:48:03 -0500] "GET /camino-guadalupe-aguanoso-cerrado-por-caida-de-arboles.html HTTP/1.1" 200 851
172.22.2.4 - - [12/Nov/2022:19:47:11 -0500] "HEAD /BLA/boletinlegal/ HTTP/1.1" 200 -
185.119.81.103 - - [12/Nov/2022:19:49:04 -0500] "GET /portaldeninos/wp-login.php HTTP/1.1" 200 2592
185.119.81.103 - - [12/Nov/2022:19:49:05 -0500] "POST /portaldeninos/wp-login.php HTTP/1.1" 200 3670
216.245.221.92 - - [12/Nov/2022:19:49:06 -0500] "HEAD / HTTP/1.1" 200 -
172.22.2.4 - - [12/Nov/2022:19:48:02 -0500] "GET /BLA/boletinlegal/ HTTP/1.1" 200 59404
40.77.167.69 - - [12/Nov/2022:19:50:10 -0500] "GET /secretaria-de-ambiente-acompano-los-dialogos-regionales-vinculantes-para-san-cristobal-y-rafael-uribe-uribe.html HTTP/1.1" 200 984
201.245.192.253 - - [12/Nov/2022:19:52:58 -0500] "POST /kwsrmcab/Wsrmcab  HTTP/1.1" 200 40655
172.22.2.4 - - [12/Nov/2022:19:53:30 -0500] "GET /BLA/boletinlegal/style.css HTTP/1.1" 200 9406
172.22.2.4 - - [12/Nov/2022:19:53:30 -0500] "GET /BLA/boletinlegal/styles2.css HTTP/1.1" 200 1838
172.22.2.4 - - [12/Nov/2022:19:53:30 -0500] "GET /BLA/boletinlegal/js/jquery.scrollTo-min.js HTTP/1.1" 200 1150
172.22.2.4 - - [12/Nov/2022:19:53:30 -0500] "GET /BLA/boletinlegal/js/jquery.js HTTP/1.1" 200 57254
172.22.2.4 - - [12/Nov/2022:19:53:30 -0500] "GET /BLA/boletinlegal/js/jquery.scrollShow.js HTTP/1.1" 200 4586
172.22.2.4 - - [12/Nov/2022:19:53:30 -0500] "GET /BLA/boletinlegal/images/cabezote%20BLEGAL.jpg HTTP/1.1" 200 118164
172.22.2.4 - - [12/Nov/2022:19:53:30 -0500] "GET /BLA/boletinlegal/images/subscribe-icon-big.png HTTP/1.1" 200 47702
172.22.2.4 - - [12/Nov/2022:19:53:30 -0500] "GET /BLA/boletinlegal/images/historia.png HTTP/1.1" 200 52775
172.22.2.4 - - [12/Nov/2022:19:53:30 -0500] "GET /BLA/boletinlegal/images/registro-usuarios.png HTTP/1.1" 200 8106
172.22.2.4 - - [12/Nov/2022:19:53:30 -0500] "GET /BLA/boletinlegal/images/arr_l.jpg HTTP/1.1" 200 1979
172.22.2.4 - - [12/Nov/2022:19:53:30 -0500] "GET /BLA/boletinlegal/images/screen_1.png HTTP/1.1" 200 202547
172.22.2.4 - - [12/Nov/2022:19:53:30 -0500] "GET /BLA/boletinlegal/images/body_bg.jpg HTTP/1.1" 200 1601
172.22.2.4 - - [12/Nov/2022:19:53:30 -0500] "GET /BLA/boletinlegal/images/launch.jpg HTTP/1.1" 200 14577
172.22.2.4 - - [12/Nov/2022:19:53:30 -0500] "GET /BLA/boletinlegal/images/menu_lft.gif HTTP/1.1" 200 1713
172.22.2.4 - - [12/Nov/2022:19:53:30 -0500] "GET /BLA/boletinlegal/images/menu_rght.gif HTTP/1.1" 200 1627
172.22.2.4 - - [12/Nov/2022:19:53:30 -0500] "GET /BLA/boletinlegal/images/text.jpg HTTP/1.1" 200 568
172.22.2.4 - - [12/Nov/2022:19:53:30 -0500] "GET /BLA/boletinlegal/images/menu_bg.jpg HTTP/1.1" 200 620
172.22.2.4 - - [12/Nov/2022:19:53:30 -0500] "GET /BLA/boletinlegal/images/hover.jpg HTTP/1.1" 200 640
172.22.2.4 - - [12/Nov/2022:19:53:30 -0500] "GET /BLA/boletinlegal/images/bg_top.jpg HTTP/1.1" 200 522
172.22.2.4 - - [12/Nov/2022:19:53:38 -0500] "GET /BLA/boletinlegal/images/screen_3.png HTTP/1.1" 200 210620
172.22.2.4 - - [12/Nov/2022:19:53:38 -0500] "GET /BLA/boletinlegal/images/screen_2.png HTTP/1.1" 200 362502
172.22.2.4 - - [12/Nov/2022:19:53:38 -0500] "GET /BLA/boletinlegal/images/screen_5.png HTTP/1.1" 200 368876
172.22.2.4 - - [12/Nov/2022:19:53:38 -0500] "GET /BLA/boletinlegal/images/arr_r.jpg HTTP/1.1" 200 1998
172.22.2.4 - - [12/Nov/2022:19:53:47 -0500] "GET /BLA/boletinlegal/images/pdf.gif HTTP/1.1" 200 567
172.22.2.4 - - [12/Nov/2022:19:53:48 -0500] "GET /BLA/boletinlegal/images/footer_bg.jpg HTTP/1.1" 200 586
190.27.85.114 - - [12/Nov/2022:19:54:01 -0500] "POST /sipse/faces/presentacion/financiero/solicitudProceso/listarSolicitudProceso.xhtml HTTP/1.1" 302 -
190.27.85.114 - - [12/Nov/2022:19:54:01 -0500] "GET /sipse/faces/autenticacion.xhtml HTTP/1.1" 200 1099
216.245.221.92 - - [12/Nov/2022:19:54:06 -0500] "HEAD / HTTP/1.1" 200 -
172.22.2.4 - - [12/Nov/2022:19:54:25 -0500] "GET /BLA/boletinlegal/consulta_actos.php?tipo=resoluciones&no=8220&usuario=&sector=&fecha=2009&resuelve= HTTP/1.1" 200 1079
186.30.63.31 - - [12/Nov/2022:19:54:27 -0500] "GET /BLA/resoluciones/RESOLUCIONES%202009/8220.pdf HTTP/1.1" 200 1025838
172.22.2.4 - - [12/Nov/2022:19:54:33 -0500] "GET /BLA/boletinlegal/Directivas/2018/Directiva%20No.%2027%20del%2028%20de%20diciembre%20de%202018.pdf HTTP/1.1" 304 -
190.27.85.114 - - [12/Nov/2022:19:54:41 -0500] "GET /sipse/faces/index.xhtml HTTP/1.1" 200 677
190.27.85.114 - - [12/Nov/2022:19:54:41 -0500] "GET /sipse/faces/javax.faces.resource/theme.css?ln=primefaces-sipse HTTP/1.1" 304 -
190.27.85.114 - - [12/Nov/2022:19:54:41 -0500] "GET /sipse/faces/faces/autenticacion.xhtml HTTP/1.1" 200 12183
190.27.85.114 - - [12/Nov/2022:19:54:41 -0500] "GET /sipse/faces/javax.faces.resource/theme.css?ln=primefaces-sipse HTTP/1.1" 304 -
190.27.85.114 - - [12/Nov/2022:19:54:41 -0500] "GET /sipse/faces/javax.faces.resource/primefaces.css?ln=primefaces&v=4.0 HTTP/1.1" 304 -
190.27.85.114 - - [12/Nov/2022:19:54:41 -0500] "GET /sipse/faces/javax.faces.resource/layout/layout.css?ln=primefaces&v=4.0 HTTP/1.1" 304 -
190.27.85.114 - - [12/Nov/2022:19:54:41 -0500] "GET /sipse/faces/javax.faces.resource/layout/layout.js?ln=primefaces&v=4.0 HTTP/1.1" 304 -
190.27.85.114 - - [12/Nov/2022:19:54:41 -0500] "GET /sipse/faces/javax.faces.resource/jquery/jquery-plugins.js?ln=primefaces&v=4.0 HTTP/1.1" 304 -
190.27.85.114 - - [12/Nov/2022:19:54:41 -0500] "GET /sipse/faces/javax.faces.resource/jquery/jquery.js?ln=primefaces&v=4.0 HTTP/1.1" 304 -
190.27.85.114 - - [12/Nov/2022:19:54:41 -0500] "GET /sipse/faces/javax.faces.resource/primefaces.js?ln=primefaces&v=4.0 HTTP/1.1" 304 -
190.27.85.114 - - [12/Nov/2022:19:54:41 -0500] "GET /sipse/faces/javax.faces.resource/images/ui-icons_898989_256x240.png?ln=primefaces-aristo HTTP/1.1" 304 -
172.22.2.4 - - [12/Nov/2022:19:53:01 -0500] "HEAD /BLA/boletinlegal/ HTTP/1.1" 200 -
190.27.85.114 - - [12/Nov/2022:19:54:45 -0500] "POST /sipse/faces/autenticacion.xhtml HTTP/1.1" 200 2224
190.27.85.114 - - [12/Nov/2022:19:54:45 -0500] "GET /sipse/faces/javax.faces.resource/messages/messages.png?ln=primefaces&v=4.0 HTTP/1.1" 304 -
190.27.85.114 - - [12/Nov/2022:19:54:46 -0500] "POST /sipse/faces/autenticacion.xhtml HTTP/1.1" 200 16259
190.27.85.114 - - [12/Nov/2022:19:54:46 -0500] "GET /sipse/faces/javax.faces.resource/theme.css?ln=primefaces-sipse HTTP/1.1" 304 -
190.27.85.114 - - [12/Nov/2022:19:54:46 -0500] "GET /sipse/faces/javax.faces.resource/primefaces.css?ln=primefaces&v=4.0 HTTP/1.1" 304 -
190.27.85.114 - - [12/Nov/2022:19:54:46 -0500] "GET /sipse/faces/javax.faces.resource/layout/layout.css?ln=primefaces&v=4.0 HTTP/1.1" 304 -
190.27.85.114 - - [12/Nov/2022:19:54:46 -0500] "GET /sipse/faces/javax.faces.resource/jquery/jquery.js?ln=primefaces&v=4.0 HTTP/1.1" 304 -
190.27.85.114 - - [12/Nov/2022:19:54:46 -0500] "GET /sipse/faces/javax.faces.resource/jquery/jquery-plugins.js?ln=primefaces&v=4.0 HTTP/1.1" 304 -
190.27.85.114 - - [12/Nov/2022:19:54:46 -0500] "GET /sipse/faces/javax.faces.resource/primefaces.js?ln=primefaces&v=4.0 HTTP/1.1" 304 -
190.27.85.114 - - [12/Nov/2022:19:54:46 -0500] "GET /sipse/faces/javax.faces.resource/layout/layout.js?ln=primefaces&v=4.0 HTTP/1.1" 304 -
190.27.85.114 - - [12/Nov/2022:19:54:46 -0500] "GET /sipse/css/imagen/contrasena.png HTTP/1.1" 404 383
172.22.2.4 - - [12/Nov/2022:19:55:01 -0500] "GET /BLA/boletinlegal/style.css HTTP/1.1" 200 9406
172.22.2.4 - - [12/Nov/2022:19:55:01 -0500] "GET /BLA/boletinlegal/js/jquery.scrollTo-min.js HTTP/1.1" 200 1150
172.22.2.4 - - [12/Nov/2022:19:55:01 -0500] "GET /BLA/boletinlegal/styles2.css HTTP/1.1" 200 1838
172.22.2.4 - - [12/Nov/2022:19:55:01 -0500] "GET /BLA/boletinlegal/js/jquery.js HTTP/1.1" 200 57254
172.22.2.4 - - [12/Nov/2022:19:55:01 -0500] "GET /BLA/boletinlegal/js/jquery.scrollShow.js HTTP/1.1" 200 4586
172.22.2.4 - - [12/Nov/2022:19:55:02 -0500] "GET /BLA/boletinlegal/images/cabezote%20BLEGAL.jpg HTTP/1.1" 200 118164
172.22.2.4 - - [12/Nov/2022:19:55:02 -0500] "GET /BLA/boletinlegal/images/subscribe-icon-big.png HTTP/1.1" 200 47702
172.22.2.4 - - [12/Nov/2022:19:55:02 -0500] "GET /BLA/boletinlegal/images/historia.png HTTP/1.1" 200 52775
172.22.2.4 - - [12/Nov/2022:19:55:02 -0500] "GET /BLA/boletinlegal/images/arr_l.jpg HTTP/1.1" 200 1979
172.22.2.4 - - [12/Nov/2022:19:55:02 -0500] "GET /BLA/boletinlegal/images/registro-usuarios.png HTTP/1.1" 200 8106
172.22.2.4 - - [12/Nov/2022:19:55:02 -0500] "GET /BLA/boletinlegal/images/screen_1.png HTTP/1.1" 200 202547
172.22.2.4 - - [12/Nov/2022:19:55:02 -0500] "GET /BLA/boletinlegal/images/launch.jpg HTTP/1.1" 200 14577
172.22.2.4 - - [12/Nov/2022:19:55:02 -0500] "GET /BLA/boletinlegal/images/menu_lft.gif HTTP/1.1" 200 1713
172.22.2.4 - - [12/Nov/2022:19:55:02 -0500] "GET /BLA/boletinlegal/images/menu_rght.gif HTTP/1.1" 200 1627
172.22.2.4 - - [12/Nov/2022:19:55:02 -0500] "GET /BLA/boletinlegal/images/bg_top.jpg HTTP/1.1" 200 522
172.22.2.4 - - [12/Nov/2022:19:55:02 -0500] "GET /BLA/boletinlegal/images/menu_bg.jpg HTTP/1.1" 200 620
172.22.2.4 - - [12/Nov/2022:19:55:02 -0500] "GET /BLA/boletinlegal/images/text.jpg HTTP/1.1" 200 568
172.22.2.4 - - [12/Nov/2022:19:55:02 -0500] "GET /BLA/boletinlegal/images/hover.jpg HTTP/1.1" 200 640
172.22.2.4 - - [12/Nov/2022:19:55:02 -0500] "GET /BLA/boletinlegal/images/body_bg.jpg HTTP/1.1" 200 1601
172.22.2.4 - - [12/Nov/2022:19:55:08 -0500] "GET /BLA/boletinlegal/images/screen_5.png HTTP/1.1" 200 368876
172.22.2.4 - - [12/Nov/2022:19:55:08 -0500] "GET /BLA/boletinlegal/images/screen_3.png HTTP/1.1" 200 210620
172.22.2.4 - - [12/Nov/2022:19:55:08 -0500] "GET /BLA/boletinlegal/images/screen_2.png HTTP/1.1" 200 362502
172.22.2.4 - - [12/Nov/2022:19:55:08 -0500] "GET /BLA/boletinlegal/images/footer_bg.jpg HTTP/1.1" 200 586
172.22.2.4 - - [12/Nov/2022:19:55:08 -0500] "GET /BLA/boletinlegal/images/arr_r.jpg HTTP/1.1" 200 1998
172.22.2.4 - - [12/Nov/2022:19:53:29 -0500] "GET /BLA/boletinlegal/ HTTP/1.1" 200 52453
172.22.2.4 - - [12/Nov/2022:19:55:10 -0500] "GET /BLA/boletinlegal/favicon.ico HTTP/1.1" 404 1212
172.22.2.4 - - [12/Nov/2022:19:55:14 -0500] "GET /BLA/boletinlegal/normativa.php HTTP/1.1" 200 8333
172.22.2.4 - - [12/Nov/2022:19:55:14 -0500] "GET /BLA/boletinlegal/js/ajax_normativa.js HTTP/1.1" 200 1154
172.22.2.4 - - [12/Nov/2022:19:55:14 -0500] "GET /BLA/boletinlegal/niceforms-default.css HTTP/1.1" 200 6694
172.22.2.4 - - [12/Nov/2022:19:55:14 -0500] "GET /BLA/boletinlegal/niceforms.js HTTP/1.1" 200 22876
172.22.2.4 - - [12/Nov/2022:19:55:14 -0500] "GET /BLA/boletinlegal/images/tel.png HTTP/1.1" 200 14477
172.22.2.4 - - [12/Nov/2022:19:55:14 -0500] "GET /BLA/boletinlegal/images/icono-email.png HTTP/1.1" 200 5544
172.22.2.4 - - [12/Nov/2022:19:55:14 -0500] "GET /BLA/boletinlegal/images/footer_bg_l.jpg HTTP/1.1" 200 776
172.22.2.4 - - [12/Nov/2022:19:55:14 -0500] "GET /BLA/boletinlegal/img/0.png HTTP/1.1" 200 110
172.22.2.4 - - [12/Nov/2022:19:55:14 -0500] "GET /BLA/boletinlegal/img/select-left.png HTTP/1.1" 200 263
172.22.2.4 - - [12/Nov/2022:19:55:14 -0500] "GET /BLA/boletinlegal/img/select-right.png HTTP/1.1" 200 44019
172.22.2.4 - - [12/Nov/2022:19:55:14 -0500] "GET /BLA/boletinlegal/img/button-left.png HTTP/1.1" 200 57071
172.22.2.4 - - [12/Nov/2022:19:55:14 -0500] "GET /BLA/boletinlegal/favicon.ico HTTP/1.1" 404 1334
172.22.2.4 - - [12/Nov/2022:19:55:15 -0500] "GET /BLA/boletinlegal/img/button.png HTTP/1.1" 200 43241
172.22.2.4 - - [12/Nov/2022:19:55:15 -0500] "GET /BLA/boletinlegal/img/button-right.png HTTP/1.1" 200 57878
172.22.2.4 - - [12/Nov/2022:19:53:52 -0500] "GET /BLA/boletinlegal/ HTTP/1.1" 200 49550
172.22.2.4 - - [12/Nov/2022:19:54:58 -0500] "GET /BLA/boletinlegal/ HTTP/1.1" 200 32715
190.27.85.114 - - [12/Nov/2022:19:56:49 -0500] "GET /sipse/faces/javax.faces.resource/images/ui-bg_flat_0_2d5972_40x100.png?ln=primefaces-aristo HTTP/1.1" 304 -
190.27.85.114 - - [12/Nov/2022:19:56:49 -0500] "POST /sipse/faces/bienvenido.xhtml HTTP/1.1" 200 2658
190.27.85.114 - - [12/Nov/2022:19:56:50 -0500] "POST /sipse/faces/bienvenido.xhtml HTTP/1.1" 200 65817
190.27.85.114 - - [12/Nov/2022:19:56:53 -0500] "GET /sipse/faces/javax.faces.resource/theme.css?ln=primefaces-sipse HTTP/1.1" 304 -
190.27.85.114 - - [12/Nov/2022:19:56:53 -0500] "GET /sipse/faces/javax.faces.resource/primefaces.css?ln=primefaces&v=4.0 HTTP/1.1" 304 -
190.27.85.114 - - [12/Nov/2022:19:56:53 -0500] "GET /sipse/faces/javax.faces.resource/layout/layout.css?ln=primefaces&v=4.0 HTTP/1.1" 304 -
190.27.85.114 - - [12/Nov/2022:19:56:53 -0500] "GET /sipse/faces/javax.faces.resource/jquery/jquery.js?ln=primefaces&v=4.0 HTTP/1.1" 304 -
190.27.85.114 - - [12/Nov/2022:19:56:53 -0500] "GET /sipse/faces/javax.faces.resource/jquery/jquery-plugins.js?ln=primefaces&v=4.0 HTTP/1.1" 304 -
190.27.85.114 - - [12/Nov/2022:19:56:53 -0500] "GET /sipse/faces/javax.faces.resource/primefaces.js?ln=primefaces&v=4.0 HTTP/1.1" 304 -
190.27.85.114 - - [12/Nov/2022:19:56:53 -0500] "GET /sipse/faces/javax.faces.resource/layout/layout.js?ln=primefaces&v=4.0 HTTP/1.1" 304 -
190.27.85.114 - - [12/Nov/2022:19:56:53 -0500] "POST /sipse/faces/presentacion/financiero/solicitudProceso/listarSolicitudProceso.xhtml HTTP/1.1" 200 1560
172.22.2.4 - - [12/Nov/2022:19:55:18 -0500] "GET /BLA/boletinlegal/ HTTP/1.1" 200 55272
40.77.167.57 - - [12/Nov/2022:19:57:16 -0500] "GET /BLA/resoluciones/AUTOS%202011/5953.pdf HTTP/1.1" 200 173365
191.108.57.76 - - [12/Nov/2022:19:57:19 -0500] "GET /calidad-del-aire-consulta-el-borrador-de-decreto-para-la-construccion-de-las-zonas-urbanas-por-un-mejor-aire-zuma.html HTTP/1.1" 200 981
201.245.192.253 - - [12/Nov/2022:19:57:57 -0500] "POST /kwsrmcab/Wsrmcab  HTTP/1.1" 200 40655
216.245.221.92 - - [12/Nov/2022:19:59:06 -0500] "HEAD / HTTP/1.1" 200 -
172.22.2.4 - - [12/Nov/2022:19:58:51 -0500] "HEAD /BLA/boletinlegal/ HTTP/1.1" 200 -
172.22.2.4 - - [12/Nov/2022:19:59:42 -0500] "GET /BLA/boletinlegal/ HTTP/1.1" 200 58185
201.245.192.253 - - [12/Nov/2022:20:02:56 -0500] "POST /kwsrmcab/Wsrmcab  HTTP/1.1" 200 40655
216.245.221.92 - - [12/Nov/2022:20:04:06 -0500] "HEAD / HTTP/1.1" 200 -
199.16.157.183 - - [12/Nov/2022:20:04:16 -0500] "-" 408 -
185.119.81.98 - - [12/Nov/2022:20:04:29 -0500] "GET /portaldeninos/wp-login.php HTTP/1.1" 200 2592
185.119.81.98 - - [12/Nov/2022:20:04:30 -0500] "POST /portaldeninos/wp-login.php HTTP/1.1" 200 3650
191.156.146.211 - - [12/Nov/2022:20:06:04 -0500] "GET /camino-guadalupe-aguanoso-cerrado-por-caida-de-arboles.html HTTP/1.1" 200 851
172.22.2.4 - - [12/Nov/2022:20:04:41 -0500] "HEAD /BLA/boletinlegal/ HTTP/1.1" 200 -
172.22.2.4 - - [12/Nov/2022:20:05:33 -0500] "GET /BLA/boletinlegal/ HTTP/1.1" 200 59779
201.245.192.253 - - [12/Nov/2022:20:07:55 -0500] "POST /kwsrmcab/Wsrmcab  HTTP/1.1" 200 40655
200.118.63.44 - - [12/Nov/2022:20:08:00 -0500] "GET /dia-mundial-del-medio-ambiente-con-3-500-beneficiarias-comienza-la-segunda-fase-de-mujeres-que-reverdecen.html HTTP/1.1" 200 845
216.245.221.92 - - [12/Nov/2022:20:09:06 -0500] "HEAD / HTTP/1.1" 200 -
172.22.2.4 - - [12/Nov/2022:20:10:31 -0500] "HEAD /BLA/boletinlegal/ HTTP/1.1" 200 -
201.245.192.253 - - [12/Nov/2022:20:12:55 -0500] "POST /kwsrmcab/Wsrmcab  HTTP/1.1" 200 40655
172.22.2.4 - - [12/Nov/2022:20:11:22 -0500] "GET /BLA/boletinlegal/ HTTP/1.1" 200 59404
216.245.221.92 - - [12/Nov/2022:20:14:06 -0500] "HEAD / HTTP/1.1" 200 -
185.119.81.98 - - [12/Nov/2022:20:15:21 -0500] "GET /portaldeninos/wp-login.php HTTP/1.1" 200 2592
185.119.81.98 - - [12/Nov/2022:20:15:22 -0500] "POST /portaldeninos/wp-login.php HTTP/1.1" 200 3605
190.84.119.147 - - [12/Nov/2022:20:15:58 -0500] "GET /BLA/resoluciones/index.php?dir=RESOLUCIONES+2019%2F HTTP/1.1" 200 248131
92.118.39.78 - - [12/Nov/2022:20:17:46 -0500] "GET / HTTP/1.1" 200 319
201.245.192.253 - - [12/Nov/2022:20:17:55 -0500] "POST /kwsrmcab/Wsrmcab  HTTP/1.1" 200 40655
172.22.2.4 - - [12/Nov/2022:20:16:21 -0500] "HEAD /BLA/boletinlegal/ HTTP/1.1" 200 -
172.22.2.4 - - [12/Nov/2022:20:17:12 -0500] "GET /BLA/boletinlegal/ HTTP/1.1" 200 59035
216.245.221.92 - - [12/Nov/2022:20:19:06 -0500] "HEAD / HTTP/1.1" 200 -
186.144.33.204 - - [12/Nov/2022:20:20:22 -0500] "GET /catalogoisis/ HTTP/1.1" 200 8575
186.144.33.204 - - [12/Nov/2022:20:20:22 -0500] "GET /catalogoisis/Css/Busqueda.css HTTP/1.1" 200 1995
186.144.33.204 - - [12/Nov/2022:20:20:22 -0500] "GET /catalogoisis/Js/CriterioCombinada.js HTTP/1.1" 200 1843
186.144.33.204 - - [12/Nov/2022:20:20:22 -0500] "GET /catalogoisis/Js/AceptarLimpiar.js HTTP/1.1" 200 331
186.144.33.204 - - [12/Nov/2022:20:20:22 -0500] "GET /catalogoisis/Js/Cookies.js HTTP/1.1" 200 1369
186.144.33.204 - - [12/Nov/2022:20:20:22 -0500] "GET /catalogoisis/Js/LimpiarCombinada.js HTTP/1.1" 200 207
186.144.33.204 - - [12/Nov/2022:20:20:22 -0500] "GET /catalogoisis/Js/Go.js HTTP/1.1" 200 364
186.144.33.204 - - [12/Nov/2022:20:20:22 -0500] "GET /catalogoisis/Js/Numero.js HTTP/1.1" 200 398
186.144.33.204 - - [12/Nov/2022:20:20:22 -0500] "GET /catalogoisis/Js/Enter.js HTTP/1.1" 200 1208
186.144.33.204 - - [12/Nov/2022:20:20:23 -0500] "GET /catalogoisis/Js/Remote.js HTTP/1.1" 200 436
186.144.33.204 - - [12/Nov/2022:20:20:23 -0500] "GET /catalogoisis/imagenes/br1c1.gif HTTP/1.1" 200 172
186.144.33.204 - - [12/Nov/2022:20:20:23 -0500] "GET /catalogoisis/imagenes/br1c3.gif HTTP/1.1" 200 302
186.144.33.204 - - [12/Nov/2022:20:20:23 -0500] "GET /catalogoisis/imagenes/aceptar1.gif HTTP/1.1" 200 604
186.144.33.204 - - [12/Nov/2022:20:20:23 -0500] "GET /catalogoisis/imagenes/Turnbo1.gif HTTP/1.1" 200 227
186.144.33.204 - - [12/Nov/2022:20:20:23 -0500] "GET /catalogoisis/imagenes/limpiar1.gif HTTP/1.1" 200 606
186.144.33.204 - - [12/Nov/2022:20:20:23 -0500] "GET /catalogoisis/imagenes/br3c2.gif HTTP/1.1" 200 285
186.144.33.204 - - [12/Nov/2022:20:20:23 -0500] "GET /catalogoisis/imagenes/br3c1.gif HTTP/1.1" 200 177
186.144.33.204 - - [12/Nov/2022:20:20:23 -0500] "GET /catalogoisis/imagenes/Header.gif HTTP/1.1" 200 30313
186.144.33.204 - - [12/Nov/2022:20:20:23 -0500] "GET /catalogoisis/imagenes/br3c3.gif HTTP/1.1" 200 186
186.144.33.204 - - [12/Nov/2022:20:20:23 -0500] "GET /catalogoisis/imagenes/br1c2.gif HTTP/1.1" 200 297
186.144.33.204 - - [12/Nov/2022:20:20:23 -0500] "GET /catalogoisis/imagenes/br2c1.gif HTTP/1.1" 200 297
186.144.33.204 - - [12/Nov/2022:20:20:23 -0500] "GET /catalogoisis/imagenes/br2c3.gif HTTP/1.1" 200 416
186.144.33.204 - - [12/Nov/2022:20:20:23 -0500] "GET /catalogoisis/imagenes/br2c2.gif HTTP/1.1" 200 302
186.144.33.204 - - [12/Nov/2022:20:20:23 -0500] "GET /favicon.ico HTTP/1.1" 200 7782
201.245.192.253 - - [12/Nov/2022:20:21:38 -0500] "POST /kwsrmcab/Wsrmcab HTTP/1.1" 200 44247
201.245.192.253 - - [12/Nov/2022:20:21:40 -0500] "POST /kwsrmcab/Wsrmcab HTTP/1.1" 200 43742
185.119.81.104 - - [12/Nov/2022:20:22:06 -0500] "GET /portaldeninos/wp-login.php HTTP/1.1" 200 2592
185.119.81.104 - - [12/Nov/2022:20:22:07 -0500] "POST /portaldeninos/wp-login.php HTTP/1.1" 200 3670
201.245.192.253 - - [12/Nov/2022:20:22:53 -0500] "POST /kwsrmcab/Wsrmcab  HTTP/1.1" 200 40655
172.22.2.4 - - [12/Nov/2022:20:22:11 -0500] "HEAD /BLA/boletinlegal/ HTTP/1.1" 200 -
216.245.221.92 - - [12/Nov/2022:20:24:06 -0500] "HEAD / HTTP/1.1" 200 -
172.22.2.4 - - [12/Nov/2022:20:23:01 -0500] "GET /BLA/boletinlegal/ HTTP/1.1" 200 57824
40.77.167.46 - - [12/Nov/2022:20:26:05 -0500] "GET /bla/resoluciones/index.php?dir=resoluciones+2005/res+2005++1601-1650 HTTP/1.1" 200 12426
190.27.85.114 - - [12/Nov/2022:20:27:03 -0500] "GET /sipse/faces/javax.faces.resource/theme.css?ln=primefaces-sipse HTTP/1.1" 304 -
190.27.85.114 - - [12/Nov/2022:20:27:03 -0500] "GET /sipse/faces/faces/faces/autenticacion.xhtml HTTP/1.1" 200 12183
190.27.85.114 - - [12/Nov/2022:20:27:03 -0500] "GET /sipse/faces/javax.faces.resource/theme.css?ln=primefaces-sipse HTTP/1.1" 304 -
190.27.85.114 - - [12/Nov/2022:20:27:03 -0500] "GET /sipse/faces/javax.faces.resource/jquery/jquery.js?ln=primefaces&v=4.0 HTTP/1.1" 304 -
190.27.85.114 - - [12/Nov/2022:20:27:03 -0500] "GET /sipse/faces/javax.faces.resource/layout/layout.js?ln=primefaces&v=4.0 HTTP/1.1" 304 -
190.27.85.114 - - [12/Nov/2022:20:27:03 -0500] "GET /sipse/faces/javax.faces.resource/primefaces.css?ln=primefaces&v=4.0 HTTP/1.1" 304 -
190.27.85.114 - - [12/Nov/2022:20:27:03 -0500] "GET /sipse/faces/javax.faces.resource/layout/layout.css?ln=primefaces&v=4.0 HTTP/1.1" 304 -
190.27.85.114 - - [12/Nov/2022:20:27:03 -0500] "GET /sipse/faces/javax.faces.resource/primefaces.js?ln=primefaces&v=4.0 HTTP/1.1" 304 -
190.27.85.114 - - [12/Nov/2022:20:27:03 -0500] "GET /sipse/faces/javax.faces.resource/jquery/jquery-plugins.js?ln=primefaces&v=4.0 HTTP/1.1" 304 -
190.27.85.114 - - [12/Nov/2022:20:27:03 -0500] "GET /sipse/faces/javax.faces.resource/images/ui-icons_898989_256x240.png?ln=primefaces-aristo HTTP/1.1" 304 -
190.27.85.114 - - [12/Nov/2022:20:27:04 -0500] "GET /sipse/faces/javax.faces.resource/theme.css?ln=primefaces-sipse HTTP/1.1" 304 -
190.27.85.114 - - [12/Nov/2022:20:27:04 -0500] "GET /sipse/faces/faces/autenticacion.xhtml HTTP/1.1" 200 12183
190.27.85.114 - - [12/Nov/2022:20:27:05 -0500] "GET /sipse/faces/javax.faces.resource/jquery/jquery-plugins.js?ln=primefaces&v=4.0 HTTP/1.1" 304 -
190.27.85.114 - - [12/Nov/2022:20:27:05 -0500] "GET /sipse/faces/javax.faces.resource/jquery/jquery.js?ln=primefaces&v=4.0 HTTP/1.1" 304 -
190.27.85.114 - - [12/Nov/2022:20:27:05 -0500] "GET /sipse/faces/javax.faces.resource/layout/layout.css?ln=primefaces&v=4.0 HTTP/1.1" 304 -
190.27.85.114 - - [12/Nov/2022:20:27:05 -0500] "GET /sipse/faces/javax.faces.resource/theme.css?ln=primefaces-sipse HTTP/1.1" 304 -
190.27.85.114 - - [12/Nov/2022:20:27:05 -0500] "GET /sipse/faces/javax.faces.resource/primefaces.js?ln=primefaces&v=4.0 HTTP/1.1" 304 -
190.27.85.114 - - [12/Nov/2022:20:27:05 -0500] "GET /sipse/faces/javax.faces.resource/primefaces.css?ln=primefaces&v=4.0 HTTP/1.1" 304 -
190.27.85.114 - - [12/Nov/2022:20:27:05 -0500] "GET /sipse/faces/javax.faces.resource/layout/layout.js?ln=primefaces&v=4.0 HTTP/1.1" 304 -
190.27.85.114 - - [12/Nov/2022:20:27:05 -0500] "GET /sipse/faces/javax.faces.resource/images/ui-icons_898989_256x240.png?ln=primefaces-aristo HTTP/1.1" 304 -
201.245.192.253 - - [12/Nov/2022:20:27:52 -0500] "POST /kwsrmcab/Wsrmcab  HTTP/1.1" 200 40655
216.245.221.92 - - [12/Nov/2022:20:29:06 -0500] "HEAD / HTTP/1.1" 200 -
172.22.2.4 - - [12/Nov/2022:20:28:01 -0500] "HEAD /BLA/boletinlegal/ HTTP/1.1" 200 -
172.22.2.4 - - [12/Nov/2022:20:28:51 -0500] "GET /BLA/boletinlegal/ HTTP/1.1" 200 59779
201.245.192.253 - - [12/Nov/2022:20:31:37 -0500] "POST /kwsrmcab/Wsrmcab HTTP/1.1" 200 44247
201.245.192.253 - - [12/Nov/2022:20:31:40 -0500] "POST /kwsrmcab/Wsrmcab HTTP/1.1" 200 43742
193.118.53.194 - - [12/Nov/2022:20:31:46 -0500] "GET / HTTP/1.1" 200 319
201.245.192.253 - - [12/Nov/2022:20:32:51 -0500] "POST /kwsrmcab/Wsrmcab  HTTP/1.1" 200 40655
35.240.26.48 - - [12/Nov/2022:20:33:52 -0500] "GET /secretaria-de-ambiente-acompano-los-dialogos-regionales-vinculantes-para-san-cristobal-y-rafael-uribe-uribe.html HTTP/1.1" 200 984
216.245.221.92 - - [12/Nov/2022:20:34:06 -0500] "HEAD / HTTP/1.1" 200 -
173.252.107.13 - - [12/Nov/2022:20:34:44 -0500] "GET /30-tinguas-azules-volvieron-a-alzar-vuelo-en-el-humedal-jaboque-en-engativa.html HTTP/1.1" 206 1102
172.22.2.4 - - [12/Nov/2022:20:33:51 -0500] "HEAD /BLA/boletinlegal/ HTTP/1.1" 200 -
172.22.2.4 - - [12/Nov/2022:20:34:42 -0500] "GET /BLA/boletinlegal/ HTTP/1.1" 200 52079
172.22.2.4 - - [12/Nov/2022:20:35:21 -0500] "GET /BLA/boletinlegal/ HTTP/1.1" 200 56474
201.245.192.253 - - [12/Nov/2022:20:37:50 -0500] "POST /kwsrmcab/Wsrmcab  HTTP/1.1" 200 40655
216.245.221.92 - - [12/Nov/2022:20:39:06 -0500] "HEAD / HTTP/1.1" 200 -
172.22.2.4 - - [12/Nov/2022:20:39:15 -0500] "GET /BLA/boletinlegal/Circulares/2019/.pdf HTTP/1.1" 404 1218
172.22.2.4 - - [12/Nov/2022:20:41:19 -0500] "GET /BLA/boletinlegal/jurisprudencia/analisis/AnalisisC-035-16.docx HTTP/1.1" 200 25011
172.22.2.4 - - [12/Nov/2022:20:39:41 -0500] "HEAD /BLA/boletinlegal/ HTTP/1.1" 200 -
201.245.192.253 - - [12/Nov/2022:20:41:38 -0500] "POST /kwsrmcab/Wsrmcab HTTP/1.1" 200 44247
201.245.192.253 - - [12/Nov/2022:20:41:40 -0500] "POST /kwsrmcab/Wsrmcab HTTP/1.1" 200 43742
172.22.2.4 - - [12/Nov/2022:20:40:31 -0500] "GET /BLA/boletinlegal/ HTTP/1.1" 200 55272
201.245.192.253 - - [12/Nov/2022:20:42:49 -0500] "POST /kwsrmcab/Wsrmcab  HTTP/1.1" 200 40655
20.231.101.203 - - [12/Nov/2022:20:41:22 -0500] "GET /BLA/boletinlegal/ HTTP/1.1" 200 57824
216.245.221.92 - - [12/Nov/2022:20:44:06 -0500] "HEAD / HTTP/1.1" 200 -
172.22.2.4 - - [12/Nov/2022:20:45:31 -0500] "HEAD /BLA/boletinlegal/ HTTP/1.1" 200 -
201.245.192.253 - - [12/Nov/2022:20:47:48 -0500] "POST /kwsrmcab/Wsrmcab  HTTP/1.1" 200 40655
172.22.2.4 - - [12/Nov/2022:20:46:22 -0500] "GET /BLA/boletinlegal/ HTTP/1.1" 200 53337
216.245.221.92 - - [12/Nov/2022:20:49:06 -0500] "HEAD / HTTP/1.1" 200 -
45.88.97.63 - - [12/Nov/2022:20:50:20 -0500] "GET / HTTP/1.1" 200 319
207.46.13.196 - - [12/Nov/2022:20:51:31 -0500] "GET /BLA/resoluciones/AUTOS%202021/2094.pdf HTTP/1.1" 304 -
40.122.188.112 - - [12/Nov/2022:20:51:34 -0500] "GET /BLA/boletinlegal/images/tel.png HTTP/1.1" 200 14477
64.62.197.172 - - [12/Nov/2022:20:51:53 -0500] "GET /favicon.ico HTTP/1.1" 200 7782
66.220.149.11 - - [12/Nov/2022:20:51:54 -0500] "GET /images/reunion-planta-termovalorizacion-11-mayo.jpg HTTP/1.1" 200 34782
172.22.2.4 - - [12/Nov/2022:20:52:12 -0500] "GET /BLA/boletinlegal/consulta_actos.php?tipo=autos&no=3379&usuario=&sector=&fecha=2014&resuelve= HTTP/1.1" 200 1077
186.30.63.31 - - [12/Nov/2022:20:52:14 -0500] "GET /BLA/resoluciones/ HTTP/1.1" 200 13093
186.30.63.31 - - [12/Nov/2022:20:52:17 -0500] "GET /BLA/resoluciones/index.php?dir=AUTOS+2014%2F HTTP/1.1" 200 884658
3.15.62.245 - - [12/Nov/2022:20:52:24 -0500] "GET /isolucionsda/FramesetArticulo.asp?Pagina=BancoConocimiento/Q/Quejasyreclamos_v5/Quejasyreclamos_v5.asp&IdArticulo=5070 HTTP/1.1" 200 527
201.245.192.253 - - [12/Nov/2022:20:52:48 -0500] "POST /kwsrmcab/Wsrmcab  HTTP/1.1" 200 40655
144.76.22.144 - - [12/Nov/2022:20:52:54 -0500] "-" 408 -
172.22.2.4 - - [12/Nov/2022:20:51:21 -0500] "HEAD /BLA/boletinlegal/ HTTP/1.1" 200 -
172.22.2.4 - - [12/Nov/2022:20:52:12 -0500] "GET /BLA/boletinlegal/ HTTP/1.1" 200 58185
69.171.249.2 - - [12/Nov/2022:20:53:57 -0500] "GET /images/mujeres-reverdecen-4-junio.jpg HTTP/1.1" 200 59432
216.245.221.92 - - [12/Nov/2022:20:54:06 -0500] "HEAD / HTTP/1.1" 200 -
181.55.68.44 - - [12/Nov/2022:20:56:03 -0500] "GET /BLA/resoluciones/ HTTP/1.1" 200 13093
181.55.68.44 - - [12/Nov/2022:20:56:03 -0500] "GET /BLA/resoluciones/dlf/folder.png HTTP/1.1" 200 410
181.55.68.44 - - [12/Nov/2022:20:56:03 -0500] "GET /BLA/resoluciones/dlf/styles.css HTTP/1.1" 200 3049
181.55.68.44 - - [12/Nov/2022:20:56:03 -0500] "GET /BLA/resoluciones/dlf/bg.gif HTTP/1.1" 200 54
181.55.68.44 - - [12/Nov/2022:20:56:14 -0500] "GET /BLA/resoluciones/dlf/dirup.png HTTP/1.1" 200 644
181.55.68.44 - - [12/Nov/2022:20:56:14 -0500] "GET /BLA/resoluciones/dlf/pdf.gif HTTP/1.1" 200 272
181.55.68.44 - - [12/Nov/2022:20:56:14 -0500] "GET /BLA/resoluciones/index.php?dir=AUTOS+2022%2F HTTP/1.1" 200 339829
181.55.68.44 - - [12/Nov/2022:20:56:23 -0500] "GET /BLA/resoluciones/AUTOS%202022/5350.pdf HTTP/1.1" 200 408280
201.245.192.253 - - [12/Nov/2022:20:57:47 -0500] "POST /kwsrmcab/Wsrmcab  HTTP/1.1" 200 40655
88.99.144.145 - - [12/Nov/2022:20:58:08 -0500] "-" 408 -
172.22.2.4 - - [12/Nov/2022:20:57:11 -0500] "HEAD /BLA/boletinlegal/ HTTP/1.1" 200 -
216.245.221.92 - - [12/Nov/2022:20:59:06 -0500] "HEAD / HTTP/1.1" 200 -
213.186.1.246 - - [12/Nov/2022:20:59:26 -0500] "-" 408 -
181.50.219.26 - - [12/Nov/2022:20:59:33 -0500] "GET /calidad-del-aire-consulta-el-borrador-de-decreto-para-la-construccion-de-las-zonas-urbanas-por-un-mejor-aire-zuma.html HTTP/1.1" 304 -
172.22.2.4 - - [12/Nov/2022:20:58:02 -0500] "GET /BLA/boletinlegal/ HTTP/1.1" 200 58185
172.22.2.4 - - [12/Nov/2022:21:00:34 -0500] "GET /BLA/boletinlegal/style.css HTTP/1.1" 200 9406
172.22.2.4 - - [12/Nov/2022:21:00:34 -0500] "GET /BLA/boletinlegal/styles2.css HTTP/1.1" 200 1838
172.22.2.4 - - [12/Nov/2022:21:00:34 -0500] "GET /BLA/boletinlegal/js/jquery.js HTTP/1.1" 200 57254
172.22.2.4 - - [12/Nov/2022:21:00:34 -0500] "GET /BLA/boletinlegal/js/jquery.scrollTo-min.js HTTP/1.1" 200 1150
172.22.2.4 - - [12/Nov/2022:21:00:34 -0500] "GET /BLA/boletinlegal/js/jquery.scrollShow.js HTTP/1.1" 200 4586
172.22.2.4 - - [12/Nov/2022:21:00:34 -0500] "GET /BLA/boletinlegal/images/cabezote%20BLEGAL.jpg HTTP/1.1" 200 118164
172.22.2.4 - - [12/Nov/2022:21:00:34 -0500] "GET /BLA/boletinlegal/images/subscribe-icon-big.png HTTP/1.1" 200 47702
172.22.2.4 - - [12/Nov/2022:21:00:34 -0500] "GET /BLA/boletinlegal/images/historia.png HTTP/1.1" 200 52775
172.22.2.4 - - [12/Nov/2022:21:00:34 -0500] "GET /BLA/boletinlegal/images/registro-usuarios.png HTTP/1.1" 200 8106
172.22.2.4 - - [12/Nov/2022:21:00:34 -0500] "GET /BLA/boletinlegal/images/menu_rght.gif HTTP/1.1" 200 1627
172.22.2.4 - - [12/Nov/2022:21:00:34 -0500] "GET /BLA/boletinlegal/images/hover.jpg HTTP/1.1" 200 640
172.22.2.4 - - [12/Nov/2022:21:00:34 -0500] "GET /BLA/boletinlegal/images/body_bg.jpg HTTP/1.1" 200 1601
172.22.2.4 - - [12/Nov/2022:21:00:34 -0500] "GET /BLA/boletinlegal/images/menu_bg.jpg HTTP/1.1" 200 620
172.22.2.4 - - [12/Nov/2022:21:00:34 -0500] "GET /BLA/boletinlegal/images/menu_lft.gif HTTP/1.1" 200 1713
172.22.2.4 - - [12/Nov/2022:21:00:34 -0500] "GET /BLA/boletinlegal/images/bg_top.jpg HTTP/1.1" 200 522
172.22.2.4 - - [12/Nov/2022:21:00:34 -0500] "GET /BLA/boletinlegal/images/text.jpg HTTP/1.1" 200 568
172.22.2.4 - - [12/Nov/2022:21:00:34 -0500] "GET /BLA/boletinlegal/images/arr_l.jpg HTTP/1.1" 200 1979
172.22.2.4 - - [12/Nov/2022:21:00:34 -0500] "GET /BLA/boletinlegal/images/screen_1.png HTTP/1.1" 200 202547
172.22.2.4 - - [12/Nov/2022:21:00:34 -0500] "GET /BLA/boletinlegal/images/launch.jpg HTTP/1.1" 200 14577
172.22.2.4 - - [12/Nov/2022:21:00:41 -0500] "GET /BLA/boletinlegal/images/screen_2.png HTTP/1.1" 200 362502
172.22.2.4 - - [12/Nov/2022:21:00:41 -0500] "GET /BLA/boletinlegal/images/screen_3.png HTTP/1.1" 200 210620
172.22.2.4 - - [12/Nov/2022:21:00:41 -0500] "GET /BLA/boletinlegal/images/footer_bg.jpg HTTP/1.1" 200 586
172.22.2.4 - - [12/Nov/2022:21:00:41 -0500] "GET /BLA/boletinlegal/images/arr_r.jpg HTTP/1.1" 200 1998
172.22.2.4 - - [12/Nov/2022:21:00:41 -0500] "GET /BLA/boletinlegal/images/screen_5.png HTTP/1.1" 200 368876
172.22.2.4 - - [12/Nov/2022:21:00:33 -0500] "GET /BLA/boletinlegal/ HTTP/1.1" 200 32715
168.195.208.142 - - [12/Nov/2022:21:01:37 -0500] "GET / HTTP/1.1" 200 319
201.245.192.253 - - [12/Nov/2022:21:02:46 -0500] "POST /kwsrmcab/Wsrmcab  HTTP/1.1" 200 40655
125.209.235.172 - - [12/Nov/2022:21:02:53 -0500] "-" 408 -
216.245.221.92 - - [12/Nov/2022:21:04:06 -0500] "HEAD / HTTP/1.1" 200 -
207.46.13.196 - - [12/Nov/2022:21:04:11 -0500] "GET /BLA/resoluciones/RESOLUCIONES%202018/1688.pdf HTTP/1.1" 304 -
172.22.2.4 - - [12/Nov/2022:21:03:01 -0500] "HEAD /BLA/boletinlegal/ HTTP/1.1" 200 -
172.22.2.4 - - [12/Nov/2022:21:04:51 -0500] "GET /BLA/boletinlegal/jurisprudencia/analisis/AnalisisT-606-15.docx HTTP/1.1" 200 26698
172.22.2.4 - - [12/Nov/2022:21:04:51 -0500] "GET /BLA/boletinlegal/apple-touch-icon-120x120-precomposed.png HTTP/1.1" 404 1140
172.22.2.4 - - [12/Nov/2022:21:04:51 -0500] "GET /BLA/boletinlegal/apple-touch-icon-120x120.png HTTP/1.1" 404 1140
172.22.2.4 - - [12/Nov/2022:21:04:51 -0500] "GET /BLA/boletinlegal/apple-touch-icon-precomposed.png HTTP/1.1" 404 1140
172.22.2.4 - - [12/Nov/2022:21:04:51 -0500] "GET /BLA/boletinlegal/apple-touch-icon.png HTTP/1.1" 404 1140
172.22.2.4 - - [12/Nov/2022:21:04:51 -0500] "GET /BLA/boletinlegal/favicon.ico HTTP/1.1" 404 1140
172.22.2.4 - - [12/Nov/2022:21:04:51 -0500] "GET /BLA/boletinlegal/apple-touch-icon-120x120-precomposed.png HTTP/1.1" 404 1140
172.22.2.4 - - [12/Nov/2022:21:04:52 -0500] "GET /BLA/boletinlegal/apple-touch-icon-120x120.png HTTP/1.1" 404 1140
172.22.2.4 - - [12/Nov/2022:21:04:52 -0500] "GET /BLA/boletinlegal/apple-touch-icon-precomposed.png HTTP/1.1" 404 1140
172.22.2.4 - - [12/Nov/2022:21:04:52 -0500] "GET /BLA/boletinlegal/apple-touch-icon.png HTTP/1.1" 404 1140
172.22.2.4 - - [12/Nov/2022:21:04:52 -0500] "GET /BLA/boletinlegal/favicon.ico HTTP/1.1" 404 1140
80.94.92.239 - - [12/Nov/2022:21:05:20 -0500] "GET / HTTP/1.1" 200 319
172.22.2.4 - - [12/Nov/2022:21:03:52 -0500] "GET /BLA/boletinlegal/ HTTP/1.1" 200 55272
201.245.192.253 - - [12/Nov/2022:21:07:45 -0500] "POST /kwsrmcab/Wsrmcab  HTTP/1.1" 200 40655
40.77.167.57 - - [12/Nov/2022:21:08:22 -0500] "GET /galeria/carrusel/Carrusel/jquery-ui-1.8.13.custom.min.js HTTP/1.1" 200 10800
157.55.39.39 - - [12/Nov/2022:21:08:27 -0500] "GET /galeria/carrusel/Carrusel/jquery.thumbnailScroller.css HTTP/1.1" 200 2066
157.55.39.39 - - [12/Nov/2022:21:08:27 -0500] "GET /galeria/nivo-slider/demo/banner.html HTTP/1.1" 200 5446
207.46.13.196 - - [12/Nov/2022:21:08:32 -0500] "GET /galeria/carrusel/Carrusel/jquery.thumbnailScroller.js HTTP/1.1" 200 8157
216.245.221.92 - - [12/Nov/2022:21:09:06 -0500] "HEAD / HTTP/1.1" 200 -
181.59.3.118 - - [12/Nov/2022:21:09:16 -0500] "GET /BLA/boletinlegal/js/jquery.scrollShow.js HTTP/1.1" 200 4586
181.59.3.118 - - [12/Nov/2022:21:09:16 -0500] "GET /galeria/galeria/jquery.fancybox.css?v=2.1.5 HTTP/1.1" 200 4895
181.59.3.118 - - [12/Nov/2022:21:09:16 -0500] "GET /galeria/galeria/jquery.fancybox.js?v=2.1.5 HTTP/1.1" 200 48706
172.22.2.4 - - [12/Nov/2022:21:08:51 -0500] "HEAD /BLA/boletinlegal/ HTTP/1.1" 200 -
172.22.2.4 - - [12/Nov/2022:21:09:42 -0500] "GET /BLA/boletinlegal/ HTTP/1.1" 200 56079
172.22.2.4 - - [12/Nov/2022:21:12:14 -0500] "GET /BLA/boletinlegal/Directivas/2017/Directiva%20No.%2006%20del%2016%20de%20Agosto%20de%202017.pdf HTTP/1.1" 304 -
201.245.192.253 - - [12/Nov/2022:21:12:43 -0500] "POST /kwsrmcab/Wsrmcab  HTTP/1.1" 200 40655
173.252.83.23 - - [12/Nov/2022:21:13:21 -0500] "GET /juntos-cuidamos-bogota-mas-de-65-kilogramos-de-residuos-especiales-y-peligrosos-fueron-recolectados-en-engativa.html HTTP/1.1" 206 994
216.245.221.92 - - [12/Nov/2022:21:14:06 -0500] "HEAD / HTTP/1.1" 200 -
172.22.2.4 - - [12/Nov/2022:21:14:18 -0500] "GET /BLA/boletinlegal/consulta_actos.php?tipo=autos&no=4342&usuario=&sector=&fecha=2014&resuelve= HTTP/1.1" 200 1068
186.30.63.31 - - [12/Nov/2022:21:14:20 -0500] "GET /BLA/resoluciones/ HTTP/1.1" 200 13093
186.30.63.31 - - [12/Nov/2022:21:14:21 -0500] "GET /BLA/resoluciones/index.php?dir=AUTOS+2014%2F HTTP/1.1" 200 884658
186.30.63.31 - - [12/Nov/2022:21:14:26 -0500] "GET /BLA/resoluciones/AUTOS%202014/4342.pdf HTTP/1.1" 200 566169
213.186.1.154 - - [12/Nov/2022:21:15:49 -0500] "GET /images/drv-1_optimized.jpeg HTTP/1.1" 200 186030
172.22.2.4 - - [12/Nov/2022:21:14:41 -0500] "HEAD /BLA/boletinlegal/ HTTP/1.1" 200 -
40.77.167.46 - - [12/Nov/2022:21:17:08 -0500] "GET /portaldeninos/wp-content/themes/betheme/js/menu.js?ver=20.9.6 HTTP/1.1" 200 2449
40.77.167.46 - - [12/Nov/2022:21:17:08 -0500] "GET /portaldeninos/wp-includes/js/jquery/ui/mouse.min.js?ver=1.11.4 HTTP/1.1" 200 3148
40.77.167.46 - - [12/Nov/2022:21:17:08 -0500] "GET /portaldeninos/wp-includes/js/jquery/ui/tabs.min.js?ver=1.11.4 HTTP/1.1" 200 12110
40.77.167.46 - - [12/Nov/2022:21:17:08 -0500] "GET /portaldeninos/wp-includes/js/jquery/ui/widget.min.js?ver=1.11.4 HTTP/1.1" 200 6908
40.77.167.69 - - [12/Nov/2022:21:17:09 -0500] "GET /portaldeninos/wp-content/themes/betheme/assets/jplayer/jplayer.min.js?ver=20.9.6 HTTP/1.1" 200 52702
172.22.2.4 - - [12/Nov/2022:21:15:31 -0500] "GET /BLA/boletinlegal/ HTTP/1.1" 200 59779
157.55.39.42 - - [12/Nov/2022:21:17:12 -0500] "GET /portaldeninos/wp-content/themes/betheme/assets/animations/animations.min.js?ver=20.9.6 HTTP/1.1" 200 1896
157.55.39.64 - - [12/Nov/2022:21:17:12 -0500] "GET /portaldeninos/wp-content/plugins/gallery-videos/CSS/Total-Soft-Gallery-Video-Widget.css?ver=4.9.8 HTTP/1.1" 200 51554
157.55.39.64 - - [12/Nov/2022:21:17:13 -0500] "GET /portaldeninos/wp-content/plugins/gallery-videos/JS/modernizr.custom.js?ver=4.9.8 HTTP/1.1" 200 9019
157.55.39.64 - - [12/Nov/2022:21:17:13 -0500] "GET /portaldeninos/wp-content/themes/betheme/assets/jplayer/css/jplayer.blue.monday.css?ver=20.9.6 HTTP/1.1" 200 9834
157.55.39.64 - - [12/Nov/2022:21:17:13 -0500] "GET /portaldeninos/wp-content/themes/betheme/css/base.css?ver=20.9.6 HTTP/1.1" 200 57283
157.55.39.64 - - [12/Nov/2022:21:17:13 -0500] "GET /portaldeninos/wp-content/themes/betheme/css/responsive.css?ver=20.9.6 HTTP/1.1" 200 55740
157.55.39.64 - - [12/Nov/2022:21:17:14 -0500] "GET /portaldeninos/wp-includes/js/comment-reply.min.js?ver=4.9.8 HTTP/1.1" 200 1078
157.55.39.64 - - [12/Nov/2022:21:17:14 -0500] "GET /portaldeninos/wp-includes/js/jquery/jquery-migrate.min.js?ver=1.4.1 HTTP/1.1" 200 10056
157.55.39.105 - - [12/Nov/2022:21:17:19 -0500] "GET /portaldeninos/wp-content/themes/betheme/assets/animations/animations.min.css?ver=20.9.6 HTTP/1.1" 200 58508
40.77.167.69 - - [12/Nov/2022:21:17:19 -0500] "GET /portaldeninos/wp-content/themes/betheme/js/plugins.js?ver=20.9.6 HTTP/1.1" 200 197151
40.77.167.69 - - [12/Nov/2022:21:17:20 -0500] "GET /portaldeninos/wp-includes/js/jquery/ui/sortable.min.js?ver=1.11.4 HTTP/1.1" 200 24899
40.77.167.69 - - [12/Nov/2022:21:17:20 -0500] "GET /portaldeninos/wp-includes/js/wp-emoji-release.min.js?ver=4.9.8 HTTP/1.1" 200 12026
157.55.39.117 - - [12/Nov/2022:21:17:24 -0500] "GET /portaldeninos/wp-content/plugins/gallery-videos/CSS/totalsoft.css?ver=4.9.8 HTTP/1.1" 200 40622
157.55.39.117 - - [12/Nov/2022:21:17:25 -0500] "GET /portaldeninos/wp-content/themes/betheme/assets/ui/jquery.ui.all.css?ver=20.9.6 HTTP/1.1" 200 18765
157.55.39.117 - - [12/Nov/2022:21:17:25 -0500] "GET /portaldeninos/wp-content/themes/betheme/css/layout.css?ver=20.9.6 HTTP/1.1" 200 116639
157.55.39.117 - - [12/Nov/2022:21:17:26 -0500] "GET /portaldeninos/wp-content/themes/betheme/js/scripts.js?ver=20.9.6 HTTP/1.1" 200 77162
157.55.39.117 - - [12/Nov/2022:21:17:26 -0500] "GET /portaldeninos/wp-content/uploads/useanyfont/uaf.css?ver=1589905315 HTTP/1.1" 200 408
157.55.39.117 - - [12/Nov/2022:21:17:26 -0500] "GET /portaldeninos/wp-includes/js/jquery/jquery.js?ver=1.12.4 HTTP/1.1" 200 97184
157.55.39.105 - - [12/Nov/2022:21:17:30 -0500] "GET /portaldeninos/wp-includes/js/jquery/ui/accordion.min.js?ver=1.11.4 HTTP/1.1" 200 8584
157.55.39.105 - - [12/Nov/2022:21:17:30 -0500] "GET /portaldeninos/wp-includes/js/wp-embed.min.js?ver=4.9.8 HTTP/1.1" 200 1398
157.55.39.42 - - [12/Nov/2022:21:17:35 -0500] "GET /portaldeninos/wp-content/themes/betheme/css/shortcodes.css?ver=20.9.6 HTTP/1.1" 200 138889
157.55.39.42 - - [12/Nov/2022:21:17:36 -0500] "GET /portaldeninos/wp-content/themes/betheme/style.css?ver=20.9.6 HTTP/1.1" 200 287
157.55.39.42 - - [12/Nov/2022:21:17:36 -0500] "GET /portaldeninos/wp-includes/js/jquery/ui/core.min.js?ver=1.11.4 HTTP/1.1" 200 4000
201.245.192.253 - - [12/Nov/2022:21:17:42 -0500] "POST /kwsrmcab/Wsrmcab  HTTP/1.1" 200 40655
216.245.221.92 - - [12/Nov/2022:21:19:06 -0500] "HEAD / HTTP/1.1" 200 -
201.245.192.253 - - [12/Nov/2022:21:21:38 -0500] "POST /kwsrmcab/Wsrmcab HTTP/1.1" 200 44416
201.245.192.253 - - [12/Nov/2022:21:21:40 -0500] "POST /kwsrmcab/Wsrmcab HTTP/1.1" 200 43890
172.22.2.4 - - [12/Nov/2022:21:20:31 -0500] "HEAD /BLA/boletinlegal/ HTTP/1.1" 200 -
201.245.192.253 - - [12/Nov/2022:21:22:41 -0500] "POST /kwsrmcab/Wsrmcab  HTTP/1.1" 200 40655
172.22.2.4 - - [12/Nov/2022:21:21:21 -0500] "GET /BLA/boletinlegal/ HTTP/1.1" 200 59779
207.46.13.196 - - [12/Nov/2022:21:23:53 -0500] "GET /BLA/resoluciones/ HTTP/1.1" 200 13093
216.245.221.92 - - [12/Nov/2022:21:24:06 -0500] "HEAD / HTTP/1.1" 200 -
185.119.81.103 - - [12/Nov/2022:21:24:13 -0500] "GET /portaldeninos/wp-login.php HTTP/1.1" 200 2592
185.119.81.103 - - [12/Nov/2022:21:24:14 -0500] "POST /portaldeninos/wp-login.php HTTP/1.1" 200 3605
190.84.119.147 - - [12/Nov/2022:21:24:14 -0500] "GET /BLA/resoluciones/index.php?dir=AUTOS+2014%2F HTTP/1.1" 200 884658
40.77.202.108 - - [12/Nov/2022:21:24:22 -0500] "GET /galeria/nivo-slider/themes/pascal/pascal.css HTTP/1.1" 200 2258
40.77.202.54 - - [12/Nov/2022:21:24:22 -0500] "GET /galeria/nivo-slider/nivo-slider.css HTTP/1.1" 200 1507
40.77.202.1 - - [12/Nov/2022:21:24:22 -0500] "GET /galeria/nivo-slider/themes/default/default.css HTTP/1.1" 200 1569
40.77.202.33 - - [12/Nov/2022:21:24:22 -0500] "GET /galeria/nivo-slider/themes/orman/orman.css HTTP/1.1" 200 2152
40.77.202.54 - - [12/Nov/2022:21:24:23 -0500] "GET /galeria/nivo-slider/demo/style.css HTTP/1.1" 200 2222
40.77.202.103 - - [12/Nov/2022:21:24:23 -0500] "GET /galeria/nivo-slider/jquery.nivo.slider.pack.js HTTP/1.1" 200 11561
40.77.202.110 - - [12/Nov/2022:21:24:23 -0500] "GET /galeria/nivo-slider/demo/scripts/jquery-1.7.1.min.js HTTP/1.1" 200 93868
40.77.167.10 - - [12/Nov/2022:21:27:30 -0500] "GET /BLA/resoluciones/RESOLUCIONES%202013/1630.pdf HTTP/1.1" 304 -
201.245.192.253 - - [12/Nov/2022:21:27:41 -0500] "POST /kwsrmcab/Wsrmcab  HTTP/1.1" 200 40655
172.22.2.4 - - [12/Nov/2022:21:26:21 -0500] "HEAD /BLA/boletinlegal/ HTTP/1.1" 200 -
172.22.2.4 - - [12/Nov/2022:21:27:11 -0500] "GET /BLA/boletinlegal/ HTTP/1.1" 200 58612
216.245.221.92 - - [12/Nov/2022:21:29:06 -0500] "HEAD / HTTP/1.1" 200 -
40.77.167.46 - - [12/Nov/2022:21:31:21 -0500] "GET /BLA/resoluciones/AUTOS%202022/1659.pdf HTTP/1.1" 200 390325
201.245.192.253 - - [12/Nov/2022:21:31:37 -0500] "POST /kwsrmcab/Wsrmcab HTTP/1.1" 200 44416
201.245.192.253 - - [12/Nov/2022:21:31:39 -0500] "POST /kwsrmcab/Wsrmcab HTTP/1.1" 200 43890
201.245.192.253 - - [12/Nov/2022:21:32:40 -0500] "POST /kwsrmcab/Wsrmcab  HTTP/1.1" 200 40655
40.77.188.130 - - [12/Nov/2022:21:33:04 -0500] "GET /portaldeninos/wp-content/themes/betheme/fonts/mfn-icons.woff?93978679 HTTP/1.1" 200 80932
172.22.2.4 - - [12/Nov/2022:21:32:11 -0500] "HEAD /BLA/boletinlegal/ HTTP/1.1" 200 -
216.245.221.92 - - [12/Nov/2022:21:34:06 -0500] "HEAD / HTTP/1.1" 200 -
172.22.2.4 - - [12/Nov/2022:21:33:01 -0500] "GET /BLA/boletinlegal/ HTTP/1.1" 200 55680
186.102.81.90 - - [12/Nov/2022:21:36:11 -0500] "GET /kwssiamovil/sm/ldap/au?x=U2FsdGVkX1+v3tvtVVpgOEtmPZyl0u+O2SYNV4FYMGKUedjAJQePx0geMtDV1YYm&y=U2FsdGVkX18ZcPwCTdQBJY9BEFAIvmef6wZU/rNLTnJSCGjxOEOIh1G7GhP/HiBH HTTP/1.1" 200 30
186.102.81.90 - - [12/Nov/2022:21:36:11 -0500] "GET /kwssiamovil/sm/acme/s?s=U2FsdGVkX1/0nAOBKk8XwN+pM/U9LHy5PRsQnLPq9xvYI/IFv3NMZ2W2kKSuSmr/w/P/jFBtzPlyPDZ7d6I5Ungzll5Vdl5kjr12JgN40ws=&u=U2FsdGVkX1+jUBqAy1B1WkuHgJiPRoVlq2F9hCVDjfdLqh/i+3csdtOaj3/3gmyh&y=U2FsdGVkX18ZcPwCTdQBJY9BEFAIvmef6wZU/rNLTnJSCGjxOEOIh1G7GhP/HiBH HTTP/1.1" 200 97
186.102.81.90 - - [12/Nov/2022:21:36:12 -0500] "GET /kwssiamovil/sm/acme/s?s=U2FsdGVkX1/BLmN0LmRZ38jM4y7yEJbt7wz2hJBFaLthvKPm7+aSo72QO+sPRuwr3rEsxi7r1wxwhwPZTfaInb9upT7I7NRV8wvcinJfKtT695Wpdy87zOa2KjP43dAK1FDCoS3kPW+/tt06MIC9tAeb3jNx00X4WM9N08b4FLVVCu1WWz5eextEG2izDpvG6MBk7HThQc1m//H/e0eeXuu+3YfYDmh4IC9qVvOOa5MFjxXcMqOtWvVxBNwaSjXkVUS6hKHBwA90t5e5N0OTitIhcFK5kCXAtznqaAyo+HfMTzsyfsuSsPdZ3nBcf+vFt0cqb1jB9/EnwwqT8VszgA0rVRIcoYVlrsde/qYRkTT6ojYL8D8PKrPqwdlv/hx8Ox4nJBaAsd0RH7qhp1wUkztmQP4cCjY48Z3DfKuJW2tuW9CwWTNvlnyOhqWMXqqlk3Oozvp3epCZRTH5A/R694w+wnNyQ0/xUnBxA3RK+gj+pGCBuQmEGLmzKq+tipb6cZtBHz5xGsvCbMxF8By30MpFNHUs1FO9ACJ1TDw0X5S7RvZAcPdTPPAszayu7k5+WgAKwirt5OX1vctx5DVeij+sXWwOQmSj+eWpjUeilWku+KZLFrltL+9MJVp3I86ZtldOeGyScbX5+qTk7wZQ76EFCwE+pkttexTySOSTcdmLsv+1VB78ZqQq/iWCwZ0febI+XORxkKz3dasfTkuC2R93pgnMfBuWWAulcnyvyp/gsmzHH9EYFS8mHducdzmf2Yc6zFxspH7tTTk1miOEoq10KmnDZpzQyoghHdgGv40oEXHbMabk8dZrtI7KWGNGwuJFMVnR4oBoQIwbM8A74ov1aVwj72POzcifsOmeZT3zeDhAUY45YNUuiKAdkxkPYvzMn6lGSjgMSg5ZGybVk6V5XrM+c/ItL7HsoPJQ+Nsw04Ylh7gAIDhYBlUi4n7abko65QVWPRhaQqrPeEfsJaFT8zMnlMvcVUAOEfR0RHogfEmfK3Jj1SsQ0VerlJb0WaS5emr79G4XoOWyf6tOqT12TpYY+sg769xH3icii2hnB8DRXl3RcZAiVnJECjj6b3nAeQ9KbXYxBm45ZZzliD7jOjnk0vxYnSYtWDUK1/tSk3MvCj7mWo4bhNLggJpdhQElWVyAWJ/0337Yy21ECSYmxbDAH0eD20mjuBLFQJgznd9wVkEV2I2Gi77IfbtQzrm0i0Ce8MaQAmOmjOOdxt7seZwQtQxqX79i16da1LUHe0Cbewm1yg85zd62zJLT+Seb5CfwyWP1ZophFesqJoi9i2UjTdC/WuEut5Ji7EDk95fKWDOqliiceJGijs1tpcjc9hWLnjbqJtIqf6SxbfTUSvk2KHPAHfH3fWEZzagi4zmdYqhRpNv1+yY1O7Pt432hUZraLovPQauLq687qj5lNYpS1fxZbA6dn/xQVG8=&u=U2FsdGVkX1+jUBqAy1B1WkuHgJiPRoVlq2F9hCVDjfdLqh/i+3csdtOaj3/3gmyh&y=U2FsdGVkX18ZcPwCTdQBJY9BEFAIvmef6wZU/rNLTnJSCGjxOEOIh1G7GhP/HiBH HTTP/1.1" 200 1619
186.102.81.90 - - [12/Nov/2022:21:36:12 -0500] "GET /kwssiamovil/sm/acme/s?s=U2FsdGVkX18gbuWWBXm8bLvmKj6T4TOdRHEIqFBV5DHnNiNOUrV1vRlPP6jyU+xW9nIFQ464yignkxVXkGHtq09VjzevhrKoVxIJ+Ogjoro1r0EsqZvkXHlbSHfhXQyjI/axkvEYtkjRbbd6tXVfmWaK9cQx0F0K/ZSTCEfYQv5whJFZ8ryOyPlWzm4CObiSBcztF32awwIt1ldWLWmP5tilIjXyPaZ2gz/dl618Q/iqe9t/ABv8YXskpR909AXXzSTaVu2TG+5T3hf6YapNlVXWDBkIp2qViLotZ3cXP0f1s4dWxhBLHd0ZOut8tJDkcxayQWrm8Kkkhh9VYX7j1O3wNwM6yDpt6tmvhGk1ems=&u=U2FsdGVkX1+jUBqAy1B1WkuHgJiPRoVlq2F9hCVDjfdLqh/i+3csdtOaj3/3gmyh&y=U2FsdGVkX18ZcPwCTdQBJY9BEFAIvmef6wZU/rNLTnJSCGjxOEOIh1G7GhP/HiBH HTTP/1.1" 200 196
186.102.81.90 - - [12/Nov/2022:21:36:12 -0500] "GET /kwssiamovil/sm/cjson/pre?f=1&x=U2FsdGVkX1+v3tvtVVpgOEtmPZyl0u+O2SYNV4FYMGKUedjAJQePx0geMtDV1YYm HTTP/1.1" 200 30992
66.249.69.45 - - [12/Nov/2022:21:36:46 -0500] "-" 408 -
172.22.2.4 - - [12/Nov/2022:21:35:16 -0500] "GET /BLA/boletinlegal/ HTTP/1.1" 200 62840
181.53.239.207 - - [12/Nov/2022:21:36:59 -0500] "GET /privados-y-distrito-inauguraron-vivero-en-la-reserva-van-der-hammen-con-capacidad-para-producir-50-mil-arboles-al-ano.html HTTP/1.1" 200 899
201.245.192.253 - - [12/Nov/2022:21:37:39 -0500] "POST /kwsrmcab/Wsrmcab  HTTP/1.1" 200 40655
216.245.221.92 - - [12/Nov/2022:21:39:06 -0500] "HEAD / HTTP/1.1" 200 -
