173.252.83.10 - - [12/Nov/2022:08:41:17 -0500] "GET /images/imagen-palomas_optimized.jpg HTTP/1.1" 200 184069
201.245.192.253 - - [12/Nov/2022:08:41:40 -0500] "POST /kwsrmcab/Wsrmcab HTTP/1.1" 200 42587
201.245.192.253 - - [12/Nov/2022:08:41:43 -0500] "POST /kwsrmcab/Wsrmcab HTTP/1.1" 200 43808
40.77.190.178 - - [12/Nov/2022:08:42:15 -0500] "GET /sipse/faces/javax.faces.resource/layout/layout.css;jsessionid=74aaIltiyGulRsuiUCWzvhL+.undefined?ln=primefaces&v=4.0 HTTP/1.1" 200 542
40.77.190.205 - - [12/Nov/2022:08:42:15 -0500] "GET /sipse/faces/javax.faces.resource/primefaces.css;jsessionid=74aaIltiyGulRsuiUCWzvhL+.undefined?ln=primefaces&v=4.0 HTTP/1.1" 200 53295
40.77.188.145 - - [12/Nov/2022:08:42:15 -0500] "GET /sipse/faces/javax.faces.resource/layout/layout.js;jsessionid=74aaIltiyGulRsuiUCWzvhL+.undefined?ln=primefaces&v=4.0 HTTP/1.1" 200 87560
40.77.190.155 - - [12/Nov/2022:08:42:15 -0500] "GET /sipse/faces/javax.faces.resource/primefaces.js;jsessionid=74aaIltiyGulRsuiUCWzvhL+.undefined?ln=primefaces&v=4.0 HTTP/1.1" 200 276924
172.22.2.4 - - [12/Nov/2022:08:42:11 -0500] "HEAD /BLA/boletinlegal/ HTTP/1.1" 200 -
216.245.221.92 - - [12/Nov/2022:08:44:08 -0500] "HEAD / HTTP/1.1" 200 -
172.22.2.4 - - [12/Nov/2022:08:43:01 -0500] "GET /BLA/boletinlegal/ HTTP/1.1" 200 59779
201.245.192.253 - - [12/Nov/2022:08:45:14 -0500] "POST /kwsrmcab/Wsrmcab  HTTP/1.1" 200 40655
13.67.224.12 - - [12/Nov/2022:08:46:55 -0500] "GET /galeria/nivo-slider/demo/images/BANNERARBOLES.jpg HTTP/1.1" 200 227630
181.53.12.137 - - [12/Nov/2022:08:47:13 -0500] "GET /BLA/resoluciones/index.php?dir=RESOLUCIONES+2017%2F HTTP/1.1" 200 85963
181.53.12.137 - - [12/Nov/2022:08:47:13 -0500] "GET /BLA/resoluciones/index.php?dir=RESOLUCIONES+2017%2F HTTP/1.1" 200 284446
181.53.12.137 - - [12/Nov/2022:08:47:31 -0500] "GET /BLA/resoluciones/RESOLUCIONES%202017/1194.pdf HTTP/1.1" 200 603782
181.53.12.137 - - [12/Nov/2022:08:47:31 -0500] "GET /BLA/resoluciones/RESOLUCIONES%202017/1194.pdf HTTP/1.1" 200 603782
216.245.221.92 - - [12/Nov/2022:08:49:08 -0500] "HEAD / HTTP/1.1" 200 -
172.22.2.4 - - [12/Nov/2022:08:48:01 -0500] "HEAD /BLA/boletinlegal/ HTTP/1.1" 200 -
40.86.101.253 - - [12/Nov/2022:08:49:41 -0500] "GET /BLA/boletinlegal/images/arr_r.jpg HTTP/1.1" 200 1998
201.245.192.253 - - [12/Nov/2022:08:50:12 -0500] "POST /kwsrmcab/Wsrmcab  HTTP/1.1" 200 40655
172.22.2.4 - - [12/Nov/2022:08:48:51 -0500] "GET /BLA/boletinlegal/ HTTP/1.1" 200 59779
216.245.221.92 - - [12/Nov/2022:08:54:08 -0500] "HEAD / HTTP/1.1" 200 -
201.245.192.253 - - [12/Nov/2022:08:55:11 -0500] "POST /kwsrmcab/Wsrmcab  HTTP/1.1" 200 40655
172.22.2.4 - - [12/Nov/2022:08:53:51 -0500] "HEAD /BLA/boletinlegal/ HTTP/1.1" 200 -
172.22.2.4 - - [12/Nov/2022:08:54:41 -0500] "GET /BLA/boletinlegal/ HTTP/1.1" 200 57824
172.22.2.4 - - [12/Nov/2022:08:58:21 -0500] "GET /BLA/boletinlegal/Circulares/2012/Circular%20No.%2010%20del%2026%20de%20Enero%20de%202012.pdf HTTP/1.1" 404 1038
216.245.221.92 - - [12/Nov/2022:08:59:08 -0500] "HEAD / HTTP/1.1" 200 -
201.245.192.253 - - [12/Nov/2022:09:00:11 -0500] "POST /kwsrmcab/Wsrmcab  HTTP/1.1" 200 40655
172.22.2.4 - - [12/Nov/2022:08:59:41 -0500] "HEAD /BLA/boletinlegal/ HTTP/1.1" 200 -
172.22.2.4 - - [12/Nov/2022:09:00:31 -0500] "GET /BLA/boletinlegal/ HTTP/1.1" 200 58612
172.22.2.4 - - [12/Nov/2022:09:03:29 -0500] "GET /BLA/boletinlegal/actos.php HTTP/1.1" 200 9566
172.22.2.4 - - [12/Nov/2022:09:03:30 -0500] "GET /BLA/boletinlegal/styles2.css HTTP/1.1" 200 1838
172.22.2.4 - - [12/Nov/2022:09:03:30 -0500] "GET /BLA/boletinlegal/js/popup.js HTTP/1.1" 200 1270
172.22.2.4 - - [12/Nov/2022:09:03:30 -0500] "GET /BLA/boletinlegal/js/jquery1.js HTTP/1.1" 200 29846
172.22.2.4 - - [12/Nov/2022:09:03:30 -0500] "GET /BLA/boletinlegal/js/lib.js HTTP/1.1" 200 6474
172.22.2.4 - - [12/Nov/2022:09:03:30 -0500] "GET /BLA/boletinlegal/niceforms.js HTTP/1.1" 200 22876
172.22.2.4 - - [12/Nov/2022:09:03:30 -0500] "GET /BLA/boletinlegal/js/ajax_actos.js HTTP/1.1" 200 1322
172.22.2.4 - - [12/Nov/2022:09:03:30 -0500] "GET /BLA/boletinlegal/niceforms-default.css HTTP/1.1" 200 6694
172.22.2.4 - - [12/Nov/2022:09:03:30 -0500] "GET /BLA/boletinlegal/style.css HTTP/1.1" 200 9406
172.22.2.4 - - [12/Nov/2022:09:03:30 -0500] "GET /BLA/boletinlegal/images/subscribe-icon-big.png HTTP/1.1" 200 47702
172.22.2.4 - - [12/Nov/2022:09:03:30 -0500] "GET /BLA/boletinlegal/images/cabezote%20BLEGAL.jpg HTTP/1.1" 200 118164
172.22.2.4 - - [12/Nov/2022:09:03:30 -0500] "GET /BLA/boletinlegal/images/menu_rght.gif HTTP/1.1" 200 1627
172.22.2.4 - - [12/Nov/2022:09:03:30 -0500] "GET /BLA/boletinlegal/images/body_bg.jpg HTTP/1.1" 200 1601
172.22.2.4 - - [12/Nov/2022:09:03:30 -0500] "GET /BLA/boletinlegal/images/tel.png HTTP/1.1" 200 14477
172.22.2.4 - - [12/Nov/2022:09:03:30 -0500] "GET /BLA/boletinlegal/images/menu_bg.jpg HTTP/1.1" 200 620
172.22.2.4 - - [12/Nov/2022:09:03:30 -0500] "GET /BLA/boletinlegal/images/icono-email.png HTTP/1.1" 200 5544
172.22.2.4 - - [12/Nov/2022:09:03:30 -0500] "GET /BLA/boletinlegal/images/green-yellow-blue-pink-th.png HTTP/1.1" 200 7394
172.22.2.4 - - [12/Nov/2022:09:03:30 -0500] "GET /BLA/boletinlegal/images/historia.png HTTP/1.1" 200 52775
172.22.2.4 - - [12/Nov/2022:09:03:30 -0500] "GET /BLA/boletinlegal/images/registro-usuarios.png HTTP/1.1" 200 8106
172.22.2.4 - - [12/Nov/2022:09:03:30 -0500] "GET /BLA/boletinlegal/images/hover.jpg HTTP/1.1" 200 640
172.22.2.4 - - [12/Nov/2022:09:03:30 -0500] "GET /BLA/boletinlegal/images/footer_bg.jpg HTTP/1.1" 200 586
172.22.2.4 - - [12/Nov/2022:09:03:30 -0500] "GET /BLA/boletinlegal/images/footer_bg_l.jpg HTTP/1.1" 200 776
172.22.2.4 - - [12/Nov/2022:09:03:30 -0500] "GET /BLA/boletinlegal/images/bg_top.jpg HTTP/1.1" 200 522
172.22.2.4 - - [12/Nov/2022:09:03:30 -0500] "GET /BLA/boletinlegal/images/menu_lft.gif HTTP/1.1" 200 1713
172.22.2.4 - - [12/Nov/2022:09:03:30 -0500] "GET /BLA/boletinlegal/images/text.jpg HTTP/1.1" 200 568
172.22.2.4 - - [12/Nov/2022:09:03:30 -0500] "GET /BLA/boletinlegal/img/0.png HTTP/1.1" 200 110
172.22.2.4 - - [12/Nov/2022:09:03:30 -0500] "GET /BLA/boletinlegal/img/select-left.png HTTP/1.1" 200 263
172.22.2.4 - - [12/Nov/2022:09:03:30 -0500] "GET /BLA/boletinlegal/img/select-right.png HTTP/1.1" 200 44019
172.22.2.4 - - [12/Nov/2022:09:03:30 -0500] "GET /BLA/boletinlegal/img/button.png HTTP/1.1" 200 43241
172.22.2.4 - - [12/Nov/2022:09:03:30 -0500] "GET /BLA/boletinlegal/img/button-left.png HTTP/1.1" 200 57071
172.22.2.4 - - [12/Nov/2022:09:03:30 -0500] "GET /BLA/boletinlegal/img/button-right.png HTTP/1.1" 200 57878
172.22.2.4 - - [12/Nov/2022:09:03:31 -0500] "GET /BLA/boletinlegal/favicon.ico HTTP/1.1" 404 1326
172.22.2.4 - - [12/Nov/2022:09:03:46 -0500] "GET /BLA/boletinlegal/consulta_actos.php?tipo=resoluciones&no=0186&usuario=&sector=&fecha=2021&resuelve= HTTP/1.1" 200 626
172.22.2.4 - - [12/Nov/2022:09:04:01 -0500] "GET /BLA/boletinlegal/consulta_actos.php?tipo=resoluciones&no=0186&usuario=&sector=COMPETENCIA&fecha=2021&resuelve= HTTP/1.1" 200 626
216.245.221.92 - - [12/Nov/2022:09:04:08 -0500] "HEAD / HTTP/1.1" 200 -
172.22.2.4 - - [12/Nov/2022:09:04:11 -0500] "GET /BLA/boletinlegal/consulta_actos.php?tipo=resoluciones&no=0186&usuario=&sector=COMPETENCIA&fecha=2021&resuelve=competencia HTTP/1.1" 200 626
172.22.2.4 - - [12/Nov/2022:09:04:23 -0500] "GET /BLA/boletinlegal/autodiscover/autodiscover.json?@zdi/Powershell HTTP/1.1" 404 1018
172.22.2.4 - - [12/Nov/2022:09:04:44 -0500] "GET /BLA/boletinlegal/consulta_actos.php?tipo=resoluciones&no=0307&usuario=&sector=AIRE&fecha=2021&resuelve= HTTP/1.1" 200 626
172.22.2.4 - - [12/Nov/2022:09:04:45 -0500] "GET /BLA/boletinlegal/consulta_actos.php?tipo=resoluciones&no=0307&usuario=&sector=AIRE&fecha=2021&resuelve= HTTP/1.1" 200 626
173.252.95.20 - - [12/Nov/2022:09:05:03 -0500] "GET /images/zuma_optimized.jpeg HTTP/1.1" 200 40030
201.245.192.253 - - [12/Nov/2022:09:05:10 -0500] "POST /kwsrmcab/Wsrmcab  HTTP/1.1" 200 40655
66.249.73.100 - - [12/Nov/2022:09:06:33 -0500] "-" 408 -
172.22.2.4 - - [12/Nov/2022:09:05:31 -0500] "HEAD /BLA/boletinlegal/ HTTP/1.1" 200 -
172.22.2.4 - - [12/Nov/2022:09:06:21 -0500] "GET /BLA/boletinlegal/ HTTP/1.1" 200 55272
93.158.161.72 - - [12/Nov/2022:09:08:59 -0500] "-" 408 -
77.88.5.232 - - [12/Nov/2022:09:09:04 -0500] "-" 408 -
216.245.221.92 - - [12/Nov/2022:09:09:08 -0500] "HEAD / HTTP/1.1" 200 -
93.158.161.29 - - [12/Nov/2022:09:09:10 -0500] "-" 408 -
77.88.5.27 - - [12/Nov/2022:09:09:15 -0500] "-" 408 -
77.88.5.249 - - [12/Nov/2022:09:09:30 -0500] "-" 408 -
77.88.5.49 - - [12/Nov/2022:09:09:45 -0500] "-" 408 -
201.245.192.253 - - [12/Nov/2022:09:10:09 -0500] "POST /kwsrmcab/Wsrmcab  HTTP/1.1" 200 40655
77.88.5.82 - - [12/Nov/2022:09:10:15 -0500] "-" 408 -
77.88.5.5 - - [12/Nov/2022:09:11:15 -0500] "-" 408 -
172.22.2.4 - - [12/Nov/2022:09:11:10 -0500] "GET /BLA/boletinlegal/ HTTP/1.1" 200 32715
93.158.161.50 - - [12/Nov/2022:09:12:15 -0500] "-" 408 -
190.253.168.233 - - [12/Nov/2022:09:12:27 -0500] "GET /BLA/resoluciones/ HTTP/1.1" 200 13093
190.253.168.233 - - [12/Nov/2022:09:12:31 -0500] "GET /BLA/resoluciones/dlf/unknown.png HTTP/1.1" 200 266
190.253.168.233 - - [12/Nov/2022:09:12:29 -0500] "GET /BLA/resoluciones/index.php?dir=RESOLUCIONES+2008%2F HTTP/1.1" 200 976272
190.253.168.233 - - [12/Nov/2022:09:12:49 -0500] "GET /BLA/resoluciones/RESOLUCIONES%202008/1265.pdf HTTP/1.1" 200 491634
172.22.2.4 - - [12/Nov/2022:09:11:21 -0500] "HEAD /BLA/boletinlegal/ HTTP/1.1" 200 -
40.77.167.10 - - [12/Nov/2022:09:13:42 -0500] "GET /videos/galeria-cronicas/1V3wnplaylist.htm? HTTP/1.1" 200 4013
172.22.2.4 - - [12/Nov/2022:09:12:11 -0500] "GET /BLA/boletinlegal/ HTTP/1.1" 200 59779
216.245.221.92 - - [12/Nov/2022:09:14:08 -0500] "HEAD / HTTP/1.1" 200 -
77.88.5.214 - - [12/Nov/2022:09:14:15 -0500] "-" 408 -
201.245.192.253 - - [12/Nov/2022:09:15:07 -0500] "POST /kwsrmcab/Wsrmcab  HTTP/1.1" 200 40655
172.22.2.4 - - [12/Nov/2022:09:15:22 -0500] "GET /BLA/boletinlegal/consulta_actos.php?tipo=resoluciones&no=1746&usuario=&sector=AIRE&fecha=2008&resuelve= HTTP/1.1" 200 1136
190.253.168.233 - - [12/Nov/2022:09:15:24 -0500] "GET /BLA/resoluciones/RESOLUCIONES%202008/1746.pdf HTTP/1.1" 200 372941
66.249.73.127 - - [12/Nov/2022:09:15:32 -0500] "-" 408 -
36.37.185.115 - - [12/Nov/2022:09:15:50 -0500] "GET /.env HTTP/1.1" 404 1018
77.88.5.162 - - [12/Nov/2022:09:17:15 -0500] "-" 408 -
173.252.127.11 - - [12/Nov/2022:09:18:42 -0500] "GET /images/Reciclaton%20Nov%202022%20(1)%20(1).jpeg HTTP/1.1" 200 53811
172.22.2.4 - - [12/Nov/2022:09:17:11 -0500] "HEAD /BLA/boletinlegal/ HTTP/1.1" 200 -
216.245.221.92 - - [12/Nov/2022:09:19:08 -0500] "HEAD / HTTP/1.1" 200 -
172.22.2.4 - - [12/Nov/2022:09:18:01 -0500] "GET /BLA/boletinlegal/ HTTP/1.1" 200 57824
201.245.192.253 - - [12/Nov/2022:09:20:04 -0500] "POST /kwsrmcab/Wsrmcab  HTTP/1.1" 200 40655
157.55.39.206 - - [12/Nov/2022:09:20:10 -0500] "GET /BLA/resoluciones/index.php?dir=RESOLUCIONES+2018%2F HTTP/1.1" 200 271776
157.55.39.39 - - [12/Nov/2022:09:20:15 -0500] "GET /BLA/boletinlegal/actos.php HTTP/1.1" 200 9566
40.77.167.10 - - [12/Nov/2022:09:20:25 -0500] "GET /BLA/resoluciones/index.php?dir=RESOLUCIONES+2019%2F HTTP/1.1" 200 248131
201.245.192.253 - - [12/Nov/2022:09:21:39 -0500] "POST /kwsrmcab/Wsrmcab HTTP/1.1" 200 42759
201.245.192.253 - - [12/Nov/2022:09:21:42 -0500] "POST /kwsrmcab/Wsrmcab HTTP/1.1" 200 43795
172.22.2.4 - - [12/Nov/2022:09:23:10 -0500] "GET /BLA/boletinlegal/Circulares/2015/Circular%20No.%201%20del%2010%20de%20Febrero%20de%202015.pdf HTTP/1.1" 304 -
216.245.221.92 - - [12/Nov/2022:09:24:08 -0500] "HEAD / HTTP/1.1" 200 -
20.231.101.203 - - [12/Nov/2022:09:22:56 -0500] "GET /BLA/boletinlegal/ HTTP/1.1" 200 43662
172.22.2.4 - - [12/Nov/2022:09:23:01 -0500] "HEAD /BLA/boletinlegal/ HTTP/1.1" 200 -
201.245.192.253 - - [12/Nov/2022:09:25:03 -0500] "POST /kwsrmcab/Wsrmcab  HTTP/1.1" 200 40655
172.22.2.4 - - [12/Nov/2022:09:23:52 -0500] "GET /BLA/boletinlegal/ HTTP/1.1" 200 54100
186.84.90.91 - - [12/Nov/2022:09:26:15 -0500] "OPTIONS /kwssiamovil/sm/setfile/f? HTTP/1.1" 200 13
186.84.90.91 - - [12/Nov/2022:09:26:15 -0500] "POST /kwssiamovil/sm/setfile/f? HTTP/1.1" 200 381
186.84.90.91 - - [12/Nov/2022:09:26:22 -0500] "GET /kwssiamovil/sm/acme/a?s=U2FsdGVkX1/mU/ajenbs+B3yKO/wC79eFkwz1V6zO/VL7bCjTVFDQjkzUSiCRRgyl3aZo6hX5jPDbTgfjWdDJs4xbXS2WNwYnpUNaqwzpwKpUxGi46kgQJ0Lg6SQ1ZcUzildJ4IvcfA9XwTPvCulDDSvI5A5SoMO2VWgW18pb6HTpAMk2ghGhMb+nJOJhwg3BTRLKgbey7RjLRoTISP4L7qQfBAl8yX6mNFnfopl5uDE3oDfhf5yJ1MATFew0/WrNaMhlskwWzYJhvahtTXNtQ==&u=U2FsdGVkX19oXVq1WhZdL+R9woIFJl0UImXNTN1/hwI=&y=U2FsdGVkX1+qw2UHE9AObGuVwhYjq4F3ZqqHs1571cl/Dd97NzYbnkgya9z8m06r HTTP/1.1" 200 26
186.84.90.91 - - [12/Nov/2022:09:26:23 -0500] "GET /kwssiamovil/sm/acme/a?s=U2FsdGVkX18+yw+aDuSSiMBfnxxEz3IPd1kfPwGdfYc97PYSzRr0FAHM3COKIHlXyrmLu4yemR5m4cB+VOSebJd5UVa5/7iKP8jGkarYxILK595tMGLHPX+53Au0nPvf3LO8PPsezkV4Wd5NftWCcrMjKPUQakhScSEa3FfPObZ3RU+7zv49DMOagxOXjRr4p5guLEPyPGNQQGkgCswlvlEuA/TxZmopnW7WZaUfZLshWzOAB/CqYpNRQv9166xQqvSge1xO/fdswAS2xyIlNjq0vXIu1+tbufCp0cauaCDorL4TKEkSlIgoRkfI2IwP+dqbMasGMAwkiEpoJVAOUzEchfWUQRBJj+DuQNyPbnB90W9yokAn94XsLG4Gkxko6FdTEQXSJ3/v6dR9p+Uv46Dsp3q79MHTPwr2JQPSkL7jJIaDdKzhR6+DGukx9sOgzcj+DsSmRFNG6jPPLeeICIpW/wkmXAWXRDCvP6abu6ZCb30sfMycqIQbLlgV1POmEff/TxnDIg9Oci2sc/PnoTKF+otSof9ADsKcsUsur9bDc4Jn7h5R/irab0YVFdPAiOaHS5lqQFVHg8UZ3q0FpWxugwLJPhpsom9zp51IfOd+++7bi8Nxjsy8Wdl+NpIGA5eY1xgX0pPYyPznpv/M/1SVrglz48ehd1pEr4WandHVepCqxeOa/e99TnURmZJ85AXk9z79Qr6fYcZIq6Ibz5S9xhF9HOnJltjLO0NNkVHL8FRgCGAWm1pWeHESAj+mPzEfQmZ9WUjJ1Z4sScJMtPXlmbJmL+urFQUsJhnrqd/ijGTpEL76JQaN2R2ZLiMagxc4FYYEhwmyLtyEsMMppWtk8lOXukDCc7vsYIBE1duis0XlJ1gtyDCzXKdgNE3f81aOwUXwAPUPgw1adhgpdArGPTrQ1KuzTNWujpcA3Qmg+Y74A+ojY7/r5e2Qd6ksbPoMU1oHkVaU7FjzzghPuFb7Y2wHGjdjmdS6w5PLXYc9KRsRfqiH2TmsCqOWYX2dA5EY4+wz3LHzFLArfRl/igjk/F7lv1OBxSSZAW4Jrf9ORkRw0jvE1W0vo9ZPfRiWHA2JeOAu5SWsPyp7bK+u2LoW/P3G0K4MxldEYy37Z8OKIpZ9YIMJe4BdZ3cPGX3gAmHmT+e440u1TbfO5uPDin7h2Ir/lIDmABrUcPcfUcECM+aS4dhefe0fSLdnWWkBD8FhZ48Pmsnm5s4HXgxBeO3XAHBQ80FKu8lyr1EY9fnIiAyanJJDOojvcNOmNq185YSGlAoY6rrssdQ7qqpkqAcAwhWtcnmiNY3mElASNOUbO/4doYId6M9a6E5mvPi46LXxmRwfQ3TPyek19gkxCzhrHqHZg98mndpQBtOHOozNnljAhl/3kXnhnVWFL2bz1SwNfJfL3qT8g1Y3rpvc6+K6aQ+k/+xOJx3oBTkUu4pjHxDMNblRdSP8R/bneIbPQQ+zpS6wLNLHdv6D24U1HxebEGsWtfMfh+4tnR1h3a9yjBrWoKabNbWtN81Y0CXRqrugZnlkXIj96TcojRIGCWk0iRHHeo4DFw6NrAYkEj1ZptQEI6mWZMZluEjgK8zYBiK/h2UAx+yE5E68LGdLcjNqwXydhmmsYmnF8qTZKTe0f4QhEEIzPgyeXeAeu0yq/cONvq5h9h64FRd6xUJdMZjrUICxTBBUmhltcgmqTLAC/DNWpU4vomH9JMZ+Yp2+QZZOHnsDau8MEAAlukm3W+mkVzrqjxXaRgFGQozN1Y4WLANU7Xnz3gz/VOgolgv8XjgjsKUc6c8mWKBb1Z4/GWSdALExgqhpuVW47mjjF9nrrAXa4X96w0tLBGJcx3OVAzViUchmOCXwekLjA8eoktksN0zkBCDU7FQR6cnjD/PuFbZ8xQUbe6BK5XcUy5ahisgbokEmMsUqSBv1ot+PKkVXctlyzypAji1J/eB0MlGNafbi/KiqdCAs6+GORK/Mxc8o/ci4Ox02XgSi19/9kSxCm+GW8QV68POtI5SrMTS6Q8UPHFE3BMu38wbIgKKRsx8h6OxdrmO4N2+KOB5kKGltWVE8IIXbH2Ef8z744CCsfN8nqWG9xd/cKaivVSDHeIR2tfe3X2SIOAG61lF7MnEUqKHIBhiXuIxrXWc5VLx/H7DuTZhIlIyF7+AYjRsvSOZj40k/HLOxhyFriwlTzAuhr6nIURH51GIVtE7ogQiFSerCywObVG88a21rjFrd1mrHkg23+GrjP1EOWCBl0yzwXxCBabWEbblXg4XogVgxywaUpQEVXQGdN7++PKF0Ndfct8T5AgFe7b+yAhS1QJYQwFskyRdAu2zGFS6vE/kWC7gJwxAf+fKRDVcA4z2bq05GuIMAZbuoWOmRUo+PJL2seSIH3QfcuGkE/eXEzHRfEMU3Otzf43kVLj3Oouz6ckbs3YabucFbDLdFCmFLo0DlnmERJ/jSWcVMckAeBKNgCeZf2xgcEL4kqO184lXIKJN+t/GsUU2Mrzrt5miTIQ/TsVGSd8tuNV6G1wVsdHlvq5oj0J/FAw+7Y6CJs6xZv5MWbqmydzjir1uCvRbaLM2WXTipENG5EbiDPD/Py/gtTKMTN+hwRv8QE7XEICJe5RoA6KWV1lPwpLeA69lr6OATJ2azW3ClcGH8YxTTZB/CORSZ9U9anqHgaNaenC++mQJl+ARxC6KFV+cLoDGCtSsL2jOocsfwqawMGeOesMN4lA6nvyGYVg0Z9spHCPVAUfYLBcb9t1eINhiqKKqmeZmozTxYYTHx+XeH6N7TK005sg8nq+dFDehPiLtjG5QE5Wmc31RcEzr90gOXgIMdxfCyMHL0Y3mYUV+rFQ3mqNYF6vXiAtp750jGvC2dVcnRmW6xSZwNEpsQsPEJI//2wAU+qVYfx0DubqF3cCKjwNzMQYBa5x7G2MI+71sG2lER81VlbnZrsWiSXEaLZqVecUd/G2r67PLx0Gdv7gEpxTUG2WuULVHFoRcueA7G3sWCsvNCEVt8OSXWkPm2Ia2CwER30yhpcXfHrmXGPOOuY8kIehTVJKNWLiS9hAv+qXM2zJanuYi/dz5dPPy9TxMt2QTmkPTUG5DmU02J7exDPEPVnzf9KPJT7P6EE7ctgCeQD+SRGSB3NzmIPaIWZeJnJF0weZREg4y6fuQV5wfrEonYIxjOwTcYS786QU7WZ4z5O7zjn5hLwTbZkXk2tP26uzOLsh7Fz2xnewO6yBxpgshHcshemrVzc9mQG3tXGVrswLLjKgiXzMhZeqB4oc3FIFO3NNdfWl05ti5g6SK2du7BeewYGEi22M/uW6lHB2PtRInehz0pdH/sAY2DGOmEoPVmWSMXyOnS6X9YNSlaefIBskkLOl3dVqJqtTib3B50XMTyTiOnuqEn7ERxNq7Ol2NEMfCuAdnxhWlsrn0Fzsb1FFid/sbhPuK3xwRM5n2OxFS/gQIom6ltNFCCXWeAS+b91Dl5ziT3v14oQ4CLxNkcdJ84/WUsApgu+8fiwMtp+jZRHNGA+u2Wmb6hD+nsXeu+RYv5kGqLDnJGa6fo/bTjibbvvGCuXLB1B94TRS5meS3WokHzzHz3edzYTZrmVtjGzRkHrZw+KPZZjNqOusrW6CEnocgS2tW9QYb19/n/8TRFQKBwHLVncGr5FwBGYerkE0ZFmYJLM0K9GqP1k54g/+MryeP6IBEhnddmt39SivM+YjFqx4Rv2bons6v53hvPDBaSZefn/HYaVYGYdEsjXNaxYsSF9RBNHgx2s0gAdgE+I0n6WTzDf8IynPiuftlmtZgr10v137FV+AQRMTTdhqGs4HmE4vFFWcHp1FQFcAR1pGwFdaD0KEwuv0IASeLMFMSejhEASbdspvAD2j/5CAkcjL8y/pUMkmZKlH5119NuA8p+SSzkoVASnr5EQ2FImK1wWYCL9if6qN5ApmJBmHNOt0u3+T/cDnHAaDEXGX4P/J7H6a5zeNKPRAUZ5AIr1mLeoefotm+Gu3v/mzmR0a2/M3jKs3tr7k7sbpWDER8A03gocRAaVFjfiVvPITRonKogDKJt6AxjwIGzS9g50cYF9x4GNuh4DXX6nIGv2wX6gZ8LxQyjGUHIW6Em2CHnBPAXPlR75ivU12ovB3xfOSWeSBbjtDhkHmRE/OwgUQvRhvWcztlqSndD7PVaVaC15o4d4zeEJZgYvMlce3Usru5f/ONJS4vcmkiT96Ncpr+b5qFkJOOG2jk9/PsYxFDC36WxIbTLJi3BcEkyAYB6suo3PksVFbYl/lAr/pSmbEk/K3f2dZcBPGJSF4tOUgsrtasqgfb1i2lTiMldYvpP9NrStg+w1sWTK0sOezB7GjRtd5uKSfyK/cpDd0KxdcvhAFBhaQr3iNAEzSP2jIXP5v18o5Ly0mnyIn8VsJ3NF/ix3lV4kIRB+ql7MdEfONejAatvZGINi/7hzGsHxFNd3jtrnodU6aohTfybVj041C2FOPdSY/gLx9cnf7lKn4VtxnpjEVgiLwhA3S3ydyobB7mZY86wfk4z+uO86kSSenLcCs5XDGapftls0n5V8QGQErXS7+yePxxghEGTmCaVizkDTg+FPyUIMVC61jRPJdJ4hsQfVjQfJ1ItdCwqT2B3ZJR27FjKwOjffnpdicqWnchKJgO7QRoNnM+LysLLLMwSNiCJbN9tQI1NFNOZx91BZt8PyYMarD14KehDFpiV/j32O8eTGycPeXqiq0YrmA9wEXtxTH9Hd6xJMT6djRh7uvUb2ylU0deuGFv76/8X+8mxbXzcTfIeV2AHxhW4mkwpvLKnwTo7q4xJ0ztu+ZKmtxQIn3GPh/U56hZFLi+ioxOmxxhCJDK8JlYyEKu0CiBmc2P+TPjr00hGMl4+26XSHJXDaa/3kwFKA4SJ8Ekk7wNg/4cOny7e+bJEyx9Uz+2HjDR2G7L6uNhRXE6B1nQOFlycClUFy8ScKzXthTndkajN+6MTPs7e7JimQTiujdjduHWlhIw/OdZQZGRwyjIsbE2IIhD22TdIbvGkrJ4YzJN8EZYuz6ccXlLQeyz6m1u8cwztsyjdzByYu+uCgJDgEI08dNu726Owl7FhLPKIouX+7NipeyTgwq4PFUJrz28JKMSWvfve24mnRIHh72BpE5f0bvN6d1fTDtvHM5p1Ict6EZgtKWeBNEHK/aCg2Npx734M/WtRSJYGylADg4quQFg1LBTzkhT/J3MCWCO7GIPzRSx9G9XAdUbhLHDL&u=U2FsdGVkX19oXVq1WhZdL+R9woIFJl0UImXNTN1/hwI=&y=U2FsdGVkX1+qw2UHE9AObGuVwhYjq4F3ZqqHs1571cl/Dd97NzYbnkgya9z8m06r HTTP/1.1" 200 26
186.84.90.91 - - [12/Nov/2022:09:26:24 -0500] "GET /kwssiamovil/sm/acme/a?s=U2FsdGVkX1+dYPwXzwpXY7qcw/L9a+MIw+9bj6YrIco6B4e6GdqTSsSiQQWfMjZPFavo12tnbCTVnSofqM3z+rpQ/voNQfzfs82cYTKX8K5Y8C/yNQ4V1b8zHuSzZ7xxwc9cVSkTkYez5S5zZyh8tlLQ6m0ZzXdGZc4PK50hke8=&u=U2FsdGVkX19oXVq1WhZdL+R9woIFJl0UImXNTN1/hwI=&y=U2FsdGVkX1+qw2UHE9AObGuVwhYjq4F3ZqqHs1571cl/Dd97NzYbnkgya9z8m06r HTTP/1.1" 200 26
186.84.90.91 - - [12/Nov/2022:09:26:24 -0500] "GET /kwssiamovil/sm/acme/a?s=U2FsdGVkX1+ZgxIYcZv77nfU4MWLjekz90c150Cpm6ZNvHNk/tki6z2B5S7mc1z7YgFvgqZuDFhRsxqcmMiOlRsunqJFvLHxQqr/kjrSQj32UxOGrNX3JeHJ/XMIIIEeqbA0dMjW+XcbscBXhvrkDRBoC08hbLR6cDo0ZClpX5o=&u=U2FsdGVkX19oXVq1WhZdL+R9woIFJl0UImXNTN1/hwI=&y=U2FsdGVkX1+qw2UHE9AObGuVwhYjq4F3ZqqHs1571cl/Dd97NzYbnkgya9z8m06r HTTP/1.1" 200 26
186.84.90.91 - - [12/Nov/2022:09:26:24 -0500] "GET /kwssiamovil/sm/acme/a?s=U2FsdGVkX1/FhVQBXKQBh6DlNZhwVjc6e5WugnAuKOYMsW2M6sNHdlX22iI/zsU1vtsUcBSgoYdm68unJ+HHj1jEW0SCTnu4E3EJHU8nslk+dJSe975pPsGVkqOWHkYt6aTGEIx3nZVluCiZED9eAcSbqn1/LMrqw9ElwV5+8go=&u=U2FsdGVkX19oXVq1WhZdL+R9woIFJl0UImXNTN1/hwI=&y=U2FsdGVkX1+qw2UHE9AObGuVwhYjq4F3ZqqHs1571cl/Dd97NzYbnkgya9z8m06r HTTP/1.1" 200 26
186.84.90.91 - - [12/Nov/2022:09:26:24 -0500] "GET /kwssiamovil/sm/acme/a?s=U2FsdGVkX1/hq1tOSbDzzY/7j4zUQUW+VzADNRqGESemgNxWHkfQ819QUtmr1B63vcWHPmxmhPAFbPPcg7PwvhIk5V5t6gXcEu62Wch9QVy+EsFBlQKX7pOc/ujPk6ta0xzWF2M7wfyfyzunw6mRmuWKXHtIdYM1beVbX25Q+gYSdlQXkyzyGu0wheO04Xe43Qd+Wmmi0/GzLKysn9f73g==&u=U2FsdGVkX19oXVq1WhZdL+R9woIFJl0UImXNTN1/hwI=&y=U2FsdGVkX1+qw2UHE9AObGuVwhYjq4F3ZqqHs1571cl/Dd97NzYbnkgya9z8m06r HTTP/1.1" 200 26
186.84.90.91 - - [12/Nov/2022:09:26:25 -0500] "GET /kwssiamovil/sm/acme/a?s=U2FsdGVkX1+xZR0stfPQy1yu5j/K38h9qFVRuzp/v7KTj96wMlXHG8rkESw9OUL8bOcqqPU8V/idFZDqPjRqS40ur7Xc/XPPN0iWw2ATB8M/kTEbCp2PyhXEEtG1+nho19eutjOd9tidzEfoetl6WHqbtmXo5L+FePKYPEWc7nGwzc2/sETP8VCkNEo1dYWvIZugAaC7McSwlt0fvRRg2CJPMg6NNxLRYebIP/ivc6++KFmfeIZnPPzx0A+bY15UYLjhiP2T7ic2lOjOl6dM4Co3TgJLDwNJLlAS2QVgvL/veVG+zR+WTIevCI8GPlTf3ddJSMz07KeoTnXboE/kWn1tNy5yeZIdh1s9eF5q2EuWq06HpZC9OZ7PhbYoVrPG+WeYyh9Wec2yWM0LDWc9PcO4I4sAUE7+Fox3oN/+cD3XKCOUYyOG9qOuYBHgcMnKfogpdjHBFuRtT2IoXc37UPsPUeFgbiJ06xI5iklCU2VAb/tTfOXBUaMNRludYHtgcbGXguwxaWNkkoEi99mX8g126W2fabTZ5UtAyNNnLys+npG4PgvkZ33Xmu9Rc1ZP6HHh447hbD3vPIjW99Szwh1V1GAH2Hy42K0dy7XmYCY=&u=U2FsdGVkX19oXVq1WhZdL+R9woIFJl0UImXNTN1/hwI=&y=U2FsdGVkX1+qw2UHE9AObGuVwhYjq4F3ZqqHs1571cl/Dd97NzYbnkgya9z8m06r HTTP/1.1" 200 25
186.84.90.91 - - [12/Nov/2022:09:26:25 -0500] "GET /kwssiamovil/sm/acme/a?s=U2FsdGVkX1+ie/y7OomA248MYt7OtBQctgSP38cknv2keNQPzGoGtNmg8JMdEkRLeYQcKdjqYT2dPM4bKgYIkrUDggmkRyPsGDGr/wwlTEXQtTx1ffREqEhibtkxSiQMPlX2Cdsvr9H52m7ZGbZso4aAV8cmf6a0VZ+nLYVTzKLfn5udNE+5MngSg3MwtVl6HUKu6SwCfepDmV26MOvaERNW3ZpSVhEbBAnA53EtYJgXL6NOIasrzvOACNqoQv6X8HPfI1HvYtyBvW+fMa8NnCgA7FPlFXqXFW730HHGEp9RwI10ugDt4CJltTOon/ijSkWNVP9ImY7oF7w7YKWnuxFGxtvGCFDASl0Tm9wxRxcSS58w27U4Lz1zJtm8ukxUi+lLT+hU6EMZJJkvCYdmCkz3KmPI5Ff4mbmZJkXQ/JjBLavXIrrV48uhAonhSyd9wxOurmnLszXJaS+8dSQZ9GwnVLw+zIH6P6ytOzukq1241b3TL8LGKLzp40+UDFrKrzYK2I/Giug9PoV6P0WhkPrFhjj2PIzOkfEqMUJRUJskoZ2gOBamAe+GcTxjIB0v&u=U2FsdGVkX19oXVq1WhZdL+R9woIFJl0UImXNTN1/hwI=&y=U2FsdGVkX1+qw2UHE9AObGuVwhYjq4F3ZqqHs1571cl/Dd97NzYbnkgya9z8m06r HTTP/1.1" 200 25
216.245.221.92 - - [12/Nov/2022:09:29:08 -0500] "HEAD / HTTP/1.1" 200 -
40.77.189.21 - - [12/Nov/2022:09:29:24 -0500] "GET /videos/galeria-cronicas/js/jplayer.playlist.min.js HTTP/1.1" 200 8608
40.77.189.224 - - [12/Nov/2022:09:29:24 -0500] "GET /videos/galeria-cronicas/js/jquery.jplayer.min.js HTTP/1.1" 200 43668
40.77.190.32 - - [12/Nov/2022:09:29:24 -0500] "GET /videos/galeria-cronicas/skin/blue.monday/jplayer.blue.monday.css HTTP/1.1" 200 12518
201.245.192.253 - - [12/Nov/2022:09:30:01 -0500] "POST /kwsrmcab/Wsrmcab  HTTP/1.1" 200 40655
172.22.2.4 - - [12/Nov/2022:09:28:51 -0500] "HEAD /BLA/boletinlegal/ HTTP/1.1" 200 -
172.22.2.4 - - [12/Nov/2022:09:29:42 -0500] "GET /BLA/boletinlegal/ HTTP/1.1" 200 59779
201.245.192.253 - - [12/Nov/2022:09:31:40 -0500] "POST /kwsrmcab/Wsrmcab HTTP/1.1" 200 42759
201.245.192.253 - - [12/Nov/2022:09:31:42 -0500] "POST /kwsrmcab/Wsrmcab HTTP/1.1" 200 43795
168.90.13.178 - - [12/Nov/2022:09:32:46 -0500] "POST /procesar.php HTTP/1.1" 200 973
66.249.73.127 - - [12/Nov/2022:09:33:19 -0500] "-" 408 -
168.90.13.178 - - [12/Nov/2022:09:34:07 -0500] "POST /procesar.php HTTP/1.1" 200 831
216.245.221.92 - - [12/Nov/2022:09:34:08 -0500] "HEAD / HTTP/1.1" 200 -
172.22.2.4 - - [12/Nov/2022:09:34:33 -0500] "GET /BLA/boletinlegal/jurisprudencia/analisis/ANALISIST-257-96.docx HTTP/1.1" 200 19486
185.119.81.98 - - [12/Nov/2022:09:34:35 -0500] "GET /portaldeninos/wp-login.php HTTP/1.1" 200 2592
185.119.81.98 - - [12/Nov/2022:09:34:36 -0500] "POST /portaldeninos/wp-login.php HTTP/1.1" 200 3605
201.245.192.253 - - [12/Nov/2022:09:34:59 -0500] "POST /kwsrmcab/Wsrmcab  HTTP/1.1" 200 40655
40.77.167.46 - - [12/Nov/2022:09:35:13 -0500] "GET / HTTP/1.1" 200 4720
172.22.2.4 - - [12/Nov/2022:09:34:41 -0500] "HEAD /BLA/boletinlegal/ HTTP/1.1" 200 -
172.22.2.4 - - [12/Nov/2022:09:35:31 -0500] "GET /BLA/boletinlegal/ HTTP/1.1" 200 58185
186.84.89.131 - - [12/Nov/2022:09:38:18 -0500] "GET /camino-guadalupe-aguanoso-cerrado-por-caida-de-arboles.html HTTP/1.1" 206 851
172.22.2.4 - - [12/Nov/2022:09:38:47 -0500] "GET /BLA/boletinlegal/style.css HTTP/1.1" 200 9406
172.22.2.4 - - [12/Nov/2022:09:38:47 -0500] "GET /BLA/boletinlegal/styles2.css HTTP/1.1" 200 1838
172.22.2.4 - - [12/Nov/2022:09:38:47 -0500] "GET /BLA/boletinlegal/js/jquery.js HTTP/1.1" 200 57254
172.22.2.4 - - [12/Nov/2022:09:38:47 -0500] "GET /BLA/boletinlegal/js/jquery.scrollTo-min.js HTTP/1.1" 200 1150
172.22.2.4 - - [12/Nov/2022:09:38:47 -0500] "GET /BLA/boletinlegal/js/jquery.scrollShow.js HTTP/1.1" 200 4586
172.22.2.4 - - [12/Nov/2022:09:38:47 -0500] "GET /BLA/boletinlegal/images/cabezote%20BLEGAL.jpg HTTP/1.1" 200 118164
172.22.2.4 - - [12/Nov/2022:09:38:47 -0500] "GET /BLA/boletinlegal/images/subscribe-icon-big.png HTTP/1.1" 200 47702
172.22.2.4 - - [12/Nov/2022:09:38:47 -0500] "GET /BLA/boletinlegal/images/historia.png HTTP/1.1" 200 52775
172.22.2.4 - - [12/Nov/2022:09:38:47 -0500] "GET /BLA/boletinlegal/images/arr_l.jpg HTTP/1.1" 200 1979
172.22.2.4 - - [12/Nov/2022:09:38:47 -0500] "GET /BLA/boletinlegal/images/registro-usuarios.png HTTP/1.1" 200 8106
172.22.2.4 - - [12/Nov/2022:09:38:47 -0500] "GET /BLA/boletinlegal/images/screen_1.png HTTP/1.1" 200 202547
172.22.2.4 - - [12/Nov/2022:09:38:47 -0500] "GET /BLA/boletinlegal/images/launch.jpg HTTP/1.1" 200 14577
172.22.2.4 - - [12/Nov/2022:09:38:47 -0500] "GET /BLA/boletinlegal/images/body_bg.jpg HTTP/1.1" 200 1601
172.22.2.4 - - [12/Nov/2022:09:38:47 -0500] "GET /BLA/boletinlegal/images/menu_lft.gif HTTP/1.1" 200 1713
172.22.2.4 - - [12/Nov/2022:09:38:47 -0500] "GET /BLA/boletinlegal/images/menu_rght.gif HTTP/1.1" 200 1627
172.22.2.4 - - [12/Nov/2022:09:38:47 -0500] "GET /BLA/boletinlegal/images/bg_top.jpg HTTP/1.1" 200 522
172.22.2.4 - - [12/Nov/2022:09:38:47 -0500] "GET /BLA/boletinlegal/images/menu_bg.jpg HTTP/1.1" 200 620
172.22.2.4 - - [12/Nov/2022:09:38:47 -0500] "GET /BLA/boletinlegal/images/hover.jpg HTTP/1.1" 200 640
172.22.2.4 - - [12/Nov/2022:09:38:47 -0500] "GET /BLA/boletinlegal/images/text.jpg HTTP/1.1" 200 568
172.22.2.4 - - [12/Nov/2022:09:38:52 -0500] "GET /BLA/boletinlegal/actos.php HTTP/1.1" 200 9566
172.22.2.4 - - [12/Nov/2022:09:38:52 -0500] "GET /BLA/boletinlegal/js/ajax_actos.js HTTP/1.1" 200 1322
172.22.2.4 - - [12/Nov/2022:09:38:52 -0500] "GET /BLA/boletinlegal/niceforms-default.css HTTP/1.1" 200 6694
172.22.2.4 - - [12/Nov/2022:09:38:52 -0500] "GET /BLA/boletinlegal/niceforms.js HTTP/1.1" 200 22876
172.22.2.4 - - [12/Nov/2022:09:38:52 -0500] "GET /BLA/boletinlegal/js/lib.js HTTP/1.1" 200 6474
172.22.2.4 - - [12/Nov/2022:09:38:52 -0500] "GET /BLA/boletinlegal/js/popup.js HTTP/1.1" 200 1270
172.22.2.4 - - [12/Nov/2022:09:38:52 -0500] "GET /BLA/boletinlegal/js/jquery1.js HTTP/1.1" 200 29846
172.22.2.4 - - [12/Nov/2022:09:38:52 -0500] "GET /BLA/boletinlegal/images/green-yellow-blue-pink-th.png HTTP/1.1" 200 7394
172.22.2.4 - - [12/Nov/2022:09:38:52 -0500] "GET /BLA/boletinlegal/images/tel.png HTTP/1.1" 200 14477
172.22.2.4 - - [12/Nov/2022:09:38:52 -0500] "GET /BLA/boletinlegal/images/icono-email.png HTTP/1.1" 200 5544
172.22.2.4 - - [12/Nov/2022:09:38:52 -0500] "GET /BLA/boletinlegal/images/footer_bg.jpg HTTP/1.1" 200 586
172.22.2.4 - - [12/Nov/2022:09:38:52 -0500] "GET /BLA/boletinlegal/images/footer_bg_l.jpg HTTP/1.1" 200 776
172.22.2.4 - - [12/Nov/2022:09:38:52 -0500] "GET /BLA/boletinlegal/img/select-left.png HTTP/1.1" 200 263
172.22.2.4 - - [12/Nov/2022:09:38:52 -0500] "GET /BLA/boletinlegal/img/0.png HTTP/1.1" 200 110
172.22.2.4 - - [12/Nov/2022:09:38:52 -0500] "GET /BLA/boletinlegal/img/button-left.png HTTP/1.1" 200 57071
172.22.2.4 - - [12/Nov/2022:09:38:52 -0500] "GET /BLA/boletinlegal/img/button.png HTTP/1.1" 200 43241
172.22.2.4 - - [12/Nov/2022:09:38:52 -0500] "GET /BLA/boletinlegal/img/select-right.png HTTP/1.1" 200 44019
172.22.2.4 - - [12/Nov/2022:09:38:52 -0500] "GET /BLA/boletinlegal/img/button-right.png HTTP/1.1" 200 57878
172.22.2.4 - - [12/Nov/2022:09:38:52 -0500] "GET /BLA/boletinlegal/favicon.ico HTTP/1.1" 404 1326
172.22.2.4 - - [12/Nov/2022:09:38:52 -0500] "GET /BLA/boletinlegal/actos.php HTTP/1.1" 200 9566
216.245.221.92 - - [12/Nov/2022:09:39:08 -0500] "HEAD / HTTP/1.1" 200 -
172.22.2.4 - - [12/Nov/2022:09:39:08 -0500] "GET /BLA/boletinlegal/consulta_actos.php?tipo=autos&no=2595&usuario=&sector=&fecha=2017&resuelve= HTTP/1.1" 200 1100
172.22.2.4 - - [12/Nov/2022:09:39:09 -0500] "GET /BLA/boletinlegal/images/pdf.gif HTTP/1.1" 200 567
200.118.63.86 - - [12/Nov/2022:09:39:11 -0500] "GET /BLA/resoluciones/ HTTP/1.1" 200 13093
200.118.63.86 - - [12/Nov/2022:09:39:12 -0500] "GET /BLA/resoluciones/dlf/folder.png HTTP/1.1" 200 410
200.118.63.86 - - [12/Nov/2022:09:39:12 -0500] "GET /BLA/resoluciones/dlf/styles.css HTTP/1.1" 200 3049
200.118.63.86 - - [12/Nov/2022:09:39:12 -0500] "GET /BLA/resoluciones/dlf/bg.gif HTTP/1.1" 200 54
200.118.63.86 - - [12/Nov/2022:09:39:12 -0500] "GET /favicon.ico HTTP/1.1" 200 7782
200.118.63.86 - - [12/Nov/2022:09:39:14 -0500] "GET /BLA/resoluciones/dlf/dirup.png HTTP/1.1" 200 644
200.118.63.86 - - [12/Nov/2022:09:39:14 -0500] "GET /BLA/resoluciones/dlf/pdf.gif HTTP/1.1" 200 272
199.16.157.181 - - [12/Nov/2022:09:39:14 -0500] "GET /camino-guadalupe-aguanoso-cerrado-por-caida-de-arboles.html HTTP/1.1" 200 851
200.118.63.86 - - [12/Nov/2022:09:39:14 -0500] "GET /BLA/resoluciones/index.php?dir=AUTOS+2017%2F HTTP/1.1" 200 458531
199.16.157.182 - - [12/Nov/2022:09:39:14 -0500] "GET /images/Aguanoso%20(1)%20(1).jpeg HTTP/1.1" 200 99891
172.22.2.4 - - [12/Nov/2022:09:38:47 -0500] "GET /BLA/boletinlegal/ HTTP/1.1" 200 24523
201.245.192.253 - - [12/Nov/2022:09:39:57 -0500] "POST /kwsrmcab/Wsrmcab  HTTP/1.1" 200 40655
201.245.192.253 - - [12/Nov/2022:09:41:40 -0500] "POST /kwsrmcab/Wsrmcab HTTP/1.1" 200 42759
201.245.192.253 - - [12/Nov/2022:09:41:42 -0500] "POST /kwsrmcab/Wsrmcab HTTP/1.1" 200 43795
185.119.81.98 - - [12/Nov/2022:09:41:49 -0500] "GET /portaldeninos/wp-login.php HTTP/1.1" 200 2592
185.119.81.98 - - [12/Nov/2022:09:41:50 -0500] "POST /portaldeninos/wp-login.php HTTP/1.1" 200 3650
172.22.2.4 - - [12/Nov/2022:09:40:31 -0500] "HEAD /BLA/boletinlegal/ HTTP/1.1" 200 -
172.22.2.4 - - [12/Nov/2022:09:41:21 -0500] "GET /BLA/boletinlegal/ HTTP/1.1" 200 58185
216.245.221.92 - - [12/Nov/2022:09:44:08 -0500] "HEAD / HTTP/1.1" 200 -
201.245.192.253 - - [12/Nov/2022:09:44:55 -0500] "POST /kwsrmcab/Wsrmcab  HTTP/1.1" 200 40655
199.16.157.183 - - [12/Nov/2022:09:45:50 -0500] "GET /camino-guadalupe-aguanoso-cerrado-por-caida-de-arboles.html HTTP/1.1" 200 851
199.16.157.183 - - [12/Nov/2022:09:45:51 -0500] "GET /images/Aguanoso%20(1)%20(1).jpeg HTTP/1.1" 200 99891
199.16.157.180 - - [12/Nov/2022:09:45:52 -0500] "GET /images/Aguanoso%20(1)%20(1).jpeg HTTP/1.1" 200 99891
152.228.166.119 - - [12/Nov/2022:09:46:09 -0500] "GET /camino-guadalupe-aguanoso-cerrado-por-caida-de-arboles.html HTTP/1.1" 200 851
199.16.157.181 - - [12/Nov/2022:09:46:10 -0500] "GET /images/Aguanoso%20(1)%20(1).jpeg HTTP/1.1" 200 99891
88.99.144.145 - - [12/Nov/2022:09:46:36 -0500] "HEAD /camino-guadalupe-aguanoso-cerrado-por-caida-de-arboles.html HTTP/1.1" 200 -
173.252.107.14 - - [12/Nov/2022:09:46:45 -0500] "GET /camino-guadalupe-aguanoso-cerrado-por-caida-de-arboles.html HTTP/1.1" 206 851
173.252.107.19 - - [12/Nov/2022:09:46:48 -0500] "GET /camino-guadalupe-aguanoso-cerrado-por-caida-de-arboles.html HTTP/1.1" 206 851
173.252.107.116 - - [12/Nov/2022:09:46:49 -0500] "GET /camino-guadalupe-aguanoso-cerrado-por-caida-de-arboles.html HTTP/1.1" 206 851
173.252.107.117 - - [12/Nov/2022:09:46:49 -0500] "GET /images/Aguanoso%20(1)%20(1).jpeg HTTP/1.1" 200 99891
66.175.213.4 - - [12/Nov/2022:09:46:50 -0500] "\x16\x03\x01" 400 226
190.9.218.188 - - [12/Nov/2022:09:47:03 -0500] "GET /kwssiamovil/sm/ldap/au?x=U2FsdGVkX1/ShPHVO/jjNVBODeGWUvbhjLQINjBUV2FH/ZjfP5X58W1XeBLNLKFh&y=U2FsdGVkX19urHekJ8tIS4R5oVmmqH9ZVCRcG8FQC2H1RvUlbMpYfJJbT0nG0SEL HTTP/1.1" 200 30
190.9.218.188 - - [12/Nov/2022:09:47:03 -0500] "GET /kwssiamovil/sm/acme/s?s=U2FsdGVkX19d/18EkFxffjvmbf8QWQYPtswyLbkFdHz87uIQc0Prv8dS6x3q3wazgBaxsrgFBe+P2OxvFllEw0CezSVxn/WYNI/ivJMQif8=&u=U2FsdGVkX1+RHIadrWH1Uz3HEzB2QkeHT7RaXAccpcM=&y=U2FsdGVkX19urHekJ8tIS4R5oVmmqH9ZVCRcG8FQC2H1RvUlbMpYfJJbT0nG0SEL HTTP/1.1" 200 97
190.9.218.188 - - [12/Nov/2022:09:47:03 -0500] "GET /kwssiamovil/sm/acme/s?s=U2FsdGVkX1/YVwnH+5Tgoxl5VVDw//rzoigRuU9w6Q8xGfkQaiznFcoRaQC+5c/6QQ3NOE3ISPY4iB7Bkb2jRA3f1YxeoGOcUB+xeu3XtKkta355thKjUgisaMMCQpNx9s4X/stKQ9sBP5RbsBpddQc5J0chWLk0BGCj1UCOllGhLoLlAX6qIHNvg2lV8mH3Jcnv8RnuIYvFfBDxGnE6S/2yFQhqGxqToUTx+rqJO/o4Mk4/vJZtEIOLfWHkOk6w9tWKloff76glUJbwc8bBbPlWI3vpUpDRBVT1vC3zkwSRd8s8LKpGSRYpE0b7Dn6Yi87YjHBY/qXZXv9yFNeRry7HmTPYNytXruzFhMyfEzD1M+p4Zmp0vx8Ycum7m8/PSLhgcGjoaD8IxJD/49j8cb0nMooJItOGhOEW5wsZK2J6rFWwMJCyRH9/XblAgrMJXCyJvSIVTUg9aH7Bcakzs+gw/Dw6DrwC1/QrkxCLnwUGn/tX8VQ3xT6buK0nDV7/X54y6NAPVAvFk3zUZVLL5VBaMHP7BHGprhTwsgrdYHn9cr3Zwj3v/3ezhX/jbEyuRNatbofMrJURnTyQUPMVi8UIPQoRJURUOwT38jaNo5FhHg7aV+6zxSPhPI+vg4HRUv6LT8IFvCBDF9EuAyQR/we1PBYPgu781+Kjfp6WWM4qMwJoUC3YWXsecUcjG8FyFWo5ZuVll3QZqJDG1LmLMTuE/CMWxNy9Z+rWdMCz5pxZBk0NrPyOkR9GlQ5+Tdjb3brrVH2MnkcvOWfCedDCMqSHkvHOs1Sr1GCvc1p0kmXgWmt/Lxbe1odpYig42Radb6JP+9fMNGK7/RaqsJ6ZlcnPEpAt+vg2Cdd9fpQMmSQqJM7lnSmsOiSQPZJX2SCON9n/6EKG2aSi1IinZ2wSG4EiN7RnzLuUIkWOXo5Bb3+iWIKm83q9TbD1JzkKnifouJQj5uWmQ7C+1KyUS31/j/zocV3UrnhSCglW85inLDzl+C7gamrFqW6H582hi/lL4bM7FwuqWbFVw+MnEF82JoTSQSY8+vLQCMbwwO0ErnpbdKmXqRCj4W5l8RCRpVnxaXAjA2j5wV50Fnkh0ErY/x4EkfUiq3ZtXk6+X6coSOt86VophUox9HyAR76Hs4WAXkZ9O4JN2vxsV28iZo0kX2a9rs61h2bX0AlxbGTX0tu8AJegBaVRe4ZdHed5I9ZKkTQnQXJK6PXUBqWU5yTRLd6tJ9fJ19GdaFiBRWmZYM4KgvGFo/wKiHjHknNzyqGpjVaesIf+3BkbobOAjckAkZtylklnZPjOQ3R3DguDlnREdlM2bBeEKJBSt9UaI7JcF2FIJWozMcNImyOtfWy2KRh1scmbp1TyAWxHLysewi7cqnIuJcxw86cYZcdj+XoCR1cK+dgtDN0sszMt1AXxxDjiwXJbU0ngT0rzGZ7fX17Ruhxr2tVAM2HD4Z1mRXTyzfVYvK3LCi77vccfogVp/Uc3mrEjBfszlZWg37T0enCt5o8xGYm4rkDvH4771sItGmzGsK0+1sNoodPG5ZO+YoVvG2Qt/huI8g72mLZ/4gL6yg++ZjSKw4+VrR3XLvUDqfi20kjke75PD+VgbXy/pgvLj38/WjMPCPyQ4skPLnQoJRqOXYAqNGKqmCAXPa/ns5DG1q5ecahFwwF2G4uREd/4tz4/50aT9j75fhTaMLUPrFDnfrViWkRqMN+Y4VUfy7k8TpNi9aJdLUbj6UZhyg9+f2e5JyfBEI4WCnwJi0g=&u=U2FsdGVkX1+RHIadrWH1Uz3HEzB2QkeHT7RaXAccpcM=&y=U2FsdGVkX19urHekJ8tIS4R5oVmmqH9ZVCRcG8FQC2H1RvUlbMpYfJJbT0nG0SEL HTTP/1.1" 200 401
190.9.218.188 - - [12/Nov/2022:09:47:03 -0500] "GET /kwssiamovil/sm/acme/s?s=U2FsdGVkX1/o0qJZZBZu3t8fmckD+YNO58LPoj7wXe8t1AqCOUUiCHJ1bE73Zo7cnaAGve0Q2db7w7JU9z7HszBupZAJosUeUKRsG1Ub8LCfRWxmBNf1/Fa3p64UqJB345TuudFZUL9lSZBc+cLKB9jo7AFfSA7o+gRyfeWLUi3nf+PZl17vzTCkMb2D5WgPNVmhfxg7WkdGpo3ZmvH1Q9mKEbn/cTq7i3Qwh6rPRjjDLFoyv8323ep5GpXAFAUxtQSGhX1Ls9/o5g92csiS40ovOsr3uPhXBd4oyze76xpruIV5rAl1Ysmml1CnrTPxp3IGwVHl/kXuenXmZVaO6SaHXUZRe/87ZwR52AYtT4r9Bv3FxmNJ3HNNSPArfaaQtai/U7VEx0e3ywWmRH134w1Iebf8LGANQoZUv93cyhg6lSFuHDMynDxz7LqT3UDQQWkaeOcHsR/7GygR2ieW0tHnKTcPAhuoA0TfMX0mFeUAgzQL8u1JFT2+S88DBp6YRu/FWly5GMUnZavMhfObx6zQtU+RYe18Sij+AIlC9bSsgincngnmR4GhDFp5DQSj4TaExNUil3JBOCNVQ64lfGbvU/cBGv161Oxy8ynqrnZC/bQIfJZCB1GEU85PadvnA/RGFs8VNmA2U3QNiuh+z8FisSB1y7bF3RqXhSWx8S5UvMlH3ECI2Kh1jrCDYSb8uyX+1X0eDZS+r+oAyKdV3WH44QVGmUCEJcxRj2ihyllQkCnde6ShWtPTb3cu+Z+M&u=U2FsdGVkX1+RHIadrWH1Uz3HEzB2QkeHT7RaXAccpcM=&y=U2FsdGVkX19urHekJ8tIS4R5oVmmqH9ZVCRcG8FQC2H1RvUlbMpYfJJbT0nG0SEL HTTP/1.1" 200 208
185.119.81.103 - - [12/Nov/2022:09:47:03 -0500] "GET /portaldeninos/wp-login.php HTTP/1.1" 200 2592
190.9.218.188 - - [12/Nov/2022:09:47:04 -0500] "GET /kwssiamovil/sm/cjson/pre?f=1&x=U2FsdGVkX1/ShPHVO/jjNVBODeGWUvbhjLQINjBUV2FH/ZjfP5X58W1XeBLNLKFh HTTP/1.1" 200 30992
185.119.81.103 - - [12/Nov/2022:09:47:04 -0500] "POST /portaldeninos/wp-login.php HTTP/1.1" 200 3605
172.22.2.4 - - [12/Nov/2022:09:47:06 -0500] "GET /BLA/boletinlegal/actos.php HTTP/1.1" 200 9566
116.202.35.85 - - [12/Nov/2022:09:47:06 -0500] "GET /camino-guadalupe-aguanoso-cerrado-por-caida-de-arboles.html HTTP/1.1" 200 851
172.22.2.4 - - [12/Nov/2022:09:47:06 -0500] "GET /BLA/boletinlegal/favicon.ico HTTP/1.1" 404 1326
201.190.106.136 - - [12/Nov/2022:09:47:09 -0500] "GET /BLA/resoluciones/ HTTP/1.1" 200 13093
201.190.106.136 - - [12/Nov/2022:09:47:09 -0500] "GET /favicon.ico HTTP/1.1" 200 7782
201.190.106.136 - - [12/Nov/2022:09:47:13 -0500] "GET /BLA/resoluciones/index.php?dir=RESOLUCIONES+2022%2F HTTP/1.1" 200 213274
152.39.250.51 - - [12/Nov/2022:09:47:17 -0500] "GET /camino-guadalupe-aguanoso-cerrado-por-caida-de-arboles.html HTTP/1.1" 200 851
201.190.106.136 - - [12/Nov/2022:09:47:19 -0500] "GET /BLA/resoluciones/RESOLUCIONES%202022/1696.pdf HTTP/1.1" 200 590408
136.243.80.152 - - [12/Nov/2022:09:47:22 -0500] "GET /camino-guadalupe-aguanoso-cerrado-por-caida-de-arboles.html HTTP/1.1" 206 851
136.243.136.201 - - [12/Nov/2022:09:47:29 -0500] "GET /camino-guadalupe-aguanoso-cerrado-por-caida-de-arboles.html HTTP/1.1" 200 851
181.61.209.98 - - [12/Nov/2022:09:47:39 -0500] "GET /camino-guadalupe-aguanoso-cerrado-por-caida-de-arboles.html HTTP/1.1" 200 851
186.102.32.29 - - [12/Nov/2022:09:47:49 -0500] "OPTIONS /kwssiamovil/sm/setfile/f? HTTP/1.1" 200 13
172.22.2.4 - - [12/Nov/2022:09:47:04 -0500] "GET /BLA/boletinlegal/ HTTP/1.1" 200 24523
186.102.32.29 - - [12/Nov/2022:09:47:50 -0500] "POST /kwssiamovil/sm/setfile/f? HTTP/1.1" 200 381
186.86.32.152 - - [12/Nov/2022:09:47:55 -0500] "GET /camino-guadalupe-aguanoso-cerrado-por-caida-de-arboles.html HTTP/1.1" 200 851
186.102.32.29 - - [12/Nov/2022:09:47:56 -0500] "OPTIONS /kwssiamovil/sm/setfile/f? HTTP/1.1" 200 13
186.102.32.29 - - [12/Nov/2022:09:47:56 -0500] "POST /kwssiamovil/sm/setfile/f? HTTP/1.1" 200 381
186.102.32.29 - - [12/Nov/2022:09:48:01 -0500] "OPTIONS /kwssiamovil/sm/setfile/f? HTTP/1.1" 200 13
172.22.2.4 - - [12/Nov/2022:09:46:21 -0500] "HEAD /BLA/boletinlegal/ HTTP/1.1" 200 -
3.91.205.117 - - [12/Nov/2022:09:48:03 -0500] "-" 408 -
186.102.32.29 - - [12/Nov/2022:09:48:01 -0500] "POST /kwssiamovil/sm/setfile/f? HTTP/1.1" 200 381
186.102.32.29 - - [12/Nov/2022:09:48:04 -0500] "OPTIONS /kwssiamovil/sm/setfile/f? HTTP/1.1" 200 13
186.102.32.29 - - [12/Nov/2022:09:48:05 -0500] "POST /kwssiamovil/sm/setfile/f? HTTP/1.1" 200 381
186.102.32.29 - - [12/Nov/2022:09:48:08 -0500] "OPTIONS /kwssiamovil/sm/setfile/f? HTTP/1.1" 200 13
186.102.32.29 - - [12/Nov/2022:09:48:08 -0500] "POST /kwssiamovil/sm/setfile/f? HTTP/1.1" 200 381
35.236.215.231 - - [12/Nov/2022:09:48:14 -0500] "GET /camino-guadalupe-aguanoso-cerrado-por-caida-de-arboles.html HTTP/1.1" 200 851
35.236.215.231 - - [12/Nov/2022:09:48:15 -0500] "GET /camino-guadalupe-aguanoso-cerrado-por-caida-de-arboles.html HTTP/1.1" 200 851
173.244.57.166 - - [12/Nov/2022:09:48:15 -0500] "GET /camino-guadalupe-aguanoso-cerrado-por-caida-de-arboles.html HTTP/1.1" 200 851
199.59.150.180 - - [12/Nov/2022:09:48:31 -0500] "GET /images/Aguanoso%20(1)%20(1).jpeg HTTP/1.1" 200 99891
172.22.2.4 - - [12/Nov/2022:09:47:11 -0500] "GET /BLA/boletinlegal/ HTTP/1.1" 200 54452
136.243.47.48 - - [12/Nov/2022:09:49:02 -0500] "HEAD /camino-guadalupe-aguanoso-cerrado-por-caida-de-arboles.html HTTP/1.1" 200 -
136.243.47.166 - - [12/Nov/2022:09:49:03 -0500] "HEAD /camino-guadalupe-aguanoso-cerrado-por-caida-de-arboles.html HTTP/1.1" 200 -
136.243.47.18 - - [12/Nov/2022:09:49:03 -0500] "GET /camino-guadalupe-aguanoso-cerrado-por-caida-de-arboles.html HTTP/1.1" 200 851
186.102.32.29 - - [12/Nov/2022:09:49:08 -0500] "GET /kwssiamovil/sm/acme/a?s=U2FsdGVkX19tHBEgUz7iU2vE+9M6kd30j3QQvHaCzB2azTKhY/0oEh2ov4OJCuGXewt1K713VNryaJ64qqg6UW1QJC3EV5QxSQ87GQ+UPsZZBfMi1VyIH2SM3PpIuQMU4gQMDKUw6IL3RA6kY/ySVsz0+sqxm1H5+0B2N06OW5Tw/+CHKiktBi9r/f8otlTYsgBMS5+sQaa9XISfcCAiGhFnP97KI1QnNp1TlxBb3ro1MigZ6rrGYsl99KKWkYzharcDeDDyXZKikkh7etsbqw==&u=U2FsdGVkX1/SIAVOVfupsnyyky5jhd3jSQUDGXbaPTZdEizk92poeEfULf+nv2lc&y=U2FsdGVkX19X/1uxN87cUIaqp3DsZkars6P0UuBATKvyh3BqWpix/JNDNsr5m7l8 HTTP/1.1" 200 26
216.245.221.92 - - [12/Nov/2022:09:49:08 -0500] "HEAD / HTTP/1.1" 200 -
186.102.32.29 - - [12/Nov/2022:09:49:08 -0500] "GET /kwssiamovil/sm/acme/a?s=U2FsdGVkX18mdYGPgs7CUvEvyl9AxmglrPwOFvc025PxdDJ+1vP/28f5THlE88mf/tTzmEdwmalIjyB+HZMIQ/DYIRRIRKRCihPTPLihAIdmu+ZL9yhebNFG7pvoCRBJ+97XAP9Z7oIqSc4oGxMgmoezjxLIk/Nhf5E0kx/ZDiXi+sJARp20nhy0D6KTfZGHEZTGHNNiVqSLOy0qKQPH4RSM6RrT86/WObzOv/5fELwnjzfT6f86hlVmtrSuhS5ZQM8sXPVb/bEPOu+cdQsmh1psgop880EthwVTgdU3ux21dtiWs47peg318+m9+xfcpRtPEnSnr3UxiFNOln/YuxeJOrqYBnqlVKStemcP0FIHzFNTj+wE7OF99e7kCnrvl6ZSfwUOSOULbTpE/973F+nnqgFfT5GoPNUQxF62HiXSf93O3nDUdxMXUtYnOTdqNsuvFpHFdja4HlsRSjVXvsd0HtsLG+tczpxRb4pfCRu1BWM0V+yH72W4LMObcvo8jzfnsUqOglivOWB7R3X6vsihMUBBc58AEEQqTW1mRn3XnR+6h/kdv1sSymFS2QqTUvpK04kyQanorrV/G9N/lhAhvg8vxN8tP1z1QWnaGAVo2A/x7rtakDWhYQmaaGdsHeTUWov616rbszIyMuLDDCADgM7wdBj6T6kRAvoaJh7YgC6ZX8n2EH5ude3EovsGOK/BB/8wgfS3oDE8YJLxao0cJo5AjUurSNILLiTaoISa4Uc8+nzJ21oLZHpnJK2W4XgzPr+e4XErIlMAe7OmOos0leDIg3qphtEYG2hmqQdhDn0OztLzQ07oYKtcJ0uOy+55KUoLXAS3FrXnRchAyk4tjC7DV7idMcJrgvTuGz/v0tZpbh3UbF8+cS1Vo+cQB287Lhye71mpweUijv61RCDCBvcuhBPzGhLJjO0Q0h/k30pphzqQxlchf4n/adh6zHWLH0kBSz5L2S5ffX4oS/SmnonUpu9wqx3SeKZ4ln7IUL66uyfDRPa2wLVutgt0SbvHHujakghQ1cTLGk16PLZ1oouB23B0rzj40Bx+gNG9IlTwfsbuQacpuGNXpLFQ+FHE3U+/qfV5U0UTiirfFmsDV5Y5OVBX35gi+pqB4BOMIQZdfOevdAID2v+Hqh6GU72BicTEfdb2NJak7XGuZPNpjvYJGNTwclbcIhybQxYG2NN3dxoUcBeT8nY7BcGfhq2SKfs1SVBVXaJqJxL5htvd4+Mltlhh4DnuQGRY60vK6uPFbKcQVupEdiZjmrH2yf49AkoBJErNunbN6FID8WdtJdJEXBBAW0OOdjtludN9acdfB71c8XBk/JX/vu23kGIN82I28xKMQi+tXwkR67QgMLkQm8YQxOQZW1HZyxUIzmyvmd9XLrh5ZqHDSd3sRoLIQaHKbYJRLfUZxz63BG8O/dkYO2KEF0S4mOWXtkrHH8pdhXRqbdizet2VxQfmliidaea3Gr3v/9n9/xESfCQFRU9hvzi2Uv7YwJhUMQY=&u=U2FsdGVkX1/SIAVOVfupsnyyky5jhd3jSQUDGXbaPTZdEizk92poeEfULf+nv2lc&y=U2FsdGVkX19X/1uxN87cUIaqp3DsZkars6P0UuBATKvyh3BqWpix/JNDNsr5m7l8 HTTP/1.1" 200 26
186.102.32.29 - - [12/Nov/2022:09:49:08 -0500] "GET /kwssiamovil/sm/acme/a?s=U2FsdGVkX1930MOb70y3Itc9ifuB6LcRHHzxMZ/TADYrCOjT+OUfk0RIWN25QaeAlBE+2jNzXhwtsnMabi+Hk+/gPb5pHwgzF2JO5l7zrX9mkREpTSa+8fycAT+d4dp5Fg5obQzt5Cf/CN2uJdn/rs9Gs3G2Z9fSdz+oRxSvdbM=&u=U2FsdGVkX1/SIAVOVfupsnyyky5jhd3jSQUDGXbaPTZdEizk92poeEfULf+nv2lc&y=U2FsdGVkX19X/1uxN87cUIaqp3DsZkars6P0UuBATKvyh3BqWpix/JNDNsr5m7l8 HTTP/1.1" 200 26
186.102.32.29 - - [12/Nov/2022:09:49:09 -0500] "GET /kwssiamovil/sm/acme/a?s=U2FsdGVkX1/YA+whKJw9uAR94eN/fs3B3JKIq4gFgcZgVYH86nNIlUIzUAUfaPCopGmfhZ5YifAjdt5Eg3rQBBXTAo+6J/PX1wRD/qu70IlN4HB52/vJxXIJHdcnq2lr3fL7oTjvsv8tDMYoPBiVDUME1gAzZB8wxVC/gBEDM3k=&u=U2FsdGVkX1/SIAVOVfupsnyyky5jhd3jSQUDGXbaPTZdEizk92poeEfULf+nv2lc&y=U2FsdGVkX19X/1uxN87cUIaqp3DsZkars6P0UuBATKvyh3BqWpix/JNDNsr5m7l8 HTTP/1.1" 200 26
186.102.32.29 - - [12/Nov/2022:09:49:09 -0500] "GET /kwssiamovil/sm/acme/a?s=U2FsdGVkX1/7E+nlPcqKXjWu8cUPB74iVMC7LVahnprSqjgoIOEYHDvnupM1kX1ApOn3S3du+NU+k/BaUsR/5jBH3u/gqznPwSOgdVdtoqAkIB74gP3vuUQOUW+wtED5lU0+sohq++l+F45uUb5gNBPadNZze0i3g3ZkFQyboZY=&u=U2FsdGVkX1/SIAVOVfupsnyyky5jhd3jSQUDGXbaPTZdEizk92poeEfULf+nv2lc&y=U2FsdGVkX19X/1uxN87cUIaqp3DsZkars6P0UuBATKvyh3BqWpix/JNDNsr5m7l8 HTTP/1.1" 200 26
186.102.32.29 - - [12/Nov/2022:09:49:09 -0500] "GET /kwssiamovil/sm/acme/a?s=U2FsdGVkX18cYD+ucBYF9nMFPMCaAhjoK2Ig1buEPeWSWaudIX0YHEMwdpncOayoyGBgsANbElE0NHTNstZnB7j4EJTW7s0Grz8IvmlH4VKsnCqMR2QCZGkQosf6+GlIYAJAWz9RrkvWfY5eTDx4tIoA0QcM0W0moXoZajFkzPkz8Ny6nQT8T9HDCRIO7iZJeh+cgpTH7hZZaR/lI3KJCQ==&u=U2FsdGVkX1/SIAVOVfupsnyyky5jhd3jSQUDGXbaPTZdEizk92poeEfULf+nv2lc&y=U2FsdGVkX19X/1uxN87cUIaqp3DsZkars6P0UuBATKvyh3BqWpix/JNDNsr5m7l8 HTTP/1.1" 200 26
186.102.32.29 - - [12/Nov/2022:09:49:09 -0500] "GET /kwssiamovil/sm/acme/a?s=U2FsdGVkX19fbGYdejDTg4HBSmOfToK0IGs+Tidf2tcOhZ7mEmKcNI1Jf1t73rSCBDKEYfql3qdMpWqs2693a6y1u6/mHdDatFVGVJ9GBWLlWpqxXuGiPxNfcS0xBb9paftEDzpYlq/oZHKdzcw6UeXOk0AMvaRm1Ue1mKGgbv6R3GP8pf9TxzoxJ6ep8yCqaxCDUfnai21x0q4LRnaRPw==&u=U2FsdGVkX1/SIAVOVfupsnyyky5jhd3jSQUDGXbaPTZdEizk92poeEfULf+nv2lc&y=U2FsdGVkX19X/1uxN87cUIaqp3DsZkars6P0UuBATKvyh3BqWpix/JNDNsr5m7l8 HTTP/1.1" 200 25
186.102.32.29 - - [12/Nov/2022:09:49:10 -0500] "GET /kwssiamovil/sm/acme/a?s=U2FsdGVkX19lyv2+RyAqz/+V/OE7CodLkWiwPOaYQDOzDcvG9XwCzXa7eGX+VI+ZDAv9eHEFoCreKhHHcSjQPZPQoGnenARyQ8qmV+of95a74lJLWPKDKoinvfr5CajfMD+3vMVPlxQA7djqF3M4chllnj44keIECFD5cE8+htmIQoG06LNc834hCuoZY+eQh2lpZ0vkrxpcqbHpPyusuIMm27B1Cd6lK41o/W4JkBEA2ez8JuyBn/u6aDO55TtFdow6/xXlltQDffGW2wcMT1NmchGii1T7wuPeo5lZCJ7PkOMWY1mVjnOnxzQgY+dER8QQpC46EriNsFZxH4v0SLyNMR/6S3jTmROow0+eoh+cA6g0pMUo9FCTM7+Ho9v5TPJbaJgDwPYSjUSN/c/JJA==&u=U2FsdGVkX1/SIAVOVfupsnyyky5jhd3jSQUDGXbaPTZdEizk92poeEfULf+nv2lc&y=U2FsdGVkX19X/1uxN87cUIaqp3DsZkars6P0UuBATKvyh3BqWpix/JNDNsr5m7l8 HTTP/1.1" 200 25
186.102.32.29 - - [12/Nov/2022:09:49:10 -0500] "GET /kwssiamovil/sm/acme/a?s=U2FsdGVkX19If6XMC1hHXHeFtqOFcqsM8QSqfoqr+oecjMoFt/TAmQFhHXGRQ4GOvarqcOH7kF/iTpL98OWLtGtM5Zz5kqBUN/cUogfaoi+3uoitdTRYg1AoOmSzA7btbaJMY2QXA3lwbUC+mTQUHBrmBAG3FWRGsMhVmuWPZIKj2oLxSHapkQ6Hbc44oHh2&u=U2FsdGVkX1/SIAVOVfupsnyyky5jhd3jSQUDGXbaPTZdEizk92poeEfULf+nv2lc&y=U2FsdGVkX19X/1uxN87cUIaqp3DsZkars6P0UuBATKvyh3BqWpix/JNDNsr5m7l8 HTTP/1.1" 200 25
186.102.32.29 - - [12/Nov/2022:09:49:10 -0500] "GET /kwssiamovil/sm/acme/a?s=U2FsdGVkX197rWxUdAeXyPs64tXTPYm2A1uqfMXaQZ2UpfPD7oXN3knnX2OK4WvrOIB9AjQdv69/FspezB+rqk+HFMcaWgz2HTX47CbC0e4KxUbkAZc+99ya7obHmdiQ2+oFELXiuN0eiFKZslO+j8QXE8hw3HWJ01XaOYxvrpJ1Mavaj4punUgjruYgq2vBPftHlCWGq8WW90k6cDnIjzQeXBO9L4sHs1LvmU9NCkgJnfq4k/TlelebK4TaEkZyEVP8gOHjj+x8UdAqxFuc48+TTeQdjQuDavOLBpg9+ob26nb8ByKcx9KGcXB5olmizDbasraxzDQz0274sfkkjnnf/BRpRQfuqvwOB5DHcCE=&u=U2FsdGVkX1/SIAVOVfupsnyyky5jhd3jSQUDGXbaPTZdEizk92poeEfULf+nv2lc&y=U2FsdGVkX19X/1uxN87cUIaqp3DsZkars6P0UuBATKvyh3BqWpix/JNDNsr5m7l8 HTTP/1.1" 200 25
186.102.32.29 - - [12/Nov/2022:09:49:10 -0500] "GET /kwssiamovil/sm/acme/a?s=U2FsdGVkX1+LqnsNkHVD2AG8cV2ONNkTaQ8p9ehkeP/jiA2TBNiI9AEPYRSMnWfPRybBbNJLeFWIN5pc30/KWMwTfmc2HEGOlLIlYVscErWhkMApO7Kbtn+LmYH2MakzZR+eyiOsYS98odeAiYLF/wmZ3UoeOCfUiUUPVnz5iDGeh5A17dzZIF0PSAbt8pCw6dJKDwTwvHcRdqirNzC+mQ==&u=U2FsdGVkX1/SIAVOVfupsnyyky5jhd3jSQUDGXbaPTZdEizk92poeEfULf+nv2lc&y=U2FsdGVkX19X/1uxN87cUIaqp3DsZkars6P0UuBATKvyh3BqWpix/JNDNsr5m7l8 HTTP/1.1" 200 25
186.102.32.29 - - [12/Nov/2022:09:49:10 -0500] "GET /kwssiamovil/sm/acme/a?s=U2FsdGVkX18Bd2Ln3R1mZCvdtT0GkCJZCwBWzYHpWnqb8DqeZiQEBF0EKJ/SZxaXapfye4tsRug57mz1LqtllCVSPY1SX3HP0uR53EtB5ctVEwKZngLjn3JZmv3aFE0P3HCyh5T96whFXcglr9GXhVXwU7ix7xIJPGA5+MEtGpkKgfBI53B2/C7QYq/nB+M0&u=U2FsdGVkX1/SIAVOVfupsnyyky5jhd3jSQUDGXbaPTZdEizk92poeEfULf+nv2lc&y=U2FsdGVkX19X/1uxN87cUIaqp3DsZkars6P0UuBATKvyh3BqWpix/JNDNsr5m7l8 HTTP/1.1" 200 25
186.102.32.29 - - [12/Nov/2022:09:49:11 -0500] "GET /kwssiamovil/sm/acme/a?s=U2FsdGVkX18vmxM78e1cGpjeRgii83FVp0UlGhTTgxZVM4i0Oq9gVcAl9Wg0DkMJI+zUX94cqS6hTCZd9LvKgvuKsQMWG/Gl2wmP2c1o/K/iDF1xZI940MPL4bGA47tvqLeinqmqksPj9auIPBmVEf4/kD8lxxffY+MzAp2orCOryAqMuprWTo2Dvrc16Bzb1QJNpGV/kA1NQCMytDsCfy7qZyleFTYSBh5iv4MddBg=&u=U2FsdGVkX1/SIAVOVfupsnyyky5jhd3jSQUDGXbaPTZdEizk92poeEfULf+nv2lc&y=U2FsdGVkX19X/1uxN87cUIaqp3DsZkars6P0UuBATKvyh3BqWpix/JNDNsr5m7l8 HTTP/1.1" 200 25
186.102.32.29 - - [12/Nov/2022:09:49:11 -0500] "GET /kwssiamovil/sm/acme/a?s=U2FsdGVkX1/volrF7nEfoAkjmNdrEHsnIgeiBzDngJzMQyM7d4uXZonvuwOa+DZd+7SwHRa70KXFkW0e1vRNwIzLWHv3ZpYxoXbGJx+LtQA+DKlFr/Xhy1YPbFwWJdISwUMHH/8tIAnpB/gezS3ZACy6/hbEff0igSPl2nUKDXS46y7CNKGCTWVILACoqHTyBJl0DJRwFuAVQXJNWdabmw==&u=U2FsdGVkX1/SIAVOVfupsnyyky5jhd3jSQUDGXbaPTZdEizk92poeEfULf+nv2lc&y=U2FsdGVkX19X/1uxN87cUIaqp3DsZkars6P0UuBATKvyh3BqWpix/JNDNsr5m7l8 HTTP/1.1" 200 25
186.102.32.29 - - [12/Nov/2022:09:49:11 -0500] "GET /kwssiamovil/sm/acme/a?s=U2FsdGVkX1/oufkA3fSMU6JoLHkKAeEcfiRxGE5vWmbOZDEtGYilzbb8u9O1jnajYAmzy1IXiiz58cp/Xvo8oyqQUNh/k4iw6fkllz57ny89wgL5JZpGxGemVVTekh9+DGuocsW/SSw3iCI6XT4DUrb0xduWnnjBB5fN2unGRYZEWJJOVXAkOf8agqwYuikqNs7/2PFmFI6a65sITK5sirnCkjLsyJ3lqhIo2MwzRP0=&u=U2FsdGVkX1/SIAVOVfupsnyyky5jhd3jSQUDGXbaPTZdEizk92poeEfULf+nv2lc&y=U2FsdGVkX19X/1uxN87cUIaqp3DsZkars6P0UuBATKvyh3BqWpix/JNDNsr5m7l8 HTTP/1.1" 200 25
186.102.32.29 - - [12/Nov/2022:09:49:11 -0500] "GET /kwssiamovil/sm/acme/a?s=U2FsdGVkX19JNFPIvoN+DGMn/nECiYGKh+121rPapBQ5gXtJ9aNUi+wABXn70Sa9/y6v+okDvAEsh8EdLp59K3tsUWCHX6M+q9cU5GfJcuHbdwk4GO3idBg21nbiKWldOtpWLb61X3iWnwH4IJqGMFpiEplueR0eQ7F5H3wgbUptsxIr00UvDVPQ5dfsaOBPSzrm2DtnoHyfHRg0wjH5oQ==&u=U2FsdGVkX1/SIAVOVfupsnyyky5jhd3jSQUDGXbaPTZdEizk92poeEfULf+nv2lc&y=U2FsdGVkX19X/1uxN87cUIaqp3DsZkars6P0UuBATKvyh3BqWpix/JNDNsr5m7l8 HTTP/1.1" 200 25
136.243.47.18 - - [12/Nov/2022:09:49:16 -0500] "GET /camino-guadalupe-aguanoso-cerrado-por-caida-de-arboles.html HTTP/1.1" 200 851
186.102.32.29 - - [12/Nov/2022:09:49:34 -0500] "GET /kwssiamovil/sm/acme/u?s=U2FsdGVkX1+gf8dqERefz4m1DZzd8wpge1x+Vn2jTuKCf6ledxJN3KHRmPN2xvli3+8PtPjLPZWvmYN2wvkwmXhtqpBX3P8pTTa4JwYqWMRupBfzUVGa+5T+3QH3pTecRxKeIOwVWWO4hHXpAodRuA==&u=U2FsdGVkX1/SIAVOVfupsnyyky5jhd3jSQUDGXbaPTZdEizk92poeEfULf+nv2lc&y=U2FsdGVkX19X/1uxN87cUIaqp3DsZkars6P0UuBATKvyh3BqWpix/JNDNsr5m7l8 HTTP/1.1" 200 60
136.243.140.158 - - [12/Nov/2022:09:49:49 -0500] "GET /camino-guadalupe-aguanoso-cerrado-por-caida-de-arboles.html HTTP/1.1" 200 851
201.245.192.253 - - [12/Nov/2022:09:49:54 -0500] "POST /kwsrmcab/Wsrmcab  HTTP/1.1" 200 40655
190.9.218.188 - - [12/Nov/2022:09:50:40 -0500] "OPTIONS /kwssiamovil/sm/setfile/f? HTTP/1.1" 200 13
190.9.218.188 - - [12/Nov/2022:09:50:40 -0500] "POST /kwssiamovil/sm/setfile/f? HTTP/1.1" 200 381
78.71.209.43 - - [12/Nov/2022:09:50:47 -0500] "GET /camino-guadalupe-aguanoso-cerrado-por-caida-de-arboles.html HTTP/1.1" 200 851
190.9.218.188 - - [12/Nov/2022:09:50:50 -0500] "GET /kwssiamovil/sm/acme/a?s=U2FsdGVkX18PVfDknNyATPsQdWgct9sTnJrtKpQHTCVv5ctnRsrtkDVzz5wEn+OZUOdOEFeUrC5JlOhWrgxD5OeWaynIsrFh4Ur8ku8f1vO+Aj5e/l2caXxhwcUE9PJvyqyG6WFOgCbtJHOolpy04fE38UavvxPyNtx88omBe8T9MzR7Kki6PTuOlxZrrQokKEoLz0JspCK8cAp4Wod3IepvphurXaimzmvJxOejrybzFlfceR7dNy1S4lp0fxAY5GuWFGZtTi/sjCO65MkpHQ==&u=U2FsdGVkX1+RHIadrWH1Uz3HEzB2QkeHT7RaXAccpcM=&y=U2FsdGVkX19urHekJ8tIS4R5oVmmqH9ZVCRcG8FQC2H1RvUlbMpYfJJbT0nG0SEL HTTP/1.1" 200 26
