186.28.45.255 - - [12/Nov/2022:17:48:07 -0500] "-" 408 -
201.245.192.253 - - [12/Nov/2022:17:48:24 -0500] "POST /kwsrmcab/Wsrmcab  HTTP/1.1" 200 40655
186.145.91.234 - - [12/Nov/2022:17:48:32 -0500] "GET /sipse/faces/javax.faces.resource/theme.css?ln=primefaces-sipse HTTP/1.1" 304 -
186.145.91.234 - - [12/Nov/2022:17:48:32 -0500] "GET /sipse/faces/javax.faces.resource/primefaces.css?ln=primefaces&v=4.0 HTTP/1.1" 304 -
186.145.91.234 - - [12/Nov/2022:17:48:32 -0500] "GET /sipse/faces/javax.faces.resource/layout/layout.css?ln=primefaces&v=4.0 HTTP/1.1" 304 -
186.145.91.234 - - [12/Nov/2022:17:48:32 -0500] "GET /sipse/faces/javax.faces.resource/jquery/jquery-plugins.js?ln=primefaces&v=4.0 HTTP/1.1" 304 -
186.145.91.234 - - [12/Nov/2022:17:48:32 -0500] "GET /sipse/faces/javax.faces.resource/jquery/jquery.js?ln=primefaces&v=4.0 HTTP/1.1" 304 -
186.145.91.234 - - [12/Nov/2022:17:48:32 -0500] "GET /sipse/faces/javax.faces.resource/primefaces.js?ln=primefaces&v=4.0 HTTP/1.1" 304 -
186.145.91.234 - - [12/Nov/2022:17:48:32 -0500] "GET /sipse/faces/javax.faces.resource/layout/layout.js?ln=primefaces&v=4.0 HTTP/1.1" 304 -
186.145.91.234 - - [12/Nov/2022:17:48:31 -0500] "POST /sipse/faces/presentacion/financiero/solicitudProceso/consultarSolicitudProceso.xhtml HTTP/1.1" 200 61254
186.145.91.234 - - [12/Nov/2022:17:48:32 -0500] "POST /sipse/faces/presentacion/financiero/solicitudProceso/listarSolicitudProceso.xhtml HTTP/1.1" 200 1540
186.145.91.234 - - [12/Nov/2022:17:48:32 -0500] "POST /sipse/faces/presentacion/financiero/solicitudProceso/listarSolicitudProceso.xhtml HTTP/1.1" 200 1544
216.245.221.92 - - [12/Nov/2022:17:49:07 -0500] "HEAD / HTTP/1.1" 200 -
40.77.167.57 - - [12/Nov/2022:17:49:35 -0500] "GET / HTTP/1.1" 200 319
172.22.2.4 - - [12/Nov/2022:17:52:02 -0500] "GET /BLA/boletinlegal/Directivas/2019/Directiva%20008%20del%2001%20de%20noviembre%20de%202019.pdf HTTP/1.1" 200 1382642
172.22.2.4 - - [12/Nov/2022:17:50:32 -0500] "HEAD /BLA/boletinlegal/ HTTP/1.1" 200 -
172.22.2.4 - - [12/Nov/2022:17:51:22 -0500] "GET /BLA/boletinlegal/ HTTP/1.1" 200 56474
66.249.69.45 - - [12/Nov/2022:17:53:23 -0500] "-" 408 -
201.245.192.253 - - [12/Nov/2022:17:53:23 -0500] "POST /kwsrmcab/Wsrmcab  HTTP/1.1" 200 40655
172.22.2.4 - - [12/Nov/2022:17:53:55 -0500] "GET /BLA/boletinlegal/favicon.ico HTTP/1.1" 404 1018
185.119.81.98 - - [12/Nov/2022:17:54:06 -0500] "GET /portaldeninos/wp-login.php HTTP/1.1" 200 2592
216.245.221.92 - - [12/Nov/2022:17:54:07 -0500] "HEAD / HTTP/1.1" 200 -
185.119.81.98 - - [12/Nov/2022:17:54:07 -0500] "POST /portaldeninos/wp-login.php HTTP/1.1" 200 3605
172.22.2.4 - - [12/Nov/2022:17:56:22 -0500] "HEAD /BLA/boletinlegal/ HTTP/1.1" 200 -
201.245.192.253 - - [12/Nov/2022:17:58:22 -0500] "POST /kwsrmcab/Wsrmcab  HTTP/1.1" 200 40655
152.61.192.232 - - [12/Nov/2022:17:58:43 -0500] "GET /arcgis/services/Calidad_del_Agua_WQI/MapServer/WMSServer?request=GetCapabilities&service=WMS HTTP/1.1" 503 1020
152.61.192.232 - - [12/Nov/2022:17:58:44 -0500] "GET /arcgis/services/Calidad_del_Agua_WQI/MapServer/WMSServer?SERVICE=WMS&REQUEST=GetCapabilities HTTP/1.1" 503 1020
152.61.192.232 - - [12/Nov/2022:17:58:44 -0500] "GET /arcgis/services/Calidad_del_Agua_WQI/MapServer/WMSServer?WMTVER=1.0.0&REQUEST=capabilities HTTP/1.1" 503 1020
172.22.2.4 - - [12/Nov/2022:17:57:12 -0500] "GET /BLA/boletinlegal/ HTTP/1.1" 200 57824
216.245.221.92 - - [12/Nov/2022:17:59:07 -0500] "HEAD / HTTP/1.1" 200 -
190.158.28.46 - - [12/Nov/2022:18:00:40 -0500] "GET /BLA/resoluciones/AUTOS%202017/1103.pdf HTTP/1.1" 200 285507
66.249.69.45 - - [12/Nov/2022:18:00:57 -0500] "-" 408 -
185.119.81.103 - - [12/Nov/2022:18:02:11 -0500] "GET /portaldeninos/wp-login.php HTTP/1.1" 200 2592
185.119.81.103 - - [12/Nov/2022:18:02:12 -0500] "POST /portaldeninos/wp-login.php HTTP/1.1" 200 3670
201.245.192.253 - - [12/Nov/2022:18:03:21 -0500] "POST /kwsrmcab/Wsrmcab  HTTP/1.1" 200 40655
172.22.2.4 - - [12/Nov/2022:18:02:12 -0500] "HEAD /BLA/boletinlegal/ HTTP/1.1" 200 -
216.245.221.92 - - [12/Nov/2022:18:04:07 -0500] "HEAD / HTTP/1.1" 200 -
172.22.2.4 - - [12/Nov/2022:18:03:02 -0500] "GET /BLA/boletinlegal/ HTTP/1.1" 200 59404
66.249.69.45 - - [12/Nov/2022:18:08:03 -0500] "-" 408 -
201.245.192.253 - - [12/Nov/2022:18:08:20 -0500] "POST /kwsrmcab/Wsrmcab  HTTP/1.1" 200 40655
216.245.221.92 - - [12/Nov/2022:18:09:07 -0500] "HEAD / HTTP/1.1" 200 -
172.22.2.4 - - [12/Nov/2022:18:08:02 -0500] "HEAD /BLA/boletinlegal/ HTTP/1.1" 200 -
172.22.2.4 - - [12/Nov/2022:18:08:52 -0500] "GET /BLA/boletinlegal/ HTTP/1.1" 200 52942
172.22.2.4 - - [12/Nov/2022:18:11:11 -0500] "GET /BLA/boletinlegal/ HTTP/1.1" 200 36811
172.22.2.4 - - [12/Nov/2022:18:12:52 -0500] "GET /BLA/boletinlegal/favicon.ico HTTP/1.1" 404 1018
172.22.2.4 - - [12/Nov/2022:18:12:22 -0500] "GET /BLA/boletinlegal/ HTTP/1.1" 200 32715
201.245.192.253 - - [12/Nov/2022:18:13:19 -0500] "POST /kwsrmcab/Wsrmcab  HTTP/1.1" 200 40655
172.22.2.4 - - [12/Nov/2022:18:12:37 -0500] "GET /BLA/boletinlegal/ HTTP/1.1" 200 32715
185.119.81.104 - - [12/Nov/2022:18:13:42 -0500] "GET /portaldeninos/wp-login.php HTTP/1.1" 200 2592
185.119.81.104 - - [12/Nov/2022:18:13:43 -0500] "POST /portaldeninos/wp-login.php HTTP/1.1" 200 3605
66.249.69.45 - - [12/Nov/2022:18:13:50 -0500] "-" 408 -
216.245.221.92 - - [12/Nov/2022:18:14:06 -0500] "HEAD / HTTP/1.1" 200 -
69.63.184.116 - - [12/Nov/2022:18:14:43 -0500] "GET /si-eres-mujer-y-te-gusta-el-cuidado-de-los-humedales-este-proceso-de-formacion-es-para-ti.html HTTP/1.1" 206 1025
172.22.2.4 - - [12/Nov/2022:18:13:52 -0500] "HEAD /BLA/boletinlegal/ HTTP/1.1" 200 -
172.22.2.4 - - [12/Nov/2022:18:15:44 -0500] "GET /BLA/boletinlegal/js/ajax_documentos.js HTTP/1.1" 200 1155
172.22.2.4 - - [12/Nov/2022:18:15:45 -0500] "GET /BLA/boletinlegal/ajax.js HTTP/1.1" 200 577
172.22.2.4 - - [12/Nov/2022:18:14:42 -0500] "GET /BLA/boletinlegal/ HTTP/1.1" 200 59779
186.102.67.133 - - [12/Nov/2022:18:17:47 -0500] "GET /secretaria-de-ambiente-acompano-los-dialogos-regionales-vinculantes-para-san-cristobal-y-rafael-uribe-uribe.html HTTP/1.1" 200 984
201.245.192.253 - - [12/Nov/2022:18:18:18 -0500] "POST /kwsrmcab/Wsrmcab  HTTP/1.1" 200 40655
216.245.221.92 - - [12/Nov/2022:18:19:07 -0500] "HEAD / HTTP/1.1" 200 -
199.16.157.180 - - [12/Nov/2022:18:19:07 -0500] "GET /secretaria-de-ambiente-acompano-los-dialogos-regionales-vinculantes-para-san-cristobal-y-rafael-uribe-uribe.html HTTP/1.1" 200 984
199.16.157.180 - - [12/Nov/2022:18:19:08 -0500] "GET /images/drv-1_optimized.jpeg HTTP/1.1" 200 186030
199.16.157.181 - - [12/Nov/2022:18:19:10 -0500] "GET /images/drv-1_optimized.jpeg HTTP/1.1" 200 186030
66.249.69.45 - - [12/Nov/2022:18:20:09 -0500] "-" 408 -
194.146.24.107 - - [12/Nov/2022:18:21:17 -0500] "GET / HTTP/1.1" 200 319
172.22.2.4 - - [12/Nov/2022:18:19:42 -0500] "HEAD /BLA/boletinlegal/ HTTP/1.1" 200 -
201.245.192.253 - - [12/Nov/2022:18:21:38 -0500] "POST /kwsrmcab/Wsrmcab HTTP/1.1" 200 44433
201.245.192.253 - - [12/Nov/2022:18:21:41 -0500] "POST /kwsrmcab/Wsrmcab HTTP/1.1" 200 43783
172.22.2.4 - - [12/Nov/2022:18:20:32 -0500] "GET /BLA/boletinlegal/ HTTP/1.1" 200 59035
201.245.192.253 - - [12/Nov/2022:18:23:17 -0500] "POST /kwsrmcab/Wsrmcab  HTTP/1.1" 200 40655
216.245.221.92 - - [12/Nov/2022:18:24:07 -0500] "HEAD / HTTP/1.1" 200 -
199.16.157.183 - - [12/Nov/2022:18:24:21 -0500] "GET /images/drv-1_optimized.jpeg HTTP/1.1" 200 186030
69.63.184.4 - - [12/Nov/2022:18:24:52 -0500] "GET /secretaria-de-ambiente-rechaza-actos-que-habrian-podido-afectar-la-fauna-y-flora-en-el-humedal-jaboque.html HTTP/1.1" 206 1121
66.249.69.153 - - [12/Nov/2022:18:25:51 -0500] "-" 408 -
191.95.56.101 - - [12/Nov/2022:18:26:32 -0500] "GET /galeria/nivo-slider/demo/escuadron.mp4 HTTP/1.1" 206 2
191.95.56.101 - - [12/Nov/2022:18:26:33 -0500] "GET /galeria/nivo-slider/demo/escuadron.mp4 HTTP/1.1" 206 141917477
191.95.56.101 - - [12/Nov/2022:18:26:33 -0500] "GET /galeria/nivo-slider/demo/escuadron.mp4 HTTP/1.1" 206 141851941
191.95.56.101 - - [12/Nov/2022:18:26:33 -0500] "GET /galeria/nivo-slider/demo/escuadron.mp4 HTTP/1.1" 206 141901149
66.249.69.45 - - [12/Nov/2022:18:26:39 -0500] "-" 408 -
172.22.2.4 - - [12/Nov/2022:18:25:32 -0500] "HEAD /BLA/boletinlegal/ HTTP/1.1" 200 -
172.22.2.4 - - [12/Nov/2022:18:26:22 -0500] "GET /BLA/boletinlegal/ HTTP/1.1" 200 45356
201.245.192.253 - - [12/Nov/2022:18:28:15 -0500] "POST /kwsrmcab/Wsrmcab  HTTP/1.1" 200 40655
216.245.221.92 - - [12/Nov/2022:18:29:06 -0500] "HEAD / HTTP/1.1" 200 -
69.63.184.5 - - [12/Nov/2022:18:29:10 -0500] "GET /plan-de-accion-climatica-pac-de-bogota-aporta-en-cerca-del-90-al-cumplimiento-de-las-acciones-del-acuerdo-de-emergencia-climatica.html HTTP/1.1" 206 1069
173.252.107.10 - - [12/Nov/2022:18:30:03 -0500] "GET /images/Reciclaton%20Nov%202022%20(1)%20(1).jpeg HTTP/1.1" 200 53811
172.22.2.4 - - [12/Nov/2022:18:28:55 -0500] "GET /BLA/boletinlegal/ HTTP/1.1" 200 62840
201.245.192.253 - - [12/Nov/2022:18:31:38 -0500] "POST /kwsrmcab/Wsrmcab HTTP/1.1" 200 44433
201.245.192.253 - - [12/Nov/2022:18:31:40 -0500] "POST /kwsrmcab/Wsrmcab HTTP/1.1" 200 43783
185.119.81.98 - - [12/Nov/2022:18:32:59 -0500] "GET /portaldeninos/wp-login.php HTTP/1.1" 200 2592
185.119.81.98 - - [12/Nov/2022:18:33:00 -0500] "POST /portaldeninos/wp-login.php HTTP/1.1" 200 3650
172.22.2.4 - - [12/Nov/2022:18:31:22 -0500] "HEAD /BLA/boletinlegal/ HTTP/1.1" 200 -
201.245.192.253 - - [12/Nov/2022:18:33:15 -0500] "POST /kwsrmcab/Wsrmcab  HTTP/1.1" 200 40655
172.22.2.4 - - [12/Nov/2022:18:33:36 -0500] "GET /BLA/boletinlegal/documentos-importantes.php/ajax.js HTTP/1.1" 200 4829
172.22.2.4 - - [12/Nov/2022:18:32:12 -0500] "GET /BLA/boletinlegal/ HTTP/1.1" 200 59779
216.245.221.92 - - [12/Nov/2022:18:34:06 -0500] "HEAD / HTTP/1.1" 200 -
186.28.45.255 - - [12/Nov/2022:18:36:08 -0500] "GET /sipse/faces/faces/index.xhtml HTTP/1.1" 200 677
186.28.45.255 - - [12/Nov/2022:18:36:08 -0500] "GET /sipse/faces/javax.faces.resource/theme.css?ln=primefaces-sipse HTTP/1.1" 304 -
186.28.45.255 - - [12/Nov/2022:18:36:08 -0500] "GET /sipse/faces/faces/faces/autenticacion.xhtml HTTP/1.1" 200 12183
186.28.45.255 - - [12/Nov/2022:18:36:09 -0500] "GET /sipse/faces/javax.faces.resource/theme.css?ln=primefaces-sipse HTTP/1.1" 304 -
186.28.45.255 - - [12/Nov/2022:18:36:09 -0500] "GET /sipse/faces/javax.faces.resource/jquery/jquery-plugins.js?ln=primefaces&v=4.0 HTTP/1.1" 304 -
186.28.45.255 - - [12/Nov/2022:18:36:09 -0500] "GET /sipse/faces/javax.faces.resource/layout/layout.css?ln=primefaces&v=4.0 HTTP/1.1" 304 -
186.28.45.255 - - [12/Nov/2022:18:36:09 -0500] "GET /sipse/faces/javax.faces.resource/primefaces.css?ln=primefaces&v=4.0 HTTP/1.1" 304 -
186.28.45.255 - - [12/Nov/2022:18:36:09 -0500] "GET /sipse/faces/javax.faces.resource/jquery/jquery.js?ln=primefaces&v=4.0 HTTP/1.1" 304 -
186.28.45.255 - - [12/Nov/2022:18:36:09 -0500] "GET /sipse/faces/javax.faces.resource/primefaces.js?ln=primefaces&v=4.0 HTTP/1.1" 304 -
186.28.45.255 - - [12/Nov/2022:18:36:09 -0500] "GET /sipse/faces/javax.faces.resource/layout/layout.js?ln=primefaces&v=4.0 HTTP/1.1" 304 -
186.28.45.255 - - [12/Nov/2022:18:36:09 -0500] "GET /sipse/faces/javax.faces.resource/images/ui-icons_898989_256x240.png?ln=primefaces-aristo HTTP/1.1" 304 -
172.22.2.4 - - [12/Nov/2022:18:35:18 -0500] "GET /BLA/boletinlegal/ HTTP/1.1" 200 62840
172.22.2.4 - - [12/Nov/2022:18:37:08 -0500] "GET /BLA/boletinlegal/styles2.css HTTP/1.1" 200 1838
172.22.2.4 - - [12/Nov/2022:18:37:08 -0500] "GET /BLA/boletinlegal/style.css HTTP/1.1" 200 9406
172.22.2.4 - - [12/Nov/2022:18:37:08 -0500] "GET /BLA/boletinlegal/js/jquery.js HTTP/1.1" 200 57254
172.22.2.4 - - [12/Nov/2022:18:37:08 -0500] "GET /BLA/boletinlegal/js/jquery.scrollTo-min.js HTTP/1.1" 200 1150
172.22.2.4 - - [12/Nov/2022:18:37:08 -0500] "GET /BLA/boletinlegal/js/jquery.scrollShow.js HTTP/1.1" 200 4586
172.22.2.4 - - [12/Nov/2022:18:37:08 -0500] "GET /BLA/boletinlegal/images/cabezote%20BLEGAL.jpg HTTP/1.1" 200 118164
172.22.2.4 - - [12/Nov/2022:18:37:09 -0500] "GET /BLA/boletinlegal/images/subscribe-icon-big.png HTTP/1.1" 200 47702
172.22.2.4 - - [12/Nov/2022:18:37:09 -0500] "GET /BLA/boletinlegal/images/historia.png HTTP/1.1" 200 52775
172.22.2.4 - - [12/Nov/2022:18:37:09 -0500] "GET /BLA/boletinlegal/images/registro-usuarios.png HTTP/1.1" 200 8106
172.22.2.4 - - [12/Nov/2022:18:37:09 -0500] "GET /BLA/boletinlegal/images/arr_l.jpg HTTP/1.1" 200 1979
172.22.2.4 - - [12/Nov/2022:18:37:09 -0500] "GET /BLA/boletinlegal/images/screen_1.png HTTP/1.1" 200 202547
172.22.2.4 - - [12/Nov/2022:18:37:10 -0500] "GET /BLA/boletinlegal/images/launch.jpg HTTP/1.1" 200 14577
172.22.2.4 - - [12/Nov/2022:18:37:10 -0500] "GET /BLA/boletinlegal/images/body_bg.jpg HTTP/1.1" 200 1601
172.22.2.4 - - [12/Nov/2022:18:37:10 -0500] "GET /BLA/boletinlegal/images/menu_lft.gif HTTP/1.1" 200 1713
172.22.2.4 - - [12/Nov/2022:18:37:10 -0500] "GET /BLA/boletinlegal/images/bg_top.jpg HTTP/1.1" 200 522
172.22.2.4 - - [12/Nov/2022:18:37:10 -0500] "GET /BLA/boletinlegal/images/menu_rght.gif HTTP/1.1" 200 1627
172.22.2.4 - - [12/Nov/2022:18:37:10 -0500] "GET /BLA/boletinlegal/images/menu_bg.jpg HTTP/1.1" 200 620
172.22.2.4 - - [12/Nov/2022:18:37:10 -0500] "GET /BLA/boletinlegal/images/text.jpg HTTP/1.1" 200 568
172.22.2.4 - - [12/Nov/2022:18:37:10 -0500] "GET /BLA/boletinlegal/images/hover.jpg HTTP/1.1" 200 640
172.22.2.4 - - [12/Nov/2022:18:37:16 -0500] "GET /BLA/boletinlegal/images/screen_2.png HTTP/1.1" 200 362502
172.22.2.4 - - [12/Nov/2022:18:37:16 -0500] "GET /BLA/boletinlegal/images/screen_3.png HTTP/1.1" 200 210620
172.22.2.4 - - [12/Nov/2022:18:37:16 -0500] "GET /BLA/boletinlegal/images/screen_5.png HTTP/1.1" 200 368876
172.22.2.4 - - [12/Nov/2022:18:37:16 -0500] "GET /BLA/boletinlegal/images/arr_r.jpg HTTP/1.1" 200 1998
172.22.2.4 - - [12/Nov/2022:18:37:08 -0500] "GET /BLA/boletinlegal/ HTTP/1.1" 200 32715
201.245.192.253 - - [12/Nov/2022:18:38:14 -0500] "POST /kwsrmcab/Wsrmcab  HTTP/1.1" 200 40655
186.28.45.255 - - [12/Nov/2022:18:38:46 -0500] "GET /sipse/faces/faces/index.xhtml HTTP/1.1" 200 677
186.28.45.255 - - [12/Nov/2022:18:38:46 -0500] "GET /sipse/faces/javax.faces.resource/theme.css?ln=primefaces-sipse HTTP/1.1" 304 -
186.28.45.255 - - [12/Nov/2022:18:38:47 -0500] "GET /sipse/faces/faces/faces/autenticacion.xhtml HTTP/1.1" 200 12183
186.28.45.255 - - [12/Nov/2022:18:38:47 -0500] "GET /sipse/faces/javax.faces.resource/primefaces.js?ln=primefaces&v=4.0 HTTP/1.1" 304 -
186.28.45.255 - - [12/Nov/2022:18:38:47 -0500] "GET /sipse/faces/javax.faces.resource/theme.css?ln=primefaces-sipse HTTP/1.1" 304 -
186.28.45.255 - - [12/Nov/2022:18:38:47 -0500] "GET /sipse/faces/javax.faces.resource/jquery/jquery-plugins.js?ln=primefaces&v=4.0 HTTP/1.1" 304 -
186.28.45.255 - - [12/Nov/2022:18:38:47 -0500] "GET /sipse/faces/javax.faces.resource/primefaces.css?ln=primefaces&v=4.0 HTTP/1.1" 304 -
186.28.45.255 - - [12/Nov/2022:18:38:47 -0500] "GET /sipse/faces/javax.faces.resource/jquery/jquery.js?ln=primefaces&v=4.0 HTTP/1.1" 304 -
186.28.45.255 - - [12/Nov/2022:18:38:47 -0500] "GET /sipse/faces/javax.faces.resource/layout/layout.js?ln=primefaces&v=4.0 HTTP/1.1" 304 -
186.28.45.255 - - [12/Nov/2022:18:38:47 -0500] "GET /sipse/faces/javax.faces.resource/layout/layout.css?ln=primefaces&v=4.0 HTTP/1.1" 304 -
186.28.45.255 - - [12/Nov/2022:18:38:47 -0500] "GET /sipse/faces/javax.faces.resource/images/ui-icons_898989_256x240.png?ln=primefaces-aristo HTTP/1.1" 304 -
186.84.88.148 - - [12/Nov/2022:18:38:51 -0500] "GET /galeria/galeria/jquery.fancybox.js?v=2.1.5 HTTP/1.1" 200 48706
186.84.88.148 - - [12/Nov/2022:18:38:51 -0500] "GET /galeria/galeria/jquery.fancybox.css?v=2.1.5 HTTP/1.1" 200 4895
172.22.2.4 - - [12/Nov/2022:18:37:12 -0500] "HEAD /BLA/boletinlegal/ HTTP/1.1" 200 -
172.22.2.4 - - [12/Nov/2022:18:38:58 -0500] "GET /BLA/boletinlegal/documentos-importantes.php/js/ajax_documentos.js HTTP/1.1" 200 4829
186.28.45.255 - - [12/Nov/2022:18:38:59 -0500] "POST /sipse/faces/autenticacion.xhtml HTTP/1.1" 200 2224
186.28.45.255 - - [12/Nov/2022:18:38:59 -0500] "GET /sipse/faces/javax.faces.resource/messages/messages.png?ln=primefaces&v=4.0 HTTP/1.1" 304 -
186.28.45.255 - - [12/Nov/2022:18:39:01 -0500] "POST /sipse/faces/autenticacion.xhtml HTTP/1.1" 200 16259
186.28.45.255 - - [12/Nov/2022:18:39:01 -0500] "GET /sipse/css/custom_css_sg_prime.css HTTP/1.1" 304 -
186.28.45.255 - - [12/Nov/2022:18:39:01 -0500] "GET /sipse/js/jquery.min.js HTTP/1.1" 304 -
186.28.45.255 - - [12/Nov/2022:18:39:01 -0500] "GET /sipse/faces/javax.faces.resource/theme.css?ln=primefaces-sipse HTTP/1.1" 304 -
186.28.45.255 - - [12/Nov/2022:18:39:01 -0500] "GET /sipse/faces/javax.faces.resource/primefaces.css?ln=primefaces&v=4.0 HTTP/1.1" 304 -
186.28.45.255 - - [12/Nov/2022:18:39:01 -0500] "GET /sipse/faces/javax.faces.resource/layout/layout.css?ln=primefaces&v=4.0 HTTP/1.1" 304 -
186.28.45.255 - - [12/Nov/2022:18:39:01 -0500] "GET /sipse/faces/javax.faces.resource/jquery/jquery.js?ln=primefaces&v=4.0 HTTP/1.1" 304 -
186.28.45.255 - - [12/Nov/2022:18:39:02 -0500] "GET /sipse/faces/javax.faces.resource/jquery/jquery-plugins.js?ln=primefaces&v=4.0 HTTP/1.1" 304 -
186.28.45.255 - - [12/Nov/2022:18:39:02 -0500] "GET /sipse/faces/javax.faces.resource/primefaces.js?ln=primefaces&v=4.0 HTTP/1.1" 304 -
186.28.45.255 - - [12/Nov/2022:18:39:02 -0500] "GET /sipse/faces/javax.faces.resource/layout/layout.js?ln=primefaces&v=4.0 HTTP/1.1" 304 -
186.28.45.255 - - [12/Nov/2022:18:39:02 -0500] "GET /sipse/imagenes/logoAplicacion.jpg HTTP/1.1" 304 -
186.28.45.255 - - [12/Nov/2022:18:39:02 -0500] "GET /sipse/imagenes/cargando.gif HTTP/1.1" 304 -
186.28.45.255 - - [12/Nov/2022:18:39:02 -0500] "GET /sipse/css/imagen/contrasena.png HTTP/1.1" 404 383
216.245.221.92 - - [12/Nov/2022:18:39:06 -0500] "HEAD / HTTP/1.1" 200 -
172.22.2.4 - - [12/Nov/2022:18:39:13 -0500] "GET /BLA/boletinlegal/Circulares/2019/.pdf HTTP/1.1" 404 1218
172.22.2.4 - - [12/Nov/2022:18:39:22 -0500] "GET /BLA/boletinlegal/Circulares/2012/Circular%20No.%2010%20del%2026%20de%20Enero%20de%202012.pdf HTTP/1.1" 404 1218
20.231.101.203 - - [12/Nov/2022:18:38:01 -0500] "GET /BLA/boletinlegal/ HTTP/1.1" 200 49193
172.22.2.4 - - [12/Nov/2022:18:38:02 -0500] "GET /BLA/boletinlegal/ HTTP/1.1" 200 49193
186.84.88.148 - - [12/Nov/2022:18:40:55 -0500] "GET /galeria/carrusel/Carrusel/jquery.thumbnailScroller.css HTTP/1.1" 200 2066
186.84.88.148 - - [12/Nov/2022:18:40:55 -0500] "GET /galeria/carrusel/Carrusel/jquery-ui-1.8.13.custom.min.js HTTP/1.1" 200 10800
186.84.88.148 - - [12/Nov/2022:18:40:55 -0500] "GET /galeria/carrusel/Carrusel/jquery.thumbnailScroller.js HTTP/1.1" 200 8157
186.84.88.148 - - [12/Nov/2022:18:40:56 -0500] "GET /galeria/nivo-slider/demo/banner.html HTTP/1.1" 200 5446
186.84.88.148 - - [12/Nov/2022:18:40:56 -0500] "GET /galeria/nivo-slider/themes/default/default.css HTTP/1.1" 200 1569
186.84.88.148 - - [12/Nov/2022:18:40:56 -0500] "GET /galeria/nivo-slider/themes/pascal/pascal.css HTTP/1.1" 200 2258
186.84.88.148 - - [12/Nov/2022:18:40:56 -0500] "GET /galeria/nivo-slider/themes/orman/orman.css HTTP/1.1" 200 2152
186.84.88.148 - - [12/Nov/2022:18:40:56 -0500] "GET /galeria/nivo-slider/nivo-slider.css HTTP/1.1" 200 1507
186.84.88.148 - - [12/Nov/2022:18:40:56 -0500] "GET /galeria/nivo-slider/demo/style.css HTTP/1.1" 200 2222
186.84.88.148 - - [12/Nov/2022:18:40:56 -0500] "GET /galeria/nivo-slider/demo/scripts/jquery-1.7.1.min.js HTTP/1.1" 200 93868
186.84.88.148 - - [12/Nov/2022:18:40:56 -0500] "GET /galeria/nivo-slider/jquery.nivo.slider.pack.js HTTP/1.1" 200 11561
186.84.88.148 - - [12/Nov/2022:18:40:56 -0500] "GET /galeria/nivo-slider/demo/images/bannertortuga_optimized.jpg HTTP/1.1" 200 39066
186.84.88.148 - - [12/Nov/2022:18:40:56 -0500] "GET /galeria/nivo-slider/demo/images/Bannermujeresquereverdecen.jpg HTTP/1.1" 200 46558
186.84.88.148 - - [12/Nov/2022:18:40:56 -0500] "GET /galeria/nivo-slider/demo/images/bannertrafico_optimized.jpg HTTP/1.1" 200 42578
186.84.88.148 - - [12/Nov/2022:18:40:56 -0500] "GET /galeria/nivo-slider/demo/images/Bannersedeelectronica.jpg HTTP/1.1" 200 40383
186.84.88.148 - - [12/Nov/2022:18:40:56 -0500] "GET /galeria/nivo-slider/demo/images/bannerresiduoshospitalariosagosto.jpg HTTP/1.1" 200 36499
186.84.88.148 - - [12/Nov/2022:18:40:56 -0500] "GET /galeria/nivo-slider/demo/images/bannercapacitacionesbogota.jpg HTTP/1.1" 200 42416
186.84.88.148 - - [12/Nov/2022:18:40:56 -0500] "GET /galeria/nivo-slider/demo/images/Bannerplasticosseptiembre.jpg HTTP/1.1" 200 45633
186.84.88.148 - - [12/Nov/2022:18:40:56 -0500] "GET /galeria/nivo-slider/demo/images/banneraccionpopularcrr68.jpg HTTP/1.1" 200 51887
186.84.88.148 - - [12/Nov/2022:18:40:56 -0500] "GET /galeria/nivo-slider/demo/images/banneraccionpopular.jpeg HTTP/1.1" 200 41707
186.84.88.148 - - [12/Nov/2022:18:40:56 -0500] "GET /galeria/nivo-slider/demo/images/bannerclases2021.jpg HTTP/1.1" 200 68230
186.84.88.148 - - [12/Nov/2022:18:40:56 -0500] "GET /galeria/nivo-slider/demo/images/Bannervirtualescanales.jpg HTTP/1.1" 200 174544
186.84.88.148 - - [12/Nov/2022:18:40:56 -0500] "GET /galeria/nivo-slider/demo/images/banneraire2021.jpg HTTP/1.1" 200 265101
186.84.88.148 - - [12/Nov/2022:18:40:56 -0500] "GET /galeria/nivo-slider/demo/images/Bannerenvases.jpg HTTP/1.1" 200 37316
186.84.88.148 - - [12/Nov/2022:18:40:56 -0500] "GET /galeria/nivo-slider/demo/images/bannerrutaesperanza.jpg HTTP/1.1" 200 55560
186.84.88.148 - - [12/Nov/2022:18:40:56 -0500] "GET /galeria/nivo-slider/demo/images/4Simple_Slider.png HTTP/1.1" 200 11722
186.84.88.148 - - [12/Nov/2022:18:40:56 -0500] "GET /galeria/nivo-slider/themes/default/loading.gif HTTP/1.1" 200 1737
186.84.88.148 - - [12/Nov/2022:18:40:57 -0500] "GET /galeria/nivo-slider/themes/default/arrows.png HTTP/1.1" 200 824
186.84.88.148 - - [12/Nov/2022:18:40:57 -0500] "GET /galeria/nivo-slider/themes/default/bullets.png HTTP/1.1" 200 1281
40.77.167.10 - - [12/Nov/2022:18:41:05 -0500] "GET /BLA/resoluciones/index.php?dir=AUTOS+2009%2F HTTP/1.1" 200 399860
186.28.45.255 - - [12/Nov/2022:18:41:37 -0500] "GET /sipse/faces/javax.faces.resource/images/ui-bg_flat_0_2d5972_40x100.png?ln=primefaces-aristo HTTP/1.1" 304 -
186.28.45.255 - - [12/Nov/2022:18:41:37 -0500] "POST /sipse/faces/bienvenido.xhtml HTTP/1.1" 200 2073
201.245.192.253 - - [12/Nov/2022:18:41:38 -0500] "POST /kwsrmcab/Wsrmcab HTTP/1.1" 200 44433
186.28.45.255 - - [12/Nov/2022:18:41:41 -0500] "POST /sipse/faces/bienvenido.xhtml HTTP/1.1" 200 38996
186.28.45.255 - - [12/Nov/2022:18:41:42 -0500] "GET /sipse/faces/javax.faces.resource/primefaces.css?ln=primefaces&v=4.0 HTTP/1.1" 304 -
186.28.45.255 - - [12/Nov/2022:18:41:42 -0500] "GET /sipse/faces/javax.faces.resource/theme.css?ln=primefaces-sipse HTTP/1.1" 304 -
186.28.45.255 - - [12/Nov/2022:18:41:42 -0500] "GET /sipse/faces/javax.faces.resource/layout/layout.css?ln=primefaces&v=4.0 HTTP/1.1" 304 -
186.28.45.255 - - [12/Nov/2022:18:41:42 -0500] "GET /sipse/faces/javax.faces.resource/jquery/jquery.js?ln=primefaces&v=4.0 HTTP/1.1" 304 -
186.28.45.255 - - [12/Nov/2022:18:41:42 -0500] "GET /sipse/faces/javax.faces.resource/jquery/jquery-plugins.js?ln=primefaces&v=4.0 HTTP/1.1" 304 -
186.28.45.255 - - [12/Nov/2022:18:41:42 -0500] "GET /sipse/faces/javax.faces.resource/primefaces.js?ln=primefaces&v=4.0 HTTP/1.1" 304 -
201.245.192.253 - - [12/Nov/2022:18:41:41 -0500] "POST /kwsrmcab/Wsrmcab HTTP/1.1" 200 43783
186.28.45.255 - - [12/Nov/2022:18:41:43 -0500] "GET /sipse/faces/javax.faces.resource/layout/layout.js?ln=primefaces&v=4.0 HTTP/1.1" 304 -
186.28.45.255 - - [12/Nov/2022:18:42:27 -0500] "GET /sipse/faces/javax.faces.resource/images/ui-bg_flat_0_2d5972_40x100.png?ln=primefaces-aristo HTTP/1.1" 304 -
186.28.45.255 - - [12/Nov/2022:18:42:27 -0500] "POST /sipse/faces/presentacion/financiero/solicitudProceso/consultar.xhtml HTTP/1.1" 200 12751
186.28.45.255 - - [12/Nov/2022:18:42:40 -0500] "POST /sipse/faces/presentacion/financiero/solicitudProceso/consultar.xhtml HTTP/1.1" 200 165407
186.28.45.255 - - [12/Nov/2022:18:42:41 -0500] "GET /sipse/faces/javax.faces.resource/theme.css?ln=primefaces-sipse HTTP/1.1" 304 -
186.28.45.255 - - [12/Nov/2022:18:42:41 -0500] "GET /sipse/faces/javax.faces.resource/primefaces.css?ln=primefaces&v=4.0 HTTP/1.1" 304 -
186.28.45.255 - - [12/Nov/2022:18:42:41 -0500] "GET /sipse/faces/javax.faces.resource/layout/layout.css?ln=primefaces&v=4.0 HTTP/1.1" 304 -
186.28.45.255 - - [12/Nov/2022:18:42:41 -0500] "GET /sipse/faces/javax.faces.resource/jquery/jquery.js?ln=primefaces&v=4.0 HTTP/1.1" 304 -
186.28.45.255 - - [12/Nov/2022:18:42:41 -0500] "GET /sipse/faces/javax.faces.resource/jquery/jquery-plugins.js?ln=primefaces&v=4.0 HTTP/1.1" 304 -
186.28.45.255 - - [12/Nov/2022:18:42:41 -0500] "GET /sipse/faces/javax.faces.resource/primefaces.js?ln=primefaces&v=4.0 HTTP/1.1" 304 -
186.28.45.255 - - [12/Nov/2022:18:42:41 -0500] "GET /sipse/faces/javax.faces.resource/layout/layout.js?ln=primefaces&v=4.0 HTTP/1.1" 304 -
201.245.192.253 - - [12/Nov/2022:18:43:13 -0500] "POST /kwsrmcab/Wsrmcab  HTTP/1.1" 200 40655
64.62.243.165 - - [12/Nov/2022:18:43:23 -0500] "GET / HTTP/1.1" 200 319
186.28.45.255 - - [12/Nov/2022:18:43:24 -0500] "GET /sipse/faces/javax.faces.resource/primefaces.css?ln=primefaces&v=4.0 HTTP/1.1" 304 -
186.28.45.255 - - [12/Nov/2022:18:43:24 -0500] "GET /sipse/faces/javax.faces.resource/theme.css?ln=primefaces-sipse HTTP/1.1" 304 -
186.28.45.255 - - [12/Nov/2022:18:43:22 -0500] "POST /sipse/faces/presentacion/financiero/solicitudProceso/consultarSolicitudProceso.xhtml HTTP/1.1" 200 50303
186.28.45.255 - - [12/Nov/2022:18:43:24 -0500] "GET /sipse/faces/javax.faces.resource/jquery/jquery.js?ln=primefaces&v=4.0 HTTP/1.1" 304 -
186.28.45.255 - - [12/Nov/2022:18:43:24 -0500] "GET /sipse/faces/javax.faces.resource/jquery/jquery-plugins.js?ln=primefaces&v=4.0 HTTP/1.1" 304 -
186.28.45.255 - - [12/Nov/2022:18:43:24 -0500] "GET /sipse/faces/javax.faces.resource/layout/layout.css?ln=primefaces&v=4.0 HTTP/1.1" 304 -
186.28.45.255 - - [12/Nov/2022:18:43:24 -0500] "GET /sipse/faces/javax.faces.resource/layout/layout.js?ln=primefaces&v=4.0 HTTP/1.1" 304 -
186.28.45.255 - - [12/Nov/2022:18:43:24 -0500] "GET /sipse/faces/javax.faces.resource/primefaces.js?ln=primefaces&v=4.0 HTTP/1.1" 304 -
186.28.45.255 - - [12/Nov/2022:18:43:24 -0500] "GET /sipse/css/imagen/contrasena.png HTTP/1.1" 404 383
186.28.45.255 - - [12/Nov/2022:18:43:24 -0500] "GET /sipse/faces/javax.faces.resource/images/ui-icons_898989_256x240.png?ln=primefaces-aristo HTTP/1.1" 304 -
216.245.221.92 - - [12/Nov/2022:18:44:06 -0500] "HEAD / HTTP/1.1" 200 -
172.22.2.4 - - [12/Nov/2022:18:43:02 -0500] "HEAD /BLA/boletinlegal/ HTTP/1.1" 200 -
194.146.24.107 - - [12/Nov/2022:18:44:44 -0500] "GET / HTTP/1.1" 200 319
190.27.85.114 - - [12/Nov/2022:18:45:24 -0500] "GET /sipse/faces/index.xhtml HTTP/1.1" 200 677
190.27.85.114 - - [12/Nov/2022:18:45:24 -0500] "GET /sipse/faces/javax.faces.resource/theme.css?ln=primefaces-sipse HTTP/1.1" 200 50058
190.27.85.114 - - [12/Nov/2022:18:45:24 -0500] "GET /sipse/faces/faces/autenticacion.xhtml HTTP/1.1" 200 12183
190.27.85.114 - - [12/Nov/2022:18:45:25 -0500] "GET /sipse/js/disable_browser_buttons.js HTTP/1.1" 304 -
190.27.85.114 - - [12/Nov/2022:18:45:25 -0500] "GET /sipse/css/custom_css_sg_prime_login.css HTTP/1.1" 304 -
190.27.85.114 - - [12/Nov/2022:18:45:25 -0500] "GET /sipse/css/custom_css_sg.css HTTP/1.1" 304 -
190.27.85.114 - - [12/Nov/2022:18:45:25 -0500] "GET /sipse/faces/javax.faces.resource/theme.css?ln=primefaces-sipse HTTP/1.1" 304 -
190.27.85.114 - - [12/Nov/2022:18:45:25 -0500] "GET /sipse/faces/javax.faces.resource/layout/layout.css?ln=primefaces&v=4.0 HTTP/1.1" 304 -
190.27.85.114 - - [12/Nov/2022:18:45:25 -0500] "GET /sipse/js/funciones.js HTTP/1.1" 304 -
190.27.85.114 - - [12/Nov/2022:18:45:25 -0500] "GET /sipse/faces/javax.faces.resource/primefaces.css?ln=primefaces&v=4.0 HTTP/1.1" 200 53295
190.27.85.114 - - [12/Nov/2022:18:45:25 -0500] "GET /sipse/faces/javax.faces.resource/jquery/jquery.js?ln=primefaces&v=4.0 HTTP/1.1" 200 105384
190.27.85.114 - - [12/Nov/2022:18:45:25 -0500] "GET /sipse/faces/javax.faces.resource/jquery/jquery-plugins.js?ln=primefaces&v=4.0 HTTP/1.1" 200 220526
190.27.85.114 - - [12/Nov/2022:18:45:25 -0500] "GET /sipse/faces/javax.faces.resource/layout/layout.js?ln=primefaces&v=4.0 HTTP/1.1" 200 87560
190.27.85.114 - - [12/Nov/2022:18:45:25 -0500] "GET /sipse/faces/javax.faces.resource/primefaces.js?ln=primefaces&v=4.0 HTTP/1.1" 200 276924
190.27.85.114 - - [12/Nov/2022:18:45:25 -0500] "GET /sipse/faces/javax.faces.resource/images/ui-icons_898989_256x240.png?ln=primefaces-aristo HTTP/1.1" 304 -
190.27.85.114 - - [12/Nov/2022:18:45:25 -0500] "GET /sipse/css/imagen/loginimg.png HTTP/1.1" 200 71635
190.27.85.114 - - [12/Nov/2022:18:45:25 -0500] "GET /sipse/css/imagen/logoSDG.png HTTP/1.1" 200 53064
190.27.85.114 - - [12/Nov/2022:18:45:31 -0500] "POST /sipse/faces/autenticacion.xhtml HTTP/1.1" 200 2224
190.27.85.114 - - [12/Nov/2022:18:45:31 -0500] "GET /sipse/faces/javax.faces.resource/messages/messages.png?ln=primefaces&v=4.0 HTTP/1.1" 200 27209
172.22.2.4 - - [12/Nov/2022:18:43:52 -0500] "GET /BLA/boletinlegal/ HTTP/1.1" 200 59779
190.27.85.114 - - [12/Nov/2022:18:45:32 -0500] "POST /sipse/faces/autenticacion.xhtml HTTP/1.1" 200 2228
190.27.85.114 - - [12/Nov/2022:18:45:35 -0500] "POST /sipse/faces/autenticacion.xhtml HTTP/1.1" 200 16259
190.27.85.114 - - [12/Nov/2022:18:45:35 -0500] "GET /sipse/css/custom_css_sg_prime.css HTTP/1.1" 304 -
190.27.85.114 - - [12/Nov/2022:18:45:35 -0500] "GET /sipse/faces/javax.faces.resource/theme.css?ln=primefaces-sipse HTTP/1.1" 304 -
190.27.85.114 - - [12/Nov/2022:18:45:35 -0500] "GET /sipse/faces/javax.faces.resource/layout/layout.css?ln=primefaces&v=4.0 HTTP/1.1" 304 -
190.27.85.114 - - [12/Nov/2022:18:45:35 -0500] "GET /sipse/faces/javax.faces.resource/primefaces.css?ln=primefaces&v=4.0 HTTP/1.1" 304 -
190.27.85.114 - - [12/Nov/2022:18:45:35 -0500] "GET /sipse/js/jquery.min.js HTTP/1.1" 200 85582
190.27.85.114 - - [12/Nov/2022:18:45:36 -0500] "GET /sipse/faces/javax.faces.resource/jquery/jquery.js?ln=primefaces&v=4.0 HTTP/1.1" 304 -
190.27.85.114 - - [12/Nov/2022:18:45:36 -0500] "GET /sipse/faces/javax.faces.resource/jquery/jquery-plugins.js?ln=primefaces&v=4.0 HTTP/1.1" 304 -
190.27.85.114 - - [12/Nov/2022:18:45:36 -0500] "GET /sipse/faces/javax.faces.resource/primefaces.js?ln=primefaces&v=4.0 HTTP/1.1" 304 -
190.27.85.114 - - [12/Nov/2022:18:45:36 -0500] "GET /sipse/faces/javax.faces.resource/layout/layout.js?ln=primefaces&v=4.0 HTTP/1.1" 304 -
190.27.85.114 - - [12/Nov/2022:18:45:36 -0500] "GET /sipse/imagenes/cargando.gif HTTP/1.1" 200 36959
190.27.85.114 - - [12/Nov/2022:18:45:36 -0500] "GET /sipse/imagenes/logoAplicacion.jpg HTTP/1.1" 200 155084
190.27.85.114 - - [12/Nov/2022:18:45:36 -0500] "GET /sipse/css/imagen/contrasena.png HTTP/1.1" 404 383
190.27.85.114 - - [12/Nov/2022:18:45:42 -0500] "GET /sipse/faces/javax.faces.resource/images/ui-bg_flat_0_2d5972_40x100.png?ln=primefaces-aristo HTTP/1.1" 304 -
190.27.85.114 - - [12/Nov/2022:18:45:42 -0500] "POST /sipse/faces/bienvenido.xhtml HTTP/1.1" 200 2658
190.27.85.114 - - [12/Nov/2022:18:45:43 -0500] "POST /sipse/faces/bienvenido.xhtml HTTP/1.1" 200 65817
190.27.85.114 - - [12/Nov/2022:18:45:46 -0500] "GET /sipse/faces/javax.faces.resource/layout/layout.css?ln=primefaces&v=4.0 HTTP/1.1" 304 -
190.27.85.114 - - [12/Nov/2022:18:45:46 -0500] "GET /sipse/faces/javax.faces.resource/primefaces.css?ln=primefaces&v=4.0 HTTP/1.1" 304 -
190.27.85.114 - - [12/Nov/2022:18:45:46 -0500] "GET /sipse/faces/javax.faces.resource/theme.css?ln=primefaces-sipse HTTP/1.1" 304 -
190.27.85.114 - - [12/Nov/2022:18:45:46 -0500] "GET /sipse/faces/javax.faces.resource/jquery/jquery.js?ln=primefaces&v=4.0 HTTP/1.1" 304 -
190.27.85.114 - - [12/Nov/2022:18:45:46 -0500] "GET /sipse/faces/javax.faces.resource/jquery/jquery-plugins.js?ln=primefaces&v=4.0 HTTP/1.1" 304 -
190.27.85.114 - - [12/Nov/2022:18:45:46 -0500] "GET /sipse/faces/javax.faces.resource/primefaces.js?ln=primefaces&v=4.0 HTTP/1.1" 304 -
190.27.85.114 - - [12/Nov/2022:18:45:46 -0500] "GET /sipse/faces/javax.faces.resource/layout/layout.js?ln=primefaces&v=4.0 HTTP/1.1" 304 -
190.27.85.114 - - [12/Nov/2022:18:45:46 -0500] "POST /sipse/faces/presentacion/financiero/solicitudProceso/listarSolicitudProceso.xhtml HTTP/1.1" 200 1560
35.236.215.231 - - [12/Nov/2022:18:48:00 -0500] "GET /camino-guadalupe-aguanoso-cerrado-por-caida-de-arboles.html HTTP/1.1" 200 851
35.236.215.231 - - [12/Nov/2022:18:48:00 -0500] "GET /camino-guadalupe-aguanoso-cerrado-por-caida-de-arboles.html HTTP/1.1" 200 851
201.245.192.253 - - [12/Nov/2022:18:48:12 -0500] "POST /kwsrmcab/Wsrmcab  HTTP/1.1" 200 40655
186.28.45.255 - - [12/Nov/2022:18:48:14 -0500] "GET /sipse/faces/javax.faces.resource/images/ui-bg_flat_0_2d5972_40x100.png?ln=primefaces-aristo HTTP/1.1" 304 -
186.28.45.255 - - [12/Nov/2022:18:48:14 -0500] "POST /sipse/faces/presentacion/financiero/solicitudProceso/consultarHistorialSolProceso.xhtml HTTP/1.1" 200 41964
186.28.45.255 - - [12/Nov/2022:18:48:14 -0500] "GET /sipse/faces/javax.faces.resource/primefaces.css?ln=primefaces&v=4.0 HTTP/1.1" 304 -
186.28.45.255 - - [12/Nov/2022:18:48:14 -0500] "GET /sipse/faces/javax.faces.resource/theme.css?ln=primefaces-sipse HTTP/1.1" 304 -
186.28.45.255 - - [12/Nov/2022:18:48:14 -0500] "GET /sipse/faces/javax.faces.resource/layout/layout.css?ln=primefaces&v=4.0 HTTP/1.1" 304 -
186.28.45.255 - - [12/Nov/2022:18:48:14 -0500] "GET /sipse/faces/javax.faces.resource/jquery/jquery.js?ln=primefaces&v=4.0 HTTP/1.1" 304 -
186.28.45.255 - - [12/Nov/2022:18:48:14 -0500] "GET /sipse/faces/javax.faces.resource/jquery/jquery-plugins.js?ln=primefaces&v=4.0 HTTP/1.1" 304 -
186.28.45.255 - - [12/Nov/2022:18:48:14 -0500] "GET /sipse/faces/javax.faces.resource/primefaces.js?ln=primefaces&v=4.0 HTTP/1.1" 304 -
186.28.45.255 - - [12/Nov/2022:18:48:15 -0500] "GET /sipse/faces/javax.faces.resource/layout/layout.js?ln=primefaces&v=4.0 HTTP/1.1" 304 -
186.28.45.255 - - [12/Nov/2022:18:48:16 -0500] "POST /sipse/faces/presentacion/financiero/solicitudProceso/consultar.xhtml HTTP/1.1" 200 23089
216.245.221.92 - - [12/Nov/2022:18:49:06 -0500] "HEAD / HTTP/1.1" 200 -
186.28.45.255 - - [12/Nov/2022:18:49:16 -0500] "POST /sipse/faces/presentacion/financiero/solicitudProceso/consultar.xhtml HTTP/1.1" 200 12846
186.28.45.255 - - [12/Nov/2022:18:49:24 -0500] "POST /sipse/faces/presentacion/financiero/solicitudProceso/consultar.xhtml HTTP/1.1" 200 146770
186.28.45.255 - - [12/Nov/2022:18:49:25 -0500] "GET /sipse/faces/javax.faces.resource/theme.css?ln=primefaces-sipse HTTP/1.1" 304 -
186.28.45.255 - - [12/Nov/2022:18:49:25 -0500] "GET /sipse/faces/javax.faces.resource/layout/layout.css?ln=primefaces&v=4.0 HTTP/1.1" 304 -
186.28.45.255 - - [12/Nov/2022:18:49:25 -0500] "GET /sipse/faces/javax.faces.resource/primefaces.css?ln=primefaces&v=4.0 HTTP/1.1" 304 -
186.28.45.255 - - [12/Nov/2022:18:49:25 -0500] "GET /sipse/faces/javax.faces.resource/jquery/jquery.js?ln=primefaces&v=4.0 HTTP/1.1" 304 -
186.28.45.255 - - [12/Nov/2022:18:49:25 -0500] "GET /sipse/faces/javax.faces.resource/jquery/jquery-plugins.js?ln=primefaces&v=4.0 HTTP/1.1" 304 -
186.28.45.255 - - [12/Nov/2022:18:49:25 -0500] "GET /sipse/faces/javax.faces.resource/primefaces.js?ln=primefaces&v=4.0 HTTP/1.1" 304 -
186.28.45.255 - - [12/Nov/2022:18:49:25 -0500] "GET /sipse/faces/javax.faces.resource/layout/layout.js?ln=primefaces&v=4.0 HTTP/1.1" 304 -
186.28.45.255 - - [12/Nov/2022:18:49:29 -0500] "POST /sipse/faces/presentacion/financiero/solicitudProceso/consultarSolicitudProceso.xhtml HTTP/1.1" 200 42051
186.28.45.255 - - [12/Nov/2022:18:49:30 -0500] "GET /sipse/faces/javax.faces.resource/primefaces.css?ln=primefaces&v=4.0 HTTP/1.1" 304 -
186.28.45.255 - - [12/Nov/2022:18:49:30 -0500] "GET /sipse/faces/javax.faces.resource/theme.css?ln=primefaces-sipse HTTP/1.1" 304 -
186.28.45.255 - - [12/Nov/2022:18:49:30 -0500] "GET /sipse/faces/javax.faces.resource/layout/layout.css?ln=primefaces&v=4.0 HTTP/1.1" 304 -
186.28.45.255 - - [12/Nov/2022:18:49:30 -0500] "GET /sipse/faces/javax.faces.resource/jquery/jquery.js?ln=primefaces&v=4.0 HTTP/1.1" 304 -
186.28.45.255 - - [12/Nov/2022:18:49:30 -0500] "GET /sipse/faces/javax.faces.resource/jquery/jquery-plugins.js?ln=primefaces&v=4.0 HTTP/1.1" 304 -
186.28.45.255 - - [12/Nov/2022:18:49:30 -0500] "GET /sipse/faces/javax.faces.resource/primefaces.js?ln=primefaces&v=4.0 HTTP/1.1" 304 -
186.28.45.255 - - [12/Nov/2022:18:49:30 -0500] "GET /sipse/faces/javax.faces.resource/layout/layout.js?ln=primefaces&v=4.0 HTTP/1.1" 304 -
186.28.45.255 - - [12/Nov/2022:18:49:30 -0500] "POST /sipse/faces/presentacion/financiero/solicitudProceso/consultar.xhtml HTTP/1.1" 200 35446
186.28.45.255 - - [12/Nov/2022:18:49:30 -0500] "POST /sipse/faces/presentacion/financiero/solicitudProceso/consultar.xhtml HTTP/1.1" 200 35446
186.28.45.255 - - [12/Nov/2022:18:49:34 -0500] "POST /sipse/faces/presentacion/financiero/solicitudProceso/consultar.xhtml HTTP/1.1" 200 23089
186.28.45.255 - - [12/Nov/2022:18:49:41 -0500] "POST /sipse/faces/presentacion/financiero/solicitudProceso/consultar.xhtml HTTP/1.1" 200 12846
66.249.69.45 - - [12/Nov/2022:18:49:46 -0500] "-" 408 -
186.28.45.255 - - [12/Nov/2022:18:49:46 -0500] "POST /sipse/faces/presentacion/financiero/solicitudProceso/consultar.xhtml HTTP/1.1" 200 146770
186.28.45.255 - - [12/Nov/2022:18:49:47 -0500] "GET /sipse/faces/javax.faces.resource/theme.css?ln=primefaces-sipse HTTP/1.1" 304 -
186.28.45.255 - - [12/Nov/2022:18:49:47 -0500] "GET /sipse/faces/javax.faces.resource/layout/layout.css?ln=primefaces&v=4.0 HTTP/1.1" 304 -
186.28.45.255 - - [12/Nov/2022:18:49:47 -0500] "GET /sipse/faces/javax.faces.resource/primefaces.css?ln=primefaces&v=4.0 HTTP/1.1" 304 -
186.28.45.255 - - [12/Nov/2022:18:49:47 -0500] "GET /sipse/faces/javax.faces.resource/jquery/jquery.js?ln=primefaces&v=4.0 HTTP/1.1" 304 -
186.28.45.255 - - [12/Nov/2022:18:49:47 -0500] "GET /sipse/faces/javax.faces.resource/jquery/jquery-plugins.js?ln=primefaces&v=4.0 HTTP/1.1" 304 -
186.28.45.255 - - [12/Nov/2022:18:49:47 -0500] "GET /sipse/faces/javax.faces.resource/primefaces.js?ln=primefaces&v=4.0 HTTP/1.1" 304 -
186.28.45.255 - - [12/Nov/2022:18:49:47 -0500] "GET /sipse/faces/javax.faces.resource/layout/layout.js?ln=primefaces&v=4.0 HTTP/1.1" 304 -
186.28.45.255 - - [12/Nov/2022:18:49:59 -0500] "GET /sipse/faces/javax.faces.resource/layout/layout.css?ln=primefaces&v=4.0 HTTP/1.1" 304 -
186.28.45.255 - - [12/Nov/2022:18:49:59 -0500] "GET /sipse/faces/javax.faces.resource/theme.css?ln=primefaces-sipse HTTP/1.1" 304 -
186.28.45.255 - - [12/Nov/2022:18:49:59 -0500] "GET /sipse/faces/javax.faces.resource/primefaces.css?ln=primefaces&v=4.0 HTTP/1.1" 304 -
186.28.45.255 - - [12/Nov/2022:18:49:59 -0500] "GET /sipse/faces/javax.faces.resource/jquery/jquery-plugins.js?ln=primefaces&v=4.0 HTTP/1.1" 304 -
186.28.45.255 - - [12/Nov/2022:18:49:59 -0500] "GET /sipse/faces/javax.faces.resource/jquery/jquery.js?ln=primefaces&v=4.0 HTTP/1.1" 304 -
186.28.45.255 - - [12/Nov/2022:18:49:59 -0500] "GET /sipse/faces/javax.faces.resource/primefaces.js?ln=primefaces&v=4.0 HTTP/1.1" 304 -
186.28.45.255 - - [12/Nov/2022:18:49:59 -0500] "GET /sipse/faces/javax.faces.resource/layout/layout.js?ln=primefaces&v=4.0 HTTP/1.1" 304 -
186.28.45.255 - - [12/Nov/2022:18:49:58 -0500] "POST /sipse/faces/presentacion/financiero/solicitudProceso/consultarSolicitudProceso.xhtml HTTP/1.1" 200 42851
172.22.2.4 - - [12/Nov/2022:18:48:52 -0500] "HEAD /BLA/boletinlegal/ HTTP/1.1" 200 -
40.77.167.46 - - [12/Nov/2022:18:50:35 -0500] "GET / HTTP/1.1" 200 4720
190.27.85.114 - - [12/Nov/2022:18:51:08 -0500] "GET /sipse/faces/javax.faces.resource/theme.css?ln=primefaces-sipse HTTP/1.1" 304 -
190.27.85.114 - - [12/Nov/2022:18:51:08 -0500] "GET /sipse/faces/javax.faces.resource/primefaces.css?ln=primefaces&v=4.0 HTTP/1.1" 304 -
190.27.85.114 - - [12/Nov/2022:18:51:08 -0500] "GET /sipse/faces/javax.faces.resource/layout/layout.css?ln=primefaces&v=4.0 HTTP/1.1" 304 -
190.27.85.114 - - [12/Nov/2022:18:51:08 -0500] "GET /sipse/faces/javax.faces.resource/primefaces.js?ln=primefaces&v=4.0 HTTP/1.1" 304 -
190.27.85.114 - - [12/Nov/2022:18:51:08 -0500] "GET /sipse/faces/javax.faces.resource/jquery/jquery.js?ln=primefaces&v=4.0 HTTP/1.1" 304 -
190.27.85.114 - - [12/Nov/2022:18:51:08 -0500] "GET /sipse/faces/javax.faces.resource/jquery/jquery-plugins.js?ln=primefaces&v=4.0 HTTP/1.1" 304 -
190.27.85.114 - - [12/Nov/2022:18:51:08 -0500] "GET /sipse/faces/javax.faces.resource/layout/layout.js?ln=primefaces&v=4.0 HTTP/1.1" 304 -
190.27.85.114 - - [12/Nov/2022:18:51:08 -0500] "GET /sipse/faces/javax.faces.resource/images/ui-icons_898989_256x240.png?ln=primefaces-aristo HTTP/1.1" 304 -
190.27.85.114 - - [12/Nov/2022:18:51:08 -0500] "GET /sipse/faces/faces/index.xhtml HTTP/1.1" 200 677
190.27.85.114 - - [12/Nov/2022:18:51:08 -0500] "GET /sipse/faces/javax.faces.resource/theme.css?ln=primefaces-sipse HTTP/1.1" 304 -
190.27.85.114 - - [12/Nov/2022:18:51:08 -0500] "GET /sipse/faces/faces/faces/autenticacion.xhtml HTTP/1.1" 200 12183
190.27.85.114 - - [12/Nov/2022:18:51:08 -0500] "GET /sipse/faces/javax.faces.resource/layout/layout.css?ln=primefaces&v=4.0 HTTP/1.1" 304 -
190.27.85.114 - - [12/Nov/2022:18:51:08 -0500] "GET /sipse/faces/javax.faces.resource/theme.css?ln=primefaces-sipse HTTP/1.1" 304 -
190.27.85.114 - - [12/Nov/2022:18:51:08 -0500] "GET /sipse/faces/javax.faces.resource/primefaces.css?ln=primefaces&v=4.0 HTTP/1.1" 304 -
190.27.85.114 - - [12/Nov/2022:18:51:08 -0500] "GET /sipse/faces/javax.faces.resource/jquery/jquery-plugins.js?ln=primefaces&v=4.0 HTTP/1.1" 304 -
190.27.85.114 - - [12/Nov/2022:18:51:08 -0500] "GET /sipse/faces/javax.faces.resource/primefaces.js?ln=primefaces&v=4.0 HTTP/1.1" 304 -
190.27.85.114 - - [12/Nov/2022:18:51:08 -0500] "GET /sipse/faces/javax.faces.resource/jquery/jquery.js?ln=primefaces&v=4.0 HTTP/1.1" 304 -
190.27.85.114 - - [12/Nov/2022:18:51:08 -0500] "GET /sipse/faces/javax.faces.resource/layout/layout.js?ln=primefaces&v=4.0 HTTP/1.1" 304 -
172.22.2.4 - - [12/Nov/2022:18:49:42 -0500] "GET /BLA/boletinlegal/ HTTP/1.1" 200 53337
201.245.192.253 - - [12/Nov/2022:18:53:11 -0500] "POST /kwsrmcab/Wsrmcab  HTTP/1.1" 200 40655
216.245.221.92 - - [12/Nov/2022:18:54:06 -0500] "HEAD / HTTP/1.1" 200 -
172.22.2.4 - - [12/Nov/2022:18:54:41 -0500] "HEAD /BLA/boletinlegal/ HTTP/1.1" 200 -
172.22.2.4 - - [12/Nov/2022:18:55:32 -0500] "GET /BLA/boletinlegal/ HTTP/1.1" 200 58185
201.245.192.253 - - [12/Nov/2022:18:58:10 -0500] "POST /kwsrmcab/Wsrmcab  HTTP/1.1" 200 40655
216.245.221.92 - - [12/Nov/2022:18:59:07 -0500] "HEAD / HTTP/1.1" 200 -
172.22.2.4 - - [12/Nov/2022:19:00:31 -0500] "HEAD /BLA/boletinlegal/ HTTP/1.1" 200 -
157.55.39.39 - - [12/Nov/2022:19:02:13 -0500] "GET /BLA/resoluciones/AUTOS%202022/2885.pdf HTTP/1.1" 200 955482
172.22.2.4 - - [12/Nov/2022:19:01:22 -0500] "GET /BLA/boletinlegal/ HTTP/1.1" 200 58185
201.245.192.253 - - [12/Nov/2022:19:03:09 -0500] "POST /kwsrmcab/Wsrmcab  HTTP/1.1" 200 40655
216.245.221.92 - - [12/Nov/2022:19:04:06 -0500] "HEAD / HTTP/1.1" 200 -
172.22.2.4 - - [12/Nov/2022:19:06:48 -0500] "GET /BLA/boletinlegal/Circulares/2020/Circular%20No.%2000018%20del%2002%20de%20diciembre%20del%202020.pdf HTTP/1.1" 304 -
18.133.229.135 - - [12/Nov/2022:19:07:28 -0500] "GET / HTTP/1.0" 200 319
172.22.2.4 - - [12/Nov/2022:19:06:21 -0500] "HEAD /BLA/boletinlegal/ HTTP/1.1" 200 -
201.245.192.253 - - [12/Nov/2022:19:08:08 -0500] "POST /kwsrmcab/Wsrmcab  HTTP/1.1" 200 40655
172.22.2.4 - - [12/Nov/2022:19:07:52 -0500] "GET /BLA/boletinlegal/ HTTP/1.1" 200 24523
172.22.2.4 - - [12/Nov/2022:19:07:12 -0500] "GET /BLA/boletinlegal/ HTTP/1.1" 200 56079
216.245.221.92 - - [12/Nov/2022:19:09:06 -0500] "HEAD / HTTP/1.1" 200 -
172.22.2.4 - - [12/Nov/2022:19:09:14 -0500] "GET /BLA/boletinlegal/actos.php HTTP/1.1" 200 9566
186.155.14.108 - - [12/Nov/2022:19:09:16 -0500] "GET /BLA/resoluciones/ HTTP/1.1" 200 13093
186.155.14.108 - - [12/Nov/2022:19:09:20 -0500] "GET /BLA/resoluciones/index.php?dir=AUTOS+2022%2F HTTP/1.1" 200 339829
172.22.2.4 - - [12/Nov/2022:19:09:12 -0500] "GET /BLA/boletinlegal/ HTTP/1.1" 200 24523
18.133.229.135 - - [12/Nov/2022:19:10:43 -0500] "GET / HTTP/1.0" 200 319
95.217.144.234 - - [12/Nov/2022:19:11:56 -0500] "-" 408 -
95.217.145.45 - - [12/Nov/2022:19:12:01 -0500] "-" 408 -
95.217.144.156 - - [12/Nov/2022:19:12:05 -0500] "-" 408 -
95.217.144.238 - - [12/Nov/2022:19:12:16 -0500] "-" 408 -
95.217.144.234 - - [12/Nov/2022:19:12:25 -0500] "-" 408 -
95.217.144.234 - - [12/Nov/2022:19:12:26 -0500] "-" 408 -
199.16.157.183 - - [12/Nov/2022:19:12:30 -0500] "GET /secretaria-de-ambiente-acompano-los-dialogos-regionales-vinculantes-para-san-cristobal-y-rafael-uribe-uribe.html HTTP/1.1" 200 984
199.16.157.180 - - [12/Nov/2022:19:12:30 -0500] "GET /images/drv-1_optimized.jpeg HTTP/1.1" 200 186030
135.125.216.246 - - [12/Nov/2022:19:12:56 -0500] "GET /secretaria-de-ambiente-acompano-los-dialogos-regionales-vinculantes-para-san-cristobal-y-rafael-uribe-uribe.html HTTP/1.1" 200 984
201.245.192.253 - - [12/Nov/2022:19:13:07 -0500] "POST /kwsrmcab/Wsrmcab  HTTP/1.1" 200 40655
144.76.22.144 - - [12/Nov/2022:19:13:29 -0500] "GET /secretaria-de-ambiente-acompano-los-dialogos-regionales-vinculantes-para-san-cristobal-y-rafael-uribe-uribe.html HTTP/1.1" 200 984
172.22.2.4 - - [12/Nov/2022:19:12:11 -0500] "HEAD /BLA/boletinlegal/ HTTP/1.1" 200 -
18.133.229.135 - - [12/Nov/2022:19:13:58 -0500] "GET / HTTP/1.0" 200 319
138.201.48.205 - - [12/Nov/2022:19:13:59 -0500] "GET /secretaria-de-ambiente-acompano-los-dialogos-regionales-vinculantes-para-san-cristobal-y-rafael-uribe-uribe.html HTTP/1.1" 200 984
216.245.221.92 - - [12/Nov/2022:19:14:06 -0500] "HEAD / HTTP/1.1" 200 -
172.22.2.4 - - [12/Nov/2022:19:13:02 -0500] "GET /BLA/boletinlegal/ HTTP/1.1" 200 59779
18.133.229.135 - - [12/Nov/2022:19:17:12 -0500] "GET / HTTP/1.0" 200 319
88.99.144.145 - - [12/Nov/2022:19:18:07 -0500] "HEAD /secretaria-de-ambiente-acompano-los-dialogos-regionales-vinculantes-para-san-cristobal-y-rafael-uribe-uribe.html HTTP/1.1" 200 -
201.245.192.253 - - [12/Nov/2022:19:18:06 -0500] "POST /kwsrmcab/Wsrmcab  HTTP/1.1" 200 40655
216.245.221.92 - - [12/Nov/2022:19:19:06 -0500] "HEAD / HTTP/1.1" 200 -
172.22.2.4 - - [12/Nov/2022:19:18:01 -0500] "HEAD /BLA/boletinlegal/ HTTP/1.1" 200 -
18.133.229.135 - - [12/Nov/2022:19:20:28 -0500] "GET / HTTP/1.0" 200 319
172.22.2.4 - - [12/Nov/2022:19:18:52 -0500] "GET /BLA/boletinlegal/ HTTP/1.1" 200 59779
213.186.1.244 - - [12/Nov/2022:19:21:35 -0500] "GET /secretaria-de-ambiente-acompano-los-dialogos-regionales-vinculantes-para-san-cristobal-y-rafael-uribe-uribe.html HTTP/1.1" 200 984
201.245.192.253 - - [12/Nov/2022:19:21:37 -0500] "POST /kwsrmcab/Wsrmcab HTTP/1.1" 200 44413
201.245.192.253 - - [12/Nov/2022:19:21:40 -0500] "POST /kwsrmcab/Wsrmcab HTTP/1.1" 200 43739
173.252.107.5 - - [12/Nov/2022:19:22:17 -0500] "GET /participa-en-las-actividades-del-dia-mundial-de-humedales.html HTTP/1.1" 206 874
177.98.128.32 - - [12/Nov/2022:19:22:44 -0500] "GET /secretaria-de-ambiente-acompano-los-dialogos-regionales-vinculantes-para-san-cristobal-y-rafael-uribe-uribe.html HTTP/1.1" 200 984
114.111.32.193 - - [12/Nov/2022:19:22:58 -0500] "GET /secretaria-de-ambiente-acompano-los-dialogos-regionales-vinculantes-para-san-cristobal-y-rafael-uribe-uribe.html HTTP/1.1" 200 984
201.245.192.253 - - [12/Nov/2022:19:23:05 -0500] "POST /kwsrmcab/Wsrmcab  HTTP/1.1" 200 40655
18.133.229.135 - - [12/Nov/2022:19:23:47 -0500] "\x16\x03\x01" 400 226
18.133.229.135 - - [12/Nov/2022:19:23:54 -0500] "\x16\x03\x01" 400 226
18.133.229.135 - - [12/Nov/2022:19:24:02 -0500] "\x16\x03\x01" 400 226
216.245.221.92 - - [12/Nov/2022:19:24:06 -0500] "HEAD / HTTP/1.1" 200 -
18.133.229.135 - - [12/Nov/2022:19:24:09 -0500] "\x16\x03\x01" 400 226
18.133.229.135 - - [12/Nov/2022:19:24:16 -0500] "\x16\x03\x01" 400 226
18.133.229.135 - - [12/Nov/2022:19:24:23 -0500] "GET /favicon.ico HTTP/1.1" 200 7782
18.133.229.135 - - [12/Nov/2022:19:24:28 -0500] "GET /manage/account/login HTTP/1.1" 404 1018
18.133.229.135 - - [12/Nov/2022:19:24:33 -0500] "GET /admin/index.html HTTP/1.1" 404 1018
18.133.229.135 - - [12/Nov/2022:19:24:38 -0500] "GET /index.html HTTP/1.1" 200 319
18.133.229.135 - - [12/Nov/2022:19:24:43 -0500] "GET / HTTP/1.1" 200 319
172.22.2.4 - - [12/Nov/2022:19:23:51 -0500] "HEAD /BLA/boletinlegal/ HTTP/1.1" 200 -
173.252.127.3 - - [12/Nov/2022:19:26:14 -0500] "GET /images/pieza-mujeres-reverdecen-4-abril.jpg HTTP/1.1" 200 48916
172.22.2.4 - - [12/Nov/2022:19:24:42 -0500] "GET /BLA/boletinlegal/ HTTP/1.1" 200 59779
173.252.107.15 - - [12/Nov/2022:19:26:22 -0500] "GET /images/pieza-calidad-aire-noche-4-febrero.jpg HTTP/1.1" 200 37476
173.252.107.12 - - [12/Nov/2022:19:26:32 -0500] "GET /secretaria-de-ambiente-realizara-mantenimiento-a-su-infraestructura-tecnologica.html HTTP/1.1" 206 988
173.252.107.12 - - [12/Nov/2022:19:26:32 -0500] "GET /secretaria-de-ambiente-estrena-podcast-ambientalmente.html HTTP/1.1" 206 865
173.252.111.20 - - [12/Nov/2022:19:26:34 -0500] "GET /images/SECRETARIA-AMBIENTE-FACHADA-5-NOV.jpg HTTP/1.1" 200 250889
173.252.79.118 - - [12/Nov/2022:19:26:34 -0500] "GET /images/imagen-comunicado-podcast.jpg HTTP/1.1" 200 39765
173.252.107.8 - - [12/Nov/2022:19:26:42 -0500] "GET /secretaria-de-ambiente-se-suma-a-la-tendencia-tik-tok.html HTTP/1.1" 206 1022
173.252.107.19 - - [12/Nov/2022:19:26:42 -0500] "GET /lo-que-estamos-proponiendo-es-un-pot-de-equilibrios-secretaria-de-ambiente-carolina-urrutia.html HTTP/1.1" 206 922
173.252.107.119 - - [12/Nov/2022:19:26:42 -0500] "GET /images/POT%20ciudad%20bol%C3%ADvar-6%20octubre.jpg HTTP/1.1" 404 1034
69.171.251.14 - - [12/Nov/2022:19:26:43 -0500] "GET /images/tik-tok-red-social%20secretaria-ambiente-30-octubre.jpg HTTP/1.1" 200 23521
173.252.83.10 - - [12/Nov/2022:19:26:43 -0500] "GET /images/POT%20ciudad%20bol\xc3\xadvar-6%20octubre.jpg HTTP/1.1" 404 1034
