200.69.83.251 - - [12/Nov/2022:12:20:13 -0500] "GET /kwssiamovil/sm/acme/a?s=U2FsdGVkX1/jK7x3CptKnsApJxXBjdSmUslb/u+u0x/uJijllOCRugAPFyGuwwXNyAL9/Q50EfcRv2KFn0w6+2VEWtnpzHs1R2yYKaEA/88BxeLIOHylou2sA8VQAgb/GH57joHLnhwkk8rym3xhxKj33N+7G+w7ApL61zxMrUEL9H/3L+ZFyFY4O25yEQJi8Fj9h1IUFAVccrM58OzQ9R/jINNoEWSBduNKxXKTg3179+aKyXxzC0JRK9MdCyuNO+O2Rw27EC12qGBKDAAoYlhFgKd5LPI7TOF7eBYG0BUIwU2aMwsSt6h0ay3pXyYQkU7Zzpj9wMwc12haCueSRbPE936DYGN0P6+vMF91zKpl69V06N4MhEUSbDZeNqOD4RZSPXc/k8XW6n7dkib9gBCUznd56v76W+gymSRTgAosbkoUD7bf/Ytky8PxvKTcARAs6wZtCFqgfnnk9kzlb0yPutf6DvzgofAqZB7MNjdljUjpcYMtI10CnJ3SyCYtEb2oFOpqXjqGJ6SdfXM7ATFwmZa8k0+Sue5nSfOFVVjvJ0P/5+BXRpguYtgzQofVbeiV2o4oeam35DZV76kIO7jLR14sH7kyhTqKF0jteoGRlTh2huDXvrN17hmMwAU5aMUgqU1nLETiuK8Bd2eA0yAy9exTl9v6wnaZMhWezQBRQaGd8I5u5/jYfZUraXGLpRP0l823cRqno8p/SBIPKijUE2xSCviaStW/pJkP9g9EbhHJw7FjwR1fBNiP3l3QRbbBb9SBs06xulxWXAHRlIhcv0PoZCnIv3Sj873oxNah8sN/fFl6Au0cFpeNO83JUjqDX7sGjDO5++knOtguCm/07ywI9v3rTc/OsA3O7TcwyesbQa8tbQHjLpu2fUNuR8vaEDGWBEiU1D1+gCvsa3O/EobgmnzwlHWmgJwvZpNL99SswMu6tzO3yMVzKDJ8cSLgSBRqWafxl52JR4D1DSMFRfaq8A7GjdKrGvQNDd3WHJX+PVQcesXIVIXk7C1cactXBmmrF/GTaWpttDU7W+nQJGkww3ndy709cjITayaky9tpo8pnZJaGQ93X2KpSIFOCTc5Bm8YfhpjUXjd30OsQR5pKOzw302bwxARePtjp3ZKEkHlnGhkSPU6/VBTZsrdo2pn0fHoy0hOSb4b8tDu8AOMVATgk7v96ICndZBhA1KihcQA3E7lt+SE/xy41plStpA2hpmW4RpJWoOXXDOkrRj0R8x+i0OBrwSh3FFOJwIpRMpBuH3PxGciuWzc1tNZP5sQlxL7XtxHD/KI52+u/AxP8Kn9BJjCKXEQni/JxCye4ZHqk6AhMCaNDFPw1xsUknx1z4iZgmHO55H9Wk2gm28wXuPZ8/k4QGcSQnWTREcMDmh/EDntbUfL1cP4Zd/fd26MdQxvWABbfsWbvSRsYn4tbruKdeikJEm57cyguIFptVx1td2vS/LI05gVBoex8Ya7vVJ2C44EfI7KLMQkqJ79CCsNoggDhSdoXFfp7g223iKOb2yepo2S9N0v5qtSVxv5xOC+0QRz7BJhqmaXkEUa3Qq3e/ExcTk5cLzgXe3tRnojFyOXN3Mbqcky9SLKVcpO8ylTo7+3kOAEnnQ==&u=U2FsdGVkX1/x4JFxJ23FuFsUGiDcQ3jemFX88YF31B4=&y=U2FsdGVkX1/yuj3d4OD8Plx8vGahGEQYYHYUXxQytCk= HTTP/1.1" 200 26
200.69.83.251 - - [12/Nov/2022:12:20:13 -0500] "GET /kwssiamovil/sm/acme/a?s=U2FsdGVkX18Mlxnu2x/gq8LxuJBc6xLx5twXmouTLeU2A69dq1xedU1wlr1OEWC6fTtFUFlmpG77/01vIALh7d1vD4g2Q18C6kxlOQPFZ2bf3BpgdaOTUkZx6O2dk97tpRaRcbtI4Uzom+DwaTrjAFnBLxbEcNhWDJslNC4UiaU=&u=U2FsdGVkX1/x4JFxJ23FuFsUGiDcQ3jemFX88YF31B4=&y=U2FsdGVkX1/yuj3d4OD8Plx8vGahGEQYYHYUXxQytCk= HTTP/1.1" 200 26
200.69.83.251 - - [12/Nov/2022:12:20:13 -0500] "GET /kwssiamovil/sm/acme/a?s=U2FsdGVkX19AG/NN87xyaJ0l4UUAexgb28HZbcXQGw5cPVDDl4R+GOsvPtZUWG/fEEiPKIlI6wMOtgEgHmIwSGRhxUHZmcsJVUUZty8WXzTK4Da4rmvT5rvEDcbb+GROjAXHzWhsB6R4mSQBtRMpo7drskBzuhMPMM16+Uh8v4o=&u=U2FsdGVkX1/x4JFxJ23FuFsUGiDcQ3jemFX88YF31B4=&y=U2FsdGVkX1/yuj3d4OD8Plx8vGahGEQYYHYUXxQytCk= HTTP/1.1" 200 26
200.69.83.251 - - [12/Nov/2022:12:20:13 -0500] "GET /kwssiamovil/sm/acme/a?s=U2FsdGVkX19WqgKBmoP0tnRZhB0A1si9USkrMOgRuxTgbujxnLRlGK+SmmF7nSaIWfPJSsz4RVyyoC6+5f25u0L/n5aUiWm3ASnaEzWhkDBIa6YOLsdTTUxceMXdORu87/V+tF50f8FZ3PJovElY3XvjDhoeFbbpR/rn1HwoH2Q=&u=U2FsdGVkX1/x4JFxJ23FuFsUGiDcQ3jemFX88YF31B4=&y=U2FsdGVkX1/yuj3d4OD8Plx8vGahGEQYYHYUXxQytCk= HTTP/1.1" 200 26
200.69.83.251 - - [12/Nov/2022:12:20:13 -0500] "GET /kwssiamovil/sm/acme/a?s=U2FsdGVkX1+gHLDoc/2KlIABK4RUkj45LP3x0gDcbPgZ1hfJ65bCLRi2fzeDZYKoFIr4o4QbFXWrvXxrzH9bediZGZeS+dwwJaWcAU/fwBJr5saeOKT8b3ExNjDrlvQY12FUAOsN36fRifOdFomd1rtbxL6U0xA02ckDeDm2R4lCYV0470xhcVSm0YTajvVr&u=U2FsdGVkX1/x4JFxJ23FuFsUGiDcQ3jemFX88YF31B4=&y=U2FsdGVkX1/yuj3d4OD8Plx8vGahGEQYYHYUXxQytCk= HTTP/1.1" 200 26
200.69.83.251 - - [12/Nov/2022:12:20:13 -0500] "GET /kwssiamovil/sm/acme/a?s=U2FsdGVkX1+wsr02Zca/lf4bFW+X5U6C+s1WK8Wc4TbeuqzWFvOOIgvg7oijVaXql2BBg6Qo/Xyw2nO/K4IJwLcMRQ4qqfDWIvt+tSRbH6Mr8txA/Jd6gqgzYn7p81nsfUAVM/fWVbkOEN33dYQCqoGKVZQxvrZT729HcS7LWuPpkh3v2/3Qn7oUgT6pKeXCfTl4KWSKwOek1ViR7/PHRA==&u=U2FsdGVkX1/x4JFxJ23FuFsUGiDcQ3jemFX88YF31B4=&y=U2FsdGVkX1/yuj3d4OD8Plx8vGahGEQYYHYUXxQytCk= HTTP/1.1" 200 25
200.69.83.251 - - [12/Nov/2022:12:20:14 -0500] "GET /kwssiamovil/sm/acme/a?s=U2FsdGVkX1+oMOhTEqsLcnTQFnw0glWa7Tz1fibIdwi5A4U3zDFmrkh3jA0hAOHbEPZMmuG92nwQTvpcn9lUuIqO+mbuINhbjDc/TVHQLmIcIEXLwUrskA17CUaABGAxk0LJlqWgi6c+bTROHIB2ollEcPm8QV/C8XtFf2m+FHeMWPAy2acyVuhTBviWd9C6zBSLM1/BYmKEtT9Ed4mjPQ==&u=U2FsdGVkX1/x4JFxJ23FuFsUGiDcQ3jemFX88YF31B4=&y=U2FsdGVkX1/yuj3d4OD8Plx8vGahGEQYYHYUXxQytCk= HTTP/1.1" 200 25
200.69.83.251 - - [12/Nov/2022:12:20:14 -0500] "GET /kwssiamovil/sm/acme/a?s=U2FsdGVkX1/ZU50BdqfJ1BnXkFE35awaNpLUhHuPp7RYbZG8h+reIV6B8hQVEigIThXNQgakwcEMYLZbPXX+L8voPZSXrq/OipWQ46Jy6hmYsCmtY/tmZcX7h1FNWNeICjk6ZW5CSWlDDtbvVu4+rcQlbK7pob1qPLx0Ap7fw/by7vHkk/+gp/gDzVSgwvnL7qQNIxAe7ak1TaDOTNuA0PjU8/W5pQpwUDwiigzRPPQ=&u=U2FsdGVkX1/x4JFxJ23FuFsUGiDcQ3jemFX88YF31B4=&y=U2FsdGVkX1/yuj3d4OD8Plx8vGahGEQYYHYUXxQytCk= HTTP/1.1" 200 25
200.69.83.251 - - [12/Nov/2022:12:20:14 -0500] "GET /kwssiamovil/sm/acme/a?s=U2FsdGVkX1952/lBBfObaOmovx3vybpKcQQhIaRD5c6Yk/WfgkKy+KEtdECBTxtOOyooq5+H6aKvq8mRXe9a2s3baeZarr0zXPm1fgNhBd+31ejYKD0ohliOWwQmb3OqtSgms5198mlTGBCzOoR6Ts7ObSFNZZ0CWdsJGPP/BnC1syb4KyUtIWPYZ/dsaFsYQH6BV8iD+/mQ3zOuyrROjQ==&u=U2FsdGVkX1/x4JFxJ23FuFsUGiDcQ3jemFX88YF31B4=&y=U2FsdGVkX1/yuj3d4OD8Plx8vGahGEQYYHYUXxQytCk= HTTP/1.1" 200 25
172.22.2.4 - - [12/Nov/2022:12:18:52 -0500] "GET /BLA/boletinlegal/ HTTP/1.1" 200 59035
190.27.85.114 - - [12/Nov/2022:12:20:31 -0500] "POST /sipse/faces/presentacion/financiero/solicitudProceso/consultarHistorialSolProceso.xhtml HTTP/1.1" 200 182109
190.27.85.114 - - [12/Nov/2022:12:20:32 -0500] "GET /sipse/faces/javax.faces.resource/theme.css?ln=primefaces-sipse HTTP/1.1" 304 -
190.27.85.114 - - [12/Nov/2022:12:20:32 -0500] "GET /sipse/faces/javax.faces.resource/layout/layout.css?ln=primefaces&v=4.0 HTTP/1.1" 304 -
190.27.85.114 - - [12/Nov/2022:12:20:32 -0500] "GET /sipse/faces/javax.faces.resource/primefaces.css?ln=primefaces&v=4.0 HTTP/1.1" 304 -
190.27.85.114 - - [12/Nov/2022:12:20:32 -0500] "GET /sipse/faces/javax.faces.resource/jquery/jquery.js?ln=primefaces&v=4.0 HTTP/1.1" 304 -
190.27.85.114 - - [12/Nov/2022:12:20:32 -0500] "GET /sipse/faces/javax.faces.resource/jquery/jquery-plugins.js?ln=primefaces&v=4.0 HTTP/1.1" 304 -
190.27.85.114 - - [12/Nov/2022:12:20:32 -0500] "GET /sipse/faces/javax.faces.resource/primefaces.js?ln=primefaces&v=4.0 HTTP/1.1" 304 -
190.27.85.114 - - [12/Nov/2022:12:20:32 -0500] "GET /sipse/faces/javax.faces.resource/layout/layout.js?ln=primefaces&v=4.0 HTTP/1.1" 304 -
190.27.85.114 - - [12/Nov/2022:12:20:36 -0500] "POST /sipse/faces/presentacion/financiero/solicitudProceso/consultarSolicitudProceso.xhtml HTTP/1.1" 200 37269
190.27.85.114 - - [12/Nov/2022:12:20:36 -0500] "GET /sipse/faces/javax.faces.resource/theme.css?ln=primefaces-sipse HTTP/1.1" 304 -
190.27.85.114 - - [12/Nov/2022:12:20:36 -0500] "GET /sipse/faces/javax.faces.resource/primefaces.css?ln=primefaces&v=4.0 HTTP/1.1" 304 -
190.27.85.114 - - [12/Nov/2022:12:20:36 -0500] "GET /sipse/faces/javax.faces.resource/layout/layout.css?ln=primefaces&v=4.0 HTTP/1.1" 304 -
190.27.85.114 - - [12/Nov/2022:12:20:36 -0500] "GET /sipse/faces/javax.faces.resource/jquery/jquery.js?ln=primefaces&v=4.0 HTTP/1.1" 304 -
190.27.85.114 - - [12/Nov/2022:12:20:36 -0500] "GET /sipse/faces/javax.faces.resource/jquery/jquery-plugins.js?ln=primefaces&v=4.0 HTTP/1.1" 304 -
190.27.85.114 - - [12/Nov/2022:12:20:37 -0500] "GET /sipse/faces/javax.faces.resource/primefaces.js?ln=primefaces&v=4.0 HTTP/1.1" 304 -
190.27.85.114 - - [12/Nov/2022:12:20:37 -0500] "GET /sipse/faces/javax.faces.resource/layout/layout.js?ln=primefaces&v=4.0 HTTP/1.1" 304 -
190.27.85.114 - - [12/Nov/2022:12:20:37 -0500] "POST /sipse/faces/presentacion/financiero/solicitudProceso/listarSolicitudProceso.xhtml HTTP/1.1" 200 1400
190.27.85.114 - - [12/Nov/2022:12:20:39 -0500] "POST /sipse/faces/presentacion/financiero/solicitudProceso/listarSolicitudProceso.xhtml HTTP/1.1" 200 14642
190.27.85.114 - - [12/Nov/2022:12:20:42 -0500] "POST /sipse/faces/presentacion/financiero/solicitudProceso/listarSolicitudProceso.xhtml HTTP/1.1" 200 128534
190.27.85.114 - - [12/Nov/2022:12:20:43 -0500] "GET /sipse/faces/javax.faces.resource/theme.css?ln=primefaces-sipse HTTP/1.1" 304 -
190.27.85.114 - - [12/Nov/2022:12:20:43 -0500] "GET /sipse/faces/javax.faces.resource/layout/layout.css?ln=primefaces&v=4.0 HTTP/1.1" 304 -
190.27.85.114 - - [12/Nov/2022:12:20:43 -0500] "GET /sipse/faces/javax.faces.resource/primefaces.css?ln=primefaces&v=4.0 HTTP/1.1" 304 -
190.27.85.114 - - [12/Nov/2022:12:20:43 -0500] "GET /sipse/faces/javax.faces.resource/jquery/jquery.js?ln=primefaces&v=4.0 HTTP/1.1" 304 -
190.27.85.114 - - [12/Nov/2022:12:20:43 -0500] "GET /sipse/faces/javax.faces.resource/jquery/jquery-plugins.js?ln=primefaces&v=4.0 HTTP/1.1" 304 -
190.27.85.114 - - [12/Nov/2022:12:20:43 -0500] "GET /sipse/faces/javax.faces.resource/primefaces.js?ln=primefaces&v=4.0 HTTP/1.1" 304 -
190.27.85.114 - - [12/Nov/2022:12:20:43 -0500] "GET /sipse/faces/javax.faces.resource/layout/layout.js?ln=primefaces&v=4.0 HTTP/1.1" 304 -
190.27.85.114 - - [12/Nov/2022:12:20:45 -0500] "POST /sipse/faces/presentacion/financiero/solicitudProceso/consultarSolicitudProceso.xhtml HTTP/1.1" 200 29373
190.27.85.114 - - [12/Nov/2022:12:20:46 -0500] "GET /sipse/faces/javax.faces.resource/theme.css?ln=primefaces-sipse HTTP/1.1" 304 -
190.27.85.114 - - [12/Nov/2022:12:20:46 -0500] "GET /sipse/faces/javax.faces.resource/primefaces.css?ln=primefaces&v=4.0 HTTP/1.1" 304 -
190.27.85.114 - - [12/Nov/2022:12:20:46 -0500] "GET /sipse/faces/javax.faces.resource/layout/layout.css?ln=primefaces&v=4.0 HTTP/1.1" 304 -
190.27.85.114 - - [12/Nov/2022:12:20:46 -0500] "GET /sipse/faces/javax.faces.resource/jquery/jquery-plugins.js?ln=primefaces&v=4.0 HTTP/1.1" 304 -
190.27.85.114 - - [12/Nov/2022:12:20:46 -0500] "GET /sipse/faces/javax.faces.resource/primefaces.js?ln=primefaces&v=4.0 HTTP/1.1" 304 -
190.27.85.114 - - [12/Nov/2022:12:20:46 -0500] "GET /sipse/faces/javax.faces.resource/jquery/jquery.js?ln=primefaces&v=4.0 HTTP/1.1" 304 -
190.27.85.114 - - [12/Nov/2022:12:20:46 -0500] "GET /sipse/faces/javax.faces.resource/layout/layout.js?ln=primefaces&v=4.0 HTTP/1.1" 304 -
190.27.85.114 - - [12/Nov/2022:12:21:03 -0500] "POST /sipse/faces/presentacion/financiero/solicitudProceso/consultarHistorialSolProceso.xhtml HTTP/1.1" 200 37275
190.27.85.114 - - [12/Nov/2022:12:21:03 -0500] "GET /sipse/faces/javax.faces.resource/theme.css?ln=primefaces-sipse HTTP/1.1" 304 -
190.27.85.114 - - [12/Nov/2022:12:21:03 -0500] "GET /sipse/faces/javax.faces.resource/primefaces.css?ln=primefaces&v=4.0 HTTP/1.1" 304 -
190.27.85.114 - - [12/Nov/2022:12:21:03 -0500] "GET /sipse/faces/javax.faces.resource/layout/layout.css?ln=primefaces&v=4.0 HTTP/1.1" 304 -
190.27.85.114 - - [12/Nov/2022:12:21:03 -0500] "GET /sipse/faces/javax.faces.resource/jquery/jquery.js?ln=primefaces&v=4.0 HTTP/1.1" 304 -
190.27.85.114 - - [12/Nov/2022:12:21:03 -0500] "GET /sipse/faces/javax.faces.resource/jquery/jquery-plugins.js?ln=primefaces&v=4.0 HTTP/1.1" 304 -
190.27.85.114 - - [12/Nov/2022:12:21:03 -0500] "GET /sipse/faces/javax.faces.resource/primefaces.js?ln=primefaces&v=4.0 HTTP/1.1" 304 -
190.27.85.114 - - [12/Nov/2022:12:21:03 -0500] "GET /sipse/faces/javax.faces.resource/layout/layout.js?ln=primefaces&v=4.0 HTTP/1.1" 304 -
190.27.85.114 - - [12/Nov/2022:12:21:04 -0500] "POST /sipse/faces/presentacion/financiero/solicitudProceso/listarSolicitudProceso.xhtml HTTP/1.1" 200 1400
185.119.81.98 - - [12/Nov/2022:12:21:27 -0500] "GET /portaldeninos/wp-login.php HTTP/1.1" 200 2592
185.119.81.98 - - [12/Nov/2022:12:21:28 -0500] "POST /portaldeninos/wp-login.php HTTP/1.1" 200 3670
201.245.192.253 - - [12/Nov/2022:12:21:39 -0500] "POST /kwsrmcab/Wsrmcab HTTP/1.1" 200 42182
201.245.192.253 - - [12/Nov/2022:12:21:42 -0500] "POST /kwsrmcab/Wsrmcab HTTP/1.1" 200 43787
66.249.69.45 - - [12/Nov/2022:12:22:26 -0500] "-" 408 -
216.245.221.92 - - [12/Nov/2022:12:24:07 -0500] "HEAD / HTTP/1.1" 200 -
201.245.192.253 - - [12/Nov/2022:12:24:22 -0500] "POST /kwsrmcab/Wsrmcab  HTTP/1.1" 200 40655
157.55.39.39 - - [12/Nov/2022:12:25:31 -0500] "GET /BLA/resoluciones/AUTOS%202022/2152.pdf HTTP/1.1" 200 487461
172.22.2.4 - - [12/Nov/2022:12:23:51 -0500] "HEAD /BLA/boletinlegal/ HTTP/1.1" 200 -
42.236.10.106 - - [12/Nov/2022:12:26:09 -0500] "GET / HTTP/1.1" 200 319
172.22.2.4 - - [12/Nov/2022:12:24:42 -0500] "GET /BLA/boletinlegal/ HTTP/1.1" 200 53337
40.122.230.188 - - [12/Nov/2022:12:26:46 -0500] "GET /galeria/galeria/fotos/Huemdal-el-Tunjo3P.jpg HTTP/1.1" 200 20644
66.249.69.45 - - [12/Nov/2022:12:28:27 -0500] "-" 408 -
216.245.221.92 - - [12/Nov/2022:12:29:07 -0500] "HEAD / HTTP/1.1" 200 -
201.245.192.253 - - [12/Nov/2022:12:29:22 -0500] "POST /kwsrmcab/Wsrmcab  HTTP/1.1" 200 40655
20.231.101.203 - - [12/Nov/2022:12:27:59 -0500] "GET /BLA/boletinlegal/ HTTP/1.1" 200 62840
172.22.2.4 - - [12/Nov/2022:12:29:41 -0500] "HEAD /BLA/boletinlegal/ HTTP/1.1" 200 -
201.245.192.253 - - [12/Nov/2022:12:31:39 -0500] "POST /kwsrmcab/Wsrmcab HTTP/1.1" 200 42182
201.245.192.253 - - [12/Nov/2022:12:31:42 -0500] "POST /kwsrmcab/Wsrmcab HTTP/1.1" 200 43787
172.22.2.4 - - [12/Nov/2022:12:30:32 -0500] "GET /BLA/boletinlegal/ HTTP/1.1" 200 57824
172.22.2.4 - - [12/Nov/2022:12:32:33 -0500] "GET /BLA/boletinlegal/actos.php HTTP/1.1" 200 9566
172.22.2.4 - - [12/Nov/2022:12:32:33 -0500] "GET /BLA/boletinlegal/favicon.ico HTTP/1.1" 404 1326
172.22.2.4 - - [12/Nov/2022:12:32:40 -0500] "GET /BLA/boletinlegal/consulta_actos.php?tipo=autos&no=3168&usuario=&sector=&fecha=2014&resuelve= HTTP/1.1" 200 1085
186.30.63.31 - - [12/Nov/2022:12:32:42 -0500] "GET /BLA/resoluciones/ HTTP/1.1" 200 13093
186.30.63.31 - - [12/Nov/2022:12:32:42 -0500] "GET /favicon.ico HTTP/1.1" 200 7782
186.30.63.31 - - [12/Nov/2022:12:32:44 -0500] "GET /BLA/resoluciones/index.php?dir=AUTOS+2014%2F HTTP/1.1" 200 884658
35.236.215.231 - - [12/Nov/2022:12:33:03 -0500] "GET /camino-guadalupe-aguanoso-cerrado-por-caida-de-arboles.html HTTP/1.1" 200 851
35.236.215.231 - - [12/Nov/2022:12:33:03 -0500] "GET /camino-guadalupe-aguanoso-cerrado-por-caida-de-arboles.html HTTP/1.1" 200 851
216.245.221.92 - - [12/Nov/2022:12:34:07 -0500] "HEAD / HTTP/1.1" 200 -
172.22.2.4 - - [12/Nov/2022:12:32:31 -0500] "GET /BLA/boletinlegal/ HTTP/1.1" 200 56825
172.22.2.4 - - [12/Nov/2022:12:33:10 -0500] "GET /BLA/boletinlegal/?XDEBUG_SESSION_START=phpstorm HTTP/1.1" 200 40907
201.245.192.253 - - [12/Nov/2022:12:34:20 -0500] "POST /kwsrmcab/Wsrmcab  HTTP/1.1" 200 40655
66.249.69.45 - - [12/Nov/2022:12:34:49 -0500] "-" 408 -
172.22.2.4 - - [12/Nov/2022:12:35:31 -0500] "HEAD /BLA/boletinlegal/ HTTP/1.1" 200 -
185.119.81.98 - - [12/Nov/2022:12:37:18 -0500] "GET /portaldeninos/wp-login.php HTTP/1.1" 200 2592
185.119.81.98 - - [12/Nov/2022:12:37:20 -0500] "POST /portaldeninos/wp-login.php HTTP/1.1" 200 3605
172.22.2.4 - - [12/Nov/2022:12:36:22 -0500] "GET /BLA/boletinlegal/ HTTP/1.1" 200 58185
216.245.221.92 - - [12/Nov/2022:12:39:07 -0500] "HEAD / HTTP/1.1" 200 -
201.245.192.253 - - [12/Nov/2022:12:39:19 -0500] "POST /kwsrmcab/Wsrmcab  HTTP/1.1" 200 40655
34.76.96.55 - - [12/Nov/2022:12:39:36 -0500] "GET / HTTP/1.1" 200 319
51.15.164.30 - - [12/Nov/2022:12:40:03 -0500] "HEAD /camino-guadalupe-aguanoso-cerrado-por-caida-de-arboles.html HTTP/1.1" 200 -
66.249.69.45 - - [12/Nov/2022:12:40:32 -0500] "-" 408 -
186.28.36.47 - - [12/Nov/2022:12:41:40 -0500] "GET /BLA/boletinlegal/js/jquery.scrollShow.js HTTP/1.1" 200 4586
186.28.36.47 - - [12/Nov/2022:12:41:40 -0500] "GET /galeria/galeria/jquery.fancybox.css?v=2.1.5 HTTP/1.1" 200 4895
186.28.36.47 - - [12/Nov/2022:12:41:40 -0500] "GET /galeria/galeria/jquery.fancybox.js?v=2.1.5 HTTP/1.1" 200 48706
201.245.192.253 - - [12/Nov/2022:12:41:39 -0500] "POST /kwsrmcab/Wsrmcab HTTP/1.1" 200 42182
201.245.192.253 - - [12/Nov/2022:12:41:41 -0500] "POST /kwsrmcab/Wsrmcab HTTP/1.1" 200 43787
186.102.0.161 - - [12/Nov/2022:12:42:07 -0500] "GET /kwssiamovil/sm/acme/a?s=U2FsdGVkX18GDCyulSwjZN3hOESvtm6YBp7xduSqXzP8ZjxZ5P/4+8OOtg/pwjAYdiCS0WdvcyvgmRlTGEUc///RWKoKWhOej3PM7WhoyhN+DwTMGmgpxlaSICyyX5IRJD8Kt0gOU2DR0VL0fHXJoBQ+60gDO6U/oe/OK45d1PO5IyDoVEvAiMLeXK6tERovHVzJLrykyuxiweBJ6WLp+X+jxvJStkQ8GPqGs9ZYeWslnP0okoj0tkyCfqfTjEjsnt8hnGZbJoAnBopuBs9HUcdOasgBRIguCPAd2ugOTdk=&u=U2FsdGVkX1+FGU+hh9r76Njex8Av2cgsy6MxoRUgvj0Ekq81NrO410H9AAWQAtiY&y=U2FsdGVkX1+zAWrYSFE5Ilb2ZLF2J+GWYR4D9gYsCCGvlNIl66jSzcZtpBkgSXGQ HTTP/1.1" 200 26
186.102.0.161 - - [12/Nov/2022:12:42:08 -0500] "GET /kwssiamovil/sm/acme/a?s=U2FsdGVkX19XRBmNkrDnH4pOP5Atrp7xa5u5QwEzST1bR2VjsZbyXx7TU6Nby30Eu+s//nVyH+JNEuCfiC1e1IbK+RExDBxR8jhCCKVNYvU/dp3S+Wzbt1ZJn9/WfW5H6fURNAu7Z+Sn/uWuKYRq/oHTCNaDQtF59DiTDY6x3UcLHZLZbIDr+4rSvwhx8CFFg8Y9NRL5CbGOaOuq/E9POKG4EVm8F7YADTi46YMwJCXdqrc8FudrPlERXKgBvHGJXoiQ7JJk6ZRt24diQ+bBJpCd+LJnO56DnVJNE4HMGGOn8rHon1M0vcZ9G3GbSZZQIrGDF/tmhQLCZVeyi8iNjVYTH0mXsF6pj/xa7Me2LoK092KXmWESCvoLUAvVtBY+ialhVFhtZ7zw0kI83B5nJiMfLWSDQ36rH8YCs0da36AQJjrKHL9isxYKnDM8jL8z4Pqjn4iqQy/Yqnd7X9uYVofw3DsWDkOQ5zynhMUb6ySpor+U4a/kaIKgTG82Rpi67xDUhQS41oW/gcYwcCY/V60CwyMU1q9g6j1J4mXwBmrvLXAUchGkaS7g3fDtJNvbT956Nrnwqd0o2JW5LHJiDXUAfAz/Bm875Je8MTv4vBq3hxWH6mlyLGGyXJKf/8mjYCaLyv/my/jZwwc7zuVLh8FK1piuc1RXjBWM9cWeGmD86EXLazgTp/GnbnpJocK7GP6gPMVNARQlEyT4ccMbLJFf9O4L02WyEBYvRaI4u+sJs/OPABJienH3h2hFobgtHwFj55bunK41llA3KPcCK0liRgsmshcp0DNNS6oR9gabqtXao0ckm5dToPBDkHxYEoRTot7Zcn+RnY04lf+hm2g6Ie/nUwe2dxfgAzsc6FJ14dUuoyAnQjcOCXbpuxruDmsyZXwAOLce3K3QkjOf5VzV1yAejmz9SxS0GZGVTis3IUiV1FbGVRtPOR582xNjZ7qy9cvA+Gg9y/yujgHv+7fJ5QfeDjutevcpa0OJjtZzlITUoxIBb+psOTjm0ZwbXi+Eu+CfOTq7S5hgnlUWWs1zZIeuOM3koANzVEi7R2qIq8E+J5W/kxzCEd3rPzzyduw9+lYcDlpiFNJZe3Usvs1TIBbX5RdlUnuX6PV9Eh4g0et0Z+AXpJIrwJ5qKV2vZs3Tdl2YewK4eXp2vSoVcG0uZxexrKAO+sf5FHK2zeZZHxg0xxkZc2Xonv71PYXRLAS4JPso/iFZ/mJrQ0IM1lMZ2pLtxGqu2Sn4KqUL5g1Eap4nEooZLvf8jaMX9WUVN0r10kAmDET2oxKUxi0K5u5WisyvfmAVj8pVHnEW5to5PwhvFHb5qCSuvyyWE8kFkjZ5KkWyagvIa7qLSB/4FMLFrEZC4zOH7plweFWLkWE5E7t/79/e1Q7kp3BB/VcQzDE+Do2wWwwxxE6XumE/Lm5tItmeL9lmhj2hOAVQMTlNr1zU9OcChcQbXpD87jkhjmIGDwXDEc4wyzT0nr4VnFqh0nNc/5yt/ItnZ/PoFvjPySyCpcfmCLvoktJ5NyTbBR8wewojOC3BAmRR0P0HWlPNhH+15TYvlG070XBhUQIh8mnckrok+8gsEvEJKLeH5fh2Eo4bGCzIAW/bA8hPoOfYU3nxSeRTXIX/PeqJ87Usim96HtmFZhvftEJSCmBYAtbAAlKELlgFtytt5/QjN1hy/sXxb+JRPECogDkCFf0XE51s1f2PjbNEA2r/SY88Q3HKZqM7zG/CXM1aMe55MM+/XdbHFe5mtvwiYdlQ3MN/slSs22qo1teOhHhmSCbL&u=U2FsdGVkX1+FGU+hh9r76Njex8Av2cgsy6MxoRUgvj0Ekq81NrO410H9AAWQAtiY&y=U2FsdGVkX1+zAWrYSFE5Ilb2ZLF2J+GWYR4D9gYsCCGvlNIl66jSzcZtpBkgSXGQ HTTP/1.1" 200 26
186.102.0.161 - - [12/Nov/2022:12:42:08 -0500] "GET /kwssiamovil/sm/acme/a?s=U2FsdGVkX1+yHARdlkUqsWji5trtbx+DI7JCGGKjqcH6UxWsXS4z+XF5ZOXJ5WrUeSfvdBwz6DJke66QMPnAs62cj/B9uq6toB6MP1vA/NM7bSFDrqAkUebV5bAJf9lVZZHl1357nshTlIGgtcx1769t+dfVyhE1eDUqKIS5Uks=&u=U2FsdGVkX1+FGU+hh9r76Njex8Av2cgsy6MxoRUgvj0Ekq81NrO410H9AAWQAtiY&y=U2FsdGVkX1+zAWrYSFE5Ilb2ZLF2J+GWYR4D9gYsCCGvlNIl66jSzcZtpBkgSXGQ HTTP/1.1" 200 26
186.102.0.161 - - [12/Nov/2022:12:42:08 -0500] "GET /kwssiamovil/sm/acme/a?s=U2FsdGVkX1/aVL93mas6ymgK6es4pTvKjuM0Co22j7jSKkp4M/F3LJrEgLGfnuWlSTr0Re5f1yVbIUDJ4eiKlhsjt/dG/Q0VFkcA7HZ7ksRH6A1SV7tgk+fWjx9/mKj6cjtFQ5gwcAfiMPhyBs4xyI5t8ytBCeu6O5kINfQSKnk=&u=U2FsdGVkX1+FGU+hh9r76Njex8Av2cgsy6MxoRUgvj0Ekq81NrO410H9AAWQAtiY&y=U2FsdGVkX1+zAWrYSFE5Ilb2ZLF2J+GWYR4D9gYsCCGvlNIl66jSzcZtpBkgSXGQ HTTP/1.1" 200 26
186.102.0.161 - - [12/Nov/2022:12:42:09 -0500] "GET /kwssiamovil/sm/acme/a?s=U2FsdGVkX19b33Y/p4MwenNFnwC7ESnPexIgyitrfq86y1IfglFB2suzcfw2KNK3IaICU/Cpybom12xW4Z+QsS8Ccs7q0GkBfFvMDxhZUx7mx1tW6gMVC9P8buGK59n+KTVApQXLqoMhw2Hd+viaujUvkPt0sJ+KzsgJlVA+xjg=&u=U2FsdGVkX1+FGU+hh9r76Njex8Av2cgsy6MxoRUgvj0Ekq81NrO410H9AAWQAtiY&y=U2FsdGVkX1+zAWrYSFE5Ilb2ZLF2J+GWYR4D9gYsCCGvlNIl66jSzcZtpBkgSXGQ HTTP/1.1" 200 26
186.102.0.161 - - [12/Nov/2022:12:42:09 -0500] "GET /kwssiamovil/sm/acme/a?s=U2FsdGVkX18un/ZxmwH1lzF/K0FqEkb1xdS7n2Ih+oS+ZmSx+66qZ6DlBgyFptnX6nyTJ6Z+78vAg7+cIzsZQdtw+pf4+YfG55ULDDXIhnUXuQFWejGaLgKt/Ums1MvsGMig6+FtS2ounaHcZGtIIJUrLo9b5DsfNircLt3MfcpFzpOKfVWLW6vevUaN+U71kDZ56DGB4mJrd+LkZ2rxpw==&u=U2FsdGVkX1+FGU+hh9r76Njex8Av2cgsy6MxoRUgvj0Ekq81NrO410H9AAWQAtiY&y=U2FsdGVkX1+zAWrYSFE5Ilb2ZLF2J+GWYR4D9gYsCCGvlNIl66jSzcZtpBkgSXGQ HTTP/1.1" 200 26
40.77.167.46 - - [12/Nov/2022:12:42:33 -0500] "GET /Publicaciones/2022EE28674.pdf HTTP/1.1" 404 227
172.22.2.4 - - [12/Nov/2022:12:41:21 -0500] "HEAD /BLA/boletinlegal/ HTTP/1.1" 200 -
95.217.144.238 - - [12/Nov/2022:12:43:30 -0500] "-" 408 -
66.249.77.1 - - [12/Nov/2022:12:43:31 -0500] "-" 408 -
95.217.144.236 - - [12/Nov/2022:12:43:35 -0500] "-" 408 -
95.217.144.234 - - [12/Nov/2022:12:43:39 -0500] "-" 408 -
95.217.144.234 - - [12/Nov/2022:12:43:46 -0500] "-" 408 -
95.217.144.156 - - [12/Nov/2022:12:43:51 -0500] "-" 408 -
95.217.144.238 - - [12/Nov/2022:12:43:51 -0500] "-" 408 -
172.22.2.4 - - [12/Nov/2022:12:42:12 -0500] "GET /BLA/boletinlegal/ HTTP/1.1" 200 57824
216.245.221.92 - - [12/Nov/2022:12:44:07 -0500] "HEAD / HTTP/1.1" 200 -
201.245.192.253 - - [12/Nov/2022:12:44:19 -0500] "POST /kwsrmcab/Wsrmcab  HTTP/1.1" 200 40655
200.118.60.122 - - [12/Nov/2022:12:46:22 -0500] "GET /BLA/boletinlegal/js/jquery.scrollShow.js HTTP/1.1" 200 4586
200.118.60.122 - - [12/Nov/2022:12:46:22 -0500] "GET /galeria/galeria/jquery.fancybox.js?v=2.1.5 HTTP/1.1" 200 48706
200.118.60.122 - - [12/Nov/2022:12:46:23 -0500] "GET /galeria/galeria/jquery.fancybox.css?v=2.1.5 HTTP/1.1" 200 4895
37.44.238.183 - - [12/Nov/2022:12:46:15 -0500] "POST /boaform/admin/formLogin HTTP/1.1" 404 1186
172.22.2.4 - - [12/Nov/2022:12:47:14 -0500] "GET /BLA/boletinlegal/actos.php HTTP/1.1" 200 9566
172.22.2.4 - - [12/Nov/2022:12:47:14 -0500] "GET /BLA/boletinlegal/favicon.ico HTTP/1.1" 404 1326
172.22.2.4 - - [12/Nov/2022:12:47:15 -0500] "GET /BLA/boletinlegal/actos.php HTTP/1.1" 200 9566
186.28.81.137 - - [12/Nov/2022:12:47:17 -0500] "GET /BLA/resoluciones/ HTTP/1.1" 200 13093
186.28.81.137 - - [12/Nov/2022:12:47:21 -0500] "GET /BLA/resoluciones/index.php?dir=AUTOS+2019%2F HTTP/1.1" 200 348688
186.28.81.137 - - [12/Nov/2022:12:47:36 -0500] "GET /BLA/resoluciones/index.php?dir=RESOLUCIONES+2019%2F HTTP/1.1" 200 248131
186.28.81.137 - - [12/Nov/2022:12:47:41 -0500] "GET /BLA/resoluciones/RESOLUCIONES%202019/2337.pdf HTTP/1.1" 200 273777
66.249.69.45 - - [12/Nov/2022:12:48:28 -0500] "-" 408 -
172.22.2.4 - - [12/Nov/2022:12:47:11 -0500] "HEAD /BLA/boletinlegal/ HTTP/1.1" 200 -
172.22.2.4 - - [12/Nov/2022:12:47:12 -0500] "GET /BLA/boletinlegal/ HTTP/1.1" 200 54100
216.245.221.92 - - [12/Nov/2022:12:49:07 -0500] "HEAD / HTTP/1.1" 200 -
201.245.192.253 - - [12/Nov/2022:12:49:18 -0500] "POST /kwsrmcab/Wsrmcab  HTTP/1.1" 200 40655
172.22.2.4 - - [12/Nov/2022:12:48:02 -0500] "GET /BLA/boletinlegal/ HTTP/1.1" 200 55680
191.156.74.149 - - [12/Nov/2022:12:53:42 -0500] "GET /calidad-del-aire-consulta-el-borrador-de-decreto-para-la-construccion-de-las-zonas-urbanas-por-un-mejor-aire-zuma.html HTTP/1.1" 200 981
216.245.221.92 - - [12/Nov/2022:12:54:07 -0500] "HEAD / HTTP/1.1" 200 -
201.245.192.253 - - [12/Nov/2022:12:54:17 -0500] "POST /kwsrmcab/Wsrmcab  HTTP/1.1" 200 40655
172.22.2.4 - - [12/Nov/2022:12:53:01 -0500] "HEAD /BLA/boletinlegal/ HTTP/1.1" 200 -
172.22.2.4 - - [12/Nov/2022:12:53:52 -0500] "GET /BLA/boletinlegal/ HTTP/1.1" 200 59779
82.223.243.20 - - [12/Nov/2022:12:56:19 -0500] "GET /wp-includes/css/modules.php HTTP/1.1" 404 1049
82.223.243.20 - - [12/Nov/2022:12:56:20 -0500] "GET /wso.php HTTP/1.1" 404 1049
82.223.243.20 - - [12/Nov/2022:12:56:22 -0500] "GET /wp-content/plugins/upspy/index.php HTTP/1.1" 404 1049
82.223.243.20 - - [12/Nov/2022:12:56:24 -0500] "GET /wp-content/plugins/ubh/index.php HTTP/1.1" 404 1049
82.223.243.20 - - [12/Nov/2022:12:56:25 -0500] "GET /wp-content/plugins/vwcleanerplugin/bump.php?cache HTTP/1.1" 404 1049
82.223.243.20 - - [12/Nov/2022:12:56:27 -0500] "GET /wp-content/plugins/xichang/x.php?xi HTTP/1.1" 404 1049
82.223.243.20 - - [12/Nov/2022:12:56:28 -0500] "GET /wp-content/plugins/html404/index.html HTTP/1.1" 404 1049
82.223.243.20 - - [12/Nov/2022:12:56:30 -0500] "GET /wp-admin/shapes.php HTTP/1.1" 404 1049
82.223.243.20 - - [12/Nov/2022:12:56:32 -0500] "GET /olux.php HTTP/1.1" 404 1049
82.223.243.20 - - [12/Nov/2022:12:56:33 -0500] "GET /indoxploit.php HTTP/1.1" 404 1049
82.223.243.20 - - [12/Nov/2022:12:56:35 -0500] "GET / HTTP/1.1" 200 319
82.223.243.20 - - [12/Nov/2022:12:56:36 -0500] "GET /up.php HTTP/1.1" 404 1049
82.223.243.20 - - [12/Nov/2022:12:56:38 -0500] "GET /upload.php HTTP/1.1" 404 1049
82.223.243.20 - - [12/Nov/2022:12:56:39 -0500] "GET /wp-content/uploads/ HTTP/1.1" 404 1049
82.223.243.20 - - [12/Nov/2022:12:56:41 -0500] "GET /wp-content/uploads/2022/11/ HTTP/1.1" 404 1049
82.223.243.20 - - [12/Nov/2022:12:56:42 -0500] "GET /shell.php HTTP/1.1" 404 1049
82.223.243.20 - - [12/Nov/2022:12:56:44 -0500] "GET /wp-admin/network/wp-footer.php HTTP/1.1" 404 1049
82.223.243.20 - - [12/Nov/2022:12:56:45 -0500] "GET /wp-info.php HTTP/1.1" 404 1049
82.223.243.20 - - [12/Nov/2022:12:56:47 -0500] "GET /wp-content/vuln.php HTTP/1.1" 404 1049
82.223.243.20 - - [12/Nov/2022:12:56:49 -0500] "GET /upel.php HTTP/1.1" 404 1049
82.223.243.20 - - [12/Nov/2022:12:56:51 -0500] "GET /wp-content/plugins/ppus/up.php HTTP/1.1" 404 1049
82.223.243.20 - - [12/Nov/2022:12:56:52 -0500] "GET /098.php HTTP/1.1" 404 1049
82.223.243.20 - - [12/Nov/2022:12:56:53 -0500] "GET /V5.php HTTP/1.1" 404 1049
82.223.243.20 - - [12/Nov/2022:12:56:55 -0500] "GET /new_license.php HTTP/1.1" 404 1049
82.223.243.20 - - [12/Nov/2022:12:56:56 -0500] "GET /wp-content/plugins/theme-configurator/mini.php HTTP/1.1" 404 1049
82.223.243.20 - - [12/Nov/2022:12:56:58 -0500] "GET /wp-content/plugins/widget-logic/mini.php HTTP/1.1" 404 1049
82.223.243.20 - - [12/Nov/2022:12:56:59 -0500] "GET /wso.php HTTP/1.1" 404 1049
82.223.243.20 - - [12/Nov/2022:12:57:01 -0500] "GET /modules/modules/modules.php HTTP/1.1" 404 1049
82.223.243.20 - - [12/Nov/2022:12:57:03 -0500] "GET /modules/mod_simplefileuploadv1.3/elements/Clean.php HTTP/1.1" 404 1049
82.223.243.20 - - [12/Nov/2022:12:57:04 -0500] "GET /modules/mod_simplefileuploadv1.3/elements/udd.php HTTP/1.1" 404 1049
82.223.243.20 - - [12/Nov/2022:12:57:06 -0500] "GET /libraries/joomla/css.php HTTP/1.1" 404 1049
82.223.243.20 - - [12/Nov/2022:12:57:07 -0500] "GET /libraries/joomla/jmails.php?u HTTP/1.1" 404 1049
82.223.243.20 - - [12/Nov/2022:12:57:09 -0500] "GET /libraries/joomla/jmail.php?u HTTP/1.1" 404 1049
82.223.243.20 - - [12/Nov/2022:12:57:11 -0500] "GET /images/vuln.php HTTP/1.1" 404 1049
82.223.243.20 - - [12/Nov/2022:12:57:12 -0500] "GET /tmp/vuln.php HTTP/1.1" 404 1049
82.223.243.20 - - [12/Nov/2022:12:57:14 -0500] "GET /XxX.php HTTP/1.1" 404 1049
82.223.243.20 - - [12/Nov/2022:12:57:15 -0500] "GET /Marvins.php HTTP/1.1" 404 1049
82.223.243.20 - - [12/Nov/2022:12:57:17 -0500] "GET /rxr.php?rxr HTTP/1.1" 404 1049
82.223.243.20 - - [12/Nov/2022:12:57:18 -0500] "GET /olux.php HTTP/1.1" 404 1049
82.223.243.20 - - [12/Nov/2022:12:57:19 -0500] "GET /indoxploit.php HTTP/1.1" 404 1049
82.223.243.20 - - [12/Nov/2022:12:57:21 -0500] "GET /error.php HTTP/1.1" 404 1049
82.223.243.20 - - [12/Nov/2022:12:57:23 -0500] "GET /RxR.php HTTP/1.1" 404 1049
82.223.243.20 - - [12/Nov/2022:12:57:24 -0500] "GET /components/com_b2jcontact/izoc.php HTTP/1.1" 404 1049
82.223.243.20 - - [12/Nov/2022:12:57:26 -0500] "GET /V3.php HTTP/1.1" 404 1049
82.223.243.20 - - [12/Nov/2022:12:57:27 -0500] "GET /V5.php HTTP/1.1" 404 1049
82.223.243.20 - - [12/Nov/2022:12:57:29 -0500] "GET / HTTP/1.1" 200 319
82.223.243.20 - - [12/Nov/2022:12:57:30 -0500] "GET /up.php HTTP/1.1" 404 1049
82.223.243.20 - - [12/Nov/2022:12:57:32 -0500] "GET /upload.php HTTP/1.1" 404 1049
82.223.243.20 - - [12/Nov/2022:12:57:33 -0500] "GET /shell.php HTTP/1.1" 404 1049
82.223.243.20 - - [12/Nov/2022:12:57:35 -0500] "GET /administrator/templates/bluestork/index.php HTTP/1.1" 404 1049
82.223.243.20 - - [12/Nov/2022:12:57:36 -0500] "GET /administrator/templates/bluestork/error.php HTTP/1.1" 404 1049
82.223.243.20 - - [12/Nov/2022:12:57:38 -0500] "GET /administrator/templates/hathor/index.php HTTP/1.1" 404 1049
82.223.243.20 - - [12/Nov/2022:12:57:39 -0500] "GET /administrator/templates/hathor/error.php HTTP/1.1" 404 1049
82.223.243.20 - - [12/Nov/2022:12:57:40 -0500] "GET /administrator/templates/isis/index.php HTTP/1.1" 404 1049
82.223.243.20 - - [12/Nov/2022:12:57:42 -0500] "GET /administrator/templates/isis/error.php HTTP/1.1" 404 1049
82.223.243.20 - - [12/Nov/2022:12:57:43 -0500] "GET /templates/beez/index.php HTTP/1.1" 404 1049
82.223.243.20 - - [12/Nov/2022:12:57:44 -0500] "GET /templates/ja_purity/index.php HTTP/1.1" 404 1049
82.223.243.20 - - [12/Nov/2022:12:57:46 -0500] "GET /templates/rhuk_milkyway/index.php HTTP/1.1" 404 1049
82.223.243.20 - - [12/Nov/2022:12:57:48 -0500] "GET /templates/system/index.php HTTP/1.1" 404 1049
82.223.243.20 - - [12/Nov/2022:12:57:49 -0500] "GET /templates/system/error.php HTTP/1.1" 404 1049
82.223.243.20 - - [12/Nov/2022:12:57:51 -0500] "GET /templates/beez3/index.php HTTP/1.1" 404 1049
82.223.243.20 - - [12/Nov/2022:12:57:53 -0500] "GET /templates/beez3/error.php HTTP/1.1" 404 1049
82.223.243.20 - - [12/Nov/2022:12:57:54 -0500] "GET /templates/beez5/index.php HTTP/1.1" 404 1049
82.223.243.20 - - [12/Nov/2022:12:57:55 -0500] "GET /templates/beez5/error.php HTTP/1.1" 404 1049
82.223.243.20 - - [12/Nov/2022:12:57:57 -0500] "GET /templates/beez_20/index.php HTTP/1.1" 404 1049
82.223.243.20 - - [12/Nov/2022:12:57:58 -0500] "GET /templates/beez_20/error.php HTTP/1.1" 404 1049
82.223.243.20 - - [12/Nov/2022:12:58:00 -0500] "GET /templates/protostar/index.php HTTP/1.1" 404 1049
82.223.243.20 - - [12/Nov/2022:12:58:02 -0500] "GET /templates/protostar/error.php HTTP/1.1" 404 1049
82.223.243.20 - - [12/Nov/2022:12:58:03 -0500] "GET /templates/atomic/index.php HTTP/1.1" 404 1049
82.223.243.20 - - [12/Nov/2022:12:58:04 -0500] "GET /templates/atomic/error.php HTTP/1.1" 404 1049
82.223.243.20 - - [12/Nov/2022:12:58:06 -0500] "GET /olux.php HTTP/1.1" 404 1049
82.223.243.20 - - [12/Nov/2022:12:58:07 -0500] "GET /indoxploit.php HTTP/1.1" 404 1049
82.223.243.20 - - [12/Nov/2022:12:58:09 -0500] "GET /indoxploit.php HTTP/1.1" 404 1049
82.223.243.20 - - [12/Nov/2022:12:58:10 -0500] "GET /wso.php HTTP/1.1" 404 1049
82.223.243.20 - - [12/Nov/2022:12:58:12 -0500] "GET /images/ HTTP/1.1" 200 493
82.223.243.20 - - [12/Nov/2022:12:58:13 -0500] "GET /uploads/ HTTP/1.1" 404 1049
82.223.243.20 - - [12/Nov/2022:12:58:14 -0500] "GET /img/ HTTP/1.1" 200 487
82.223.243.20 - - [12/Nov/2022:12:58:16 -0500] "GET /upload/ HTTP/1.1" 404 1049
82.223.243.20 - - [12/Nov/2022:12:58:17 -0500] "GET /gallery/ HTTP/1.1" 404 1049
82.223.243.20 - - [12/Nov/2022:12:58:19 -0500] "GET /files/ HTTP/1.1" 404 1049
82.223.243.20 - - [12/Nov/2022:12:58:21 -0500] "GET /pdf/ HTTP/1.1" 404 1049
82.223.243.20 - - [12/Nov/2022:12:58:22 -0500] "GET /docs/ HTTP/1.1" 404 1049
82.223.243.20 - - [12/Nov/2022:12:58:24 -0500] "GET / HTTP/1.1" 200 319
82.223.243.20 - - [12/Nov/2022:12:58:25 -0500] "GET /up.php HTTP/1.1" 404 1049
82.223.243.20 - - [12/Nov/2022:12:58:26 -0500] "GET /upload.php HTTP/1.1" 404 1049
82.223.243.20 - - [12/Nov/2022:12:58:27 -0500] "GET /shell.php HTTP/1.1" 404 1049
216.245.221.92 - - [12/Nov/2022:12:59:07 -0500] "HEAD / HTTP/1.1" 200 -
201.245.192.253 - - [12/Nov/2022:12:59:16 -0500] "POST /kwsrmcab/Wsrmcab  HTTP/1.1" 200 40655
40.86.101.165 - - [12/Nov/2022:12:59:59 -0500] "GET /portaldeninos/wp-content/uploads/2021/07/Banners-pa%CC%81gina-de-nin%CC%83os-aula-ambiental.jpg HTTP/1.1" 200 31812
172.22.2.4 - - [12/Nov/2022:13:00:15 -0500] "GET /BLA/boletinlegal/actos.php HTTP/1.1" 200 9566
172.22.2.4 - - [12/Nov/2022:13:00:16 -0500] "GET /BLA/boletinlegal/favicon.ico HTTP/1.1" 404 1326
172.22.2.4 - - [12/Nov/2022:12:58:51 -0500] "HEAD /BLA/boletinlegal/ HTTP/1.1" 200 -
172.22.2.4 - - [12/Nov/2022:13:00:36 -0500] "GET /BLA/boletinlegal/consulta_actos.php?tipo=resoluciones&no=0338&usuario=&sector=AIRE&fecha=2019&resuelve= HTTP/1.1" 200 1435
190.253.168.233 - - [12/Nov/2022:13:00:39 -0500] "GET /BLA/resoluciones/RESOLUCIONES%202019/0338.pdf HTTP/1.1" 200 368159
186.102.0.161 - - [12/Nov/2022:13:01:11 -0500] "GET /kwssiamovil/sm/acme/a?s=U2FsdGVkX1/wZW+WagPOk1QNXrUea9QA7lRrLu0vWPLL0dgbHG/MJchz2DbEkpT2jo+Eepgrj2mdsOPwzhls/ZQTCR8eYgmxemOcoGySM9iBB/i496fYJJZGp/mHS3Zm0+Dd3eXVzusee/WtP2J8c8ZU1Z2empeuhWaBW7rXMpquZq4fh/r+dVgVpKbYLlEN4Qf5ls2ef/us9+3jsN3S6vJ05M2Jl5GeqB0bqX+iRJgIKwzgc6aRQl8XAgaH4oHo2XRoId9OEm7IikuVQIHtXoGfRxNhOY1e5zjCAF0JegE=&u=U2FsdGVkX1+FGU+hh9r76Njex8Av2cgsy6MxoRUgvj0Ekq81NrO410H9AAWQAtiY&y=U2FsdGVkX1+zAWrYSFE5Ilb2ZLF2J+GWYR4D9gYsCCGvlNIl66jSzcZtpBkgSXGQ HTTP/1.1" 200 26
186.102.0.161 - - [12/Nov/2022:13:01:12 -0500] "GET /kwssiamovil/sm/acme/a?s=U2FsdGVkX197HFSDS5JOcjFDVpQLfC7/kHpWNcV5chUIvBP3S9OPaRHi6rvDDq3PqX/FHA6Ie6+/8hTtHgB6qiUUvxgidXXVsTrdTzQfxs67t4FqeSrasdtt0NutF/meom/UE034zwvhm74jnVIYdkokmdqvHofRPonqRljQCi61G5EPpI7p3XtggDRiYP6DPMzV6d8ibn2A6hzryknwA/JXWFUhp4nBFYkYDRqbU5N2OpD89cej1wGNGePDVkr34ow2Y1m4I3L2T6ztZ/3gFQPqPZ83xNULgE3S1sRnryqXfsGYu+ExaIIcIuHIPIvhuMLlXggjZQeeOHfqW3bvT9A36eQ8z/1ie3Dn+Ip4ec11YqkUpUTpPN+GI0HiVcuFiLlMVd3x5D+4v1kLPWaSLgmzR2j+3fqRZq3ES93ckVv1softLQpxHly39G4Z1CSDP6BEVr2DLlAOPGsfUl3D5P0rVTGGT60w+X8kjc8xU32q/nLFaXOBE5muOFNJSINFAeIJFZ8WrK46YNDFTbukIgcmy+HSwLk6x33mJW1if9jqVo1eGLV/fg9tNpdRYn4o0Yvxwi3EQxBbacZd+XhfgeZVXGtQ+KCWzUd/Z28fthke/+zqxh1wJaAvaHHQMzImuKl3oqTIzkC67zBTYRC/sG0m+hKr+CVHQkC3AK4L7X9ueQ7ejDmjedKj7j3FUrjeytPxCbnStQ1+jLbFwm4pGGa+cXMCuUnV52jeONVoprS+fyxtyqSlNF2PM+l0K/49fHUel5hFrr2Ir0J7xY/7H6MjIpcMH6j4NAK1a7U2i5oQ2as+ZcKJo1WoX8GcjYJ1RCaxU9MQ90VmDGzOqDO2q3pcP9uf0mJVpvAiQxa3e5pFIjtL9IHjztqGlaEFyLeSSklahJoHjFY4PkJT+cchHlDCnLkcRF46IKE8z7/bugpL3zFklBLYa43D50IZr6eXTG/IBQGRSAgfh/Wev91qfE8J3G1eG0Rgm3e8K0naPKO/1nKBlyzokSqkOd0mNwZF7cfW9kpV5dDk8qAvI1YocLxMDpuRVdY7o9N7EBWxUA9vwIIARd5X126RbUqpISYoDFUxeaCzio4zDIQRahOIwoRGfP3+Uqnu3B514JfB915dZ4n4Zuc+nAbXU3XwYgvdHypb2rq87ANetMqrymNN8Na22YbZaKjhRiz5zCmAvpq0tWyeuoV6szE4of23R3xkqvfzjj0UqTQAH8Uty76Rp7V9jHjTk3C3J6TIBa3iA4Gj+OxnoDFHGWhDnjqxE/3fpDSrQuMfVlLaDxJuc50MFjkKyNQl2IcfD0oniSt+aArA8dZfikoNPySlOshyv4FmusmhRyJAr87bic6QzXDhwXtzfC1J0oESvhutXdk4WmOoDEhEqEPL1zUAODWm8n4icrU4Ydzcg9LywXHEjIRr9kWMeC8dL5GM2WNFOLPB7bRj4P6oHL3FoTwWIrKC/vtJ4qmFuT2XVyg599dU1KoUEugpZnSwWyjG4i4p+ZdwmEndXFPdzzw7CYmho1yCGZ4y0cp0w8qxX6y6GcTZ+2NcflKnzj0BfNN3JPfPbdjq2iTFWzBHvY+YRMUJ5qjJWD8M&u=U2FsdGVkX1+FGU+hh9r76Njex8Av2cgsy6MxoRUgvj0Ekq81NrO410H9AAWQAtiY&y=U2FsdGVkX1+zAWrYSFE5Ilb2ZLF2J+GWYR4D9gYsCCGvlNIl66jSzcZtpBkgSXGQ HTTP/1.1" 200 26
186.102.0.161 - - [12/Nov/2022:13:01:12 -0500] "GET /kwssiamovil/sm/acme/a?s=U2FsdGVkX19u4OY0mD78a2YzR4pyFGpKQsakjOnjGlsRzEGu+CfOhw7luwsITbb7sZLuVNxp6K1NrQ0xzmL5RjGNGesCtmT+SkgoB1jdaBEo3qnZZaHBe78T2gFe9CNcecV+oE8BiaNLoF+GNJt9HL2VuvRnvh2I5jq5DkFdaPQ=&u=U2FsdGVkX1+FGU+hh9r76Njex8Av2cgsy6MxoRUgvj0Ekq81NrO410H9AAWQAtiY&y=U2FsdGVkX1+zAWrYSFE5Ilb2ZLF2J+GWYR4D9gYsCCGvlNIl66jSzcZtpBkgSXGQ HTTP/1.1" 200 26
186.102.0.161 - - [12/Nov/2022:13:01:12 -0500] "GET /kwssiamovil/sm/acme/a?s=U2FsdGVkX197Re2GDHp+cADw7yNcckZ8Rplf1bZG040POAA3mjSyPRiZn2ymwJ0Df7lDghSPrEV04FxxJfnRRoRYkwc1xYlQUkhGrN21Z15CEYbnCQDvRweSJgmsna9ZRd5VvDOvHABFsP3ckqfVw21rPxLL7fqUCKXVmvTKGXs=&u=U2FsdGVkX1+FGU+hh9r76Njex8Av2cgsy6MxoRUgvj0Ekq81NrO410H9AAWQAtiY&y=U2FsdGVkX1+zAWrYSFE5Ilb2ZLF2J+GWYR4D9gYsCCGvlNIl66jSzcZtpBkgSXGQ HTTP/1.1" 200 26
186.102.0.161 - - [12/Nov/2022:13:01:12 -0500] "GET /kwssiamovil/sm/acme/a?s=U2FsdGVkX18hm3WiiDQog2BEB+CPZi9PEgAeYyL5VI52j6mHWyd50dytlMn+JzXSkI1haYQ4k2bzdzCWkOZ5sV6Do58zHLaHdDCy9U5RIeXQ4kedbUo/xO8wzxRLmTWrfDZtRCu8VeARUjto5q1F0hI4+VpcNAwH1tR5iI4W8+s=&u=U2FsdGVkX1+FGU+hh9r76Njex8Av2cgsy6MxoRUgvj0Ekq81NrO410H9AAWQAtiY&y=U2FsdGVkX1+zAWrYSFE5Ilb2ZLF2J+GWYR4D9gYsCCGvlNIl66jSzcZtpBkgSXGQ HTTP/1.1" 200 26
186.102.0.161 - - [12/Nov/2022:13:01:12 -0500] "GET /kwssiamovil/sm/acme/a?s=U2FsdGVkX1/k0nerjsXQ+pEHTOcnJbbGIBDaGgp83tnAks3KKw40rvoa6zttEaoD2zEFwU0/FlwrOZvCsEivDA67wBGUf0YzCbxt03x2lxeCQlTilzZLvPWAFyjiQqtZRlWO9xmaHu5dZ4utQrNDd2rYCTP8V9SGR1q+Zgf5Yx9rNnBZLiNX8AXxENERHlwUnJiHM7TyjZAQl4AYZOomnw==&u=U2FsdGVkX1+FGU+hh9r76Njex8Av2cgsy6MxoRUgvj0Ekq81NrO410H9AAWQAtiY&y=U2FsdGVkX1+zAWrYSFE5Ilb2ZLF2J+GWYR4D9gYsCCGvlNIl66jSzcZtpBkgSXGQ HTTP/1.1" 200 26
172.22.2.4 - - [12/Nov/2022:12:59:42 -0500] "GET /BLA/boletinlegal/ HTTP/1.1" 200 59779
191.156.62.229 - - [12/Nov/2022:13:03:26 -0500] "GET /calidad-del-aire-consulta-el-borrador-de-decreto-para-la-construccion-de-las-zonas-urbanas-por-un-mejor-aire-zuma.html HTTP/1.1" 304 -
216.245.221.92 - - [12/Nov/2022:13:04:07 -0500] "HEAD / HTTP/1.1" 200 -
201.245.192.253 - - [12/Nov/2022:13:04:15 -0500] "POST /kwsrmcab/Wsrmcab  HTTP/1.1" 200 40655
172.22.2.4 - - [12/Nov/2022:13:04:41 -0500] "HEAD /BLA/boletinlegal/ HTTP/1.1" 200 -
181.50.219.26 - - [12/Nov/2022:13:06:42 -0500] "GET /calidad-del-aire-consulta-el-borrador-de-decreto-para-la-construccion-de-las-zonas-urbanas-por-un-mejor-aire-zuma.html HTTP/1.1" 200 981
173.252.111.13 - - [12/Nov/2022:13:06:49 -0500] "GET /indicadores-de-fauna-silvestre-en-el-observatorio-ambiental-de-bogota.html HTTP/1.1" 206 949
172.22.2.4 - - [12/Nov/2022:13:05:32 -0500] "GET /BLA/boletinlegal/ HTTP/1.1" 200 59779
216.245.221.92 - - [12/Nov/2022:13:09:07 -0500] "HEAD / HTTP/1.1" 200 -
201.245.192.253 - - [12/Nov/2022:13:09:15 -0500] "POST /kwsrmcab/Wsrmcab  HTTP/1.1" 200 40655
172.22.2.4 - - [12/Nov/2022:13:10:31 -0500] "HEAD /BLA/boletinlegal/ HTTP/1.1" 200 -
172.22.2.4 - - [12/Nov/2022:13:11:22 -0500] "GET /BLA/boletinlegal/ HTTP/1.1" 200 57824
216.245.221.92 - - [12/Nov/2022:13:14:07 -0500] "HEAD / HTTP/1.1" 200 -
201.245.192.253 - - [12/Nov/2022:13:14:14 -0500] "POST /kwsrmcab/Wsrmcab  HTTP/1.1" 200 40655
191.156.74.149 - - [12/Nov/2022:13:15:22 -0500] "GET /calidad-del-aire-consulta-el-borrador-de-decreto-para-la-construccion-de-las-zonas-urbanas-por-un-mejor-aire-zuma.html HTTP/1.1" 206 981
191.156.74.149 - - [12/Nov/2022:13:15:22 -0500] "GET /images/zuma_optimized.jpeg HTTP/1.1" 206 40030
168.90.13.178 - - [12/Nov/2022:13:15:29 -0500] "GET /calidad-del-aire-consulta-el-borrador-de-decreto-para-la-construccion-de-las-zonas-urbanas-por-un-mejor-aire-zuma.html HTTP/1.1" 200 981
172.22.2.4 - - [12/Nov/2022:13:16:22 -0500] "HEAD /BLA/boletinlegal/ HTTP/1.1" 200 -
172.22.2.4 - - [12/Nov/2022:13:17:13 -0500] "GET /BLA/boletinlegal/ HTTP/1.1" 200 59779
20.29.111.244 - - [12/Nov/2022:13:19:04 -0500] "GET /portaldeninos/wp-content/uploads/2021/07/Banners-pa%CC%81gina-de-nin%CC%83os4.jpg HTTP/1.1" 200 27901
216.245.221.92 - - [12/Nov/2022:13:19:07 -0500] "HEAD / HTTP/1.1" 200 -
201.245.192.253 - - [12/Nov/2022:13:19:14 -0500] "POST /kwsrmcab/Wsrmcab  HTTP/1.1" 200 40655
168.90.13.178 - - [12/Nov/2022:13:19:31 -0500] "GET /calidad-del-aire-consulta-el-borrador-de-decreto-para-la-construccion-de-las-zonas-urbanas-por-un-mejor-aire-zuma.html HTTP/1.1" 200 981
185.119.81.103 - - [12/Nov/2022:13:21:00 -0500] "GET /portaldeninos/wp-login.php HTTP/1.1" 200 2592
185.119.81.103 - - [12/Nov/2022:13:21:01 -0500] "POST /portaldeninos/wp-login.php HTTP/1.1" 200 3605
172.22.2.4 - - [12/Nov/2022:13:20:45 -0500] "GET /BLA/boletinlegal/ HTTP/1.1" 200 36811
201.245.192.253 - - [12/Nov/2022:13:21:39 -0500] "POST /kwsrmcab/Wsrmcab HTTP/1.1" 200 42650
201.245.192.253 - - [12/Nov/2022:13:21:41 -0500] "POST /kwsrmcab/Wsrmcab HTTP/1.1" 200 43792
185.119.81.103 - - [12/Nov/2022:13:22:17 -0500] "GET /portaldeninos/wp-login.php HTTP/1.1" 200 2592
185.119.81.103 - - [12/Nov/2022:13:22:18 -0500] "POST /portaldeninos/wp-login.php HTTP/1.1" 200 3605
172.22.2.4 - - [12/Nov/2022:13:22:12 -0500] "HEAD /BLA/boletinlegal/ HTTP/1.1" 200 -
173.252.79.8 - - [12/Nov/2022:13:23:56 -0500] "GET /images/reunion-planta-termovalorizacion-11-mayo.jpg HTTP/1.1" 200 34782
216.245.221.92 - - [12/Nov/2022:13:24:07 -0500] "HEAD / HTTP/1.1" 200 -
201.245.192.253 - - [12/Nov/2022:13:24:12 -0500] "POST /kwsrmcab/Wsrmcab  HTTP/1.1" 200 40655
172.22.2.4 - - [12/Nov/2022:13:23:02 -0500] "GET /BLA/boletinlegal/ HTTP/1.1" 200 59779
216.245.221.92 - - [12/Nov/2022:13:29:07 -0500] "HEAD / HTTP/1.1" 200 -
201.245.192.253 - - [12/Nov/2022:13:29:11 -0500] "POST /kwsrmcab/Wsrmcab  HTTP/1.1" 200 40655
185.119.81.98 - - [12/Nov/2022:13:29:14 -0500] "GET /portaldeninos/wp-login.php HTTP/1.1" 200 2592
185.119.81.98 - - [12/Nov/2022:13:29:15 -0500] "POST /portaldeninos/wp-login.php HTTP/1.1" 200 3605
172.22.2.4 - - [12/Nov/2022:13:28:02 -0500] "HEAD /BLA/boletinlegal/ HTTP/1.1" 200 -
172.22.2.4 - - [12/Nov/2022:13:28:53 -0500] "GET /BLA/boletinlegal/ HTTP/1.1" 200 54816
20.231.101.203 - - [12/Nov/2022:13:29:39 -0500] "GET /BLA/boletinlegal/ HTTP/1.1" 200 57192
201.245.192.253 - - [12/Nov/2022:13:31:39 -0500] "POST /kwsrmcab/Wsrmcab HTTP/1.1" 200 42650
201.245.192.253 - - [12/Nov/2022:13:31:42 -0500] "POST /kwsrmcab/Wsrmcab HTTP/1.1" 200 43792
172.22.2.4 - - [12/Nov/2022:13:32:14 -0500] "GET /BLA/boletinlegal/images/screen_2.png HTTP/1.1" 200 362502
172.22.2.4 - - [12/Nov/2022:13:32:14 -0500] "GET /BLA/boletinlegal/images/screen_3.png HTTP/1.1" 200 210620
172.22.2.4 - - [12/Nov/2022:13:32:14 -0500] "GET /BLA/boletinlegal/images/screen_5.png HTTP/1.1" 200 368876
172.22.2.4 - - [12/Nov/2022:13:32:14 -0500] "GET /BLA/boletinlegal/images/arr_r.jpg HTTP/1.1" 200 1998
172.22.2.4 - - [12/Nov/2022:13:32:39 -0500] "GET /BLA/boletinlegal/actos.php HTTP/1.1" 200 9566
172.22.2.4 - - [12/Nov/2022:13:32:39 -0500] "GET /BLA/boletinlegal/favicon.ico HTTP/1.1" 404 1326
172.22.2.4 - - [12/Nov/2022:13:32:06 -0500] "GET /BLA/boletinlegal/ HTTP/1.1" 200 40907
216.245.221.92 - - [12/Nov/2022:13:34:07 -0500] "HEAD / HTTP/1.1" 200 -
201.245.192.253 - - [12/Nov/2022:13:34:10 -0500] "POST /kwsrmcab/Wsrmcab  HTTP/1.1" 200 40655
172.22.2.4 - - [12/Nov/2022:13:34:26 -0500] "GET /BLA/boletinlegal/consulta_actos.php?tipo=resoluciones&no=2481&usuario=&sector=&fecha=2022&resuelve= HTTP/1.1" 200 1120
40.77.167.69 - - [12/Nov/2022:13:34:45 -0500] "GET /portaldeninos/2021/04/28/dia-internacional-de-concienciacion-sobre-el-ruido-por-una-ciudad-mas-tranquila-y-sostenible/ HTTP/1.1" 200 110148
172.22.2.4 - - [12/Nov/2022:13:33:52 -0500] "HEAD /BLA/boletinlegal/ HTTP/1.1" 200 -
172.22.2.4 - - [12/Nov/2022:13:34:43 -0500] "GET /BLA/boletinlegal/ HTTP/1.1" 200 55272
172.22.2.4 - - [12/Nov/2022:13:36:28 -0500] "GET /BLA/boletinlegal/ HTTP/1.1" 200 36811
216.245.221.92 - - [12/Nov/2022:13:39:07 -0500] "HEAD / HTTP/1.1" 200 -
201.245.192.253 - - [12/Nov/2022:13:39:08 -0500] "POST /kwsrmcab/Wsrmcab  HTTP/1.1" 200 40655
172.22.2.4 - - [12/Nov/2022:13:39:42 -0500] "HEAD /BLA/boletinlegal/ HTTP/1.1" 200 -
201.245.192.253 - - [12/Nov/2022:13:41:38 -0500] "POST /kwsrmcab/Wsrmcab HTTP/1.1" 200 42650
201.245.192.253 - - [12/Nov/2022:13:41:41 -0500] "POST /kwsrmcab/Wsrmcab HTTP/1.1" 200 43792
172.22.2.4 - - [12/Nov/2022:13:41:53 -0500] "GET /BLA/boletinlegal/actos.php HTTP/1.1" 200 9566
40.122.230.188 - - [12/Nov/2022:13:42:00 -0500] "GET /galeria/nivo-slider/demo/images/bannervisorweb.jpg HTTP/1.1" 200 201837
172.22.2.4 - - [12/Nov/2022:13:40:32 -0500] "GET /BLA/boletinlegal/ HTTP/1.1" 200 55680
172.22.2.4 - - [12/Nov/2022:13:42:13 -0500] "GET /BLA/boletinlegal/consulta_actos.php?tipo=resoluciones&no=&usuario=&sector=&fecha=2022&resuelve=Cesaci%F3n HTTP/1.1" 200 5427
172.22.2.4 - - [12/Nov/2022:13:42:13 -0500] "GET /BLA/boletinlegal/images/pdf.gif HTTP/1.1" 200 567
172.22.2.4 - - [12/Nov/2022:13:42:13 -0500] "GET /BLA/boletinlegal/images/background.gif HTTP/1.1" 200 -
186.155.14.108 - - [12/Nov/2022:13:42:22 -0500] "GET /BLA/resoluciones/RESOLUCIONES%202022/3394.pdf HTTP/1.1" 200 374332
172.22.2.4 - - [12/Nov/2022:13:41:52 -0500] "GET /BLA/boletinlegal/ HTTP/1.1" 200 24523
186.155.14.108 - - [12/Nov/2022:13:42:56 -0500] "GET /BLA/resoluciones/RESOLUCIONES%202022/2476.pdf HTTP/1.1" 200 354816
216.245.221.92 - - [12/Nov/2022:13:44:07 -0500] "HEAD / HTTP/1.1" 200 -
201.245.192.253 - - [12/Nov/2022:13:44:07 -0500] "POST /kwsrmcab/Wsrmcab  HTTP/1.1" 200 40655
186.155.14.108 - - [12/Nov/2022:13:44:58 -0500] "GET /BLA/resoluciones/RESOLUCIONES%202022/2699.pdf HTTP/1.1" 200 387353
185.119.81.103 - - [12/Nov/2022:13:46:10 -0500] "GET /portaldeninos/wp-login.php HTTP/1.1" 200 2592
185.119.81.103 - - [12/Nov/2022:13:46:11 -0500] "POST /portaldeninos/wp-login.php HTTP/1.1" 200 3605
186.155.14.108 - - [12/Nov/2022:13:46:15 -0500] "GET /BLA/resoluciones/RESOLUCIONES%202022/1471.pdf HTTP/1.1" 200 370113
172.22.2.4 - - [12/Nov/2022:13:45:32 -0500] "HEAD /BLA/boletinlegal/ HTTP/1.1" 200 -
172.22.2.4 - - [12/Nov/2022:13:46:22 -0500] "GET /BLA/boletinlegal/ HTTP/1.1" 200 58185
35.236.215.231 - - [12/Nov/2022:13:48:04 -0500] "GET /camino-guadalupe-aguanoso-cerrado-por-caida-de-arboles.html HTTP/1.1" 200 851
35.236.215.231 - - [12/Nov/2022:13:48:04 -0500] "GET /camino-guadalupe-aguanoso-cerrado-por-caida-de-arboles.html HTTP/1.1" 200 851
172.22.2.4 - - [12/Nov/2022:13:48:21 -0500] "GET /BLA/boletinlegal/ab2g HTTP/1.1" 404 1018
172.22.2.4 - - [12/Nov/2022:13:48:22 -0500] "GET /BLA/boletinlegal/ab2h HTTP/1.1" 404 1018
172.22.2.4 - - [12/Nov/2022:13:48:24 -0500] "GET /BLA/boletinlegal/ HTTP/1.1" 200 32715
216.245.221.92 - - [12/Nov/2022:13:49:07 -0500] "HEAD / HTTP/1.1" 200 -
201.245.192.253 - - [12/Nov/2022:13:49:06 -0500] "POST /kwsrmcab/Wsrmcab  HTTP/1.1" 200 40655
40.77.167.57 - - [12/Nov/2022:13:50:32 -0500] "GET /BLA/resoluciones/RESOLUCIONES%202013/2320.pdf HTTP/1.1" 304 -
172.22.2.4 - - [12/Nov/2022:13:51:23 -0500] "GET /BLA/boletinlegal/consulta_actos.php?tipo=resoluciones&no=2488&usuario=&sector=&fecha=2022&resuelve= HTTP/1.1" 200 1323
172.22.2.4 - - [12/Nov/2022:13:51:30 -0500] "GET /BLA/boletinlegal/jurisprudencia/analisis/AnalisisT-693-12.docx HTTP/1.1" 200 25737
172.22.2.4 - - [12/Nov/2022:13:51:44 -0500] "GET /BLA/boletinlegal/consulta_actos.php?tipo=autos&no=5485&usuario=&sector=&fecha=2022&resuelve= HTTP/1.1" 200 1076
172.22.2.4 - - [12/Nov/2022:13:52:40 -0500] "GET /BLA/boletinlegal/consulta_actos.php?tipo=autos&no=5751&usuario=&sector=&fecha=2022&resuelve= HTTP/1.1" 200 1105
82.223.243.20 - - [12/Nov/2022:13:52:44 -0500] "GET /wp-includes/css/modules.php HTTP/1.1" 404 1043
82.223.243.20 - - [12/Nov/2022:13:52:45 -0500] "GET /wso.php HTTP/1.1" 404 1043
82.223.243.20 - - [12/Nov/2022:13:52:46 -0500] "GET /wp-content/plugins/upspy/index.php HTTP/1.1" 404 1043
82.223.243.20 - - [12/Nov/2022:13:52:48 -0500] "GET /wp-content/plugins/ubh/index.php HTTP/1.1" 404 1043
82.223.243.20 - - [12/Nov/2022:13:52:49 -0500] "GET /wp-content/plugins/vwcleanerplugin/bump.php?cache HTTP/1.1" 404 1043
82.223.243.20 - - [12/Nov/2022:13:52:50 -0500] "GET /wp-content/plugins/xichang/x.php?xi HTTP/1.1" 404 1043
82.223.243.20 - - [12/Nov/2022:13:52:52 -0500] "GET /wp-content/plugins/html404/index.html HTTP/1.1" 404 1043
82.223.243.20 - - [12/Nov/2022:13:52:53 -0500] "GET /wp-admin/shapes.php HTTP/1.1" 404 1043
82.223.243.20 - - [12/Nov/2022:13:52:56 -0500] "GET /olux.php HTTP/1.1" 404 1043
82.223.243.20 - - [12/Nov/2022:13:52:58 -0500] "GET /indoxploit.php HTTP/1.1" 404 1043
82.223.243.20 - - [12/Nov/2022:13:52:59 -0500] "GET / HTTP/1.1" 200 319
82.223.243.20 - - [12/Nov/2022:13:53:00 -0500] "GET /up.php HTTP/1.1" 404 1043
82.223.243.20 - - [12/Nov/2022:13:53:02 -0500] "GET /upload.php HTTP/1.1" 404 1043
172.22.2.4 - - [12/Nov/2022:13:51:22 -0500] "HEAD /BLA/boletinlegal/ HTTP/1.1" 200 -
82.223.243.20 - - [12/Nov/2022:13:53:04 -0500] "GET /wp-content/uploads/ HTTP/1.1" 404 1043
82.223.243.20 - - [12/Nov/2022:13:53:05 -0500] "GET /wp-content/uploads/2022/11/ HTTP/1.1" 404 1043
82.223.243.20 - - [12/Nov/2022:13:53:06 -0500] "GET /shell.php HTTP/1.1" 404 1043
82.223.243.20 - - [12/Nov/2022:13:53:08 -0500] "GET /wp-admin/network/wp-footer.php HTTP/1.1" 404 1043
82.223.243.20 - - [12/Nov/2022:13:53:09 -0500] "GET /wp-info.php HTTP/1.1" 404 1043
82.223.243.20 - - [12/Nov/2022:13:53:11 -0500] "GET /wp-content/vuln.php HTTP/1.1" 404 1043
82.223.243.20 - - [12/Nov/2022:13:53:12 -0500] "GET /upel.php HTTP/1.1" 404 1043
82.223.243.20 - - [12/Nov/2022:13:53:14 -0500] "GET /wp-content/plugins/ppus/up.php HTTP/1.1" 404 1043
82.223.243.20 - - [12/Nov/2022:13:53:15 -0500] "GET /098.php HTTP/1.1" 404 1043
82.223.243.20 - - [12/Nov/2022:13:53:17 -0500] "GET /V5.php HTTP/1.1" 404 1043
82.223.243.20 - - [12/Nov/2022:13:53:18 -0500] "GET /new_license.php HTTP/1.1" 404 1043
82.223.243.20 - - [12/Nov/2022:13:53:19 -0500] "GET /wp-content/plugins/theme-configurator/mini.php HTTP/1.1" 404 1043
82.223.243.20 - - [12/Nov/2022:13:53:21 -0500] "GET /wp-content/plugins/widget-logic/mini.php HTTP/1.1" 404 1043
82.223.243.20 - - [12/Nov/2022:13:53:23 -0500] "GET /wso.php HTTP/1.1" 404 1043
82.223.243.20 - - [12/Nov/2022:13:53:25 -0500] "GET /modules/modules/modules.php HTTP/1.1" 404 1043
82.223.243.20 - - [12/Nov/2022:13:53:26 -0500] "GET /modules/mod_simplefileuploadv1.3/elements/Clean.php HTTP/1.1" 404 1043
82.223.243.20 - - [12/Nov/2022:13:53:28 -0500] "GET /modules/mod_simplefileuploadv1.3/elements/udd.php HTTP/1.1" 404 1043
82.223.243.20 - - [12/Nov/2022:13:53:29 -0500] "GET /libraries/joomla/css.php HTTP/1.1" 404 1043
82.223.243.20 - - [12/Nov/2022:13:53:30 -0500] "GET /libraries/joomla/jmails.php?u HTTP/1.1" 404 1043
82.223.243.20 - - [12/Nov/2022:13:53:32 -0500] "GET /libraries/joomla/jmail.php?u HTTP/1.1" 404 1043
82.223.243.20 - - [12/Nov/2022:13:53:33 -0500] "GET /images/vuln.php HTTP/1.1" 404 1043
82.223.243.20 - - [12/Nov/2022:13:53:35 -0500] "GET /tmp/vuln.php HTTP/1.1" 404 1043
82.223.243.20 - - [12/Nov/2022:13:53:36 -0500] "GET /XxX.php HTTP/1.1" 404 1043
82.223.243.20 - - [12/Nov/2022:13:53:38 -0500] "GET /Marvins.php HTTP/1.1" 404 1043
82.223.243.20 - - [12/Nov/2022:13:53:39 -0500] "GET /rxr.php?rxr HTTP/1.1" 404 1043
82.223.243.20 - - [12/Nov/2022:13:53:41 -0500] "GET /olux.php HTTP/1.1" 404 1043
82.223.243.20 - - [12/Nov/2022:13:53:42 -0500] "GET /indoxploit.php HTTP/1.1" 404 1043
82.223.243.20 - - [12/Nov/2022:13:53:44 -0500] "GET /error.php HTTP/1.1" 404 1043
82.223.243.20 - - [12/Nov/2022:13:53:46 -0500] "GET /RxR.php HTTP/1.1" 404 1043
82.223.243.20 - - [12/Nov/2022:13:53:47 -0500] "GET /components/com_b2jcontact/izoc.php HTTP/1.1" 404 1043
185.119.81.103 - - [12/Nov/2022:13:53:48 -0500] "GET /portaldeninos/wp-login.php HTTP/1.1" 200 2592
82.223.243.20 - - [12/Nov/2022:13:53:49 -0500] "GET /V3.php HTTP/1.1" 404 1043
185.119.81.103 - - [12/Nov/2022:13:53:49 -0500] "POST /portaldeninos/wp-login.php HTTP/1.1" 200 3650
82.223.243.20 - - [12/Nov/2022:13:53:51 -0500] "GET /V5.php HTTP/1.1" 404 1043
82.223.243.20 - - [12/Nov/2022:13:53:52 -0500] "GET / HTTP/1.1" 200 319
