!C99Shell v. 1.0 pre-release build #13!

Software: Apache. PHP/5.5.15 

uname -a: Windows NT SVR-DMZ 6.1 build 7600 (Windows Server 2008 R2 Enterprise Edition) i586 

SYSTEM 

Safe-mode: OFF (not secure)

E:\nuevo\apache\logs\   drwxrwxrwx
Free 7.34 GB of 239.26 GB (3.07%)
Detected drives: [ a ] [ c ] [ d ] [ e ] [ f ]
Home    Back    Forward    UPDIR    Refresh    Search    Buffer    Encoder    Tools    Proc.    FTP brute    Sec.    SQL    PHP-code    Update    Feedback    Self remove    Logout    


Viewing file:     access.2022.11.12.log (767.83 KB)      -rw-rw-rw-
Select action/file-type:
(+) | (+) | (+) | Code (+) | Session (+) | (+) | SDB (+) | (+) | (+) | (+) | (+) | (+) |
172.22.2.4 - - [12/Nov/2022:00:00:02 -0500] "GET /BLA/boletinlegal/ HTTP/1.1" 200 32715
199.16.157.183 - - [12/Nov/2022:00:01:21 -0500] "GET /images/Humedal%20SDA%2001.jpeg HTTP/1.1" 200 80229
199.16.157.180 - - [12/Nov/2022:00:01:21 -0500] "GET /cinco-humedales-cerrados-por-fuertes-lluvias.html HTTP/1.1" 200 785
201.245.192.253 - - [12/Nov/2022:00:01:57 -0500] "POST /kwsrmcab/Wsrmcab  HTTP/1.1" 200 40655
172.22.2.4 - - [12/Nov/2022:00:02:40 -0500] "GET /BLA/boletinlegal/style.css HTTP/1.1" 200 9406
172.22.2.4 - - [12/Nov/2022:00:02:41 -0500] "GET /BLA/boletinlegal/styles2.css HTTP/1.1" 200 1838
172.22.2.4 - - [12/Nov/2022:00:02:41 -0500] "GET /BLA/boletinlegal/js/jquery.js HTTP/1.1" 200 57254
172.22.2.4 - - [12/Nov/2022:00:02:41 -0500] "GET /BLA/boletinlegal/js/jquery.scrollTo-min.js HTTP/1.1" 200 1150
172.22.2.4 - - [12/Nov/2022:00:02:41 -0500] "GET /BLA/boletinlegal/js/jquery.scrollShow.js HTTP/1.1" 200 4586
172.22.2.4 - - [12/Nov/2022:00:02:41 -0500] "GET /BLA/boletinlegal/images/cabezote%20BLEGAL.jpg HTTP/1.1" 200 118164
172.22.2.4 - - [12/Nov/2022:00:02:41 -0500] "GET /BLA/boletinlegal/images/subscribe-icon-big.png HTTP/1.1" 200 47702
172.22.2.4 - - [12/Nov/2022:00:02:41 -0500] "GET /BLA/boletinlegal/images/historia.png HTTP/1.1" 200 52775
172.22.2.4 - - [12/Nov/2022:00:02:41 -0500] "GET /BLA/boletinlegal/images/registro-usuarios.png HTTP/1.1" 200 8106
172.22.2.4 - - [12/Nov/2022:00:02:41 -0500] "GET /BLA/boletinlegal/images/arr_l.jpg HTTP/1.1" 200 1979
172.22.2.4 - - [12/Nov/2022:00:02:41 -0500] "GET /BLA/boletinlegal/images/text.jpg HTTP/1.1" 200 568
172.22.2.4 - - [12/Nov/2022:00:02:41 -0500] "GET /BLA/boletinlegal/images/body_bg.jpg HTTP/1.1" 200 1601
172.22.2.4 - - [12/Nov/2022:00:02:42 -0500] "GET /BLA/boletinlegal/images/menu_rght.gif HTTP/1.1" 200 1627
172.22.2.4 - - [12/Nov/2022:00:02:42 -0500] "GET /BLA/boletinlegal/images/bg_top.jpg HTTP/1.1" 200 522
172.22.2.4 - - [12/Nov/2022:00:02:42 -0500] "GET /BLA/boletinlegal/images/menu_bg.jpg HTTP/1.1" 200 620
172.22.2.4 - - [12/Nov/2022:00:02:42 -0500] "GET /BLA/boletinlegal/images/hover.jpg HTTP/1.1" 200 640
172.22.2.4 - - [12/Nov/2022:00:02:42 -0500] "GET /BLA/boletinlegal/images/menu_lft.gif HTTP/1.1" 200 1713
172.22.2.4 - - [12/Nov/2022:00:02:42 -0500] "GET /BLA/boletinlegal/images/screen_1.png HTTP/1.1" 200 202547
172.22.2.4 - - [12/Nov/2022:00:02:42 -0500] "GET /BLA/boletinlegal/images/launch.jpg HTTP/1.1" 200 14577
172.22.2.4 - - [12/Nov/2022:00:02:44 -0500] "GET /BLA/boletinlegal/actos.php HTTP/1.1" 200 9566
172.22.2.4 - - [12/Nov/2022:00:02:44 -0500] "GET /BLA/boletinlegal/js/ajax_actos.js HTTP/1.1" 200 1322
172.22.2.4 - - [12/Nov/2022:00:02:44 -0500] "GET /BLA/boletinlegal/niceforms-default.css HTTP/1.1" 200 6694
172.22.2.4 - - [12/Nov/2022:00:02:44 -0500] "GET /BLA/boletinlegal/niceforms.js HTTP/1.1" 200 22876
172.22.2.4 - - [12/Nov/2022:00:02:44 -0500] "GET /BLA/boletinlegal/js/lib.js HTTP/1.1" 200 6474
172.22.2.4 - - [12/Nov/2022:00:02:44 -0500] "GET /BLA/boletinlegal/js/popup.js HTTP/1.1" 200 1270
172.22.2.4 - - [12/Nov/2022:00:02:44 -0500] "GET /BLA/boletinlegal/js/jquery1.js HTTP/1.1" 200 29846
172.22.2.4 - - [12/Nov/2022:00:02:44 -0500] "GET /BLA/boletinlegal/images/green-yellow-blue-pink-th.png HTTP/1.1" 200 7394
172.22.2.4 - - [12/Nov/2022:00:02:44 -0500] "GET /BLA/boletinlegal/images/tel.png HTTP/1.1" 200 14477
172.22.2.4 - - [12/Nov/2022:00:02:44 -0500] "GET /BLA/boletinlegal/images/icono-email.png HTTP/1.1" 200 5544
172.22.2.4 - - [12/Nov/2022:00:02:44 -0500] "GET /BLA/boletinlegal/images/footer_bg.jpg HTTP/1.1" 200 586
172.22.2.4 - - [12/Nov/2022:00:02:45 -0500] "GET /BLA/boletinlegal/images/footer_bg_l.jpg HTTP/1.1" 200 776
172.22.2.4 - - [12/Nov/2022:00:02:45 -0500] "GET /BLA/boletinlegal/img/0.png HTTP/1.1" 200 110
172.22.2.4 - - [12/Nov/2022:00:02:45 -0500] "GET /BLA/boletinlegal/img/select-left.png HTTP/1.1" 200 263
172.22.2.4 - - [12/Nov/2022:00:02:45 -0500] "GET /BLA/boletinlegal/img/button.png HTTP/1.1" 200 43241
172.22.2.4 - - [12/Nov/2022:00:02:45 -0500] "GET /BLA/boletinlegal/img/select-right.png HTTP/1.1" 200 44019
172.22.2.4 - - [12/Nov/2022:00:02:45 -0500] "GET /BLA/boletinlegal/img/button-left.png HTTP/1.1" 200 57071
172.22.2.4 - - [12/Nov/2022:00:02:45 -0500] "GET /BLA/boletinlegal/img/button-right.png HTTP/1.1" 200 57878
172.22.2.4 - - [12/Nov/2022:00:02:45 -0500] "GET /BLA/boletinlegal/favicon.ico HTTP/1.1" 404 1326
172.22.2.4 - - [12/Nov/2022:00:02:40 -0500] "GET /BLA/boletinlegal/ HTTP/1.1" 200 24523
172.22.2.4 - - [12/Nov/2022:00:03:32 -0500] "GET /BLA/boletinlegal/consulta_actos.php?tipo=resoluciones&no=0243&usuario=&sector=&fecha=2020&resuelve= HTTP/1.1" 200 626
172.22.2.4 - - [12/Nov/2022:00:03:38 -0500] "GET /BLA/boletinlegal/consulta_actos.php?tipo=resoluciones&no=243&usuario=&sector=&fecha=2020&resuelve= HTTP/1.1" 200 626
172.22.2.4 - - [12/Nov/2022:00:03:41 -0500] "GET /BLA/boletinlegal/consulta_actos.php?tipo=resoluciones&no=243&usuario=&sector=&fecha=2020&resuelve= HTTP/1.1" 200 626
172.22.2.4 - - [12/Nov/2022:00:03:52 -0500] "GET /BLA/boletinlegal/consulta_actos.php?tipo=resoluciones&no=0243&usuario=&sector=&fecha=2020&resuelve= HTTP/1.1" 200 626
216.245.221.92 - - [12/Nov/2022:00:04:09 -0500] "HEAD / HTTP/1.1" 200 -
172.22.2.4 - - [12/Nov/2022:00:03:02 -0500] "HEAD /BLA/boletinlegal/ HTTP/1.1" 200 -
172.22.2.4 - - [12/Nov/2022:00:03:53 -0500] "GET /BLA/boletinlegal/ HTTP/1.1" 200 57192
66.249.73.127 - - [12/Nov/2022:00:05:42 -0500] "-" 408 -
114.119.130.218 - - [12/Nov/2022:00:06:49 -0500] "-" 408 -
201.245.192.253 - - [12/Nov/2022:00:06:57 -0500] "POST /kwsrmcab/Wsrmcab  HTTP/1.1" 200 40655
95.217.144.234 - - [12/Nov/2022:00:07:40 -0500] "-" 408 -
95.217.144.236 - - [12/Nov/2022:00:07:47 -0500] "-" 408 -
95.217.144.236 - - [12/Nov/2022:00:08:00 -0500] "-" 408 -
95.217.144.238 - - [12/Nov/2022:00:08:02 -0500] "-" 408 -
95.217.144.238 - - [12/Nov/2022:00:08:03 -0500] "-" 408 -
114.119.141.53 - - [12/Nov/2022:00:08:52 -0500] "GET /BLA/resoluciones/RESOLUCIONES%202011/2231.pdf HTTP/1.1" 200 546448
216.245.221.92 - - [12/Nov/2022:00:09:09 -0500] "HEAD / HTTP/1.1" 200 -
20.231.101.203 - - [12/Nov/2022:00:07:52 -0500] "GET /BLA/boletinlegal/ HTTP/1.1" 200 59035
185.119.81.98 - - [12/Nov/2022:00:09:34 -0500] "GET /portaldeninos/wp-login.php HTTP/1.1" 200 2592
185.119.81.98 - - [12/Nov/2022:00:09:36 -0500] "POST /portaldeninos/wp-login.php HTTP/1.1" 200 3650
172.22.2.4 - - [12/Nov/2022:00:09:44 -0500] "GET /BLA/boletinlegal/consulta_actos.php?tipo=resoluciones&no=2430&usuario=&sector=&fecha=2020&resuelve= HTTP/1.1" 200 1150
172.22.2.4 - - [12/Nov/2022:00:09:44 -0500] "GET /BLA/boletinlegal/images/pdf.gif HTTP/1.1" 200 567
181.61.82.211 - - [12/Nov/2022:00:09:47 -0500] "GET /BLA/resoluciones/RESOLUCIONES%202020/2430.pdf HTTP/1.1" 200 553762
181.61.82.211 - - [12/Nov/2022:00:09:48 -0500] "GET /favicon.ico HTTP/1.1" 200 7782
172.22.2.4 - - [12/Nov/2022:00:08:52 -0500] "HEAD /BLA/boletinlegal/ HTTP/1.1" 200 -
172.22.2.4 - - [12/Nov/2022:00:09:43 -0500] "GET /BLA/boletinlegal/ HTTP/1.1" 200 53739
201.245.192.253 - - [12/Nov/2022:00:11:56 -0500] "POST /kwsrmcab/Wsrmcab  HTTP/1.1" 200 40655
66.249.73.127 - - [12/Nov/2022:00:13:00 -0500] "-" 408 -
216.245.221.92 - - [12/Nov/2022:00:14:09 -0500] "HEAD / HTTP/1.1" 200 -
172.22.2.4 - - [12/Nov/2022:00:14:42 -0500] "HEAD /BLA/boletinlegal/ HTTP/1.1" 200 -
201.245.192.253 - - [12/Nov/2022:00:16:54 -0500] "POST /kwsrmcab/Wsrmcab  HTTP/1.1" 200 40655
172.22.2.4 - - [12/Nov/2022:00:15:32 -0500] "GET /BLA/boletinlegal/ HTTP/1.1" 200 59779
66.249.73.127 - - [12/Nov/2022:00:18:59 -0500] "-" 408 -
216.245.221.92 - - [12/Nov/2022:00:19:09 -0500] "HEAD / HTTP/1.1" 200 -
199.59.150.181 - - [12/Nov/2022:00:21:36 -0500] "GET /images/zuma_optimized.jpeg HTTP/1.1" 200 40030
201.245.192.253 - - [12/Nov/2022:00:21:41 -0500] "POST /kwsrmcab/Wsrmcab HTTP/1.1" 200 42713
201.245.192.253 - - [12/Nov/2022:00:21:44 -0500] "POST /kwsrmcab/Wsrmcab HTTP/1.1" 200 43781
201.245.192.253 - - [12/Nov/2022:00:21:54 -0500] "POST /kwsrmcab/Wsrmcab  HTTP/1.1" 200 40655
172.22.2.4 - - [12/Nov/2022:00:20:32 -0500] "HEAD /BLA/boletinlegal/ HTTP/1.1" 200 -
172.22.2.4 - - [12/Nov/2022:00:21:22 -0500] "GET /BLA/boletinlegal/ HTTP/1.1" 200 57824
190.158.204.8 - - [12/Nov/2022:00:24:00 -0500] "GET /sipse/faces/faces/faces/autenticacion.xhtml HTTP/1.1" 200 12505
190.158.204.8 - - [12/Nov/2022:00:24:00 -0500] "GET /sipse/faces/javax.faces.resource/layout/layout.css;jsessionid=-7Pmd1Iq4sgA2DOItY35TID1.undefined?ln=primefaces&v=4.0 HTTP/1.1" 200 542
190.158.204.8 - - [12/Nov/2022:00:24:00 -0500] "GET /sipse/faces/javax.faces.resource/theme.css?ln=primefaces-sipse HTTP/1.1" 304 -
190.158.204.8 - - [12/Nov/2022:00:24:00 -0500] "GET /sipse/faces/javax.faces.resource/primefaces.css;jsessionid=-7Pmd1Iq4sgA2DOItY35TID1.undefined?ln=primefaces&v=4.0 HTTP/1.1" 200 53295
190.158.204.8 - - [12/Nov/2022:00:24:00 -0500] "GET /sipse/faces/javax.faces.resource/layout/layout.js;jsessionid=-7Pmd1Iq4sgA2DOItY35TID1.undefined?ln=primefaces&v=4.0 HTTP/1.1" 200 87560
190.158.204.8 - - [12/Nov/2022:00:24:00 -0500] "GET /sipse/faces/javax.faces.resource/jquery/jquery.js;jsessionid=-7Pmd1Iq4sgA2DOItY35TID1.undefined?ln=primefaces&v=4.0 HTTP/1.1" 200 105384
190.158.204.8 - - [12/Nov/2022:00:24:00 -0500] "GET /sipse/faces/javax.faces.resource/jquery/jquery-plugins.js;jsessionid=-7Pmd1Iq4sgA2DOItY35TID1.undefined?ln=primefaces&v=4.0 HTTP/1.1" 200 220526
190.158.204.8 - - [12/Nov/2022:00:24:00 -0500] "GET /sipse/faces/javax.faces.resource/primefaces.js;jsessionid=-7Pmd1Iq4sgA2DOItY35TID1.undefined?ln=primefaces&v=4.0 HTTP/1.1" 200 276924
190.158.204.8 - - [12/Nov/2022:00:24:01 -0500] "GET /sipse/faces/javax.faces.resource/images/ui-icons_898989_256x240.png?ln=primefaces-aristo HTTP/1.1" 304 -
190.158.204.8 - - [12/Nov/2022:00:24:01 -0500] "GET /sipse/faces/faces/faces/index.xhtml HTTP/1.1" 200 677
190.158.204.8 - - [12/Nov/2022:00:24:01 -0500] "GET /sipse/faces/javax.faces.resource/theme.css?ln=primefaces-sipse HTTP/1.1" 304 -
190.158.204.8 - - [12/Nov/2022:00:24:01 -0500] "GET /sipse/faces/faces/faces/faces/autenticacion.xhtml HTTP/1.1" 200 12183
190.158.204.8 - - [12/Nov/2022:00:24:01 -0500] "GET /sipse/faces/javax.faces.resource/layout/layout.css?ln=primefaces&v=4.0 HTTP/1.1" 304 -
190.158.204.8 - - [12/Nov/2022:00:24:01 -0500] "GET /sipse/faces/javax.faces.resource/theme.css?ln=primefaces-sipse HTTP/1.1" 304 -
190.158.204.8 - - [12/Nov/2022:00:24:01 -0500] "GET /sipse/faces/javax.faces.resource/primefaces.css?ln=primefaces&v=4.0 HTTP/1.1" 304 -
190.158.204.8 - - [12/Nov/2022:00:24:01 -0500] "GET /sipse/faces/javax.faces.resource/primefaces.js?ln=primefaces&v=4.0 HTTP/1.1" 304 -
190.158.204.8 - - [12/Nov/2022:00:24:01 -0500] "GET /sipse/faces/javax.faces.resource/jquery/jquery.js?ln=primefaces&v=4.0 HTTP/1.1" 304 -
190.158.204.8 - - [12/Nov/2022:00:24:01 -0500] "GET /sipse/faces/javax.faces.resource/layout/layout.js?ln=primefaces&v=4.0 HTTP/1.1" 304 -
190.158.204.8 - - [12/Nov/2022:00:24:01 -0500] "GET /sipse/faces/javax.faces.resource/jquery/jquery-plugins.js?ln=primefaces&v=4.0 HTTP/1.1" 304 -
190.158.204.8 - - [12/Nov/2022:00:24:03 -0500] "POST /sipse/faces/autenticacion.xhtml HTTP/1.1" 200 2224
190.158.204.8 - - [12/Nov/2022:00:24:03 -0500] "GET /sipse/faces/javax.faces.resource/messages/messages.png?ln=primefaces&v=4.0 HTTP/1.1" 304 -
190.158.204.8 - - [12/Nov/2022:00:24:03 -0500] "GET /sipse/faces/javax.faces.resource/images/ui-icons_898989_256x240.png?ln=primefaces-aristo HTTP/1.1" 304 -
190.158.204.8 - - [12/Nov/2022:00:24:04 -0500] "POST /sipse/faces/autenticacion.xhtml HTTP/1.1" 200 16257
190.158.204.8 - - [12/Nov/2022:00:24:04 -0500] "GET /sipse/faces/javax.faces.resource/primefaces.css?ln=primefaces&v=4.0 HTTP/1.1" 304 -
190.158.204.8 - - [12/Nov/2022:00:24:04 -0500] "GET /sipse/faces/javax.faces.resource/theme.css?ln=primefaces-sipse HTTP/1.1" 304 -
190.158.204.8 - - [12/Nov/2022:00:24:04 -0500] "GET /sipse/faces/javax.faces.resource/layout/layout.css?ln=primefaces&v=4.0 HTTP/1.1" 304 -
190.158.204.8 - - [12/Nov/2022:00:24:04 -0500] "GET /sipse/faces/javax.faces.resource/jquery/jquery.js?ln=primefaces&v=4.0 HTTP/1.1" 304 -
190.158.204.8 - - [12/Nov/2022:00:24:04 -0500] "GET /sipse/faces/javax.faces.resource/jquery/jquery-plugins.js?ln=primefaces&v=4.0 HTTP/1.1" 304 -
190.158.204.8 - - [12/Nov/2022:00:24:04 -0500] "GET /sipse/faces/javax.faces.resource/primefaces.js?ln=primefaces&v=4.0 HTTP/1.1" 304 -
190.158.204.8 - - [12/Nov/2022:00:24:04 -0500] "GET /sipse/faces/javax.faces.resource/layout/layout.js?ln=primefaces&v=4.0 HTTP/1.1" 304 -
190.158.204.8 - - [12/Nov/2022:00:24:04 -0500] "GET /sipse/css/imagen/contrasena.png HTTP/1.1" 404 383
190.158.204.8 - - [12/Nov/2022:00:24:06 -0500] "GET /sipse/faces/javax.faces.resource/images/ui-bg_flat_0_2d5972_40x100.png?ln=primefaces-aristo HTTP/1.1" 304 -
190.158.204.8 - - [12/Nov/2022:00:24:06 -0500] "POST /sipse/faces/bienvenido.xhtml HTTP/1.1" 200 2073
216.245.221.92 - - [12/Nov/2022:00:24:09 -0500] "HEAD / HTTP/1.1" 200 -
190.158.204.8 - - [12/Nov/2022:00:24:07 -0500] "POST /sipse/faces/bienvenido.xhtml HTTP/1.1" 200 38994
190.158.204.8 - - [12/Nov/2022:00:24:09 -0500] "GET /sipse/faces/javax.faces.resource/theme.css?ln=primefaces-sipse HTTP/1.1" 304 -
190.158.204.8 - - [12/Nov/2022:00:24:09 -0500] "GET /sipse/faces/javax.faces.resource/layout/layout.css?ln=primefaces&v=4.0 HTTP/1.1" 304 -
190.158.204.8 - - [12/Nov/2022:00:24:09 -0500] "GET /sipse/faces/javax.faces.resource/jquery/jquery.js?ln=primefaces&v=4.0 HTTP/1.1" 304 -
190.158.204.8 - - [12/Nov/2022:00:24:09 -0500] "GET /sipse/faces/javax.faces.resource/primefaces.css?ln=primefaces&v=4.0 HTTP/1.1" 304 -
190.158.204.8 - - [12/Nov/2022:00:24:10 -0500] "GET /sipse/faces/javax.faces.resource/jquery/jquery-plugins.js?ln=primefaces&v=4.0 HTTP/1.1" 304 -
190.158.204.8 - - [12/Nov/2022:00:24:10 -0500] "GET /sipse/faces/javax.faces.resource/primefaces.js?ln=primefaces&v=4.0 HTTP/1.1" 304 -
190.158.204.8 - - [12/Nov/2022:00:24:10 -0500] "GET /sipse/faces/javax.faces.resource/layout/layout.js?ln=primefaces&v=4.0 HTTP/1.1" 304 -
190.158.204.8 - - [12/Nov/2022:00:24:12 -0500] "POST /sipse/faces/presentacion/financiero/solicitudProceso/consultar.xhtml HTTP/1.1" 200 12861
190.158.204.8 - - [12/Nov/2022:00:24:14 -0500] "POST /sipse/faces/presentacion/financiero/solicitudProceso/consultar.xhtml HTTP/1.1" 200 151687
190.158.204.8 - - [12/Nov/2022:00:24:15 -0500] "GET /sipse/faces/javax.faces.resource/theme.css?ln=primefaces-sipse HTTP/1.1" 304 -
190.158.204.8 - - [12/Nov/2022:00:24:15 -0500] "GET /sipse/faces/javax.faces.resource/layout/layout.css?ln=primefaces&v=4.0 HTTP/1.1" 304 -
190.158.204.8 - - [12/Nov/2022:00:24:15 -0500] "GET /sipse/faces/javax.faces.resource/primefaces.css?ln=primefaces&v=4.0 HTTP/1.1" 304 -
190.158.204.8 - - [12/Nov/2022:00:24:15 -0500] "GET /sipse/faces/javax.faces.resource/jquery/jquery.js?ln=primefaces&v=4.0 HTTP/1.1" 304 -
190.158.204.8 - - [12/Nov/2022:00:24:15 -0500] "GET /sipse/faces/javax.faces.resource/jquery/jquery-plugins.js?ln=primefaces&v=4.0 HTTP/1.1" 304 -
190.158.204.8 - - [12/Nov/2022:00:24:15 -0500] "GET /sipse/faces/javax.faces.resource/primefaces.js?ln=primefaces&v=4.0 HTTP/1.1" 304 -
190.158.204.8 - - [12/Nov/2022:00:24:15 -0500] "GET /sipse/faces/javax.faces.resource/layout/layout.js?ln=primefaces&v=4.0 HTTP/1.1" 304 -
66.249.73.127 - - [12/Nov/2022:00:24:51 -0500] "-" 408 -
190.158.204.8 - - [12/Nov/2022:00:25:02 -0500] "POST /sipse/faces/presentacion/financiero/solicitudProceso/consultarSolicitudProceso.xhtml HTTP/1.1" 200 1172763
190.158.204.8 - - [12/Nov/2022:00:25:20 -0500] "POST /sipse/faces/presentacion/financiero/solicitudProceso/consultarSolicitudProceso.xhtml HTTP/1.1" 200 86911
40.77.167.10 - - [12/Nov/2022:00:25:39 -0500] "GET /sipse/faces/javax.faces.resource/jquery/jquery.js;jsessionid=q6d63y07-t5ni6uolqi4t1jh.undefined?ln=primefaces&v=4.0 HTTP/1.1" 200 105384
201.245.192.253 - - [12/Nov/2022:00:26:52 -0500] "POST /kwsrmcab/Wsrmcab  HTTP/1.1" 200 40655
172.22.2.4 - - [12/Nov/2022:00:26:22 -0500] "HEAD /BLA/boletinlegal/ HTTP/1.1" 200 -
172.22.2.4 - - [12/Nov/2022:00:27:12 -0500] "GET /BLA/boletinlegal/ HTTP/1.1" 200 58185
157.55.39.206 - - [12/Nov/2022:00:29:01 -0500] "GET /sipse/faces/autenticacion.xhtml HTTP/1.1" 200 12505
216.245.221.92 - - [12/Nov/2022:00:29:09 -0500] "HEAD / HTTP/1.1" 200 -
66.249.73.127 - - [12/Nov/2022:00:30:44 -0500] "-" 408 -
201.245.192.253 - - [12/Nov/2022:00:31:41 -0500] "POST /kwsrmcab/Wsrmcab HTTP/1.1" 200 42713
201.245.192.253 - - [12/Nov/2022:00:31:44 -0500] "POST /kwsrmcab/Wsrmcab HTTP/1.1" 200 43781
201.245.192.253 - - [12/Nov/2022:00:31:51 -0500] "POST /kwsrmcab/Wsrmcab  HTTP/1.1" 200 40655
172.22.2.4 - - [12/Nov/2022:00:32:12 -0500] "HEAD /BLA/boletinlegal/ HTTP/1.1" 200 -
216.245.221.92 - - [12/Nov/2022:00:34:09 -0500] "HEAD / HTTP/1.1" 200 -
172.22.2.4 - - [12/Nov/2022:00:34:15 -0500] "GET /BLA/boletinlegal/actos.php HTTP/1.1" 200 9566
172.22.2.4 - - [12/Nov/2022:00:33:02 -0500] "GET /BLA/boletinlegal/ HTTP/1.1" 200 59779
172.22.2.4 - - [12/Nov/2022:00:36:24 -0500] "GET /BLA/boletinlegal/a2billing/customer/templates/default/footer.tpl HTTP/1.1" 404 1018
66.249.73.127 - - [12/Nov/2022:00:36:30 -0500] "-" 408 -
191.156.236.214 - - [12/Nov/2022:00:36:37 -0500] "GET /calidad-del-aire-consulta-el-borrador-de-decreto-para-la-construccion-de-las-zonas-urbanas-por-un-mejor-aire-zuma.html HTTP/1.1" 304 -
201.245.192.253 - - [12/Nov/2022:00:36:50 -0500] "POST /kwsrmcab/Wsrmcab  HTTP/1.1" 200 40655
216.245.221.92 - - [12/Nov/2022:00:39:09 -0500] "HEAD / HTTP/1.1" 200 -
172.22.2.4 - - [12/Nov/2022:00:38:02 -0500] "HEAD /BLA/boletinlegal/ HTTP/1.1" 200 -
172.22.2.4 - - [12/Nov/2022:00:38:52 -0500] "GET /BLA/boletinlegal/ HTTP/1.1" 200 58185
201.245.192.253 - - [12/Nov/2022:00:41:42 -0500] "POST /kwsrmcab/Wsrmcab HTTP/1.1" 200 42713
201.245.192.253 - - [12/Nov/2022:00:41:44 -0500] "POST /kwsrmcab/Wsrmcab HTTP/1.1" 200 43781
201.245.192.253 - - [12/Nov/2022:00:41:50 -0500] "POST /kwsrmcab/Wsrmcab  HTTP/1.1" 200 40655
191.95.50.136 - - [12/Nov/2022:00:41:55 -0500] "GET /calidad-del-aire-consulta-el-borrador-de-decreto-para-la-construccion-de-las-zonas-urbanas-por-un-mejor-aire-zuma.html HTTP/1.1" 304 -
66.249.73.127 - - [12/Nov/2022:00:43:09 -0500] "-" 408 -
173.252.83.18 - - [12/Nov/2022:00:43:28 -0500] "GET /images/jardines-verticales-plantas-24-mayo.jpg HTTP/1.1" 200 148288
173.252.79.3 - - [12/Nov/2022:00:43:56 -0500] "GET /images/eficiencia-energetica-11-marzo.jpg HTTP/1.1" 200 46478
216.245.221.92 - - [12/Nov/2022:00:44:09 -0500] "HEAD / HTTP/1.1" 200 -
181.50.188.132 - - [12/Nov/2022:00:45:08 -0500] "GET /calidad-del-aire-consulta-el-borrador-de-decreto-para-la-construccion-de-las-zonas-urbanas-por-un-mejor-aire-zuma.html HTTP/1.1" 200 981
172.22.2.4 - - [12/Nov/2022:00:43:52 -0500] "HEAD /BLA/boletinlegal/ HTTP/1.1" 200 -
172.22.2.4 - - [12/Nov/2022:00:44:42 -0500] "GET /BLA/boletinlegal/ HTTP/1.1" 200 57824
201.245.192.253 - - [12/Nov/2022:00:46:48 -0500] "POST /kwsrmcab/Wsrmcab  HTTP/1.1" 200 40655
216.245.221.92 - - [12/Nov/2022:00:49:09 -0500] "HEAD / HTTP/1.1" 200 -
66.249.73.127 - - [12/Nov/2022:00:51:21 -0500] "-" 408 -
172.22.2.4 - - [12/Nov/2022:00:49:42 -0500] "HEAD /BLA/boletinlegal/ HTTP/1.1" 200 -
216.218.206.126 - - [12/Nov/2022:00:51:39 -0500] "GET /favicon.ico HTTP/1.1" 200 7782
201.245.192.253 - - [12/Nov/2022:00:51:47 -0500] "POST /kwsrmcab/Wsrmcab  HTTP/1.1" 200 40655
172.22.2.4 - - [12/Nov/2022:00:50:32 -0500] "GET /BLA/boletinlegal/ HTTP/1.1" 200 57824
172.22.2.4 - - [12/Nov/2022:00:53:44 -0500] "GET /BLA/boletinlegal/style.css HTTP/1.1" 200 9406
172.22.2.4 - - [12/Nov/2022:00:53:44 -0500] "GET /BLA/boletinlegal/styles2.css HTTP/1.1" 200 1838
172.22.2.4 - - [12/Nov/2022:00:53:44 -0500] "GET /BLA/boletinlegal/js/jquery.scrollTo-min.js HTTP/1.1" 200 1150
172.22.2.4 - - [12/Nov/2022:00:53:44 -0500] "GET /BLA/boletinlegal/js/jquery.js HTTP/1.1" 200 57254
172.22.2.4 - - [12/Nov/2022:00:53:44 -0500] "GET /BLA/boletinlegal/js/jquery.scrollShow.js HTTP/1.1" 200 4586
172.22.2.4 - - [12/Nov/2022:00:53:44 -0500] "GET /BLA/boletinlegal/images/cabezote%20BLEGAL.jpg HTTP/1.1" 200 118164
172.22.2.4 - - [12/Nov/2022:00:53:44 -0500] "GET /BLA/boletinlegal/images/subscribe-icon-big.png HTTP/1.1" 200 47702
172.22.2.4 - - [12/Nov/2022:00:53:44 -0500] "GET /BLA/boletinlegal/images/historia.png HTTP/1.1" 200 52775
172.22.2.4 - - [12/Nov/2022:00:53:44 -0500] "GET /BLA/boletinlegal/images/registro-usuarios.png HTTP/1.1" 200 8106
172.22.2.4 - - [12/Nov/2022:00:53:44 -0500] "GET /BLA/boletinlegal/images/arr_l.jpg HTTP/1.1" 200 1979
172.22.2.4 - - [12/Nov/2022:00:53:44 -0500] "GET /BLA/boletinlegal/images/screen_1.png HTTP/1.1" 200 202547
172.22.2.4 - - [12/Nov/2022:00:53:44 -0500] "GET /BLA/boletinlegal/images/launch.jpg HTTP/1.1" 200 14577
172.22.2.4 - - [12/Nov/2022:00:53:44 -0500] "GET /BLA/boletinlegal/images/body_bg.jpg HTTP/1.1" 200 1601
172.22.2.4 - - [12/Nov/2022:00:53:44 -0500] "GET /BLA/boletinlegal/images/menu_lft.gif HTTP/1.1" 200 1713
172.22.2.4 - - [12/Nov/2022:00:53:44 -0500] "GET /BLA/boletinlegal/images/menu_rght.gif HTTP/1.1" 200 1627
172.22.2.4 - - [12/Nov/2022:00:53:44 -0500] "GET /BLA/boletinlegal/images/bg_top.jpg HTTP/1.1" 200 522
172.22.2.4 - - [12/Nov/2022:00:53:44 -0500] "GET /BLA/boletinlegal/images/menu_bg.jpg HTTP/1.1" 200 620
172.22.2.4 - - [12/Nov/2022:00:53:44 -0500] "GET /BLA/boletinlegal/images/text.jpg HTTP/1.1" 200 568
172.22.2.4 - - [12/Nov/2022:00:53:44 -0500] "GET /BLA/boletinlegal/images/hover.jpg HTTP/1.1" 200 640
216.245.221.92 - - [12/Nov/2022:00:54:09 -0500] "HEAD / HTTP/1.1" 200 -
172.22.2.4 - - [12/Nov/2022:00:53:43 -0500] "GET /BLA/boletinlegal/ HTTP/1.1" 200 24523
201.245.192.253 - - [12/Nov/2022:00:56:47 -0500] "POST /kwsrmcab/Wsrmcab  HTTP/1.1" 200 40655
172.22.2.4 - - [12/Nov/2022:00:55:32 -0500] "HEAD /BLA/boletinlegal/ HTTP/1.1" 200 -
172.22.2.4 - - [12/Nov/2022:00:56:22 -0500] "GET /BLA/boletinlegal/ HTTP/1.1" 200 57824
216.245.221.92 - - [12/Nov/2022:00:59:09 -0500] "HEAD / HTTP/1.1" 200 -
186.155.14.176 - - [12/Nov/2022:00:59:26 -0500] "GET /Residuos/textiles/textiles.html HTTP/1.1" 200 1959
186.155.14.176 - - [12/Nov/2022:00:59:26 -0500] "GET /favicon.ico HTTP/1.1" 200 7782
201.245.192.253 - - [12/Nov/2022:01:01:45 -0500] "POST /kwsrmcab/Wsrmcab  HTTP/1.1" 200 40655
205.210.31.55 - - [12/Nov/2022:01:01:50 -0500] "GET / HTTP/1.0" 200 319
172.22.2.4 - - [12/Nov/2022:01:01:22 -0500] "HEAD /BLA/boletinlegal/ HTTP/1.1" 200 -
172.22.2.4 - - [12/Nov/2022:01:02:12 -0500] "GET /BLA/boletinlegal/ HTTP/1.1" 200 57824
216.245.221.92 - - [12/Nov/2022:01:04:09 -0500] "HEAD / HTTP/1.1" 200 -
201.245.192.253 - - [12/Nov/2022:01:06:45 -0500] "POST /kwsrmcab/Wsrmcab  HTTP/1.1" 200 40655
65.154.226.220 - - [12/Nov/2022:01:06:50 -0500] "GET /BLA/boletinlegal/js/jquery.scrollShow.js HTTP/1.1" 200 4586
65.154.226.220 - - [12/Nov/2022:01:06:54 -0500] "GET /galeria/galeria/jquery.fancybox.js?v=2.1.5 HTTP/1.1" 200 48706
65.154.226.220 - - [12/Nov/2022:01:07:05 -0500] "GET /galeria/galeria/jquery.fancybox.css?v=2.1.5 HTTP/1.1" 200 4895
65.154.226.220 - - [12/Nov/2022:01:07:05 -0500] "GET /BLA/boletinlegal/js/jquery.scrollShow.js HTTP/1.1" 200 4586
65.154.226.220 - - [12/Nov/2022:01:07:05 -0500] "GET /galeria/galeria/jquery.fancybox.js?v=2.1.5 HTTP/1.1" 200 48706
172.22.2.4 - - [12/Nov/2022:01:07:12 -0500] "HEAD /BLA/boletinlegal/ HTTP/1.1" 200 -
216.245.221.92 - - [12/Nov/2022:01:09:09 -0500] "HEAD / HTTP/1.1" 200 -
172.22.2.4 - - [12/Nov/2022:01:08:02 -0500] "GET /BLA/boletinlegal/ HTTP/1.1" 200 54100
92.118.39.78 - - [12/Nov/2022:01:09:43 -0500] "GET / HTTP/1.1" 200 319
20.231.101.203 - - [12/Nov/2022:01:09:33 -0500] "GET /BLA/boletinlegal/ HTTP/1.1" 200 61905
201.245.192.253 - - [12/Nov/2022:01:11:44 -0500] "POST /kwsrmcab/Wsrmcab  HTTP/1.1" 200 40655
66.249.73.97 - - [12/Nov/2022:01:13:51 -0500] "-" 408 -
216.245.221.92 - - [12/Nov/2022:01:14:09 -0500] "HEAD / HTTP/1.1" 200 -
172.22.2.4 - - [12/Nov/2022:01:13:02 -0500] "HEAD /BLA/boletinlegal/ HTTP/1.1" 200 -
172.22.2.4 - - [12/Nov/2022:01:13:52 -0500] "GET /BLA/boletinlegal/ HTTP/1.1" 200 59779
201.245.192.253 - - [12/Nov/2022:01:16:43 -0500] "POST /kwsrmcab/Wsrmcab  HTTP/1.1" 200 40655
40.77.167.46 - - [12/Nov/2022:01:17:27 -0500] "GET /sipse/faces/faces/autenticacion.xhtml HTTP/1.1" 200 12505
185.119.81.98 - - [12/Nov/2022:01:18:54 -0500] "GET /portaldeninos/wp-login.php HTTP/1.1" 200 2592
185.119.81.98 - - [12/Nov/2022:01:18:55 -0500] "POST /portaldeninos/wp-login.php HTTP/1.1" 200 3650
216.245.221.92 - - [12/Nov/2022:01:19:09 -0500] "HEAD / HTTP/1.1" 200 -
152.61.128.50 - - [12/Nov/2022:01:20:04 -0500] "GET / HTTP/1.1" 200 319
172.22.2.4 - - [12/Nov/2022:01:18:52 -0500] "HEAD /BLA/boletinlegal/ HTTP/1.1" 200 -
157.55.39.206 - - [12/Nov/2022:01:20:35 -0500] "GET /BLA/resoluciones/AUTOS%202013/2050.pdf HTTP/1.1" 200 1513667
172.22.2.4 - - [12/Nov/2022:01:19:43 -0500] "GET /BLA/boletinlegal/ HTTP/1.1" 200 56079
201.245.192.253 - - [12/Nov/2022:01:21:42 -0500] "POST /kwsrmcab/Wsrmcab HTTP/1.1" 200 42088
201.245.192.253 - - [12/Nov/2022:01:21:42 -0500] "POST /kwsrmcab/Wsrmcab  HTTP/1.1" 200 40655
201.245.192.253 - - [12/Nov/2022:01:21:44 -0500] "POST /kwsrmcab/Wsrmcab HTTP/1.1" 200 43614
216.245.221.92 - - [12/Nov/2022:01:24:09 -0500] "HEAD / HTTP/1.1" 200 -
172.22.2.4 - - [12/Nov/2022:01:24:42 -0500] "HEAD /BLA/boletinlegal/ HTTP/1.1" 200 -
201.245.192.253 - - [12/Nov/2022:01:26:41 -0500] "POST /kwsrmcab/Wsrmcab  HTTP/1.1" 200 40655
172.22.2.4 - - [12/Nov/2022:01:25:32 -0500] "GET /BLA/boletinlegal/ HTTP/1.1" 200 56079
216.245.221.92 - - [12/Nov/2022:01:29:09 -0500] "HEAD / HTTP/1.1" 200 -
191.95.94.12 - - [12/Nov/2022:01:29:46 -0500] "GET /calidad-del-aire-consulta-el-borrador-de-decreto-para-la-construccion-de-las-zonas-urbanas-por-un-mejor-aire-zuma.html HTTP/1.1" 200 981
201.245.192.253 - - [12/Nov/2022:01:31:39 -0500] "POST /kwsrmcab/Wsrmcab  HTTP/1.1" 200 40655
201.245.192.253 - - [12/Nov/2022:01:31:42 -0500] "POST /kwsrmcab/Wsrmcab HTTP/1.1" 200 42088
201.245.192.253 - - [12/Nov/2022:01:31:44 -0500] "POST /kwsrmcab/Wsrmcab HTTP/1.1" 200 43614
172.22.2.4 - - [12/Nov/2022:01:30:32 -0500] "HEAD /BLA/boletinlegal/ HTTP/1.1" 200 -
172.22.2.4 - - [12/Nov/2022:01:31:22 -0500] "GET /BLA/boletinlegal/ HTTP/1.1" 200 59779
216.245.221.92 - - [12/Nov/2022:01:34:09 -0500] "HEAD / HTTP/1.1" 200 -
157.55.39.206 - - [12/Nov/2022:01:34:57 -0500] "GET /bla/resoluciones/resoluciones%201998/RESOLUCION%20239%20DE%201998.pdf HTTP/1.1" 304 -
66.249.73.100 - - [12/Nov/2022:01:36:20 -0500] "-" 408 -
201.245.192.253 - - [12/Nov/2022:01:36:39 -0500] "POST /kwsrmcab/Wsrmcab  HTTP/1.1" 200 40655
172.22.2.4 - - [12/Nov/2022:01:36:22 -0500] "HEAD /BLA/boletinlegal/ HTTP/1.1" 200 -
172.22.2.4 - - [12/Nov/2022:01:37:12 -0500] "GET /BLA/boletinlegal/ HTTP/1.1" 200 57824
216.245.221.92 - - [12/Nov/2022:01:39:09 -0500] "HEAD / HTTP/1.1" 200 -
201.245.192.253 - - [12/Nov/2022:01:41:39 -0500] "POST /kwsrmcab/Wsrmcab  HTTP/1.1" 200 40655
201.245.192.253 - - [12/Nov/2022:01:41:41 -0500] "POST /kwsrmcab/Wsrmcab HTTP/1.1" 200 42088
201.245.192.253 - - [12/Nov/2022:01:41:44 -0500] "POST /kwsrmcab/Wsrmcab HTTP/1.1" 200 43614
172.22.2.4 - - [12/Nov/2022:01:43:03 -0500] "GET /BLA/boletinlegal/Directivas/2017/Directiva%20No.%2006%20del%2016%20de%20Agosto%20de%202017.pdf HTTP/1.1" 200 310598
172.22.2.4 - - [12/Nov/2022:01:42:12 -0500] "HEAD /BLA/boletinlegal/ HTTP/1.1" 200 -
216.245.221.92 - - [12/Nov/2022:01:44:09 -0500] "HEAD / HTTP/1.1" 200 -
172.22.2.4 - - [12/Nov/2022:01:43:02 -0500] "GET /BLA/boletinlegal/ HTTP/1.1" 200 56474
198.235.24.144 - - [12/Nov/2022:01:45:20 -0500] "GET / HTTP/1.1" 200 319
173.252.87.119 - - [12/Nov/2022:01:46:39 -0500] "GET /images/zuma_optimized.jpeg HTTP/1.1" 200 40030
201.245.192.253 - - [12/Nov/2022:01:46:38 -0500] "POST /kwsrmcab/Wsrmcab  HTTP/1.1" 200 40655
216.245.221.92 - - [12/Nov/2022:01:49:09 -0500] "HEAD / HTTP/1.1" 200 -
172.22.2.4 - - [12/Nov/2022:01:48:02 -0500] "HEAD /BLA/boletinlegal/ HTTP/1.1" 200 -
172.22.2.4 - - [12/Nov/2022:01:48:52 -0500] "GET /BLA/boletinlegal/ HTTP/1.1" 200 58185
104.248.193.40 - - [12/Nov/2022:01:50:36 -0500] "-V\xf4" 501 953
104.248.193.40 - - [12/Nov/2022:01:50:37 -0500] "\x16\x03\x01" 400 226
104.248.193.40 - - [12/Nov/2022:01:50:37 -0500] "\x16\x03\x01" 400 226
104.248.193.40 - - [12/Nov/2022:01:50:37 -0500] "GET / HTTP/1.1" 200 319
157.55.39.206 - - [12/Nov/2022:01:51:19 -0500] "GET /BLA/resoluciones/Notificaciones/AUTOS%202017/01014.pdf HTTP/1.1" 304 -
201.245.192.253 - - [12/Nov/2022:01:51:36 -0500] "POST /kwsrmcab/Wsrmcab  HTTP/1.1" 200 40655
192.241.199.97 - - [12/Nov/2022:01:51:50 -0500] "MGLNDD_190.27.245.106_80" 501 953
216.245.221.92 - - [12/Nov/2022:01:54:09 -0500] "HEAD / HTTP/1.1" 200 -
172.22.2.4 - - [12/Nov/2022:01:53:52 -0500] "HEAD /BLA/boletinlegal/ HTTP/1.1" 200 -
172.22.2.4 - - [12/Nov/2022:01:54:42 -0500] "GET /BLA/boletinlegal/ HTTP/1.1" 200 56825
201.245.192.253 - - [12/Nov/2022:01:56:35 -0500] "POST /kwsrmcab/Wsrmcab  HTTP/1.1" 200 40655
216.245.221.92 - - [12/Nov/2022:01:59:09 -0500] "HEAD / HTTP/1.1" 200 -
94.102.61.10 - - [12/Nov/2022:01:59:46 -0500] "GET /portaldeninos/ HTTP/1.1" 200 110197
172.22.2.4 - - [12/Nov/2022:01:59:42 -0500] "HEAD /BLA/boletinlegal/ HTTP/1.1" 200 -
201.245.192.253 - - [12/Nov/2022:02:01:34 -0500] "POST /kwsrmcab/Wsrmcab  HTTP/1.1" 200 40655
172.22.2.4 - - [12/Nov/2022:02:00:32 -0500] "GET /BLA/boletinlegal/ HTTP/1.1" 200 58185
216.245.221.92 - - [12/Nov/2022:02:04:09 -0500] "HEAD / HTTP/1.1" 200 -
201.245.192.253 - - [12/Nov/2022:02:06:33 -0500] "POST /kwsrmcab/Wsrmcab  HTTP/1.1" 200 40655
152.61.128.50 - - [12/Nov/2022:02:06:53 -0500] "GET /arcgis/services/Calidad_del_Agua_WQI/MapServer/WMSServer?request=GetCapabilities&service=WMS HTTP/1.1" 503 1020
152.61.128.50 - - [12/Nov/2022:02:06:54 -0500] "GET /arcgis/services/Calidad_del_Agua_WQI/MapServer/WMSServer?SERVICE=WMS&REQUEST=GetCapabilities HTTP/1.1" 503 1020
152.61.128.50 - - [12/Nov/2022:02:06:54 -0500] "GET /arcgis/services/Calidad_del_Agua_WQI/MapServer/WMSServer?WMTVER=1.0.0&REQUEST=capabilities HTTP/1.1" 503 1020
172.22.2.4 - - [12/Nov/2022:02:05:32 -0500] "HEAD /BLA/boletinlegal/ HTTP/1.1" 200 -
66.220.149.8 - - [12/Nov/2022:02:07:58 -0500] "GET /images/jardines-verticales-plantas-24-mayo.jpg HTTP/1.1" 200 148288
173.252.83.7 - - [12/Nov/2022:02:07:59 -0500] "GET /images/eficiencia-energetica-11-marzo.jpg HTTP/1.1" 200 46478
172.22.2.4 - - [12/Nov/2022:02:06:22 -0500] "GET /BLA/boletinlegal/ HTTP/1.1" 200 59779
216.245.221.92 - - [12/Nov/2022:02:09:09 -0500] "HEAD / HTTP/1.1" 200 -
201.245.192.253 - - [12/Nov/2022:02:11:32 -0500] "POST /kwsrmcab/Wsrmcab  HTTP/1.1" 200 40655
20.231.101.203 - - [12/Nov/2022:02:11:13 -0500] "GET /BLA/boletinlegal/ HTTP/1.1" 200 52942
172.22.2.4 - - [12/Nov/2022:02:11:22 -0500] "HEAD /BLA/boletinlegal/ HTTP/1.1" 200 -
172.22.2.4 - - [12/Nov/2022:02:12:12 -0500] "GET /BLA/boletinlegal/ HTTP/1.1" 200 55680
216.245.221.92 - - [12/Nov/2022:02:14:09 -0500] "HEAD / HTTP/1.1" 200 -
54.37.163.160 - - [12/Nov/2022:02:15:42 -0500] "GET /.env HTTP/1.1" 404 1018
54.37.163.160 - - [12/Nov/2022:02:15:43 -0500] "POST / HTTP/1.1" 200 319
201.245.192.253 - - [12/Nov/2022:02:16:31 -0500] "POST /kwsrmcab/Wsrmcab  HTTP/1.1" 200 40655
172.22.2.4 - - [12/Nov/2022:02:17:12 -0500] "HEAD /BLA/boletinlegal/ HTTP/1.1" 200 -
216.245.221.92 - - [12/Nov/2022:02:19:09 -0500] "HEAD / HTTP/1.1" 200 -
172.22.2.4 - - [12/Nov/2022:02:18:02 -0500] "GET /BLA/boletinlegal/ HTTP/1.1" 200 58185
128.14.134.170 - - [12/Nov/2022:02:20:34 -0500] "GET / HTTP/1.1" 200 319
66.249.73.100 - - [12/Nov/2022:02:21:20 -0500] "-" 408 -
201.245.192.253 - - [12/Nov/2022:02:21:30 -0500] "POST /kwsrmcab/Wsrmcab  HTTP/1.1" 200 40655
201.245.192.253 - - [12/Nov/2022:02:21:41 -0500] "POST /kwsrmcab/Wsrmcab HTTP/1.1" 200 42541
201.245.192.253 - - [12/Nov/2022:02:21:44 -0500] "POST /kwsrmcab/Wsrmcab HTTP/1.1" 200 43769
207.46.13.196 - - [12/Nov/2022:02:22:36 -0500] "GET /BLA/resoluciones/AUTOS%202021/5877.pdf HTTP/1.1" 304 -
172.22.2.4 - - [12/Nov/2022:02:23:37 -0500] "GET /BLA/boletinlegal/robots.txt HTTP/1.1" 404 1037
172.22.2.4 - - [12/Nov/2022:02:23:37 -0500] "GET /BLA/boletinlegal/robots.txt HTTP/1.1" 404 1037
172.22.2.4 - - [12/Nov/2022:02:23:40 -0500] "GET /BLA/boletinlegal/Circulares/2018/Circular%20No.%2010%20del%2021%20de%20Septiembre%20de%202018.pdf HTTP/1.1" 304 -
216.245.221.92 - - [12/Nov/2022:02:24:09 -0500] "HEAD / HTTP/1.1" 200 -
172.22.2.4 - - [12/Nov/2022:02:23:02 -0500] "HEAD /BLA/boletinlegal/ HTTP/1.1" 200 -
172.22.2.4 - - [12/Nov/2022:02:23:52 -0500] "GET /BLA/boletinlegal/ HTTP/1.1" 200 59779
201.245.192.253 - - [12/Nov/2022:02:26:29 -0500] "POST /kwsrmcab/Wsrmcab  HTTP/1.1" 200 40655
172.22.2.4 - - [12/Nov/2022:02:27:16 -0500] "GET /BLA/boletinlegal/ HTTP/1.1" 200 62423
216.245.221.92 - - [12/Nov/2022:02:29:09 -0500] "HEAD / HTTP/1.1" 200 -
157.55.39.117 - - [12/Nov/2022:02:30:17 -0500] "GET /si-tienes-entre-14-y-25-anos-y-quieres-participar-inscribete-a-la-convocatoria-de-lideres-juveniles-para-la-cumbre-de-alcaldes-c40-2022.html HTTP/1.1" 304 -
172.22.2.4 - - [12/Nov/2022:02:28:52 -0500] "HEAD /BLA/boletinlegal/ HTTP/1.1" 200 -
69.171.251.1 - - [12/Nov/2022:02:30:58 -0500] "GET /secretaria-de-ambiente-avanza-con-la-implementacion-de-viveros-y-sistemas-de-recoleccion-de-agua-lluvia-en-humedales.html HTTP/1.1" 206 1031
172.22.2.4 - - [12/Nov/2022:02:29:42 -0500] "GET /BLA/boletinlegal/ HTTP/1.1" 200 53739
201.245.192.253 - - [12/Nov/2022:02:31:28 -0500] "POST /kwsrmcab/Wsrmcab  HTTP/1.1" 200 40655
201.245.192.253 - - [12/Nov/2022:02:31:41 -0500] "POST /kwsrmcab/Wsrmcab HTTP/1.1" 200 42541
201.245.192.253 - - [12/Nov/2022:02:31:43 -0500] "POST /kwsrmcab/Wsrmcab HTTP/1.1" 200 43769
95.217.144.234 - - [12/Nov/2022:02:32:13 -0500] "-" 408 -
95.217.145.45 - - [12/Nov/2022:02:32:16 -0500] "-" 408 -
95.217.144.236 - - [12/Nov/2022:02:32:26 -0500] "-" 408 -
95.217.144.238 - - [12/Nov/2022:02:32:30 -0500] "-" 408 -
40.77.51.85 - - [12/Nov/2022:02:32:29 -0500] "GET /portaldeninos/wp-content/uploads/2019/08/Humedal-Tibanica.jpg HTTP/1.1" 200 152887
95.217.144.236 - - [12/Nov/2022:02:32:31 -0500] "-" 408 -
216.245.221.92 - - [12/Nov/2022:02:34:09 -0500] "HEAD / HTTP/1.1" 200 -
40.77.51.85 - - [12/Nov/2022:02:35:36 -0500] "GET /portaldeninos/wp-content/uploads/2021/07/corresponsal-ambiental.jpg HTTP/1.1" 200 76114
172.22.2.4 - - [12/Nov/2022:02:34:42 -0500] "HEAD /BLA/boletinlegal/ HTTP/1.1" 200 -
201.245.192.253 - - [12/Nov/2022:02:36:27 -0500] "POST /kwsrmcab/Wsrmcab  HTTP/1.1" 200 40655
172.22.2.4 - - [12/Nov/2022:02:35:32 -0500] "GET /BLA/boletinlegal/ HTTP/1.1" 200 54816
216.245.221.92 - - [12/Nov/2022:02:39:09 -0500] "HEAD / HTTP/1.1" 200 -
172.22.2.4 - - [12/Nov/2022:02:38:15 -0500] "GET /BLA/boletinlegal/ HTTP/1.1" 200 62840
201.245.192.253 - - [12/Nov/2022:02:41:27 -0500] "POST /kwsrmcab/Wsrmcab  HTTP/1.1" 200 40655
201.245.192.253 - - [12/Nov/2022:02:41:41 -0500] "POST /kwsrmcab/Wsrmcab HTTP/1.1" 200 42541
201.245.192.253 - - [12/Nov/2022:02:41:43 -0500] "POST /kwsrmcab/Wsrmcab HTTP/1.1" 200 43769
172.22.2.4 - - [12/Nov/2022:02:40:32 -0500] "HEAD /BLA/boletinlegal/ HTTP/1.1" 200 -
172.22.2.4 - - [12/Nov/2022:02:41:22 -0500] "GET /BLA/boletinlegal/ HTTP/1.1" 200 59779
40.86.101.165 - - [12/Nov/2022:02:44:03 -0500] "GET /portaldeninos/wp-content/uploads/2021/07/Banners-pa%CC%81gina-de-nin%CC%83os-Glosario.jpg HTTP/1.1" 200 16446
216.245.221.92 - - [12/Nov/2022:02:44:09 -0500] "HEAD / HTTP/1.1" 200 -
20.29.110.170 - - [12/Nov/2022:02:45:44 -0500] "GET /portaldeninos/wp-content/uploads/2020/06/yt.jpg HTTP/1.1" 200 10577
201.245.192.253 - - [12/Nov/2022:02:46:26 -0500] "POST /kwsrmcab/Wsrmcab  HTTP/1.1" 200 40655
172.22.2.4 - - [12/Nov/2022:02:46:43 -0500] "GET /BLA/boletinlegal/ HTTP/1.1" 200 24523
40.86.101.254 - - [12/Nov/2022:02:47:54 -0500] "GET /portaldeninos/wp-content/uploads/2021/07/Banners-pa%CC%81gina-de-nin%CC%83os5.jpg HTTP/1.1" 200 33413
172.22.2.4 - - [12/Nov/2022:02:46:22 -0500] "HEAD /BLA/boletinlegal/ HTTP/1.1" 200 -
172.22.2.4 - - [12/Nov/2022:02:47:12 -0500] "GET /BLA/boletinlegal/ HTTP/1.1" 200 53739
216.245.221.92 - - [12/Nov/2022:02:49:09 -0500] "HEAD / HTTP/1.1" 200 -
201.245.192.253 - - [12/Nov/2022:02:51:25 -0500] "POST /kwsrmcab/Wsrmcab  HTTP/1.1" 200 40655
172.22.2.4 - - [12/Nov/2022:02:52:12 -0500] "HEAD /BLA/boletinlegal/ HTTP/1.1" 200 -
216.245.221.92 - - [12/Nov/2022:02:54:09 -0500] "HEAD / HTTP/1.1" 200 -
172.22.2.4 - - [12/Nov/2022:02:53:02 -0500] "GET /BLA/boletinlegal/ HTTP/1.1" 200 56825
201.245.192.253 - - [12/Nov/2022:02:56:24 -0500] "POST /kwsrmcab/Wsrmcab  HTTP/1.1" 200 40655
40.77.167.46 - - [12/Nov/2022:02:57:15 -0500] "GET /appsia/controlador HTTP/1.1" 200 4799
216.245.221.92 - - [12/Nov/2022:02:59:09 -0500] "HEAD / HTTP/1.1" 200 -
172.22.2.4 - - [12/Nov/2022:02:58:02 -0500] "HEAD /BLA/boletinlegal/ HTTP/1.1" 200 -
172.22.2.4 - - [12/Nov/2022:02:58:52 -0500] "GET /BLA/boletinlegal/ HTTP/1.1" 200 58185
201.245.192.253 - - [12/Nov/2022:03:01:23 -0500] "POST /kwsrmcab/Wsrmcab  HTTP/1.1" 200 40655
40.78.141.94 - - [12/Nov/2022:03:02:54 -0500] "GET /galeria/galeria/fotos/MeandrodelSay1P.jpg HTTP/1.1" 200 27908
40.77.167.57 - - [12/Nov/2022:03:03:54 -0500] "GET /BLA/resoluciones/index.php?dir=AUTOS+2022%2F HTTP/1.1" 200 339829
216.245.221.92 - - [12/Nov/2022:03:04:09 -0500] "HEAD / HTTP/1.1" 200 -
172.22.2.4 - - [12/Nov/2022:03:03:52 -0500] "HEAD /BLA/boletinlegal/ HTTP/1.1" 200 -
66.249.73.127 - - [12/Nov/2022:03:06:20 -0500] "-" 408 -
172.22.2.4 - - [12/Nov/2022:03:04:42 -0500] "GET /BLA/boletinlegal/ HTTP/1.1" 200 58185
201.245.192.253 - - [12/Nov/2022:03:06:23 -0500] "POST /kwsrmcab/Wsrmcab  HTTP/1.1" 200 40655
40.77.51.85 - - [12/Nov/2022:03:07:10 -0500] "GET /portaldeninos/wp-content/uploads/2020/11/La-Conejera-B-1024x576.jpg HTTP/1.1" 200 133196
216.245.221.92 - - [12/Nov/2022:03:09:09 -0500] "HEAD / HTTP/1.1" 200 -
125.41.71.54 - - [12/Nov/2022:03:09:56 -0500] "GET /galeria/galeria/fotos/Humedal-la-conejera2P.jpg HTTP/1.1" 200 31007
172.22.2.4 - - [12/Nov/2022:03:09:42 -0500] "HEAD /BLA/boletinlegal/ HTTP/1.1" 200 -
201.245.192.253 - - [12/Nov/2022:03:11:22 -0500] "POST /kwsrmcab/Wsrmcab  HTTP/1.1" 200 40655
205.169.39.63 - - [12/Nov/2022:03:12:11 -0500] "GET /portaldeninos/wp-content/uploads/useanyfont/uaf.css?ver=1589905315 HTTP/1.1" 200 408
205.169.39.63 - - [12/Nov/2022:03:12:11 -0500] "GET /portaldeninos/wp-content/themes/betheme/style.css?ver=20.9.6 HTTP/1.1" 200 287
175.100.20.205 - - [12/Nov/2022:03:12:11 -0500] "GET / HTTP/1.1" 200 319
205.169.39.63 - - [12/Nov/2022:03:12:11 -0500] "GET /portaldeninos/wp-content/plugins/gallery-videos/CSS/Total-Soft-Gallery-Video-Widget.css?ver=4.9.8 HTTP/1.1" 200 51554
205.169.39.63 - - [12/Nov/2022:03:12:11 -0500] "GET /portaldeninos/wp-content/themes/betheme/css/base.css?ver=20.9.6 HTTP/1.1" 200 57283
205.169.39.63 - - [12/Nov/2022:03:12:11 -0500] "GET /portaldeninos/wp-content/plugins/gallery-videos/CSS/totalsoft.css?ver=4.9.8 HTTP/1.1" 200 40622
175.100.20.205 - - [12/Nov/2022:03:12:12 -0500] "GET /.env HTTP/1.1" 404 1018
205.169.39.63 - - [12/Nov/2022:03:12:11 -0500] "GET /portaldeninos/wp-content/themes/betheme/assets/animations/animations.min.css?ver=20.9.6 HTTP/1.1" 200 58508
172.22.2.4 - - [12/Nov/2022:03:10:32 -0500] "GET /BLA/boletinlegal/ HTTP/1.1" 200 58185
205.169.39.63 - - [12/Nov/2022:03:12:12 -0500] "GET /portaldeninos/wp-content/themes/betheme/assets/jplayer/css/jplayer.blue.monday.css?ver=20.9.6 HTTP/1.1" 200 9834
205.169.39.63 - - [12/Nov/2022:03:12:12 -0500] "GET /portaldeninos/wp-content/themes/betheme/assets/ui/jquery.ui.all.css?ver=20.9.6 HTTP/1.1" 200 18765
205.169.39.63 - - [12/Nov/2022:03:12:11 -0500] "GET /portaldeninos/wp-content/themes/betheme/css/layout.css?ver=20.9.6 HTTP/1.1" 200 116639
205.169.39.63 - - [12/Nov/2022:03:12:11 -0500] "GET /portaldeninos/wp-content/themes/betheme/css/shortcodes.css?ver=20.9.6 HTTP/1.1" 200 138889
205.169.39.63 - - [12/Nov/2022:03:12:12 -0500] "GET /portaldeninos/wp-includes/js/jquery/jquery-migrate.min.js?ver=1.4.1 HTTP/1.1" 200 10056
205.169.39.63 - - [12/Nov/2022:03:12:13 -0500] "GET /portaldeninos/wp-includes/js/jquery/ui/core.min.js?ver=1.11.4 HTTP/1.1" 200 4000
205.169.39.63 - - [12/Nov/2022:03:12:12 -0500] "GET /portaldeninos/wp-content/themes/betheme/css/responsive.css?ver=20.9.6 HTTP/1.1" 200 55740
205.169.39.63 - - [12/Nov/2022:03:12:12 -0500] "GET /portaldeninos/wp-content/plugins/google-analytics-for-wordpress/assets/js/frontend-gtag.min.js?ver=8.5.0 HTTP/1.1" 200 11801
205.169.39.63 - - [12/Nov/2022:03:12:13 -0500] "GET /portaldeninos/wp-content/plugins/gallery-videos/JS/modernizr.custom.js?ver=4.9.8 HTTP/1.1" 200 9019
175.100.20.205 - - [12/Nov/2022:03:12:13 -0500] "POST / HTTP/1.1" 200 319
205.169.39.63 - - [12/Nov/2022:03:12:13 -0500] "GET /portaldeninos/wp-includes/js/jquery/ui/mouse.min.js?ver=1.11.4 HTTP/1.1" 200 3148
205.169.39.63 - - [12/Nov/2022:03:12:13 -0500] "GET /portaldeninos/wp-includes/js/jquery/ui/widget.min.js?ver=1.11.4 HTTP/1.1" 200 6908
205.169.39.63 - - [12/Nov/2022:03:12:12 -0500] "GET /portaldeninos/wp-includes/js/jquery/jquery.js?ver=1.12.4 HTTP/1.1" 200 97184
205.169.39.63 - - [12/Nov/2022:03:12:13 -0500] "GET /portaldeninos/wp-includes/js/jquery/ui/accordion.min.js?ver=1.11.4 HTTP/1.1" 200 8584
205.169.39.63 - - [12/Nov/2022:03:12:13 -0500] "GET /portaldeninos/wp-includes/js/jquery/ui/tabs.min.js?ver=1.11.4 HTTP/1.1" 200 12110
205.169.39.63 - - [12/Nov/2022:03:12:13 -0500] "GET /portaldeninos/wp-content/plugins/gallery-videos/JS/Total-Soft-Gallery-Video-Widget.js?ver=4.9.8 HTTP/1.1" 200 80264
205.169.39.63 - - [12/Nov/2022:03:12:13 -0500] "GET /portaldeninos/wp-includes/js/jquery/ui/sortable.min.js?ver=1.11.4 HTTP/1.1" 200 24899
205.169.39.63 - - [12/Nov/2022:03:12:13 -0500] "GET /portaldeninos/wp-content/themes/betheme/js/menu.js?ver=20.9.6 HTTP/1.1" 200 2449
205.169.39.63 - - [12/Nov/2022:03:12:13 -0500] "GET /portaldeninos/wp-content/themes/betheme/assets/animations/animations.min.js?ver=20.9.6 HTTP/1.1" 200 1896
205.169.39.63 - - [12/Nov/2022:03:12:13 -0500] "GET /portaldeninos/wp-includes/js/wp-embed.min.js?ver=4.9.8 HTTP/1.1" 200 1398
175.100.20.205 - - [12/Nov/2022:03:12:14 -0500] "GET /_profiler/phpinfo HTTP/1.1" 404 1018
205.169.39.63 - - [12/Nov/2022:03:12:14 -0500] "GET /portaldeninos/wp-content/themes/betheme/images/box_shadow.png HTTP/1.1" 200 108
205.169.39.63 - - [12/Nov/2022:03:12:13 -0500] "GET /portaldeninos/wp-content/themes/betheme/assets/jplayer/jplayer.min.js?ver=20.9.6 HTTP/1.1" 200 52702
205.169.39.63 - - [12/Nov/2022:03:12:13 -0500] "GET /portaldeninos/wp-includes/js/wp-emoji-release.min.js?ver=4.9.8 HTTP/1.1" 200 12026
205.169.39.63 - - [12/Nov/2022:03:12:13 -0500] "GET /portaldeninos/wp-content/themes/betheme/js/scripts.js?ver=20.9.6 HTTP/1.1" 200 77162
205.169.39.63 - - [12/Nov/2022:03:12:13 -0500] "GET /portaldeninos/wp-content/themes/betheme/js/plugins.js?ver=20.9.6 HTTP/1.1" 200 197151
205.169.39.63 - - [12/Nov/2022:03:12:13 -0500] "GET /portaldeninos/wp-content/themes/betheme/fonts/mfn-icons.woff?93978679 HTTP/1.1" 200 14626
175.100.20.205 - - [12/Nov/2022:03:12:14 -0500] "GET /debug/default/view?panel=config HTTP/1.1" 404 1018
205.169.39.63 - - [12/Nov/2022:03:12:14 -0500] "GET /portaldeninos/wp-content/themes/betheme/fonts/mfn-icons.ttf?93978679 HTTP/1.1" 200 39100
175.100.20.205 - - [12/Nov/2022:03:12:15 -0500] "GET /config.json HTTP/1.1" 404 1018
175.100.20.205 - - [12/Nov/2022:03:12:16 -0500] "GET /.git/config HTTP/1.1" 404 1018
216.245.221.92 - - [12/Nov/2022:03:14:09 -0500] "HEAD / HTTP/1.1" 200 -
20.29.110.169 - - [12/Nov/2022:03:14:21 -0500] "GET /galeria/nivo-slider/demo/images/bannerantiweb.jpg HTTP/1.1" 200 182014
20.231.101.203 - - [12/Nov/2022:03:12:53 -0500] "GET /BLA/boletinlegal/ HTTP/1.1" 200 63221
201.245.192.253 - - [12/Nov/2022:03:16:21 -0500] "POST /kwsrmcab/Wsrmcab  HTTP/1.1" 200 40655
205.169.39.63 - - [12/Nov/2022:03:16:23 -0500] "GET /isolucionsda/BancoConocimiento/R/Resolucion5867Octubre11de2011/Resolucion5867Octubre11de2011.asp HTTP/1.1" 404 5004
172.22.2.4 - - [12/Nov/2022:03:15:32 -0500] "HEAD /BLA/boletinlegal/ HTTP/1.1" 200 -
172.22.2.4 - - [12/Nov/2022:03:16:22 -0500] "GET /BLA/boletinlegal/ HTTP/1.1" 200 59779
216.245.221.92 - - [12/Nov/2022:03:19:09 -0500] "HEAD / HTTP/1.1" 200 -
185.119.81.103 - - [12/Nov/2022:03:20:26 -0500] "GET /portaldeninos/wp-login.php HTTP/1.1" 200 2592
185.119.81.103 - - [12/Nov/2022:03:20:27 -0500] "POST /portaldeninos/wp-login.php HTTP/1.1" 200 3605
201.245.192.253 - - [12/Nov/2022:03:21:20 -0500] "POST /kwsrmcab/Wsrmcab  HTTP/1.1" 200 40655
201.245.192.253 - - [12/Nov/2022:03:21:41 -0500] "POST /kwsrmcab/Wsrmcab HTTP/1.1" 200 42874
201.245.192.253 - - [12/Nov/2022:03:21:43 -0500] "POST /kwsrmcab/Wsrmcab HTTP/1.1" 200 43633
66.249.73.127 - - [12/Nov/2022:03:22:23 -0500] "-" 408 -
172.22.2.4 - - [12/Nov/2022:03:21:22 -0500] "HEAD /BLA/boletinlegal/ HTTP/1.1" 200 -
172.22.2.4 - - [12/Nov/2022:03:22:12 -0500] "GET /BLA/boletinlegal/ HTTP/1.1" 200 54100
216.245.221.92 - - [12/Nov/2022:03:24:09 -0500] "HEAD / HTTP/1.1" 200 -
201.245.192.253 - - [12/Nov/2022:03:26:20 -0500] "POST /kwsrmcab/Wsrmcab  HTTP/1.1" 200 40655
31.220.3.140 - - [12/Nov/2022:03:28:48 -0500] "GET / HTTP/1.1" 200 319
172.22.2.4 - - [12/Nov/2022:03:27:12 -0500] "HEAD /BLA/boletinlegal/ HTTP/1.1" 200 -
216.245.221.92 - - [12/Nov/2022:03:29:09 -0500] "HEAD / HTTP/1.1" 200 -
172.22.2.4 - - [12/Nov/2022:03:28:02 -0500] "GET /BLA/boletinlegal/ HTTP/1.1" 200 56825
157.55.39.206 - - [12/Nov/2022:03:29:48 -0500] "GET /BLA/resoluciones/RESOLUCIONES%202022/0639.pdf HTTP/1.1" 304 -
201.245.192.253 - - [12/Nov/2022:03:31:19 -0500] "POST /kwsrmcab/Wsrmcab  HTTP/1.1" 200 40655
201.245.192.253 - - [12/Nov/2022:03:31:41 -0500] "POST /kwsrmcab/Wsrmcab HTTP/1.1" 200 42874
201.245.192.253 - - [12/Nov/2022:03:31:43 -0500] "POST /kwsrmcab/Wsrmcab HTTP/1.1" 200 43633
216.245.221.92 - - [12/Nov/2022:03:34:09 -0500] "HEAD / HTTP/1.1" 200 -
172.22.2.4 - - [12/Nov/2022:03:33:02 -0500] "HEAD /BLA/boletinlegal/ HTTP/1.1" 200 -
172.22.2.4 - - [12/Nov/2022:03:33:52 -0500] "GET /BLA/boletinlegal/ HTTP/1.1" 200 57824
201.245.192.253 - - [12/Nov/2022:03:36:18 -0500] "POST /kwsrmcab/Wsrmcab  HTTP/1.1" 200 40655
216.245.221.92 - - [12/Nov/2022:03:39:09 -0500] "HEAD / HTTP/1.1" 200 -
172.22.2.4 - - [12/Nov/2022:03:38:52 -0500] "HEAD /BLA/boletinlegal/ HTTP/1.1" 200 -
201.245.192.253 - - [12/Nov/2022:03:41:18 -0500] "POST /kwsrmcab/Wsrmcab  HTTP/1.1" 200 40655
172.22.2.4 - - [12/Nov/2022:03:39:42 -0500] "GET /BLA/boletinlegal/ HTTP/1.1" 200 59779
201.245.192.253 - - [12/Nov/2022:03:41:41 -0500] "POST /kwsrmcab/Wsrmcab HTTP/1.1" 200 42874
201.245.192.253 - - [12/Nov/2022:03:41:43 -0500] "POST /kwsrmcab/Wsrmcab HTTP/1.1" 200 43633
207.46.13.196 - - [12/Nov/2022:03:41:52 -0500] "GET /BLA/resoluciones/AUTOS%202013/3281.pdf HTTP/1.1" 200 403498
172.22.2.4 - - [12/Nov/2022:03:43:11 -0500] "GET /BLA/boletinlegal/docker-compose.yml HTTP/1.1" 404 1018
216.245.221.92 - - [12/Nov/2022:03:44:09 -0500] "HEAD / HTTP/1.1" 200 -
201.245.192.253 - - [12/Nov/2022:03:46:17 -0500] "POST /kwsrmcab/Wsrmcab  HTTP/1.1" 200 40655
172.22.2.4 - - [12/Nov/2022:03:44:42 -0500] "HEAD /BLA/boletinlegal/ HTTP/1.1" 200 -
172.22.2.4 - - [12/Nov/2022:03:45:32 -0500] "GET /BLA/boletinlegal/ HTTP/1.1" 200 55680
216.245.221.92 - - [12/Nov/2022:03:49:09 -0500] "HEAD / HTTP/1.1" 200 -
65.154.226.169 - - [12/Nov/2022:03:49:34 -0500] "GET /portaldeninos/ HTTP/1.1" 200 110197
65.154.226.169 - - [12/Nov/2022:03:49:37 -0500] "GET /portaldeninos/wp-content/themes/betheme/style.css?ver=20.9.6 HTTP/1.1" 200 287
65.154.226.169 - - [12/Nov/2022:03:49:37 -0500] "GET /portaldeninos/wp-content/uploads/useanyfont/uaf.css?ver=1589905315 HTTP/1.1" 200 408
65.154.226.169 - - [12/Nov/2022:03:49:36 -0500] "GET /portaldeninos/wp-content/plugins/gallery-videos/CSS/Total-Soft-Gallery-Video-Widget.css?ver=4.9.8 HTTP/1.1" 200 51554
65.154.226.169 - - [12/Nov/2022:03:49:36 -0500] "GET /portaldeninos/wp-content/plugins/gallery-videos/CSS/totalsoft.css?ver=4.9.8 HTTP/1.1" 200 40622
65.154.226.169 - - [12/Nov/2022:03:49:37 -0500] "GET /portaldeninos/wp-content/themes/betheme/assets/ui/jquery.ui.all.css?ver=20.9.6 HTTP/1.1" 200 18765
65.154.226.169 - - [12/Nov/2022:03:49:37 -0500] "GET /portaldeninos/wp-content/themes/betheme/css/base.css?ver=20.9.6 HTTP/1.1" 200 57283
65.154.226.169 - - [12/Nov/2022:03:49:37 -0500] "GET /portaldeninos/wp-content/themes/betheme/assets/jplayer/css/jplayer.blue.monday.css?ver=20.9.6 HTTP/1.1" 200 9834
65.154.226.169 - - [12/Nov/2022:03:49:37 -0500] "GET /portaldeninos/wp-content/themes/betheme/assets/animations/animations.min.css?ver=20.9.6 HTTP/1.1" 200 58508
65.154.226.169 - - [12/Nov/2022:03:49:38 -0500] "GET /portaldeninos/wp-content/plugins/popup-maker/assets/css/site.min.css?ver=1.8.14 HTTP/1.1" 200 8260
65.154.226.169 - - [12/Nov/2022:03:49:37 -0500] "GET /portaldeninos/wp-content/themes/betheme/css/responsive.css?ver=20.9.6 HTTP/1.1" 200 55740
65.154.226.169 - - [12/Nov/2022:03:49:37 -0500] "GET /portaldeninos/wp-content/themes/betheme/css/layout.css?ver=20.9.6 HTTP/1.1" 200 116639
65.154.226.169 - - [12/Nov/2022:03:49:38 -0500] "GET /portaldeninos/wp-content/plugins/google-analytics-for-wordpress/assets/js/frontend-gtag.min.js?ver=8.5.0 HTTP/1.1" 200 11801
