201.245.192.253 - - [13/Nov/2022:19:41:33 -0500] "POST /kwsrmcab/Wsrmcab HTTP/1.1" 200 44413
201.245.192.253 - - [13/Nov/2022:19:41:35 -0500] "POST /kwsrmcab/Wsrmcab HTTP/1.1" 200 43736
172.22.2.4 - - [13/Nov/2022:19:42:13 -0500] "HEAD /BLA/boletinlegal/ HTTP/1.1" 200 -
216.245.221.92 - - [13/Nov/2022:19:44:03 -0500] "HEAD / HTTP/1.1" 200 -
40.77.167.57 - - [13/Nov/2022:19:44:22 -0500] "GET /sipse/faces/javax.faces.resource/primefaces.js;jsessionid=74aailtiygulrsuiucwzvhl+.undefined?ln=primefaces&v=4.0 HTTP/1.1" 200 276924
172.22.2.4 - - [13/Nov/2022:19:43:03 -0500] "GET /BLA/boletinlegal/ HTTP/1.1" 200 57192
201.245.192.253 - - [13/Nov/2022:19:45:23 -0500] "POST /kwsrmcab/Wsrmcab  HTTP/1.1" 200 40655
157.55.39.105 - - [13/Nov/2022:19:46:54 -0500] "GET /alcaldesa-mayor-lidera-puesto-de-mando-unificado-para-atender-emergencia-invernal-en-inmediaciones-de-la-calera.html HTTP/1.1" 200 1095
69.171.251.9 - - [13/Nov/2022:19:48:19 -0500] "GET /images/imagen-palomas_optimized.jpg HTTP/1.1" 200 184069
216.245.221.92 - - [13/Nov/2022:19:49:03 -0500] "HEAD / HTTP/1.1" 200 -
172.22.2.4 - - [13/Nov/2022:19:48:03 -0500] "HEAD /BLA/boletinlegal/ HTTP/1.1" 200 -
41.216.183.150 - - [13/Nov/2022:19:50:18 -0500] "GET / HTTP/1.1" 200 319
201.245.192.253 - - [13/Nov/2022:19:50:23 -0500] "POST /kwsrmcab/Wsrmcab  HTTP/1.1" 200 40655
172.22.2.4 - - [13/Nov/2022:19:48:53 -0500] "GET /BLA/boletinlegal/ HTTP/1.1" 200 59779
41.216.183.150 - - [13/Nov/2022:19:50:24 -0500] "POST /GponForm/diag_Form?images/ HTTP/1.1" 404 1018
216.245.221.92 - - [13/Nov/2022:19:54:03 -0500] "HEAD / HTTP/1.1" 200 -
186.30.98.164 - - [13/Nov/2022:19:54:27 -0500] "GET /alcaldesa-mayor-lidera-puesto-de-mando-unificado-para-atender-emergencia-invernal-en-inmediaciones-de-la-calera.html HTTP/1.1" 200 1095
172.22.2.4 - - [13/Nov/2022:19:54:59 -0500] "GET /BLA/boletinlegal/explore HTTP/1.1" 404 1018
201.245.192.253 - - [13/Nov/2022:19:55:22 -0500] "POST /kwsrmcab/Wsrmcab  HTTP/1.1" 200 40655
172.22.2.4 - - [13/Nov/2022:19:53:53 -0500] "HEAD /BLA/boletinlegal/ HTTP/1.1" 200 -
172.22.2.4 - - [13/Nov/2022:19:54:43 -0500] "GET /BLA/boletinlegal/ HTTP/1.1" 200 58185
66.249.73.127 - - [13/Nov/2022:19:56:26 -0500] "-" 408 -
181.58.43.105 - - [13/Nov/2022:19:56:48 -0500] "GET /alcaldesa-mayor-lidera-puesto-de-mando-unificado-para-atender-emergencia-invernal-en-inmediaciones-de-la-calera.html HTTP/1.1" 200 1095
156.96.154.202 - - [13/Nov/2022:19:57:54 -0500] "GET / HTTP/1.1" 200 319
156.96.154.202 - - [13/Nov/2022:19:58:10 -0500] "GET / HTTP/1.1" 200 319
156.96.154.202 - - [13/Nov/2022:19:58:25 -0500] "GET /wp-includes/wlwmanifest.xml HTTP/1.1" 404 1018
156.96.154.202 - - [13/Nov/2022:19:58:41 -0500] "GET /xmlrpc.php?rsd HTTP/1.1" 404 1018
216.245.221.92 - - [13/Nov/2022:19:59:03 -0500] "HEAD / HTTP/1.1" 200 -
156.96.154.202 - - [13/Nov/2022:19:58:57 -0500] "GET / HTTP/1.1" 200 319
156.96.154.202 - - [13/Nov/2022:19:59:13 -0500] "GET /blog/wp-includes/wlwmanifest.xml HTTP/1.1" 404 1018
156.96.154.202 - - [13/Nov/2022:19:59:28 -0500] "GET /web/wp-includes/wlwmanifest.xml HTTP/1.1" 404 1018
156.96.154.202 - - [13/Nov/2022:19:59:44 -0500] "GET /wordpress/wp-includes/wlwmanifest.xml HTTP/1.1" 404 1018
156.96.154.202 - - [13/Nov/2022:20:00:00 -0500] "GET /website/wp-includes/wlwmanifest.xml HTTP/1.1" 404 1018
201.245.192.253 - - [13/Nov/2022:20:00:21 -0500] "POST /kwsrmcab/Wsrmcab  HTTP/1.1" 200 40655
156.96.154.202 - - [13/Nov/2022:20:00:15 -0500] "GET /wp/wp-includes/wlwmanifest.xml HTTP/1.1" 404 1018
156.96.154.202 - - [13/Nov/2022:20:00:31 -0500] "GET /news/wp-includes/wlwmanifest.xml HTTP/1.1" 404 1018
156.96.154.202 - - [13/Nov/2022:20:00:47 -0500] "GET /2018/wp-includes/wlwmanifest.xml HTTP/1.1" 404 1018
156.96.154.202 - - [13/Nov/2022:20:01:03 -0500] "GET /2019/wp-includes/wlwmanifest.xml HTTP/1.1" 404 1018
172.22.2.4 - - [13/Nov/2022:19:59:43 -0500] "HEAD /BLA/boletinlegal/ HTTP/1.1" 200 -
156.96.154.202 - - [13/Nov/2022:20:01:18 -0500] "GET /shop/wp-includes/wlwmanifest.xml HTTP/1.1" 404 1018
156.96.154.202 - - [13/Nov/2022:20:01:34 -0500] "GET /wp1/wp-includes/wlwmanifest.xml HTTP/1.1" 404 1018
156.96.154.202 - - [13/Nov/2022:20:01:50 -0500] "GET /test/wp-includes/wlwmanifest.xml HTTP/1.1" 404 1018
172.22.2.4 - - [13/Nov/2022:20:00:33 -0500] "GET /BLA/boletinlegal/ HTTP/1.1" 200 60277
156.96.154.202 - - [13/Nov/2022:20:02:06 -0500] "GET /media/wp-includes/wlwmanifest.xml HTTP/1.1" 404 1018
156.96.154.202 - - [13/Nov/2022:20:02:21 -0500] "GET /wp2/wp-includes/wlwmanifest.xml HTTP/1.1" 404 1018
156.96.154.202 - - [13/Nov/2022:20:02:37 -0500] "GET /site/wp-includes/wlwmanifest.xml HTTP/1.1" 404 1018
172.22.2.4 - - [13/Nov/2022:20:03:00 -0500] "GET /BLA/boletinlegal/actos.php HTTP/1.1" 200 9566
172.22.2.4 - - [13/Nov/2022:20:03:00 -0500] "GET /BLA/boletinlegal/favicon.ico HTTP/1.1" 404 1326
190.158.28.46 - - [13/Nov/2022:20:03:02 -0500] "GET /BLA/resoluciones/ HTTP/1.1" 200 13093
23.100.232.233 - - [13/Nov/2022:20:03:03 -0500] "GET /portaldeninos/humedal-capellania-2/ HTTP/1.1" 200 87949
190.158.28.46 - - [13/Nov/2022:20:03:04 -0500] "GET /BLA/resoluciones/index.php?dir=AUTOS+2017%2F HTTP/1.1" 200 458531
23.100.232.233 - - [13/Nov/2022:20:03:05 -0500] "GET /portaldeninos/wp-content/plugins/gallery-videos/CSS/Total-Soft-Gallery-Video-Widget.css?ver=4.9.8 HTTP/1.1" 200 51554
23.100.232.233 - - [13/Nov/2022:20:03:05 -0500] "GET /portaldeninos/wp-content/uploads/useanyfont/uaf.css?ver=1589905315 HTTP/1.1" 200 408
23.100.232.233 - - [13/Nov/2022:20:03:05 -0500] "GET /portaldeninos/wp-content/plugins/gallery-videos/CSS/totalsoft.css?ver=4.9.8 HTTP/1.1" 200 40622
23.100.232.233 - - [13/Nov/2022:20:03:05 -0500] "GET /portaldeninos/wp-content/themes/betheme/style.css?ver=20.9.6 HTTP/1.1" 200 287
23.100.232.233 - - [13/Nov/2022:20:03:05 -0500] "GET /portaldeninos/wp-content/themes/betheme/css/base.css?ver=20.9.6 HTTP/1.1" 200 57283
23.100.232.233 - - [13/Nov/2022:20:03:05 -0500] "GET /portaldeninos/wp-content/themes/betheme/css/layout.css?ver=20.9.6 HTTP/1.1" 200 116639
23.100.232.233 - - [13/Nov/2022:20:03:06 -0500] "GET /portaldeninos/wp-content/themes/betheme/assets/animations/animations.min.css?ver=20.9.6 HTTP/1.1" 200 58508
23.100.232.233 - - [13/Nov/2022:20:03:06 -0500] "GET /portaldeninos/wp-content/themes/betheme/css/shortcodes.css?ver=20.9.6 HTTP/1.1" 200 138889
23.100.232.233 - - [13/Nov/2022:20:03:06 -0500] "GET /portaldeninos/wp-content/themes/betheme/assets/jplayer/css/jplayer.blue.monday.css?ver=20.9.6 HTTP/1.1" 200 9834
23.100.232.233 - - [13/Nov/2022:20:03:06 -0500] "GET /portaldeninos/wp-content/themes/betheme/assets/ui/jquery.ui.all.css?ver=20.9.6 HTTP/1.1" 200 18765
23.100.232.233 - - [13/Nov/2022:20:03:06 -0500] "GET /portaldeninos/wp-content/plugins/google-analytics-for-wordpress/assets/js/frontend-gtag.min.js?ver=8.5.0 HTTP/1.1" 200 11801
23.100.232.233 - - [13/Nov/2022:20:03:06 -0500] "GET /portaldeninos/wp-content/themes/betheme/css/responsive.css?ver=20.9.6 HTTP/1.1" 200 55740
23.100.232.233 - - [13/Nov/2022:20:03:06 -0500] "GET /portaldeninos/wp-includes/js/jquery/jquery-migrate.min.js?ver=1.4.1 HTTP/1.1" 200 10056
23.100.232.233 - - [13/Nov/2022:20:03:06 -0500] "GET /portaldeninos/wp-includes/js/jquery/ui/core.min.js?ver=1.11.4 HTTP/1.1" 200 4000
23.100.232.233 - - [13/Nov/2022:20:03:06 -0500] "GET /portaldeninos/wp-content/plugins/gallery-videos/JS/modernizr.custom.js?ver=4.9.8 HTTP/1.1" 200 9019
23.100.232.233 - - [13/Nov/2022:20:03:06 -0500] "GET /portaldeninos/wp-includes/js/jquery/jquery.js?ver=1.12.4 HTTP/1.1" 200 97184
23.100.232.233 - - [13/Nov/2022:20:03:07 -0500] "GET /portaldeninos/wp-content/plugins/gallery-videos/JS/Total-Soft-Gallery-Video-Widget.js?ver=4.9.8 HTTP/1.1" 200 80264
23.100.232.233 - - [13/Nov/2022:20:03:07 -0500] "GET /portaldeninos/wp-includes/js/jquery/ui/widget.min.js?ver=1.11.4 HTTP/1.1" 200 6908
23.100.232.233 - - [13/Nov/2022:20:03:07 -0500] "GET /portaldeninos/wp-includes/js/wp-emoji-release.min.js?ver=4.9.8 HTTP/1.1" 200 12026
23.100.232.233 - - [13/Nov/2022:20:03:07 -0500] "GET /portaldeninos/wp-includes/js/jquery/ui/mouse.min.js?ver=1.11.4 HTTP/1.1" 200 3148
23.100.232.233 - - [13/Nov/2022:20:03:07 -0500] "GET /portaldeninos/wp-includes/js/jquery/ui/tabs.min.js?ver=1.11.4 HTTP/1.1" 200 12110
23.100.232.233 - - [13/Nov/2022:20:03:07 -0500] "GET /portaldeninos/wp-includes/js/jquery/ui/sortable.min.js?ver=1.11.4 HTTP/1.1" 200 24899
23.100.232.233 - - [13/Nov/2022:20:03:07 -0500] "GET /portaldeninos/wp-includes/js/jquery/ui/accordion.min.js?ver=1.11.4 HTTP/1.1" 200 8584
23.100.232.233 - - [13/Nov/2022:20:03:07 -0500] "GET /portaldeninos/wp-content/themes/betheme/js/menu.js?ver=20.9.6 HTTP/1.1" 200 2449
23.100.232.233 - - [13/Nov/2022:20:03:07 -0500] "GET /portaldeninos/wp-content/themes/betheme/assets/jplayer/jplayer.min.js?ver=20.9.6 HTTP/1.1" 200 52702
23.100.232.233 - - [13/Nov/2022:20:03:08 -0500] "GET /portaldeninos/wp-content/themes/betheme/js/scripts.js?ver=20.9.6 HTTP/1.1" 200 77162
23.100.232.233 - - [13/Nov/2022:20:03:07 -0500] "GET /portaldeninos/wp-content/themes/betheme/js/plugins.js?ver=20.9.6 HTTP/1.1" 200 197151
23.100.232.233 - - [13/Nov/2022:20:03:08 -0500] "GET /portaldeninos/wp-includes/js/wp-embed.min.js?ver=4.9.8 HTTP/1.1" 200 1398
23.100.232.233 - - [13/Nov/2022:20:03:08 -0500] "GET /portaldeninos/wp-content/themes/betheme/assets/animations/animations.min.js?ver=20.9.6 HTTP/1.1" 200 1896
156.96.154.202 - - [13/Nov/2022:20:02:53 -0500] "GET /cms/wp-includes/wlwmanifest.xml HTTP/1.1" 404 1018
190.158.28.46 - - [13/Nov/2022:20:03:14 -0500] "GET /BLA/resoluciones/AUTOS%202017/1112.pdf HTTP/1.1" 200 290069
156.96.154.202 - - [13/Nov/2022:20:03:09 -0500] "GET /sito/wp-includes/wlwmanifest.xml HTTP/1.1" 404 1018
216.245.221.92 - - [13/Nov/2022:20:04:03 -0500] "HEAD / HTTP/1.1" 200 -
172.22.2.4 - - [13/Nov/2022:20:02:57 -0500] "GET /BLA/boletinlegal/ HTTP/1.1" 200 62840
186.29.60.243 - - [13/Nov/2022:20:05:12 -0500] "GET / HTTP/1.1" 200 4720
186.29.60.243 - - [13/Nov/2022:20:05:12 -0500] "GET /js/url.js HTTP/1.1" 404 1294
186.29.60.243 - - [13/Nov/2022:20:05:12 -0500] "GET /fonts/icomoon/style.css HTTP/1.1" 200 79820
186.29.60.243 - - [13/Nov/2022:20:05:12 -0500] "GET /css/bootstrap.min.css HTTP/1.1" 200 178212
186.29.60.243 - - [13/Nov/2022:20:05:12 -0500] "GET /css/style.css HTTP/1.1" 200 3473
186.29.60.243 - - [13/Nov/2022:20:05:13 -0500] "GET /favicon.ico HTTP/1.1" 404 1294
201.245.192.253 - - [13/Nov/2022:20:05:20 -0500] "POST /kwsrmcab/Wsrmcab  HTTP/1.1" 200 40655
172.22.2.4 - - [13/Nov/2022:20:05:33 -0500] "HEAD /BLA/boletinlegal/ HTTP/1.1" 200 -
172.22.2.4 - - [13/Nov/2022:20:06:23 -0500] "GET /BLA/boletinlegal/ HTTP/1.1" 200 53337
216.245.221.92 - - [13/Nov/2022:20:09:03 -0500] "HEAD / HTTP/1.1" 200 -
201.245.192.253 - - [13/Nov/2022:20:10:19 -0500] "POST /kwsrmcab/Wsrmcab  HTTP/1.1" 200 40655
173.252.83.19 - - [13/Nov/2022:20:10:30 -0500] "GET /images/pieza-mujeres-reverdecen-4-abril.jpg HTTP/1.1" 200 48916
66.220.149.10 - - [13/Nov/2022:20:10:48 -0500] "GET /images/pieza-calidad-aire-noche-4-febrero.jpg HTTP/1.1" 200 37476
186.29.60.243 - - [13/Nov/2022:20:10:58 -0500] "POST /procesar.php HTTP/1.1" 200 996
190.27.85.114 - - [13/Nov/2022:20:11:24 -0500] "GET /sipse/faces/index.xhtml HTTP/1.1" 200 677
190.27.85.114 - - [13/Nov/2022:20:11:24 -0500] "GET /sipse/faces/javax.faces.resource/theme.css?ln=primefaces-sipse HTTP/1.1" 304 -
190.27.85.114 - - [13/Nov/2022:20:11:24 -0500] "GET /sipse/faces/faces/autenticacion.xhtml HTTP/1.1" 200 12192
190.27.85.114 - - [13/Nov/2022:20:11:24 -0500] "GET /sipse/faces/javax.faces.resource/theme.css?ln=primefaces-sipse HTTP/1.1" 304 -
190.27.85.114 - - [13/Nov/2022:20:11:24 -0500] "GET /sipse/faces/javax.faces.resource/primefaces.css?ln=primefaces&v=4.0 HTTP/1.1" 304 -
190.27.85.114 - - [13/Nov/2022:20:11:24 -0500] "GET /sipse/faces/javax.faces.resource/layout/layout.css?ln=primefaces&v=4.0 HTTP/1.1" 304 -
190.27.85.114 - - [13/Nov/2022:20:11:24 -0500] "GET /sipse/faces/javax.faces.resource/jquery/jquery.js?ln=primefaces&v=4.0 HTTP/1.1" 304 -
190.27.85.114 - - [13/Nov/2022:20:11:24 -0500] "GET /sipse/faces/javax.faces.resource/layout/layout.js?ln=primefaces&v=4.0 HTTP/1.1" 304 -
190.27.85.114 - - [13/Nov/2022:20:11:24 -0500] "GET /sipse/faces/javax.faces.resource/primefaces.js?ln=primefaces&v=4.0 HTTP/1.1" 304 -
190.27.85.114 - - [13/Nov/2022:20:11:24 -0500] "GET /sipse/faces/javax.faces.resource/jquery/jquery-plugins.js?ln=primefaces&v=4.0 HTTP/1.1" 304 -
190.27.85.114 - - [13/Nov/2022:20:11:24 -0500] "GET /sipse/faces/javax.faces.resource/images/ui-icons_898989_256x240.png?ln=primefaces-aristo HTTP/1.1" 304 -
103.149.192.234 - - [13/Nov/2022:20:11:03 -0500] "GET /portaldeninos/ HTTP/1.1" 200 110197
190.27.85.114 - - [13/Nov/2022:20:11:27 -0500] "POST /sipse/faces/autenticacion.xhtml HTTP/1.1" 200 2224
190.27.85.114 - - [13/Nov/2022:20:11:27 -0500] "GET /sipse/faces/javax.faces.resource/messages/messages.png?ln=primefaces&v=4.0 HTTP/1.1" 304 -
190.27.85.114 - - [13/Nov/2022:20:11:28 -0500] "POST /sipse/faces/autenticacion.xhtml HTTP/1.1" 200 16291
190.27.85.114 - - [13/Nov/2022:20:11:28 -0500] "GET /sipse/faces/javax.faces.resource/theme.css?ln=primefaces-sipse HTTP/1.1" 304 -
190.27.85.114 - - [13/Nov/2022:20:11:28 -0500] "GET /sipse/faces/javax.faces.resource/primefaces.css?ln=primefaces&v=4.0 HTTP/1.1" 304 -
190.27.85.114 - - [13/Nov/2022:20:11:28 -0500] "GET /sipse/faces/javax.faces.resource/layout/layout.css?ln=primefaces&v=4.0 HTTP/1.1" 304 -
190.27.85.114 - - [13/Nov/2022:20:11:28 -0500] "GET /sipse/faces/javax.faces.resource/jquery/jquery.js?ln=primefaces&v=4.0 HTTP/1.1" 304 -
190.27.85.114 - - [13/Nov/2022:20:11:28 -0500] "GET /sipse/faces/javax.faces.resource/jquery/jquery-plugins.js?ln=primefaces&v=4.0 HTTP/1.1" 304 -
190.27.85.114 - - [13/Nov/2022:20:11:28 -0500] "GET /sipse/faces/javax.faces.resource/primefaces.js?ln=primefaces&v=4.0 HTTP/1.1" 304 -
190.27.85.114 - - [13/Nov/2022:20:11:28 -0500] "GET /sipse/faces/javax.faces.resource/layout/layout.js?ln=primefaces&v=4.0 HTTP/1.1" 304 -
190.27.85.114 - - [13/Nov/2022:20:11:29 -0500] "GET /sipse/css/imagen/contrasena.png HTTP/1.1" 404 383
190.27.85.114 - - [13/Nov/2022:20:11:30 -0500] "GET /sipse/faces/javax.faces.resource/images/ui-bg_flat_0_2d5972_40x100.png?ln=primefaces-aristo HTTP/1.1" 304 -
190.27.85.114 - - [13/Nov/2022:20:11:30 -0500] "POST /sipse/faces/bienvenido.xhtml HTTP/1.1" 200 2658
190.27.85.114 - - [13/Nov/2022:20:11:37 -0500] "POST /sipse/faces/bienvenido.xhtml HTTP/1.1" 200 65788
190.27.85.114 - - [13/Nov/2022:20:11:40 -0500] "GET /sipse/faces/javax.faces.resource/layout/layout.css?ln=primefaces&v=4.0 HTTP/1.1" 304 -
190.27.85.114 - - [13/Nov/2022:20:11:40 -0500] "GET /sipse/faces/javax.faces.resource/theme.css?ln=primefaces-sipse HTTP/1.1" 304 -
190.27.85.114 - - [13/Nov/2022:20:11:40 -0500] "GET /sipse/faces/javax.faces.resource/primefaces.css?ln=primefaces&v=4.0 HTTP/1.1" 304 -
190.27.85.114 - - [13/Nov/2022:20:11:40 -0500] "GET /sipse/faces/javax.faces.resource/jquery/jquery.js?ln=primefaces&v=4.0 HTTP/1.1" 304 -
190.27.85.114 - - [13/Nov/2022:20:11:40 -0500] "GET /sipse/faces/javax.faces.resource/jquery/jquery-plugins.js?ln=primefaces&v=4.0 HTTP/1.1" 304 -
190.27.85.114 - - [13/Nov/2022:20:11:40 -0500] "GET /sipse/faces/javax.faces.resource/primefaces.js?ln=primefaces&v=4.0 HTTP/1.1" 304 -
190.27.85.114 - - [13/Nov/2022:20:11:40 -0500] "GET /sipse/faces/javax.faces.resource/layout/layout.js?ln=primefaces&v=4.0 HTTP/1.1" 304 -
190.27.85.114 - - [13/Nov/2022:20:11:40 -0500] "POST /sipse/faces/presentacion/financiero/solicitudProceso/listarSolicitudProceso.xhtml HTTP/1.1" 200 1560
186.102.24.203 - - [13/Nov/2022:20:12:10 -0500] "GET /distrito-decreta-calamidad-publica-para-seguir-atendiendo-emergencia-invernal.html HTTP/1.1" 200 982
194.146.24.107 - - [13/Nov/2022:20:12:22 -0500] "GET /config/getuser?index=0 HTTP/1.1" 404 1018
45.61.188.24 - - [13/Nov/2022:20:12:23 -0500] "POST /boaform/admin/formLogin HTTP/1.1" 404 1186
190.27.85.114 - - [13/Nov/2022:20:12:52 -0500] "POST /sipse/faces/presentacion/financiero/solicitudProceso/listarSolicitudProceso.xhtml HTTP/1.1" 200 138685
190.27.85.114 - - [13/Nov/2022:20:12:53 -0500] "GET /sipse/faces/javax.faces.resource/theme.css?ln=primefaces-sipse HTTP/1.1" 304 -
190.27.85.114 - - [13/Nov/2022:20:12:53 -0500] "GET /sipse/faces/javax.faces.resource/primefaces.css?ln=primefaces&v=4.0 HTTP/1.1" 304 -
190.27.85.114 - - [13/Nov/2022:20:12:53 -0500] "GET /sipse/faces/javax.faces.resource/layout/layout.css?ln=primefaces&v=4.0 HTTP/1.1" 304 -
190.27.85.114 - - [13/Nov/2022:20:12:53 -0500] "GET /sipse/faces/javax.faces.resource/jquery/jquery.js?ln=primefaces&v=4.0 HTTP/1.1" 304 -
190.27.85.114 - - [13/Nov/2022:20:12:53 -0500] "GET /sipse/faces/javax.faces.resource/jquery/jquery-plugins.js?ln=primefaces&v=4.0 HTTP/1.1" 304 -
190.27.85.114 - - [13/Nov/2022:20:12:53 -0500] "GET /sipse/faces/javax.faces.resource/primefaces.js?ln=primefaces&v=4.0 HTTP/1.1" 304 -
190.27.85.114 - - [13/Nov/2022:20:12:53 -0500] "GET /sipse/faces/javax.faces.resource/layout/layout.js?ln=primefaces&v=4.0 HTTP/1.1" 304 -
172.22.2.4 - - [13/Nov/2022:20:11:23 -0500] "HEAD /BLA/boletinlegal/ HTTP/1.1" 200 -
186.102.24.203 - - [13/Nov/2022:20:13:15 -0500] "GET /distrito-decreta-calamidad-publica-para-seguir-atendiendo-emergencia-invernal.html HTTP/1.1" 304 -
190.27.85.114 - - [13/Nov/2022:20:13:48 -0500] "POST /sipse/faces/presentacion/financiero/solicitudProceso/consultarSolicitudProceso.xhtml HTTP/1.1" 200 21135
190.27.85.114 - - [13/Nov/2022:20:13:48 -0500] "GET /sipse/faces/javax.faces.resource/primefaces.css?ln=primefaces&v=4.0 HTTP/1.1" 304 -
190.27.85.114 - - [13/Nov/2022:20:13:48 -0500] "GET /sipse/faces/javax.faces.resource/theme.css?ln=primefaces-sipse HTTP/1.1" 304 -
190.27.85.114 - - [13/Nov/2022:20:13:48 -0500] "GET /sipse/faces/javax.faces.resource/layout/layout.css?ln=primefaces&v=4.0 HTTP/1.1" 304 -
190.27.85.114 - - [13/Nov/2022:20:13:48 -0500] "GET /sipse/faces/javax.faces.resource/fileupload/fileupload.css?ln=primefaces&v=4.0 HTTP/1.1" 304 -
190.27.85.114 - - [13/Nov/2022:20:13:48 -0500] "GET /sipse/faces/javax.faces.resource/jquery/jquery.js?ln=primefaces&v=4.0 HTTP/1.1" 304 -
190.27.85.114 - - [13/Nov/2022:20:13:48 -0500] "GET /sipse/faces/javax.faces.resource/jquery/jquery-plugins.js?ln=primefaces&v=4.0 HTTP/1.1" 304 -
190.27.85.114 - - [13/Nov/2022:20:13:48 -0500] "GET /sipse/faces/javax.faces.resource/layout/layout.js?ln=primefaces&v=4.0 HTTP/1.1" 304 -
190.27.85.114 - - [13/Nov/2022:20:13:48 -0500] "GET /sipse/faces/javax.faces.resource/primefaces.js?ln=primefaces&v=4.0 HTTP/1.1" 304 -
190.27.85.114 - - [13/Nov/2022:20:13:48 -0500] "GET /sipse/faces/javax.faces.resource/fileupload/fileupload.js?ln=primefaces&v=4.0 HTTP/1.1" 304 -
172.22.2.4 - - [13/Nov/2022:20:12:13 -0500] "GET /BLA/boletinlegal/ HTTP/1.1" 200 59779
190.27.85.114 - - [13/Nov/2022:20:13:55 -0500] "POST /sipse/faces/presentacion/sistema/anexos/cargarAnexoSolicitudProceso.xhtml HTTP/1.1" 200 186881
190.27.85.114 - - [13/Nov/2022:20:13:55 -0500] "GET /sipse/faces/javax.faces.resource/layout/layout.css?ln=primefaces&v=4.0 HTTP/1.1" 304 -
190.27.85.114 - - [13/Nov/2022:20:13:55 -0500] "GET /sipse/faces/javax.faces.resource/theme.css?ln=primefaces-sipse HTTP/1.1" 304 -
190.27.85.114 - - [13/Nov/2022:20:13:55 -0500] "GET /sipse/faces/javax.faces.resource/jquery/jquery-plugins.js?ln=primefaces&v=4.0 HTTP/1.1" 304 -
190.27.85.114 - - [13/Nov/2022:20:13:55 -0500] "GET /sipse/faces/javax.faces.resource/jquery/jquery.js?ln=primefaces&v=4.0 HTTP/1.1" 304 -
190.27.85.114 - - [13/Nov/2022:20:13:55 -0500] "GET /sipse/faces/javax.faces.resource/primefaces.css?ln=primefaces&v=4.0 HTTP/1.1" 304 -
190.27.85.114 - - [13/Nov/2022:20:13:55 -0500] "GET /sipse/faces/javax.faces.resource/primefaces.js?ln=primefaces&v=4.0 HTTP/1.1" 304 -
190.27.85.114 - - [13/Nov/2022:20:13:55 -0500] "GET /sipse/faces/javax.faces.resource/layout/layout.js?ln=primefaces&v=4.0 HTTP/1.1" 304 -
190.27.85.114 - - [13/Nov/2022:20:14:02 -0500] "POST /sipse/faces/presentacion/financiero/solicitudProceso/consultarSolicitudProceso.xhtml HTTP/1.1" 200 6808
216.245.221.92 - - [13/Nov/2022:20:14:03 -0500] "HEAD / HTTP/1.1" 200 -
190.27.85.114 - - [13/Nov/2022:20:14:10 -0500] "POST /sipse/faces/presentacion/financiero/solicitudProceso/consultarSolicitudProceso.xhtml HTTP/1.1" 200 66238
190.27.85.114 - - [13/Nov/2022:20:14:13 -0500] "GET /sipse/faces/javax.faces.resource/theme.css?ln=primefaces-sipse HTTP/1.1" 304 -
190.27.85.114 - - [13/Nov/2022:20:14:13 -0500] "GET /sipse/faces/javax.faces.resource/primefaces.css?ln=primefaces&v=4.0 HTTP/1.1" 304 -
190.27.85.114 - - [13/Nov/2022:20:14:13 -0500] "GET /sipse/faces/javax.faces.resource/layout/layout.css?ln=primefaces&v=4.0 HTTP/1.1" 304 -
190.27.85.114 - - [13/Nov/2022:20:14:13 -0500] "GET /sipse/faces/javax.faces.resource/jquery/jquery.js?ln=primefaces&v=4.0 HTTP/1.1" 304 -
190.27.85.114 - - [13/Nov/2022:20:14:13 -0500] "GET /sipse/faces/javax.faces.resource/jquery/jquery-plugins.js?ln=primefaces&v=4.0 HTTP/1.1" 304 -
190.27.85.114 - - [13/Nov/2022:20:14:13 -0500] "GET /sipse/faces/javax.faces.resource/primefaces.js?ln=primefaces&v=4.0 HTTP/1.1" 304 -
190.27.85.114 - - [13/Nov/2022:20:14:13 -0500] "GET /sipse/faces/javax.faces.resource/layout/layout.js?ln=primefaces&v=4.0 HTTP/1.1" 304 -
190.27.85.114 - - [13/Nov/2022:20:14:14 -0500] "POST /sipse/faces/presentacion/financiero/solicitudProceso/listarSolicitudProceso.xhtml HTTP/1.1" 200 1560
172.22.2.4 - - [13/Nov/2022:20:14:54 -0500] "GET /BLA/boletinlegal/Circulares/2013/Circular%20No.%206%20del%2019%20de%20julio%20de%202013.pdf HTTP/1.1" 304 -
201.245.192.253 - - [13/Nov/2022:20:15:18 -0500] "POST /kwsrmcab/Wsrmcab  HTTP/1.1" 200 40655
172.22.2.4 - - [13/Nov/2022:20:16:31 -0500] "GET /BLA/boletinlegal/actos.php HTTP/1.1" 200 9566
172.22.2.4 - - [13/Nov/2022:20:16:44 -0500] "GET /BLA/boletinlegal/consulta_actos.php?tipo=resoluciones&no=0762&usuario=&sector=&fecha=2021&resuelve= HTTP/1.1" 200 1050
186.28.154.214 - - [13/Nov/2022:20:16:47 -0500] "GET /BLA/resoluciones/RESOLUCIONES%202021/0762.pdf HTTP/1.1" 200 512985
186.84.89.131 - - [13/Nov/2022:20:17:52 -0500] "GET /distrito-decreta-calamidad-publica-para-seguir-atendiendo-emergencia-invernal.html HTTP/1.1" 206 982
186.84.89.131 - - [13/Nov/2022:20:17:52 -0500] "GET /images/cl-pmu-13-nov_optimized.jpeg HTTP/1.1" 206 67417
172.22.2.4 - - [13/Nov/2022:20:16:26 -0500] "GET /BLA/boletinlegal/ HTTP/1.1" 200 58185
172.22.2.4 - - [13/Nov/2022:20:17:13 -0500] "HEAD /BLA/boletinlegal/ HTTP/1.1" 200 -
216.245.221.92 - - [13/Nov/2022:20:19:03 -0500] "HEAD / HTTP/1.1" 200 -
172.22.2.4 - - [13/Nov/2022:20:19:31 -0500] "GET /BLA/boletinlegal/consulta_actos.php?tipo=autos&no=6562&usuario=&sector=&fecha=2014&resuelve= HTTP/1.1" 200 1072
186.30.63.31 - - [13/Nov/2022:20:19:33 -0500] "GET /BLA/resoluciones/ HTTP/1.1" 200 13093
186.30.63.31 - - [13/Nov/2022:20:19:35 -0500] "GET /BLA/resoluciones/index.php?dir=AUTOS+2014%2F HTTP/1.1" 200 884658
172.22.2.4 - - [13/Nov/2022:20:18:03 -0500] "GET /BLA/boletinlegal/ HTTP/1.1" 200 57192
186.30.63.31 - - [13/Nov/2022:20:19:49 -0500] "GET /BLA/resoluciones/AUTOS%202014/6562.pdf HTTP/1.1" 200 151390
201.245.192.253 - - [13/Nov/2022:20:20:17 -0500] "POST /kwsrmcab/Wsrmcab  HTTP/1.1" 200 40655
192.241.206.108 - - [13/Nov/2022:20:21:32 -0500] "GET / HTTP/1.1" 200 319
20.231.101.203 - - [13/Nov/2022:20:19:53 -0500] "GET /BLA/boletinlegal/ HTTP/1.1" 200 62840
201.245.192.253 - - [13/Nov/2022:20:21:32 -0500] "POST /kwsrmcab/Wsrmcab HTTP/1.1" 200 44406
201.245.192.253 - - [13/Nov/2022:20:21:35 -0500] "POST /kwsrmcab/Wsrmcab HTTP/1.1" 200 43729
173.252.111.1 - - [13/Nov/2022:20:22:18 -0500] "GET /images/negocios-verdes-3-marzo.jpg HTTP/1.1" 200 33179
173.252.107.119 - - [13/Nov/2022:20:22:32 -0500] "GET /si-estas-buscando-productos-y-servicios-sostenibles-participa-en-la-feria-de-negocios-verdes-en-bogota.html HTTP/1.1" 206 996
36.82.97.158 - - [13/Nov/2022:20:22:38 -0500] "GET / HTTP/1.1" 200 319
186.102.24.203 - - [13/Nov/2022:20:22:42 -0500] "GET /distrito-decreta-calamidad-publica-para-seguir-atendiendo-emergencia-invernal.html HTTP/1.1" 200 982
216.245.221.92 - - [13/Nov/2022:20:24:03 -0500] "HEAD / HTTP/1.1" 200 -
172.22.2.4 - - [13/Nov/2022:20:23:03 -0500] "HEAD /BLA/boletinlegal/ HTTP/1.1" 200 -
201.245.192.253 - - [13/Nov/2022:20:25:16 -0500] "POST /kwsrmcab/Wsrmcab  HTTP/1.1" 200 40655
172.22.2.4 - - [13/Nov/2022:20:23:53 -0500] "GET /BLA/boletinlegal/ HTTP/1.1" 200 57824
216.245.221.92 - - [13/Nov/2022:20:29:03 -0500] "HEAD / HTTP/1.1" 200 -
201.245.192.253 - - [13/Nov/2022:20:30:16 -0500] "POST /kwsrmcab/Wsrmcab  HTTP/1.1" 200 40655
172.22.2.4 - - [13/Nov/2022:20:28:53 -0500] "HEAD /BLA/boletinlegal/ HTTP/1.1" 200 -
172.22.2.4 - - [13/Nov/2022:20:29:43 -0500] "GET /BLA/boletinlegal/ HTTP/1.1" 200 57824
201.245.192.253 - - [13/Nov/2022:20:31:32 -0500] "POST /kwsrmcab/Wsrmcab HTTP/1.1" 200 44406
201.245.192.253 - - [13/Nov/2022:20:31:35 -0500] "POST /kwsrmcab/Wsrmcab HTTP/1.1" 200 43729
35.240.26.48 - - [13/Nov/2022:20:33:30 -0500] "GET /alcaldesa-mayor-lidera-puesto-de-mando-unificado-para-atender-emergencia-invernal-en-inmediaciones-de-la-calera.html HTTP/1.1" 200 1095
216.245.221.92 - - [13/Nov/2022:20:34:03 -0500] "HEAD / HTTP/1.1" 200 -
66.249.73.97 - - [13/Nov/2022:20:34:57 -0500] "-" 408 -
201.245.192.253 - - [13/Nov/2022:20:35:14 -0500] "POST /kwsrmcab/Wsrmcab  HTTP/1.1" 200 40655
173.252.127.2 - - [13/Nov/2022:20:35:40 -0500] "GET /images/alcaldesa-pmu_optimized.jpeg HTTP/1.1" 200 57931
66.220.149.19 - - [13/Nov/2022:20:35:43 -0500] "GET /alcaldesa-mayor-lidera-puesto-de-mando-unificado-para-atender-emergencia-invernal-en-inmediaciones-de-la-calera.html?fbclid=IwAR3HtZbfAsXEqs6ZwkQfjUy85p0VsVenCWLnVdeAvTnOLB0GR93EBaV83fc HTTP/1.1" 200 1095
172.22.2.4 - - [13/Nov/2022:20:34:36 -0500] "GET /BLA/boletinlegal/ HTTP/1.1" 200 52942
172.22.2.4 - - [13/Nov/2022:20:34:43 -0500] "HEAD /BLA/boletinlegal/ HTTP/1.1" 200 -
190.158.28.46 - - [13/Nov/2022:20:36:38 -0500] "GET /BLA/resoluciones/index.php?dir=AUTOS+2019%2F HTTP/1.1" 200 348688
190.158.28.46 - - [13/Nov/2022:20:36:56 -0500] "GET /BLA/resoluciones/AUTOS%202019/2042.pdf HTTP/1.1" 200 253153
172.22.2.4 - - [13/Nov/2022:20:35:33 -0500] "GET /BLA/boletinlegal/ HTTP/1.1" 200 54816
172.22.2.4 - - [13/Nov/2022:20:38:24 -0500] "GET /BLA/boletinlegal/Circulares/2019/.pdf HTTP/1.1" 404 1218
216.245.221.92 - - [13/Nov/2022:20:39:03 -0500] "HEAD / HTTP/1.1" 200 -
37.44.238.205 - - [13/Nov/2022:20:39:18 -0500] "GET / HTTP/1.1" 200 319
201.245.192.253 - - [13/Nov/2022:20:40:13 -0500] "POST /kwsrmcab/Wsrmcab  HTTP/1.1" 200 40655
66.249.73.97 - - [13/Nov/2022:20:41:26 -0500] "-" 408 -
201.245.192.253 - - [13/Nov/2022:20:41:32 -0500] "POST /kwsrmcab/Wsrmcab HTTP/1.1" 200 44406
201.245.192.253 - - [13/Nov/2022:20:41:35 -0500] "POST /kwsrmcab/Wsrmcab HTTP/1.1" 200 43729
172.22.2.4 - - [13/Nov/2022:20:40:33 -0500] "HEAD /BLA/boletinlegal/ HTTP/1.1" 200 -
172.22.2.4 - - [13/Nov/2022:20:41:23 -0500] "GET /BLA/boletinlegal/ HTTP/1.1" 200 59779
216.245.221.92 - - [13/Nov/2022:20:44:03 -0500] "HEAD / HTTP/1.1" 200 -
201.245.192.253 - - [13/Nov/2022:20:45:12 -0500] "POST /kwsrmcab/Wsrmcab  HTTP/1.1" 200 40655
35.86.191.95 - - [13/Nov/2022:20:47:43 -0500] "GET / HTTP/1.1" 200 319
172.22.2.4 - - [13/Nov/2022:20:46:23 -0500] "HEAD /BLA/boletinlegal/ HTTP/1.1" 200 -
31.13.103.118 - - [13/Nov/2022:20:48:26 -0500] "GET /alcaldesa-mayor-lidera-puesto-de-mando-unificado-para-atender-emergencia-invernal-en-inmediaciones-de-la-calera.html HTTP/1.1" 206 1095
31.13.103.3 - - [13/Nov/2022:20:48:26 -0500] "GET /alcaldesa-mayor-lidera-puesto-de-mando-unificado-para-atender-emergencia-invernal-en-inmediaciones-de-la-calera.html HTTP/1.1" 206 1095
172.22.2.4 - - [13/Nov/2022:20:47:13 -0500] "GET /BLA/boletinlegal/ HTTP/1.1" 200 55680
216.245.221.92 - - [13/Nov/2022:20:49:03 -0500] "HEAD / HTTP/1.1" 200 -
199.16.157.180 - - [13/Nov/2022:20:49:12 -0500] "-" 408 -
172.22.2.4 - - [13/Nov/2022:20:49:29 -0500] "GET /BLA/boletinlegal/jurisprudencia/analisis/Analisis%20jurisprudencial%20Sentencia%20C-366-11.doc HTTP/1.1" 304 -
173.252.107.21 - - [13/Nov/2022:20:49:44 -0500] "GET /BLA/resoluciones/RESOLUCIONES%202016/2228.pdf HTTP/1.1" 206 340571
201.245.192.253 - - [13/Nov/2022:20:50:11 -0500] "POST /kwsrmcab/Wsrmcab  HTTP/1.1" 200 40655
144.76.22.138 - - [13/Nov/2022:20:51:47 -0500] "-" 408 -
88.99.142.101 - - [13/Nov/2022:20:52:13 -0500] "-" 408 -
148.251.136.181 - - [13/Nov/2022:20:52:29 -0500] "-" 408 -
172.22.2.4 - - [13/Nov/2022:20:53:40 -0500] "GET /BLA/boletinlegal/Circulares/2022/CIRCULAR%20No.%2000004%20DEL%2019%20DE%20MAYO%20DEL%202022.pdf HTTP/1.1" 304 -
172.22.2.4 - - [13/Nov/2022:20:52:13 -0500] "HEAD /BLA/boletinlegal/ HTTP/1.1" 200 -
17.121.112.99 - - [13/Nov/2022:20:54:02 -0500] "-" 408 -
216.245.221.92 - - [13/Nov/2022:20:54:03 -0500] "HEAD / HTTP/1.1" 200 -
95.217.145.45 - - [13/Nov/2022:20:54:30 -0500] "-" 408 -
172.22.2.4 - - [13/Nov/2022:20:53:03 -0500] "GET /BLA/boletinlegal/ HTTP/1.1" 200 57824
17.121.113.175 - - [13/Nov/2022:20:54:46 -0500] "-" 408 -
201.245.192.253 - - [13/Nov/2022:20:55:11 -0500] "POST /kwsrmcab/Wsrmcab  HTTP/1.1" 200 40655
95.217.144.234 - - [13/Nov/2022:20:55:32 -0500] "-" 408 -
216.245.221.92 - - [13/Nov/2022:20:59:03 -0500] "HEAD / HTTP/1.1" 200 -
172.22.2.4 - - [13/Nov/2022:20:58:03 -0500] "HEAD /BLA/boletinlegal/ HTTP/1.1" 200 -
201.245.192.253 - - [13/Nov/2022:21:00:11 -0500] "POST /kwsrmcab/Wsrmcab  HTTP/1.1" 200 40655
172.22.2.4 - - [13/Nov/2022:20:58:53 -0500] "GET /BLA/boletinlegal/ HTTP/1.1" 200 59779
185.119.81.98 - - [13/Nov/2022:21:01:13 -0500] "GET /portaldeninos/wp-login.php HTTP/1.1" 200 2592
185.119.81.98 - - [13/Nov/2022:21:01:14 -0500] "POST /portaldeninos/wp-login.php HTTP/1.1" 200 3670
172.22.2.4 - - [13/Nov/2022:21:03:08 -0500] "GET /BLA/boletinlegal/normativa.php HTTP/1.1" 200 8333
172.22.2.4 - - [13/Nov/2022:21:03:08 -0500] "GET /BLA/boletinlegal/styles2.css HTTP/1.1" 200 1838
172.22.2.4 - - [13/Nov/2022:21:03:08 -0500] "GET /BLA/boletinlegal/niceforms-default.css HTTP/1.1" 200 6694
172.22.2.4 - - [13/Nov/2022:21:03:08 -0500] "GET /BLA/boletinlegal/style.css HTTP/1.1" 200 9406
172.22.2.4 - - [13/Nov/2022:21:03:08 -0500] "GET /BLA/boletinlegal/niceforms.js HTTP/1.1" 200 22876
172.22.2.4 - - [13/Nov/2022:21:03:08 -0500] "GET /BLA/boletinlegal/js/ajax_normativa.js HTTP/1.1" 200 1154
172.22.2.4 - - [13/Nov/2022:21:03:08 -0500] "GET /BLA/boletinlegal/images/cabezote%20BLEGAL.jpg HTTP/1.1" 200 118164
172.22.2.4 - - [13/Nov/2022:21:03:08 -0500] "GET /BLA/boletinlegal/images/subscribe-icon-big.png HTTP/1.1" 200 47702
172.22.2.4 - - [13/Nov/2022:21:03:08 -0500] "GET /BLA/boletinlegal/images/historia.png HTTP/1.1" 200 52775
172.22.2.4 - - [13/Nov/2022:21:03:08 -0500] "GET /BLA/boletinlegal/images/registro-usuarios.png HTTP/1.1" 200 8106
172.22.2.4 - - [13/Nov/2022:21:03:08 -0500] "GET /BLA/boletinlegal/images/tel.png HTTP/1.1" 200 14477
172.22.2.4 - - [13/Nov/2022:21:03:08 -0500] "GET /BLA/boletinlegal/images/icono-email.png HTTP/1.1" 200 5544
172.22.2.4 - - [13/Nov/2022:21:03:08 -0500] "GET /BLA/boletinlegal/images/footer_bg.jpg HTTP/1.1" 200 586
172.22.2.4 - - [13/Nov/2022:21:03:08 -0500] "GET /BLA/boletinlegal/images/bg_top.jpg HTTP/1.1" 200 522
172.22.2.4 - - [13/Nov/2022:21:03:08 -0500] "GET /BLA/boletinlegal/images/menu_bg.jpg HTTP/1.1" 200 620
172.22.2.4 - - [13/Nov/2022:21:03:08 -0500] "GET /BLA/boletinlegal/images/body_bg.jpg HTTP/1.1" 200 1601
172.22.2.4 - - [13/Nov/2022:21:03:08 -0500] "GET /BLA/boletinlegal/images/menu_rght.gif HTTP/1.1" 200 1627
172.22.2.4 - - [13/Nov/2022:21:03:08 -0500] "GET /BLA/boletinlegal/images/menu_lft.gif HTTP/1.1" 200 1713
172.22.2.4 - - [13/Nov/2022:21:03:08 -0500] "GET /BLA/boletinlegal/images/text.jpg HTTP/1.1" 200 568
172.22.2.4 - - [13/Nov/2022:21:03:08 -0500] "GET /BLA/boletinlegal/images/hover.jpg HTTP/1.1" 200 640
172.22.2.4 - - [13/Nov/2022:21:03:08 -0500] "GET /BLA/boletinlegal/images/footer_bg_l.jpg HTTP/1.1" 200 776
172.22.2.4 - - [13/Nov/2022:21:03:12 -0500] "GET /BLA/boletinlegal/img/0.png HTTP/1.1" 200 110
172.22.2.4 - - [13/Nov/2022:21:03:12 -0500] "GET /BLA/boletinlegal/img/select-right.png HTTP/1.1" 200 44019
172.22.2.4 - - [13/Nov/2022:21:03:12 -0500] "GET /BLA/boletinlegal/img/button-right.png HTTP/1.1" 200 57878
172.22.2.4 - - [13/Nov/2022:21:03:12 -0500] "GET /BLA/boletinlegal/img/button-left.png HTTP/1.1" 200 57071
172.22.2.4 - - [13/Nov/2022:21:03:12 -0500] "GET /BLA/boletinlegal/img/select-left.png HTTP/1.1" 200 263
172.22.2.4 - - [13/Nov/2022:21:03:13 -0500] "GET /BLA/boletinlegal/img/button.png HTTP/1.1" 200 43241
172.22.2.4 - - [13/Nov/2022:21:03:13 -0500] "GET /BLA/boletinlegal/favicon.ico HTTP/1.1" 404 1334
172.22.2.4 - - [13/Nov/2022:21:03:45 -0500] "GET /BLA/boletinlegal/Directivas/2017/Directiva%20No.%2006%20del%2016%20de%20Agosto%20de%202017.pdf HTTP/1.1" 200 310598
66.249.73.100 - - [13/Nov/2022:21:03:55 -0500] "-" 408 -
216.245.221.92 - - [13/Nov/2022:21:04:03 -0500] "HEAD / HTTP/1.1" 200 -
201.245.192.253 - - [13/Nov/2022:21:05:10 -0500] "POST /kwsrmcab/Wsrmcab  HTTP/1.1" 200 40655
66.220.149.12 - - [13/Nov/2022:21:05:13 -0500] "GET /images/humedal-principal-santa-maria-7-febrero.jpg HTTP/1.1" 200 86406
66.220.149.20 - - [13/Nov/2022:21:05:15 -0500] "GET /asi-festejamos-el-dia-mundial-y-la-semana-de-los-humedales.html HTTP/1.1" 206 796
172.22.2.4 - - [13/Nov/2022:21:03:53 -0500] "HEAD /BLA/boletinlegal/ HTTP/1.1" 200 -
172.22.2.4 - - [13/Nov/2022:21:04:43 -0500] "GET /BLA/boletinlegal/ HTTP/1.1" 200 55272
216.245.221.92 - - [13/Nov/2022:21:09:03 -0500] "HEAD / HTTP/1.1" 200 -
201.245.192.253 - - [13/Nov/2022:21:10:09 -0500] "POST /kwsrmcab/Wsrmcab  HTTP/1.1" 200 40655
173.252.107.22 - - [13/Nov/2022:21:10:31 -0500] "GET /distrito-levanta-alerta-ambiental-fase-1-por-calidad-del-aire.html HTTP/1.1" 206 921
172.22.2.4 - - [13/Nov/2022:21:09:43 -0500] "HEAD /BLA/boletinlegal/ HTTP/1.1" 200 -
172.22.2.4 - - [13/Nov/2022:21:11:40 -0500] "GET /BLA/boletinlegal/styles2.css HTTP/1.1" 200 1838
172.22.2.4 - - [13/Nov/2022:21:11:40 -0500] "GET /BLA/boletinlegal/style.css HTTP/1.1" 200 9406
172.22.2.4 - - [13/Nov/2022:21:11:40 -0500] "GET /BLA/boletinlegal/js/jquery.js HTTP/1.1" 200 57254
172.22.2.4 - - [13/Nov/2022:21:11:40 -0500] "GET /BLA/boletinlegal/js/jquery.scrollShow.js HTTP/1.1" 200 4586
172.22.2.4 - - [13/Nov/2022:21:11:40 -0500] "GET /BLA/boletinlegal/js/jquery.scrollTo-min.js HTTP/1.1" 200 1150
172.22.2.4 - - [13/Nov/2022:21:11:40 -0500] "GET /BLA/boletinlegal/images/cabezote%20BLEGAL.jpg HTTP/1.1" 200 118164
172.22.2.4 - - [13/Nov/2022:21:11:40 -0500] "GET /BLA/boletinlegal/images/subscribe-icon-big.png HTTP/1.1" 200 47702
172.22.2.4 - - [13/Nov/2022:21:11:40 -0500] "GET /BLA/boletinlegal/images/historia.png HTTP/1.1" 200 52775
172.22.2.4 - - [13/Nov/2022:21:11:40 -0500] "GET /BLA/boletinlegal/images/registro-usuarios.png HTTP/1.1" 200 8106
172.22.2.4 - - [13/Nov/2022:21:11:40 -0500] "GET /BLA/boletinlegal/images/arr_l.jpg HTTP/1.1" 200 1979
172.22.2.4 - - [13/Nov/2022:21:11:40 -0500] "GET /BLA/boletinlegal/images/screen_1.png HTTP/1.1" 200 202547
172.22.2.4 - - [13/Nov/2022:21:11:40 -0500] "GET /BLA/boletinlegal/images/launch.jpg HTTP/1.1" 200 14577
172.22.2.4 - - [13/Nov/2022:21:11:40 -0500] "GET /BLA/boletinlegal/images/body_bg.jpg HTTP/1.1" 200 1601
172.22.2.4 - - [13/Nov/2022:21:11:40 -0500] "GET /BLA/boletinlegal/images/menu_lft.gif HTTP/1.1" 200 1713
172.22.2.4 - - [13/Nov/2022:21:11:40 -0500] "GET /BLA/boletinlegal/images/menu_rght.gif HTTP/1.1" 200 1627
172.22.2.4 - - [13/Nov/2022:21:11:40 -0500] "GET /BLA/boletinlegal/images/bg_top.jpg HTTP/1.1" 200 522
172.22.2.4 - - [13/Nov/2022:21:11:40 -0500] "GET /BLA/boletinlegal/images/menu_bg.jpg HTTP/1.1" 200 620
172.22.2.4 - - [13/Nov/2022:21:11:40 -0500] "GET /BLA/boletinlegal/images/hover.jpg HTTP/1.1" 200 640
172.22.2.4 - - [13/Nov/2022:21:11:40 -0500] "GET /BLA/boletinlegal/images/text.jpg HTTP/1.1" 200 568
40.77.167.46 - - [13/Nov/2022:21:11:41 -0500] "GET /appsia/controlador HTTP/1.1" 200 4799
40.77.167.46 - - [13/Nov/2022:21:11:42 -0500] "GET /BLA/resoluciones/AUTOS%202022/3534.pdf HTTP/1.1" 200 873599
191.111.17.213 - - [13/Nov/2022:21:11:45 -0500] "GET /favicon.ico HTTP/1.1" 200 7782
191.111.17.213 - - [13/Nov/2022:21:11:48 -0500] "GET /BLA/resoluciones/index.php?dir=RESOLUCIONES+2021%2F HTTP/1.1" 200 430966
191.111.17.213 - - [13/Nov/2022:21:12:02 -0500] "GET /BLA/resoluciones/RESOLUCIONES%202021/1865.pdf HTTP/1.1" 200 466582
207.46.13.194 - - [13/Nov/2022:21:12:06 -0500] "GET /appsia/scripts/validarIngreso.js HTTP/1.1" 200 851
40.77.167.57 - - [13/Nov/2022:21:12:10 -0500] "GET /appsia/css/estilos.css HTTP/1.1" 200 4804
172.22.2.4 - - [13/Nov/2022:21:10:33 -0500] "GET /BLA/boletinlegal/ HTTP/1.1" 200 54816
172.22.2.4 - - [13/Nov/2022:21:11:40 -0500] "GET /BLA/boletinlegal/ HTTP/1.1" 200 24523
172.22.2.4 - - [13/Nov/2022:21:13:20 -0500] "GET /BLA/boletinlegal/consulta_actos.php?tipo=autos&no=0602&usuario=&sector=&fecha=2015&resuelve= HTTP/1.1" 200 1106
172.22.2.4 - - [13/Nov/2022:21:13:21 -0500] "GET /BLA/boletinlegal/consulta_actos.php?tipo=autos&no=0602&usuario=&sector=&fecha=2015&resuelve= HTTP/1.1" 200 1106
186.30.63.31 - - [13/Nov/2022:21:13:23 -0500] "GET /BLA/resoluciones/ HTTP/1.1" 200 13093
186.30.63.31 - - [13/Nov/2022:21:13:25 -0500] "GET /BLA/resoluciones/index.php?dir=AUTOS+2015%2F HTTP/1.1" 200 577485
186.30.63.31 - - [13/Nov/2022:21:13:36 -0500] "GET /BLA/resoluciones/AUTOS%202015/0602.pdf HTTP/1.1" 200 521847
216.245.221.92 - - [13/Nov/2022:21:14:02 -0500] "HEAD / HTTP/1.1" 200 -
125.209.235.180 - - [13/Nov/2022:21:14:23 -0500] "-" 408 -
201.245.192.253 - - [13/Nov/2022:21:15:08 -0500] "POST /kwsrmcab/Wsrmcab  HTTP/1.1" 200 40655
201.245.192.253 - - [13/Nov/2022:21:15:19 -0500] "POST /sipse/faces/presentacion/financiero/solicitudProceso/listarSolicitudProceso.xhtml HTTP/1.1" 302 -
201.245.192.253 - - [13/Nov/2022:21:15:19 -0500] "GET /sipse/faces/autenticacion.xhtml HTTP/1.1" 200 1099
201.245.192.253 - - [13/Nov/2022:21:15:19 -0500] "POST /sipse/faces/presentacion/financiero/solicitudProceso/listarSolicitudProceso.xhtml HTTP/1.1" 302 -
201.245.192.253 - - [13/Nov/2022:21:15:19 -0500] "GET /sipse/faces/autenticacion.xhtml HTTP/1.1" 200 1099
201.245.192.253 - - [13/Nov/2022:21:15:19 -0500] "POST /sipse/faces/presentacion/financiero/solicitudProceso/listarSolicitudProceso.xhtml HTTP/1.1" 302 -
201.245.192.253 - - [13/Nov/2022:21:15:19 -0500] "GET /sipse/faces/autenticacion.xhtml HTTP/1.1" 200 1099
201.245.192.253 - - [13/Nov/2022:21:15:20 -0500] "POST /sipse/faces/presentacion/financiero/solicitudProceso/listarSolicitudProceso.xhtml HTTP/1.1" 302 -
201.245.192.253 - - [13/Nov/2022:21:15:20 -0500] "GET /sipse/faces/autenticacion.xhtml HTTP/1.1" 200 1099
201.245.192.253 - - [13/Nov/2022:21:15:22 -0500] "POST /sipse/faces/presentacion/financiero/solicitudProceso/listarSolicitudProceso.xhtml HTTP/1.1" 302 -
201.245.192.253 - - [13/Nov/2022:21:15:22 -0500] "GET /sipse/faces/autenticacion.xhtml HTTP/1.1" 200 1099
201.245.192.253 - - [13/Nov/2022:21:15:22 -0500] "POST /sipse/faces/presentacion/financiero/solicitudProceso/listarSolicitudProceso.xhtml HTTP/1.1" 302 -
201.245.192.253 - - [13/Nov/2022:21:15:22 -0500] "GET /sipse/faces/autenticacion.xhtml HTTP/1.1" 200 1099
201.245.192.253 - - [13/Nov/2022:21:15:22 -0500] "POST /sipse/faces/presentacion/financiero/solicitudProceso/listarSolicitudProceso.xhtml HTTP/1.1" 302 -
201.245.192.253 - - [13/Nov/2022:21:15:22 -0500] "GET /sipse/faces/autenticacion.xhtml HTTP/1.1" 200 1099
201.245.192.253 - - [13/Nov/2022:21:15:27 -0500] "GET /sipse/faces/faces/autenticacion.xhtml HTTP/1.1" 200 12505
201.245.192.253 - - [13/Nov/2022:21:15:27 -0500] "GET /sipse/faces/javax.faces.resource/layout/layout.css;jsessionid=hQsWOGXhSxB1xReoIzQR1T8m.undefined?ln=primefaces&v=4.0 HTTP/1.1" 200 542
201.245.192.253 - - [13/Nov/2022:21:15:27 -0500] "GET /sipse/faces/javax.faces.resource/theme.css?ln=primefaces-sipse HTTP/1.1" 304 -
201.245.192.253 - - [13/Nov/2022:21:15:27 -0500] "GET /sipse/faces/javax.faces.resource/layout/layout.js;jsessionid=hQsWOGXhSxB1xReoIzQR1T8m.undefined?ln=primefaces&v=4.0 HTTP/1.1" 200 87560
201.245.192.253 - - [13/Nov/2022:21:15:27 -0500] "GET /sipse/faces/javax.faces.resource/primefaces.css;jsessionid=hQsWOGXhSxB1xReoIzQR1T8m.undefined?ln=primefaces&v=4.0 HTTP/1.1" 200 53295
201.245.192.253 - - [13/Nov/2022:21:15:27 -0500] "GET /sipse/faces/javax.faces.resource/jquery/jquery.js;jsessionid=hQsWOGXhSxB1xReoIzQR1T8m.undefined?ln=primefaces&v=4.0 HTTP/1.1" 200 105384
201.245.192.253 - - [13/Nov/2022:21:15:27 -0500] "GET /sipse/faces/javax.faces.resource/jquery/jquery-plugins.js;jsessionid=hQsWOGXhSxB1xReoIzQR1T8m.undefined?ln=primefaces&v=4.0 HTTP/1.1" 200 220526
201.245.192.253 - - [13/Nov/2022:21:15:27 -0500] "GET /sipse/faces/javax.faces.resource/primefaces.js;jsessionid=hQsWOGXhSxB1xReoIzQR1T8m.undefined?ln=primefaces&v=4.0 HTTP/1.1" 200 276924
201.245.192.253 - - [13/Nov/2022:21:15:28 -0500] "GET /sipse/faces/javax.faces.resource/images/ui-icons_898989_256x240.png?ln=primefaces-aristo HTTP/1.1" 304 -
201.245.192.253 - - [13/Nov/2022:21:15:28 -0500] "GET /sipse/faces/faces/index.xhtml HTTP/1.1" 200 677
201.245.192.253 - - [13/Nov/2022:21:15:28 -0500] "GET /sipse/faces/javax.faces.resource/theme.css?ln=primefaces-sipse HTTP/1.1" 304 -
201.245.192.253 - - [13/Nov/2022:21:15:28 -0500] "GET /sipse/faces/faces/faces/autenticacion.xhtml HTTP/1.1" 200 12183
201.245.192.253 - - [13/Nov/2022:21:15:28 -0500] "GET /sipse/faces/javax.faces.resource/theme.css?ln=primefaces-sipse HTTP/1.1" 304 -
201.245.192.253 - - [13/Nov/2022:21:15:28 -0500] "GET /sipse/faces/javax.faces.resource/jquery/jquery-plugins.js?ln=primefaces&v=4.0 HTTP/1.1" 304 -
201.245.192.253 - - [13/Nov/2022:21:15:28 -0500] "GET /sipse/faces/javax.faces.resource/layout/layout.css?ln=primefaces&v=4.0 HTTP/1.1" 200 542
201.245.192.253 - - [13/Nov/2022:21:15:28 -0500] "GET /sipse/faces/javax.faces.resource/primefaces.js?ln=primefaces&v=4.0 HTTP/1.1" 304 -
201.245.192.253 - - [13/Nov/2022:21:15:28 -0500] "GET /sipse/faces/javax.faces.resource/layout/layout.js?ln=primefaces&v=4.0 HTTP/1.1" 304 -
201.245.192.253 - - [13/Nov/2022:21:15:28 -0500] "GET /sipse/faces/javax.faces.resource/jquery/jquery.js?ln=primefaces&v=4.0 HTTP/1.1" 304 -
201.245.192.253 - - [13/Nov/2022:21:15:28 -0500] "GET /sipse/faces/javax.faces.resource/primefaces.css?ln=primefaces&v=4.0 HTTP/1.1" 200 53295
201.245.192.253 - - [13/Nov/2022:21:15:28 -0500] "GET /sipse/faces/javax.faces.resource/images/ui-icons_898989_256x240.png?ln=primefaces-aristo HTTP/1.1" 304 -
201.245.192.253 - - [13/Nov/2022:21:15:30 -0500] "POST /sipse/faces/autenticacion.xhtml HTTP/1.1" 200 11169
201.245.192.253 - - [13/Nov/2022:21:15:30 -0500] "GET /sipse/css/custom_css_sg_prime.css HTTP/1.1" 200 5201
201.245.192.253 - - [13/Nov/2022:21:15:30 -0500] "GET /sipse/faces/javax.faces.resource/jquery/jquery.js?ln=primefaces&v=4.0 HTTP/1.1" 304 -
201.245.192.253 - - [13/Nov/2022:21:15:30 -0500] "GET /sipse/faces/javax.faces.resource/jquery/jquery-plugins.js?ln=primefaces&v=4.0 HTTP/1.1" 304 -
201.245.192.253 - - [13/Nov/2022:21:15:30 -0500] "GET /sipse/faces/javax.faces.resource/primefaces.js?ln=primefaces&v=4.0 HTTP/1.1" 304 -
201.245.192.253 - - [13/Nov/2022:21:15:30 -0500] "GET /sipse/faces/javax.faces.resource/layout/layout.js?ln=primefaces&v=4.0 HTTP/1.1" 304 -
201.245.192.253 - - [13/Nov/2022:21:15:30 -0500] "GET /sipse/faces/javax.faces.resource/messages/messages.png?ln=primefaces&v=4.0 HTTP/1.1" 200 27209
201.245.192.253 - - [13/Nov/2022:21:15:33 -0500] "POST /sipse/faces/presentacion/sistema/seguridad/seleccionRol.xhtml HTTP/1.1" 200 5600
201.245.192.253 - - [13/Nov/2022:21:15:34 -0500] "POST /sipse/faces/presentacion/sistema/seguridad/seleccionRol.xhtml HTTP/1.1" 200 17463
201.245.192.253 - - [13/Nov/2022:21:15:34 -0500] "GET /sipse/faces/javax.faces.resource/jquery/jquery.js?ln=primefaces&v=4.0 HTTP/1.1" 304 -
201.245.192.253 - - [13/Nov/2022:21:15:34 -0500] "GET /sipse/faces/javax.faces.resource/jquery/jquery-plugins.js?ln=primefaces&v=4.0 HTTP/1.1" 304 -
201.245.192.253 - - [13/Nov/2022:21:15:34 -0500] "GET /sipse/faces/javax.faces.resource/primefaces.js?ln=primefaces&v=4.0 HTTP/1.1" 304 -
201.245.192.253 - - [13/Nov/2022:21:15:34 -0500] "GET /sipse/faces/javax.faces.resource/layout/layout.js?ln=primefaces&v=4.0 HTTP/1.1" 304 -
201.245.192.253 - - [13/Nov/2022:21:15:34 -0500] "GET /sipse/imagenes/cargando.gif HTTP/1.1" 200 12242
201.245.192.253 - - [13/Nov/2022:21:15:34 -0500] "GET /sipse/imagenes/logoAplicacion.jpg HTTP/1.1" 200 19183
201.245.192.253 - - [13/Nov/2022:21:15:34 -0500] "GET /sipse/css/imagen/contrasena.png HTTP/1.1" 404 383
201.245.192.253 - - [13/Nov/2022:21:15:37 -0500] "GET /sipse/faces/javax.faces.resource/images/ui-bg_flat_0_2d5972_40x100.png?ln=primefaces-aristo HTTP/1.1" 200 183
201.245.192.253 - - [13/Nov/2022:21:15:37 -0500] "POST /sipse/faces/bienvenido.xhtml HTTP/1.1" 200 3843
201.245.192.253 - - [13/Nov/2022:21:15:39 -0500] "POST /sipse/faces/bienvenido.xhtml HTTP/1.1" 200 2055
201.245.192.253 - - [13/Nov/2022:21:15:40 -0500] "POST /sipse/faces/bienvenido.xhtml HTTP/1.1" 200 84535
201.245.192.253 - - [13/Nov/2022:21:16:07 -0500] "GET /sipse/faces/javax.faces.resource/jquery/jquery.js?ln=primefaces&v=4.0 HTTP/1.1" 304 -
201.245.192.253 - - [13/Nov/2022:21:16:07 -0500] "GET /sipse/faces/javax.faces.resource/jquery/jquery-plugins.js?ln=primefaces&v=4.0 HTTP/1.1" 304 -
201.245.192.253 - - [13/Nov/2022:21:16:07 -0500] "GET /sipse/faces/javax.faces.resource/primefaces.js?ln=primefaces&v=4.0 HTTP/1.1" 304 -
201.245.192.253 - - [13/Nov/2022:21:16:07 -0500] "GET /sipse/faces/javax.faces.resource/layout/layout.js?ln=primefaces&v=4.0 HTTP/1.1" 304 -
103.49.189.14 - - [13/Nov/2022:21:16:50 -0500] "GET / HTTP/1.1" 200 319
172.22.2.4 - - [13/Nov/2022:21:15:33 -0500] "HEAD /BLA/boletinlegal/ HTTP/1.1" 200 -
173.252.111.9 - - [13/Nov/2022:21:17:17 -0500] "GET /images/Reciclaton%20Nov%202022%20(1)%20(1).jpeg HTTP/1.1" 200 53811
185.119.81.106 - - [13/Nov/2022:21:17:17 -0500] "GET /portaldeninos/wp-login.php HTTP/1.1" 200 2592
185.119.81.106 - - [13/Nov/2022:21:17:18 -0500] "POST /portaldeninos/wp-login.php HTTP/1.1" 200 3650
172.22.2.4 - - [13/Nov/2022:21:16:23 -0500] "GET /BLA/boletinlegal/ HTTP/1.1" 200 58185
216.245.221.92 - - [13/Nov/2022:21:19:03 -0500] "HEAD / HTTP/1.1" 200 -
201.245.192.253 - - [13/Nov/2022:21:20:07 -0500] "POST /kwsrmcab/Wsrmcab  HTTP/1.1" 200 40655
172.22.2.4 - - [13/Nov/2022:21:21:09 -0500] "GET /BLA/boletinlegal/jurisprudencia/analisis/Analisis%20Sentencia%20T-1077,%202%20corregida.doc HTTP/1.1" 304 -
201.245.192.253 - - [13/Nov/2022:21:21:32 -0500] "POST /kwsrmcab/Wsrmcab HTTP/1.1" 200 44390
201.245.192.253 - - [13/Nov/2022:21:21:35 -0500] "POST /kwsrmcab/Wsrmcab HTTP/1.1" 200 43744
40.77.167.57 - - [13/Nov/2022:21:21:52 -0500] "GET /BLA/resoluciones/RESOLUCIONES%202021/0768.pdf HTTP/1.1" 304 -
181.78.16.34 - - [13/Nov/2022:21:22:25 -0500] "GET /alcaldesa-mayor-lidera-puesto-de-mando-unificado-para-atender-emergencia-invernal-en-inmediaciones-de-la-calera.html HTTP/1.1" 200 1095
172.22.2.4 - - [13/Nov/2022:21:21:23 -0500] "HEAD /BLA/boletinlegal/ HTTP/1.1" 200 -
20.231.101.203 - - [13/Nov/2022:21:21:34 -0500] "GET /BLA/boletinlegal/ HTTP/1.1" 200 49193
172.22.2.4 - - [13/Nov/2022:21:22:52 -0500] "GET /BLA/boletinlegal/ HTTP/1.1" 200 32715
172.22.2.4 - - [13/Nov/2022:21:22:13 -0500] "GET /BLA/boletinlegal/ HTTP/1.1" 200 50149
207.46.13.194 - - [13/Nov/2022:21:23:58 -0500] "GET /BLA/resoluciones/ HTTP/1.1" 200 13093
216.245.221.92 - - [13/Nov/2022:21:24:03 -0500] "HEAD / HTTP/1.1" 200 -
201.245.192.253 - - [13/Nov/2022:21:25:06 -0500] "POST /kwsrmcab/Wsrmcab  HTTP/1.1" 200 40655
181.55.131.18 - - [13/Nov/2022:21:25:10 -0500] "GET /camino-guadalupe-aguanoso-cerrado-por-caida-de-arboles.html HTTP/1.1" 200 851
157.55.39.206 - - [13/Nov/2022:21:25:15 -0500] "GET /BLA/resoluciones/dlf/styles.css HTTP/1.1" 200 3049
173.252.79.1 - - [13/Nov/2022:21:28:32 -0500] "GET /images/zuma_optimized.jpeg HTTP/1.1" 200 40030
172.22.2.4 - - [13/Nov/2022:21:27:13 -0500] "HEAD /BLA/boletinlegal/ HTTP/1.1" 200 -
216.245.221.92 - - [13/Nov/2022:21:29:03 -0500] "HEAD / HTTP/1.1" 200 -
172.22.2.4 - - [13/Nov/2022:21:28:03 -0500] "GET /BLA/boletinlegal/ HTTP/1.1" 200 59779
172.22.2.4 - - [13/Nov/2022:21:30:02 -0500] "GET /BLA/boletinlegal/actos.php HTTP/1.1" 200 9566
201.245.192.253 - - [13/Nov/2022:21:30:05 -0500] "POST /kwsrmcab/Wsrmcab  HTTP/1.1" 200 40655
172.22.2.4 - - [13/Nov/2022:21:30:23 -0500] "GET /BLA/boletinlegal/consulta_actos.php?tipo=resoluciones&no=0104&usuario=&sector=&fecha=2019&resuelve= HTTP/1.1" 200 626
172.22.2.4 - - [13/Nov/2022:21:30:28 -0500] "GET /BLA/boletinlegal/consulta_actos.php?tipo=resoluciones&no=0104&usuario=&sector=PEV&fecha=2019&resuelve= HTTP/1.1" 200 626
170.78.40.172 - - [13/Nov/2022:21:30:28 -0500] "GET /galeria/galeria/jquery.fancybox.css?v=2.1.5 HTTP/1.1" 200 4895
172.22.2.4 - - [13/Nov/2022:21:30:28 -0500] "GET /BLA/boletinlegal/consulta_actos.php?tipo=resoluciones&no=0104&usuario=&sector=PEV&fecha=2019&resuelve= HTTP/1.1" 200 626
170.78.40.172 - - [13/Nov/2022:21:30:29 -0500] "GET /BLA/boletinlegal/js/jquery.scrollShow.js HTTP/1.1" 200 4586
170.78.40.172 - - [13/Nov/2022:21:30:29 -0500] "GET /galeria/galeria/jquery.fancybox.js?v=2.1.5 HTTP/1.1" 200 48706
172.22.2.4 - - [13/Nov/2022:21:30:29 -0500] "GET /BLA/boletinlegal/consulta_actos.php?tipo=resoluciones&no=0104&usuario=&sector=PEV&fecha=2019&resuelve= HTTP/1.1" 200 626
173.252.127.17 - - [13/Nov/2022:21:31:26 -0500] "GET /images/Reciclaton%20Nov%202022%20(1)%20(1).jpeg HTTP/1.1" 200 53811
172.22.2.4 - - [13/Nov/2022:21:31:27 -0500] "GET /BLA/boletinlegal/favicon.ico HTTP/1.1" 404 1018
201.245.192.253 - - [13/Nov/2022:21:31:32 -0500] "POST /kwsrmcab/Wsrmcab HTTP/1.1" 200 44390
201.245.192.253 - - [13/Nov/2022:21:31:35 -0500] "POST /kwsrmcab/Wsrmcab HTTP/1.1" 200 43744
