190.24.57.179 - - [19/Nov/2022:21:26:53 -0500] "GET /kwssiamovil/sm/acme/a?s=U2FsdGVkX18ka585xqaRI5HiOkNnN+h6Ry567qMzyA3fecXb5q7wyV3YmetX/066dCZZl6YqtrmldSGqosLEDamlO1cYsqzF1bILtXuy5L2SLmKT3hJxOZ99fwB6eDP/gq1/9CHGOb6Fz+l7F6EPPZ5z/MNeet1GMjJGcKas55Jhtv7rJ7+jkW3O1x6qureSCNvXnVHABNsWsB/vdMYPULhaprtotMAAwLozU5dC7046+FU0+I3YlOgbkL8gHkbydr7Pa9U2whICoUFTrJMyULNwSMwaQR2U74wL0B0B8idwZl60LHO6b9zF6YhH3YcCMvFcs1Nu4P4aWUHYDWQdBiKxylvBZC1vHzJqp/MrOZc9Nb8GxmjA4S3Sqivbi+qyF6CQoMikmu2Brliq0buVcHGqRb7/fFfpTBF1gAAzaMRMIujaP/IcQvvnfjuBAVPN2lJaFc4zDQK7Ni3gFmRpZC8TQy10eTYipJ0p2w7hU4u2a1SdBeF7/UqoEXGi35K3zVskt8ulw4n8T7+fJgk1YHQj9NAyovAHDJLzioPKL43fN19jefhVRdxITQb8OEjCxI7apUD4fwdQGFrPG6gcI5Q7Gq+NEUZRy1/THkfJgBHoc317bbJ8WAmatMi/9tjXVi+a/w2aXtJM01lmRtMRYTVqeioRJqY0ac10IHasSBroqIfhPRmKlW3DrjHBrDWoFPG3wJjOvXmGdlsi4hwAtR2uOT7z00aXyTTh/7z6mzVRiy3RICrIxSzAwVvbmCcwn694ukhCFP6MYPwmHQ4J/ob79/S/zcrhaxfwzcbhx7/azhSEhTMoXOnc1Bt4EvkYRE1MM2HEXmpqo7ClJY3SWAFKubRAKjECNsyaRie0ULOAwvxw85GHl2bDgb4NFU3JGOFIOGQWPAanqFqp1pchvOlivKfQy8QVb7gGs/az8WK50YazWj6fbXJa1ecb7oIzpwkFYYDiT9UPveHLn0LH9jsgFWA6lfPOcHc/KQOj0CxYquIh0ZCKHnyowzDh+g9p5rVvX3wd6iRI4KwRUcSsVpK9v9E8pf+VCBRaMbAGMqQw6VLNR/zV+MMh84xU/Roy4lUxvmP4kDM6VyVH0eqA8waequtixKRlxiNDqAE4gwZdFvOKam5wMoKb78jS+BpOutw3EtmcbvatFM9oO28Q5pErXxXhGxktrEqVTURAmEzr6rcfGhzsMakN7nmDnw2sEWjyLxNe42o5X+iULJVf3SuTuvWmbvKYPUZ/lnF/jn755lNzoz7Z3Y/bpjVvaYPmaIqtt1cc73yo8qtXZf8sMiqfaIPt6kmNSv6iBWq8agsoCq3E68u8y9OZpAbuzzBvmduNjjSdFRVfU0GX9MDP8axB46+N3zWvY3vyW9061m3jJeP50zi1Qnxewmuw638cJ4rfm7wG74S6fRKrhzs7xsN5Z/stTbgp6Ew3dOx+pC/RgNb8xgAnO9NyFvS2pxjIwOlbzmAOPA6OX3TgmIvjISBTf7d02ywXc28EM2bCpFucHmqStWYbXjazcmMD44QSK08l0Zkrdhg2jQhtcJsZa92L6WGIQiyLUj51pmeokTqyehRBTFXkmeq/ytKT18NhglQ0R9zzYTkKNV1Lmt7NNIAYI4eAmR4+RIq0WZLDSSBi05KBPRZv+MZdFTa/6/zJ6ep83sEkqWA0Px8VDoiZ7A3OGmGus5e33KJuVvbgiKpo9oJykXLAHWqmODO5TQOTCQxvaUwowszxTlWqdtL91K8lr7ejtDKlzjjJw8ROx4mZLRWJeBmhoJPIWNlsTl2cfIDPKStUN7Gwj5s7EzQSdPt3NGLhwJ+s7G56wnJfIjnWQY9vhWwD/7qfKyZtSYvl7xtPNXFW28lv/HHO1qL23QkU0oY0jYdFq9SG+z863Zqvp3McbXYXSivj4+OZopcU70NUy1nEeOsgQmmltBkExCJ+z64XPcR+B5EkPjpPiy51fws6nTkWV65Oa+9kaK9jy5YOBMJ7TLQxSXXzRixkJd9Od6BovR7XVO2oW+aYBioXLFOeeanoF4UoyetDArLU8vmFl8zAAvoyYxhwTukQ7ERVrFcnP2aDy5Q0trmAtWb5sVIfkYGsYrf7qsr/ezg1WwO2gfucihh+804DcJJ44I5XZBH6fqf6Yml7HqZMhxlZj7a0szCtrPRAPq5mgyGev980ylNJqxzFyG75KsU2enHH6FXU3x2zYhp07Ssf2WFOFMHk01uvVFcnNMD+eXWHYBgdA/RPfjo+Yb7tAIRn+VKOwpIgzeGyEDNFv+vJhdgZSJ3bIOhnZO6Drx7OPD1XQESk7zdu6eJwfIPQw+kr9ubjbUYEDzfu+jC9GpYCXCbPY5VuGmJbdSS7JArSXlOOnwpOEX8nFaTLlAxgH4gtyhvRQldVBvGX00mf18v41YGbBMrzUKrEnexhCqb87lUBqZIZqfRIMD+/WVRFSygk65t+kGP66hHkLjxYa29029mAJOeRqnB2vOFAkGiTmF1hzuHyY5Pbx5Q6uPEkamj+H0w+KkMekMpnxHvwI9zB4Bw=&u=U2FsdGVkX19nDPRddMZsBXbudg9/myV8KidvtH/MG1cBGk7unIhLL+c1FlS3QfPd&y=U2FsdGVkX19XCYJjTTzTsbT5p/qntzN4bu6pOYCZSRMsWgKApwZ8etkPwSwoVj45 HTTP/1.1" 200 26
190.24.57.179 - - [19/Nov/2022:21:26:53 -0500] "GET /kwssiamovil/sm/acme/a?s=U2FsdGVkX1/ZEnZMnWAII/9MC4P/v7oTcQiFkoEN/0kUe6aH/6sZujtnJipvj70pTpVlJcK64CVIDn1aJrih+md6i+A87XJJM2UEY2jA1InGJZ8DfLGpWhw15yRqzGUPAY7zOxgfzEICHfJNOA8cO6Wrsg2uRwozsaV73nCyjIY=&u=U2FsdGVkX19nDPRddMZsBXbudg9/myV8KidvtH/MG1cBGk7unIhLL+c1FlS3QfPd&y=U2FsdGVkX19XCYJjTTzTsbT5p/qntzN4bu6pOYCZSRMsWgKApwZ8etkPwSwoVj45 HTTP/1.1" 200 26
190.24.57.179 - - [19/Nov/2022:21:26:53 -0500] "GET /kwssiamovil/sm/acme/a?s=U2FsdGVkX18b+CsakG9D92MQGw/t/0zYHsHsJPFr7Gf+Cg2fsQ18l/Rzq71qBOkr/XPc/WB5YSAb3B1nTG8X3Jxf8BNXXdAEvc5LK4c2g5j4P1WQE8+2ucDDDdGeycYsvfFx4j8SxZK+3GYdrlB6YOBwOIy513zcMDo5X7mLBuI=&u=U2FsdGVkX19nDPRddMZsBXbudg9/myV8KidvtH/MG1cBGk7unIhLL+c1FlS3QfPd&y=U2FsdGVkX19XCYJjTTzTsbT5p/qntzN4bu6pOYCZSRMsWgKApwZ8etkPwSwoVj45 HTTP/1.1" 200 26
190.24.57.179 - - [19/Nov/2022:21:26:53 -0500] "GET /kwssiamovil/sm/acme/a?s=U2FsdGVkX18rpYUN61eCG+JeYUVn/Iod7xrVXZVGU1ar2AQ7jAjCaeCz/kDxvmyo7OFGJYjLmeoFXJM2b3l9L1TqA7uLkC5SQK8pJw3MOzZmPQm1ounEQgRuzzuOtKuNuHRiwqfuNUednY8N5uRs07kbr0xKNkPqm+TcvYrwXoY=&u=U2FsdGVkX19nDPRddMZsBXbudg9/myV8KidvtH/MG1cBGk7unIhLL+c1FlS3QfPd&y=U2FsdGVkX19XCYJjTTzTsbT5p/qntzN4bu6pOYCZSRMsWgKApwZ8etkPwSwoVj45 HTTP/1.1" 200 26
190.24.57.179 - - [19/Nov/2022:21:26:54 -0500] "GET /kwssiamovil/sm/acme/a?s=U2FsdGVkX1/4buz7+hrPYaqacE7/PuHaax6NQyoP4JCfZeVK+5M2T7lYGceXOF+viivwT0YMV4DIRVUucOT3a3MRhltHGDZO6rjY6+SkZD9pJJWPKxmlWsMKf2MAZw8g9odGVoFFbt0NagR+Y8SCa6FqnLVRebDQtGdJuDucJ3lWI0b6C83XoOeGDpCT5YFPJUEg+uGc+3jrrczfV13i6w==&u=U2FsdGVkX19nDPRddMZsBXbudg9/myV8KidvtH/MG1cBGk7unIhLL+c1FlS3QfPd&y=U2FsdGVkX19XCYJjTTzTsbT5p/qntzN4bu6pOYCZSRMsWgKApwZ8etkPwSwoVj45 HTTP/1.1" 200 26
77.88.5.10 - - [19/Nov/2022:21:27:08 -0500] "-" 408 -
93.158.161.57 - - [19/Nov/2022:21:27:23 -0500] "-" 408 -
172.22.2.4 - - [19/Nov/2022:21:26:04 -0500] "HEAD /BLA/boletinlegal/ HTTP/1.1" 200 -
13.66.139.18 - - [19/Nov/2022:21:27:51 -0500] "GET /BLA/resoluciones/RESOLUCIONES%202014/2521.pdf HTTP/1.1" 200 783513
77.88.5.250 - - [19/Nov/2022:21:27:53 -0500] "-" 408 -
172.22.2.4 - - [19/Nov/2022:21:26:55 -0500] "GET /BLA/boletinlegal/ HTTP/1.1" 200 57824
40.77.167.57 - - [19/Nov/2022:21:28:48 -0500] "GET /Publicaciones/2022EE242844.pdf HTTP/1.1" 404 228
77.88.5.27 - - [19/Nov/2022:21:28:53 -0500] "-" 408 -
190.24.57.179 - - [19/Nov/2022:21:29:29 -0500] "GET /kwssiamovil/sm/acme/a?s=U2FsdGVkX1+N3SmrDTrDdWQ+WVXnW6nP3Rfe2/+RXWTd/w/dUf5RPNQ/ueKdy3oBMCLp1LbUusjAYwJKti+kT7UnGnC1/NVke9BkNLoLOSQskA2j+3cOx0q0sEAX9IOGBBYO3DRHMW2aCliiQJV6qBNc4eD/V1jrSItvABD3XpELx/FEmiEGz1aERBTRtODWIUFHhBed6PhuuFQ7Y7nVRFFkWFASn87fFe3R+D5T2aGf2OeJteSMvStjZ4yRFRel/8YySTuyzMxUNOna/AMajg==&u=U2FsdGVkX19nDPRddMZsBXbudg9/myV8KidvtH/MG1cBGk7unIhLL+c1FlS3QfPd&y=U2FsdGVkX19XCYJjTTzTsbT5p/qntzN4bu6pOYCZSRMsWgKApwZ8etkPwSwoVj45 HTTP/1.1" 200 26
190.24.57.179 - - [19/Nov/2022:21:29:30 -0500] "GET /kwssiamovil/sm/acme/a?s=U2FsdGVkX1/TNGBT9B32zCTaH1+WFP44BulbhRNVWBLFGOQSG1AuklJMdcCxs3LDovGi8paQwuXedFVXJvniAxWHto7rK40/kxpmhX+DTDeYD7n0J/pSGDUzVLh5o9r/VcZ1Z6ULXI6IAy1Q+Siy+tIT7m+pwSgIxak28EOGTq5XCpAwAqVTkE6j+n5tiMddO06pkUIh3oXyQVFyUzPrMQzD5/d7JxLsC906w05mzK3RuAB6M4t4qZKxo5wae+Hz/BpcrW3udnznhMYsF3DcLRaRWd9geWGKwXzu6vo0leGOFBpxc/FE/oHxyAKVXfGMA3oTcM2NaADc39vOnZANHeVK3WWgZBGrtv1zLyLEM3BgHA7S51YhtzAeIDmK1cLJmIgvi9FOpjn1LgAmpr2qCmy15EeMy3vNo4BWhAJ/rv8BUv2ZFPod8jK+Zyt1Vw7QDvtg4jWGl+PICmA47R6cOA6G7m1eh7zd13kqjwJT3eWh1hrtY1Xu7uOLwwtqaId96Ciyec1hFnSDnSDSBRek/DZ63d3KNb7f8WhkCYbDd1RZEg1bLKs+flucsHoihMVc48KeibtdcLOXVF+d04uNTeGBSxKw8aM9vtMpJFT+dAcGJr+TGnDOyTnX2+YLoFH2drQi/MsnL7lZIv1s795NrJd0X9EWb5NMXkv/13xneQZ0zacSgxPwECE9iXkQHzE2uk7WOCvo9L8upGjxI87Qf1D7CplCSLhsbDHmxsFvlpnczEmvrSY6qrJZT6suQ+ySaeaCWym9TWU7Vpna46m46Ta91KOKaBQQ4FgfS2b85wwUR6KX/pVa9CjIHZhTR6LrVJkuRLGPh6l/B5/rWhVBPFsnsO3WzQR8295Pi9FVU3fWZQuqFCoJhQEBijP3cTMZPvM3iHUTXMdSlE0mhNuaR/ZVjRaZ9zyUz37z5v5jWc8G3bRfkIdCOH7nu7c0W+yE/FfSbvXOtPC/JY8qx/+hwkdIEwWwv2p1nyVUj3ep7NVmpFj3UmbXTnZASsC9R2lTxSLOLX9YmAt+uYHHSnPDpPjWZmAF28H9WDTrQnZyOIayRBsDAQpJFFShHkMrNCGqryX/L0L9+MgBJDZGkkf3jNTQ4fw6MVf79njAdfekVtHdY/c7ljAs3PRy679jmuaN3Bt8op9HXzDKy6fX9eWir8M4lWVok98m3drnBs4F2d4rWsLnNpaOKAaB1dIdW6W8XMc0T6OZo4W0UKRf9+8OlMYCbcqffGtr1lcTkB8k2J/fkX1ECbGSwpnZwCmob93dYan2RHISADNsHTSIDTpFIwREKG0xxwlEIsTUEU8ugj1DauIAXE80y2JHGJs6rBmndeWGVBkaBa5sDTohB4yZs3Nyj0v9u4Z4Kgy3aVfX+I3GkNOrkZYJ850FeTmGMmzXTHTdcSst/cNIh38Vmi+Tu46CoOzVzrp+C63MFY2QdWSvVfllm6e+rCWuYluWtTy+f5+h0RcjAnxCq5zesPRqmsVN4A2HvJCUzwdunZ6mjVOtBsILggAOQQXyX2bb4rhWfyfpXB4FOmW5L3iT3eXqzvX9K17d+twRW6BcDcYyZykKCaJdBKKoRvC+agOLjdP/xlaB9uc62QjSDWUPUey8y7/S2NqOYXYG6nRZwedJ0gYBeN+OJOqE0QHSAWA8Er0UGT6RIfvHEA9k6q+uBTiRE/3OcVTyXKOpWwkJ8Xx6oXXiyAnnvPc8kSimhMLHOLzm9saXuw9q1T+Ixh3l3K+GwvK9Du9xuQOcC5I5+DUFC2VLDQWRrcxrE6F1mki0dBh0v4BiSG6d0NX7ybOhROZfc9E/+LSKbu8DggNwT/yNSKq69wyTXSJLTLrMsDqC7VvjAfA/cz1LZbQqkrD3+fZeyceia1ttGmPExC6u9T+/OByG5yO6Oswd+q0AX803yu7nJ64O7Fvm46Ah3vDC4OdGvhFRU2GtObE9BcTxZ5Aazr77Hx/sC8hl/wRWZj9tljLXjfWaXHiNO4yM0dXvlMAiaalU/+gExCOb5/ImjmL5xnSvt1E2VE1RQQrELB6W9T3+udxvxG+qJpOYjsxTRr0qLxBuCtGINolXbmGRGVHtQTS/lRzYJcLZi+JrhsS8VWK1Xok3Pc5Cde2Qc+m2o0Do7vq58Ln3ybiroAXS8RAg02SnbIIUL3+s0MAGEMySFCkAKjNpBJ+YKRNrrVobyYx3JGb1st9DVJ8GLgli+fj9rwtywSeSIw0jsi0u7Dr504H9sKj6PQlUVGkYe2Poy9QFah/y43oY1CAviwSZiO8wQZsCfFsjR9AboWqE3QUFxocm5OzsxB+Ljy5j40kj0v964KQHjv4l868MF+GrEHGEtX082arbPPgBnJuEjttFMGs+q5bg37qKegaZDuzge413a/HvxZaY5uUhUNPIkKzvMWeyWrWwLR2rA+pgyK1TkMCofgpfr/NnT2RlpF3ItnYllQ==&u=U2FsdGVkX19nDPRddMZsBXbudg9/myV8KidvtH/MG1cBGk7unIhLL+c1FlS3QfPd&y=U2FsdGVkX19XCYJjTTzTsbT5p/qntzN4bu6pOYCZSRMsWgKApwZ8etkPwSwoVj45 HTTP/1.1" 200 26
190.24.57.179 - - [19/Nov/2022:21:29:30 -0500] "GET /kwssiamovil/sm/acme/a?s=U2FsdGVkX19So7PquCCMoR/tcGHXdI9GAp+9Bwt6//ZS7YkVY8NDShreXpUMWjNrNOklqf874mbhlTEdOCf3ZmnHGP2Ro60QMSXFlCXjqBlGUDcLDx94BCNg9nVgKCPtFBHW5Tj0MEqcMCNgPsL2tFuJWYl3tIrK5FXYIpiRdwE=&u=U2FsdGVkX19nDPRddMZsBXbudg9/myV8KidvtH/MG1cBGk7unIhLL+c1FlS3QfPd&y=U2FsdGVkX19XCYJjTTzTsbT5p/qntzN4bu6pOYCZSRMsWgKApwZ8etkPwSwoVj45 HTTP/1.1" 200 26
190.24.57.179 - - [19/Nov/2022:21:29:30 -0500] "GET /kwssiamovil/sm/acme/a?s=U2FsdGVkX1/nt2+cEM5KMMbHV0y1sO4fo9QlVRk0Bx/37s3Itn9sZtNem24X1+HnbpP0y1xz1xtR4q7rDp8DDzDRS3jupaogwDDRaL3vWWn0Xa8GTzvBEuMJ3AS6bwA3qIk8xn/B/XPgKB/rGUHA65pGs46uoZcZJjqO1GSfS94=&u=U2FsdGVkX19nDPRddMZsBXbudg9/myV8KidvtH/MG1cBGk7unIhLL+c1FlS3QfPd&y=U2FsdGVkX19XCYJjTTzTsbT5p/qntzN4bu6pOYCZSRMsWgKApwZ8etkPwSwoVj45 HTTP/1.1" 200 26
190.24.57.179 - - [19/Nov/2022:21:29:30 -0500] "GET /kwssiamovil/sm/acme/a?s=U2FsdGVkX1/Qw2z0eBEPwfczyexoHX99W+0TprEjCWUlK11HMyfY3LopYwLNxG0gv+KpMDKgU5vtObgOVRAiC1bjG7hhJ1+iiXXPVK8oIqP/9XiQ2hWEr6RtzdHnP6vMYA7dU8aSe1CObshn0jpmzLpfiYbSm/9NuEVOInAur/4=&u=U2FsdGVkX19nDPRddMZsBXbudg9/myV8KidvtH/MG1cBGk7unIhLL+c1FlS3QfPd&y=U2FsdGVkX19XCYJjTTzTsbT5p/qntzN4bu6pOYCZSRMsWgKApwZ8etkPwSwoVj45 HTTP/1.1" 200 26
190.24.57.179 - - [19/Nov/2022:21:29:30 -0500] "GET /kwssiamovil/sm/acme/a?s=U2FsdGVkX19UiF2XzuKS6VlyL/L0UxUGEQOQxqagLOXyYmgWxfgeufJ1e9TeQXsk1DFcEVlhDOHslgR2tnIvwYVN2gGNj0/pSf6N9tb9gbUrvFo8K6A4vC+x3ibYHYn7tlZbfuNUps8A4xacPP6K8qp8hOXelXrBOA6g2bOrB2/A49SqVijNBwre5MMj81k2JUTpHX5rKkjXa+OQX+tdfQ==&u=U2FsdGVkX19nDPRddMZsBXbudg9/myV8KidvtH/MG1cBGk7unIhLL+c1FlS3QfPd&y=U2FsdGVkX19XCYJjTTzTsbT5p/qntzN4bu6pOYCZSRMsWgKApwZ8etkPwSwoVj45 HTTP/1.1" 200 26
77.88.5.23 - - [19/Nov/2022:21:29:53 -0500] "-" 408 -
201.245.192.253 - - [19/Nov/2022:21:30:27 -0500] "POST /kwsrmcab/Wsrmcab  HTTP/1.1" 200 42393
201.245.192.253 - - [19/Nov/2022:21:31:03 -0500] "POST /kwsrmcab/Wsrmcab HTTP/1.1" 200 43545
201.245.192.253 - - [19/Nov/2022:21:31:06 -0500] "POST /kwsrmcab/Wsrmcab HTTP/1.1" 200 44063
216.245.221.92 - - [19/Nov/2022:21:31:40 -0500] "HEAD / HTTP/1.1" 200 -
93.158.161.5 - - [19/Nov/2022:21:31:53 -0500] "-" 408 -
172.22.2.4 - - [19/Nov/2022:21:31:54 -0500] "HEAD /BLA/boletinlegal/ HTTP/1.1" 200 -
172.22.2.4 - - [19/Nov/2022:21:32:44 -0500] "GET /BLA/boletinlegal/ HTTP/1.1" 200 56474
190.24.57.179 - - [19/Nov/2022:21:34:42 -0500] "GET /kwssiamovil/sm/acme/a?s=U2FsdGVkX1+Huo5CHN2R3UQMTbx91XiDRULo7m8ofLjP/9BNLkFaPXJAUIzeS/fTrkOwGfwn9ke3KZF6Y17rKioE0tQ7qPoUV+F4ve1LJGLPa3s1FttQfQ0AYxpWXF9B+IR4sJFKOBonyA6SyaKgkYbf/Q7HlOTBl8KpyI751F1oHqrE4NmQQ8O79+sDRfQGM8+hqvn/HhO8xqZDemmfCmWizawH35q71M5k1diw8DHgurvhTYP86rDY7duBH/1WaX+9pFqLxEtyuzbnE0NPtw==&u=U2FsdGVkX19nDPRddMZsBXbudg9/myV8KidvtH/MG1cBGk7unIhLL+c1FlS3QfPd&y=U2FsdGVkX19XCYJjTTzTsbT5p/qntzN4bu6pOYCZSRMsWgKApwZ8etkPwSwoVj45 HTTP/1.1" 200 26
190.24.57.179 - - [19/Nov/2022:21:34:43 -0500] "GET /kwssiamovil/sm/acme/a?s=U2FsdGVkX18e4dTL2Ek1zZd+G4h/alukB2fRDQGBO3M4GbAEM03zuzYIVtMKgSrJnNo7P/m8Q3GrNyAsNzMYZn2FvRrDnAH8PL5g5johkoQBPn3lvCtnC1L/sYhVuy68Pi+umYgrAIowFHbPNOvRnG9HJCkQvBm+HPhqE552YcBJy0p//lPmDU69kdUy/e6nys7ebS+PQU/G9rhpwdDebYldj/5zz8HJ1/vYebTBLz6wMxRqfQQrdn9P7YO6wUnIeQbBV92+MqENINeWR/WLF+qwXZfGELvb9jQ5vUtNK58n3qGTuyCRdrxVWAMsT+RU2nenqZvgybHMAHbhN5udtcNY7BlxVPnyyYCDc12Z7K0cMHFmQc92fNFg0VxAaC6jl2iBbJQiPAHeUvgy/GzabXBSfsIAY3WQlu2GnxDSILotCqJWLwYPGTuxoaT+W7C1VkcwiyUnzgdB0vmj6NdKOegfmu/bVXpc7qrAdNE2O1qorAqntefysBm7mCQ5P6YubUcIZoGCGUHHdQapWWn9IdCR02TF8q1ZqnLfBqzenHkufeP64YEXYg9gL6vrwoBHi//ZgB9PCXq0WoVy9z+JJdE3pqwKtH7OOGV0+734T45lz7O7K8NYwOrYauVL66V4tMz8z0SPJrTAend54PQ+SG+aCO7rfedqiC9+36eAcvGroxY6PUfK08hlXNGz3BCuQI5Ip/ibJPRybZZN+1vC7t1zCGxAeWNIThQKP+jKUtin1uGX4y9Ujr8EXjHyQ8s48oaRx3iJ5W3dAjIwIEgoaxjbqqGCHDItUr0ixFp7vc6S6TBaWLUksaDvmrQc+YR2gEf1795wFjuciy/QlZRotbq7MF2TCBQCEjURBZVWZOv+7EpkeMFOgojxywOfwAus0YAa6OZBl/6YwoPAEPBl/p1iS5GeV/wFGuTLyzIytI8e9OX7hzoX/jFQYwCjW2IcmFsSZQ4rBLx6wLhRAtihNBGo646v/VT4uR5He744Y2zf+ZRKUtBebacTQ6TTKqykU9p+2Hmi84WB1Q66XatFyUDt6Xl1i2Jcp/8qV3KoO8rreAGohOkDJsPRzRDE7E1VCYyy4kucE3T9z73OvikNMI+vWFSPXRP+mz5rGAuc3vpztqEEgLo8Q1hrUk0Xs03PxRuiZZKKigdIqMaXDzs87RHs6+hjfJWKgwVYmKf/KVkeNgled9gIVgHExeAJ5aU00MNTF6VbYz7qbPFVI62D8qkNCgpTgraPOxtBHEhrtWLWzxbjHqB3bN37YBvjfGBT/Cq9Y3j+uHH2RFQVL6O14RpoMRriNgJ6N4ZthZDElvxAADo2ip6Xz0OsgBrNNdCN13VHsWFp8VTLRTri50qkpcuiKW8uKjwA9DrgoHfU9/Wz0TBfLZHnS9N/d9qFB48ATjPXUjBU1kEe9fEI3fE25ghW8Bcw8Uifn8nsFOiU4mO745l/83ZoN0HBsMysYo0nlijqg95SUg43vI70Ew7NVdjmE/8nuB4u41Jwtow3tE1v3Crv4b69Hg9iajCUsaNb83JpD2rNxDOJa6L96zv0X8bobB9WbE5KuusSqdSsiwwKHvbeYsye0iEsu712q69hR9rVKQwDgf+q82HKPQ6bUSQjdeGIGOUOTRnOBpIeOluICJRLkWseYbeJuAQRTdrq8DZePsrli2uwg0KT03Tnol4GjaS6bJzVsi8NA5L00gNWMqhodVP6HWN3ui42lTvDFVDBB1MMezXi+6SBhXRAQBlU6fQGFvflDt3LfK3XDSHuFkL5djnXfMiAGs48IQ6unny4vRDL3L8v1SySycpg1BmO5spgvtnZJox6xBPO7gw4Uqqyb1Sey1jyMtl811ga3ql6RrXhSKrh18AeLp11pnHd41wenxF9P9CFBg6bQp5o7+8RIFjUyE+ag691toATW5F3RYTAoRp4eU4+dQMqC7oetoWQdstannmAIxL9H+c9ciRTtyrf9Y3bPR2IqwJ/1Oi+XcpCMl4f7xG8DkEvHsLjjlONJTGrvfEyyc6vHBIjw99Pad2OzanJPpHGeWYGBeqggDTMbl+bTFNtnQC6ZftXWy4/mOS4WJGbdwHoCOrdB51ITzQwQoHPFlXKKMOx37bGh30TFvXIGWUFh7tVvEOC09y7hRyCnjCii6kDvt2p+8g3jvvFVThvSBDBSndW2pUDgfI9UdzW5rUzMAGWjK8VP3dBGcakdBK7QiecWzFbPIB7EG1egd4S0SPaMFDlaHxoe1w+Th8JolE8Su3v3FqnS9sySe3Gzps4t+aYzRPmlWdiwbJvpKeMgdyQU9nvIxU9tYsCuD1e3JTBYc6b+M2TINmxZ/EF4W8txozL+gm3ydtvkgNJAmJ5zxn4fPCu8J7BSUQlnls4Y1NAQuRnBjnSqQLdAMiY61vehQqbAzNcOrkZsi4/j7XVx9VyXrmrl1jKElTeKMjNLi2hgbxN9J09a9kcFNzbFppmTPa3H7BoMTY0xjAJIW1igKkkb/tm4JIvxPU7L0w9Ds6bost/PUxxeA07dAYkJQSrDgHPk/Rl5eek7bc1PasIZXcbhrh1JO2vNbjisMj6/1Q+5G0rft5+iltoB2c6AVYsxj4z/30ZYzo4pzP64C59sSKtiQYx&u=U2FsdGVkX19nDPRddMZsBXbudg9/myV8KidvtH/MG1cBGk7unIhLL+c1FlS3QfPd&y=U2FsdGVkX19XCYJjTTzTsbT5p/qntzN4bu6pOYCZSRMsWgKApwZ8etkPwSwoVj45 HTTP/1.1" 200 26
190.24.57.179 - - [19/Nov/2022:21:34:43 -0500] "GET /kwssiamovil/sm/acme/a?s=U2FsdGVkX1+RdR5EuHBqvVCQ7BmK/WsWX+Q25dgr5K2zlLb6CEysdAnaoK0hGK3bL7SPkMgziAYtWIsNDucDtoQYJA85wd+j9IUQ1FwOKlzca9vBP+L4F7/k0JxkSbxYNhDPRH5X9y5aOvM8Sb/8uC4m75DSYrZ7vVAFuBABjlY=&u=U2FsdGVkX19nDPRddMZsBXbudg9/myV8KidvtH/MG1cBGk7unIhLL+c1FlS3QfPd&y=U2FsdGVkX19XCYJjTTzTsbT5p/qntzN4bu6pOYCZSRMsWgKApwZ8etkPwSwoVj45 HTTP/1.1" 200 26
190.24.57.179 - - [19/Nov/2022:21:34:43 -0500] "GET /kwssiamovil/sm/acme/a?s=U2FsdGVkX18vI5I40bhB4I1hgnP86LixO1Z72gFatKN2zwM8255ZkeiGXlejQOFBZT7E4AkhGC6E0jwdn/uoB3TV6l3mB8+UXmbbkXf+Z7vg9rJAFSaQSceyfRl50Mt3qrEVVo3Y3+tRxku1QPVVtyRKFWZswoERdmubSVf9sd8=&u=U2FsdGVkX19nDPRddMZsBXbudg9/myV8KidvtH/MG1cBGk7unIhLL+c1FlS3QfPd&y=U2FsdGVkX19XCYJjTTzTsbT5p/qntzN4bu6pOYCZSRMsWgKApwZ8etkPwSwoVj45 HTTP/1.1" 200 26
190.24.57.179 - - [19/Nov/2022:21:34:44 -0500] "GET /kwssiamovil/sm/acme/a?s=U2FsdGVkX1+H3VUet3N/wQXjz8+mgzHko8wRUpbwzhKeUvSd93FNcHOGEHHx4qdpfozF5VSCUsembeJSwtHeAsOVfdp+BgXsSRRkHL0rHrsBelOnqMrtZc41SX3h+US+PkJua3D/RgMyQKisCxbZShLvJLwb0K0On74myBPkZec=&u=U2FsdGVkX19nDPRddMZsBXbudg9/myV8KidvtH/MG1cBGk7unIhLL+c1FlS3QfPd&y=U2FsdGVkX19XCYJjTTzTsbT5p/qntzN4bu6pOYCZSRMsWgKApwZ8etkPwSwoVj45 HTTP/1.1" 200 26
190.24.57.179 - - [19/Nov/2022:21:34:44 -0500] "GET /kwssiamovil/sm/acme/a?s=U2FsdGVkX18ClGRiox6A5lmZ3GQupjaei/Z+81aCOGIXTfLU8/4QjmnTozp0E9BVDLZ4H/amluf9AEIWtsYFdfmV8WAIsxjIHnycd8hGpe1RSJ8lSiN2TUTx5Sg0WybfFz+ZfFXSkYYZ4sUW/W+tUS567mRAQGVAQGDxv8U23c7HEW+IE8br0G4EEmUNVWB9cTr/HvfdqTuIjf+6OewN7g==&u=U2FsdGVkX19nDPRddMZsBXbudg9/myV8KidvtH/MG1cBGk7unIhLL+c1FlS3QfPd&y=U2FsdGVkX19XCYJjTTzTsbT5p/qntzN4bu6pOYCZSRMsWgKApwZ8etkPwSwoVj45 HTTP/1.1" 200 26
77.88.5.22 - - [19/Nov/2022:21:34:53 -0500] "-" 408 -
172.22.2.4 - - [19/Nov/2022:21:35:00 -0500] "GET /BLA/boletinlegal/Circulares/2011/Circular%20No.%207%20del%2023%20de%20Diciembre%20de%202011.pdf HTTP/1.1" 304 -
201.245.192.253 - - [19/Nov/2022:21:35:25 -0500] "POST /kwsrmcab/Wsrmcab  HTTP/1.1" 200 42393
172.22.2.4 - - [19/Nov/2022:21:34:11 -0500] "GET /BLA/boletinlegal/ HTTP/1.1" 200 61905
216.245.221.92 - - [19/Nov/2022:21:36:40 -0500] "HEAD / HTTP/1.1" 200 -
172.22.2.4 - - [19/Nov/2022:21:38:00 -0500] "GET /BLA/boletinlegal/Circulares/2019/.pdf HTTP/1.1" 404 1218
172.22.2.4 - - [19/Nov/2022:21:38:10 -0500] "GET /BLA/boletinlegal/Circulares/2012/Circular%20No.%2010%20del%2026%20de%20Enero%20de%202012.pdf HTTP/1.1" 404 1218
172.22.2.4 - - [19/Nov/2022:21:37:44 -0500] "HEAD /BLA/boletinlegal/ HTTP/1.1" 200 -
93.158.161.41 - - [19/Nov/2022:21:39:53 -0500] "-" 408 -
95.217.145.45 - - [19/Nov/2022:21:40:13 -0500] "-" 408 -
95.217.145.45 - - [19/Nov/2022:21:40:13 -0500] "-" 408 -
95.217.145.45 - - [19/Nov/2022:21:40:13 -0500] "-" 408 -
95.217.145.45 - - [19/Nov/2022:21:40:13 -0500] "-" 408 -
172.22.2.4 - - [19/Nov/2022:21:38:34 -0500] "GET /BLA/boletinlegal/ HTTP/1.1" 200 57824
95.217.144.245 - - [19/Nov/2022:21:40:15 -0500] "-" 408 -
95.217.144.245 - - [19/Nov/2022:21:40:18 -0500] "-" 408 -
95.217.145.45 - - [19/Nov/2022:21:40:22 -0500] "-" 408 -
201.245.192.253 - - [19/Nov/2022:21:40:25 -0500] "POST /kwsrmcab/Wsrmcab  HTTP/1.1" 200 42393
95.217.144.249 - - [19/Nov/2022:21:40:29 -0500] "-" 408 -
95.217.145.45 - - [19/Nov/2022:21:40:30 -0500] "-" 408 -
201.245.192.253 - - [19/Nov/2022:21:41:03 -0500] "POST /kwsrmcab/Wsrmcab HTTP/1.1" 200 43545
201.245.192.253 - - [19/Nov/2022:21:41:06 -0500] "POST /kwsrmcab/Wsrmcab HTTP/1.1" 200 44063
216.245.221.92 - - [19/Nov/2022:21:41:40 -0500] "HEAD / HTTP/1.1" 200 -
186.84.88.151 - - [19/Nov/2022:21:43:28 -0500] "GET /secretaria-de-ambiente-y-universidad-de-la-salle-firman-acuerdo-de-conservacion-en-17-hectareas.html HTTP/1.1" 200 990
35.216.130.245 - - [19/Nov/2022:21:44:26 -0500] "\x16\x03\x01" 400 226
35.216.130.245 - - [19/Nov/2022:21:44:26 -0500] "GET / HTTP/1.1" 200 319
35.216.130.245 - - [19/Nov/2022:21:44:26 -0500] "HELP" 501 953
35.216.130.245 - - [19/Nov/2022:21:44:26 -0500] "GET / HTTP/1.1" 200 319
35.216.130.245 - - [19/Nov/2022:21:44:27 -0500] "GET /.DS_Store HTTP/1.1" 404 1018
35.216.130.245 - - [19/Nov/2022:21:44:27 -0500] "GET /telescope/requests HTTP/1.1" 404 1018
35.216.130.245 - - [19/Nov/2022:21:44:27 -0500] "GET /info.php HTTP/1.1" 404 1018
35.216.130.245 - - [19/Nov/2022:21:44:28 -0500] "GET /.git/config HTTP/1.1" 404 1018
35.216.130.245 - - [19/Nov/2022:21:44:28 -0500] "GET /server-status HTTP/1.1" 403 1165
35.216.130.245 - - [19/Nov/2022:21:44:28 -0500] "GET /config.json HTTP/1.1" 404 1018
35.216.130.245 - - [19/Nov/2022:21:44:29 -0500] "GET /.env HTTP/1.1" 404 1018
35.216.130.245 - - [19/Nov/2022:21:44:29 -0500] "GET /idx_config/ HTTP/1.1" 404 1018
172.22.2.4 - - [19/Nov/2022:21:43:34 -0500] "HEAD /BLA/boletinlegal/ HTTP/1.1" 200 -
201.245.192.253 - - [19/Nov/2022:21:45:24 -0500] "POST /kwsrmcab/Wsrmcab  HTTP/1.1" 200 42393
172.22.2.4 - - [19/Nov/2022:21:44:24 -0500] "GET /BLA/boletinlegal/ HTTP/1.1" 200 56825
216.245.221.92 - - [19/Nov/2022:21:46:40 -0500] "HEAD / HTTP/1.1" 200 -
185.119.81.98 - - [19/Nov/2022:21:48:25 -0500] "GET /portaldeninos/wp-login.php HTTP/1.1" 200 2592
185.119.81.98 - - [19/Nov/2022:21:48:26 -0500] "POST /portaldeninos/wp-login.php HTTP/1.1" 200 3605
190.27.85.114 - - [19/Nov/2022:21:50:13 -0500] "GET /sipse/faces/index.xhtml HTTP/1.1" 200 677
190.27.85.114 - - [19/Nov/2022:21:50:13 -0500] "GET /sipse/faces/javax.faces.resource/theme.css?ln=primefaces-sipse HTTP/1.1" 304 -
190.27.85.114 - - [19/Nov/2022:21:50:13 -0500] "GET /sipse/faces/faces/autenticacion.xhtml HTTP/1.1" 200 12183
190.27.85.114 - - [19/Nov/2022:21:50:13 -0500] "GET /sipse/js/disable_browser_buttons.js HTTP/1.1" 304 -
190.27.85.114 - - [19/Nov/2022:21:50:13 -0500] "GET /sipse/js/funciones.js HTTP/1.1" 304 -
190.27.85.114 - - [19/Nov/2022:21:50:13 -0500] "GET /sipse/css/custom_css_sg.css HTTP/1.1" 304 -
190.27.85.114 - - [19/Nov/2022:21:50:13 -0500] "GET /sipse/faces/javax.faces.resource/theme.css?ln=primefaces-sipse HTTP/1.1" 304 -
190.27.85.114 - - [19/Nov/2022:21:50:13 -0500] "GET /sipse/css/custom_css_sg_prime_login.css HTTP/1.1" 304 -
190.27.85.114 - - [19/Nov/2022:21:50:13 -0500] "GET /sipse/faces/javax.faces.resource/jquery/jquery.js?ln=primefaces&v=4.0 HTTP/1.1" 304 -
190.27.85.114 - - [19/Nov/2022:21:50:13 -0500] "GET /sipse/faces/javax.faces.resource/layout/layout.css?ln=primefaces&v=4.0 HTTP/1.1" 304 -
190.27.85.114 - - [19/Nov/2022:21:50:13 -0500] "GET /sipse/faces/javax.faces.resource/primefaces.css?ln=primefaces&v=4.0 HTTP/1.1" 304 -
190.27.85.114 - - [19/Nov/2022:21:50:13 -0500] "GET /sipse/faces/javax.faces.resource/jquery/jquery-plugins.js?ln=primefaces&v=4.0 HTTP/1.1" 304 -
190.27.85.114 - - [19/Nov/2022:21:50:13 -0500] "GET /sipse/faces/javax.faces.resource/primefaces.js?ln=primefaces&v=4.0 HTTP/1.1" 304 -
190.27.85.114 - - [19/Nov/2022:21:50:13 -0500] "GET /sipse/faces/javax.faces.resource/layout/layout.js?ln=primefaces&v=4.0 HTTP/1.1" 304 -
190.27.85.114 - - [19/Nov/2022:21:50:14 -0500] "GET /sipse/css/imagen/loginimg.png HTTP/1.1" 304 -
190.27.85.114 - - [19/Nov/2022:21:50:14 -0500] "GET /sipse/css/imagen/logoSDG.png HTTP/1.1" 304 -
190.27.85.114 - - [19/Nov/2022:21:50:14 -0500] "GET /sipse/faces/javax.faces.resource/images/ui-icons_898989_256x240.png?ln=primefaces-aristo HTTP/1.1" 304 -
201.245.192.253 - - [19/Nov/2022:21:50:23 -0500] "POST /kwsrmcab/Wsrmcab  HTTP/1.1" 200 42393
172.22.2.4 - - [19/Nov/2022:21:49:24 -0500] "HEAD /BLA/boletinlegal/ HTTP/1.1" 200 -
216.245.221.92 - - [19/Nov/2022:21:51:40 -0500] "HEAD / HTTP/1.1" 200 -
157.55.39.206 - - [19/Nov/2022:21:51:49 -0500] "GET /Publicaciones/2022EE236749.pdf HTTP/1.1" 404 228
172.22.2.4 - - [19/Nov/2022:21:50:14 -0500] "GET /BLA/boletinlegal/ HTTP/1.1" 200 57824
201.245.192.253 - - [19/Nov/2022:21:55:21 -0500] "POST /kwsrmcab/Wsrmcab  HTTP/1.1" 200 42393
216.245.221.92 - - [19/Nov/2022:21:56:40 -0500] "HEAD / HTTP/1.1" 200 -
172.22.2.4 - - [19/Nov/2022:21:55:14 -0500] "HEAD /BLA/boletinlegal/ HTTP/1.1" 200 -
172.22.2.4 - - [19/Nov/2022:21:56:04 -0500] "GET /BLA/boletinlegal/ HTTP/1.1" 200 60277
201.245.192.253 - - [19/Nov/2022:22:00:20 -0500] "POST /kwsrmcab/Wsrmcab  HTTP/1.1" 200 42393
216.245.221.92 - - [19/Nov/2022:22:01:40 -0500] "HEAD / HTTP/1.1" 200 -
172.22.2.4 - - [19/Nov/2022:22:01:04 -0500] "HEAD /BLA/boletinlegal/ HTTP/1.1" 200 -
185.119.81.107 - - [19/Nov/2022:22:02:48 -0500] "GET /portaldeninos/wp-login.php HTTP/1.1" 200 2592
185.119.81.107 - - [19/Nov/2022:22:02:49 -0500] "POST /portaldeninos/wp-login.php HTTP/1.1" 200 3650
172.22.2.4 - - [19/Nov/2022:22:01:55 -0500] "GET /BLA/boletinlegal/ HTTP/1.1" 200 58185
167.114.1.28 - - [19/Nov/2022:22:04:24 -0500] "GET /no-uses-musgo-en-la-elaboracion-de-tu-pesebre.html HTTP/1.1" 200 846
217.182.175.162 - - [19/Nov/2022:22:04:25 -0500] "HEAD /no-uses-musgo-en-la-elaboracion-de-tu-pesebre.html HTTP/1.1" 200 -
54.39.48.71 - - [19/Nov/2022:22:04:26 -0500] "GET /no-uses-musgo-en-la-elaboracion-de-tu-pesebre.html HTTP/1.1" 200 846
192.99.101.184 - - [19/Nov/2022:22:04:29 -0500] "GET /no-uses-musgo-en-la-elaboracion-de-tu-pesebre.html HTTP/1.1" 200 846
201.245.192.253 - - [19/Nov/2022:22:05:20 -0500] "POST /kwsrmcab/Wsrmcab  HTTP/1.1" 200 42393
216.245.221.92 - - [19/Nov/2022:22:06:40 -0500] "HEAD / HTTP/1.1" 200 -
192.241.208.189 - - [19/Nov/2022:22:07:45 -0500] "GET / HTTP/1.1" 200 319
40.88.21.235 - - [19/Nov/2022:22:08:34 -0500] "GET / HTTP/1.1" 200 319
172.22.2.4 - - [19/Nov/2022:22:06:54 -0500] "HEAD /BLA/boletinlegal/ HTTP/1.1" 200 -
40.88.21.235 - - [19/Nov/2022:22:08:34 -0500] "GET /favicon.ico HTTP/1.1" 200 7782
172.22.2.4 - - [19/Nov/2022:22:08:39 -0500] "GET /BLA/boletinlegal/actuator/gateway/routes HTTP/1.1" 404 1018
172.22.2.4 - - [19/Nov/2022:22:07:44 -0500] "GET /BLA/boletinlegal/ HTTP/1.1" 200 60277
172.22.2.4 - - [19/Nov/2022:22:09:52 -0500] "GET /BLA/boletinlegal/jurisprudencia/analisis/AnalisisC-746-12.docx HTTP/1.1" 200 22637
201.245.192.253 - - [19/Nov/2022:22:10:19 -0500] "POST /kwsrmcab/Wsrmcab  HTTP/1.1" 200 42393
199.16.157.180 - - [19/Nov/2022:22:10:58 -0500] "GET /del-22-al-26-de-noviembre-se-realizara-la-semana-ecoempresarial-en-bogota.html HTTP/1.1" 200 860
199.16.157.181 - - [19/Nov/2022:22:11:00 -0500] "GET /images/pieza-grafica-semana-ecoempresarial-18-noviemre.jpg HTTP/1.1" 200 316174
216.245.221.92 - - [19/Nov/2022:22:11:40 -0500] "HEAD / HTTP/1.1" 200 -
204.199.94.92 - - [19/Nov/2022:22:12:27 -0500] "GET /semana-ecoempresarial-herramientas-para-que-el-sector-economico-de-bogota-pueda-tener-un-crecimiento-verde.html HTTP/1.1" 200 918
172.22.2.4 - - [19/Nov/2022:22:12:44 -0500] "HEAD /BLA/boletinlegal/ HTTP/1.1" 200 -
172.22.2.4 - - [19/Nov/2022:22:14:35 -0500] "GET /BLA/boletinlegal/jurisprudencia/analisis/AnalisisT-606-15.docx HTTP/1.1" 200 26698
172.22.2.4 - - [19/Nov/2022:22:14:35 -0500] "GET /BLA/boletinlegal/apple-touch-icon-120x120-precomposed.png HTTP/1.1" 404 1140
172.22.2.4 - - [19/Nov/2022:22:14:36 -0500] "GET /BLA/boletinlegal/apple-touch-icon-120x120.png HTTP/1.1" 404 1140
172.22.2.4 - - [19/Nov/2022:22:14:36 -0500] "GET /BLA/boletinlegal/apple-touch-icon-precomposed.png HTTP/1.1" 404 1140
172.22.2.4 - - [19/Nov/2022:22:14:36 -0500] "GET /BLA/boletinlegal/apple-touch-icon.png HTTP/1.1" 404 1140
172.22.2.4 - - [19/Nov/2022:22:14:36 -0500] "GET /BLA/boletinlegal/favicon.ico HTTP/1.1" 404 1140
172.22.2.4 - - [19/Nov/2022:22:14:36 -0500] "GET /BLA/boletinlegal/apple-touch-icon-120x120-precomposed.png HTTP/1.1" 404 1140
172.22.2.4 - - [19/Nov/2022:22:14:36 -0500] "GET /BLA/boletinlegal/apple-touch-icon-120x120.png HTTP/1.1" 404 1140
172.22.2.4 - - [19/Nov/2022:22:14:36 -0500] "GET /BLA/boletinlegal/apple-touch-icon-precomposed.png HTTP/1.1" 404 1140
172.22.2.4 - - [19/Nov/2022:22:14:37 -0500] "GET /BLA/boletinlegal/apple-touch-icon.png HTTP/1.1" 404 1140
172.22.2.4 - - [19/Nov/2022:22:14:37 -0500] "GET /BLA/boletinlegal/favicon.ico HTTP/1.1" 404 1140
172.22.2.4 - - [19/Nov/2022:22:13:34 -0500] "GET /BLA/boletinlegal/ HTTP/1.1" 200 59779
201.245.192.253 - - [19/Nov/2022:22:15:18 -0500] "POST /kwsrmcab/Wsrmcab  HTTP/1.1" 200 42393
157.55.39.39 - - [19/Nov/2022:22:16:29 -0500] "GET /galeria/carrusel/Carrusel/jquery.thumbnailScroller.css HTTP/1.1" 200 2066
157.55.39.39 - - [19/Nov/2022:22:16:29 -0500] "GET /galeria/nivo-slider/demo/banner.html HTTP/1.1" 200 5446
173.252.107.12 - - [19/Nov/2022:22:16:33 -0500] "GET /semana-ecoempresarial-herramientas-para-que-el-sector-economico-de-bogota-pueda-tener-un-crecimiento-verde.html HTTP/1.1" 206 918
173.252.107.21 - - [19/Nov/2022:22:16:33 -0500] "GET /semana-ecoempresarial-herramientas-para-que-el-sector-economico-de-bogota-pueda-tener-un-crecimiento-verde.html HTTP/1.1" 206 918
207.46.13.194 - - [19/Nov/2022:22:16:36 -0500] "GET /galeria/carrusel/Carrusel/jquery.thumbnailScroller.js HTTP/1.1" 200 8157
216.245.221.92 - - [19/Nov/2022:22:16:40 -0500] "HEAD / HTTP/1.1" 200 -
40.77.167.57 - - [19/Nov/2022:22:16:41 -0500] "GET /galeria/carrusel/Carrusel/jquery-ui-1.8.13.custom.min.js HTTP/1.1" 200 10800
173.252.107.10 - - [19/Nov/2022:22:16:42 -0500] "GET /distrito-mantiene-acompanamiento-a-la-comunidad-afectada-en-la-via-la-calera.html HTTP/1.1" 206 985
173.252.107.118 - - [19/Nov/2022:22:16:42 -0500] "GET /distrito-mantiene-acompanamiento-a-la-comunidad-afectada-en-la-via-la-calera.html HTTP/1.1" 206 985
146.155.13.42 - - [19/Nov/2022:22:17:39 -0500] "GET /portaldeninos/wp-content/uploads/2020/01/Tierra-escenario.jpg HTTP/1.1" 200 181491
20.231.101.203 - - [19/Nov/2022:22:17:42 -0500] "GET /BLA/boletinlegal/ HTTP/1.1" 200 60277
172.22.2.4 - - [19/Nov/2022:22:18:34 -0500] "HEAD /BLA/boletinlegal/ HTTP/1.1" 200 -
201.245.192.253 - - [19/Nov/2022:22:20:16 -0500] "POST /kwsrmcab/Wsrmcab  HTTP/1.1" 200 42393
172.22.2.4 - - [19/Nov/2022:22:19:24 -0500] "GET /BLA/boletinlegal/ HTTP/1.1" 200 52942
201.245.192.253 - - [19/Nov/2022:22:21:03 -0500] "POST /kwsrmcab/Wsrmcab HTTP/1.1" 200 43548
201.245.192.253 - - [19/Nov/2022:22:21:06 -0500] "POST /kwsrmcab/Wsrmcab HTTP/1.1" 200 44062
216.245.221.92 - - [19/Nov/2022:22:21:40 -0500] "HEAD / HTTP/1.1" 200 -
186.84.89.131 - - [19/Nov/2022:22:23:54 -0500] "GET /secretaria-de-ambiente-y-universidad-de-la-salle-firman-acuerdo-de-conservacion-en-17-hectareas.html?fbclid=IwAR2AdnSOVKo7v2A8xBBaI_1kwSrEY1_SuDUn2J70gJH92BqEByXT6XpRB7g HTTP/1.1" 200 990
201.245.192.253 - - [19/Nov/2022:22:25:15 -0500] "POST /kwsrmcab/Wsrmcab  HTTP/1.1" 200 42393
185.119.81.98 - - [19/Nov/2022:22:25:57 -0500] "GET /portaldeninos/wp-login.php HTTP/1.1" 200 2592
185.119.81.98 - - [19/Nov/2022:22:25:58 -0500] "POST /portaldeninos/wp-login.php HTTP/1.1" 200 3650
172.22.2.4 - - [19/Nov/2022:22:24:24 -0500] "HEAD /BLA/boletinlegal/ HTTP/1.1" 200 -
216.245.221.92 - - [19/Nov/2022:22:26:40 -0500] "HEAD / HTTP/1.1" 200 -
172.22.2.4 - - [19/Nov/2022:22:25:14 -0500] "GET /BLA/boletinlegal/ HTTP/1.1" 200 57824
173.252.107.15 - - [19/Nov/2022:22:27:17 -0500] "GET /images/Acuerdos%2001%20(1)%20(1).jpeg HTTP/1.1" 200 32884
185.119.81.109 - - [19/Nov/2022:22:28:28 -0500] "GET /portaldeninos/wp-login.php HTTP/1.1" 200 2592
185.119.81.109 - - [19/Nov/2022:22:28:29 -0500] "POST /portaldeninos/wp-login.php HTTP/1.1" 200 3605
172.22.2.4 - - [19/Nov/2022:22:28:45 -0500] "GET /BLA/boletinlegal/actas/acta%20de%20acuerdo%2001%20adop%20regla%20inter%20CISPAER.pdf HTTP/1.1" 304 -
201.245.192.253 - - [19/Nov/2022:22:30:14 -0500] "POST /kwsrmcab/Wsrmcab  HTTP/1.1" 200 42393
13.66.139.2 - - [19/Nov/2022:22:30:23 -0500] "-" 408 -
201.245.192.253 - - [19/Nov/2022:22:31:03 -0500] "POST /kwsrmcab/Wsrmcab HTTP/1.1" 200 43548
201.245.192.253 - - [19/Nov/2022:22:31:05 -0500] "POST /kwsrmcab/Wsrmcab HTTP/1.1" 200 44062
216.245.221.92 - - [19/Nov/2022:22:31:40 -0500] "HEAD / HTTP/1.1" 200 -
172.22.2.4 - - [19/Nov/2022:22:30:14 -0500] "HEAD /BLA/boletinlegal/ HTTP/1.1" 200 -
40.77.190.249 - - [19/Nov/2022:22:32:30 -0500] "GET /galeria/nivo-slider/themes/orman/orman.css HTTP/1.1" 200 2152
40.77.188.49 - - [19/Nov/2022:22:32:30 -0500] "GET /galeria/nivo-slider/themes/default/default.css HTTP/1.1" 200 1569
40.77.189.193 - - [19/Nov/2022:22:32:30 -0500] "GET /galeria/nivo-slider/themes/pascal/pascal.css HTTP/1.1" 200 2258
40.77.189.97 - - [19/Nov/2022:22:32:30 -0500] "GET /galeria/nivo-slider/nivo-slider.css HTTP/1.1" 200 1507
40.77.189.115 - - [19/Nov/2022:22:32:30 -0500] "GET /galeria/nivo-slider/demo/style.css HTTP/1.1" 200 2222
40.77.190.148 - - [19/Nov/2022:22:32:30 -0500] "GET /galeria/nivo-slider/demo/scripts/jquery-1.7.1.min.js HTTP/1.1" 200 93868
40.77.188.144 - - [19/Nov/2022:22:32:30 -0500] "GET /galeria/nivo-slider/jquery.nivo.slider.pack.js HTTP/1.1" 200 11561
172.22.2.4 - - [19/Nov/2022:22:31:04 -0500] "GET /BLA/boletinlegal/ HTTP/1.1" 200 59779
172.22.2.4 - - [19/Nov/2022:22:33:20 -0500] "GET /BLA/boletinlegal/aab9 HTTP/1.1" 404 1018
172.22.2.4 - - [19/Nov/2022:22:33:20 -0500] "GET /BLA/boletinlegal/aaa9 HTTP/1.1" 404 1018
172.22.2.4 - - [19/Nov/2022:22:33:20 -0500] "GET /BLA/boletinlegal/ HTTP/1.1" 200 24523
201.245.192.253 - - [19/Nov/2022:22:35:13 -0500] "POST /kwsrmcab/Wsrmcab  HTTP/1.1" 200 42393
172.22.2.4 - - [19/Nov/2022:22:34:11 -0500] "GET /BLA/boletinlegal/ HTTP/1.1" 200 63221
181.119.64.125 - - [19/Nov/2022:22:36:04 -0500] "GET /portaldeninos/wp-content/uploads/useanyfont/uaf.css?ver=1589905315 HTTP/1.1" 200 408
181.119.64.125 - - [19/Nov/2022:22:36:04 -0500] "GET /portaldeninos/wp-content/themes/betheme/style.css?ver=20.9.6 HTTP/1.1" 200 287
181.119.64.125 - - [19/Nov/2022:22:36:03 -0500] "GET /portaldeninos/residuos/ HTTP/1.1" 200 87447
181.119.64.125 - - [19/Nov/2022:22:36:04 -0500] "GET /portaldeninos/wp-includes/js/wp-emoji-release.min.js?ver=4.9.8 HTTP/1.1" 200 12026
181.119.64.125 - - [19/Nov/2022:22:36:04 -0500] "GET /portaldeninos/wp-content/plugins/gallery-videos/CSS/Total-Soft-Gallery-Video-Widget.css?ver=4.9.8 HTTP/1.1" 200 51554
181.119.64.125 - - [19/Nov/2022:22:36:04 -0500] "GET /portaldeninos/wp-content/plugins/gallery-videos/CSS/totalsoft.css?ver=4.9.8 HTTP/1.1" 200 40622
181.119.64.125 - - [19/Nov/2022:22:36:04 -0500] "GET /portaldeninos/wp-content/themes/betheme/css/shortcodes.css?ver=20.9.6 HTTP/1.1" 200 138889
181.119.64.125 - - [19/Nov/2022:22:36:04 -0500] "GET /portaldeninos/wp-content/themes/betheme/css/base.css?ver=20.9.6 HTTP/1.1" 200 57283
181.119.64.125 - - [19/Nov/2022:22:36:05 -0500] "GET /portaldeninos/wp-content/themes/betheme/assets/animations/animations.min.css?ver=20.9.6 HTTP/1.1" 200 58508
181.119.64.125 - - [19/Nov/2022:22:36:05 -0500] "GET /portaldeninos/wp-content/themes/betheme/assets/jplayer/css/jplayer.blue.monday.css?ver=20.9.6 HTTP/1.1" 200 9834
181.119.64.125 - - [19/Nov/2022:22:36:05 -0500] "GET /portaldeninos/wp-content/themes/betheme/assets/ui/jquery.ui.all.css?ver=20.9.6 HTTP/1.1" 200 18765
181.119.64.125 - - [19/Nov/2022:22:36:05 -0500] "GET /portaldeninos/wp-includes/js/jquery/ui/core.min.js?ver=1.11.4 HTTP/1.1" 200 4000
181.119.64.125 - - [19/Nov/2022:22:36:05 -0500] "GET /portaldeninos/wp-includes/js/jquery/jquery-migrate.min.js?ver=1.4.1 HTTP/1.1" 200 10056
181.119.64.125 - - [19/Nov/2022:22:36:04 -0500] "GET /portaldeninos/wp-content/themes/betheme/css/layout.css?ver=20.9.6 HTTP/1.1" 200 116639
181.119.64.125 - - [19/Nov/2022:22:36:05 -0500] "GET /portaldeninos/wp-content/plugins/google-analytics-for-wordpress/assets/js/frontend-gtag.min.js?ver=8.5.0 HTTP/1.1" 200 11801
181.119.64.125 - - [19/Nov/2022:22:36:05 -0500] "GET /portaldeninos/wp-content/themes/betheme/css/responsive.css?ver=20.9.6 HTTP/1.1" 200 55740
181.119.64.125 - - [19/Nov/2022:22:36:05 -0500] "GET /portaldeninos/wp-content/plugins/gallery-videos/JS/modernizr.custom.js?ver=4.9.8 HTTP/1.1" 200 9019
181.119.64.125 - - [19/Nov/2022:22:36:05 -0500] "GET /portaldeninos/wp-includes/js/jquery/ui/widget.min.js?ver=1.11.4 HTTP/1.1" 200 6908
181.119.64.125 - - [19/Nov/2022:22:36:05 -0500] "GET /portaldeninos/wp-includes/js/jquery/ui/mouse.min.js?ver=1.11.4 HTTP/1.1" 200 3148
181.119.64.125 - - [19/Nov/2022:22:36:05 -0500] "GET /portaldeninos/wp-includes/js/jquery/ui/accordion.min.js?ver=1.11.4 HTTP/1.1" 200 8584
181.119.64.125 - - [19/Nov/2022:22:36:05 -0500] "GET /portaldeninos/wp-includes/js/jquery/jquery.js?ver=1.12.4 HTTP/1.1" 200 97184
181.119.64.125 - - [19/Nov/2022:22:36:05 -0500] "GET /portaldeninos/wp-includes/js/jquery/ui/tabs.min.js?ver=1.11.4 HTTP/1.1" 200 12110
181.119.64.125 - - [19/Nov/2022:22:36:05 -0500] "GET /portaldeninos/wp-content/plugins/gallery-videos/JS/Total-Soft-Gallery-Video-Widget.js?ver=4.9.8 HTTP/1.1" 200 80264
181.119.64.125 - - [19/Nov/2022:22:36:05 -0500] "GET /portaldeninos/wp-content/themes/betheme/js/menu.js?ver=20.9.6 HTTP/1.1" 200 2449
181.119.64.125 - - [19/Nov/2022:22:36:05 -0500] "GET /portaldeninos/wp-content/themes/betheme/assets/animations/animations.min.js?ver=20.9.6 HTTP/1.1" 200 1896
181.119.64.125 - - [19/Nov/2022:22:36:05 -0500] "GET /portaldeninos/wp-includes/js/jquery/ui/sortable.min.js?ver=1.11.4 HTTP/1.1" 200 24899
181.119.64.125 - - [19/Nov/2022:22:36:06 -0500] "GET /portaldeninos/wp-includes/js/wp-embed.min.js?ver=4.9.8 HTTP/1.1" 200 1398
181.119.64.125 - - [19/Nov/2022:22:36:06 -0500] "GET /portaldeninos/wp-content/themes/betheme/assets/jplayer/jplayer.min.js?ver=20.9.6 HTTP/1.1" 200 52702
181.119.64.125 - - [19/Nov/2022:22:36:06 -0500] "GET /portaldeninos/wp-content/themes/betheme/js/scripts.js?ver=20.9.6 HTTP/1.1" 200 77162
181.119.64.125 - - [19/Nov/2022:22:36:05 -0500] "GET /portaldeninos/wp-content/themes/betheme/js/plugins.js?ver=20.9.6 HTTP/1.1" 200 197151
181.119.64.125 - - [19/Nov/2022:22:36:06 -0500] "GET /portaldeninos/wp-content/uploads/2019/08/Logo-Ambientic.png HTTP/1.1" 200 22941
181.119.64.125 - - [19/Nov/2022:22:36:06 -0500] "GET /portaldeninos/wp-content/themes/betheme/fonts/mfn-icons.woff?93978679 HTTP/1.1" 200 80932
181.119.64.125 - - [19/Nov/2022:22:36:07 -0500] "GET /portaldeninos/wp-content/themes/betheme/images/box_shadow.png HTTP/1.1" 200 108
181.119.64.125 - - [19/Nov/2022:22:36:06 -0500] "GET /portaldeninos/wp-content/uploads/2021/07/residuos-pagina-ni%C3%B1os.jpg HTTP/1.1" 200 316433
66.249.73.100 - - [19/Nov/2022:22:36:33 -0500] "-" 408 -
216.245.221.92 - - [19/Nov/2022:22:36:40 -0500] "HEAD / HTTP/1.1" 200 -
172.22.2.4 - - [19/Nov/2022:22:37:03 -0500] "GET /BLA/boletinlegal/calendario%20trimestral/flatpickr-events-calendar/dist/? HTTP/1.1" 404 1029
172.22.2.4 - - [19/Nov/2022:22:36:04 -0500] "HEAD /BLA/boletinlegal/ HTTP/1.1" 200 -
172.22.2.4 - - [19/Nov/2022:22:38:00 -0500] "GET /BLA/boletinlegal/Circulares/2019/.pdf HTTP/1.1" 404 1218
172.22.2.4 - - [19/Nov/2022:22:38:09 -0500] "GET /BLA/boletinlegal/Circulares/2012/Circular%20No.%2010%20del%2026%20de%20Enero%20de%202012.pdf HTTP/1.1" 404 1218
172.22.2.4 - - [19/Nov/2022:22:36:55 -0500] "GET /BLA/boletinlegal/ HTTP/1.1" 200 56474
201.245.192.253 - - [19/Nov/2022:22:40:12 -0500] "POST /kwsrmcab/Wsrmcab  HTTP/1.1" 200 42393
172.22.2.4 - - [19/Nov/2022:22:40:29 -0500] "GET /BLA/boletinlegal/explore HTTP/1.1" 404 1018
201.245.192.253 - - [19/Nov/2022:22:41:03 -0500] "POST /kwsrmcab/Wsrmcab HTTP/1.1" 200 43548
201.245.192.253 - - [19/Nov/2022:22:41:06 -0500] "POST /kwsrmcab/Wsrmcab HTTP/1.1" 200 44062
216.245.221.92 - - [19/Nov/2022:22:41:40 -0500] "HEAD / HTTP/1.1" 200 -
157.55.39.39 - - [19/Nov/2022:22:42:38 -0500] "GET /catalogoisis/ HTTP/1.1" 200 8575
172.22.2.4 - - [19/Nov/2022:22:41:54 -0500] "HEAD /BLA/boletinlegal/ HTTP/1.1" 200 -
13.66.139.2 - - [19/Nov/2022:22:44:20 -0500] "-" 408 -
172.22.2.4 - - [19/Nov/2022:22:42:44 -0500] "GET /BLA/boletinlegal/ HTTP/1.1" 200 58185
201.245.192.253 - - [19/Nov/2022:22:45:11 -0500] "POST /kwsrmcab/Wsrmcab  HTTP/1.1" 200 42393
216.245.221.92 - - [19/Nov/2022:22:47:00 -0500] "GET / HTTP/1.1" 200 319
66.249.73.127 - - [19/Nov/2022:22:48:19 -0500] "-" 408 -
172.22.2.4 - - [19/Nov/2022:22:47:44 -0500] "HEAD /BLA/boletinlegal/ HTTP/1.1" 200 -
201.245.192.253 - - [19/Nov/2022:22:50:10 -0500] "POST /kwsrmcab/Wsrmcab  HTTP/1.1" 200 42393
172.22.2.4 - - [19/Nov/2022:22:48:34 -0500] "GET /BLA/boletinlegal/ HTTP/1.1" 200 57824
216.245.221.92 - - [19/Nov/2022:22:52:00 -0500] "HEAD / HTTP/1.1" 200 -
69.63.184.119 - - [19/Nov/2022:22:52:30 -0500] "GET /andrea-murcia-la-creadora-del-primer-hogar-de-paso-para-perros-y-gatos-en-un-colegio.html HTTP/1.1" 206 973
173.252.107.118 - - [19/Nov/2022:22:53:03 -0500] "GET /incautadas-tarantulas-que-iban-a-ser-exportadas-ilegalmente-desde-bogota-hasta-mexico.html HTTP/1.1" 206 899
40.77.167.57 - - [19/Nov/2022:22:54:52 -0500] "GET /BLA/resoluciones/RESOLUCIONES%202022/0383.pdf HTTP/1.1" 304 -
201.245.192.253 - - [19/Nov/2022:22:55:09 -0500] "POST /kwsrmcab/Wsrmcab  HTTP/1.1" 200 42393
172.22.2.4 - - [19/Nov/2022:22:53:34 -0500] "HEAD /BLA/boletinlegal/ HTTP/1.1" 200 -
172.22.2.4 - - [19/Nov/2022:22:55:30 -0500] "GET /BLA/boletinlegal/ HTTP/1.1" 200 20427
172.22.2.4 - - [19/Nov/2022:22:54:24 -0500] "GET /BLA/boletinlegal/ HTTP/1.1" 200 56474
216.245.221.92 - - [19/Nov/2022:22:57:00 -0500] "HEAD / HTTP/1.1" 200 -
66.249.73.127 - - [19/Nov/2022:22:57:28 -0500] "-" 408 -
201.245.192.253 - - [19/Nov/2022:23:00:08 -0500] "POST /kwsrmcab/Wsrmcab  HTTP/1.1" 200 42393
172.22.2.4 - - [19/Nov/2022:22:59:24 -0500] "HEAD /BLA/boletinlegal/ HTTP/1.1" 200 -
172.22.2.4 - - [19/Nov/2022:23:00:14 -0500] "GET /BLA/boletinlegal/ HTTP/1.1" 200 60277
216.245.221.92 - - [19/Nov/2022:23:02:00 -0500] "HEAD / HTTP/1.1" 200 -
69.171.251.7 - - [19/Nov/2022:23:02:03 -0500] "GET /images/Acuerdos%2001%20(1)%20(1).jpeg HTTP/1.1" 200 32884
66.249.73.127 - - [19/Nov/2022:23:03:37 -0500] "-" 408 -
201.245.192.253 - - [19/Nov/2022:23:05:08 -0500] "POST /kwsrmcab/Wsrmcab  HTTP/1.1" 200 42393
172.22.2.4 - - [19/Nov/2022:23:05:14 -0500] "HEAD /BLA/boletinlegal/ HTTP/1.1" 200 -
216.245.221.92 - - [19/Nov/2022:23:07:00 -0500] "HEAD / HTTP/1.1" 200 -
13.66.139.2 - - [19/Nov/2022:23:07:37 -0500] "-" 408 -
172.22.2.4 - - [19/Nov/2022:23:06:05 -0500] "GET /BLA/boletinlegal/ HTTP/1.1" 200 52942
173.252.107.13 - - [19/Nov/2022:23:08:02 -0500] "GET /images/reunion-planta-termovalorizacion-11-mayo.jpg HTTP/1.1" 200 34782
152.32.157.157 - - [19/Nov/2022:23:09:45 -0500] "GET /portaldeninos/wp-includes/js/jquery/ui/widget.min.js?ver=1.11.4 HTTP/1.1" 200 6908
152.32.157.157 - - [19/Nov/2022:23:09:45 -0500] "GET /portaldeninos/wp-content/themes/betheme/assets/animations/animations.min.js?ver=20.9.6 HTTP/1.1" 200 1896
152.32.157.157 - - [19/Nov/2022:23:09:45 -0500] "GET /portaldeninos/wp-includes/js/jquery/jquery-migrate.min.js?ver=1.4.1 HTTP/1.1" 200 10056
152.32.157.157 - - [19/Nov/2022:23:09:44 -0500] "GET /portaldeninos/wp-includes/js/jquery/ui/tabs.min.js?ver=1.11.4 HTTP/1.1" 200 12110
152.32.157.157 - - [19/Nov/2022:23:09:45 -0500] "GET /portaldeninos/wp-content/themes/betheme/js/plugins.js?ver=20.9.6 HTTP/1.1" 200 197151
152.32.157.157 - - [19/Nov/2022:23:09:46 -0500] "GET /portaldeninos/wp-content/plugins/google-analytics-for-wordpress/assets/js/frontend-gtag.min.js?ver=8.5.0 HTTP/1.1" 200 11801
152.32.157.157 - - [19/Nov/2022:23:09:46 -0500] "GET /portaldeninos/wp-includes/js/jquery/ui/sortable.min.js?ver=1.11.4 HTTP/1.1" 200 24899
152.32.157.157 - - [19/Nov/2022:23:09:46 -0500] "GET /portaldeninos/wp-content/themes/betheme/assets/jplayer/jplayer.min.js?ver=20.9.6 HTTP/1.1" 200 52702
152.32.157.157 - - [19/Nov/2022:23:09:59 -0500] "GET /portaldeninos/ HTTP/1.1" 200 110197
172.22.2.4 - - [19/Nov/2022:23:10:03 -0500] "GET /BLA/boletinlegal/Directivas/2009/Directiva%20No.%20del%2023%20de%20Diciembre%20de%202009.pdf HTTP/1.1" 304 -
201.245.192.253 - - [19/Nov/2022:23:10:06 -0500] "POST /kwsrmcab/Wsrmcab  HTTP/1.1" 200 42393
172.22.2.4 - - [19/Nov/2022:23:11:37 -0500] "GET /BLA/boletinlegal/actos.php HTTP/1.1" 200 9566
172.22.2.4 - - [19/Nov/2022:23:11:39 -0500] "GET /BLA/boletinlegal/favicon.ico HTTP/1.1" 404 1326
186.154.53.204 - - [19/Nov/2022:23:11:40 -0500] "GET /BLA/resoluciones/ HTTP/1.1" 200 13093
186.154.53.204 - - [19/Nov/2022:23:11:45 -0500] "GET /BLA/resoluciones/index.php?dir=RESOLUCIONES+2021%2F HTTP/1.1" 200 430966
186.154.53.204 - - [19/Nov/2022:23:11:55 -0500] "GET /BLA/resoluciones/RESOLUCIONES%202021/1865.pdf HTTP/1.1" 200 466582
216.245.221.92 - - [19/Nov/2022:23:12:00 -0500] "HEAD / HTTP/1.1" 200 -
172.22.2.4 - - [19/Nov/2022:23:11:04 -0500] "HEAD /BLA/boletinlegal/ HTTP/1.1" 200 -
172.22.2.4 - - [19/Nov/2022:23:11:18 -0500] "GET /BLA/boletinlegal/ HTTP/1.1" 200 49550
172.22.2.4 - - [19/Nov/2022:23:11:54 -0500] "GET /BLA/boletinlegal/ HTTP/1.1" 200 52942
66.249.73.127 - - [19/Nov/2022:23:13:35 -0500] "-" 408 -
201.245.192.253 - - [19/Nov/2022:23:15:06 -0500] "POST /kwsrmcab/Wsrmcab  HTTP/1.1" 200 42393
216.245.221.92 - - [19/Nov/2022:23:17:00 -0500] "HEAD / HTTP/1.1" 200 -
173.252.87.14 - - [19/Nov/2022:23:17:38 -0500] "GET /images/ecosistema-dia-internacional-tierra-21-abril.jpg HTTP/1.1" 200 30098
172.22.2.4 - - [19/Nov/2022:23:16:54 -0500] "HEAD /BLA/boletinlegal/ HTTP/1.1" 200 -
172.22.2.4 - - [19/Nov/2022:23:17:44 -0500] "GET /BLA/boletinlegal/ HTTP/1.1" 200 57824
201.245.192.253 - - [19/Nov/2022:23:20:05 -0500] "POST /kwsrmcab/Wsrmcab  HTTP/1.1" 200 42393
20.231.101.203 - - [19/Nov/2022:23:19:22 -0500] "GET /BLA/boletinlegal/ HTTP/1.1" 200 62840
201.245.192.253 - - [19/Nov/2022:23:21:02 -0500] "POST /kwsrmcab/Wsrmcab HTTP/1.1" 200 43549
201.245.192.253 - - [19/Nov/2022:23:21:05 -0500] "POST /kwsrmcab/Wsrmcab HTTP/1.1" 200 44055
185.119.81.107 - - [19/Nov/2022:23:21:41 -0500] "GET /portaldeninos/wp-login.php HTTP/1.1" 200 2592
185.119.81.107 - - [19/Nov/2022:23:21:42 -0500] "POST /portaldeninos/wp-login.php HTTP/1.1" 200 3605
216.245.221.92 - - [19/Nov/2022:23:22:00 -0500] "HEAD / HTTP/1.1" 200 -
172.22.2.4 - - [19/Nov/2022:23:23:00 -0500] "GET /BLA/boletinlegal/ HTTP/1.1" 200 24523
207.46.13.194 - - [19/Nov/2022:23:24:24 -0500] "GET /BLA/resoluciones/RESOLUCIONES%202021/1933.pdf HTTP/1.1" 304 -
172.22.2.4 - - [19/Nov/2022:23:22:44 -0500] "HEAD /BLA/boletinlegal/ HTTP/1.1" 200 -
201.245.192.253 - - [19/Nov/2022:23:25:04 -0500] "POST /kwsrmcab/Wsrmcab  HTTP/1.1" 200 42393
172.22.2.4 - - [19/Nov/2022:23:23:34 -0500] "GET /BLA/boletinlegal/ HTTP/1.1" 200 56474
216.245.221.92 - - [19/Nov/2022:23:27:00 -0500] "HEAD / HTTP/1.1" 200 -
157.55.39.42 - - [19/Nov/2022:23:29:05 -0500] "GET /semana-ecoempresarial-herramientas-para-que-el-sector-economico-de-bogota-pueda-tener-un-crecimiento-verde.html HTTP/1.1" 200 918
40.77.167.13 - - [19/Nov/2022:23:29:48 -0500] "GET /BLA/resoluciones/RESOLUCIONES%202021/1864.pdf HTTP/1.1" 304 -
201.245.192.253 - - [19/Nov/2022:23:30:03 -0500] "POST /kwsrmcab/Wsrmcab  HTTP/1.1" 200 42393
172.22.2.4 - - [19/Nov/2022:23:28:34 -0500] "HEAD /BLA/boletinlegal/ HTTP/1.1" 200 -
172.22.2.4 - - [19/Nov/2022:23:29:24 -0500] "GET /BLA/boletinlegal/ HTTP/1.1" 200 58185
201.245.192.253 - - [19/Nov/2022:23:31:03 -0500] "POST /kwsrmcab/Wsrmcab HTTP/1.1" 200 43549
201.245.192.253 - - [19/Nov/2022:23:31:05 -0500] "POST /kwsrmcab/Wsrmcab HTTP/1.1" 200 44055
173.252.107.11 - - [19/Nov/2022:23:31:48 -0500] "GET /images/Junio%2002-experiencias-jardines-verticales-sda.jpeg HTTP/1.1" 200 31171
216.245.221.92 - - [19/Nov/2022:23:32:00 -0500] "HEAD / HTTP/1.1" 200 -
66.249.73.97 - - [19/Nov/2022:23:34:37 -0500] "-" 408 -
201.245.192.253 - - [19/Nov/2022:23:35:02 -0500] "POST /kwsrmcab/Wsrmcab  HTTP/1.1" 200 42393
172.22.2.4 - - [19/Nov/2022:23:34:04 -0500] "GET /BLA/boletinlegal/ HTTP/1.1" 200 55272
172.22.2.4 - - [19/Nov/2022:23:34:24 -0500] "HEAD /BLA/boletinlegal/ HTTP/1.1" 200 -
172.22.2.4 - - [19/Nov/2022:23:35:14 -0500] "GET /BLA/boletinlegal/ HTTP/1.1" 200 54100
216.245.221.92 - - [19/Nov/2022:23:37:00 -0500] "HEAD / HTTP/1.1" 200 -
172.22.2.4 - - [19/Nov/2022:23:37:53 -0500] "GET /BLA/boletinlegal/Circulares/2019/.pdf HTTP/1.1" 404 1218
172.22.2.4 - - [19/Nov/2022:23:38:39 -0500] "GET /BLA/boletinlegal/robots.txt HTTP/1.1" 404 1037
172.22.2.4 - - [19/Nov/2022:23:38:40 -0500] "GET /BLA/boletinlegal/ads.txt HTTP/1.1" 404 1037
178.33.233.108 - - [19/Nov/2022:23:38:56 -0500] "GET /no-uses-musgo-en-la-elaboracion-de-tu-pesebre.html HTTP/1.1" 200 846
172.22.2.4 - - [19/Nov/2022:23:37:37 -0500] "GET /BLA/boletinlegal/ HTTP/1.1" 200 53195
201.245.192.253 - - [19/Nov/2022:23:40:01 -0500] "POST /kwsrmcab/Wsrmcab  HTTP/1.1" 200 42393
201.245.192.253 - - [19/Nov/2022:23:41:03 -0500] "POST /kwsrmcab/Wsrmcab HTTP/1.1" 200 43549
201.245.192.253 - - [19/Nov/2022:23:41:06 -0500] "POST /kwsrmcab/Wsrmcab HTTP/1.1" 200 44055
172.22.2.4 - - [19/Nov/2022:23:40:14 -0500] "HEAD /BLA/boletinlegal/ HTTP/1.1" 200 -
216.245.221.92 - - [19/Nov/2022:23:42:00 -0500] "HEAD / HTTP/1.1" 200 -
172.22.2.4 - - [19/Nov/2022:23:41:04 -0500] "GET /BLA/boletinlegal/ HTTP/1.1" 200 58185
201.245.192.253 - - [19/Nov/2022:23:45:00 -0500] "POST /kwsrmcab/Wsrmcab  HTTP/1.1" 200 42393
185.119.81.109 - - [19/Nov/2022:23:46:10 -0500] "GET /portaldeninos/wp-login.php HTTP/1.1" 200 2592
185.119.81.109 - - [19/Nov/2022:23:46:11 -0500] "POST /portaldeninos/wp-login.php HTTP/1.1" 200 3670
66.249.73.127 - - [19/Nov/2022:23:46:43 -0500] "-" 408 -
216.245.221.92 - - [19/Nov/2022:23:47:00 -0500] "HEAD / HTTP/1.1" 200 -
185.119.81.105 - - [19/Nov/2022:23:47:18 -0500] "GET /portaldeninos/wp-login.php HTTP/1.1" 200 2592
185.119.81.105 - - [19/Nov/2022:23:47:19 -0500] "POST /portaldeninos/wp-login.php HTTP/1.1" 200 3605
172.22.2.4 - - [19/Nov/2022:23:46:04 -0500] "HEAD /BLA/boletinlegal/ HTTP/1.1" 200 -
40.77.167.13 - - [19/Nov/2022:23:48:19 -0500] "GET /BLA/resoluciones/AUTOS%202021/1530.pdf HTTP/1.1" 200 750602
172.22.2.4 - - [19/Nov/2022:23:46:54 -0500] "GET /BLA/boletinlegal/ HTTP/1.1" 200 56079
201.245.192.253 - - [19/Nov/2022:23:49:59 -0500] "POST /kwsrmcab/Wsrmcab  HTTP/1.1" 200 42393
185.119.81.104 - - [19/Nov/2022:23:50:44 -0500] "GET /portaldeninos/wp-login.php HTTP/1.1" 200 2592
185.119.81.104 - - [19/Nov/2022:23:50:45 -0500] "POST /portaldeninos/wp-login.php HTTP/1.1" 200 3605
216.245.221.92 - - [19/Nov/2022:23:52:00 -0500] "HEAD / HTTP/1.1" 200 -
172.22.2.4 - - [19/Nov/2022:23:51:54 -0500] "HEAD /BLA/boletinlegal/ HTTP/1.1" 200 -
172.22.2.4 - - [19/Nov/2022:23:52:44 -0500] "GET /BLA/boletinlegal/ HTTP/1.1" 200 59779
185.119.81.109 - - [19/Nov/2022:23:54:29 -0500] "GET /portaldeninos/wp-login.php HTTP/1.1" 200 2592
185.119.81.109 - - [19/Nov/2022:23:54:30 -0500] "POST /portaldeninos/wp-login.php HTTP/1.1" 200 3650
201.245.192.253 - - [19/Nov/2022:23:54:58 -0500] "POST /kwsrmcab/Wsrmcab  HTTP/1.1" 200 42393
172.22.2.4 - - [19/Nov/2022:23:55:02 -0500] "GET /BLA/boletinlegal/jurisprudencia/analisis/Analisis%20Jurisprudencia%20Sent%202000-00005-01.doc HTTP/1.1" 304 -
216.245.221.92 - - [19/Nov/2022:23:57:00 -0500] "HEAD / HTTP/1.1" 200 -
172.22.2.4 - - [19/Nov/2022:23:57:44 -0500] "HEAD /BLA/boletinlegal/ HTTP/1.1" 200 -
201.245.192.253 - - [19/Nov/2022:23:59:57 -0500] "POST /kwsrmcab/Wsrmcab  HTTP/1.1" 200 42393

:: Command execute ::

Enter:
 
Select:
 

:: Search ::
regexp 

:: Upload ::
 
[ ok ]

:: Make Dir ::
 
[ ok ]
:: Make File ::
 
[ ok ]

:: Go Dir ::
 
:: Go File ::
 

--[ c99shell v. 1.0 pre-release build #13 powered by Captain Crunch Security Team | http://ccteam.ru | Generation time: 0.1716 ]--