167.248.133.118 - - [19/Nov/2022:08:43:33 -0500] "GET / HTTP/1.1" 200 319
167.248.133.118 - - [19/Nov/2022:08:43:33 -0500] "GET / HTTP/1.1" 200 319
167.248.133.118 - - [19/Nov/2022:08:43:34 -0500] "PRI * HTTP/2.0" 400 946
167.248.133.118 - - [19/Nov/2022:08:43:34 -0500] "GET /favicon.ico HTTP/1.1" 200 7782
172.22.2.4 - - [19/Nov/2022:08:41:56 -0500] "HEAD /BLA/boletinlegal/ HTTP/1.1" 200 -
172.22.2.4 - - [19/Nov/2022:08:42:46 -0500] "GET /BLA/boletinlegal/ HTTP/1.1" 200 59779
157.55.39.95 - - [19/Nov/2022:08:45:20 -0500] "GET /www.ambientebogota.gov.co:81/ HTTP/1.1" 403 1051
207.46.13.209 - - [19/Nov/2022:08:45:21 -0500] "GET /www.ambientebogota.gov.co/web/web-ninos/inicio HTTP/1.1" 404 1049
207.46.13.209 - - [19/Nov/2022:08:45:21 -0500] "GET /BLA/boletinlegal/Directivas/2018/Directiva%20No.%2023%20del%2026%20de%20diciembre%20de%202018.pdf HTTP/1.1" 200 481134
157.55.39.95 - - [19/Nov/2022:08:45:31 -0500] "GET /BLA/boletinlegal/Directivas/2018/Directiva%20No.%2026%20del%2028%20de%20diciembre%20de%202018.pdf HTTP/1.1" 200 332220
157.55.39.95 - - [19/Nov/2022:08:45:31 -0500] "GET /BLA/boletinlegal/Directivas/2018/Directiva%20No.%2024%20del%2027%20de%20diciembre%20de%202018.pdf HTTP/1.1" 200 575948
157.55.39.95 - - [19/Nov/2022:08:45:31 -0500] "GET /BLA/boletinlegal/Directivas/2017/Directiva%20No.%2005%20del%2013%20de%20Junio%20de%202017.pdf HTTP/1.1" 200 853105
216.245.221.92 - - [19/Nov/2022:08:46:42 -0500] "HEAD / HTTP/1.1" 200 -
172.22.2.4 - - [19/Nov/2022:08:47:11 -0500] "GET /BLA/boletinlegal/ HTTP/1.1" 200 32715
201.245.192.253 - - [19/Nov/2022:08:48:10 -0500] "POST /kwsrmcab/Wsrmcab  HTTP/1.1" 200 42393
172.22.2.4 - - [19/Nov/2022:08:47:46 -0500] "HEAD /BLA/boletinlegal/ HTTP/1.1" 200 -
172.22.2.4 - - [19/Nov/2022:08:48:36 -0500] "GET /BLA/boletinlegal/ HTTP/1.1" 200 59779
216.245.221.92 - - [19/Nov/2022:08:51:42 -0500] "HEAD / HTTP/1.1" 200 -
201.245.192.253 - - [19/Nov/2022:08:53:09 -0500] "POST /kwsrmcab/Wsrmcab  HTTP/1.1" 200 42393
128.14.136.18 - - [19/Nov/2022:08:54:20 -0500] "GET / HTTP/1.1" 200 319
172.22.2.4 - - [19/Nov/2022:08:53:36 -0500] "HEAD /BLA/boletinlegal/ HTTP/1.1" 200 -
172.22.2.4 - - [19/Nov/2022:08:54:27 -0500] "GET /BLA/boletinlegal/ HTTP/1.1" 200 56079
216.245.221.92 - - [19/Nov/2022:08:56:42 -0500] "HEAD / HTTP/1.1" 200 -
20.231.101.203 - - [19/Nov/2022:08:55:55 -0500] "GET /BLA/boletinlegal/ HTTP/1.1" 200 62423
201.245.192.253 - - [19/Nov/2022:08:58:07 -0500] "POST /kwsrmcab/Wsrmcab  HTTP/1.1" 200 42393
172.22.2.4 - - [19/Nov/2022:08:59:26 -0500] "HEAD /BLA/boletinlegal/ HTTP/1.1" 200 -
191.95.62.88 - - [19/Nov/2022:09:01:33 -0500] "GET /secretaria-de-ambiente-y-universidad-de-la-salle-firman-acuerdo-de-conservacion-en-17-hectareas.html HTTP/1.1" 200 990
216.245.221.92 - - [19/Nov/2022:09:01:42 -0500] "HEAD / HTTP/1.1" 200 -
172.22.2.4 - - [19/Nov/2022:09:00:16 -0500] "GET /BLA/boletinlegal/ HTTP/1.1" 200 59779
201.245.192.253 - - [19/Nov/2022:09:03:06 -0500] "POST /kwsrmcab/Wsrmcab  HTTP/1.1" 200 42393
185.119.81.107 - - [19/Nov/2022:09:05:26 -0500] "GET /portaldeninos/wp-login.php HTTP/1.1" 200 2592
185.119.81.107 - - [19/Nov/2022:09:05:27 -0500] "POST /portaldeninos/wp-login.php HTTP/1.1" 200 3605
119.126.158.200 - - [19/Nov/2022:09:06:34 -0500] "GET / HTTP/1.1" 200 319
119.126.158.200 - - [19/Nov/2022:09:06:34 -0500] "GET / HTTP/1.1" 200 4720
216.245.221.92 - - [19/Nov/2022:09:06:42 -0500] "HEAD / HTTP/1.1" 200 -
191.102.197.48 - - [19/Nov/2022:09:06:44 -0500] "OPTIONS /kwssiamovil/sm/setfile/f? HTTP/1.1" 200 13
191.102.197.48 - - [19/Nov/2022:09:06:45 -0500] "POST /kwssiamovil/sm/setfile/f? HTTP/1.1" 200 381
191.102.197.48 - - [19/Nov/2022:09:06:52 -0500] "OPTIONS /kwssiamovil/sm/setfile/f? HTTP/1.1" 200 13
172.22.2.4 - - [19/Nov/2022:09:05:16 -0500] "HEAD /BLA/boletinlegal/ HTTP/1.1" 200 -
191.102.197.48 - - [19/Nov/2022:09:06:53 -0500] "POST /kwssiamovil/sm/setfile/f? HTTP/1.1" 200 381
191.102.197.48 - - [19/Nov/2022:09:07:10 -0500] "GET /kwssiamovil/sm/acme/a?s=U2FsdGVkX1/WQHfvgxGhP7CvG7XcuXTuKHV92gwmEEDPfIie0qQDNNPF2O8a3YeoZlJ/Ki1/Vb7t9T5k3l0qupnZbUxwA1ORBd0jyj6tuAph1bvKpIApTT8y4yF13o+oSeXCj3U/YY0OD7oIuW9NPn505pG1YSJc0QfeOSi4l6N6fjiRo4fJyIjEQTOyx/K/rixWMjsnssiOfOFYX039kJj7D2LPKC0aXQ5NrBEhhg+i5Y1kUDVo0nwAo0fEZAn4gxNjIWulmivrjokQ6ysApw==&u=U2FsdGVkX19EuUCRy6BinHTFplHjg9wrpdfAc9ezVmg=&y=U2FsdGVkX1+JA9dLDKG7v3LtqCKfK836xOlCPJcEqdY= HTTP/1.1" 200 26
191.102.197.48 - - [19/Nov/2022:09:07:12 -0500] "GET /kwssiamovil/sm/acme/a?s=U2FsdGVkX1+imJKb6Nj08qGJwti/3mapsgZxPkNcRAbzAGUB9rTiaLbI9Pp0V+y8zK9oENMzBBF1CLXoC1R3c4iKnT7BO3I6bkpdOTCwIrcJZ1t1GyjN5q2Sdwdc9gLVlcjLLah4s7TrcqH1TBkg9r6BOrbfoV7E4AZHPUDZv71NCJT+Y6O0i7/OBZOezkqFnfqGT+JwlMdpKUALX3m6ebMf0JPo9Uquytws32NVQDwzhoS4m69p3b7kLPTHlQWyVpc3k+yO9B83TqMOD9QxsuySGmRmiQZV+Ey6WQMQ237Va9I4KKSjoEiXuHCGMAYIp3C6FPMIQB5Th+LlNV0lFnZqaRI4rhWAAukAVvGAPKSscZLORMcJ/UIAH/8Zceudui8cgsiqkTNN5NuINI5EUlQDv1gzbyjs7+lFQ5kQxQy+mJQaXqEFHnQE/UodfYR9arQV1Kic/ibbN8X5ygqKcqjIZ2Q92IFHTJnJcucfCOf9jkp99wxDLChIPsnpC7ZL3ocvRZGb6WJqxpgxITaHKr+YqnKDWQwqslIVTsbF7Cpr5mdC0FCp1rxUIv8x4Kdf3JxiMDMm/SLZfbzkdxYRj+5jeYeHM0z8ZpHAhx7P/vNLzufSAPjBByj2ar4Eq6fHdtEkD7hJPfvUvOi8DPNlbagnqA/ZDQvCXnDqRURtu9ik4m79RjHqNGzj3u+5zZlnBbiTXPPZFQheBGXpNiIm/U3Mt+ytvJz66B1MAz0CHxal7oRQkZztqTo9zkHDyNL1miHAlHemWnRwrYo6oDFIcfiThrdOWgEEW1IrUeGZkAdrFDU0qVG9KZGZnVSra5Wd5Ms8Z5HEcVSFZ1snULOzuKHilU3Gq6NdMCBl9u6lrRnIFyluf+lOofIgnY1ovdd4e2RSpU/VTnmFihk0GAazPTpntU0Jnk8RcNJkZ2MHILIg8sCOJyZYVAMZ8Rj6gXGBEEQWy5am93Al7t++AJ7aRXDRJDILi6EgUc5+XS2XJ+iqAONgR07PT9tgm3YQF7M9jjpyvOyjX3CevRzcMSlnRW9FYgthK1lmKk4z8PtKAK8fEMZik2PiEVP1gZiDUw8XSEadU5zqUWuFSJM8ElTa1yv23erQMhxCMlwQjAef+88GqNH/MuTwjZjbSE3PIKw6UP7chOJCmms6PCTcq2PTWPgvuv5S0/zvTcamXr2GlrADZ61fBQn0GshKHr/e39Jo5k6oVOIEl+iJ4+QGul/jxUbZCEj0iAyktPR5vzhR41FBbmeGMeZFow9MNBuHDC/doibHBk3L0Qd/QN/y/k137hnJY9dCX4VA090/kwx+FTNOfSJB8q7ifXpvg0hRthellLMpysnACJ9b52G1kSD9XIdpnKSXJc+xyHrRXDD68/uW3n7gvlBOaGOZXbBJm1dP05IDdG+keV6qlJzFcriVVDH5u2ZvvcJXoCE0+klXJW0ilEo/Gy3CSSfR3rz+RmS2c/ePn/AtbA4OdHu3422hELdHru6eqAUSoo462MHoKB8yMpgPTqL1T/vlipJfH/qrrCoBMNHIu3Ze6IYdwDjDzD9F7g5XJmXryyDJNfZhjfRdwKR2SKwPtf/gH/RN/TiKPWfKxmZbP1NPVfOFOXUi6uywbNU+hk1cRJmHMzuWWUCuEEjM+uUX7v/7Bnl/D6eaaABASVh/u5cH9+7Mh1id5tX5t/lytgKSvGPi3NuwVApQ6gNm7rc8xxXl1g2/vWD6D74/nYt/Dv4SUjiziMb08asLZA2XiG5vpjIOER2sh4ESftuZMDPsqArDBxpsbcCTJVAOmu6Nk9wcx7P7II4nTNJfexoTgUhJBQP5Pe/jAJchgQ7slJCcESPZL8QR717ya7GPGrJRpRWjsKTH7WjPuSlo+eTr66KXYs3ORXX6gX+oRYbQhN33S+8JaQT3yKyNuU/4crFFApGehiJ4ZaojdC9BOQPFXtoyS2d3Z3M+IQg=&u=U2FsdGVkX19EuUCRy6BinHTFplHjg9wrpdfAc9ezVmg=&y=U2FsdGVkX1+JA9dLDKG7v3LtqCKfK836xOlCPJcEqdY= HTTP/1.1" 200 26
191.102.197.48 - - [19/Nov/2022:09:07:12 -0500] "GET /kwssiamovil/sm/acme/a?s=U2FsdGVkX1/pg+CqbP783n2vugPq2kVkjLYhmXgeZbhI5E61XXZManxRUWE5HPNrMwrYQyKTFAeaXar4iVe+Q0ejUKjxLMVDI1E7+T3Fx7G0GRJzpkiomf9hhejF1W9kgt75PPdY2E4obN/yTWY2s6MoaghFP0vFdFV9Mt2P6PU=&u=U2FsdGVkX19EuUCRy6BinHTFplHjg9wrpdfAc9ezVmg=&y=U2FsdGVkX1+JA9dLDKG7v3LtqCKfK836xOlCPJcEqdY= HTTP/1.1" 200 26
191.102.197.48 - - [19/Nov/2022:09:07:13 -0500] "GET /kwssiamovil/sm/acme/a?s=U2FsdGVkX1/YzX8RjGZ7YBkYm3mFpr5MdvtjJFwP1REO8P1iruZc0Ypjp5O+OVOUnrSfzIFbKkA4dheK64W13n1zEN9Rv4ofBtZznecGqpxaR+qMBkTL+fCeaV+bcyejiUQfrvkb1yTuK6BEL7WcxUApah8vYV7Go4TRlRk19Yo=&u=U2FsdGVkX19EuUCRy6BinHTFplHjg9wrpdfAc9ezVmg=&y=U2FsdGVkX1+JA9dLDKG7v3LtqCKfK836xOlCPJcEqdY= HTTP/1.1" 200 26
191.102.197.48 - - [19/Nov/2022:09:07:13 -0500] "GET /kwssiamovil/sm/acme/a?s=U2FsdGVkX19Nyz/XVvfyfCY4mAnrgkEekiBGjGtyjegIkefjfsX+YPSJwpFieL9U5r/zXmXPRW7xkbv3A/L/nC+g5vY48XYhW/Bs0l3P/kejcgzqI/hCPy8BiI8rbI33pW5dIzghRFQmXX9INZaBYGwMADd427a4YDj43sHpvPY=&u=U2FsdGVkX19EuUCRy6BinHTFplHjg9wrpdfAc9ezVmg=&y=U2FsdGVkX1+JA9dLDKG7v3LtqCKfK836xOlCPJcEqdY= HTTP/1.1" 200 26
191.102.197.48 - - [19/Nov/2022:09:07:14 -0500] "GET /kwssiamovil/sm/acme/a?s=U2FsdGVkX19/qY6AN8YrGVnuoSCBqCd67zVcVCOPbzH/bKl4JYlfPx7wnMCN/GpsXgfUmSXna+XLiN6DdaG3JA6eJitgriVGNjshgzOpBmASzqPknBitRBhdxSuLTE1g80iHthqXUnqNctN9O+7kG4OMtWmqWtWC+NYjVwVTxAYVbaCZ/BSx2s+UpL5rNCFU&u=U2FsdGVkX19EuUCRy6BinHTFplHjg9wrpdfAc9ezVmg=&y=U2FsdGVkX1+JA9dLDKG7v3LtqCKfK836xOlCPJcEqdY= HTTP/1.1" 200 26
191.102.197.48 - - [19/Nov/2022:09:07:14 -0500] "GET /kwssiamovil/sm/acme/a?s=U2FsdGVkX18EB97CUCUhb91pAWNU+d3yWjoYV9Pd5cBhu+OGtN4U0lSlWi5Tfx4zfrDLYDG8i8wTLs0DzrNrGxqFq1xDS3saUDwnaFVOegttmoWIZO0fy0VbPh30UUj/UmiJxEnegRtQnQdDpES915MXYBG1+08y63rpB9KKkDalhCLSaM019lEzO7QQEpLjazBUFyCymOPwSkEIUV32aaSMux6oRnnbs75HjIWocyM=&u=U2FsdGVkX19EuUCRy6BinHTFplHjg9wrpdfAc9ezVmg=&y=U2FsdGVkX1+JA9dLDKG7v3LtqCKfK836xOlCPJcEqdY= HTTP/1.1" 200 25
191.102.197.48 - - [19/Nov/2022:09:07:14 -0500] "GET /kwssiamovil/sm/acme/a?s=U2FsdGVkX1/qXFYcT0eE3Do8DkPAEtlAqdFAL13Z8bhdehGRTAnCkjcSm96CBfDBdoiisGVlzfF9g3iszjcoyKegjXF1YrJFEu8u6hYEfyydcsXUHgbjDbd1aw3pPfyr808KvJsL5+jUOpDSydG32G0ulX+YM6Q7dl9pGTe6jUzYlpv1d7VN/GK4Ufi/v6ZtDCAPr9+1y0EI+T8FHzG8Yw==&u=U2FsdGVkX19EuUCRy6BinHTFplHjg9wrpdfAc9ezVmg=&y=U2FsdGVkX1+JA9dLDKG7v3LtqCKfK836xOlCPJcEqdY= HTTP/1.1" 200 25
191.102.197.48 - - [19/Nov/2022:09:07:15 -0500] "GET /kwssiamovil/sm/acme/a?s=U2FsdGVkX19TIY79MH1Gla4h1+zX6BXA8ExamhaHPM0AxiyqexwlxwkzpgR8KZrk6SH8XVufmMleyHV1hg3T9USW2JLEASCDUiPcvv/Z4UoPaRCV8q1Dvz0PMTigfHupgphcfLrhS/gxnQdWmAZeRKXJX9p6+z9akzsLClE8ZxDZv9XBdPTSth6plV5aU4NKMPOL7Smp6V7q1tZ55bVxhqmSxg7ioBqC39x/4shMkI8=&u=U2FsdGVkX19EuUCRy6BinHTFplHjg9wrpdfAc9ezVmg=&y=U2FsdGVkX1+JA9dLDKG7v3LtqCKfK836xOlCPJcEqdY= HTTP/1.1" 200 25
191.102.197.48 - - [19/Nov/2022:09:07:15 -0500] "GET /kwssiamovil/sm/acme/a?s=U2FsdGVkX1942vFBG/eWBIpbgLYB9HJqan71rUMuIBceqwduNsk3hbj//9f3/n3OjC+4pRvBmjwqmFz2lL4nlbczLjX9NxiAtyu3xuIcPMgJTH4jaweJtCbtuRkUk8/gw5aA0C9NdK7N1CaltLzqW7frGt2vqCr+lHWCRy+/SpSVheSWhiARqA9kxfLgPdeoVTPMwpRXGH6GAEMrr6btDA==&u=U2FsdGVkX19EuUCRy6BinHTFplHjg9wrpdfAc9ezVmg=&y=U2FsdGVkX1+JA9dLDKG7v3LtqCKfK836xOlCPJcEqdY= HTTP/1.1" 200 25
172.22.2.4 - - [19/Nov/2022:09:06:34 -0500] "GET /BLA/boletinlegal/ HTTP/1.1" 200 36811
172.22.2.4 - - [19/Nov/2022:09:06:06 -0500] "GET /BLA/boletinlegal/ HTTP/1.1" 200 51643
201.245.192.253 - - [19/Nov/2022:09:08:05 -0500] "POST /kwsrmcab/Wsrmcab  HTTP/1.1" 200 42393
185.119.81.109 - - [19/Nov/2022:09:11:26 -0500] "GET /portaldeninos/wp-login.php HTTP/1.1" 200 2592
185.119.81.109 - - [19/Nov/2022:09:11:27 -0500] "POST /portaldeninos/wp-login.php HTTP/1.1" 200 3650
216.245.221.92 - - [19/Nov/2022:09:11:42 -0500] "HEAD / HTTP/1.1" 200 -
172.22.2.4 - - [19/Nov/2022:09:11:06 -0500] "HEAD /BLA/boletinlegal/ HTTP/1.1" 200 -
201.245.192.253 - - [19/Nov/2022:09:13:04 -0500] "POST /kwsrmcab/Wsrmcab  HTTP/1.1" 200 42393
172.22.2.4 - - [19/Nov/2022:09:11:56 -0500] "GET /BLA/boletinlegal/ HTTP/1.1" 200 58185
216.245.221.92 - - [19/Nov/2022:09:16:42 -0500] "HEAD / HTTP/1.1" 200 -
201.245.192.253 - - [19/Nov/2022:09:17:29 -0500] "GET /sipse/faces/faces/autenticacion.xhtml HTTP/1.1" 200 12505
201.245.192.253 - - [19/Nov/2022:09:17:29 -0500] "GET /sipse/faces/javax.faces.resource/theme.css?ln=primefaces-sipse HTTP/1.1" 304 -
201.245.192.253 - - [19/Nov/2022:09:17:29 -0500] "GET /sipse/faces/javax.faces.resource/layout/layout.css;jsessionid=Ku-P5mWUfPT5X32WSNhTAM7c.undefined?ln=primefaces&v=4.0 HTTP/1.1" 200 542
201.245.192.253 - - [19/Nov/2022:09:17:29 -0500] "GET /sipse/faces/javax.faces.resource/primefaces.css;jsessionid=Ku-P5mWUfPT5X32WSNhTAM7c.undefined?ln=primefaces&v=4.0 HTTP/1.1" 200 53295
201.245.192.253 - - [19/Nov/2022:09:17:29 -0500] "GET /sipse/faces/javax.faces.resource/jquery/jquery.js;jsessionid=Ku-P5mWUfPT5X32WSNhTAM7c.undefined?ln=primefaces&v=4.0 HTTP/1.1" 200 105384
201.245.192.253 - - [19/Nov/2022:09:17:29 -0500] "GET /sipse/faces/javax.faces.resource/layout/layout.js;jsessionid=Ku-P5mWUfPT5X32WSNhTAM7c.undefined?ln=primefaces&v=4.0 HTTP/1.1" 200 87560
201.245.192.253 - - [19/Nov/2022:09:17:29 -0500] "GET /sipse/faces/javax.faces.resource/jquery/jquery-plugins.js;jsessionid=Ku-P5mWUfPT5X32WSNhTAM7c.undefined?ln=primefaces&v=4.0 HTTP/1.1" 200 220526
201.245.192.253 - - [19/Nov/2022:09:17:29 -0500] "GET /sipse/faces/javax.faces.resource/primefaces.js;jsessionid=Ku-P5mWUfPT5X32WSNhTAM7c.undefined?ln=primefaces&v=4.0 HTTP/1.1" 200 276924
201.245.192.253 - - [19/Nov/2022:09:17:29 -0500] "GET /sipse/faces/javax.faces.resource/images/ui-icons_898989_256x240.png?ln=primefaces-aristo HTTP/1.1" 304 -
201.245.192.253 - - [19/Nov/2022:09:17:29 -0500] "GET /sipse/faces/faces/index.xhtml HTTP/1.1" 200 677
201.245.192.253 - - [19/Nov/2022:09:17:29 -0500] "GET /sipse/faces/javax.faces.resource/theme.css?ln=primefaces-sipse HTTP/1.1" 304 -
201.245.192.253 - - [19/Nov/2022:09:17:30 -0500] "GET /sipse/faces/faces/faces/autenticacion.xhtml HTTP/1.1" 200 12183
201.245.192.253 - - [19/Nov/2022:09:17:30 -0500] "GET /sipse/faces/javax.faces.resource/theme.css?ln=primefaces-sipse HTTP/1.1" 304 -
201.245.192.253 - - [19/Nov/2022:09:17:30 -0500] "GET /sipse/faces/javax.faces.resource/jquery/jquery.js?ln=primefaces&v=4.0 HTTP/1.1" 304 -
201.245.192.253 - - [19/Nov/2022:09:17:30 -0500] "GET /sipse/faces/javax.faces.resource/layout/layout.css?ln=primefaces&v=4.0 HTTP/1.1" 200 542
201.245.192.253 - - [19/Nov/2022:09:17:30 -0500] "GET /sipse/faces/javax.faces.resource/jquery/jquery-plugins.js?ln=primefaces&v=4.0 HTTP/1.1" 304 -
201.245.192.253 - - [19/Nov/2022:09:17:30 -0500] "GET /sipse/faces/javax.faces.resource/primefaces.js?ln=primefaces&v=4.0 HTTP/1.1" 304 -
201.245.192.253 - - [19/Nov/2022:09:17:30 -0500] "GET /sipse/faces/javax.faces.resource/layout/layout.js?ln=primefaces&v=4.0 HTTP/1.1" 304 -
201.245.192.253 - - [19/Nov/2022:09:17:30 -0500] "GET /sipse/faces/javax.faces.resource/primefaces.css?ln=primefaces&v=4.0 HTTP/1.1" 200 53295
201.245.192.253 - - [19/Nov/2022:09:17:30 -0500] "GET /sipse/faces/javax.faces.resource/images/ui-icons_898989_256x240.png?ln=primefaces-aristo HTTP/1.1" 304 -
201.245.192.253 - - [19/Nov/2022:09:17:32 -0500] "POST /sipse/faces/autenticacion.xhtml HTTP/1.1" 200 11169
201.245.192.253 - - [19/Nov/2022:09:17:32 -0500] "GET /sipse/css/custom_css_sg_prime.css HTTP/1.1" 200 5201
201.245.192.253 - - [19/Nov/2022:09:17:32 -0500] "GET /sipse/faces/javax.faces.resource/jquery/jquery.js?ln=primefaces&v=4.0 HTTP/1.1" 304 -
201.245.192.253 - - [19/Nov/2022:09:17:32 -0500] "GET /sipse/faces/javax.faces.resource/jquery/jquery-plugins.js?ln=primefaces&v=4.0 HTTP/1.1" 304 -
201.245.192.253 - - [19/Nov/2022:09:17:32 -0500] "GET /sipse/faces/javax.faces.resource/primefaces.js?ln=primefaces&v=4.0 HTTP/1.1" 304 -
201.245.192.253 - - [19/Nov/2022:09:17:32 -0500] "GET /sipse/faces/javax.faces.resource/layout/layout.js?ln=primefaces&v=4.0 HTTP/1.1" 304 -
201.245.192.253 - - [19/Nov/2022:09:17:32 -0500] "GET /sipse/faces/javax.faces.resource/messages/messages.png?ln=primefaces&v=4.0 HTTP/1.1" 200 27209
201.245.192.253 - - [19/Nov/2022:09:17:35 -0500] "POST /sipse/faces/presentacion/sistema/seguridad/seleccionRol.xhtml HTTP/1.1" 200 5600
201.245.192.253 - - [19/Nov/2022:09:17:36 -0500] "POST /sipse/faces/presentacion/sistema/seguridad/seleccionRol.xhtml HTTP/1.1" 200 17463
201.245.192.253 - - [19/Nov/2022:09:17:37 -0500] "GET /sipse/faces/javax.faces.resource/jquery/jquery.js?ln=primefaces&v=4.0 HTTP/1.1" 304 -
201.245.192.253 - - [19/Nov/2022:09:17:37 -0500] "GET /sipse/faces/javax.faces.resource/jquery/jquery-plugins.js?ln=primefaces&v=4.0 HTTP/1.1" 304 -
201.245.192.253 - - [19/Nov/2022:09:17:37 -0500] "GET /sipse/faces/javax.faces.resource/primefaces.js?ln=primefaces&v=4.0 HTTP/1.1" 304 -
201.245.192.253 - - [19/Nov/2022:09:17:37 -0500] "GET /sipse/faces/javax.faces.resource/layout/layout.js?ln=primefaces&v=4.0 HTTP/1.1" 304 -
201.245.192.253 - - [19/Nov/2022:09:17:37 -0500] "GET /sipse/imagenes/cargando.gif HTTP/1.1" 200 26130
201.245.192.253 - - [19/Nov/2022:09:17:37 -0500] "GET /sipse/imagenes/logoAplicacion.jpg HTTP/1.1" 200 20239
201.245.192.253 - - [19/Nov/2022:09:17:37 -0500] "GET /sipse/css/imagen/contrasena.png HTTP/1.1" 404 383
201.245.192.253 - - [19/Nov/2022:09:17:39 -0500] "GET /sipse/faces/javax.faces.resource/images/ui-bg_flat_0_2d5972_40x100.png?ln=primefaces-aristo HTTP/1.1" 200 183
201.245.192.253 - - [19/Nov/2022:09:17:39 -0500] "POST /sipse/faces/bienvenido.xhtml HTTP/1.1" 200 3843
201.245.192.253 - - [19/Nov/2022:09:17:40 -0500] "POST /sipse/faces/bienvenido.xhtml HTTP/1.1" 200 66825
201.245.192.253 - - [19/Nov/2022:09:17:41 -0500] "GET /sipse/faces/javax.faces.resource/jquery/jquery.js?ln=primefaces&v=4.0 HTTP/1.1" 304 -
201.245.192.253 - - [19/Nov/2022:09:17:41 -0500] "GET /sipse/faces/javax.faces.resource/jquery/jquery-plugins.js?ln=primefaces&v=4.0 HTTP/1.1" 304 -
201.245.192.253 - - [19/Nov/2022:09:17:41 -0500] "GET /sipse/faces/javax.faces.resource/primefaces.js?ln=primefaces&v=4.0 HTTP/1.1" 304 -
201.245.192.253 - - [19/Nov/2022:09:17:41 -0500] "GET /sipse/faces/javax.faces.resource/layout/layout.js?ln=primefaces&v=4.0 HTTP/1.1" 304 -
201.245.192.253 - - [19/Nov/2022:09:17:41 -0500] "POST /sipse/faces/presentacion/financiero/solicitudProceso/listarSolicitudProceso.xhtml HTTP/1.1" 200 1560
117.161.80.20 - - [19/Nov/2022:09:17:41 -0500] "GET /galeria/galeria/fotos/GuaymaralTorca4P.jpg HTTP/1.1" 200 33981
201.245.192.253 - - [19/Nov/2022:09:17:44 -0500] "POST /sipse/faces/presentacion/financiero/solicitudProceso/listarSolicitudProceso.xhtml HTTP/1.1" 200 29241
201.245.192.253 - - [19/Nov/2022:09:18:03 -0500] "POST /kwsrmcab/Wsrmcab  HTTP/1.1" 200 42393
172.22.2.4 - - [19/Nov/2022:09:16:56 -0500] "HEAD /BLA/boletinlegal/ HTTP/1.1" 200 -
201.245.192.253 - - [19/Nov/2022:09:19:01 -0500] "POST /sipse/faces/presentacion/financiero/solicitudProceso/listarSolicitudProceso.xhtml HTTP/1.1" 200 33068
201.245.192.253 - - [19/Nov/2022:09:19:02 -0500] "POST /sipse/faces/presentacion/financiero/solicitudProceso/listarSolicitudProceso.xhtml HTTP/1.1" 200 2601
201.245.192.253 - - [19/Nov/2022:09:19:02 -0500] "POST /sipse/faces/presentacion/financiero/solicitudProceso/listarSolicitudProceso.xhtml HTTP/1.1" 200 2601
201.245.192.253 - - [19/Nov/2022:09:19:10 -0500] "POST /sipse/faces/presentacion/financiero/solicitudProceso/listarSolicitudProceso.xhtml HTTP/1.1" 200 33056
172.22.2.4 - - [19/Nov/2022:09:17:47 -0500] "GET /BLA/boletinlegal/ HTTP/1.1" 200 54816
201.245.192.253 - - [19/Nov/2022:09:21:06 -0500] "GET /kwsrmcab/Wsrmcab?wsdl HTTP/1.1" 200 6948
201.245.192.253 - - [19/Nov/2022:09:21:06 -0500] "POST /kwsrmcab/Wsrmcab HTTP/1.1" 200 42847
201.245.192.253 - - [19/Nov/2022:09:21:09 -0500] "POST /kwsrmcab/Wsrmcab HTTP/1.1" 200 43796
216.245.221.92 - - [19/Nov/2022:09:21:42 -0500] "HEAD / HTTP/1.1" 200 -
201.245.192.253 - - [19/Nov/2022:09:22:40 -0500] "POST /sipse/faces/presentacion/financiero/solicitudProceso/listarSolicitudProceso.xhtml HTTP/1.1" 200 6597
201.245.192.253 - - [19/Nov/2022:09:22:42 -0500] "POST /sipse/faces/presentacion/financiero/solicitudProceso/listarSolicitudProceso.xhtml HTTP/1.1" 200 46099
201.245.192.253 - - [19/Nov/2022:09:22:42 -0500] "GET /sipse/faces/javax.faces.resource/jquery/jquery.js?ln=primefaces&v=4.0 HTTP/1.1" 304 -
201.245.192.253 - - [19/Nov/2022:09:22:42 -0500] "GET /sipse/faces/javax.faces.resource/jquery/jquery-plugins.js?ln=primefaces&v=4.0 HTTP/1.1" 304 -
201.245.192.253 - - [19/Nov/2022:09:22:42 -0500] "GET /sipse/faces/javax.faces.resource/primefaces.js?ln=primefaces&v=4.0 HTTP/1.1" 304 -
201.245.192.253 - - [19/Nov/2022:09:22:42 -0500] "GET /sipse/faces/javax.faces.resource/layout/layout.js?ln=primefaces&v=4.0 HTTP/1.1" 304 -
201.245.192.253 - - [19/Nov/2022:09:22:42 -0500] "POST /sipse/faces/presentacion/financiero/solicitudProceso/consultar.xhtml HTTP/1.1" 200 39521
201.245.192.253 - - [19/Nov/2022:09:22:49 -0500] "POST /sipse/faces/presentacion/financiero/solicitudProceso/consultar.xhtml HTTP/1.1" 200 12761
201.245.192.253 - - [19/Nov/2022:09:23:00 -0500] "POST /sipse/faces/presentacion/financiero/solicitudProceso/consultar.xhtml HTTP/1.1" 200 120274
201.245.192.253 - - [19/Nov/2022:09:23:01 -0500] "GET /sipse/faces/javax.faces.resource/jquery/jquery.js?ln=primefaces&v=4.0 HTTP/1.1" 304 -
201.245.192.253 - - [19/Nov/2022:09:23:01 -0500] "GET /sipse/faces/javax.faces.resource/jquery/jquery-plugins.js?ln=primefaces&v=4.0 HTTP/1.1" 304 -
201.245.192.253 - - [19/Nov/2022:09:23:01 -0500] "GET /sipse/faces/javax.faces.resource/primefaces.js?ln=primefaces&v=4.0 HTTP/1.1" 304 -
201.245.192.253 - - [19/Nov/2022:09:23:01 -0500] "GET /sipse/faces/javax.faces.resource/layout/layout.js?ln=primefaces&v=4.0 HTTP/1.1" 304 -
201.245.192.253 - - [19/Nov/2022:09:23:02 -0500] "POST /kwsrmcab/Wsrmcab  HTTP/1.1" 200 42393
92.118.39.78 - - [19/Nov/2022:09:23:10 -0500] "GET / HTTP/1.1" 200 319
201.245.192.253 - - [19/Nov/2022:09:23:22 -0500] "POST /sipse/faces/presentacion/financiero/solicitudProceso/consultarSolicitudProceso.xhtml HTTP/1.1" 200 5461
201.245.192.253 - - [19/Nov/2022:09:23:22 -0500] "GET /sipse/faces/javax.faces.resource/dynamiccontent.properties?ln=primefaces&pfdrid=XjOR5%2F%2FfPAZAuY9TpWQeCiM0BhlXxYRBGKi%2FQcXXfeA%3D&pfdrid_c=false HTTP/1.1" 200 165210
172.22.2.4 - - [19/Nov/2022:09:22:46 -0500] "HEAD /BLA/boletinlegal/ HTTP/1.1" 200 -
172.22.2.4 - - [19/Nov/2022:09:23:36 -0500] "GET /BLA/boletinlegal/ HTTP/1.1" 200 57824
186.102.17.222 - - [19/Nov/2022:09:25:27 -0500] "GET /kwssiamovil/sm/ldap/au?x=U2FsdGVkX18+TB8knLmlSwAw1t+FhjbHE1wbZEXr3kBtgWo3MSgj49X98Pu7gIye&y=U2FsdGVkX1/43VL6BLw32FZt7+z8Q2tediOVeNUz0rOYu5GJCXthjFgMcf4wxHFN HTTP/1.1" 200 30
186.102.17.222 - - [19/Nov/2022:09:25:28 -0500] "GET /kwssiamovil/sm/acme/s?s=U2FsdGVkX18dMY52zgvyYC+s1aaTmUX9EJAvB7b34c3lLVMTvhm7y7ztCsL8SNxXJxhY2fsSFouqt2ZMnp2FPiBiZSpBvznm/Le/nX39IYw=&u=U2FsdGVkX1/9GZczFR4fIXI99uS90f9UuSxbyMet2HzKkaZPh2Ih4KdBdSRPI+cT&y=U2FsdGVkX1/43VL6BLw32FZt7+z8Q2tediOVeNUz0rOYu5GJCXthjFgMcf4wxHFN HTTP/1.1" 200 97
186.102.17.222 - - [19/Nov/2022:09:25:28 -0500] "GET /kwssiamovil/sm/acme/s?s=U2FsdGVkX18DgDm+3big9xoYgqR4Nb+OvCRReXpk5147soGy939tGcO/uZLTX7/CXvemaGwtSQWeZMl/5YmVaigWvSj9zk6rWIEdkLvLSizd+pQCRCe0lJFT7rUZmSRk6ashtsJnwlArFH2zyVGBVC+kABYn2TnkZNSKGR85onMLwYOkGSXYTZt/zBSC5vXDRF3s9EOhkZJdrFOSXkvdbN0sOCJggKNBOFamqip7DYqUOJFmuqrVrdgYDI8wN7VN5Czwy9qeAT1hIub/fj6LiYFGPFgrhSQzFLAzo8WT3gxiO33ToZdPywl5dFpHXiOBlqDimxPJioL4w8M8EI+vgi8OzMCUJp+g+ZRtQd4vXfIH2OToHLQhilqtSyRvhcx+4sE6WixUxxvz0Y6GaGldnvEvrYujPnNYNWfjwf+SgI+COrdZbVLHs3YDeVg87KryYNH32CqJ/A0+61EqN8Y05WA5+yF56woEhKHeyKQdIUOuR3oVm26cACw4mWWLVXRegCXSe/xDP59Ooy0NQRq1o7WPKvOvtj6dx68wdiE7cZvZRmtBCCil9UZcHi+0x8TnqVLnXgMokxbSgInOZY16VRo7k5+7LACSe9WAIbiia/MGaVpmmnZ32EMMXYhedFNUilxNkvCzSNrLQV/qC3CGyUpb1fAZowY/KH7VOJXSaX525JMiWYf/2FxilNwz8nLiyab7nAbxiM5NPvjVNEWTwdQi/53OaIDFrk6KGvWnVUPVirvJmz5hL4HKq2WOLGYXuRgwAGaxtCkczgNyA/uTBo1iUNh+i6wZ92WB1WhQ1mjnWte3xsrx2QetkeYcDOetT+AS8LH+Bvl5Lk6/u+IOQS7x3mGllwH6A1aYgGTUA4OQaPJs1nWAnStYk92MpGCAM+LkLjLZUknMIFXdgwLc9LyPirvmOiwAq8lWoZ+lRakqzwZfcrOt9fl0Rj/bTDRQMO0gFZydW0tJQNx67rOMEiPSPRxW90/RmUV3jrwhJHxUb3yphdEPNE73ySKphfIagVt2JrjHGHdI7NdZ9pJ0cq/AU37hxAPvw4YqqLESYVKq2TtuR9HrLsiolqSTNsoZW2YVq2LI7a6F5lG++NiNiCNsRBq0MfUl3KVJ8MDUprI2dxs2OM/J14f+Sw9GY8Rb8VcK1h7iz+aJXjzsydWz8f7WIyC5PcrqYdcMIXyDcNwwVKE6u0mv97J8QdxkcU7Dhcy0KXsKlreoDxRn1VdqMHYPjtmsuJtY6gGd6X5zYxgRG4aZrNa2+QX5Mab2OX5eHO9TNltaayPXdAlVeQB4vrjdS1zTO3tpBTRodXd3Mwo5/5PFAp4bQbaMRAH17ZmmmbgRjvI5KALuoGHzJucRAAYfEzsibiXH4fUwk7Ml76XkAOOKq2yIxvh4N6eEI262XVU3Zq+2G/viD4V+GsMsMdFNbJGbXqN4PW+2XtXG49o=&u=U2FsdGVkX1/9GZczFR4fIXI99uS90f9UuSxbyMet2HzKkaZPh2Ih4KdBdSRPI+cT&y=U2FsdGVkX1/43VL6BLw32FZt7+z8Q2tediOVeNUz0rOYu5GJCXthjFgMcf4wxHFN HTTP/1.1" 200 13910
186.102.17.222 - - [19/Nov/2022:09:25:28 -0500] "GET /kwssiamovil/sm/acme/s?s=U2FsdGVkX19pbiTaxbRZAT2QMm1mb3GSR6iZiX/h78fCIQT8cEQFdbSKJ/GZldJsppxKOLIedHQj7jmDuUD+WqRRgq+tLjq+dX7vIjPQ0xl7/seaM2FaLysZ2EZYOlVuwIytqWKqLu6pR7uVVaLATS9DEV5dQ6ed6bKWK61P15hrVgahMuPbQMtcOE0wVavAOuARzkwDrNrbg74II9JEosRz1GRiD+0FCyxFnTB9cElynvWLvqE4S/Z1Z0cB8sX2iBzQkHAixwsqBo3oUVNWbN12tTla3HdUEGrb4SpEXbt6eLjMHpcEEfS9GJDDScQiwnYJbtwDiLKO8kAAhsOnsZwRj/OV5t1DRL7AzaPipbE=&u=U2FsdGVkX1/9GZczFR4fIXI99uS90f9UuSxbyMet2HzKkaZPh2Ih4KdBdSRPI+cT&y=U2FsdGVkX1/43VL6BLw32FZt7+z8Q2tediOVeNUz0rOYu5GJCXthjFgMcf4wxHFN HTTP/1.1" 200 196
172.22.2.4 - - [19/Nov/2022:09:25:29 -0500] "GET /BLA/boletinlegal/actos.php HTTP/1.1" 200 9566
172.22.2.4 - - [19/Nov/2022:09:25:29 -0500] "GET /BLA/boletinlegal/favicon.ico HTTP/1.1" 404 1326
186.102.17.222 - - [19/Nov/2022:09:25:28 -0500] "GET /kwssiamovil/sm/cjson/pre?f=1&x=U2FsdGVkX18+TB8knLmlSwAw1t+FhjbHE1wbZEXr3kBtgWo3MSgj49X98Pu7gIye HTTP/1.1" 200 30992
190.26.164.133 - - [19/Nov/2022:09:25:30 -0500] "GET /BLA/resoluciones/index.php?dir=AUTOS+2017%2F HTTP/1.1" 200 458694
181.32.185.1 - - [19/Nov/2022:09:25:31 -0500] "GET /BLA/resoluciones/ HTTP/1.1" 200 13093
181.32.185.1 - - [19/Nov/2022:09:25:31 -0500] "GET /favicon.ico HTTP/1.1" 200 7782
181.32.185.1 - - [19/Nov/2022:09:25:33 -0500] "GET /BLA/resoluciones/index.php?dir=AUTOS+2016%2F HTTP/1.1" 200 327547
181.49.187.134 - - [19/Nov/2022:09:25:36 -0500] "GET /BLA/resoluciones/index.php?dir=AUTOS+2017%2F HTTP/1.1" 200 458694
181.49.187.134 - - [19/Nov/2022:09:25:37 -0500] "GET /BLA/resoluciones/dlf/dirup.png HTTP/1.1" 200 644
181.49.187.134 - - [19/Nov/2022:09:25:37 -0500] "GET /BLA/resoluciones/dlf/styles.css HTTP/1.1" 200 3049
181.49.187.134 - - [19/Nov/2022:09:25:37 -0500] "GET /BLA/resoluciones/dlf/pdf.gif HTTP/1.1" 200 272
172.22.2.4 - - [19/Nov/2022:09:25:27 -0500] "GET /BLA/boletinlegal/ HTTP/1.1" 200 24523
216.245.221.92 - - [19/Nov/2022:09:26:42 -0500] "HEAD / HTTP/1.1" 200 -
31.13.103.4 - - [19/Nov/2022:09:27:06 -0500] "GET /images/Acuerdos%2001%20(1)%20(1).jpeg HTTP/1.1" 200 32884
66.249.73.100 - - [19/Nov/2022:09:27:52 -0500] "-" 408 -
201.245.192.253 - - [19/Nov/2022:09:28:02 -0500] "POST /kwsrmcab/Wsrmcab  HTTP/1.1" 200 42393
66.249.66.32 - - [19/Nov/2022:09:28:33 -0500] "-" 408 -
191.156.61.229 - - [19/Nov/2022:09:29:34 -0500] "GET /secretaria-de-ambiente-y-universidad-de-la-salle-firman-acuerdo-de-conservacion-en-17-hectareas.html HTTP/1.1" 200 990
172.22.2.4 - - [19/Nov/2022:09:28:36 -0500] "HEAD /BLA/boletinlegal/ HTTP/1.1" 200 -
172.22.2.4 - - [19/Nov/2022:09:30:33 -0500] "GET /BLA/boletinlegal/Circulares/2021/CIRCULAR%20No.%2000009%20DEL%2001%20DE%20OCTUBRE%20DEL%202021.pdf HTTP/1.1" 304 -
172.22.2.4 - - [19/Nov/2022:09:29:26 -0500] "GET /BLA/boletinlegal/ HTTP/1.1" 200 58185
201.245.192.253 - - [19/Nov/2022:09:31:05 -0500] "POST /kwsrmcab/Wsrmcab HTTP/1.1" 200 42847
201.245.192.253 - - [19/Nov/2022:09:31:08 -0500] "POST /kwsrmcab/Wsrmcab HTTP/1.1" 200 43796
216.245.221.92 - - [19/Nov/2022:09:31:42 -0500] "HEAD / HTTP/1.1" 200 -
172.22.2.4 - - [19/Nov/2022:09:32:17 -0500] "GET /BLA/boletinlegal/Directivas/2015/Directiva%20No.%2001%20del%2014%20de%20Enero%20de%202015.pdf HTTP/1.1" 304 -
185.119.81.107 - - [19/Nov/2022:09:33:00 -0500] "GET /portaldeninos/wp-login.php HTTP/1.1" 200 2592
185.119.81.107 - - [19/Nov/2022:09:33:01 -0500] "POST /portaldeninos/wp-login.php HTTP/1.1" 200 3650
201.245.192.253 - - [19/Nov/2022:09:33:01 -0500] "POST /kwsrmcab/Wsrmcab  HTTP/1.1" 200 42393
172.22.2.4 - - [19/Nov/2022:09:33:08 -0500] "GET /BLA/boletinlegal/robots.txt HTTP/1.1" 404 1140
157.55.39.206 - - [19/Nov/2022:09:33:40 -0500] "GET /transparencia/directorioservidores/agosto2015.xlsx HTTP/1.1" 304 -
157.55.39.148 - - [19/Nov/2022:09:33:51 -0500] "-" 408 -
157.55.39.148 - - [19/Nov/2022:09:33:51 -0500] "-" 408 -
157.55.39.148 - - [19/Nov/2022:09:33:51 -0500] "-" 408 -
157.55.39.148 - - [19/Nov/2022:09:33:51 -0500] "-" 408 -
157.55.39.148 - - [19/Nov/2022:09:33:56 -0500] "-" 408 -
157.55.39.148 - - [19/Nov/2022:09:34:01 -0500] "-" 408 -
191.156.49.250 - - [19/Nov/2022:09:34:20 -0500] "GET /secretaria-de-ambiente-y-universidad-de-la-salle-firman-acuerdo-de-conservacion-en-17-hectareas.html HTTP/1.1" 200 990
186.102.17.222 - - [19/Nov/2022:09:34:50 -0500] "GET /kwssiamovil/sm/ldap/au?x=U2FsdGVkX1/lM/DL3WCbeitlclxi1GDy/3HlkdZNHitK/OzROLt3N07da9c83pmZ&y=U2FsdGVkX19KYRrz8L7bIjlvaGujTZNIf4rdvv94SBXSq/ebZ52Zb7Wf9N6vIgU0 HTTP/1.1" 200 30
186.102.17.222 - - [19/Nov/2022:09:34:50 -0500] "GET /kwssiamovil/sm/acme/s?s=U2FsdGVkX19kH9Q51f5p6Z7T6FncGQxIKkcetUSlRQcwxxxwz4VGiVoPysn7pZIDacSD3OCBTzl1L1wYF4NF9ElZQGoHF4GK6KAyoum8DT8=&u=U2FsdGVkX18XLVJCnUmXZjC64UuxdNpFNTAswswG1TED4xZnWyCXbZnGyQ9Ni1cY&y=U2FsdGVkX19KYRrz8L7bIjlvaGujTZNIf4rdvv94SBXSq/ebZ52Zb7Wf9N6vIgU0 HTTP/1.1" 200 97
186.102.17.222 - - [19/Nov/2022:09:34:50 -0500] "GET /kwssiamovil/sm/acme/s?s=U2FsdGVkX1+g3wtEV/A9vlfRTmZV0NpgLouA0Jojh/EJaA3nz7jUvOExDzrj+1Q6C7ux1qs/2Hsnq5ZZsJ/C84hZ/AMQ2zojX3yEdaFsreppScMb2tciVRsvay6GTG67m1XQKDBGlxEXBlVcSDl2uv/j24E91DzDdxNR2T++9219XlPG9Pz8wp7+zvUv+UKD3r0jUjmmkDxX1N24qOKiyFX15wYUrcWxAM8xy9nhj52Ttir5laS618Lo7VHSrP3r2WydCL8I8iV0/VCoww5ZfGC7cWcMiImRLbaLp322FZ97LNxq3DkpKV1O/QryQ5CsqPETRRDgZuR+CZSJLJ35iBUZDn/FLZAuIZTET2VfIpfVWI41evgv7ju5wmgTtP4eIOQmaa8YFv9fVut7s8hVv0sNslo4KLx14ylXR/qILiRUNMm7cXyvfpqXC3P+el8xYIK22qD1X5DDkujdhNodXz8EF83dUW+149Aihc5e9O68XAsTNTjR39pIEFiey68jSuFAff0hVpsBXH66Eyl3VPkU9HHocghJqc0emhQCKqG1xNTY7H9tsDbe+oiiXV0t6rxN8vUuLx89yFPQKZpTz/xT2A02fGwx71saxvzXtTUeoEyau/IICYYHLRMwNjNUPWHcsSuFgka3Ff9U51Rh1opuwVpDGBwTJZ91WONMYtKtt3aYzbrova72R1susNq/XMM0E/doFlygR0hhul6HmI7mbMxzTSBmV97c+6nSCpZl3U1OfKawNJHa1PBO4bmqny0pDqpqTIU6zZ0Y4DKiXAVq1af0JRvMQPYXqNYrKegD+7LryacFEpfiaGnZjHIbYFWqRIlwsItvYdkeuJK7MkswMBnnb7azH1w44Fwti94Mm/kBJbkYe2tgKdHtHvegGXGAizJeOJdGo979s5AUZ/sdinBzKuGC272FzE32yzIxubD81ZGjp4B+ThbgWPE/NUGc33CTPPnpO76+s2vhe95aKoUrqW+byPRuZr2f91SIImKl1UOvG5hDmaADKz2QsjBuUUcuFK6zgnVivXcctjY1hWblp49SziMl+GIlcPyvMB0GBMJgHCNJnf8LRK0TU5r8DTROGr6gZu5gGvr7lYix14KmujA3QWF/aMe96l3zYAPBSFiBNKOwfY3jQMeUoQMCh/UXJB15pDj66VUkD49NurvY6aDxYMBQk7hkCuFf8ug7P8Bby7VOHovqGP2a/wVg3i/WA7ORXG3JX3/pLBZUeHGWoOaP0p35j/nWUyga16X78kjisHG/Xs6+HqlRcFJyB1Aq8dzt/oN7ie0IARtgkfS0LnUl+Jp00jIAizca7ND0YtQmLg2gmZ36vWvK5Pv8EPqO0V8bdCH8lDb4+lfuv+IgfMttxzOxHbdOxYqrfLinUzf9Y7XmPQ/3HF3U3SJJ50Pa9WhN2rHgWV9bZJKUbszEvhqjUORCni/RWt8=&u=U2FsdGVkX18XLVJCnUmXZjC64UuxdNpFNTAswswG1TED4xZnWyCXbZnGyQ9Ni1cY&y=U2FsdGVkX19KYRrz8L7bIjlvaGujTZNIf4rdvv94SBXSq/ebZ52Zb7Wf9N6vIgU0 HTTP/1.1" 200 13910
186.102.17.222 - - [19/Nov/2022:09:34:50 -0500] "GET /kwssiamovil/sm/acme/s?s=U2FsdGVkX1+dEYuwzjHxf/PaCbru7a4PnYb80aHKKnNZdtq46S+EE4RJTdTFQUHBXhp8mySOyVos7fz7U3299QIRFGIQVfAb1trfPrnOBPz/H4WFQMcEPybzeguf0esbkJ65WGae8Bmu+VG7OV9JLdFY4jNkEMH+Xbm4bLR8w+F0QF0FOOgz+mMg3YpETqUaV1mPN4FCVUEhTGqTbLNEEjSJWIPO9GeJ+SDnDRRzc71uPhXMJ+wrj8gOA0B2d3l4Bz0ChTx6MML17zhgQkfHRPq+IdSxre3eqGucTrUAViyyfCg7xIZJQd8GqjzjZiAFQ9iIyaNi5POcDn/+A4zlVDnCXHpSS2LY+C8ioGw9qlk=&u=U2FsdGVkX18XLVJCnUmXZjC64UuxdNpFNTAswswG1TED4xZnWyCXbZnGyQ9Ni1cY&y=U2FsdGVkX19KYRrz8L7bIjlvaGujTZNIf4rdvv94SBXSq/ebZ52Zb7Wf9N6vIgU0 HTTP/1.1" 200 196
186.102.17.222 - - [19/Nov/2022:09:34:51 -0500] "GET /kwssiamovil/sm/cjson/pre?f=1&x=U2FsdGVkX1/lM/DL3WCbeitlclxi1GDy/3HlkdZNHitK/OzROLt3N07da9c83pmZ HTTP/1.1" 200 30992
172.22.2.4 - - [19/Nov/2022:09:34:26 -0500] "HEAD /BLA/boletinlegal/ HTTP/1.1" 200 -
216.245.221.92 - - [19/Nov/2022:09:36:42 -0500] "HEAD / HTTP/1.1" 200 -
172.22.2.4 - - [19/Nov/2022:09:35:16 -0500] "GET /BLA/boletinlegal/ HTTP/1.1" 200 57824
201.245.192.253 - - [19/Nov/2022:09:38:00 -0500] "POST /kwsrmcab/Wsrmcab  HTTP/1.1" 200 42393
40.77.167.57 - - [19/Nov/2022:09:38:14 -0500] "GET /galeria/galeria/jquery.fancybox.js?v=2.1.5 HTTP/1.1" 200 48706
199.47.82.20 - - [19/Nov/2022:09:39:13 -0500] "-" 408 -
66.249.73.127 - - [19/Nov/2022:09:39:53 -0500] "-" 408 -
201.245.192.253 - - [19/Nov/2022:09:41:06 -0500] "POST /kwsrmcab/Wsrmcab HTTP/1.1" 200 42847
201.245.192.253 - - [19/Nov/2022:09:41:09 -0500] "POST /kwsrmcab/Wsrmcab HTTP/1.1" 200 43796
216.245.221.92 - - [19/Nov/2022:09:41:42 -0500] "HEAD / HTTP/1.1" 200 -
172.22.2.4 - - [19/Nov/2022:09:40:16 -0500] "HEAD /BLA/boletinlegal/ HTTP/1.1" 200 -
172.22.2.4 - - [19/Nov/2022:09:41:06 -0500] "GET /BLA/boletinlegal/ HTTP/1.1" 200 56079
201.245.192.253 - - [19/Nov/2022:09:42:59 -0500] "POST /kwsrmcab/Wsrmcab  HTTP/1.1" 200 42393
69.63.184.117 - - [19/Nov/2022:09:45:09 -0500] "GET /images/Acuerdos%2001%20(1)%20(1).jpeg HTTP/1.1" 200 32884
216.245.221.92 - - [19/Nov/2022:09:46:42 -0500] "HEAD / HTTP/1.1" 200 -
172.22.2.4 - - [19/Nov/2022:09:46:06 -0500] "HEAD /BLA/boletinlegal/ HTTP/1.1" 200 -
201.245.192.253 - - [19/Nov/2022:09:47:58 -0500] "POST /kwsrmcab/Wsrmcab  HTTP/1.1" 200 42393
141.255.166.2 - - [19/Nov/2022:09:48:31 -0500] "GET / HTTP/1.1" 200 319
172.22.2.4 - - [19/Nov/2022:09:46:56 -0500] "GET /BLA/boletinlegal/ HTTP/1.1" 200 59779
207.46.13.194 - - [19/Nov/2022:09:49:28 -0500] "GET /BLA/resoluciones/AUTOS%202022/1321.pdf HTTP/1.1" 304 -
173.252.107.8 - - [19/Nov/2022:09:50:22 -0500] "GET /en-fontibon-se-realizara-recoleccion-de-residuos-especiales-y-peligrosos-y-actividades-de-educacion-ambiental.html HTTP/1.1" 206 1131
181.61.205.188 - - [19/Nov/2022:09:50:32 -0500] "GET /galeria/galeria/jquery.fancybox.css?v=2.1.5 HTTP/1.1" 200 4895
181.61.205.188 - - [19/Nov/2022:09:50:32 -0500] "GET /BLA/boletinlegal/js/jquery.scrollShow.js HTTP/1.1" 200 4586
181.61.205.188 - - [19/Nov/2022:09:50:32 -0500] "GET /galeria/galeria/jquery.fancybox.js?v=2.1.5 HTTP/1.1" 200 48706
181.61.205.188 - - [19/Nov/2022:09:50:33 -0500] "GET /galeria/carrusel/Carrusel/jquery.thumbnailScroller.css HTTP/1.1" 200 2066
181.61.205.188 - - [19/Nov/2022:09:50:33 -0500] "GET /galeria/carrusel/Carrusel/jquery-ui-1.8.13.custom.min.js HTTP/1.1" 200 10800
181.61.205.188 - - [19/Nov/2022:09:50:33 -0500] "GET /galeria/carrusel/Carrusel/jquery.thumbnailScroller.js HTTP/1.1" 200 8157
181.61.205.188 - - [19/Nov/2022:09:50:33 -0500] "GET /galeria/nivo-slider/demo/banner.html HTTP/1.1" 200 5446
181.61.205.188 - - [19/Nov/2022:09:50:34 -0500] "GET /galeria/nivo-slider/themes/default/default.css HTTP/1.1" 200 1569
181.61.205.188 - - [19/Nov/2022:09:50:34 -0500] "GET /galeria/nivo-slider/themes/pascal/pascal.css HTTP/1.1" 200 2258
181.61.205.188 - - [19/Nov/2022:09:50:34 -0500] "GET /galeria/nivo-slider/themes/orman/orman.css HTTP/1.1" 200 2152
181.61.205.188 - - [19/Nov/2022:09:50:34 -0500] "GET /galeria/nivo-slider/nivo-slider.css HTTP/1.1" 200 1507
181.61.205.188 - - [19/Nov/2022:09:50:34 -0500] "GET /galeria/nivo-slider/demo/scripts/jquery-1.7.1.min.js HTTP/1.1" 200 93868
181.61.205.188 - - [19/Nov/2022:09:50:34 -0500] "GET /galeria/nivo-slider/demo/style.css HTTP/1.1" 200 2222
181.61.205.188 - - [19/Nov/2022:09:50:34 -0500] "GET /galeria/nivo-slider/demo/images/Bannerplasticosseptiembre.jpg HTTP/1.1" 200 45633
181.61.205.188 - - [19/Nov/2022:09:50:34 -0500] "GET /galeria/nivo-slider/demo/images/Bannersedeelectronica.jpg HTTP/1.1" 200 40383
181.61.205.188 - - [19/Nov/2022:09:50:34 -0500] "GET /galeria/nivo-slider/demo/images/banneraire2021.jpg HTTP/1.1" 200 265101
181.61.205.188 - - [19/Nov/2022:09:50:35 -0500] "GET /galeria/nivo-slider/demo/images/bannerrutaesperanza.jpg HTTP/1.1" 200 55560
181.61.205.188 - - [19/Nov/2022:09:50:35 -0500] "GET /galeria/nivo-slider/demo/images/banneraccionpopularcrr68.jpg HTTP/1.1" 200 51887
181.61.205.188 - - [19/Nov/2022:09:50:35 -0500] "GET /galeria/nivo-slider/demo/images/Bannermujeresquereverdecen.jpg HTTP/1.1" 200 46558
181.61.205.188 - - [19/Nov/2022:09:50:35 -0500] "GET /galeria/nivo-slider/demo/images/bannerresiduoshospitalariosagosto.jpg HTTP/1.1" 200 36499
181.61.205.188 - - [19/Nov/2022:09:50:35 -0500] "GET /galeria/nivo-slider/demo/images/bannertrafico_optimized.jpg HTTP/1.1" 200 42578
181.61.205.188 - - [19/Nov/2022:09:50:35 -0500] "GET /galeria/nivo-slider/demo/images/bannerclases2021.jpg HTTP/1.1" 200 68230
181.61.205.188 - - [19/Nov/2022:09:50:35 -0500] "GET /galeria/nivo-slider/demo/images/bannertortuga_optimized.jpg HTTP/1.1" 200 39066
181.61.205.188 - - [19/Nov/2022:09:50:35 -0500] "GET /galeria/nivo-slider/demo/images/Bannerenvases.jpg HTTP/1.1" 200 37316
181.61.205.188 - - [19/Nov/2022:09:50:35 -0500] "GET /galeria/nivo-slider/demo/images/banneraccionpopular.jpeg HTTP/1.1" 200 41707
181.61.205.188 - - [19/Nov/2022:09:50:35 -0500] "GET /galeria/nivo-slider/demo/images/bannercapacitacionesbogota.jpg HTTP/1.1" 200 42416
181.61.205.188 - - [19/Nov/2022:09:50:35 -0500] "GET /galeria/nivo-slider/demo/images/Bannervirtualescanales.jpg HTTP/1.1" 200 174544
181.61.205.188 - - [19/Nov/2022:09:50:35 -0500] "GET /galeria/nivo-slider/demo/images/4Simple_Slider.png HTTP/1.1" 200 11722
181.61.205.188 - - [19/Nov/2022:09:50:35 -0500] "GET /galeria/nivo-slider/themes/default/loading.gif HTTP/1.1" 200 1737
181.61.205.188 - - [19/Nov/2022:09:50:35 -0500] "GET /galeria/nivo-slider/jquery.nivo.slider.pack.js HTTP/1.1" 200 11561
181.61.205.188 - - [19/Nov/2022:09:50:38 -0500] "GET /galeria/nivo-slider/themes/default/bullets.png HTTP/1.1" 200 1281
181.61.205.188 - - [19/Nov/2022:09:50:38 -0500] "GET /galeria/nivo-slider/themes/default/arrows.png HTTP/1.1" 200 824
216.245.221.92 - - [19/Nov/2022:09:51:42 -0500] "HEAD / HTTP/1.1" 200 -
40.77.167.13 - - [19/Nov/2022:09:52:22 -0500] "GET /portaldeninos/humedal-capellania-2/ HTTP/1.1" 200 87949
201.245.192.253 - - [19/Nov/2022:09:52:57 -0500] "POST /kwsrmcab/Wsrmcab  HTTP/1.1" 200 42393
172.22.2.4 - - [19/Nov/2022:09:53:10 -0500] "GET /BLA/boletinlegal/jurisprudencia/analisis/analisis%20C-595-2010.doc HTTP/1.1" 200 39424
172.22.2.4 - - [19/Nov/2022:09:51:56 -0500] "HEAD /BLA/boletinlegal/ HTTP/1.1" 200 -
172.22.2.4 - - [19/Nov/2022:09:52:46 -0500] "GET /BLA/boletinlegal/ HTTP/1.1" 200 59779
172.104.11.51 - - [19/Nov/2022:09:55:32 -0500] "\x16\x03\x01" 400 226
186.155.19.149 - - [19/Nov/2022:09:55:51 -0500] "GET /appsia/controlador HTTP/1.1" 200 4799
186.155.19.149 - - [19/Nov/2022:09:55:51 -0500] "GET /appsia/scripts/validarIngreso.js HTTP/1.1" 200 851
186.155.19.149 - - [19/Nov/2022:09:55:51 -0500] "GET /appsia/css/estilos.css HTTP/1.1" 200 4804
186.155.19.149 - - [19/Nov/2022:09:55:51 -0500] "GET /appsia/images/logo_bogota_p.png HTTP/1.1" 200 14951
186.155.19.149 - - [19/Nov/2022:09:55:51 -0500] "GET /appsia/images/cabezoteHojaVida.png HTTP/1.1" 200 32493
186.155.19.149 - - [19/Nov/2022:09:55:51 -0500] "GET /favicon.ico HTTP/1.1" 200 7782
216.245.221.92 - - [19/Nov/2022:09:56:42 -0500] "HEAD / HTTP/1.1" 200 -
201.245.192.253 - - [19/Nov/2022:09:57:56 -0500] "POST /kwsrmcab/Wsrmcab  HTTP/1.1" 200 42393
172.22.2.4 - - [19/Nov/2022:09:58:15 -0500] "GET /BLA/boletinlegal/a2billing/customer/templates/default/footer.tpl HTTP/1.1" 404 1018
20.231.101.203 - - [19/Nov/2022:09:57:35 -0500] "GET /BLA/boletinlegal/ HTTP/1.1" 200 52942
172.22.2.4 - - [19/Nov/2022:09:57:46 -0500] "HEAD /BLA/boletinlegal/ HTTP/1.1" 200 -
172.22.2.4 - - [19/Nov/2022:09:58:36 -0500] "GET /BLA/boletinlegal/ HTTP/1.1" 200 54100
216.245.221.92 - - [19/Nov/2022:10:01:42 -0500] "HEAD / HTTP/1.1" 200 -
201.245.192.253 - - [19/Nov/2022:10:02:55 -0500] "POST /kwsrmcab/Wsrmcab  HTTP/1.1" 200 42393
181.48.52.181 - - [19/Nov/2022:10:03:50 -0500] "GET /galeria/galeria/jquery.fancybox.css?v=2.1.5 HTTP/1.1" 200 4895
181.48.52.181 - - [19/Nov/2022:10:03:50 -0500] "GET /BLA/boletinlegal/js/jquery.scrollShow.js HTTP/1.1" 200 4586
181.48.52.181 - - [19/Nov/2022:10:03:50 -0500] "GET /galeria/galeria/jquery.fancybox.js?v=2.1.5 HTTP/1.1" 200 48706
172.22.2.4 - - [19/Nov/2022:10:04:17 -0500] "GET /BLA/boletinlegal/actos.php HTTP/1.1" 200 9566
172.22.2.4 - - [19/Nov/2022:10:04:18 -0500] "GET /BLA/boletinlegal/favicon.ico HTTP/1.1" 404 1326
190.158.28.46 - - [19/Nov/2022:10:04:20 -0500] "GET /BLA/resoluciones/ HTTP/1.1" 200 13093
190.158.28.46 - - [19/Nov/2022:10:04:33 -0500] "GET /BLA/resoluciones/index.php?dir=AUTOS+2019%2F HTTP/1.1" 200 348688
51.75.241.40 - - [19/Nov/2022:10:04:01 -0500] "GET /BLA/boletinlegal/ HTTP/1.1" 200 20427
190.158.28.46 - - [19/Nov/2022:10:04:48 -0500] "GET /BLA/resoluciones/AUTOS%202019/0411.pdf HTTP/1.1" 200 279175
172.22.2.4 - - [19/Nov/2022:10:03:36 -0500] "HEAD /BLA/boletinlegal/ HTTP/1.1" 200 -
172.22.2.4 - - [19/Nov/2022:10:04:11 -0500] "GET /BLA/boletinlegal/ HTTP/1.1" 200 50855
172.22.2.4 - - [19/Nov/2022:10:04:26 -0500] "GET /BLA/boletinlegal/ HTTP/1.1" 200 52942
216.245.221.92 - - [19/Nov/2022:10:06:42 -0500] "HEAD / HTTP/1.1" 200 -
157.55.39.39 - - [19/Nov/2022:10:06:52 -0500] "GET /catalogoisis/ HTTP/1.1" 200 8575
80.252.23.30 - - [19/Nov/2022:10:07:04 -0500] "GET /phpmyadmin/ HTTP/1.1" 403 1165
157.55.39.39 - - [19/Nov/2022:10:07:21 -0500] "GET /BLA/resoluciones/AUTOS%202022/4426.pdf HTTP/1.1" 200 791575
201.245.192.253 - - [19/Nov/2022:10:07:54 -0500] "POST /kwsrmcab/Wsrmcab  HTTP/1.1" 200 42393
186.102.58.120 - - [19/Nov/2022:10:08:23 -0500] "GET /kwssiamovil/sm/ldap/au?x=U2FsdGVkX186f/ytVVMcZpbBmkfbYW5+5kgv+aViet39ss38V+64OCT65JQ76HHd&y=U2FsdGVkX1+2/g5ozLPZqbqix6gSaj3VTe9lugRiu2RAPu8MBp7J7AUo1JBVoBgR HTTP/1.1" 200 30
186.102.58.120 - - [19/Nov/2022:10:08:23 -0500] "GET /kwssiamovil/sm/acme/s?s=U2FsdGVkX1/gHKhI13jv0nIzOHqOaFpB+Afqn4fb4f5sfa88xfy2rzXbL/pWxPxhNt//vCHMYPLBZTc6II52LMqCZH8YVCVXa63xCgWw1dg=&u=U2FsdGVkX1/zWvHGkIWCn/56DNhtx3tAxd1G0mZmqQ4=&y=U2FsdGVkX1+2/g5ozLPZqbqix6gSaj3VTe9lugRiu2RAPu8MBp7J7AUo1JBVoBgR HTTP/1.1" 200 97
186.102.58.120 - - [19/Nov/2022:10:08:23 -0500] "GET /kwssiamovil/sm/acme/s?s=U2FsdGVkX1/Cd+4hclAZEbTo3JMzYhasSWLAaPWR5FCY1khFUw18iMqATI88shZKEXU9JR3meXp6/vpLaaVaAbo+A/1uD2wpF19H2Lz035KOilHYmkaadXjAsdXCULpNX4C9QxF9Jx8vY3pAUvzPxc1xukDj64CXZ5mxp0ua01fyf+WIL+nOjZgk1qiY7EqGanhrY5HnYP8Sw6wR4pI6WCyBQL/iAn9B53+QVxDWr8GyBi5wfSDsvC7gouo7sxjKNxxUDlW5cI//fBhec3L6FJ//3dFmrNG83MKk4mJ4mwFeH4vV1xioL4/Y7Ji53mOdq4b6J+d3U2bCwBOY64z6pGImq8lDB7UaI6bBq4FE7R6vmjgrFRAYH4rN3+/wLaB3VmsWHC8RVILvXN7v3D2YtTvFvtCdusKThxX/BOxj+pxYcNOYMrUg2tSyVGmv9a8SJo+IxWlIixTXB67NBsGSVXsbq6RLLV6Ctlnjl3OzdAkkzjSdj44o9xu8v22decQrYT3s6qamFAlEnVnoAoSZfV+bNjgUBIg5WIAnqoWWNCwgdBxRFdyEhVab6BKW5XoHskgA58hqTi4tRh44RwvqoO7T7qvtzli9IbOk+2SMiGVOiVfdaTP2Pl4iaizH3+3DyMBCzFnbFG6La61hI++C3VvVMLderEFv5YbZLmtCX0PaC6eUFmFQ7W1AGIHgm52d1qJzGBcP3kcOiwvVwOrDGBCOodm7yxw5yhluVVYdHpl0HZSNUHacoXwtAnkoG0yEnlEDkzqSzg4Yhx2o14HPX4Pbx6QoBrNjNwr2FWqBIw/ZURkun8ZjDjOfxcdW5QFYqOj9/x/c5BssIs7xDQQ2K4eqfVjL4fiiW1mxpJmHwTBqOmVcXUxp8t7/NxLEOpJ52/U/jzRhqYNr4QG0WHe/+BWrKRz7SMP2e95U4gB8Wf34qXrNKQapT4JJPCCZvmx8UVV+jB85g0zw2J/hqOFbqjNlwo8qdXhdPr4rXLuOS4lR7K/qAvr8vuxTBSU9dLVJkE9cd+7RvF0iQ5tOsV9xQtVYWno9DDdCbx6cPD0F4kbMy9lqBmngd6DDAzrqkoX/nEa3veTdiAp/HmR8vuPPleQhQtQFFY97rHLbKmzzpEUPqUtdv1OSZT4p2prE1dlfYB+h3+ccsgMNMnutX8Xk98ZdjkNpMbVVw2UOBLcqmBbs/nu8t4YYU/xGxxlNuJiwPNTjmG5+yBovjy64wQVb5kUWTjrZ6vjP9V4QRgNuUray6MDBVQLjkdE56ssXSkiAsrGFPe+FYdusYR5bYiiqSo/qlRf305oRml1Cq39IZekH4Km3oFKySnzpuOqkrtAR++sr8sCMKbiAY8cgDwAArKjBOIkYx8XOXclnW/UjDYUcIz3Nvn/NCVtyxHwAtWtSgau9s3rOs7xKqI5b2ybar+xUtl7FM4Gtox0/hFDP0yA=&u=U2FsdGVkX1/zWvHGkIWCn/56DNhtx3tAxd1G0mZmqQ4=&y=U2FsdGVkX1+2/g5ozLPZqbqix6gSaj3VTe9lugRiu2RAPu8MBp7J7AUo1JBVoBgR HTTP/1.1" 200 735
186.102.58.120 - - [19/Nov/2022:10:08:24 -0500] "GET /kwssiamovil/sm/acme/s?s=U2FsdGVkX1/WDtY6DsertGX1ayePU3uf1H7sacCgfe+YDN9EMJDifHo9X0bw3LBQGztvYMoeEs2Arm7XZSij7Ut/iDnHIZSWK9fOFVUks4dBTWsDMqM0k/5VrXfHaA71l+YSoHP5qriwg/gEtg5mAEvV8noVWlW5SzWbTAW6nUjPNrRVJW/HzhPgofbdMtpovmmWq+RtEQQFiZ1Cxthaj2j5CSAtOpZcnWdByofmVy8H1/QtYyRnG/wDCJVA0Fqi5R8ner08ayPZGBF/B5fyjJGkB1ZaP656UcZtTyxZX3lz+0apwKaYNjNVPri2efm5pZn2pEFFTKywxKyFHZa0WWDgJqo4+INzjme7TLULreA=&u=U2FsdGVkX1/zWvHGkIWCn/56DNhtx3tAxd1G0mZmqQ4=&y=U2FsdGVkX1+2/g5ozLPZqbqix6gSaj3VTe9lugRiu2RAPu8MBp7J7AUo1JBVoBgR HTTP/1.1" 200 196
186.102.58.120 - - [19/Nov/2022:10:08:24 -0500] "GET /kwssiamovil/sm/cjson/pre?f=1&x=U2FsdGVkX186f/ytVVMcZpbBmkfbYW5+5kgv+aViet39ss38V+64OCT65JQ76HHd HTTP/1.1" 200 30992
157.55.39.39 - - [19/Nov/2022:10:09:13 -0500] "GET /bla/resoluciones/index.php?dir=notificaciones/autos+2019 HTTP/1.1" 200 108385
172.22.2.4 - - [19/Nov/2022:10:09:26 -0500] "HEAD /BLA/boletinlegal/ HTTP/1.1" 200 -
216.245.221.92 - - [19/Nov/2022:10:11:42 -0500] "HEAD / HTTP/1.1" 200 -
172.22.2.4 - - [19/Nov/2022:10:10:16 -0500] "GET /BLA/boletinlegal/ HTTP/1.1" 200 59779
201.245.192.253 - - [19/Nov/2022:10:12:53 -0500] "POST /kwsrmcab/Wsrmcab  HTTP/1.1" 200 42393
79.106.230.49 - - [19/Nov/2022:10:14:02 -0500] "GET / HTTP/1.1" 200 319
186.29.66.182 - - [19/Nov/2022:10:15:02 -0500] "GET /appsia/controlador HTTP/1.1" 200 4799
186.29.66.182 - - [19/Nov/2022:10:15:03 -0500] "GET /appsia/scripts/validarIngreso.js HTTP/1.1" 200 851
186.29.66.182 - - [19/Nov/2022:10:15:03 -0500] "GET /appsia/css/estilos.css HTTP/1.1" 200 4804
186.29.66.182 - - [19/Nov/2022:10:15:03 -0500] "GET /appsia/images/cabezoteHojaVida.png HTTP/1.1" 200 32493
186.29.66.182 - - [19/Nov/2022:10:15:03 -0500] "GET /appsia/images/logo_bogota_p.png HTTP/1.1" 200 14951
186.29.66.182 - - [19/Nov/2022:10:15:03 -0500] "GET /favicon.ico HTTP/1.1" 200 7782
216.245.221.92 - - [19/Nov/2022:10:16:42 -0500] "HEAD / HTTP/1.1" 200 -
172.22.2.4 - - [19/Nov/2022:10:15:16 -0500] "HEAD /BLA/boletinlegal/ HTTP/1.1" 200 -
172.22.2.4 - - [19/Nov/2022:10:16:06 -0500] "GET /BLA/boletinlegal/ HTTP/1.1" 200 57824
201.245.192.253 - - [19/Nov/2022:10:17:52 -0500] "POST /kwsrmcab/Wsrmcab  HTTP/1.1" 200 42393
66.249.73.127 - - [19/Nov/2022:10:20:01 -0500] "-" 408 -
201.245.192.253 - - [19/Nov/2022:10:21:06 -0500] "POST /kwsrmcab/Wsrmcab HTTP/1.1" 200 39763
201.245.192.253 - - [19/Nov/2022:10:21:08 -0500] "POST /kwsrmcab/Wsrmcab HTTP/1.1" 200 44092
216.245.221.92 - - [19/Nov/2022:10:21:42 -0500] "HEAD / HTTP/1.1" 200 -
172.22.2.4 - - [19/Nov/2022:10:21:06 -0500] "HEAD /BLA/boletinlegal/ HTTP/1.1" 200 -
201.245.192.253 - - [19/Nov/2022:10:22:51 -0500] "POST /kwsrmcab/Wsrmcab  HTTP/1.1" 200 42393
201.245.192.253 - - [19/Nov/2022:10:23:14 -0500] "POST /sipse/faces/presentacion/financiero/solicitudProceso/consultarSolicitudProceso.xhtml HTTP/1.1" 200 141790
172.22.2.4 - - [19/Nov/2022:10:21:56 -0500] "GET /BLA/boletinlegal/ HTTP/1.1" 200 56079
186.102.51.46 - - [19/Nov/2022:10:24:10 -0500] "GET /kwssiamovil/sm/ldap/au?x=U2FsdGVkX19/7xynzUz1l8LD5qWnbm/n42eYpO/w6horT9Laue42JjLuK6zmFyl+&y=U2FsdGVkX18r1UsTCRV8RMAmC62jDmIPCm/gQYjMQjg= HTTP/1.1" 200 30
186.102.51.46 - - [19/Nov/2022:10:24:10 -0500] "GET /kwssiamovil/sm/acme/s?s=U2FsdGVkX1+1wzo5aEog/+Gr50ViFKT1uRhb4YMPyAQeKP5YSKkxb1R+jBvHxYuSprhqYu8e+BZhBwO+dTHcL+AeREc3qaHtSgZ0BCdwoJM=&u=U2FsdGVkX1+aYEYUIiIsH2KHiM7kDsgI7gsLgdCv+m0=&y=U2FsdGVkX18r1UsTCRV8RMAmC62jDmIPCm/gQYjMQjg= HTTP/1.1" 200 97
186.102.51.46 - - [19/Nov/2022:10:24:10 -0500] "GET /kwssiamovil/sm/acme/s?s=U2FsdGVkX1+JPFsoDDaWP2w0rwYs9EG5iIrheemWH3UwY+3cjeTXj2CIAreR7m+epUbSlf08aRW2iTA4xgyrdH2KNzG97M43PXoVONtZNUx9EpvRAeyT2os1U0R6+NQR7CbbncGgBUWDS8t4HSyWJ8n2rw6X1Sq5Ogj0Mhm6xB6bKAluTZOcCu2fgT4GHx4UEqPal3tbnESwMXb4+cjKo208E0UT8IS97ArtcsIBG6k3TYBD7Y2dvkaV+iaue85nCmoDP5Y4bTamLPTKmn9fQ8cuEFnAmw4iLOxYMH5T+aLUmrpPJ7mb24VT8yZHoOFJAeAoAfNBSOAR7EjEnX0oRbBZXFehNqvLB+baPnb2EFcLYRb5SQWO4+ckOOXKyx7v2+64rGfQHMd/fZG0wYX7EUBdYNDZjuF3UVSgXq5l+bbFtjuykWzK5hS1GE7Ey0ZO/mJ0f4hQFXuv2Pgk4xFf2KvPX5igkhAAPp38BpEoWvckaaFlBge2oD6CX49URycV0ZYuQ4QV/V2EAjT4KKo2cNFjwIRAR8s0hiNQee8r3QlfaBwNlF5dXTLTIyrb1/v9yV27iUPmAeAOO8KUYEDQAe2FjyIOLHIWRka4Hg8+9S8W8O5cl4961tnvos/HsmIwez1KzGG+2go8sTat9tQjhVsVk+ZTEc889AvCCkAipRA3gxsOVohDk+3bSsQu605L9NAS8fLDsLHZErt0cZ7FGdyJf7WQJTsFLr5liHu4hIC7MuP6w8H9itLoKtBoeLOgRuAmgVJGR/yA6sQMKhcoqZlka8jqcMxrTcwVli9yJULg7CxuGKGS3Mm/O3RpdY0yKmtH7/In8KaEN7Elt7AZwpGNblzhtYWKmmzOR/iE5t9EKYMaxNAdk0ybTwoexyRp8odqeBmkDSNSEnhSZtq/FeDI/e6WQsOThe6BBUueKWmnmEIohc7cnGnvzHAcCKpVy+LOhpFZvGgFNw7nALtPXDrs3pczjC8Z5Ba740Ups8XkG6Fqgdi+Z8czkDWwtnTH58hRbuayShLfyRCLrCtSan64xltEFtQzHvoYzrEWE6lllxg/OaYavBdoJ5JxFqQjP1b6aYJ8DpkM0eECawyqDywHgrKIBV4Afte/OrTlNOubsu4/XYDkORqoAaU22/04+u/W7OYUtpljBBKNIPgVRt6HN4tlk67NStiZmbEqGglbxvgMYGeLY24PvU8w2la97wZU404UeNYH1ptvvfpDild4O2iJ8s20+bMYb7nqZJVW+8FY+HaeKPOdb579dWvicFcU0AeS2PiFcad/PkoBhWnPnree5qqmRjDu1ldu/+Z65LeetWiEDzCS5agu2nQIvEYHcdhaiozkTL8Gzkg7yG5Xyp5+PSzTNV3PLZWQ/0UfD+RVq9NW+O1P8lKE/NW3jmXUDS89ZdWcrvGFzoVuqXuK39i/M8e++WuMFA0kUMc=&u=U2FsdGVkX1+aYEYUIiIsH2KHiM7kDsgI7gsLgdCv+m0=&y=U2FsdGVkX18r1UsTCRV8RMAmC62jDmIPCm/gQYjMQjg= HTTP/1.1" 200 1613
186.102.51.46 - - [19/Nov/2022:10:24:10 -0500] "GET /kwssiamovil/sm/acme/s?s=U2FsdGVkX19kafVEJbjlVFaJl2NPi07VTRVzDliQFysZmMTXb56pouP+YKIYRc31TpbEzDeHvl3+R0FCvJTir4XptMTVELwY1EPyaOE8TeY1PiJtF7DFR2s3yRIY3XYBJJ1IXPTkfW8cXhOX3PabR7JupMBPR/6wXip2JHUGV5WSPE4oRh2ezy5wqtgurHFcdUqlOXNZJpoi4OTj/5xQsXPBZWZyq1diWq00FMukm7OcDCOB9UmJ9Un5FDmRWUcL3c9Ev1KWGd1R+HrRnUl2aiZlv6+KbtOyKM5wMeVoZIJtAOH5IUg1R0MqhNGd44hBHxymmbWewfDjJVv0NMngHA==&u=U2FsdGVkX1+aYEYUIiIsH2KHiM7kDsgI7gsLgdCv+m0=&y=U2FsdGVkX18r1UsTCRV8RMAmC62jDmIPCm/gQYjMQjg= HTTP/1.1" 200 196
186.102.51.46 - - [19/Nov/2022:10:24:10 -0500] "GET /kwssiamovil/sm/cjson/pre?f=1&x=U2FsdGVkX19/7xynzUz1l8LD5qWnbm/n42eYpO/w6horT9Laue42JjLuK6zmFyl+ HTTP/1.1" 200 30992
186.102.1.163 - - [19/Nov/2022:10:24:23 -0500] "GET /appsia/controlador HTTP/1.1" 200 4799
186.102.1.163 - - [19/Nov/2022:10:24:36 -0500] "POST /appsia/controlador HTTP/1.1" 200 4621
186.102.1.163 - - [19/Nov/2022:10:24:42 -0500] "POST /appsia/controlador HTTP/1.1" 200 9088
185.119.81.104 - - [19/Nov/2022:10:26:05 -0500] "GET /portaldeninos/wp-login.php HTTP/1.1" 200 2592
185.119.81.104 - - [19/Nov/2022:10:26:06 -0500] "POST /portaldeninos/wp-login.php HTTP/1.1" 200 3650
204.199.117.197 - - [19/Nov/2022:10:26:24 -0500] "GET /appsia/controlador HTTP/1.1" 200 4799
204.199.117.197 - - [19/Nov/2022:10:26:24 -0500] "GET /appsia/css/estilos.css HTTP/1.1" 200 4804
204.199.117.197 - - [19/Nov/2022:10:26:24 -0500] "GET /appsia/scripts/validarIngreso.js HTTP/1.1" 200 851
204.199.117.197 - - [19/Nov/2022:10:26:24 -0500] "GET /appsia/images/cabezoteHojaVida.png HTTP/1.1" 200 32493
204.199.117.197 - - [19/Nov/2022:10:26:24 -0500] "GET /appsia/images/logo_bogota_p.png HTTP/1.1" 200 14951
204.199.117.197 - - [19/Nov/2022:10:26:25 -0500] "GET /favicon.ico HTTP/1.1" 200 7782
204.199.117.197 - - [19/Nov/2022:10:26:41 -0500] "POST /appsia/controlador HTTP/1.1" 200 4621
216.245.221.92 - - [19/Nov/2022:10:26:42 -0500] "HEAD / HTTP/1.1" 200 -
201.245.192.253 - - [19/Nov/2022:10:27:50 -0500] "POST /kwsrmcab/Wsrmcab  HTTP/1.1" 200 42393
204.199.117.197 - - [19/Nov/2022:10:28:25 -0500] "POST /appsia/controlador HTTP/1.1" 200 4799
172.22.2.4 - - [19/Nov/2022:10:26:56 -0500] "HEAD /BLA/boletinlegal/ HTTP/1.1" 200 -
173.252.127.118 - - [19/Nov/2022:10:29:01 -0500] "GET /images/Acuerdos%2001%20(1)%20(1).jpeg HTTP/1.1" 200 32884
173.252.127.18 - - [19/Nov/2022:10:29:14 -0500] "GET /images/Reciclaton%20Nov%202022%20(1)%20(1).jpeg HTTP/1.1" 200 53811
172.22.2.4 - - [19/Nov/2022:10:27:46 -0500] "GET /BLA/boletinlegal/ HTTP/1.1" 200 57824
201.245.192.253 - - [19/Nov/2022:10:31:05 -0500] "POST /kwsrmcab/Wsrmcab HTTP/1.1" 200 39763
