172.22.2.4 - - [19/Nov/2022:15:12:45 -0500] "HEAD /BLA/boletinlegal/ HTTP/1.1" 200 -
172.22.2.4 - - [19/Nov/2022:15:13:35 -0500] "GET /BLA/boletinlegal/ HTTP/1.1" 200 59779
199.16.157.181 - - [19/Nov/2022:15:15:57 -0500] "GET /images/conversatotio-carbono-comtaminacion-5-octubre.jpg HTTP/1.1" 200 225350
216.245.221.92 - - [19/Nov/2022:15:16:41 -0500] "HEAD / HTTP/1.1" 200 -
201.245.192.253 - - [19/Nov/2022:15:16:48 -0500] "POST /kwsrmcab/Wsrmcab  HTTP/1.1" 200 42393
186.30.171.20 - - [19/Nov/2022:15:17:42 -0500] "GET /BLA/resoluciones/index.php?dir=AUTOS+2014%2F HTTP/1.1" 200 884658
172.22.2.4 - - [19/Nov/2022:15:18:35 -0500] "HEAD /BLA/boletinlegal/ HTTP/1.1" 200 -
172.22.2.4 - - [19/Nov/2022:15:19:25 -0500] "GET /BLA/boletinlegal/ HTTP/1.1" 200 58185
201.245.192.253 - - [19/Nov/2022:15:21:04 -0500] "POST /kwsrmcab/Wsrmcab HTTP/1.1" 200 43143
201.245.192.253 - - [19/Nov/2022:15:21:07 -0500] "POST /kwsrmcab/Wsrmcab HTTP/1.1" 200 44103
216.245.221.92 - - [19/Nov/2022:15:21:41 -0500] "HEAD / HTTP/1.1" 200 -
201.245.192.253 - - [19/Nov/2022:15:21:47 -0500] "POST /kwsrmcab/Wsrmcab  HTTP/1.1" 200 42393
65.21.228.167 - - [19/Nov/2022:15:22:20 -0500] "GET /bla/resoluciones/resoluciones%202012/1573.pdf HTTP/1.1" 200 3146810
172.22.2.4 - - [19/Nov/2022:15:24:25 -0500] "HEAD /BLA/boletinlegal/ HTTP/1.1" 200 -
216.245.221.92 - - [19/Nov/2022:15:26:41 -0500] "HEAD / HTTP/1.1" 200 -
201.245.192.253 - - [19/Nov/2022:15:26:46 -0500] "POST /kwsrmcab/Wsrmcab  HTTP/1.1" 200 42393
172.22.2.4 - - [19/Nov/2022:15:25:16 -0500] "GET /BLA/boletinlegal/ HTTP/1.1" 200 58185
170.238.236.192 - - [19/Nov/2022:15:28:46 -0500] "GET /galeria/galeria/jquery.fancybox.css?v=2.1.5 HTTP/1.1" 200 4895
170.238.236.192 - - [19/Nov/2022:15:28:48 -0500] "GET /BLA/boletinlegal/js/jquery.scrollShow.js HTTP/1.1" 200 4586
170.238.236.192 - - [19/Nov/2022:15:28:49 -0500] "GET /galeria/galeria/jquery.fancybox.js?v=2.1.5 HTTP/1.1" 200 48706
201.245.192.253 - - [19/Nov/2022:15:31:04 -0500] "POST /kwsrmcab/Wsrmcab HTTP/1.1" 200 43143
201.245.192.253 - - [19/Nov/2022:15:31:07 -0500] "POST /kwsrmcab/Wsrmcab HTTP/1.1" 200 44103
172.22.2.4 - - [19/Nov/2022:15:31:26 -0500] "GET /BLA/boletinlegal/jurisprudencia/analisis/CUADRO%20SENTENCIA%20T-299%20DE%202008.doc HTTP/1.1" 304 -
216.245.221.92 - - [19/Nov/2022:15:31:41 -0500] "HEAD / HTTP/1.1" 200 -
201.245.192.253 - - [19/Nov/2022:15:31:45 -0500] "POST /kwsrmcab/Wsrmcab  HTTP/1.1" 200 42393
172.22.2.4 - - [19/Nov/2022:15:30:16 -0500] "HEAD /BLA/boletinlegal/ HTTP/1.1" 200 -
172.22.2.4 - - [19/Nov/2022:15:31:05 -0500] "GET /BLA/boletinlegal/ HTTP/1.1" 200 59779
186.86.33.25 - - [19/Nov/2022:15:33:06 -0500] "GET /galeria/galeria/jquery.fancybox.css?v=2.1.5 HTTP/1.1" 200 4895
186.86.33.25 - - [19/Nov/2022:15:33:06 -0500] "GET /BLA/boletinlegal/js/jquery.scrollShow.js HTTP/1.1" 200 4586
186.86.33.25 - - [19/Nov/2022:15:33:06 -0500] "GET /galeria/galeria/jquery.fancybox.js?v=2.1.5 HTTP/1.1" 200 48706
69.171.231.119 - - [19/Nov/2022:15:33:11 -0500] "GET /images/Acuerdos%2001%20(1)%20(1).jpeg HTTP/1.1" 200 32884
69.171.231.118 - - [19/Nov/2022:15:33:56 -0500] "GET /images/Reciclaton%20Nov%202022%20(1)%20(1).jpeg HTTP/1.1" 200 53811
172.22.2.4 - - [19/Nov/2022:15:34:23 -0500] "GET /BLA/boletinlegal/ HTTP/1.1" 200 62840
216.245.221.92 - - [19/Nov/2022:15:36:41 -0500] "HEAD / HTTP/1.1" 200 -
201.245.192.253 - - [19/Nov/2022:15:36:43 -0500] "POST /kwsrmcab/Wsrmcab  HTTP/1.1" 200 42393
172.22.2.4 - - [19/Nov/2022:15:36:05 -0500] "HEAD /BLA/boletinlegal/ HTTP/1.1" 200 -
172.22.2.4 - - [19/Nov/2022:15:38:14 -0500] "GET /BLA/boletinlegal/Circulares/2019/.pdf HTTP/1.1" 404 1218
172.22.2.4 - - [19/Nov/2022:15:38:24 -0500] "GET /BLA/boletinlegal/Circulares/2012/Circular%20No.%2010%20del%2026%20de%20Enero%20de%202012.pdf HTTP/1.1" 404 1218
172.22.2.4 - - [19/Nov/2022:15:36:55 -0500] "GET /BLA/boletinlegal/ HTTP/1.1" 200 57824
185.119.81.98 - - [19/Nov/2022:15:39:02 -0500] "GET /portaldeninos/wp-login.php HTTP/1.1" 200 2592
185.119.81.98 - - [19/Nov/2022:15:39:03 -0500] "POST /portaldeninos/wp-login.php HTTP/1.1" 200 3650
172.22.2.4 - - [19/Nov/2022:15:39:12 -0500] "GET /BLA/boletinlegal/style.css HTTP/1.1" 200 9406
172.22.2.4 - - [19/Nov/2022:15:39:12 -0500] "GET /BLA/boletinlegal/styles2.css HTTP/1.1" 200 1838
172.22.2.4 - - [19/Nov/2022:15:39:12 -0500] "GET /BLA/boletinlegal/js/jquery.js HTTP/1.1" 200 57254
172.22.2.4 - - [19/Nov/2022:15:39:12 -0500] "GET /BLA/boletinlegal/js/jquery.scrollTo-min.js HTTP/1.1" 200 1150
172.22.2.4 - - [19/Nov/2022:15:39:12 -0500] "GET /BLA/boletinlegal/images/cabezote%20BLEGAL.jpg HTTP/1.1" 200 118164
172.22.2.4 - - [19/Nov/2022:15:39:12 -0500] "GET /BLA/boletinlegal/js/jquery.scrollShow.js HTTP/1.1" 200 4586
172.22.2.4 - - [19/Nov/2022:15:39:12 -0500] "GET /BLA/boletinlegal/images/subscribe-icon-big.png HTTP/1.1" 200 47702
172.22.2.4 - - [19/Nov/2022:15:39:12 -0500] "GET /BLA/boletinlegal/images/historia.png HTTP/1.1" 200 52775
172.22.2.4 - - [19/Nov/2022:15:39:12 -0500] "GET /BLA/boletinlegal/images/registro-usuarios.png HTTP/1.1" 200 8106
172.22.2.4 - - [19/Nov/2022:15:39:12 -0500] "GET /BLA/boletinlegal/images/arr_l.jpg HTTP/1.1" 200 1979
172.22.2.4 - - [19/Nov/2022:15:39:12 -0500] "GET /BLA/boletinlegal/images/screen_1.png HTTP/1.1" 200 202547
172.22.2.4 - - [19/Nov/2022:15:39:12 -0500] "GET /BLA/boletinlegal/images/launch.jpg HTTP/1.1" 200 14577
172.22.2.4 - - [19/Nov/2022:15:39:13 -0500] "GET /BLA/boletinlegal/images/menu_lft.gif HTTP/1.1" 200 1713
172.22.2.4 - - [19/Nov/2022:15:39:13 -0500] "GET /BLA/boletinlegal/images/body_bg.jpg HTTP/1.1" 200 1601
172.22.2.4 - - [19/Nov/2022:15:39:13 -0500] "GET /BLA/boletinlegal/images/menu_rght.gif HTTP/1.1" 200 1627
172.22.2.4 - - [19/Nov/2022:15:39:13 -0500] "GET /BLA/boletinlegal/images/menu_bg.jpg HTTP/1.1" 200 620
172.22.2.4 - - [19/Nov/2022:15:39:13 -0500] "GET /BLA/boletinlegal/images/text.jpg HTTP/1.1" 200 568
172.22.2.4 - - [19/Nov/2022:15:39:13 -0500] "GET /BLA/boletinlegal/images/hover.jpg HTTP/1.1" 200 640
172.22.2.4 - - [19/Nov/2022:15:39:13 -0500] "GET /BLA/boletinlegal/images/bg_top.jpg HTTP/1.1" 200 522
172.22.2.4 - - [19/Nov/2022:15:39:14 -0500] "GET /BLA/boletinlegal/actos.php HTTP/1.1" 200 9566
172.22.2.4 - - [19/Nov/2022:15:39:14 -0500] "GET /BLA/boletinlegal/js/ajax_actos.js HTTP/1.1" 200 1322
172.22.2.4 - - [19/Nov/2022:15:39:14 -0500] "GET /BLA/boletinlegal/niceforms.js HTTP/1.1" 200 22876
172.22.2.4 - - [19/Nov/2022:15:39:14 -0500] "GET /BLA/boletinlegal/niceforms-default.css HTTP/1.1" 200 6694
172.22.2.4 - - [19/Nov/2022:15:39:14 -0500] "GET /BLA/boletinlegal/js/popup.js HTTP/1.1" 200 1270
172.22.2.4 - - [19/Nov/2022:15:39:14 -0500] "GET /BLA/boletinlegal/js/lib.js HTTP/1.1" 200 6474
172.22.2.4 - - [19/Nov/2022:15:39:14 -0500] "GET /BLA/boletinlegal/js/jquery1.js HTTP/1.1" 200 29846
172.22.2.4 - - [19/Nov/2022:15:39:14 -0500] "GET /BLA/boletinlegal/images/green-yellow-blue-pink-th.png HTTP/1.1" 200 7394
172.22.2.4 - - [19/Nov/2022:15:39:14 -0500] "GET /BLA/boletinlegal/images/tel.png HTTP/1.1" 200 14477
172.22.2.4 - - [19/Nov/2022:15:39:14 -0500] "GET /BLA/boletinlegal/images/icono-email.png HTTP/1.1" 200 5544
172.22.2.4 - - [19/Nov/2022:15:39:14 -0500] "GET /BLA/boletinlegal/images/footer_bg.jpg HTTP/1.1" 200 586
172.22.2.4 - - [19/Nov/2022:15:39:14 -0500] "GET /BLA/boletinlegal/images/footer_bg_l.jpg HTTP/1.1" 200 776
172.22.2.4 - - [19/Nov/2022:15:39:15 -0500] "GET /BLA/boletinlegal/img/0.png HTTP/1.1" 200 110
172.22.2.4 - - [19/Nov/2022:15:39:15 -0500] "GET /BLA/boletinlegal/img/select-left.png HTTP/1.1" 200 263
172.22.2.4 - - [19/Nov/2022:15:39:15 -0500] "GET /BLA/boletinlegal/img/select-right.png HTTP/1.1" 200 44019
172.22.2.4 - - [19/Nov/2022:15:39:15 -0500] "GET /BLA/boletinlegal/img/button-left.png HTTP/1.1" 200 57071
172.22.2.4 - - [19/Nov/2022:15:39:15 -0500] "GET /BLA/boletinlegal/img/button.png HTTP/1.1" 200 43241
172.22.2.4 - - [19/Nov/2022:15:39:15 -0500] "GET /BLA/boletinlegal/img/button-right.png HTTP/1.1" 200 57878
172.22.2.4 - - [19/Nov/2022:15:39:31 -0500] "GET /BLA/boletinlegal/consulta_actos.php?tipo=resoluciones&no=&usuario=&sector=&fecha=2018&resuelve= HTTP/1.1" 200 921910
172.22.2.4 - - [19/Nov/2022:15:39:32 -0500] "GET /BLA/boletinlegal/images/pdf.gif HTTP/1.1" 200 567
172.22.2.4 - - [19/Nov/2022:15:39:32 -0500] "GET /BLA/boletinlegal/images/background.gif HTTP/1.1" 200 -
177.93.43.204 - - [19/Nov/2022:15:39:41 -0500] "GET /BLA/resoluciones/RESOLUCIONES%202018/4347.pdf HTTP/1.1" 200 280983
172.22.2.4 - - [19/Nov/2022:15:39:12 -0500] "GET /BLA/boletinlegal/ HTTP/1.1" 200 24523
177.93.43.204 - - [19/Nov/2022:15:39:57 -0500] "GET /BLA/resoluciones/RESOLUCIONES%202018/4314.pdf HTTP/1.1" 200 301352
201.245.192.253 - - [19/Nov/2022:15:41:05 -0500] "POST /kwsrmcab/Wsrmcab HTTP/1.1" 200 43143
201.245.192.253 - - [19/Nov/2022:15:41:07 -0500] "POST /kwsrmcab/Wsrmcab HTTP/1.1" 200 44103
216.245.221.92 - - [19/Nov/2022:15:41:41 -0500] "HEAD / HTTP/1.1" 200 -
201.245.192.253 - - [19/Nov/2022:15:41:43 -0500] "POST /kwsrmcab/Wsrmcab  HTTP/1.1" 200 42393
172.22.2.4 - - [19/Nov/2022:15:41:55 -0500] "HEAD /BLA/boletinlegal/ HTTP/1.1" 200 -
172.22.2.4 - - [19/Nov/2022:15:42:46 -0500] "GET /BLA/boletinlegal/ HTTP/1.1" 200 59779
216.245.221.92 - - [19/Nov/2022:15:46:41 -0500] "HEAD / HTTP/1.1" 200 -
201.245.192.253 - - [19/Nov/2022:15:46:40 -0500] "POST /kwsrmcab/Wsrmcab  HTTP/1.1" 200 42393
172.22.2.4 - - [19/Nov/2022:15:47:45 -0500] "HEAD /BLA/boletinlegal/ HTTP/1.1" 200 -
172.22.2.4 - - [19/Nov/2022:15:48:35 -0500] "GET /BLA/boletinlegal/ HTTP/1.1" 200 59779
216.245.221.92 - - [19/Nov/2022:15:51:41 -0500] "HEAD / HTTP/1.1" 200 -
201.245.192.253 - - [19/Nov/2022:15:51:39 -0500] "POST /kwsrmcab/Wsrmcab  HTTP/1.1" 200 42393
69.171.249.10 - - [19/Nov/2022:15:52:46 -0500] "GET /images/Junio%2002-experiencias-jardines-verticales-sda.jpeg HTTP/1.1" 200 31171
186.28.3.37 - - [19/Nov/2022:15:54:58 -0500] "OPTIONS /kwssiamovil/sm/setfile/f? HTTP/1.1" 200 13
186.28.3.37 - - [19/Nov/2022:15:54:58 -0500] "POST /kwssiamovil/sm/setfile/f? HTTP/1.1" 200 381
186.28.3.37 - - [19/Nov/2022:15:55:14 -0500] "GET /kwssiamovil/sm/acme/a?s=U2FsdGVkX1+KbH2liOPFJmqk5ORApDP2rXt/1Quz1XWiIwO0PC9uJmsm8BFPL3bbaryQbOE8QiyHzmzI02JCPUn3SiEzVd+Jkh5EPoHCJZc6bN803X8hn/x27OvrTQfphzMmbTEWjj3iGBdrae3mH8jLl43uA1/y7LyiEkRysz+oHijnEPCFewQ3tYExP6C7wfSdOJyKHQTcprEN8e3NkO61JGukyCYzgMZ5bO2hk/Ov1hRdKT18iTVVRcN8jzMwAFBVGZNagRct7Qykfe0dPg==&u=U2FsdGVkX191FwV91j4U1vm3+Z/tEjH1J6aILOYGh4w=&y=U2FsdGVkX1858QVe7+LRYXxN93bhh9bQdLo46U3f7Q8= HTTP/1.1" 200 26
172.22.2.4 - - [19/Nov/2022:15:53:35 -0500] "HEAD /BLA/boletinlegal/ HTTP/1.1" 200 -
186.28.3.37 - - [19/Nov/2022:15:55:15 -0500] "GET /kwssiamovil/sm/acme/a?s=U2FsdGVkX1/szYGEM8p70zpn51VBehj0jSa2LXCA1HhPPSwXhCzKr3NnZVQAqj6iLlV0NRBuuj+MUghcwbW7lUEk3s4t9H3iRDfPqR7iIfrdzaJVfXaMh5DS4wbrX2dZqmK0ra8GKXuTnV6POG0A8268YfzZvxAzYV8tbPkDhmUmshmCPNsPgXoSgC5m1lTCnOJau5rbnKlXsp87NchyEo1lsWfn80R2LQX6RaDxPE3gpbcciFkFnR6UGfVbttIkotQdmJpGFx0ZME8LYUpmyK6oNE3XDF6+QKoq6N0XiKChW6viO8HGhLr7UcwLCqkmy67I+VJ4LJg89ibPraN1TjlXNiN8dQjbgixgsx0SDdLDroNzdKPa0pfCnCSALKrHZHkeB5OzhMTSP9QvOgjs/tB+3sDyoyJDXel1SoKpp/xwjWXtwIlowDcCbDuQ1kV5C6XwDLNdezONWTGVmGtWY7JvHLvBacTMY4IvPYj383LKbqIFHuwM9fp2AOA1aIlJhnGY+BtBFo66wRg5PnVD2fUxiaTseo3x5+MHQLWR4wDTjqGLw5nbdPxuPRaei9objUmcm556jjJDe7637WP4Fy/IhpBwEnJp+xTX2EAAKQO+Vj14fvpDbM95XOTbGPcmL2aHc6Bz+6zoKVpwM730KXGcgzJlHESH5kBTs93s2BssaD+gdF+2KlWJnI0ktK5+HvNQOB+8AkU+tL9eQSOvkywaxOm8VocbktY2cXKCg7Tkpo9wfvmC8h01JYN8B4mrugqDe6H1a7OucYTxn7JLCxFrlgOvztrBqY9WEVZOzmXy3cmNKgd7j0c43WeUGzM7P0YioxVkV29OK55ObS+EX76rI+lrSu/wZ6UKK1yFxH25sPyoTGKTVBRjBVFGd+s2coRhMRDavw/GoYGWwMzmYsIe2gRPSSVkGr4pqD38C7X4phR5UtyMRpKT/Gd+kpy1C0GjHT6yDWd6Exb4HT3aD6jS2qbAz8h+Abkv65dwlN9JDzYVNF9NgPcDj/42j6qlCwZYgwf7Y3dtEoKaqauANcKCKm0uYz5FJb/rMdwqCnSBE5lGIYt0lQ3m85zYnUFABRfnjMetdiBCzf6fd4hqSTM60GeFowLfMpu/SW278dA8OpVboVtEAL/3MVsl2yws5vs/xwAmeBGBHAWK/EjhgrimqkGm3YsbM5G7LNQr78Am7fJUuaHsR+rlBA2ltr3HQKKSz2kJ/O3IEibUYhcF2R0cw6GUkzDrPD/nv98azN3OdWMQsR++YMmnz+jE3GUDpRDuCOk4GlYvI8npLHncTuZAegVK0omL91ehXt0ra9kcgOXOmt4EfZ7xyLZR3JIyT14xxVsfAz8KeS3Mk7UUOrObS2Nai+vaDP1NqqXN3AJVe+FAgr2gshL7z6tAqUkFy7w1alAFU7LqCQZGwBXGTUwT3VwpllGfSSOylE62Qb+HIFuzwyzYWi0Moj324lp9LDYcnPfzl2fnOh7T8YQZJkCSTPEe16kqoxn1WopcewtwQ+FtSqXcTl29hZd3SQ/eUHlcOpO37Hsu9R6xw2PHkbpsDxC0sZzKCjOguS3oqGz8Z+dbsbQxpJb/TWWU+gdXhJZMUdAF0CNCUKU5apqkmprdRDtNt2pS+ge6CcvjxBvymsCSY+bOnuDdWhNTqZc1L+6bpk83fdkl3ofUI0gUwk/vI/+pMNUADOZuDD4VTw8VLJwbrWKQuWzEgYtdHMn0ONv8OMD/yVVsfjw0+4ORPknoEvFsScsazd8P6u8osaD8TkMttl7YOdO6OcwRJcS6d4T38N43UWqJB1Tp/Pg/YA2NshKIPV7uTAqwHHCKP5yqQAtNK3mBnbPDCk1ucifzMkq27zIBy2vTD/4cRQXQvvmyU53fTwne/Mk29Izl5fRRiW0iVcHogk46WIiLd/3u2lovI/ayFzxeB8GKLC9V6pRVIipd/ppbDV/fW4oHNkrNActBlydaQwhvM+wZBwtXG2cVdFte6aa/aELINPWwSlWLbH2hVVmNxiQI08zIP1YRXA/kFHBfXneFTHXS0CYOK4gO0e3g1lRAxaajNDXWUNUI79uAyByQQkQueuffZnPAy72mF56kJaMYOp3Yot/ZIe6dedAejkIbwwaghdtwp+z4GGhDyEE2ualtsMuGP4KsCIDNL7UhENPVdNWoLSow+mTXWtpaWI30dmsnLA1HAUTYZnda5ClaBQxqSvWaJ/yXhGc/YLyXxdo8CPIez+pz/MmCu+KRjjH6o4OPdvlmlPMKxCoZdKpfO5cYAJ+dnPQ6BUBsV0VQphrwLSjrpkVJiybyMrHUA3oXX7IV/kekKzB8g2lzuWvS6Q46rlGk64JI8rrqPxgMpFqKOeYlYx3MX16Dy7PmJbPguidQG9A9h8zm0aVvdE1p/48FfD2FrFIr11jC3sCF0mc8zAJdUNWixsV0jDo4hZfPNZDMkqhcUMHQ0JzF04kxXaj9mEG2z7xSGRmneyUbgkD0zNbRE2EQpb/uJ18dWkQcErj/KEcWCqgcRFdYnAVaaTE/gXmIsV+zmlouewMhKmAZboSES/OANaF9IJsuIVcrz/U3P1tFcDpc7qQtZflE/gvlc1+N42wfYt5wqH5tcY/jWIZiqRR1gwCahkeKAsblRTdgx9XFIQ==&u=U2FsdGVkX191FwV91j4U1vm3+Z/tEjH1J6aILOYGh4w=&y=U2FsdGVkX1858QVe7+LRYXxN93bhh9bQdLo46U3f7Q8= HTTP/1.1" 200 26
186.28.3.37 - - [19/Nov/2022:15:55:16 -0500] "GET /kwssiamovil/sm/acme/a?s=U2FsdGVkX1+CUBlqmCcTZYEOiFifoLJXsroGsogN20gq5JY/p6ebcRofKz9ksMVF5BQYSX8wdbAogkat7Ii3OshwoPVzyh+7eFwho3eys1ydhHTD5pRg/QJInRi8BDP3Fq2uGQIi0wXOcNbUzr+Sv6+l2Zdt9Dw1aF5xNWNItkk=&u=U2FsdGVkX191FwV91j4U1vm3+Z/tEjH1J6aILOYGh4w=&y=U2FsdGVkX1858QVe7+LRYXxN93bhh9bQdLo46U3f7Q8= HTTP/1.1" 200 26
186.28.3.37 - - [19/Nov/2022:15:55:16 -0500] "GET /kwssiamovil/sm/acme/a?s=U2FsdGVkX1/Jw/8uJKphAAAAZmwDYt6VD4AJIug/K6cs7OcgxHK8le7JBXTWid2yyFb5iTnFOZVOLoxFGe4LZMGwOdBRF8jWMNsu7AFAb+q9r3QvJTzuSIj0+mMGH3tQd+fCkl8Hz3UHPNB4uaLint9P63fNVMoRK0t/tHINTvg=&u=U2FsdGVkX191FwV91j4U1vm3+Z/tEjH1J6aILOYGh4w=&y=U2FsdGVkX1858QVe7+LRYXxN93bhh9bQdLo46U3f7Q8= HTTP/1.1" 200 26
186.28.3.37 - - [19/Nov/2022:15:55:16 -0500] "GET /kwssiamovil/sm/acme/a?s=U2FsdGVkX19cTwMezsttPF6YSjCcyiPYYkMoAyrAF6ylQi0gvAtBOJzdu1uSCOanCBOpqtzlgR+DbGdbLBx6JwfIh/lbcObDDZzBxaNYxI/WxqvOeYFDJA1wIFiltrEyDCBbuRRRVa2X1mq7aiR1v2100DCJo2bCLQR/kQQOhjI=&u=U2FsdGVkX191FwV91j4U1vm3+Z/tEjH1J6aILOYGh4w=&y=U2FsdGVkX1858QVe7+LRYXxN93bhh9bQdLo46U3f7Q8= HTTP/1.1" 200 26
186.28.3.37 - - [19/Nov/2022:15:55:16 -0500] "GET /kwssiamovil/sm/acme/a?s=U2FsdGVkX18lpzxJPtSbToJEU7azVmvFQ2e2NeOW11ntauVpqbYSVu30OeD1BFJSGQEbTVahHjNEqHcyMou+pZJsU/ldIWNvQxFy05M36/RQUV58GYBqDivwaKG72rkN6HsSCHkgix+MZNOafzzQBqJaoJ93z2pdDcrLiXxvCiolr5peQAXRCIu50Uqo9ZcM&u=U2FsdGVkX191FwV91j4U1vm3+Z/tEjH1J6aILOYGh4w=&y=U2FsdGVkX1858QVe7+LRYXxN93bhh9bQdLo46U3f7Q8= HTTP/1.1" 200 26
186.28.3.37 - - [19/Nov/2022:15:55:17 -0500] "GET /kwssiamovil/sm/acme/a?s=U2FsdGVkX1/QANXUhtara59bvn8T1/SwLEq0fFlr2xfbd2WM93lIaicujTqnSA/7Izs7SNJ0r/LXexhzwSKkcdovxHrZ8rOEK+5UB1cft6ejI3eRgQ1mlitF16ThLGjhvwLDr6+XBibhhU0zzUg+Tzw5SJp69Z+V+Z+/ZXAXXHwJ6ZmCIOBSoPjVU6G/OAwpgrX7kqCv7Uz/Dv+eJnRF2h/eIYjUHosBa+LWUuV+iwItD6qZPfyPVLVuG7/R+Fb5d+u+RNiNXN9a8gIz3Leww+J5MoZp6cdcaMZx5znMsnVOV5tvrLhKaPkh1uYl1yAGutnLMruARFoMsBdqGtm8csnSzAOF8djPTlVH8fbTkkrWzi8o+JmXRAMrM6bjbSz7O41rNlwMECWisuwcXzah5UhrUmmsB6s8d8EiVn6XTSJxjpwTBD0x1S7eH4ncstbUTtbMIplRyJrzLJLh0qEB5g==&u=U2FsdGVkX191FwV91j4U1vm3+Z/tEjH1J6aILOYGh4w=&y=U2FsdGVkX1858QVe7+LRYXxN93bhh9bQdLo46U3f7Q8= HTTP/1.1" 200 25
186.28.3.37 - - [19/Nov/2022:15:55:17 -0500] "GET /kwssiamovil/sm/acme/a?s=U2FsdGVkX18ycsQkcJo7a2wTI06E0SjpfSKpRJ4HHCz5OVtHv2lk2kxU6otyuo94baYJH1IhTo/LFef9Mc0+mz42+YvX31IZPdNtAuKXgiBV4qWY0L7GI0xvF3kqZkf11XGu27l9IXzFBRosRxWD78Iri9iAToM6xq4DDqAmrWP2ON7sPzzfizboqKqpbyHzsqq+BAe/tBVUB9O7z7Eft2fNUQlCQacFZgDMzV8mwYwnrlg3blCSaS68dooCvOGB8c9HFCZoKVdldARVyRkMobf+NknOBEEoOSY9SiKM2QP2a9IQm2Jvj9XkUOKrbBKe1Pd+0DS4ZDtjITriMWOR85weJw0OBcEXXeYoa2/MBUGa7wcSflp3oYiyipYZI8tFltx2H0ROTVhKevrRXwrUc2zHrghFTiaq7uUqMMilIcA=&u=U2FsdGVkX191FwV91j4U1vm3+Z/tEjH1J6aILOYGh4w=&y=U2FsdGVkX1858QVe7+LRYXxN93bhh9bQdLo46U3f7Q8= HTTP/1.1" 200 25
172.22.2.4 - - [19/Nov/2022:15:54:25 -0500] "GET /BLA/boletinlegal/ HTTP/1.1" 200 57824
201.245.192.253 - - [19/Nov/2022:15:56:39 -0500] "POST /kwsrmcab/Wsrmcab  HTTP/1.1" 200 42393
216.245.221.92 - - [19/Nov/2022:15:56:41 -0500] "HEAD / HTTP/1.1" 200 -
207.46.13.174 - - [19/Nov/2022:15:56:47 -0500] "GET /BLA/resoluciones/AUTOS%202013/2931.pdf HTTP/1.1" 200 408970
186.154.43.21 - - [19/Nov/2022:15:59:36 -0500] "GET /BLA/resoluciones/ HTTP/1.1" 200 13093
186.154.43.21 - - [19/Nov/2022:15:59:42 -0500] "GET /BLA/resoluciones/index.php?dir=AUTOS+2022%2F HTTP/1.1" 200 347979
186.154.43.21 - - [19/Nov/2022:16:00:32 -0500] "GET /BLA/resoluciones/AUTOS%202022/6888.pdf HTTP/1.1" 200 363171
172.22.2.4 - - [19/Nov/2022:15:59:25 -0500] "HEAD /BLA/boletinlegal/ HTTP/1.1" 200 -
201.245.192.253 - - [19/Nov/2022:16:01:38 -0500] "POST /kwsrmcab/Wsrmcab  HTTP/1.1" 200 42393
216.245.221.92 - - [19/Nov/2022:16:01:41 -0500] "HEAD / HTTP/1.1" 200 -
207.46.13.120 - - [19/Nov/2022:16:01:49 -0500] "GET /privados-y-distrito-inauguraron-vivero-en-la-reserva-van-der-hammen-con-capacidad-para-producir-50-mil-arboles-al-ano.html HTTP/1.1" 304 -
172.22.2.4 - - [19/Nov/2022:16:00:15 -0500] "GET /BLA/boletinlegal/ HTTP/1.1" 200 59779
168.90.13.178 - - [19/Nov/2022:16:01:56 -0500] "GET / HTTP/1.1" 200 4720
168.90.13.178 - - [19/Nov/2022:16:01:56 -0500] "GET /js/url.js HTTP/1.1" 404 1294
168.90.13.178 - - [19/Nov/2022:16:01:56 -0500] "GET /fonts/icomoon/style.css HTTP/1.1" 200 79820
168.90.13.178 - - [19/Nov/2022:16:01:56 -0500] "GET /css/bootstrap.min.css HTTP/1.1" 200 178212
168.90.13.178 - - [19/Nov/2022:16:02:30 -0500] "POST /procesar.php HTTP/1.1" 200 964
168.90.13.178 - - [19/Nov/2022:16:03:24 -0500] "GET /js/url.js HTTP/1.1" 404 1294
204.199.94.92 - - [19/Nov/2022:16:04:57 -0500] "GET /no-uses-musgo-en-la-elaboracion-de-tu-pesebre.html HTTP/1.1" 200 846
201.245.192.253 - - [19/Nov/2022:16:06:37 -0500] "POST /kwsrmcab/Wsrmcab  HTTP/1.1" 200 42393
216.245.221.92 - - [19/Nov/2022:16:06:41 -0500] "HEAD / HTTP/1.1" 200 -
172.22.2.4 - - [19/Nov/2022:16:05:15 -0500] "HEAD /BLA/boletinlegal/ HTTP/1.1" 200 -
172.22.2.4 - - [19/Nov/2022:16:06:05 -0500] "GET /BLA/boletinlegal/ HTTP/1.1" 200 59404
128.14.136.18 - - [19/Nov/2022:16:08:56 -0500] "GET /portaldeninos/ HTTP/1.1" 200 110197
185.119.81.105 - - [19/Nov/2022:16:09:01 -0500] "GET /portaldeninos/wp-login.php HTTP/1.1" 200 2592
185.119.81.105 - - [19/Nov/2022:16:09:02 -0500] "POST /portaldeninos/wp-login.php HTTP/1.1" 200 3605
20.231.101.203 - - [19/Nov/2022:16:07:39 -0500] "GET /BLA/boletinlegal/ HTTP/1.1" 200 62423
190.26.164.133 - - [19/Nov/2022:16:10:57 -0500] "GET /BLA/resoluciones/ HTTP/1.1" 200 13093
190.26.164.133 - - [19/Nov/2022:16:11:00 -0500] "GET /BLA/resoluciones/index.php?dir=AUTOS+2021%2F HTTP/1.1" 200 396098
201.245.192.253 - - [19/Nov/2022:16:11:36 -0500] "POST /kwsrmcab/Wsrmcab  HTTP/1.1" 200 42393
216.245.221.92 - - [19/Nov/2022:16:11:41 -0500] "HEAD / HTTP/1.1" 200 -
186.154.43.21 - - [19/Nov/2022:16:12:23 -0500] "GET /BLA/resoluciones/AUTOS%202022/4415.pdf HTTP/1.1" 200 1681711
191.108.6.19 - - [19/Nov/2022:16:12:26 -0500] "GET /galeria/galeria/jquery.fancybox.js?v=2.1.5 HTTP/1.1" 200 48706
191.108.6.19 - - [19/Nov/2022:16:12:26 -0500] "GET /galeria/galeria/jquery.fancybox.css?v=2.1.5 HTTP/1.1" 200 4895
191.108.6.19 - - [19/Nov/2022:16:12:26 -0500] "GET /BLA/boletinlegal/js/jquery.scrollShow.js HTTP/1.1" 200 4586
173.252.107.14 - - [19/Nov/2022:16:12:41 -0500] "GET /images/pieza-convocatoria-18-abril.jpeg HTTP/1.1" 200 29431
172.22.2.4 - - [19/Nov/2022:16:11:05 -0500] "HEAD /BLA/boletinlegal/ HTTP/1.1" 200 -
172.22.2.4 - - [19/Nov/2022:16:11:55 -0500] "GET /BLA/boletinlegal/ HTTP/1.1" 200 59779
201.245.192.253 - - [19/Nov/2022:16:16:35 -0500] "POST /kwsrmcab/Wsrmcab  HTTP/1.1" 200 42393
216.245.221.92 - - [19/Nov/2022:16:16:41 -0500] "HEAD / HTTP/1.1" 200 -
172.22.2.4 - - [19/Nov/2022:16:16:55 -0500] "HEAD /BLA/boletinlegal/ HTTP/1.1" 200 -
172.22.2.4 - - [19/Nov/2022:16:17:45 -0500] "GET /BLA/boletinlegal/ HTTP/1.1" 200 54816
172.22.2.4 - - [19/Nov/2022:16:20:23 -0500] "GET /BLA/boletinlegal/ HTTP/1.1" 200 20427
201.245.192.253 - - [19/Nov/2022:16:21:04 -0500] "POST /kwsrmcab/Wsrmcab HTTP/1.1" 200 43287
118.194.250.197 - - [19/Nov/2022:16:21:08 -0500] "GET / HTTP/1.1" 200 319
201.245.192.253 - - [19/Nov/2022:16:21:07 -0500] "POST /kwsrmcab/Wsrmcab HTTP/1.1" 200 44100
118.194.250.197 - - [19/Nov/2022:16:21:09 -0500] "\x16\x03\x01" 400 226
201.245.192.253 - - [19/Nov/2022:16:21:34 -0500] "POST /kwsrmcab/Wsrmcab  HTTP/1.1" 200 42393
216.245.221.92 - - [19/Nov/2022:16:21:41 -0500] "HEAD / HTTP/1.1" 200 -
172.22.2.4 - - [19/Nov/2022:16:22:45 -0500] "HEAD /BLA/boletinlegal/ HTTP/1.1" 200 -
172.22.2.4 - - [19/Nov/2022:16:23:35 -0500] "GET /BLA/boletinlegal/ HTTP/1.1" 200 59779
40.77.167.57 - - [19/Nov/2022:16:25:20 -0500] "GET /BLA/resoluciones/index.php?dir=AUTOS+2022%2F HTTP/1.1" 200 347979
45.8.165.127 - - [19/Nov/2022:16:25:43 -0500] "HEAD /secretaria-de-ambiente-y-universidad-de-la-salle-firman-acuerdo-de-conservacion-en-17-hectareas.html HTTP/1.1" 200 -
85.190.255.219 - - [19/Nov/2022:16:25:43 -0500] "GET /secretaria-de-ambiente-y-universidad-de-la-salle-firman-acuerdo-de-conservacion-en-17-hectareas.html HTTP/1.1" 200 990
190.158.204.36 - - [19/Nov/2022:16:25:43 -0500] "GET /BLA/boletinlegal/actos.php HTTP/1.1" 200 9566
190.158.204.36 - - [19/Nov/2022:16:25:44 -0500] "GET /BLA/boletinlegal/styles2.css HTTP/1.1" 200 1838
190.158.204.36 - - [19/Nov/2022:16:25:44 -0500] "GET /BLA/boletinlegal/js/ajax_actos.js HTTP/1.1" 200 1322
190.158.204.36 - - [19/Nov/2022:16:25:44 -0500] "GET /BLA/boletinlegal/style.css HTTP/1.1" 200 9406
190.158.204.36 - - [19/Nov/2022:16:25:44 -0500] "GET /BLA/boletinlegal/niceforms.js HTTP/1.1" 200 22876
190.158.204.36 - - [19/Nov/2022:16:25:44 -0500] "GET /BLA/boletinlegal/niceforms-default.css HTTP/1.1" 200 6694
190.158.204.36 - - [19/Nov/2022:16:25:44 -0500] "GET /BLA/boletinlegal/js/lib.js HTTP/1.1" 200 6474
190.158.204.36 - - [19/Nov/2022:16:25:44 -0500] "GET /BLA/boletinlegal/js/popup.js HTTP/1.1" 200 1270
190.158.204.36 - - [19/Nov/2022:16:25:44 -0500] "GET /BLA/boletinlegal/js/jquery1.js HTTP/1.1" 200 29846
190.158.204.36 - - [19/Nov/2022:16:25:45 -0500] "GET /BLA/boletinlegal/images/cabezote%20BLEGAL.jpg HTTP/1.1" 200 118164
190.158.204.36 - - [19/Nov/2022:16:25:45 -0500] "GET /BLA/boletinlegal/images/subscribe-icon-big.png HTTP/1.1" 200 47702
190.158.204.36 - - [19/Nov/2022:16:25:45 -0500] "GET /BLA/boletinlegal/images/historia.png HTTP/1.1" 200 52775
190.158.204.36 - - [19/Nov/2022:16:25:45 -0500] "GET /BLA/boletinlegal/images/registro-usuarios.png HTTP/1.1" 200 8106
190.158.204.36 - - [19/Nov/2022:16:25:45 -0500] "GET /BLA/boletinlegal/images/green-yellow-blue-pink-th.png HTTP/1.1" 200 7394
190.158.204.36 - - [19/Nov/2022:16:25:45 -0500] "GET /BLA/boletinlegal/images/body_bg.jpg HTTP/1.1" 200 1601
190.158.204.36 - - [19/Nov/2022:16:25:45 -0500] "GET /BLA/boletinlegal/images/tel.png HTTP/1.1" 200 14477
190.158.204.36 - - [19/Nov/2022:16:25:45 -0500] "GET /BLA/boletinlegal/images/icono-email.png HTTP/1.1" 200 5544
190.158.204.36 - - [19/Nov/2022:16:25:45 -0500] "GET /BLA/boletinlegal/images/menu_lft.gif HTTP/1.1" 200 1713
190.158.204.36 - - [19/Nov/2022:16:25:45 -0500] "GET /BLA/boletinlegal/images/menu_rght.gif HTTP/1.1" 200 1627
190.158.204.36 - - [19/Nov/2022:16:25:45 -0500] "GET /BLA/boletinlegal/images/bg_top.jpg HTTP/1.1" 200 522
190.158.204.36 - - [19/Nov/2022:16:25:45 -0500] "GET /BLA/boletinlegal/images/menu_bg.jpg HTTP/1.1" 200 620
190.158.204.36 - - [19/Nov/2022:16:25:45 -0500] "GET /BLA/boletinlegal/images/hover.jpg HTTP/1.1" 200 640
190.158.204.36 - - [19/Nov/2022:16:25:45 -0500] "GET /BLA/boletinlegal/images/text.jpg HTTP/1.1" 200 568
190.158.204.36 - - [19/Nov/2022:16:25:45 -0500] "GET /BLA/boletinlegal/images/footer_bg.jpg HTTP/1.1" 200 586
190.158.204.36 - - [19/Nov/2022:16:25:45 -0500] "GET /BLA/boletinlegal/images/footer_bg_l.jpg HTTP/1.1" 200 776
190.158.204.36 - - [19/Nov/2022:16:25:47 -0500] "GET /BLA/boletinlegal/img/0.png HTTP/1.1" 200 110
190.158.204.36 - - [19/Nov/2022:16:25:47 -0500] "GET /BLA/boletinlegal/img/select-left.png HTTP/1.1" 200 263
190.158.204.36 - - [19/Nov/2022:16:25:47 -0500] "GET /BLA/boletinlegal/img/button-left.png HTTP/1.1" 200 57071
190.158.204.36 - - [19/Nov/2022:16:25:47 -0500] "GET /BLA/boletinlegal/img/button.png HTTP/1.1" 200 43241
190.158.204.36 - - [19/Nov/2022:16:25:47 -0500] "GET /BLA/boletinlegal/img/button-right.png HTTP/1.1" 200 57878
190.158.204.36 - - [19/Nov/2022:16:25:47 -0500] "GET /BLA/boletinlegal/img/select-right.png HTTP/1.1" 200 44019
190.158.204.36 - - [19/Nov/2022:16:25:47 -0500] "GET /favicon.ico HTTP/1.1" 200 7782
194.110.95.13 - - [19/Nov/2022:16:25:48 -0500] "HEAD /calidad-del-aire-consulta-el-borrador-de-decreto-para-la-construccion-de-las-zonas-urbanas-por-un-mejor-aire-zuma.html HTTP/1.1" 200 -
185.232.6.201 - - [19/Nov/2022:16:25:48 -0500] "GET /calidad-del-aire-consulta-el-borrador-de-decreto-para-la-construccion-de-las-zonas-urbanas-por-un-mejor-aire-zuma.html HTTP/1.1" 200 981
194.110.95.24 - - [19/Nov/2022:16:25:55 -0500] "HEAD /semana-ecoempresarial-herramientas-para-que-el-sector-economico-de-bogota-pueda-tener-un-crecimiento-verde.html HTTP/1.1" 200 -
194.31.100.127 - - [19/Nov/2022:16:25:56 -0500] "GET /semana-ecoempresarial-herramientas-para-que-el-sector-economico-de-bogota-pueda-tener-un-crecimiento-verde.html HTTP/1.1" 200 918
186.28.3.37 - - [19/Nov/2022:16:26:07 -0500] "OPTIONS /kwssiamovil/sm/setfile/f? HTTP/1.1" 200 13
186.28.3.37 - - [19/Nov/2022:16:26:08 -0500] "POST /kwssiamovil/sm/setfile/f? HTTP/1.1" 200 381
45.8.167.20 - - [19/Nov/2022:16:26:18 -0500] "GET /semana-ecoempresarial-herramientas-para-que-el-sector-economico-de-bogota-pueda-tener-un-crecimiento-verde.html HTTP/1.1" 200 918
45.8.164.180 - - [19/Nov/2022:16:26:18 -0500] "GET /calidad-del-aire-consulta-el-borrador-de-decreto-para-la-construccion-de-las-zonas-urbanas-por-un-mejor-aire-zuma.html HTTP/1.1" 200 981
84.39.203.39 - - [19/Nov/2022:16:26:18 -0500] "GET /secretaria-de-ambiente-y-universidad-de-la-salle-firman-acuerdo-de-conservacion-en-17-hectareas.html HTTP/1.1" 200 990
186.28.3.37 - - [19/Nov/2022:16:26:26 -0500] "GET /kwssiamovil/sm/acme/a?s=U2FsdGVkX1/ZufIAhcERUh8LWVCETZj8fP01YngR3q0so2uX/FuPLEABG4Np+p8wbrD5qK6UWan8RA24Ywa6FbWk7msJ0X+7nDiPNnTw9vBFTu0O0oFJ7+AGryHdSGg5WRARFfJBKUiCKQsd5BLUXH4XOZwKgnHEHZG9lmoIUK54rnkxXhsPfXMAHTyeUF8HBwWWqLKtk0uLnZNZ9jfr51cD3CQUuaA+ReH1CeWSVxttGd907D1ZpdPYpiDyPAQmC6VRMuhdWw5tc5II54G+dg==&u=U2FsdGVkX191FwV91j4U1vm3+Z/tEjH1J6aILOYGh4w=&y=U2FsdGVkX1858QVe7+LRYXxN93bhh9bQdLo46U3f7Q8= HTTP/1.1" 200 26
186.28.3.37 - - [19/Nov/2022:16:26:26 -0500] "GET /kwssiamovil/sm/acme/a?s=U2FsdGVkX19PKTB+TpAlJI2I0OzTACVzc1h8p3qNHeB9VC5mtpDvFodrQWojHl9vHFxnUMs2HQf5hNraDEEEsFSQ7oHH1UUQ5eiDn/kqA5/6JVkkOVuUbwNP9zmkDaZASSPDK9D1wihlI8bLjrTlo3/dDkjCOVuiiALBVh3xHax4I0Ekd3zuWsfPz5IlBrjZBXUF+7FA8aLJUAVv3CW6H2CQRp1O2cAXW5plJfYTgcjkbyVQNCeNuAqew24wQ0g2f2cgBdtY5rUObtV9uDXu//MKQbfpT5zcM+w1OcrxUnEXG1+FeMvEI6lqk+QdogDec+hlfkrAkKQGfSJQF2gAjZFlAUbaV9DIp/M9hanJl5yRF1V1YOKyUDCgiXzlQi2wTR6jmajAH+eYwm9vOhQwCeoxJSv/UpF6d/irGM0otRs4mfAo4Z0c68u7ynKkuV4Ab4G8T+usUYstugtEcWA18d2MJ57+0tZKjKXj8Nei8KtsKzw/T6XSuabm4Y41mvDEb7YIH6Ydoj8mQamWv5veElIHvMRdCJO2054bMYB7PhQbQde5tc+caVFKcJoeLrhtHfpD/bQd8acEwMuDZZKFHrRhlnSS43P+vmgrQJ3DF3tvsPcaET5DQX7rQ/vH/E1LfPwn9WjHffKuXZYbqlK439RW/o4PghHxGABkDrRKdKOP5Q+yS8k9ID2VyN0GzroLFpN7jTt6HUcvq1XnnXc4PyUXMcsd6lOR2Bno3fRgV1NPEXQNnu26EYsK9LECJtYe+L8bMKZWAgwrDmviSzyADLiy69zvqB0du4iQOqtDm4vqijUXeMwFEAqNt4lKGkvkJPrChVYZ7OKHAHiDqOZ7yWnz1Sfad5gkvEu7p3V/pVtQCgp9T0hPntGsvPhEOZ5GIi0eZNKybW7evhsgHtwfcXeMWoRDe1aW3JFSPd9bvUKU4fpht2REqPVcx3qRbSPEG66lX4UE7STbDR1504lFBZ5tHWvCowC2utjErQFScdiE5wpwqT/uWGffb7LBh2a7V0wKwT2GcRlBb0UvrB5G+QH3bclAqSlsSbqKsu95ai4M9h0z7spsPIHNGgYffQn5LsCKChRUcGJcPSrIol4VanoADJW1LsRQwzYCwVh+VkM2Ooelj48SmUkd1mQygZ1ibY4N8GawpIBE0tjrqQuOie752fdvCDqF8mTuXMTvTw3RXi+e6cCzbueuq4Z56uxH9KLRHaN+ECilESkZjXVC90rfPT6T8pQxN4sFnIryqRCMaCWqBpV2UKD632sKyLGXekPtI62E+qoLXSyB1ggSVLQfpEgS8I/tfXfBf65yRAQr/AcBRHws25tfgkl2FANd4yWpq5zTFI3MFPUG1/FDcQOKFPv150hsAaQ9eMU9uYv+tm1jdnhLHbuvbHK3h0fyaCARvI5RGf1w9d2MQ/neYfyOD0eKY7Oy6MwSAhZHj53oe/bsZtfRltXpZAXZWpstZiqs8v16oLgf/7pb3/VKpw8LDRTzqYtwcO8r/YAa3JFqyC0PrxQudkzZd3qrJWN0fyVxfkE/E5ySQuk4EpS6GhIkM48eli6NJKP2wz/qlRmXWrnIJ1eTRFI5ACr87RTXKiJh+D/hO0f7VrzDr924uQ30S3D+tov3qU6O97Axgxq1D1p0GNG3SrxER+x1nbwxIO1aWQVOuHzVwqJYs3ft6ZSZ3mD6gtuG35tc8+nJlW8GzxI3OhAYZyCiMhjkXItZYlO/9s+Q5kEkb8CLQTzxDa9HXIT4nhNFYUxFFqALI8gGS08c6P+RYAyvIDkzCnxVBWfVkDswHSOypihG/rVk/9tsWEDDmFsdRw9Fm0a0Jcmqd3a4aOIuK4ml/Xf43kjdkzi5of5v0lwQ2XoBeAf84veyj13Z2oa/05G/ABLXToaufnzSvYR+mtJ2aMOI1wpGASPfZU1TUbOSkV5AFf1GetNTDOtxbHdFgYioluaK3aGnvxTlSuRqHSKFwEZ36I2MnUxYSrETlfhpnkz2iJDPYgkogiaUq5NVG9BNBMeWaFeQYxEBgLsdIoFSKmyZ4uKI9/CCokokRfyZjdxYlVVDeQ2R+B7EVrheY/cRFPJ8QWyNYPhnSOPNodYhksrRjBkkVlUOc7544JVjvUgDoW7flv8E5kxj5a+Z7VDFNcfgZQfjHq9SYNFqR5EP+Kdz2Zs5YsfN3D8ko9weg+Aj43cNmPzeeCF9KPMYyM7zbH+kurXwWsBQouOpHOKSPlD/LR5mUrpim4DfVh2MDAjSKxvPpkzG+89I+cDn62pfvtlWueO++jKHX+4OZxt/q+J5YBo4yPjb2yNtYtS/IMQNk/a05czV39Z+mQxEqYVmTY5NqGScckmWLRfw0jxCox44fvo7qNH07zAksOqbG6owGH29fMd5VavKT7fP3UMaO2sYCKtc071S3XjGHPuo10/GZrKYk8jon1xbYaJ3lkDhzlx6Qt5qvwCW3YSRH4CCizXMtlavfwtVGrvHqmbvQ/6K42w86tAUTVvXU5ZGiW9K0BWVofdO1s+DD17eduD3PYK/TzsZXYFCHE5Q3XmM+rdvlWaBzwn2nJtxtqJ9oPFWkohl79PgzXJxwZaRyOotLRPjUG0G2IKQmhl7oO0nP1yFfYydi5CXwL/99os3SK8rZVpZeweiLjNwDwBvVlAr3/m02+PUYswTQkVa4p8806nNlV69Tg59IVmc2jCG5lcJcPR+RdTAqxS/0RY9ZlwB5TCwWnl0OgxQx2YAvtGm9XgGprp3To3j7nCrObuz2FBNIw16HsIabIHxIS9qIO8l5OsM/iLZk5Sm7amEpjW/5f0pL1/PdXeXTvINTqvi4Bxrd++xbyXCfcwk6E9T/euIOVJ1ho8=&u=U2FsdGVkX191FwV91j4U1vm3+Z/tEjH1J6aILOYGh4w=&y=U2FsdGVkX1858QVe7+LRYXxN93bhh9bQdLo46U3f7Q8= HTTP/1.1" 200 26
186.28.3.37 - - [19/Nov/2022:16:26:27 -0500] "GET /kwssiamovil/sm/acme/a?s=U2FsdGVkX1/qQ1foCunx2/gPNoV1pIEO1a8y7opT3x42pxPcefVpLDBC5rGXKBF3dqHuPcSjK5BZ2d6vSOWCh4e0ogstbN58L2rzZzqXgUXSvV12ZWIj96FffZBdPfWyxPJmu42sN+It0qzUki1jbZ1Ap6+JNvfOkN6MdMKKmN0=&u=U2FsdGVkX191FwV91j4U1vm3+Z/tEjH1J6aILOYGh4w=&y=U2FsdGVkX1858QVe7+LRYXxN93bhh9bQdLo46U3f7Q8= HTTP/1.1" 200 26
186.28.3.37 - - [19/Nov/2022:16:26:27 -0500] "GET /kwssiamovil/sm/acme/a?s=U2FsdGVkX1/1Wn8mRv2DeFRnsSnSwt7PaUOjpkqkYn/ek3P06WBE9QQwnLr04zXnzjN0IJTCp4IRFa5j7hYBHOQ/hGz8DuYpA8O4IbVk0IuViAYGCuFD2Nosl61paPZI08P2LV9+/ZoOH+SEx3tT/lvCbgFpnHac+c84jZW7pIs=&u=U2FsdGVkX191FwV91j4U1vm3+Z/tEjH1J6aILOYGh4w=&y=U2FsdGVkX1858QVe7+LRYXxN93bhh9bQdLo46U3f7Q8= HTTP/1.1" 200 26
186.28.3.37 - - [19/Nov/2022:16:26:27 -0500] "GET /kwssiamovil/sm/acme/a?s=U2FsdGVkX1/dAhJKQ0LILLlHUB+1STuE29RQff5x69yBXkyc1fDJx75k7KI8Gkdpkr3XJYiChA3mZcNe5b6jbXXEjcGWXhzi2WGMuj+MhOctGJw1zoLc1AsXB6RiEDN/LjZKqnRPdYckYUnGobVlf4gfvkMy2HBdFZV3IJjH9G8=&u=U2FsdGVkX191FwV91j4U1vm3+Z/tEjH1J6aILOYGh4w=&y=U2FsdGVkX1858QVe7+LRYXxN93bhh9bQdLo46U3f7Q8= HTTP/1.1" 200 26
186.28.3.37 - - [19/Nov/2022:16:26:28 -0500] "GET /kwssiamovil/sm/acme/a?s=U2FsdGVkX187wu6BesVKJxCdN7vMglDDuYNmjgv3ExiqptN+D0CX7qcMakOpLUNWdYVm1tA7g2bVzlNwV5ks4BMJVk9KMSgt6FKmOxouy7UMrijlY9E6Vyd4OhXA1BvU7trYIuzbIuT7fAvtD9lOvGiHBQYkwgt7EOvbgh7/UvRjPtRDWMl3XBamv8qYYGi+&u=U2FsdGVkX191FwV91j4U1vm3+Z/tEjH1J6aILOYGh4w=&y=U2FsdGVkX1858QVe7+LRYXxN93bhh9bQdLo46U3f7Q8= HTTP/1.1" 200 26
186.28.3.37 - - [19/Nov/2022:16:26:28 -0500] "GET /kwssiamovil/sm/acme/a?s=U2FsdGVkX1+AySa8Yu5wvzNexSdig+3X7IXvDpL3CuYwpnG/ONkdI9Zep8szh6iUgAwwaV/eH2932RNa/gD/ETTileWxdpxEvdFfJmys0R4rOFzPMuDGIty0XHXkheCZpmidd1F7vIyaIlUznGNLxoWpyUIBZV2Ba0Tpxu7NSRmRPbG2X8yv8B0qXskAzxuPIB88ZYR996vLNU/FfXOYkQR+jeqPVXLlBTQGcoM07zI1vO1RHYTHO9LCIyA95f2Oachp+zB5JCOdSj1Hz9JIoxBjiAswHZKJO+Jv+IWG1RpTzCT07P5bNIyapsr9NUd98Ad0SGc7+XDZVMBxPSHV2tqQWQfe5O1cyDohQhSumiO+fQI97Bpsh/5Q5WbwANO9LYVh24UVbX+eyeDO07iDVzWa8St0OAKA5wtbIJlNYgaTeSK6y2GrUHnXugi6CtkP8CywgdcqyBoT+BbuqQoYydgID7ejVBcZwipSKf5yuomo6z2/K8c56T81iAUu8yShm8x6YFKOyiLP6+9W/t+4lPtvQ/PLUjubDMsnzc3dEAq1TIDl3XjNmh/Xvmt9UY/8G9w170SdOekKYROy94+w6g==&u=U2FsdGVkX191FwV91j4U1vm3+Z/tEjH1J6aILOYGh4w=&y=U2FsdGVkX1858QVe7+LRYXxN93bhh9bQdLo46U3f7Q8= HTTP/1.1" 200 25
186.28.3.37 - - [19/Nov/2022:16:26:29 -0500] "GET /kwssiamovil/sm/acme/a?s=U2FsdGVkX1/3kjCTixCcPOBWeN9EWg3SHSjMyqJ/AkX8RhFdPHb++rH5A7F9c7yuS0Sc3SRfOPs6zgnvGGuWkAhJG6cPoifhJxRykwNkaxc0+aiskJN3Cz5RHK91B5d8alyQYApgqZG/CjqjGjPcbhFKISIKO9OgRBuihz4E2vodFxNRsF3vBL2Ub0B4f5iFyj7wc+8B8FG6kO52MbqTihKN2Fp7GpVe3bo+ATw5VRj3649zb9Hv5PRAcRgkLHU3f455YO44Ds0Mk2IxOBVAmYVOOFLM8wEHjz3vQStcJByT80hp9rF2etrJ42F+bhOEFqP32ERMjSL7sKKgA7Cj9bSrJk2K0WfERVfY/XbQgNiDG7wPGMLiYY1spFAvfMdQc4rNraZimE1zkJ7tZTbenFl9oDuKHhoHzOGxMNu09PGKPIEQ1x79nMSr8Gsfc3UqbKlsiHofL1bcUBNwg267tRGnwtTIV6xgc0l4FDAKga8uXYn2dqzjo5jFiG59aNPU3SHmz4vOXXGacxcgc4pYctg64TGRnyfVsHjUv6NYAd0=&u=U2FsdGVkX191FwV91j4U1vm3+Z/tEjH1J6aILOYGh4w=&y=U2FsdGVkX1858QVe7+LRYXxN93bhh9bQdLo46U3f7Q8= HTTP/1.1" 200 25
185.119.81.104 - - [19/Nov/2022:16:26:30 -0500] "GET /portaldeninos/wp-login.php HTTP/1.1" 200 2592
185.119.81.104 - - [19/Nov/2022:16:26:31 -0500] "POST /portaldeninos/wp-login.php HTTP/1.1" 200 3605
201.245.192.253 - - [19/Nov/2022:16:26:34 -0500] "POST /kwsrmcab/Wsrmcab  HTTP/1.1" 200 42393
216.245.221.92 - - [19/Nov/2022:16:26:41 -0500] "HEAD / HTTP/1.1" 200 -
185.119.81.107 - - [19/Nov/2022:16:26:56 -0500] "GET /portaldeninos/wp-login.php HTTP/1.1" 200 2592
185.119.81.107 - - [19/Nov/2022:16:26:57 -0500] "POST /portaldeninos/wp-login.php HTTP/1.1" 200 3650
45.8.166.236 - - [19/Nov/2022:16:26:59 -0500] "GET /images/zuma_optimized.jpeg HTTP/1.1" 200 40030
194.110.95.64 - - [19/Nov/2022:16:26:59 -0500] "GET /images/semana-eco_optimized.jpeg HTTP/1.1" 200 63465
45.8.165.230 - - [19/Nov/2022:16:26:59 -0500] "GET /images/Acuerdos%2001%20(1)%20(1).jpeg HTTP/1.1" 200 32884
172.22.2.4 - - [19/Nov/2022:16:28:35 -0500] "HEAD /BLA/boletinlegal/ HTTP/1.1" 200 -
172.22.2.4 - - [19/Nov/2022:16:29:25 -0500] "GET /BLA/boletinlegal/ HTTP/1.1" 200 59035
201.245.192.253 - - [19/Nov/2022:16:31:04 -0500] "POST /kwsrmcab/Wsrmcab HTTP/1.1" 200 43287
201.245.192.253 - - [19/Nov/2022:16:31:07 -0500] "POST /kwsrmcab/Wsrmcab HTTP/1.1" 200 44100
201.245.192.253 - - [19/Nov/2022:16:31:33 -0500] "POST /kwsrmcab/Wsrmcab  HTTP/1.1" 200 42393
216.245.221.92 - - [19/Nov/2022:16:31:41 -0500] "HEAD / HTTP/1.1" 200 -
141.255.166.2 - - [19/Nov/2022:16:35:19 -0500] "GET / HTTP/1.1" 200 319
172.22.2.4 - - [19/Nov/2022:16:34:10 -0500] "GET /BLA/boletinlegal/ HTTP/1.1" 200 53739
172.22.2.4 - - [19/Nov/2022:16:34:25 -0500] "HEAD /BLA/boletinlegal/ HTTP/1.1" 200 -
201.245.192.253 - - [19/Nov/2022:16:36:33 -0500] "POST /kwsrmcab/Wsrmcab  HTTP/1.1" 200 42393
216.245.221.92 - - [19/Nov/2022:16:36:41 -0500] "HEAD / HTTP/1.1" 200 -
172.22.2.4 - - [19/Nov/2022:16:35:15 -0500] "GET /BLA/boletinlegal/ HTTP/1.1" 200 54100
172.22.2.4 - - [19/Nov/2022:16:37:58 -0500] "GET /BLA/boletinlegal/Circulares/2019/.pdf HTTP/1.1" 404 1218
157.55.39.39 - - [19/Nov/2022:16:39:51 -0500] "GET /catalogoisis/ HTTP/1.1" 200 8575
201.245.192.253 - - [19/Nov/2022:16:41:04 -0500] "POST /kwsrmcab/Wsrmcab HTTP/1.1" 200 43287
201.245.192.253 - - [19/Nov/2022:16:41:07 -0500] "POST /kwsrmcab/Wsrmcab HTTP/1.1" 200 44100
201.245.192.253 - - [19/Nov/2022:16:41:32 -0500] "POST /kwsrmcab/Wsrmcab  HTTP/1.1" 200 42393
216.245.221.92 - - [19/Nov/2022:16:41:41 -0500] "HEAD / HTTP/1.1" 200 -
172.22.2.4 - - [19/Nov/2022:16:40:15 -0500] "HEAD /BLA/boletinlegal/ HTTP/1.1" 200 -
66.249.73.127 - - [19/Nov/2022:16:42:17 -0500] "-" 408 -
172.22.2.4 - - [19/Nov/2022:16:41:05 -0500] "GET /BLA/boletinlegal/ HTTP/1.1" 200 57824
191.156.188.7 - - [19/Nov/2022:16:46:13 -0500] "GET /vota-por-bogota-en-we-love-cities-pioneros-en-sostenibilidad.html HTTP/1.1" 200 850
201.245.192.253 - - [19/Nov/2022:16:46:30 -0500] "POST /kwsrmcab/Wsrmcab  HTTP/1.1" 200 42393
216.245.221.92 - - [19/Nov/2022:16:46:41 -0500] "HEAD / HTTP/1.1" 200 -
191.102.198.80 - - [19/Nov/2022:16:47:22 -0500] "GET /secretaria-de-ambiente-hace-seguimiento-de-control-a-licencias-ambientales-otorgadas.html HTTP/1.1" 206 1013
172.22.2.4 - - [19/Nov/2022:16:46:05 -0500] "HEAD /BLA/boletinlegal/ HTTP/1.1" 200 -
66.249.73.127 - - [19/Nov/2022:16:48:09 -0500] "-" 408 -
172.22.2.4 - - [19/Nov/2022:16:46:55 -0500] "GET /BLA/boletinlegal/ HTTP/1.1" 200 54100
201.245.192.253 - - [19/Nov/2022:16:51:29 -0500] "POST /kwsrmcab/Wsrmcab  HTTP/1.1" 200 42393
216.245.221.92 - - [19/Nov/2022:16:51:41 -0500] "HEAD / HTTP/1.1" 200 -
207.46.13.194 - - [19/Nov/2022:16:52:57 -0500] "GET /BLA/resoluciones/RESOLUCIONES%202020/1473.pdf HTTP/1.1" 304 -
172.22.2.4 - - [19/Nov/2022:16:52:24 -0500] "GET /BLA/boletinlegal/ HTTP/1.1" 200 32715
172.22.2.4 - - [19/Nov/2022:16:51:55 -0500] "HEAD /BLA/boletinlegal/ HTTP/1.1" 200 -
66.249.66.85 - - [19/Nov/2022:16:53:53 -0500] "-" 408 -
172.22.2.4 - - [19/Nov/2022:16:52:46 -0500] "GET /BLA/boletinlegal/ HTTP/1.1" 200 54100
66.249.66.62 - - [19/Nov/2022:16:54:33 -0500] "-" 408 -
201.245.192.253 - - [19/Nov/2022:16:56:28 -0500] "POST /kwsrmcab/Wsrmcab  HTTP/1.1" 200 42393
216.245.221.92 - - [19/Nov/2022:16:56:41 -0500] "HEAD / HTTP/1.1" 200 -
141.255.166.2 - - [19/Nov/2022:16:58:54 -0500] "GET / HTTP/1.1" 200 319
173.252.95.17 - - [19/Nov/2022:16:59:10 -0500] "GET /images/prendas-1_optimized.jpeg HTTP/1.1" 200 65869
172.22.2.4 - - [19/Nov/2022:16:57:45 -0500] "HEAD /BLA/boletinlegal/ HTTP/1.1" 200 -
199.16.157.180 - - [19/Nov/2022:16:59:37 -0500] "GET /no-uses-musgo-en-la-elaboracion-de-tu-pesebre.html HTTP/1.1" 200 846
199.16.157.182 - - [19/Nov/2022:16:59:37 -0500] "GET /images/Musgo%20SDA%20(1)%20(1).png HTTP/1.1" 200 302122
185.119.81.109 - - [19/Nov/2022:16:59:52 -0500] "GET /portaldeninos/wp-login.php HTTP/1.1" 200 2592
185.119.81.109 - - [19/Nov/2022:16:59:53 -0500] "POST /portaldeninos/wp-login.php HTTP/1.1" 200 3605
172.22.2.4 - - [19/Nov/2022:16:58:35 -0500] "GET /BLA/boletinlegal/ HTTP/1.1" 200 59779
66.249.73.127 - - [19/Nov/2022:17:00:54 -0500] "-" 408 -
190.24.16.78 - - [19/Nov/2022:17:00:55 -0500] "GET /apple-touch-icon.png HTTP/1.1" 404 1120
190.24.16.78 - - [19/Nov/2022:17:00:55 -0500] "GET /apple-touch-icon-precomposed.png HTTP/1.1" 404 1120
190.24.16.78 - - [19/Nov/2022:17:00:55 -0500] "GET /favicon.ico HTTP/1.1" 200 7782
190.24.16.78 - - [19/Nov/2022:17:00:55 -0500] "GET /POT-2013/Cartografia/32_Altura%20para%20c%C3%A1lculo%20de%20edificabilidad%20predominante%20y%20aisl.pdf HTTP/1.1" 200 3984236
199.16.157.182 - - [19/Nov/2022:17:01:07 -0500] "GET /no-uses-musgo-en-la-elaboracion-de-tu-pesebre.html HTTP/1.1" 200 846
199.16.157.180 - - [19/Nov/2022:17:01:07 -0500] "GET /images/Musgo%20SDA%20(1)%20(1).png HTTP/1.1" 200 302122
191.156.226.88 - - [19/Nov/2022:17:01:08 -0500] "GET /sipse/faces/javax.faces.resource/theme.css?ln=primefaces-sipse HTTP/1.1" 304 -
191.156.226.88 - - [19/Nov/2022:17:01:08 -0500] "GET /sipse/faces/faces/faces/autenticacion.xhtml HTTP/1.1" 200 12183
191.156.226.88 - - [19/Nov/2022:17:01:09 -0500] "GET /sipse/faces/javax.faces.resource/theme.css?ln=primefaces-sipse HTTP/1.1" 304 -
191.156.226.88 - - [19/Nov/2022:17:01:09 -0500] "GET /sipse/faces/javax.faces.resource/primefaces.css?ln=primefaces&v=4.0 HTTP/1.1" 304 -
191.156.226.88 - - [19/Nov/2022:17:01:09 -0500] "GET /sipse/faces/javax.faces.resource/layout/layout.css?ln=primefaces&v=4.0 HTTP/1.1" 304 -
191.156.226.88 - - [19/Nov/2022:17:01:09 -0500] "GET /sipse/faces/javax.faces.resource/layout/layout.js?ln=primefaces&v=4.0 HTTP/1.1" 304 -
191.156.226.88 - - [19/Nov/2022:17:01:09 -0500] "GET /sipse/faces/javax.faces.resource/jquery/jquery-plugins.js?ln=primefaces&v=4.0 HTTP/1.1" 304 -
191.156.226.88 - - [19/Nov/2022:17:01:09 -0500] "GET /sipse/faces/javax.faces.resource/jquery/jquery.js?ln=primefaces&v=4.0 HTTP/1.1" 304 -
191.156.226.88 - - [19/Nov/2022:17:01:09 -0500] "GET /sipse/faces/javax.faces.resource/primefaces.js?ln=primefaces&v=4.0 HTTP/1.1" 304 -
54.39.103.203 - - [19/Nov/2022:17:01:09 -0500] "GET /no-uses-musgo-en-la-elaboracion-de-tu-pesebre.html HTTP/1.1" 200 846
191.156.226.88 - - [19/Nov/2022:17:01:09 -0500] "GET /sipse/faces/javax.faces.resource/images/ui-icons_898989_256x240.png?ln=primefaces-aristo HTTP/1.1" 304 -
54.39.48.71 - - [19/Nov/2022:17:01:09 -0500] "GET /no-uses-musgo-en-la-elaboracion-de-tu-pesebre.html HTTP/1.1" 200 846
51.79.77.165 - - [19/Nov/2022:17:01:09 -0500] "GET /no-uses-musgo-en-la-elaboracion-de-tu-pesebre.html HTTP/1.1" 200 846
144.217.255.152 - - [19/Nov/2022:17:01:10 -0500] "GET /no-uses-musgo-en-la-elaboracion-de-tu-pesebre.html HTTP/1.1" 200 846
136.243.80.152 - - [19/Nov/2022:17:01:20 -0500] "GET /no-uses-musgo-en-la-elaboracion-de-tu-pesebre.html HTTP/1.1" 206 846
162.55.232.163 - - [19/Nov/2022:17:01:20 -0500] "GET /no-uses-musgo-en-la-elaboracion-de-tu-pesebre.html HTTP/1.1" 206 846
34.127.73.244 - - [19/Nov/2022:17:01:21 -0500] "HEAD /no-uses-musgo-en-la-elaboracion-de-tu-pesebre.html HTTP/1.1" 200 -
34.127.73.244 - - [19/Nov/2022:17:01:21 -0500] "HEAD /no-uses-musgo-en-la-elaboracion-de-tu-pesebre.html HTTP/1.1" 200 -
34.127.73.244 - - [19/Nov/2022:17:01:21 -0500] "HEAD /no-uses-musgo-en-la-elaboracion-de-tu-pesebre.html HTTP/1.1" 200 -
173.252.95.2 - - [19/Nov/2022:17:01:22 -0500] "GET /images/Reciclaton%20Nov%202022%20(1)%20(1).jpeg HTTP/1.1" 200 53811
201.245.192.253 - - [19/Nov/2022:17:01:27 -0500] "POST /kwsrmcab/Wsrmcab  HTTP/1.1" 200 42393
51.210.249.89 - - [19/Nov/2022:17:01:30 -0500] "GET /no-uses-musgo-en-la-elaboracion-de-tu-pesebre.html HTTP/1.1" 200 846
95.216.149.111 - - [19/Nov/2022:17:01:33 -0500] "GET /no-uses-musgo-en-la-elaboracion-de-tu-pesebre.html HTTP/1.1" 200 846
216.245.221.92 - - [19/Nov/2022:17:01:41 -0500] "HEAD / HTTP/1.1" 200 -
186.80.54.95 - - [19/Nov/2022:17:01:59 -0500] "GET /galeria/galeria/jquery.fancybox.css?v=2.1.5 HTTP/1.1" 200 4895
186.80.54.95 - - [19/Nov/2022:17:01:59 -0500] "GET /BLA/boletinlegal/js/jquery.scrollShow.js HTTP/1.1" 200 4586
186.80.54.95 - - [19/Nov/2022:17:01:59 -0500] "GET /galeria/galeria/jquery.fancybox.js?v=2.1.5 HTTP/1.1" 200 48706
116.202.35.113 - - [19/Nov/2022:17:02:14 -0500] "GET /no-uses-musgo-en-la-elaboracion-de-tu-pesebre.html HTTP/1.1" 200 846
88.103.232.42 - - [19/Nov/2022:17:02:46 -0500] "HEAD /no-uses-musgo-en-la-elaboracion-de-tu-pesebre.html HTTP/1.1" 200 -
173.252.95.21 - - [19/Nov/2022:17:02:51 -0500] "GET /no-uses-musgo-en-la-elaboracion-de-tu-pesebre.html HTTP/1.1" 206 846
173.252.95.120 - - [19/Nov/2022:17:02:51 -0500] "GET /no-uses-musgo-en-la-elaboracion-de-tu-pesebre.html HTTP/1.1" 206 846
173.252.95.24 - - [19/Nov/2022:17:02:52 -0500] "GET /images/Musgo%20SDA%20(1)%20(1).png HTTP/1.1" 200 302122
173.252.95.19 - - [19/Nov/2022:17:02:54 -0500] "GET /images/Musgo%20SDA%20(1)%20(1).png HTTP/1.1" 200 302122
69.171.249.120 - - [19/Nov/2022:17:02:54 -0500] "GET /images/Musgo%20SDA%20(1)%20(1).png HTTP/1.1" 200 302122
173.252.83.20 - - [19/Nov/2022:17:03:09 -0500] "GET /images/Musgo%20SDA%20(1)%20(1).png HTTP/1.1" 200 302122
173.252.95.22 - - [19/Nov/2022:17:03:10 -0500] "GET /no-uses-musgo-en-la-elaboracion-de-tu-pesebre.html HTTP/1.1" 206 846
173.252.95.11 - - [19/Nov/2022:17:03:12 -0500] "GET /images/Musgo%20SDA%20(1)%20(1).png HTTP/1.1" 200 302122
173.252.95.111 - - [19/Nov/2022:17:03:13 -0500] "GET /images/Musgo%20SDA%20(1)%20(1).png HTTP/1.1" 200 302122
173.252.95.118 - - [19/Nov/2022:17:03:14 -0500] "GET /no-uses-musgo-en-la-elaboracion-de-tu-pesebre.html HTTP/1.1" 206 846
18.210.147.12 - - [19/Nov/2022:17:03:15 -0500] "HEAD /no-uses-musgo-en-la-elaboracion-de-tu-pesebre.html HTTP/1.1" 200 -
173.252.95.120 - - [19/Nov/2022:17:03:16 -0500] "GET /no-uses-musgo-en-la-elaboracion-de-tu-pesebre.html HTTP/1.1" 206 846
173.252.87.12 - - [19/Nov/2022:17:03:32 -0500] "GET /images/Musgo%20SDA%20(1)%20(1).png HTTP/1.1" 200 302122
66.220.149.20 - - [19/Nov/2022:17:03:35 -0500] "GET /images/Musgo%20SDA%20(1)%20(1).png HTTP/1.1" 200 302122
185.119.81.109 - - [19/Nov/2022:17:03:56 -0500] "GET /portaldeninos/wp-login.php HTTP/1.1" 200 2592
185.119.81.109 - - [19/Nov/2022:17:03:57 -0500] "POST /portaldeninos/wp-login.php HTTP/1.1" 200 3605
173.252.79.20 - - [19/Nov/2022:17:04:11 -0500] "GET /images/Musgo%20SDA%20(1)%20(1).png HTTP/1.1" 200 302122
138.201.48.205 - - [19/Nov/2022:17:04:14 -0500] "GET /no-uses-musgo-en-la-elaboracion-de-tu-pesebre.html HTTP/1.1" 200 846
195.201.245.32 - - [19/Nov/2022:17:04:51 -0500] "HEAD /no-uses-musgo-en-la-elaboracion-de-tu-pesebre.html HTTP/1.1" 200 -
172.22.2.4 - - [19/Nov/2022:17:03:35 -0500] "HEAD /BLA/boletinlegal/ HTTP/1.1" 200 -
172.22.2.4 - - [19/Nov/2022:17:04:25 -0500] "GET /BLA/boletinlegal/ HTTP/1.1" 200 57192
201.245.192.253 - - [19/Nov/2022:17:06:26 -0500] "POST /kwsrmcab/Wsrmcab  HTTP/1.1" 200 42393
66.249.73.127 - - [19/Nov/2022:17:06:36 -0500] "-" 408 -
216.245.221.92 - - [19/Nov/2022:17:06:41 -0500] "HEAD / HTTP/1.1" 200 -
172.22.2.4 - - [19/Nov/2022:17:07:21 -0500] "GET /BLA/boletinlegal/Circulares/2021/CIRCULAR%20No.%2000009%20DEL%2001%20DE%20OCTUBRE%20DEL%202021.pdf HTTP/1.1" 304 -
172.22.2.4 - - [19/Nov/2022:17:08:35 -0500] "GET /BLA/boletinlegal/jurisprudencia/analisis/analisis%20C-595-2010.doc HTTP/1.1" 200 39424
207.46.13.66 - - [19/Nov/2022:17:09:16 -0500] "GET / HTTP/1.1" 200 319
173.252.111.14 - - [19/Nov/2022:17:09:47 -0500] "GET /images/Musgo%20SDA%20(1)%20(1).png HTTP/1.1" 200 302122
20.231.101.203 - - [19/Nov/2022:17:09:19 -0500] "GET /BLA/boletinlegal/ HTTP/1.1" 200 48801
172.22.2.4 - - [19/Nov/2022:17:11:05 -0500] "GET /BLA/boletinlegal/jurisprudencia/analisis/AnalisisT-606-15.docx HTTP/1.1" 200 26698
172.22.2.4 - - [19/Nov/2022:17:09:25 -0500] "HEAD /BLA/boletinlegal/ HTTP/1.1" 200 -
172.22.2.4 - - [19/Nov/2022:17:11:05 -0500] "GET /BLA/boletinlegal/apple-touch-icon-120x120-precomposed.png HTTP/1.1" 404 1140
172.22.2.4 - - [19/Nov/2022:17:11:06 -0500] "GET /BLA/boletinlegal/apple-touch-icon-120x120.png HTTP/1.1" 404 1140
172.22.2.4 - - [19/Nov/2022:17:11:06 -0500] "GET /BLA/boletinlegal/apple-touch-icon-precomposed.png HTTP/1.1" 404 1140
172.22.2.4 - - [19/Nov/2022:17:11:06 -0500] "GET /BLA/boletinlegal/apple-touch-icon.png HTTP/1.1" 404 1140
172.22.2.4 - - [19/Nov/2022:17:11:06 -0500] "GET /BLA/boletinlegal/favicon.ico HTTP/1.1" 404 1140
172.22.2.4 - - [19/Nov/2022:17:11:06 -0500] "GET /BLA/boletinlegal/apple-touch-icon-120x120-precomposed.png HTTP/1.1" 404 1140
172.22.2.4 - - [19/Nov/2022:17:11:06 -0500] "GET /BLA/boletinlegal/apple-touch-icon-120x120.png HTTP/1.1" 404 1140
172.22.2.4 - - [19/Nov/2022:17:11:06 -0500] "GET /BLA/boletinlegal/apple-touch-icon-precomposed.png HTTP/1.1" 404 1140
172.22.2.4 - - [19/Nov/2022:17:11:06 -0500] "GET /BLA/boletinlegal/apple-touch-icon.png HTTP/1.1" 404 1140
172.22.2.4 - - [19/Nov/2022:17:11:06 -0500] "GET /BLA/boletinlegal/favicon.ico HTTP/1.1" 404 1140
66.220.149.24 - - [19/Nov/2022:17:11:11 -0500] "GET /no-uses-musgo-en-la-elaboracion-de-tu-pesebre.html HTTP/1.1" 206 846
66.220.149.118 - - [19/Nov/2022:17:11:11 -0500] "GET /no-uses-musgo-en-la-elaboracion-de-tu-pesebre.html HTTP/1.1" 206 846
157.55.39.206 - - [19/Nov/2022:17:11:23 -0500] "GET /BLA/resoluciones/RESOLUCIONES%202021/2903.pdf HTTP/1.1" 200 474460
201.245.192.253 - - [19/Nov/2022:17:11:24 -0500] "POST /kwsrmcab/Wsrmcab  HTTP/1.1" 200 42393
216.245.221.92 - - [19/Nov/2022:17:11:41 -0500] "HEAD / HTTP/1.1" 200 -
172.22.2.4 - - [19/Nov/2022:17:10:15 -0500] "GET /BLA/boletinlegal/ HTTP/1.1" 200 54452
66.249.73.127 - - [19/Nov/2022:17:12:26 -0500] "-" 408 -
142.4.217.87 - - [19/Nov/2022:17:14:10 -0500] "GET /no-uses-musgo-en-la-elaboracion-de-tu-pesebre.html HTTP/1.1" 200 846
51.79.77.176 - - [19/Nov/2022:17:14:12 -0500] "GET /no-uses-musgo-en-la-elaboracion-de-tu-pesebre.html HTTP/1.1" 200 846
51.161.115.226 - - [19/Nov/2022:17:14:13 -0500] "GET /no-uses-musgo-en-la-elaboracion-de-tu-pesebre.html HTTP/1.1" 200 846
69.63.184.116 - - [19/Nov/2022:17:15:31 -0500] "GET /images/Acuerdos%2001%20(1)%20(1).jpeg HTTP/1.1" 200 32884
173.252.107.18 - - [19/Nov/2022:17:16:11 -0500] "GET /images/Musgo%20SDA%20(1)%20(1).png HTTP/1.1" 200 302122
190.26.164.133 - - [19/Nov/2022:17:16:23 -0500] "GET /BLA/resoluciones/ HTTP/1.1" 200 13093
201.245.192.253 - - [19/Nov/2022:17:16:23 -0500] "POST /kwsrmcab/Wsrmcab  HTTP/1.1" 200 42393
190.26.164.133 - - [19/Nov/2022:17:16:26 -0500] "GET /BLA/resoluciones/index.php?dir=AUTOS+2021%2F HTTP/1.1" 200 396098
216.245.221.92 - - [19/Nov/2022:17:16:41 -0500] "HEAD / HTTP/1.1" 200 -
172.22.2.4 - - [19/Nov/2022:17:15:15 -0500] "HEAD /BLA/boletinlegal/ HTTP/1.1" 200 -
172.22.2.4 - - [19/Nov/2022:17:16:05 -0500] "GET /BLA/boletinlegal/ HTTP/1.1" 200 58185
66.249.73.127 - - [19/Nov/2022:17:18:10 -0500] "-" 408 -
207.46.13.174 - - [19/Nov/2022:17:18:45 -0500] "GET /Publicaciones/2022EE240954.pdf HTTP/1.1" 404 228
183.136.225.32 - - [19/Nov/2022:17:20:36 -0500] "GET / HTTP/1.1" 200 319
201.245.192.253 - - [19/Nov/2022:17:21:04 -0500] "POST /kwsrmcab/Wsrmcab HTTP/1.1" 200 43279
201.245.192.253 - - [19/Nov/2022:17:21:07 -0500] "POST /kwsrmcab/Wsrmcab HTTP/1.1" 200 44082
40.77.167.57 - - [19/Nov/2022:17:21:15 -0500] "GET /BLA/resoluciones/AUTOS%202022/1333.pdf HTTP/1.1" 304 -
201.245.192.253 - - [19/Nov/2022:17:21:23 -0500] "POST /kwsrmcab/Wsrmcab  HTTP/1.1" 200 42393
211.249.46.40 - - [19/Nov/2022:17:21:33 -0500] "GET /no-uses-musgo-en-la-elaboracion-de-tu-pesebre.html HTTP/1.1" 200 846
216.245.221.92 - - [19/Nov/2022:17:21:41 -0500] "HEAD / HTTP/1.1" 200 -
186.80.216.54 - - [19/Nov/2022:17:22:39 -0500] "GET /galeria/galeria/jquery.fancybox.css?v=2.1.5 HTTP/1.1" 200 4895
186.80.216.54 - - [19/Nov/2022:17:22:41 -0500] "GET /BLA/boletinlegal/js/jquery.scrollShow.js HTTP/1.1" 200 4586
186.80.216.54 - - [19/Nov/2022:17:22:42 -0500] "GET /galeria/galeria/jquery.fancybox.js?v=2.1.5 HTTP/1.1" 200 48706
172.22.2.4 - - [19/Nov/2022:17:21:05 -0500] "HEAD /BLA/boletinlegal/ HTTP/1.1" 200 -
172.22.2.4 - - [19/Nov/2022:17:22:48 -0500] "GET /BLA/boletinlegal/Directivas/2017/Directiva%20No.%2002%20del%2017%20de%20Enero%20de%202017.pdf HTTP/1.1" 304 -
213.186.1.247 - - [19/Nov/2022:17:23:17 -0500] "GET /no-uses-musgo-en-la-elaboracion-de-tu-pesebre.html HTTP/1.1" 200 846
