!C99Shell v. 1.0 pre-release build #13!

Software: Apache. PHP/5.5.15 

uname -a: Windows NT SVR-DMZ 6.1 build 7600 (Windows Server 2008 R2 Enterprise Edition) i586 

SYSTEM 

Safe-mode: OFF (not secure)

E:\nuevo\apache\logs\   drwxrwxrwx
Free 7.33 GB of 239.26 GB (3.07%)
Detected drives: [ a ] [ c ] [ d ] [ e ] [ f ]
Home    Back    Forward    UPDIR    Refresh    Search    Buffer    Encoder    Tools    Proc.    FTP brute    Sec.    SQL    PHP-code    Update    Feedback    Self remove    Logout    


Viewing file:     access.2022.11.21.log (3.68 MB)      -rw-rw-rw-
Select action/file-type:
(+) | (+) | (+) | Code (+) | Session (+) | (+) | SDB (+) | (+) | (+) | (+) | (+) | (+) |
172.22.2.4 - - [20/Nov/2022:23:58:32 -0500] "GET /BLA/boletinlegal/ HTTP/1.1" 200 56474
20.231.101.203 - - [20/Nov/2022:23:59:34 -0500] "GET /BLA/boletinlegal/ HTTP/1.1" 200 59035
201.245.192.253 - - [21/Nov/2022:00:02:08 -0500] "POST /kwsrmcab/Wsrmcab  HTTP/1.1" 200 42393
216.245.221.92 - - [21/Nov/2022:00:02:16 -0500] "HEAD / HTTP/1.1" 200 -
157.55.39.206 - - [21/Nov/2022:00:03:36 -0500] "GET /BLA/resoluciones/RESOLUCIONES%202006/RES%202006%201-50/00000003.tif HTTP/1.1" 200 181052
200.114.47.36 - - [21/Nov/2022:00:04:26 -0500] "-" 408 -
172.22.2.4 - - [21/Nov/2022:00:03:31 -0500] "HEAD /BLA/boletinlegal/ HTTP/1.1" 200 -
172.22.2.4 - - [21/Nov/2022:00:04:22 -0500] "GET /BLA/boletinlegal/ HTTP/1.1" 200 59779
201.245.192.253 - - [21/Nov/2022:00:07:07 -0500] "POST /kwsrmcab/Wsrmcab  HTTP/1.1" 200 42393
216.245.221.92 - - [21/Nov/2022:00:07:16 -0500] "HEAD / HTTP/1.1" 200 -
66.249.66.60 - - [21/Nov/2022:00:08:21 -0500] "-" 408 -
157.55.39.206 - - [21/Nov/2022:00:08:47 -0500] "GET /BLA/resoluciones/RESOLUCIONES%202001/2001%20100-149.TIF HTTP/1.1" 200 9839060
40.77.167.101 - - [21/Nov/2022:00:10:57 -0500] "-" 408 -
172.22.2.4 - - [21/Nov/2022:00:09:21 -0500] "HEAD /BLA/boletinlegal/ HTTP/1.1" 200 -
172.22.2.4 - - [21/Nov/2022:00:10:12 -0500] "GET /BLA/boletinlegal/ HTTP/1.1" 200 58612
201.245.192.253 - - [21/Nov/2022:00:12:07 -0500] "POST /kwsrmcab/Wsrmcab  HTTP/1.1" 200 42393
216.245.221.92 - - [21/Nov/2022:00:12:16 -0500] "HEAD / HTTP/1.1" 200 -
66.249.66.60 - - [21/Nov/2022:00:14:21 -0500] "-" 408 -
43.134.22.252 - - [21/Nov/2022:00:15:15 -0500] "GET /portaldeninos/wp-content/uploads/2021/06/titulo-videos-ni%C3%B1os.png HTTP/1.1" 200 10502
172.22.2.4 - - [21/Nov/2022:00:15:11 -0500] "HEAD /BLA/boletinlegal/ HTTP/1.1" 200 -
201.245.192.253 - - [21/Nov/2022:00:17:05 -0500] "POST /kwsrmcab/Wsrmcab  HTTP/1.1" 200 42393
216.245.221.92 - - [21/Nov/2022:00:17:16 -0500] "HEAD / HTTP/1.1" 200 -
172.22.2.4 - - [21/Nov/2022:00:16:02 -0500] "GET /BLA/boletinlegal/ HTTP/1.1" 200 59779
194.55.186.97 - - [21/Nov/2022:00:19:56 -0500] "POST /cgi-bin/.%%%%32%%65/.%%%%32%%65/.%%%%32%%65/.%%%%32%%65/.%%%%32%%65/bin/sh HTTP/1.1" 400 945
201.245.192.253 - - [21/Nov/2022:00:20:58 -0500] "POST /kwsrmcab/Wsrmcab HTTP/1.1" 200 41883
201.245.192.253 - - [21/Nov/2022:00:21:00 -0500] "POST /kwsrmcab/Wsrmcab HTTP/1.1" 200 43785
207.46.13.104 - - [21/Nov/2022:00:21:18 -0500] "GET /documents/10184/1080972/YT1.png/c90de394-2e69-485d-9a4f-e6a9d22a9cc8?t=1592637254568 HTTP/1.1" 404 1034
201.245.192.253 - - [21/Nov/2022:00:22:05 -0500] "POST /kwsrmcab/Wsrmcab  HTTP/1.1" 200 42393
216.245.221.92 - - [21/Nov/2022:00:22:16 -0500] "HEAD / HTTP/1.1" 200 -
172.22.2.4 - - [21/Nov/2022:00:21:01 -0500] "HEAD /BLA/boletinlegal/ HTTP/1.1" 200 -
40.77.167.58 - - [21/Nov/2022:00:23:20 -0500] "GET /BLA/boletinlegal/Circulares/2019/Circular%20No.%200015%20del%2003%20de%20Octubre%20de%202019.pdf HTTP/1.1" 304 -
172.22.2.4 - - [21/Nov/2022:00:21:52 -0500] "GET /BLA/boletinlegal/ HTTP/1.1" 200 59779
207.46.13.120 - - [21/Nov/2022:00:23:48 -0500] "GET /si-tienes-ropa-y-calzado-que-ya-no-usas-aca-te-presentamos-seis-puntos-a-donde-los-puedes-llevar.html HTTP/1.1" 200 872
201.245.192.253 - - [21/Nov/2022:00:27:04 -0500] "POST /kwsrmcab/Wsrmcab  HTTP/1.1" 200 42393
216.245.221.92 - - [21/Nov/2022:00:27:16 -0500] "HEAD / HTTP/1.1" 200 -
207.46.13.120 - - [21/Nov/2022:00:28:08 -0500] "GET /portaldeninos/wp-content/uploads/2021/06/titulo-videos-ni%C3%B1os.png HTTP/1.1" 200 10502
172.22.2.4 - - [21/Nov/2022:00:26:51 -0500] "HEAD /BLA/boletinlegal/ HTTP/1.1" 200 -
172.22.2.4 - - [21/Nov/2022:00:27:41 -0500] "GET /BLA/boletinlegal/ HTTP/1.1" 200 59779
201.245.192.253 - - [21/Nov/2022:00:30:58 -0500] "POST /kwsrmcab/Wsrmcab HTTP/1.1" 200 41883
201.245.192.253 - - [21/Nov/2022:00:31:03 -0500] "POST /kwsrmcab/Wsrmcab HTTP/1.1" 200 43785
185.119.81.104 - - [21/Nov/2022:00:31:27 -0500] "GET /portaldeninos/wp-login.php HTTP/1.1" 200 2592
185.119.81.104 - - [21/Nov/2022:00:31:28 -0500] "POST /portaldeninos/wp-login.php HTTP/1.1" 200 3605
201.245.192.253 - - [21/Nov/2022:00:32:02 -0500] "POST /kwsrmcab/Wsrmcab  HTTP/1.1" 200 42393
216.245.221.92 - - [21/Nov/2022:00:32:16 -0500] "HEAD / HTTP/1.1" 200 -
95.217.144.237 - - [21/Nov/2022:00:32:25 -0500] "-" 408 -
185.119.81.109 - - [21/Nov/2022:00:34:13 -0500] "GET /portaldeninos/wp-login.php HTTP/1.1" 200 2592
185.119.81.109 - - [21/Nov/2022:00:34:14 -0500] "POST /portaldeninos/wp-login.php HTTP/1.1" 200 3605
172.22.2.4 - - [21/Nov/2022:00:32:41 -0500] "HEAD /BLA/boletinlegal/ HTTP/1.1" 200 -
172.22.2.4 - - [21/Nov/2022:00:33:31 -0500] "GET /BLA/boletinlegal/ HTTP/1.1" 200 60277
40.77.167.58 - - [21/Nov/2022:00:35:20 -0500] "GET /galeria/galeria/fotos/Humedal-la-Isla2G.jpg HTTP/1.1" 200 207490
157.55.39.42 - - [21/Nov/2022:00:36:36 -0500] "GET /portaldeninos/2021/06/05/celebracion-del-dia-mundial-del-medio-ambiente-comenzo-desde-uno-de-los-pulmones-de-bogota/ HTTP/1.1" 200 104357
201.245.192.253 - - [21/Nov/2022:00:37:01 -0500] "POST /kwsrmcab/Wsrmcab  HTTP/1.1" 200 42393
216.245.221.92 - - [21/Nov/2022:00:37:16 -0500] "HEAD / HTTP/1.1" 200 -
200.114.51.6 - - [21/Nov/2022:00:38:04 -0500] "-" 408 -
31.220.1.83 - - [21/Nov/2022:00:38:44 -0500] "GET / HTTP/1.1" 200 319
172.22.2.4 - - [21/Nov/2022:00:38:31 -0500] "HEAD /BLA/boletinlegal/ HTTP/1.1" 200 -
201.245.192.253 - - [21/Nov/2022:00:40:57 -0500] "POST /kwsrmcab/Wsrmcab HTTP/1.1" 200 41883
172.22.2.4 - - [21/Nov/2022:00:39:21 -0500] "GET /BLA/boletinlegal/ HTTP/1.1" 200 57824
201.245.192.253 - - [21/Nov/2022:00:41:00 -0500] "POST /kwsrmcab/Wsrmcab HTTP/1.1" 200 43785
201.245.192.253 - - [21/Nov/2022:00:42:00 -0500] "POST /kwsrmcab/Wsrmcab  HTTP/1.1" 200 42393
185.119.81.107 - - [21/Nov/2022:00:42:09 -0500] "GET /portaldeninos/wp-login.php HTTP/1.1" 200 2592
185.119.81.107 - - [21/Nov/2022:00:42:10 -0500] "POST /portaldeninos/wp-login.php HTTP/1.1" 200 3605
216.245.221.92 - - [21/Nov/2022:00:42:16 -0500] "HEAD / HTTP/1.1" 200 -
172.22.2.4 - - [21/Nov/2022:00:44:21 -0500] "HEAD /BLA/boletinlegal/ HTTP/1.1" 200 -
172.22.2.4 - - [21/Nov/2022:00:45:12 -0500] "GET /BLA/boletinlegal/ HTTP/1.1" 200 57824
201.245.192.253 - - [21/Nov/2022:00:46:59 -0500] "POST /kwsrmcab/Wsrmcab  HTTP/1.1" 200 42393
216.245.221.92 - - [21/Nov/2022:00:47:16 -0500] "HEAD / HTTP/1.1" 200 -
77.88.5.29 - - [21/Nov/2022:00:48:22 -0500] "-" 408 -
93.158.161.51 - - [21/Nov/2022:00:48:27 -0500] "-" 408 -
77.88.5.135 - - [21/Nov/2022:00:48:32 -0500] "-" 408 -
77.88.5.244 - - [21/Nov/2022:00:48:38 -0500] "-" 408 -
93.158.161.68 - - [21/Nov/2022:00:48:53 -0500] "-" 408 -
77.88.5.221 - - [21/Nov/2022:00:49:08 -0500] "-" 408 -
77.88.5.234 - - [21/Nov/2022:00:49:38 -0500] "-" 408 -
77.88.5.249 - - [21/Nov/2022:00:50:38 -0500] "-" 408 -
77.88.5.126 - - [21/Nov/2022:00:51:38 -0500] "-" 408 -
172.22.2.4 - - [21/Nov/2022:00:50:11 -0500] "HEAD /BLA/boletinlegal/ HTTP/1.1" 200 -
201.245.192.253 - - [21/Nov/2022:00:51:58 -0500] "POST /kwsrmcab/Wsrmcab  HTTP/1.1" 200 42393
216.245.221.92 - - [21/Nov/2022:00:52:16 -0500] "HEAD / HTTP/1.1" 200 -
172.22.2.4 - - [21/Nov/2022:00:51:01 -0500] "GET /BLA/boletinlegal/ HTTP/1.1" 200 59779
77.88.5.158 - - [21/Nov/2022:00:53:38 -0500] "-" 408 -
77.88.5.236 - - [21/Nov/2022:00:56:38 -0500] "-" 408 -
201.245.192.253 - - [21/Nov/2022:00:56:56 -0500] "POST /kwsrmcab/Wsrmcab  HTTP/1.1" 200 42393
216.245.221.92 - - [21/Nov/2022:00:57:16 -0500] "HEAD / HTTP/1.1" 200 -
40.77.167.58 - - [21/Nov/2022:00:57:33 -0500] "GET / HTTP/1.1" 200 319
172.22.2.4 - - [21/Nov/2022:00:56:01 -0500] "HEAD /BLA/boletinlegal/ HTTP/1.1" 200 -
172.22.2.4 - - [21/Nov/2022:00:56:51 -0500] "GET /BLA/boletinlegal/ HTTP/1.1" 200 59779
179.6.147.99 - - [21/Nov/2022:00:59:56 -0500] "-" 408 -
142.4.217.87 - - [21/Nov/2022:01:00:57 -0500] "GET /semana-ecoempresarial-herramientas-para-que-el-sector-economico-de-bogota-pueda-tener-un-crecimiento-verde.html HTTP/1.1" 200 918
201.245.192.253 - - [21/Nov/2022:01:01:56 -0500] "POST /kwsrmcab/Wsrmcab  HTTP/1.1" 200 42393
216.245.221.92 - - [21/Nov/2022:01:02:16 -0500] "HEAD / HTTP/1.1" 200 -
20.231.101.203 - - [21/Nov/2022:01:01:14 -0500] "GET /BLA/boletinlegal/ HTTP/1.1" 200 58185
172.22.2.4 - - [21/Nov/2022:01:01:51 -0500] "HEAD /BLA/boletinlegal/ HTTP/1.1" 200 -
141.255.166.2 - - [21/Nov/2022:01:03:52 -0500] "GET / HTTP/1.1" 200 319
172.22.2.4 - - [21/Nov/2022:01:02:41 -0500] "GET /BLA/boletinlegal/ HTTP/1.1" 200 57192
45.79.177.227 - - [21/Nov/2022:01:06:30 -0500] "GET /users/sign_in HTTP/1.1" 404 1049
201.245.192.253 - - [21/Nov/2022:01:06:54 -0500] "POST /kwsrmcab/Wsrmcab  HTTP/1.1" 200 42393
45.79.177.227 - - [21/Nov/2022:01:07:11 -0500] "GET /solr/ HTTP/1.1" 404 1049
45.79.177.227 - - [21/Nov/2022:01:07:11 -0500] "GET / HTTP/1.1" 200 319
216.245.221.92 - - [21/Nov/2022:01:07:16 -0500] "HEAD / HTTP/1.1" 200 -
45.79.177.227 - - [21/Nov/2022:01:07:24 -0500] "GET /users/sign_in HTTP/1.1" 404 1022
45.79.177.227 - - [21/Nov/2022:01:08:17 -0500] "GET /solr/ HTTP/1.1" 404 1022
45.79.177.227 - - [21/Nov/2022:01:08:17 -0500] "GET / HTTP/1.1" 200 319
172.22.2.4 - - [21/Nov/2022:01:07:41 -0500] "HEAD /BLA/boletinlegal/ HTTP/1.1" 200 -
172.22.2.4 - - [21/Nov/2022:01:08:31 -0500] "GET /BLA/boletinlegal/ HTTP/1.1" 200 56474
201.245.192.253 - - [21/Nov/2022:01:11:54 -0500] "POST /kwsrmcab/Wsrmcab  HTTP/1.1" 200 42393
95.217.144.237 - - [21/Nov/2022:01:12:01 -0500] "-" 408 -
95.217.144.237 - - [21/Nov/2022:01:12:01 -0500] "-" 408 -
95.217.144.237 - - [21/Nov/2022:01:12:01 -0500] "-" 408 -
95.217.144.237 - - [21/Nov/2022:01:12:01 -0500] "-" 408 -
95.217.144.237 - - [21/Nov/2022:01:12:01 -0500] "-" 408 -
95.217.144.245 - - [21/Nov/2022:01:12:02 -0500] "-" 408 -
95.217.144.249 - - [21/Nov/2022:01:12:05 -0500] "-" 408 -
216.245.221.92 - - [21/Nov/2022:01:12:16 -0500] "HEAD / HTTP/1.1" 200 -
95.217.144.236 - - [21/Nov/2022:01:12:16 -0500] "-" 408 -
95.217.144.245 - - [21/Nov/2022:01:12:21 -0500] "-" 408 -
172.22.2.4 - - [21/Nov/2022:01:12:32 -0500] "GET /BLA/boletinlegal/jurisprudencia/analisis/AnalisisT-095-16.docx HTTP/1.1" 200 20284
172.22.2.4 - - [21/Nov/2022:01:12:33 -0500] "GET /BLA/boletinlegal/jurisprudencia/analisis/AnalisisT-095-16.docx HTTP/1.1" 200 20284
95.217.145.45 - - [21/Nov/2022:01:12:40 -0500] "-" 408 -
152.61.128.50 - - [21/Nov/2022:01:13:18 -0500] "GET / HTTP/1.1" 200 319
172.22.2.4 - - [21/Nov/2022:01:14:32 -0500] "GET /BLA/boletinlegal/users/sign_in HTTP/1.1" 404 1038
172.22.2.4 - - [21/Nov/2022:01:13:31 -0500] "HEAD /BLA/boletinlegal/ HTTP/1.1" 200 -
152.61.192.232 - - [21/Nov/2022:01:15:18 -0500] "GET / HTTP/1.1" 200 319
172.22.2.4 - - [21/Nov/2022:01:14:21 -0500] "GET /BLA/boletinlegal/ HTTP/1.1" 200 60277
201.245.192.253 - - [21/Nov/2022:01:16:53 -0500] "POST /kwsrmcab/Wsrmcab  HTTP/1.1" 200 42393
216.245.221.92 - - [21/Nov/2022:01:17:16 -0500] "HEAD / HTTP/1.1" 200 -
172.22.2.4 - - [21/Nov/2022:01:17:29 -0500] "GET /BLA/boletinlegal/solr/ HTTP/1.1" 404 1038
172.22.2.4 - - [21/Nov/2022:01:17:30 -0500] "GET /BLA/boletinlegal/ HTTP/1.1" 200 32715
52.188.77.43 - - [21/Nov/2022:01:20:14 -0500] "GET /images/videos-postulados_optimized.jpeg HTTP/1.1" 200 139484
201.245.192.253 - - [21/Nov/2022:01:20:58 -0500] "POST /kwsrmcab/Wsrmcab HTTP/1.1" 200 41881
172.22.2.4 - - [21/Nov/2022:01:19:21 -0500] "HEAD /BLA/boletinlegal/ HTTP/1.1" 200 -
201.245.192.253 - - [21/Nov/2022:01:21:00 -0500] "POST /kwsrmcab/Wsrmcab HTTP/1.1" 200 43618
200.91.245.98 - - [21/Nov/2022:01:21:47 -0500] "GET /BLA/resoluciones/index.php?dir=RESOLUCIONES+2015%2F HTTP/1.1" 200 130562
172.22.2.4 - - [21/Nov/2022:01:20:12 -0500] "GET /BLA/boletinlegal/ HTTP/1.1" 200 60277
201.245.192.253 - - [21/Nov/2022:01:21:52 -0500] "POST /kwsrmcab/Wsrmcab  HTTP/1.1" 200 42393
216.245.221.92 - - [21/Nov/2022:01:22:16 -0500] "HEAD / HTTP/1.1" 200 -
20.83.209.255 - - [21/Nov/2022:01:24:25 -0500] "GET /.git/config HTTP/1.1" 404 1018
172.22.2.4 - - [21/Nov/2022:01:25:11 -0500] "HEAD /BLA/boletinlegal/ HTTP/1.1" 200 -
201.245.192.253 - - [21/Nov/2022:01:26:51 -0500] "POST /kwsrmcab/Wsrmcab  HTTP/1.1" 200 42393
40.77.167.13 - - [21/Nov/2022:01:27:12 -0500] "GET /BLA/resoluciones/RESOLUCIONES%202017/0493.pdf HTTP/1.1" 304 -
216.245.221.92 - - [21/Nov/2022:01:27:16 -0500] "HEAD / HTTP/1.1" 200 -
172.22.2.4 - - [21/Nov/2022:01:26:01 -0500] "GET /BLA/boletinlegal/ HTTP/1.1" 200 47659
66.249.66.23 - - [21/Nov/2022:01:28:48 -0500] "-" 408 -
207.46.13.174 - - [21/Nov/2022:01:30:19 -0500] "GET /galeria/galeria/fotos/Jaboque1P.jpg HTTP/1.1" 200 29995
201.245.192.253 - - [21/Nov/2022:01:30:57 -0500] "POST /kwsrmcab/Wsrmcab HTTP/1.1" 200 41881
201.245.192.253 - - [21/Nov/2022:01:31:01 -0500] "POST /kwsrmcab/Wsrmcab HTTP/1.1" 200 43618
185.119.81.107 - - [21/Nov/2022:01:31:10 -0500] "GET /portaldeninos/wp-login.php HTTP/1.1" 200 2592
185.119.81.107 - - [21/Nov/2022:01:31:11 -0500] "POST /portaldeninos/wp-login.php HTTP/1.1" 200 3605
201.245.192.253 - - [21/Nov/2022:01:31:50 -0500] "POST /kwsrmcab/Wsrmcab  HTTP/1.1" 200 42393
216.245.221.92 - - [21/Nov/2022:01:32:16 -0500] "HEAD / HTTP/1.1" 200 -
172.22.2.4 - - [21/Nov/2022:01:31:01 -0500] "HEAD /BLA/boletinlegal/ HTTP/1.1" 200 -
172.22.2.4 - - [21/Nov/2022:01:31:51 -0500] "GET /BLA/boletinlegal/ HTTP/1.1" 200 60277
172.22.2.4 - - [21/Nov/2022:01:34:04 -0500] "GET /BLA/boletinlegal/Circulares/2011/Circular%20No.%206%20del%2023%20de%20Septiembre%20de%202011.pdf HTTP/1.1" 304 -
201.245.192.253 - - [21/Nov/2022:01:36:49 -0500] "POST /kwsrmcab/Wsrmcab  HTTP/1.1" 502 1155
216.245.221.92 - - [21/Nov/2022:01:37:16 -0500] "HEAD / HTTP/1.1" 200 -
157.55.39.206 - - [21/Nov/2022:01:37:35 -0500] "GET /BLA/resoluciones/RESOLUCIONES%202000/2000%202150-2199.tif HTTP/1.1" 200 4923935
201.245.192.253 - - [21/Nov/2022:01:37:50 -0500] "POST /kwsrmcab/Wsrmcab  HTTP/1.1" 503 1020
172.22.2.4 - - [21/Nov/2022:01:36:51 -0500] "HEAD /BLA/boletinlegal/ HTTP/1.1" 200 -
201.245.192.253 - - [21/Nov/2022:01:38:50 -0500] "POST /kwsrmcab/Wsrmcab  HTTP/1.1" 503 1020
172.22.2.4 - - [21/Nov/2022:01:37:41 -0500] "GET /BLA/boletinlegal/ HTTP/1.1" 200 58612
201.245.192.253 - - [21/Nov/2022:01:39:49 -0500] "POST /kwsrmcab/Wsrmcab  HTTP/1.1" 200 42393
207.46.13.104 - - [21/Nov/2022:01:40:15 -0500] "GET /portaldeninos/wp-content/uploads/2020/05/fb.jpg HTTP/1.1" 200 9893
201.245.192.253 - - [21/Nov/2022:01:40:50 -0500] "POST /kwsrmcab/Wsrmcab  HTTP/1.1" 200 42393
201.245.192.253 - - [21/Nov/2022:01:40:58 -0500] "POST /kwsrmcab/Wsrmcab HTTP/1.1" 200 41881
201.245.192.253 - - [21/Nov/2022:01:41:01 -0500] "POST /kwsrmcab/Wsrmcab HTTP/1.1" 200 43618
185.119.81.98 - - [21/Nov/2022:01:41:46 -0500] "GET /portaldeninos/wp-login.php HTTP/1.1" 200 2592
185.119.81.98 - - [21/Nov/2022:01:41:47 -0500] "POST /portaldeninos/wp-login.php HTTP/1.1" 200 3670
54.203.206.11 - - [21/Nov/2022:01:42:09 -0500] "-" 408 -
216.245.221.92 - - [21/Nov/2022:01:42:16 -0500] "HEAD / HTTP/1.1" 200 -
43.134.81.129 - - [21/Nov/2022:01:42:17 -0500] "GET /galeria/galeria/fotos/diaSC3Peq.jpg HTTP/1.1" 200 24913
40.77.167.13 - - [21/Nov/2022:01:43:13 -0500] "GET /galeria/galeria/fotos/Jaboque2G.jpg HTTP/1.1" 200 322400
172.22.2.4 - - [21/Nov/2022:01:42:41 -0500] "HEAD /BLA/boletinlegal/ HTTP/1.1" 200 -
172.22.2.4 - - [21/Nov/2022:01:43:31 -0500] "GET /BLA/boletinlegal/ HTTP/1.1" 200 54816
201.245.192.253 - - [21/Nov/2022:01:45:49 -0500] "POST /kwsrmcab/Wsrmcab  HTTP/1.1" 200 42393
216.245.221.92 - - [21/Nov/2022:01:47:16 -0500] "HEAD / HTTP/1.1" 200 -
172.22.2.4 - - [21/Nov/2022:01:47:51 -0500] "GET /BLA/boletinlegal/Directivas/2018/Directiva%20No.%2027%20del%2028%20de%20diciembre%20de%202018.pdf HTTP/1.1" 304 -
172.22.2.4 - - [21/Nov/2022:01:48:31 -0500] "HEAD /BLA/boletinlegal/ HTTP/1.1" 200 -
201.245.192.253 - - [21/Nov/2022:01:50:47 -0500] "POST /kwsrmcab/Wsrmcab  HTTP/1.1" 200 42393
172.22.2.4 - - [21/Nov/2022:01:49:21 -0500] "GET /BLA/boletinlegal/ HTTP/1.1" 200 58185
166.0.218.4 - - [21/Nov/2022:01:51:45 -0500] "GET / HTTP/1.1" 200 319
207.46.13.194 - - [21/Nov/2022:01:52:10 -0500] "GET /BLA/resoluciones/RESOLUCIONES%202000/2000%201900-1949.tif HTTP/1.1" 200 4383060
216.245.221.92 - - [21/Nov/2022:01:52:16 -0500] "HEAD / HTTP/1.1" 200 -
172.22.2.4 - - [21/Nov/2022:01:52:41 -0500] "GET /BLA/boletinlegal/actuator/health HTTP/1.1" 404 1018
40.77.167.13 - - [21/Nov/2022:01:53:34 -0500] "GET / HTTP/1.1" 200 4720
201.245.192.253 - - [21/Nov/2022:01:55:46 -0500] "POST /kwsrmcab/Wsrmcab  HTTP/1.1" 200 42393
172.22.2.4 - - [21/Nov/2022:01:54:21 -0500] "HEAD /BLA/boletinlegal/ HTTP/1.1" 200 -
172.22.2.4 - - [21/Nov/2022:01:55:11 -0500] "GET /BLA/boletinlegal/ HTTP/1.1" 200 58185
216.245.221.92 - - [21/Nov/2022:01:57:16 -0500] "HEAD / HTTP/1.1" 200 -
157.55.39.39 - - [21/Nov/2022:01:57:59 -0500] "GET /BLA/resoluciones/RESOLUCIONES%202001/2001%20200-249.TIF HTTP/1.1" 200 8819186
40.77.167.13 - - [21/Nov/2022:01:58:35 -0500] "GET /sipse/faces/javax.faces.resource/primefaces.js;jsessionid=f3abxz0-3dhxggewz7xhjodo.undefined?ln=primefaces&v=4.0 HTTP/1.1" 200 276924
185.119.81.109 - - [21/Nov/2022:01:59:12 -0500] "GET /portaldeninos/wp-login.php HTTP/1.1" 200 2592
185.119.81.109 - - [21/Nov/2022:01:59:13 -0500] "POST /portaldeninos/wp-login.php HTTP/1.1" 200 3605
201.245.192.253 - - [21/Nov/2022:02:00:45 -0500] "POST /kwsrmcab/Wsrmcab  HTTP/1.1" 200 42393
152.61.128.50 - - [21/Nov/2022:02:00:51 -0500] "GET /arcgis/services/Calidad_del_Agua_WQI/MapServer/WMSServer?request=GetCapabilities&service=WMS HTTP/1.1" 503 1020
152.61.128.50 - - [21/Nov/2022:02:00:52 -0500] "GET /arcgis/services/Calidad_del_Agua_WQI/MapServer/WMSServer?SERVICE=WMS&REQUEST=GetCapabilities HTTP/1.1" 503 1020
152.61.128.50 - - [21/Nov/2022:02:00:53 -0500] "GET /arcgis/services/Calidad_del_Agua_WQI/MapServer/WMSServer?WMTVER=1.0.0&REQUEST=capabilities HTTP/1.1" 503 1020
172.22.2.4 - - [21/Nov/2022:02:00:11 -0500] "HEAD /BLA/boletinlegal/ HTTP/1.1" 200 -
152.61.192.232 - - [21/Nov/2022:02:02:06 -0500] "GET /arcgis/services/Calidad_del_Agua_WQI/MapServer/WMSServer?request=GetCapabilities&service=WMS HTTP/1.1" 503 1020
152.61.192.232 - - [21/Nov/2022:02:02:08 -0500] "GET /arcgis/services/Calidad_del_Agua_WQI/MapServer/WMSServer?SERVICE=WMS&REQUEST=GetCapabilities HTTP/1.1" 503 1020
152.61.192.232 - - [21/Nov/2022:02:02:08 -0500] "GET /arcgis/services/Calidad_del_Agua_WQI/MapServer/WMSServer?WMTVER=1.0.0&REQUEST=capabilities HTTP/1.1" 503 1020
216.245.221.92 - - [21/Nov/2022:02:02:15 -0500] "HEAD / HTTP/1.1" 200 -
172.22.2.4 - - [21/Nov/2022:02:01:01 -0500] "GET /BLA/boletinlegal/ HTTP/1.1" 200 57824
157.55.39.206 - - [21/Nov/2022:02:02:48 -0500] "GET /BLA/resoluciones/AUTOS%202022/6092.pdf HTTP/1.1" 200 300790
207.46.13.174 - - [21/Nov/2022:02:04:14 -0500] "GET /BLA/resoluciones/RESOLUCIONES%202000/2000%201250-1299.tif HTTP/1.1" 200 4609589
172.22.2.4 - - [21/Nov/2022:02:04:20 -0500] "GET /BLA/boletinlegal/api/v1 HTTP/1.1" 404 1018
20.231.101.203 - - [21/Nov/2022:02:02:55 -0500] "GET /BLA/boletinlegal/ HTTP/1.1" 200 63221
201.245.192.253 - - [21/Nov/2022:02:05:44 -0500] "POST /kwsrmcab/Wsrmcab  HTTP/1.1" 200 42393
216.245.221.92 - - [21/Nov/2022:02:07:15 -0500] "HEAD / HTTP/1.1" 200 -
172.22.2.4 - - [21/Nov/2022:02:06:01 -0500] "HEAD /BLA/boletinlegal/ HTTP/1.1" 200 -
172.22.2.4 - - [21/Nov/2022:02:06:51 -0500] "GET /BLA/boletinlegal/ HTTP/1.1" 200 58185
172.22.2.4 - - [21/Nov/2022:02:09:03 -0500] "GET /BLA/boletinlegal/Directivas/2014/Directiva%20No.%205%20del%2026%20de%20Diciembre%20de%202014.pdf HTTP/1.1" 304 -
201.245.192.253 - - [21/Nov/2022:02:10:43 -0500] "POST /kwsrmcab/Wsrmcab  HTTP/1.1" 200 42393
216.245.221.92 - - [21/Nov/2022:02:12:15 -0500] "HEAD / HTTP/1.1" 200 -
172.22.2.4 - - [21/Nov/2022:02:11:51 -0500] "HEAD /BLA/boletinlegal/ HTTP/1.1" 200 -
172.22.2.4 - - [21/Nov/2022:02:13:01 -0500] "GET /BLA/boletinlegal/ HTTP/1.1" 200 20427
172.22.2.4 - - [21/Nov/2022:02:12:41 -0500] "GET /BLA/boletinlegal/ HTTP/1.1" 200 57192
201.245.192.253 - - [21/Nov/2022:02:15:42 -0500] "POST /kwsrmcab/Wsrmcab  HTTP/1.1" 200 42393
185.119.81.109 - - [21/Nov/2022:02:16:55 -0500] "GET /portaldeninos/wp-login.php HTTP/1.1" 200 2592
185.119.81.109 - - [21/Nov/2022:02:16:56 -0500] "POST /portaldeninos/wp-login.php HTTP/1.1" 200 3605
216.245.221.92 - - [21/Nov/2022:02:17:15 -0500] "HEAD / HTTP/1.1" 200 -
181.53.13.83 - - [21/Nov/2022:02:17:20 -0500] "GET /galeria/galeria/jquery.fancybox.js?v=2.1.5 HTTP/1.1" 200 48706
181.53.13.83 - - [21/Nov/2022:02:17:20 -0500] "GET /galeria/galeria/jquery.fancybox.css?v=2.1.5 HTTP/1.1" 200 4895
181.53.13.83 - - [21/Nov/2022:02:17:20 -0500] "GET /BLA/boletinlegal/js/jquery.scrollShow.js HTTP/1.1" 200 4586
172.22.2.4 - - [21/Nov/2022:02:17:41 -0500] "HEAD /BLA/boletinlegal/ HTTP/1.1" 200 -
190.156.185.197 - - [21/Nov/2022:02:20:06 -0500] "GET /BLA/resoluciones/AUTOS%202022/4974.pdf HTTP/1.1" 200 488297
172.22.2.4 - - [21/Nov/2022:02:18:31 -0500] "GET /BLA/boletinlegal/ HTTP/1.1" 200 58185
201.245.192.253 - - [21/Nov/2022:02:20:41 -0500] "POST /kwsrmcab/Wsrmcab  HTTP/1.1" 200 42393
201.245.192.253 - - [21/Nov/2022:02:20:57 -0500] "POST /kwsrmcab/Wsrmcab HTTP/1.1" 200 42023
201.245.192.253 - - [21/Nov/2022:02:21:00 -0500] "POST /kwsrmcab/Wsrmcab HTTP/1.1" 200 43780
216.245.221.92 - - [21/Nov/2022:02:22:15 -0500] "HEAD / HTTP/1.1" 200 -
185.119.81.98 - - [21/Nov/2022:02:23:14 -0500] "GET /portaldeninos/wp-login.php HTTP/1.1" 200 2592
185.119.81.98 - - [21/Nov/2022:02:23:15 -0500] "POST /portaldeninos/wp-login.php HTTP/1.1" 200 3605
157.55.39.206 - - [21/Nov/2022:02:23:29 -0500] "GET /BLA/resoluciones/RESOLUCIONES%202000/2000%20950-999.tif HTTP/1.1" 200 4451157
207.46.13.174 - - [21/Nov/2022:02:24:18 -0500] "GET /BLA/resoluciones/RESOLUCIONES%202021/4526.pdf HTTP/1.1" 304 -
172.22.2.4 - - [21/Nov/2022:02:23:31 -0500] "HEAD /BLA/boletinlegal/ HTTP/1.1" 200 -
201.245.192.253 - - [21/Nov/2022:02:25:40 -0500] "POST /kwsrmcab/Wsrmcab  HTTP/1.1" 200 42393
172.22.2.4 - - [21/Nov/2022:02:24:21 -0500] "GET /BLA/boletinlegal/ HTTP/1.1" 200 58185
216.245.221.92 - - [21/Nov/2022:02:27:15 -0500] "HEAD / HTTP/1.1" 200 -
107.155.50.116 - - [21/Nov/2022:02:28:08 -0500] "GET / HTTP/1.1" 200 319
107.155.50.116 - - [21/Nov/2022:02:28:10 -0500] "\x16\x03\x01" 400 226
172.22.2.4 - - [21/Nov/2022:02:30:14 -0500] "GET /BLA/boletinlegal/Directivas/2016/Directiva%20No.%2002%20del%2019%20de%20Abril%20de%202016.pdf HTTP/1.1" 304 -
201.245.192.253 - - [21/Nov/2022:02:30:39 -0500] "POST /kwsrmcab/Wsrmcab  HTTP/1.1" 200 42393
201.245.192.253 - - [21/Nov/2022:02:30:57 -0500] "POST /kwsrmcab/Wsrmcab HTTP/1.1" 200 42023
172.22.2.4 - - [21/Nov/2022:02:29:21 -0500] "HEAD /BLA/boletinlegal/ HTTP/1.1" 200 -
201.245.192.253 - - [21/Nov/2022:02:31:00 -0500] "POST /kwsrmcab/Wsrmcab HTTP/1.1" 200 43780
172.22.2.4 - - [21/Nov/2022:02:30:11 -0500] "GET /BLA/boletinlegal/ HTTP/1.1" 200 56079
216.245.221.92 - - [21/Nov/2022:02:32:15 -0500] "HEAD / HTTP/1.1" 200 -
201.245.192.253 - - [21/Nov/2022:02:35:38 -0500] "POST /kwsrmcab/Wsrmcab  HTTP/1.1" 200 42393
172.22.2.4 - - [21/Nov/2022:02:35:11 -0500] "HEAD /BLA/boletinlegal/ HTTP/1.1" 200 -
216.245.221.92 - - [21/Nov/2022:02:37:15 -0500] "HEAD / HTTP/1.1" 200 -
40.77.167.58 - - [21/Nov/2022:02:37:21 -0500] "GET /BLA/boletinlegal/images/nuevo.gif HTTP/1.1" 200 26475
172.22.2.4 - - [21/Nov/2022:02:36:01 -0500] "GET /BLA/boletinlegal/ HTTP/1.1" 200 57824
201.245.192.253 - - [21/Nov/2022:02:40:37 -0500] "POST /kwsrmcab/Wsrmcab  HTTP/1.1" 200 42393
201.245.192.253 - - [21/Nov/2022:02:40:58 -0500] "POST /kwsrmcab/Wsrmcab HTTP/1.1" 200 42023
201.245.192.253 - - [21/Nov/2022:02:41:00 -0500] "POST /kwsrmcab/Wsrmcab HTTP/1.1" 200 43780
216.245.221.92 - - [21/Nov/2022:02:42:15 -0500] "HEAD / HTTP/1.1" 200 -
172.22.2.4 - - [21/Nov/2022:02:41:01 -0500] "HEAD /BLA/boletinlegal/ HTTP/1.1" 200 -
172.22.2.4 - - [21/Nov/2022:02:41:51 -0500] "GET /BLA/boletinlegal/ HTTP/1.1" 200 56825
201.245.192.253 - - [21/Nov/2022:02:45:36 -0500] "POST /kwsrmcab/Wsrmcab  HTTP/1.1" 200 42393
216.245.221.92 - - [21/Nov/2022:02:47:15 -0500] "HEAD / HTTP/1.1" 200 -
172.22.2.4 - - [21/Nov/2022:02:46:51 -0500] "HEAD /BLA/boletinlegal/ HTTP/1.1" 200 -
172.22.2.4 - - [21/Nov/2022:02:47:41 -0500] "GET /BLA/boletinlegal/ HTTP/1.1" 200 58185
66.249.66.23 - - [21/Nov/2022:02:49:56 -0500] "-" 408 -
157.55.39.39 - - [21/Nov/2022:02:50:35 -0500] "GET /BLA/resoluciones/RESOLUCIONES%202021/2577.pdf HTTP/1.1" 200 335794
201.245.192.253 - - [21/Nov/2022:02:50:35 -0500] "POST /kwsrmcab/Wsrmcab  HTTP/1.1" 200 42393
207.46.13.194 - - [21/Nov/2022:02:51:07 -0500] "GET /POT-2013/Cartografia/33_UPZ_2013_V1.pdf HTTP/1.1" 304 -
216.245.221.92 - - [21/Nov/2022:02:52:15 -0500] "HEAD / HTTP/1.1" 200 -
172.22.2.4 - - [21/Nov/2022:02:52:41 -0500] "HEAD /BLA/boletinlegal/ HTTP/1.1" 200 -
172.22.2.4 - - [21/Nov/2022:02:53:31 -0500] "GET /BLA/boletinlegal/ HTTP/1.1" 200 53739
66.249.73.100 - - [21/Nov/2022:02:55:16 -0500] "-" 408 -
69.63.184.118 - - [21/Nov/2022:02:55:23 -0500] "GET /capital-natural-para-impulsar-el-desarrollo-economico-sostenible.html HTTP/1.1" 206 942
201.245.192.253 - - [21/Nov/2022:02:55:34 -0500] "POST /kwsrmcab/Wsrmcab  HTTP/1.1" 200 42393
185.119.81.104 - - [21/Nov/2022:02:56:05 -0500] "GET /portaldeninos/wp-login.php HTTP/1.1" 200 2592
185.119.81.104 - - [21/Nov/2022:02:56:06 -0500] "POST /portaldeninos/wp-login.php HTTP/1.1" 200 3605
185.119.81.109 - - [21/Nov/2022:02:57:02 -0500] "GET /portaldeninos/wp-login.php HTTP/1.1" 200 2592
185.119.81.109 - - [21/Nov/2022:02:57:03 -0500] "POST /portaldeninos/wp-login.php HTTP/1.1" 200 3650
216.245.221.92 - - [21/Nov/2022:02:57:15 -0500] "HEAD / HTTP/1.1" 200 -
207.46.13.194 - - [21/Nov/2022:02:57:46 -0500] "GET /BLA/resoluciones/RESOLUCIONES%202001/2001%20650-699.TIF HTTP/1.1" 200 7869162
190.156.185.197 - - [21/Nov/2022:02:58:38 -0500] "GET /BLA/resoluciones/AUTOS%202022/5000.pdf HTTP/1.1" 200 490220
172.22.2.4 - - [21/Nov/2022:02:58:31 -0500] "HEAD /BLA/boletinlegal/ HTTP/1.1" 200 -
201.245.192.253 - - [21/Nov/2022:03:00:33 -0500] "POST /kwsrmcab/Wsrmcab  HTTP/1.1" 200 42393
172.22.2.4 - - [21/Nov/2022:02:59:21 -0500] "GET /BLA/boletinlegal/ HTTP/1.1" 200 60277
216.245.221.92 - - [21/Nov/2022:03:02:15 -0500] "HEAD / HTTP/1.1" 200 -
201.245.192.253 - - [21/Nov/2022:03:05:32 -0500] "POST /kwsrmcab/Wsrmcab  HTTP/1.1" 200 42393
172.22.2.4 - - [21/Nov/2022:03:04:21 -0500] "HEAD /BLA/boletinlegal/ HTTP/1.1" 200 -
20.231.101.203 - - [21/Nov/2022:03:04:35 -0500] "GET /BLA/boletinlegal/ HTTP/1.1" 200 48801
172.22.2.4 - - [21/Nov/2022:03:05:11 -0500] "GET /BLA/boletinlegal/ HTTP/1.1" 200 51643
216.245.221.92 - - [21/Nov/2022:03:07:15 -0500] "HEAD / HTTP/1.1" 200 -
185.119.81.109 - - [21/Nov/2022:03:07:39 -0500] "GET /portaldeninos/wp-login.php HTTP/1.1" 200 2592
185.119.81.109 - - [21/Nov/2022:03:07:40 -0500] "POST /portaldeninos/wp-login.php HTTP/1.1" 200 3670
79.110.72.255 - - [21/Nov/2022:03:08:51 -0500] "GET /forest/ HTTP/1.1" 200 12041
209.141.55.120 - - [21/Nov/2022:03:10:29 -0500] "GET /portaldeninos/ HTTP/1.1" 200 110197
201.245.192.253 - - [21/Nov/2022:03:10:31 -0500] "POST /kwsrmcab/Wsrmcab  HTTP/1.1" 200 42393
205.185.116.89 - - [21/Nov/2022:03:10:36 -0500] "GET /portaldeninos/ HTTP/1.1" 200 110197
172.22.2.4 - - [21/Nov/2022:03:10:11 -0500] "HEAD /BLA/boletinlegal/ HTTP/1.1" 200 -
216.245.221.92 - - [21/Nov/2022:03:12:15 -0500] "HEAD / HTTP/1.1" 200 -
172.22.2.4 - - [21/Nov/2022:03:11:01 -0500] "GET /BLA/boletinlegal/ HTTP/1.1" 200 56825
185.119.81.106 - - [21/Nov/2022:03:14:15 -0500] "GET /portaldeninos/wp-login.php HTTP/1.1" 200 2592
185.119.81.106 - - [21/Nov/2022:03:14:16 -0500] "POST /portaldeninos/wp-login.php HTTP/1.1" 200 3650
201.245.192.253 - - [21/Nov/2022:03:15:30 -0500] "POST /kwsrmcab/Wsrmcab  HTTP/1.1" 200 42393
157.55.39.206 - - [21/Nov/2022:03:15:54 -0500] "GET /galeria/galeria/fotos/Humedal-la-conejera1G.jpg HTTP/1.1" 200 340987
185.119.81.106 - - [21/Nov/2022:03:16:47 -0500] "GET /portaldeninos/wp-login.php HTTP/1.1" 200 2592
185.119.81.106 - - [21/Nov/2022:03:16:48 -0500] "POST /portaldeninos/wp-login.php HTTP/1.1" 200 3605
216.245.221.92 - - [21/Nov/2022:03:17:15 -0500] "HEAD / HTTP/1.1" 200 -
172.22.2.4 - - [21/Nov/2022:03:16:01 -0500] "HEAD /BLA/boletinlegal/ HTTP/1.1" 200 -
172.22.2.4 - - [21/Nov/2022:03:16:51 -0500] "GET /BLA/boletinlegal/ HTTP/1.1" 200 53739
207.46.13.194 - - [21/Nov/2022:03:19:21 -0500] "GET /BLA/resoluciones/AUTOS%202021/5770.pdf HTTP/1.1" 304 -
157.55.39.39 - - [21/Nov/2022:03:20:25 -0500] "GET /galeria/galeria/fotos/4humedal-Burro4G.jpg HTTP/1.1" 200 98452
201.245.192.253 - - [21/Nov/2022:03:20:29 -0500] "POST /kwsrmcab/Wsrmcab  HTTP/1.1" 200 42393
201.245.192.253 - - [21/Nov/2022:03:20:57 -0500] "POST /kwsrmcab/Wsrmcab HTTP/1.1" 200 41881
201.245.192.253 - - [21/Nov/2022:03:21:00 -0500] "POST /kwsrmcab/Wsrmcab HTTP/1.1" 200 43780
216.245.221.92 - - [21/Nov/2022:03:22:15 -0500] "HEAD / HTTP/1.1" 200 -
173.252.127.20 - - [21/Nov/2022:03:22:27 -0500] "GET /images/Acuerdos%2001%20(1)%20(1).jpeg HTTP/1.1" 200 32884
173.252.127.18 - - [21/Nov/2022:03:22:27 -0500] "GET /images/Musgo%20SDA%20(1)%20(1).png HTTP/1.1" 200 302122
173.252.127.3 - - [21/Nov/2022:03:22:30 -0500] "GET /images/Reciclaton%20Nov%202022%20(1)%20(1).jpeg HTTP/1.1" 200 53811
157.55.39.39 - - [21/Nov/2022:03:23:26 -0500] "GET /BLA/resoluciones/RESOLUCIONES%202001/2001%20300-349.TIF HTTP/1.1" 200 9570664
172.22.2.4 - - [21/Nov/2022:03:21:51 -0500] "HEAD /BLA/boletinlegal/ HTTP/1.1" 200 -
66.249.73.97 - - [21/Nov/2022:03:23:39 -0500] "-" 408 -
172.22.2.4 - - [21/Nov/2022:03:22:41 -0500] "GET /BLA/boletinlegal/ HTTP/1.1" 200 60277
172.22.2.4 - - [21/Nov/2022:03:25:19 -0500] "GET /BLA/boletinlegal/Circulares/2019/Circular%20No.%200005%20del%2020%20de%20Marzo%20de%202019.pdf HTTP/1.1" 304 -
201.245.192.253 - - [21/Nov/2022:03:25:29 -0500] "POST /kwsrmcab/Wsrmcab  HTTP/1.1" 200 42393
216.245.221.92 - - [21/Nov/2022:03:27:15 -0500] "HEAD / HTTP/1.1" 200 -
141.255.166.2 - - [21/Nov/2022:03:28:51 -0500] "GET / HTTP/1.1" 200 319
172.22.2.4 - - [21/Nov/2022:03:27:41 -0500] "HEAD /BLA/boletinlegal/ HTTP/1.1" 200 -
172.22.2.4 - - [21/Nov/2022:03:28:31 -0500] "GET /BLA/boletinlegal/ HTTP/1.1" 200 59779
201.245.192.253 - - [21/Nov/2022:03:30:28 -0500] "POST /kwsrmcab/Wsrmcab  HTTP/1.1" 200 42393
201.245.192.253 - - [21/Nov/2022:03:30:57 -0500] "POST /kwsrmcab/Wsrmcab HTTP/1.1" 200 41881
201.245.192.253 - - [21/Nov/2022:03:30:59 -0500] "POST /kwsrmcab/Wsrmcab HTTP/1.1" 200 43780
40.77.167.13 - - [21/Nov/2022:03:31:34 -0500] "GET /BLA/boletinlegal/Directivas/2011/Directiva%20No.%202%20del%2017%20de%20Mayo%20de%202011.pdf HTTP/1.1" 304 -
216.245.221.92 - - [21/Nov/2022:03:32:15 -0500] "HEAD / HTTP/1.1" 200 -
157.55.39.206 - - [21/Nov/2022:03:34:06 -0500] "GET /BLA/resoluciones/RESOLUCIONES%202001/2001%20600-649.TIF HTTP/1.1" 200 9885868
172.22.2.4 - - [21/Nov/2022:03:33:31 -0500] "HEAD /BLA/boletinlegal/ HTTP/1.1" 200 -
201.245.192.253 - - [21/Nov/2022:03:35:26 -0500] "POST /kwsrmcab/Wsrmcab  HTTP/1.1" 200 42393
172.22.2.4 - - [21/Nov/2022:03:34:21 -0500] "GET /BLA/boletinlegal/ HTTP/1.1" 200 60277
172.22.2.4 - - [21/Nov/2022:03:36:37 -0500] "GET /BLA/boletinlegal/robots.txt HTTP/1.1" 404 1038
172.22.2.4 - - [21/Nov/2022:03:36:37 -0500] "GET /BLA/boletinlegal/actos.php HTTP/1.1" 200 9566
172.22.2.4 - - [21/Nov/2022:03:36:58 -0500] "GET /BLA/boletinlegal/js/jquery1.js HTTP/1.1" 200 29846
216.245.221.92 - - [21/Nov/2022:03:37:15 -0500] "HEAD / HTTP/1.1" 200 -
185.119.81.106 - - [21/Nov/2022:03:40:01 -0500] "GET /portaldeninos/wp-login.php HTTP/1.1" 200 2592
185.119.81.106 - - [21/Nov/2022:03:40:02 -0500] "POST /portaldeninos/wp-login.php HTTP/1.1" 200 3605
201.245.192.253 - - [21/Nov/2022:03:40:25 -0500] "POST /kwsrmcab/Wsrmcab  HTTP/1.1" 200 42393
201.245.192.253 - - [21/Nov/2022:03:40:57 -0500] "POST /kwsrmcab/Wsrmcab HTTP/1.1" 200 41881
172.22.2.4 - - [21/Nov/2022:03:39:21 -0500] "HEAD /BLA/boletinlegal/ HTTP/1.1" 200 -
201.245.192.253 - - [21/Nov/2022:03:41:00 -0500] "POST /kwsrmcab/Wsrmcab HTTP/1.1" 200 43780
172.22.2.4 - - [21/Nov/2022:03:40:11 -0500] "GET /BLA/boletinlegal/ HTTP/1.1" 200 59779
216.245.221.92 - - [21/Nov/2022:03:42:15 -0500] "HEAD / HTTP/1.1" 200 -
40.77.167.13 - - [21/Nov/2022:03:42:14 -0500] "GET /sipse/faces/javax.faces.resource/jquery/jquery.js;jsessionid=f3abxz0-3dhxggewz7xhjodo.undefined?ln=primefaces&v=4.0 HTTP/1.1" 200 105384
185.119.81.104 - - [21/Nov/2022:03:42:39 -0500] "GET /portaldeninos/wp-login.php HTTP/1.1" 200 2592
185.119.81.104 - - [21/Nov/2022:03:42:40 -0500] "POST /portaldeninos/wp-login.php HTTP/1.1" 200 3650
172.22.2.4 - - [21/Nov/2022:03:44:37 -0500] "GET /BLA/boletinlegal/jurisprudencia/analisis/AnalisisC-273-11.docx HTTP/1.1" 304 -
201.245.192.253 - - [21/Nov/2022:03:45:24 -0500] "POST /kwsrmcab/Wsrmcab  HTTP/1.1" 200 42393
172.22.2.4 - - [21/Nov/2022:03:45:11 -0500] "HEAD /BLA/boletinlegal/ HTTP/1.1" 200 -
216.245.221.92 - - [21/Nov/2022:03:47:15 -0500] "HEAD / HTTP/1.1" 200 -
172.22.2.4 - - [21/Nov/2022:03:46:01 -0500] "GET /BLA/boletinlegal/ HTTP/1.1" 200 59779
40.77.167.13 - - [21/Nov/2022:03:47:45 -0500] "GET /BLA/resoluciones/RESOLUCIONES%202000/2000%202550-2599.tif HTTP/1.1" 200 3979120
201.245.192.253 - - [21/Nov/2022:03:50:22 -0500] "POST /kwsrmcab/Wsrmcab  HTTP/1.1" 200 42393
216.245.221.92 - - [21/Nov/2022:03:52:15 -0500] "HEAD / HTTP/1.1" 200 -
172.22.2.4 - - [21/Nov/2022:03:51:01 -0500] "HEAD /BLA/boletinlegal/ HTTP/1.1" 200 -
172.22.2.4 - - [21/Nov/2022:03:51:51 -0500] "GET /BLA/boletinlegal/ HTTP/1.1" 200 59779
201.245.192.253 - - [21/Nov/2022:03:55:21 -0500] "POST /kwsrmcab/Wsrmcab  HTTP/1.1" 200 42393
194.55.186.97 - - [21/Nov/2022:03:56:42 -0500] "POST /cgi-bin/.%%%%32%%65/.%%%%32%%65/.%%%%32%%65/.%%%%32%%65/.%%%%32%%65/bin/sh HTTP/1.1" 400 945
216.245.221.92 - - [21/Nov/2022:03:57:15 -0500] "HEAD / HTTP/1.1" 200 -
172.22.2.4 - - [21/Nov/2022:03:56:51 -0500] "HEAD /BLA/boletinlegal/ HTTP/1.1" 200 -
172.22.2.4 - - [21/Nov/2022:03:57:41 -0500] "GET /BLA/boletinlegal/ HTTP/1.1" 200 60277
207.46.13.174 - - [21/Nov/2022:04:00:19 -0500] "GET /galeria/mapa/humedal2017.jpg HTTP/1.1" 200 644667
201.245.192.253 - - [21/Nov/2022:04:00:20 -0500] "POST /kwsrmcab/Wsrmcab  HTTP/1.1" 200 42393
190.156.185.197 - - [21/Nov/2022:04:00:33 -0500] "GET /BLA/resoluciones/AUTOS%202022/6059.pdf HTTP/1.1" 200 535793
172.22.2.4 - - [21/Nov/2022:04:00:40 -0500] "GET /BLA/boletinlegal/Circulares/2022/CIRCULAR%20No.%2000003%20DEL%2007%20DE%20MARZO%20DEL%202022.pdf HTTP/1.1" 304 -
216.245.221.92 - - [21/Nov/2022:04:02:15 -0500] "HEAD / HTTP/1.1" 200 -
172.22.2.4 - - [21/Nov/2022:04:02:41 -0500] "HEAD /BLA/boletinlegal/ HTTP/1.1" 200 -
172.22.2.4 - - [21/Nov/2022:04:03:31 -0500] "GET /BLA/boletinlegal/ HTTP/1.1" 200 56825
201.245.192.253 - - [21/Nov/2022:04:05:19 -0500] "POST /kwsrmcab/Wsrmcab  HTTP/1.1" 200 42393
185.119.81.98 - - [21/Nov/2022:04:05:28 -0500] "GET /portaldeninos/wp-login.php HTTP/1.1" 200 2592
185.119.81.98 - - [21/Nov/2022:04:05:29 -0500] "POST /portaldeninos/wp-login.php HTTP/1.1" 200 3670
216.245.221.92 - - [21/Nov/2022:04:07:15 -0500] "HEAD / HTTP/1.1" 200 -
207.46.13.194 - - [21/Nov/2022:04:07:33 -0500] "GET /BLA/resoluciones/RESOLUCIONES%202001/2001%201550-1607.tif HTTP/1.1" 200 3610490
20.231.101.203 - - [21/Nov/2022:04:06:16 -0500] "GET /BLA/boletinlegal/ HTTP/1.1" 200 63221
172.22.2.4 - - [21/Nov/2022:04:08:36 -0500] "GET /BLA/boletinlegal/Directivas/2018/Directiva%20No.%2024%20del%2027%20de%20diciembre%20de%202018.pdf HTTP/1.1" 304 -
207.46.13.174 - - [21/Nov/2022:04:09:29 -0500] "GET /BLA/resoluciones/RESOLUCIONES%202000/2000%201050-1099.tif HTTP/1.1" 200 4573468
172.22.2.4 - - [21/Nov/2022:04:08:31 -0500] "HEAD /BLA/boletinlegal/ HTTP/1.1" 200 -
201.245.192.253 - - [21/Nov/2022:04:10:18 -0500] "POST /kwsrmcab/Wsrmcab  HTTP/1.1" 200 42393
172.22.2.4 - - [21/Nov/2022:04:09:21 -0500] "GET /BLA/boletinlegal/ HTTP/1.1" 200 59779
216.245.221.92 - - [21/Nov/2022:04:12:15 -0500] "HEAD / HTTP/1.1" 200 -
185.119.81.109 - - [21/Nov/2022:04:13:42 -0500] "GET /portaldeninos/wp-login.php HTTP/1.1" 200 2592
185.119.81.109 - - [21/Nov/2022:04:13:43 -0500] "POST /portaldeninos/wp-login.php HTTP/1.1" 200 3670
43.134.83.167 - - [21/Nov/2022:04:14:14 -0500] "GET /galeria/galeria/fotos/diaSC7Peq.jpg HTTP/1.1" 200 18357
40.77.167.13 - - [21/Nov/2022:04:15:17 -0500] "GET /BLA/resoluciones/RESOLUCIONES%202000/2000%201600-1649.tif HTTP/1.1" 200 4758753
201.245.192.253 - - [21/Nov/2022:04:15:17 -0500] "POST /kwsrmcab/Wsrmcab  HTTP/1.1" 200 42393
172.22.2.4 - - [21/Nov/2022:04:14:21 -0500] "HEAD /BLA/boletinlegal/ HTTP/1.1" 200 -
172.22.2.4 - - [21/Nov/2022:04:15:11 -0500] "GET /BLA/boletinlegal/ HTTP/1.1" 200 57824
216.245.221.92 - - [21/Nov/2022:04:17:15 -0500] "HEAD / HTTP/1.1" 200 -
157.55.39.39 - - [21/Nov/2022:04:19:14 -0500] "GET /BLA/resoluciones/RESOLUCIONES%202000/2000%202250-2299.tif HTTP/1.1" 200 4902444
157.55.39.39 - - [21/Nov/2022:04:19:43 -0500] "GET /BLA/resoluciones/RESOLUCIONES%202001/2001%201300-1349.tif HTTP/1.1" 200 4561457
201.245.192.253 - - [21/Nov/2022:04:20:16 -0500] "POST /kwsrmcab/Wsrmcab  HTTP/1.1" 200 42393
181.214.218.69 - - [21/Nov/2022:04:20:45 -0500] "GET / HTTP/1.1" 200 319
201.245.192.253 - - [21/Nov/2022:04:20:57 -0500] "POST /kwsrmcab/Wsrmcab HTTP/1.1" 200 42031
201.245.192.253 - - [21/Nov/2022:04:21:00 -0500] "POST /kwsrmcab/Wsrmcab HTTP/1.1" 200 43789
172.22.2.4 - - [21/Nov/2022:04:20:11 -0500] "HEAD /BLA/boletinlegal/ HTTP/1.1" 200 -
185.119.81.107 - - [21/Nov/2022:04:22:13 -0500] "GET /portaldeninos/wp-login.php HTTP/1.1" 200 2592
185.119.81.107 - - [21/Nov/2022:04:22:14 -0500] "POST /portaldeninos/wp-login.php HTTP/1.1" 200 3605
216.245.221.92 - - [21/Nov/2022:04:22:15 -0500] "HEAD / HTTP/1.1" 200 -
172.22.2.4 - - [21/Nov/2022:04:21:01 -0500] "GET /BLA/boletinlegal/ HTTP/1.1" 200 58185
172.22.2.4 - - [21/Nov/2022:04:24:36 -0500] "GET /BLA/boletinlegal/Directivas/2011/Directiva%20No.%205%20del%2029%20de%20Agosto%20de%202011.pdf HTTP/1.1" 304 -
201.245.192.253 - - [21/Nov/2022:04:25:14 -0500] "POST /kwsrmcab/Wsrmcab  HTTP/1.1" 200 42393
185.119.81.106 - - [21/Nov/2022:04:26:26 -0500] "GET /portaldeninos/wp-login.php HTTP/1.1" 200 2592
185.119.81.106 - - [21/Nov/2022:04:26:27 -0500] "POST /portaldeninos/wp-login.php HTTP/1.1" 200 3605
216.245.221.92 - - [21/Nov/2022:04:27:15 -0500] "HEAD / HTTP/1.1" 200 -
172.22.2.4 - - [21/Nov/2022:04:26:01 -0500] "HEAD /BLA/boletinlegal/ HTTP/1.1" 200 -
172.22.2.4 - - [21/Nov/2022:04:26:51 -0500] "GET /BLA/boletinlegal/ HTTP/1.1" 200 57824
201.245.192.253 - - [21/Nov/2022:04:30:13 -0500] "POST /kwsrmcab/Wsrmcab  HTTP/1.1" 200 42393
207.46.13.194 - - [21/Nov/2022:04:30:25 -0500] "GET /galeria/galeria/fotos/1GuaymaralTorcaG1.jpg HTTP/1.1" 200 36592
201.245.192.253 - - [21/Nov/2022:04:30:57 -0500] "POST /kwsrmcab/Wsrmcab HTTP/1.1" 200 42031
201.245.192.253 - - [21/Nov/2022:04:31:00 -0500] "POST /kwsrmcab/Wsrmcab HTTP/1.1" 200 43789
108.174.5.112 - - [21/Nov/2022:04:31:33 -0500] "GET /que-orgullo-bogota-obtiene-reconocimiento-por-sus-planes-y-acciones-para-enfrentar-el-cambio-climatico.html HTTP/1.1" 206 773
108.174.5.112 - - [21/Nov/2022:04:31:35 -0500] "GET /que-orgullo-bogota-obtiene-reconocimiento-por-sus-planes-y-acciones-para-enfrentar-el-cambio-climatico.html HTTP/1.1" 206 773
185.119.81.109 - - [21/Nov/2022:04:32:12 -0500] "GET /portaldeninos/wp-login.php HTTP/1.1" 200 2592
185.119.81.109 - - [21/Nov/2022:04:32:13 -0500] "POST /portaldeninos/wp-login.php HTTP/1.1" 200 3605
216.245.221.92 - - [21/Nov/2022:04:32:15 -0500] "HEAD / HTTP/1.1" 200 -
172.22.2.4 - - [21/Nov/2022:04:32:35 -0500] "GET /BLA/boletinlegal/jurisprudencia/analisis/CUADRO%20ANALISIS%20SENTENCIA%20C-554%20DE%202007.doc HTTP/1.1" 304 -
172.22.2.4 - - [21/Nov/2022:04:31:51 -0500] "HEAD /BLA/boletinlegal/ HTTP/1.1" 200 -
172.22.2.4 - - [21/Nov/2022:04:32:41 -0500] "GET /BLA/boletinlegal/ HTTP/1.1" 200 54452
201.245.192.253 - - [21/Nov/2022:04:35:12 -0500] "POST /kwsrmcab/Wsrmcab  HTTP/1.1" 200 42393
216.245.221.92 - - [21/Nov/2022:04:37:15 -0500] "HEAD / HTTP/1.1" 200 -
172.22.2.4 - - [21/Nov/2022:04:39:01 -0500] "GET /BLA/boletinlegal/.env HTTP/1.1" 404 1018
172.22.2.4 - - [21/Nov/2022:04:37:41 -0500] "HEAD /BLA/boletinlegal/ HTTP/1.1" 200 -
172.22.2.4 - - [21/Nov/2022:04:39:03 -0500] "POST /BLA/boletinlegal/ HTTP/1.1" 200 24523
172.22.2.4 - - [21/Nov/2022:04:38:31 -0500] "GET /BLA/boletinlegal/ HTTP/1.1" 200 51643
201.245.192.253 - - [21/Nov/2022:04:40:12 -0500] "POST /kwsrmcab/Wsrmcab  HTTP/1.1" 200 42393
172.22.2.4 - - [21/Nov/2022:04:40:35 -0500] "GET /BLA/boletinlegal/Circulares/2010/Circular%2004%20de%2021%20de%20abril%20de%202010.pdf HTTP/1.1" 304 -
201.245.192.253 - - [21/Nov/2022:04:40:57 -0500] "POST /kwsrmcab/Wsrmcab HTTP/1.1" 200 42031
201.245.192.253 - - [21/Nov/2022:04:41:00 -0500] "POST /kwsrmcab/Wsrmcab HTTP/1.1" 200 43789
216.245.221.92 - - [21/Nov/2022:04:42:15 -0500] "HEAD / HTTP/1.1" 200 -
172.22.2.4 - - [21/Nov/2022:04:43:31 -0500] "HEAD /BLA/boletinlegal/ HTTP/1.1" 200 -
201.245.192.253 - - [21/Nov/2022:04:45:10 -0500] "POST /kwsrmcab/Wsrmcab  HTTP/1.1" 200 42393
172.22.2.4 - - [21/Nov/2022:04:44:21 -0500] "GET /BLA/boletinlegal/ HTTP/1.1" 200 57192
216.245.221.92 - - [21/Nov/2022:04:47:15 -0500] "HEAD / HTTP/1.1" 200 -
185.119.81.99 - - [21/Nov/2022:04:47:46 -0500] "GET /portaldeninos/wp-login.php HTTP/1.1" 200 2592
185.119.81.99 - - [21/Nov/2022:04:47:47 -0500] "POST /portaldeninos/wp-login.php HTTP/1.1" 200 3605
172.22.2.4 - - [21/Nov/2022:04:48:35 -0500] "GET /BLA/boletinlegal/Circulares/2012/Circular%20No.%2015%20del%2022%20de%20octubre%20de%202012.pdf HTTP/1.1" 200 486506
172.22.2.4 - - [21/Nov/2022:04:49:56 -0500] "GET /BLA/boletinlegal/Directivas/2011/Directiva%20No.%206%20del%208%20de%20Septiembre%20de%202011.pdf HTTP/1.1" 304 -
201.245.192.253 - - [21/Nov/2022:04:50:10 -0500] "POST /kwsrmcab/Wsrmcab  HTTP/1.1" 200 42393
172.22.2.4 - - [21/Nov/2022:04:49:21 -0500] "HEAD /BLA/boletinlegal/ HTTP/1.1" 200 -
172.22.2.4 - - [21/Nov/2022:04:50:11 -0500] "GET /BLA/boletinlegal/ HTTP/1.1" 200 58612
216.245.221.92 - - [21/Nov/2022:04:52:15 -0500] "HEAD / HTTP/1.1" 200 -
201.245.192.253 - - [21/Nov/2022:04:55:09 -0500] "POST /kwsrmcab/Wsrmcab  HTTP/1.1" 200 42393
207.46.13.194 - - [21/Nov/2022:04:55:28 -0500] "GET /BLA/resoluciones/Notificaciones/AUTOS%202017/1332.pdf HTTP/1.1" 304 -
172.22.2.4 - - [21/Nov/2022:04:55:11 -0500] "HEAD /BLA/boletinlegal/ HTTP/1.1" 200 -
216.245.221.92 - - [21/Nov/2022:04:57:15 -0500] "HEAD / HTTP/1.1" 200 -
172.22.2.4 - - [21/Nov/2022:04:56:01 -0500] "GET /BLA/boletinlegal/ HTTP/1.1" 200 54452
201.245.192.253 - - [21/Nov/2022:05:00:09 -0500] "POST /kwsrmcab/Wsrmcab  HTTP/1.1" 200 42393
66.249.73.100 - - [21/Nov/2022:05:00:12 -0500] "-" 408 -
92.118.39.78 - - [21/Nov/2022:05:02:04 -0500] "GET / HTTP/1.1" 200 319
216.245.221.92 - - [21/Nov/2022:05:02:15 -0500] "HEAD / HTTP/1.1" 200 -
172.22.2.4 - - [21/Nov/2022:05:01:01 -0500] "HEAD /BLA/boletinlegal/ HTTP/1.1" 200 -
185.119.81.104 - - [21/Nov/2022:05:02:43 -0500] "GET /portaldeninos/wp-login.php HTTP/1.1" 200 2592
185.119.81.104 - - [21/Nov/2022:05:02:44 -0500] "POST /portaldeninos/wp-login.php HTTP/1.1" 200 3670
190.156.185.197 - - [21/Nov/2022:05:03:27 -0500] "GET /BLA/resoluciones/AUTOS%202022/4995.pdf HTTP/1.1" 200 497917
172.22.2.4 - - [21/Nov/2022:05:01:51 -0500] "GET /BLA/boletinlegal/ HTTP/1.1" 200 58185
201.245.192.253 - - [21/Nov/2022:05:05:07 -0500] "POST /kwsrmcab/Wsrmcab  HTTP/1.1" 200 42393
216.245.221.92 - - [21/Nov/2022:05:07:15 -0500] "HEAD / HTTP/1.1" 200 -
172.22.2.4 - - [21/Nov/2022:05:06:51 -0500] "HEAD /BLA/boletinlegal/ HTTP/1.1" 200 -
172.22.2.4 - - [21/Nov/2022:05:07:41 -0500] "GET /BLA/boletinlegal/ HTTP/1.1" 200 44920
20.231.101.203 - - [21/Nov/2022:05:07:56 -0500] "GET /BLA/boletinlegal/ HTTP/1.1" 200 45717
201.245.192.253 - - [21/Nov/2022:05:10:05 -0500] "POST /kwsrmcab/Wsrmcab  HTTP/1.1" 200 42393
185.119.81.109 - - [21/Nov/2022:05:11:26 -0500] "GET /portaldeninos/wp-login.php HTTP/1.1" 200 2592
185.119.81.109 - - [21/Nov/2022:05:11:27 -0500] "POST /portaldeninos/wp-login.php HTTP/1.1" 200 3605
66.249.73.127 - - [21/Nov/2022:05:11:28 -0500] "-" 408 -
216.245.221.92 - - [21/Nov/2022:05:12:15 -0500] "HEAD / HTTP/1.1" 200 -
141.255.166.2 - - [21/Nov/2022:05:13:26 -0500] "GET / HTTP/1.1" 200 319
172.22.2.4 - - [21/Nov/2022:05:12:41 -0500] "HEAD /BLA/boletinlegal/ HTTP/1.1" 200 -
201.245.192.253 - - [21/Nov/2022:05:15:04 -0500] "POST /kwsrmcab/Wsrmcab  HTTP/1.1" 200 42393
172.22.2.4 - - [21/Nov/2022:05:13:31 -0500] "GET /BLA/boletinlegal/ HTTP/1.1" 200 58612
216.245.221.92 - - [21/Nov/2022:05:17:14 -0500] "HEAD / HTTP/1.1" 200 -
172.22.2.4 - - [21/Nov/2022:05:18:51 -0500] "GET /BLA/boletinlegal/style.css HTTP/1.1" 200 9406
172.22.2.4 - - [21/Nov/2022:05:18:51 -0500] "GET /BLA/boletinlegal/styles2.css HTTP/1.1" 200 1838
172.22.2.4 - - [21/Nov/2022:05:18:51 -0500] "GET /BLA/boletinlegal/js/jquery.js HTTP/1.1" 200 57254
172.22.2.4 - - [21/Nov/2022:05:18:51 -0500] "GET /BLA/boletinlegal/js/jquery.scrollTo-min.js HTTP/1.1" 200 1150
172.22.2.4 - - [21/Nov/2022:05:18:51 -0500] "GET /BLA/boletinlegal/js/jquery.scrollShow.js HTTP/1.1" 200 4586
172.22.2.4 - - [21/Nov/2022:05:18:51 -0500] "GET /BLA/boletinlegal/images/cabezote%20BLEGAL.jpg HTTP/1.1" 200 118164
172.22.2.4 - - [21/Nov/2022:05:18:51 -0500] "GET /BLA/boletinlegal/images/subscribe-icon-big.png HTTP/1.1" 200 47702
172.22.2.4 - - [21/Nov/2022:05:18:51 -0500] "GET /BLA/boletinlegal/images/historia.png HTTP/1.1" 200 52775
172.22.2.4 - - [21/Nov/2022:05:18:51 -0500] "GET /BLA/boletinlegal/images/registro-usuarios.png HTTP/1.1" 200 8106
172.22.2.4 - - [21/Nov/2022:05:18:51 -0500] "GET /BLA/boletinlegal/images/arr_l.jpg HTTP/1.1" 200 1979
172.22.2.4 - - [21/Nov/2022:05:18:51 -0500] "GET /BLA/boletinlegal/images/screen_1.png HTTP/1.1" 200 202547
172.22.2.4 - - [21/Nov/2022:05:18:51 -0500] "GET /BLA/boletinlegal/images/launch.jpg HTTP/1.1" 200 14577
172.22.2.4 - - [21/Nov/2022:05:18:51 -0500] "GET /BLA/boletinlegal/images/body_bg.jpg HTTP/1.1" 200 1601
172.22.2.4 - - [21/Nov/2022:05:18:51 -0500] "GET /BLA/boletinlegal/images/menu_lft.gif HTTP/1.1" 200 1713
172.22.2.4 - - [21/Nov/2022:05:18:51 -0500] "GET /BLA/boletinlegal/images/menu_rght.gif HTTP/1.1" 200 1627
172.22.2.4 - - [21/Nov/2022:05:18:51 -0500] "GET /BLA/boletinlegal/images/menu_bg.jpg HTTP/1.1" 200 620
172.22.2.4 - - [21/Nov/2022:05:18:51 -0500] "GET /BLA/boletinlegal/images/bg_top.jpg HTTP/1.1" 200 522
172.22.2.4 - - [21/Nov/2022:05:18:51 -0500] "GET /BLA/boletinlegal/images/text.jpg HTTP/1.1" 200 568
172.22.2.4 - - [21/Nov/2022:05:18:51 -0500] "GET /BLA/boletinlegal/images/hover.jpg HTTP/1.1" 200 640
172.22.2.4 - - [21/Nov/2022:05:18:53 -0500] "GET /BLA/boletinlegal/actos.php HTTP/1.1" 200 9566
172.22.2.4 - - [21/Nov/2022:05:18:54 -0500] "GET /BLA/boletinlegal/js/ajax_actos.js HTTP/1.1" 200 1322
172.22.2.4 - - [21/Nov/2022:05:18:54 -0500] "GET /BLA/boletinlegal/niceforms.js HTTP/1.1" 200 22876
172.22.2.4 - - [21/Nov/2022:05:18:54 -0500] "GET /BLA/boletinlegal/niceforms-default.css HTTP/1.1" 200 6694
172.22.2.4 - - [21/Nov/2022:05:18:54 -0500] "GET /BLA/boletinlegal/js/lib.js HTTP/1.1" 200 6474
172.22.2.4 - - [21/Nov/2022:05:18:54 -0500] "GET /BLA/boletinlegal/js/popup.js HTTP/1.1" 200 1270
172.22.2.4 - - [21/Nov/2022:05:18:54 -0500] "GET /BLA/boletinlegal/js/jquery1.js HTTP/1.1" 200 29846
172.22.2.4 - - [21/Nov/2022:05:18:55 -0500] "GET /BLA/boletinlegal/images/green-yellow-blue-pink-th.png HTTP/1.1" 200 7394
172.22.2.4 - - [21/Nov/2022:05:18:55 -0500] "GET /BLA/boletinlegal/images/tel.png HTTP/1.1" 200 14477
172.22.2.4 - - [21/Nov/2022:05:18:55 -0500] "GET /BLA/boletinlegal/images/icono-email.png HTTP/1.1" 200 5544
172.22.2.4 - - [21/Nov/2022:05:18:55 -0500] "GET /BLA/boletinlegal/images/footer_bg.jpg HTTP/1.1" 200 586
172.22.2.4 - - [21/Nov/2022:05:18:55 -0500] "GET /BLA/boletinlegal/images/footer_bg_l.jpg HTTP/1.1" 200 776
172.22.2.4 - - [21/Nov/2022:05:18:55 -0500] "GET /BLA/boletinlegal/img/0.png HTTP/1.1" 200 110
172.22.2.4 - - [21/Nov/2022:05:18:55 -0500] "GET /BLA/boletinlegal/img/select-right.png HTTP/1.1" 200 44019
172.22.2.4 - - [21/Nov/2022:05:18:55 -0500] "GET /BLA/boletinlegal/img/button-left.png HTTP/1.1" 200 57071
172.22.2.4 - - [21/Nov/2022:05:18:55 -0500] "GET /BLA/boletinlegal/img/select-left.png HTTP/1.1" 200 263
172.22.2.4 - - [21/Nov/2022:05:18:55 -0500] "GET /BLA/boletinlegal/img/button-right.png HTTP/1.1" 200 57878
172.22.2.4 - - [21/Nov/2022:05:18:55 -0500] "GET /BLA/boletinlegal/img/button.png HTTP/1.1" 200 43241
172.22.2.4 - - [21/Nov/2022:05:18:55 -0500] "GET /BLA/boletinlegal/favicon.ico HTTP/1.1" 404 1326
185.119.81.107 - - [21/Nov/2022:05:18:56 -0500] "GET /portaldeninos/wp-login.php HTTP/1.1" 200 2592
185.119.81.107 - - [21/Nov/2022:05:18:57 -0500] "POST /portaldeninos/wp-login.php HTTP/1.1" 200 3605
172.22.2.4 - - [21/Nov/2022:05:19:30 -0500] "GET /BLA/boletinlegal/consulta_actos.php?tipo=resoluciones&no=0230&usuario=&sector=&fecha=2019&resuelve= HTTP/1.1" 200 626
172.22.2.4 - - [21/Nov/2022:05:18:51 -0500] "GET /BLA/boletinlegal/index.php HTTP/1.1" 200 24523
172.22.2.4 - - [21/Nov/2022:05:19:41 -0500] "GET /BLA/boletinlegal/consulta_actos.php?tipo=resoluciones&no=0230&usuario=&sector=&fecha=2019&resuelve= HTTP/1.1" 200 626
172.22.2.4 - - [21/Nov/2022:05:19:43 -0500] "GET /BLA/boletinlegal/consulta_actos.php?tipo=resoluciones&no=0230&usuario=&sector=&fecha=2019&resuelve= HTTP/1.1" 200 626
172.22.2.4 - - [21/Nov/2022:05:18:16 -0500] "GET /BLA/boletinlegal/ HTTP/1.1" 200 51643
