201.245.192.253 - - [21/Nov/2022:05:20:04 -0500] "POST /kwsrmcab/Wsrmcab  HTTP/1.1" 200 42393
172.22.2.4 - - [21/Nov/2022:05:20:06 -0500] "GET /BLA/boletinlegal/js/jquery.js HTTP/1.1" 200 57254
172.22.2.4 - - [21/Nov/2022:05:20:07 -0500] "GET /BLA/boletinlegal/style.css HTTP/1.1" 200 9406
172.22.2.4 - - [21/Nov/2022:05:20:07 -0500] "GET /BLA/boletinlegal/styles2.css HTTP/1.1" 200 1838
172.22.2.4 - - [21/Nov/2022:05:18:31 -0500] "HEAD /BLA/boletinlegal/ HTTP/1.1" 200 -
172.22.2.4 - - [21/Nov/2022:05:20:13 -0500] "GET /BLA/boletinlegal/js/jquery.scrollShow.js HTTP/1.1" 200 4586
172.22.2.4 - - [21/Nov/2022:05:20:13 -0500] "GET /BLA/boletinlegal/js/jquery.scrollTo-min.js HTTP/1.1" 200 1150
172.22.2.4 - - [21/Nov/2022:05:20:21 -0500] "GET /BLA/boletinlegal/consulta_actos.php?tipo=resoluciones&no=2304&usuario=&sector=&fecha=2019&resuelve= HTTP/1.1" 200 1155
172.22.2.4 - - [21/Nov/2022:05:20:22 -0500] "GET /BLA/boletinlegal/images/pdf.gif HTTP/1.1" 200 567
186.28.0.132 - - [21/Nov/2022:05:20:27 -0500] "GET /BLA/resoluciones/RESOLUCIONES%202019/2304.pdf HTTP/1.1" 200 4328597
186.28.0.132 - - [21/Nov/2022:05:20:28 -0500] "GET /favicon.ico HTTP/1.1" 200 7782
181.48.255.196 - - [21/Nov/2022:05:20:29 -0500] "GET /BLA/resoluciones/RESOLUCIONES%202019/2304.pdf HTTP/1.1" 200 4328597
201.245.192.253 - - [21/Nov/2022:05:20:57 -0500] "POST /kwsrmcab/Wsrmcab HTTP/1.1" 200 41877
172.22.2.4 - - [21/Nov/2022:05:19:21 -0500] "GET /BLA/boletinlegal/ HTTP/1.1" 200 55680
201.245.192.253 - - [21/Nov/2022:05:20:59 -0500] "POST /kwsrmcab/Wsrmcab HTTP/1.1" 200 43786
216.245.221.92 - - [21/Nov/2022:05:22:15 -0500] "HEAD / HTTP/1.1" 200 -
40.77.167.58 - - [21/Nov/2022:05:24:07 -0500] "GET /bla/resoluciones/notificaciones/autos%202019/4386.pdf HTTP/1.1" 200 366755
172.22.2.4 - - [21/Nov/2022:05:24:13 -0500] "GET /BLA/boletinlegal/images/screen_5.png HTTP/1.1" 200 368876
201.245.192.253 - - [21/Nov/2022:05:25:03 -0500] "POST /kwsrmcab/Wsrmcab  HTTP/1.1" 200 42393
172.22.2.4 - - [21/Nov/2022:05:24:21 -0500] "HEAD /BLA/boletinlegal/ HTTP/1.1" 200 -
172.22.2.4 - - [21/Nov/2022:05:25:11 -0500] "GET /BLA/boletinlegal/ HTTP/1.1" 200 59779
216.245.221.92 - - [21/Nov/2022:05:27:14 -0500] "HEAD / HTTP/1.1" 200 -
157.55.39.206 - - [21/Nov/2022:05:29:19 -0500] "GET /BLA/resoluciones/RESOLUCIONES%202021/5467.pdf HTTP/1.1" 304 -
201.245.192.253 - - [21/Nov/2022:05:30:01 -0500] "POST /kwsrmcab/Wsrmcab  HTTP/1.1" 200 42393
201.245.192.253 - - [21/Nov/2022:05:30:57 -0500] "POST /kwsrmcab/Wsrmcab HTTP/1.1" 200 41877
201.245.192.253 - - [21/Nov/2022:05:31:00 -0500] "POST /kwsrmcab/Wsrmcab HTTP/1.1" 200 43786
54.39.177.173 - - [21/Nov/2022:05:31:02 -0500] "GET /semana-ecoempresarial-herramientas-para-que-el-sector-economico-de-bogota-pueda-tener-un-crecimiento-verde.html HTTP/1.1" 200 918
172.22.2.4 - - [21/Nov/2022:05:30:11 -0500] "HEAD /BLA/boletinlegal/ HTTP/1.1" 200 -
216.245.221.92 - - [21/Nov/2022:05:32:15 -0500] "HEAD / HTTP/1.1" 200 -
185.119.81.107 - - [21/Nov/2022:05:32:36 -0500] "GET /portaldeninos/wp-login.php HTTP/1.1" 200 2592
185.119.81.107 - - [21/Nov/2022:05:32:38 -0500] "POST /portaldeninos/wp-login.php HTTP/1.1" 200 3605
172.22.2.4 - - [21/Nov/2022:05:31:01 -0500] "GET /BLA/boletinlegal/ HTTP/1.1" 200 59779
40.77.167.58 - - [21/Nov/2022:05:32:49 -0500] "GET /BLA/resoluciones/AUTOS%202022/3061.pdf HTTP/1.1" 200 1845602
185.119.81.106 - - [21/Nov/2022:05:33:35 -0500] "GET /portaldeninos/wp-login.php HTTP/1.1" 200 2592
185.119.81.106 - - [21/Nov/2022:05:33:36 -0500] "POST /portaldeninos/wp-login.php HTTP/1.1" 200 3670
207.46.13.194 - - [21/Nov/2022:05:34:50 -0500] "GET /galeria/galeria/fotos/Humedal-la-conejera4G.jpg HTTP/1.1" 200 371145
201.245.192.253 - - [21/Nov/2022:05:35:00 -0500] "POST /kwsrmcab/Wsrmcab  HTTP/1.1" 200 42393
185.119.81.98 - - [21/Nov/2022:05:35:04 -0500] "GET /portaldeninos/wp-login.php HTTP/1.1" 200 2592
185.119.81.98 - - [21/Nov/2022:05:35:05 -0500] "POST /portaldeninos/wp-login.php HTTP/1.1" 200 3605
117.187.173.3 - - [21/Nov/2022:05:37:09 -0500] "GET / HTTP/1.1" 200 319
117.187.173.3 - - [21/Nov/2022:05:37:09 -0500] "GET /favicon.ico HTTP/1.1" 200 7782
117.187.173.3 - - [21/Nov/2022:05:37:10 -0500] "GET /sitemap.xml HTTP/1.1" 404 1018
216.245.221.92 - - [21/Nov/2022:05:37:14 -0500] "HEAD / HTTP/1.1" 200 -
172.22.2.4 - - [21/Nov/2022:05:36:01 -0500] "HEAD /BLA/boletinlegal/ HTTP/1.1" 200 -
117.187.173.3 - - [21/Nov/2022:05:38:10 -0500] "GET /axis2-admin/ HTTP/1.1" 404 1018
117.187.173.3 - - [21/Nov/2022:05:38:11 -0500] "GET /axis2/ HTTP/1.1" 404 1018
117.187.173.3 - - [21/Nov/2022:05:38:12 -0500] "GET /axis2/axis2-admin/ HTTP/1.1" 404 1018
172.22.2.4 - - [21/Nov/2022:05:36:51 -0500] "GET /BLA/boletinlegal/ HTTP/1.1" 200 55680
207.46.13.174 - - [21/Nov/2022:05:39:21 -0500] "GET /BLA/resoluciones/RESOLUCIONES%202001/2001%201150-1199.tif HTTP/1.1" 200 4090636
201.245.192.253 - - [21/Nov/2022:05:39:59 -0500] "POST /kwsrmcab/Wsrmcab  HTTP/1.1" 200 42393
201.245.192.253 - - [21/Nov/2022:05:40:57 -0500] "POST /kwsrmcab/Wsrmcab HTTP/1.1" 200 41877
201.245.192.253 - - [21/Nov/2022:05:40:59 -0500] "POST /kwsrmcab/Wsrmcab HTTP/1.1" 200 43786
216.245.221.92 - - [21/Nov/2022:05:42:14 -0500] "HEAD / HTTP/1.1" 200 -
207.46.13.174 - - [21/Nov/2022:05:43:02 -0500] "GET /BLA/resoluciones/RESOLUCIONES%202000/2000%202300-2349.tif HTTP/1.1" 200 4577676
172.22.2.4 - - [21/Nov/2022:05:41:51 -0500] "HEAD /BLA/boletinlegal/ HTTP/1.1" 200 -
172.22.2.4 - - [21/Nov/2022:05:44:01 -0500] "GET /BLA/boletinlegal/robots.txt HTTP/1.1" 404 1140
172.22.2.4 - - [21/Nov/2022:05:42:41 -0500] "GET /BLA/boletinlegal/ HTTP/1.1" 200 57824
201.245.192.253 - - [21/Nov/2022:05:44:58 -0500] "POST /kwsrmcab/Wsrmcab  HTTP/1.1" 200 42393
157.55.39.206 - - [21/Nov/2022:05:45:18 -0500] "GET /BLA/resoluciones/RESOLUCIONES%202001/2001%201350-1399.tif HTTP/1.1" 200 3333955
216.245.221.92 - - [21/Nov/2022:05:47:14 -0500] "HEAD / HTTP/1.1" 200 -
172.22.2.4 - - [21/Nov/2022:05:47:41 -0500] "HEAD /BLA/boletinlegal/ HTTP/1.1" 200 -
207.46.13.174 - - [21/Nov/2022:05:49:33 -0500] "GET /BLA/resoluciones/RESOLUCIONES%202000/2000%2001-49.tif HTTP/1.1" 200 5230523
201.245.192.253 - - [21/Nov/2022:05:49:58 -0500] "POST /kwsrmcab/Wsrmcab  HTTP/1.1" 200 42393
207.46.13.194 - - [21/Nov/2022:05:53:14 -0500] "GET /BLA/resoluciones/AUTOS%202022/1109.pdf HTTP/1.1" 304 -
216.245.221.92 - - [21/Nov/2022:05:53:30 -0500] "HEAD / HTTP/1.1" 200 -
201.245.192.253 - - [21/Nov/2022:05:54:58 -0500] "POST /kwsrmcab/Wsrmcab  HTTP/1.1" 200 42393
69.171.231.2 - - [21/Nov/2022:05:55:15 -0500] "GET /secretaria-de-ambiente-y-universidad-de-la-salle-firman-acuerdo-de-conservacion-en-17-hectareas.html HTTP/1.1" 206 990
40.77.167.13 - - [21/Nov/2022:05:55:36 -0500] "GET /BLA/resoluciones/RESOLUCIONES%202021/5460.pdf HTTP/1.1" 200 442744
172.22.2.4 - - [21/Nov/2022:05:54:58 -0500] "HEAD /BLA/boletinlegal/ HTTP/1.1" 200 -
172.22.2.4 - - [21/Nov/2022:05:55:49 -0500] "GET /BLA/boletinlegal/ HTTP/1.1" 200 60277
172.22.2.4 - - [21/Nov/2022:05:58:25 -0500] "GET /BLA/boletinlegal/docker-compose.yml HTTP/1.1" 404 1018
216.245.221.92 - - [21/Nov/2022:05:58:29 -0500] "HEAD / HTTP/1.1" 200 -
201.245.192.253 - - [21/Nov/2022:05:59:57 -0500] "POST /kwsrmcab/Wsrmcab  HTTP/1.1" 200 42393
185.119.81.107 - - [21/Nov/2022:06:00:02 -0500] "GET /portaldeninos/wp-login.php HTTP/1.1" 200 2592
185.119.81.107 - - [21/Nov/2022:06:00:03 -0500] "POST /portaldeninos/wp-login.php HTTP/1.1" 200 3670
207.46.13.194 - - [21/Nov/2022:06:02:04 -0500] "GET /BLA/resoluciones/RESOLUCIONES%202006/RES%202006%20351-400/00000369.tif HTTP/1.1" 200 87506
60.217.75.70 - - [21/Nov/2022:06:02:25 -0500] "GET / HTTP/1.1" 200 319
172.22.2.4 - - [21/Nov/2022:06:00:48 -0500] "HEAD /BLA/boletinlegal/ HTTP/1.1" 200 -
172.22.2.4 - - [21/Nov/2022:06:01:39 -0500] "GET /BLA/boletinlegal/ HTTP/1.1" 200 57824
185.119.81.99 - - [21/Nov/2022:06:03:25 -0500] "GET /portaldeninos/wp-login.php HTTP/1.1" 200 2592
185.119.81.99 - - [21/Nov/2022:06:03:25 -0500] "POST /portaldeninos/wp-login.php HTTP/1.1" 200 3605
216.245.221.92 - - [21/Nov/2022:06:03:29 -0500] "HEAD / HTTP/1.1" 200 -
64.62.197.89 - - [21/Nov/2022:06:03:40 -0500] "GET /favicon.ico HTTP/1.1" 200 7782
201.245.192.253 - - [21/Nov/2022:06:04:56 -0500] "POST /kwsrmcab/Wsrmcab  HTTP/1.1" 200 42393
185.119.81.109 - - [21/Nov/2022:06:05:40 -0500] "GET /portaldeninos/wp-login.php HTTP/1.1" 200 2592
185.119.81.109 - - [21/Nov/2022:06:05:41 -0500] "POST /portaldeninos/wp-login.php HTTP/1.1" 200 3605
172.22.2.4 - - [21/Nov/2022:06:06:38 -0500] "HEAD /BLA/boletinlegal/ HTTP/1.1" 200 -
216.245.221.92 - - [21/Nov/2022:06:08:29 -0500] "HEAD / HTTP/1.1" 200 -
172.22.2.4 - - [21/Nov/2022:06:07:29 -0500] "GET /BLA/boletinlegal/ HTTP/1.1" 200 54816
201.245.192.253 - - [21/Nov/2022:06:09:55 -0500] "POST /kwsrmcab/Wsrmcab  HTTP/1.1" 200 42393
20.231.101.203 - - [21/Nov/2022:06:09:37 -0500] "GET /BLA/boletinlegal/ HTTP/1.1" 200 63221
207.46.13.174 - - [21/Nov/2022:06:12:25 -0500] "GET /galeria/galeria/fotos/mirador4G.jpg HTTP/1.1" 200 159827
185.119.81.107 - - [21/Nov/2022:06:12:30 -0500] "GET /portaldeninos/wp-login.php HTTP/1.1" 200 2592
185.119.81.107 - - [21/Nov/2022:06:12:31 -0500] "POST /portaldeninos/wp-login.php HTTP/1.1" 200 3605
54.247.145.203 - - [21/Nov/2022:06:13:03 -0500] "-" 408 -
216.245.221.92 - - [21/Nov/2022:06:13:29 -0500] "HEAD / HTTP/1.1" 200 -
172.22.2.4 - - [21/Nov/2022:06:13:50 -0500] "GET /BLA/boletinlegal/actos.php HTTP/1.1" 200 9566
172.22.2.4 - - [21/Nov/2022:06:14:07 -0500] "GET /BLA/boletinlegal/js/ajax_actos.js HTTP/1.1" 200 1322
172.22.2.4 - - [21/Nov/2022:06:12:28 -0500] "HEAD /BLA/boletinlegal/ HTTP/1.1" 200 -
172.22.2.4 - - [21/Nov/2022:06:14:12 -0500] "GET /BLA/boletinlegal/js/lib.js HTTP/1.1" 200 6474
172.22.2.4 - - [21/Nov/2022:06:14:12 -0500] "GET /BLA/boletinlegal/niceforms-default.css HTTP/1.1" 200 6694
172.22.2.4 - - [21/Nov/2022:06:14:12 -0500] "GET /BLA/boletinlegal/niceforms.js HTTP/1.1" 200 22876
172.22.2.4 - - [21/Nov/2022:06:14:17 -0500] "GET /BLA/boletinlegal/js/jquery1.js HTTP/1.1" 200 29846
172.22.2.4 - - [21/Nov/2022:06:14:18 -0500] "GET /BLA/boletinlegal/js/popup.js HTTP/1.1" 200 1270
201.245.192.253 - - [21/Nov/2022:06:14:53 -0500] "POST /kwsrmcab/Wsrmcab  HTTP/1.1" 200 42393
172.22.2.4 - - [21/Nov/2022:06:13:19 -0500] "GET /BLA/boletinlegal/ HTTP/1.1" 200 55272
207.46.13.174 - - [21/Nov/2022:06:16:36 -0500] "GET /forest/ HTTP/1.1" 200 12041
216.245.221.92 - - [21/Nov/2022:06:18:29 -0500] "HEAD / HTTP/1.1" 200 -
207.46.13.174 - - [21/Nov/2022:06:18:56 -0500] "GET /BLA/resoluciones/RESOLUCIONES%202001/2001%20800-849.TIF HTTP/1.1" 200 10905602
185.119.81.104 - - [21/Nov/2022:06:19:21 -0500] "GET /portaldeninos/wp-login.php HTTP/1.1" 200 2592
185.119.81.104 - - [21/Nov/2022:06:19:22 -0500] "POST /portaldeninos/wp-login.php HTTP/1.1" 200 3605
190.26.164.133 - - [21/Nov/2022:06:19:34 -0500] "GET /BLA/resoluciones/ HTTP/1.1" 200 13093
190.26.164.133 - - [21/Nov/2022:06:19:37 -0500] "GET /BLA/resoluciones/index.php?dir=AUTOS+2014%2F HTTP/1.1" 200 884658
201.245.192.253 - - [21/Nov/2022:06:19:52 -0500] "POST /kwsrmcab/Wsrmcab  HTTP/1.1" 200 42393
172.22.2.4 - - [21/Nov/2022:06:18:18 -0500] "HEAD /BLA/boletinlegal/ HTTP/1.1" 200 -
42.236.10.84 - - [21/Nov/2022:06:20:35 -0500] "GET / HTTP/1.1" 200 319
207.46.13.174 - - [21/Nov/2022:06:20:36 -0500] "GET /BLA/resoluciones/RESOLUCIONES%202000/2000%20350-399.tif HTTP/1.1" 200 4678251
42.236.10.93 - - [21/Nov/2022:06:20:38 -0500] "GET / HTTP/1.1" 200 319
172.22.2.4 - - [21/Nov/2022:06:19:09 -0500] "GET /BLA/boletinlegal/ HTTP/1.1" 200 55680
173.252.107.14 - - [21/Nov/2022:06:20:57 -0500] "GET /images/Junio%2002-experiencias-jardines-verticales-sda.jpeg HTTP/1.1" 200 31171
201.245.192.253 - - [21/Nov/2022:06:20:57 -0500] "POST /kwsrmcab/Wsrmcab HTTP/1.1" 200 42057
201.245.192.253 - - [21/Nov/2022:06:20:59 -0500] "POST /kwsrmcab/Wsrmcab HTTP/1.1" 200 43809
216.245.221.92 - - [21/Nov/2022:06:23:29 -0500] "HEAD / HTTP/1.1" 200 -
201.245.192.253 - - [21/Nov/2022:06:24:51 -0500] "POST /kwsrmcab/Wsrmcab  HTTP/1.1" 200 42393
207.46.13.174 - - [21/Nov/2022:06:24:56 -0500] "GET /BLA/boletinlegal/Circulares/2013/Circular%20No.%206%20del%2019%20de%20julio%20de%202013.pdf HTTP/1.1" 304 -
172.22.2.4 - - [21/Nov/2022:06:24:08 -0500] "HEAD /BLA/boletinlegal/ HTTP/1.1" 200 -
172.22.2.4 - - [21/Nov/2022:06:24:59 -0500] "GET /BLA/boletinlegal/ HTTP/1.1" 200 59779
157.55.39.206 - - [21/Nov/2022:06:27:42 -0500] "GET /BLA/resoluciones/RESOLUCIONES%202000/2000%202050-2099.tif HTTP/1.1" 200 4179547
216.245.221.92 - - [21/Nov/2022:06:28:29 -0500] "HEAD / HTTP/1.1" 200 -
201.245.192.253 - - [21/Nov/2022:06:29:50 -0500] "POST /kwsrmcab/Wsrmcab  HTTP/1.1" 200 42393
201.245.192.253 - - [21/Nov/2022:06:30:57 -0500] "POST /kwsrmcab/Wsrmcab HTTP/1.1" 200 42057
201.245.192.253 - - [21/Nov/2022:06:30:59 -0500] "POST /kwsrmcab/Wsrmcab HTTP/1.1" 200 43809
172.22.2.4 - - [21/Nov/2022:06:29:58 -0500] "HEAD /BLA/boletinlegal/ HTTP/1.1" 200 -
191.95.172.161 - - [21/Nov/2022:06:32:26 -0500] "GET /galeria/galeria/jquery.fancybox.css?v=2.1.5 HTTP/1.1" 200 4895
191.95.172.161 - - [21/Nov/2022:06:32:26 -0500] "GET /galeria/galeria/jquery.fancybox.js?v=2.1.5 HTTP/1.1" 200 48706
191.95.172.161 - - [21/Nov/2022:06:32:26 -0500] "GET /BLA/boletinlegal/js/jquery.scrollShow.js HTTP/1.1" 200 4586
172.22.2.4 - - [21/Nov/2022:06:30:49 -0500] "GET /BLA/boletinlegal/ HTTP/1.1" 200 59404
216.245.221.92 - - [21/Nov/2022:06:33:29 -0500] "HEAD / HTTP/1.1" 200 -
40.77.167.13 - - [21/Nov/2022:06:33:50 -0500] "GET /BLA/resoluciones/RESOLUCIONES%202000/2000%202750-2799.tif HTTP/1.1" 200 3331582
179.19.89.152 - - [21/Nov/2022:06:33:52 -0500] "GET /semana-ecoempresarial-herramientas-para-que-el-sector-economico-de-bogota-pueda-tener-un-crecimiento-verde.html HTTP/1.1" 200 918
201.245.192.253 - - [21/Nov/2022:06:34:49 -0500] "POST /kwsrmcab/Wsrmcab  HTTP/1.1" 200 42393
172.22.2.4 - - [21/Nov/2022:06:35:48 -0500] "HEAD /BLA/boletinlegal/ HTTP/1.1" 200 -
172.22.2.4 - - [21/Nov/2022:06:36:39 -0500] "GET /BLA/boletinlegal/ HTTP/1.1" 200 59779
216.245.221.92 - - [21/Nov/2022:06:38:29 -0500] "HEAD / HTTP/1.1" 200 -
201.245.192.253 - - [21/Nov/2022:06:39:49 -0500] "POST /kwsrmcab/Wsrmcab  HTTP/1.1" 200 42393
173.252.79.19 - - [21/Nov/2022:06:40:24 -0500] "GET /images/Acuerdos%2001%20(1)%20(1).jpeg HTTP/1.1" 200 32884
201.245.192.253 - - [21/Nov/2022:06:40:56 -0500] "POST /kwsrmcab/Wsrmcab HTTP/1.1" 200 42057
201.245.192.253 - - [21/Nov/2022:06:40:59 -0500] "POST /kwsrmcab/Wsrmcab HTTP/1.1" 200 43809
190.27.79.135 - - [21/Nov/2022:06:41:38 -0500] "GET /calidad-del-aire-consulta-el-borrador-de-decreto-para-la-construccion-de-las-zonas-urbanas-por-un-mejor-aire-zuma.html?fbclid=IwAR1eS86pjOGlKm-7YbhJ-wmRjWnNgrTjAlaKAsqj9ztpq5LnL3rwYihHG7s HTTP/1.1" 200 981
172.22.2.4 - - [21/Nov/2022:06:41:38 -0500] "HEAD /BLA/boletinlegal/ HTTP/1.1" 200 -
69.63.184.2 - - [21/Nov/2022:06:43:25 -0500] "GET /indicadores-de-fauna-silvestre-en-el-observatorio-ambiental-de-bogota.html HTTP/1.1" 206 949
216.245.221.92 - - [21/Nov/2022:06:43:29 -0500] "HEAD / HTTP/1.1" 200 -
172.22.2.4 - - [21/Nov/2022:06:42:29 -0500] "GET /BLA/boletinlegal/ HTTP/1.1" 200 59779
201.245.192.253 - - [21/Nov/2022:06:44:48 -0500] "POST /kwsrmcab/Wsrmcab  HTTP/1.1" 200 42393
172.22.2.4 - - [21/Nov/2022:06:46:37 -0500] "GET /BLA/boletinlegal/documentos-importantes.php HTTP/1.1" 200 4829
172.22.2.4 - - [21/Nov/2022:06:46:38 -0500] "GET /BLA/boletinlegal/documentos-importantes.php HTTP/1.1" 200 4829
172.22.2.4 - - [21/Nov/2022:06:46:39 -0500] "GET /BLA/boletinlegal/ajax.js HTTP/1.1" 200 577
172.22.2.4 - - [21/Nov/2022:06:46:39 -0500] "GET /BLA/boletinlegal/js/ajax_documentos.js HTTP/1.1" 200 1155
172.22.2.4 - - [21/Nov/2022:06:46:40 -0500] "GET /BLA/boletinlegal/js/ajax_documentos.js HTTP/1.1" 200 1155
172.22.2.4 - - [21/Nov/2022:06:46:40 -0500] "GET /BLA/boletinlegal/ajax.js HTTP/1.1" 200 577
216.245.221.92 - - [21/Nov/2022:06:48:29 -0500] "HEAD / HTTP/1.1" 200 -
201.245.192.253 - - [21/Nov/2022:06:48:39 -0500] "GET /sipse/faces/faces/autenticacion.xhtml HTTP/1.1" 200 12503
201.245.192.253 - - [21/Nov/2022:06:48:39 -0500] "GET /sipse/js/disable_browser_buttons.js HTTP/1.1" 304 -
201.245.192.253 - - [21/Nov/2022:06:48:39 -0500] "GET /sipse/js/funciones.js HTTP/1.1" 304 -
201.245.192.253 - - [21/Nov/2022:06:48:39 -0500] "GET /sipse/css/custom_css_sg_prime_login.css HTTP/1.1" 304 -
201.245.192.253 - - [21/Nov/2022:06:48:39 -0500] "GET /sipse/css/custom_css_sg.css HTTP/1.1" 304 -
201.245.192.253 - - [21/Nov/2022:06:48:39 -0500] "GET /sipse/faces/javax.faces.resource/theme.css?ln=primefaces-sipse HTTP/1.1" 304 -
201.245.192.253 - - [21/Nov/2022:06:48:39 -0500] "GET /sipse/faces/javax.faces.resource/layout/layout.js;jsessionid=QiPm8tz+OC9jVS2Ijypp69Ut.undefined?ln=primefaces&v=4.0 HTTP/1.1" 200 87560
201.245.192.253 - - [21/Nov/2022:06:48:39 -0500] "GET /sipse/faces/javax.faces.resource/layout/layout.css;jsessionid=QiPm8tz+OC9jVS2Ijypp69Ut.undefined?ln=primefaces&v=4.0 HTTP/1.1" 200 542
201.245.192.253 - - [21/Nov/2022:06:48:39 -0500] "GET /sipse/faces/javax.faces.resource/primefaces.css;jsessionid=QiPm8tz+OC9jVS2Ijypp69Ut.undefined?ln=primefaces&v=4.0 HTTP/1.1" 200 53295
201.245.192.253 - - [21/Nov/2022:06:48:39 -0500] "GET /sipse/faces/javax.faces.resource/jquery/jquery.js;jsessionid=QiPm8tz+OC9jVS2Ijypp69Ut.undefined?ln=primefaces&v=4.0 HTTP/1.1" 200 105384
201.245.192.253 - - [21/Nov/2022:06:48:39 -0500] "GET /sipse/faces/javax.faces.resource/jquery/jquery-plugins.js;jsessionid=QiPm8tz+OC9jVS2Ijypp69Ut.undefined?ln=primefaces&v=4.0 HTTP/1.1" 200 220526
201.245.192.253 - - [21/Nov/2022:06:48:39 -0500] "GET /sipse/faces/javax.faces.resource/primefaces.js;jsessionid=QiPm8tz+OC9jVS2Ijypp69Ut.undefined?ln=primefaces&v=4.0 HTTP/1.1" 200 276924
201.245.192.253 - - [21/Nov/2022:06:48:40 -0500] "GET /sipse/css/imagen/logoSDG.png HTTP/1.1" 304 -
201.245.192.253 - - [21/Nov/2022:06:48:40 -0500] "GET /sipse/css/imagen/loginimg.png HTTP/1.1" 304 -
201.245.192.253 - - [21/Nov/2022:06:48:40 -0500] "GET /sipse/faces/javax.faces.resource/images/ui-icons_898989_256x240.png?ln=primefaces-aristo HTTP/1.1" 304 -
201.245.192.253 - - [21/Nov/2022:06:48:40 -0500] "GET /sipse/faces/faces/index.xhtml HTTP/1.1" 200 677
201.245.192.253 - - [21/Nov/2022:06:48:40 -0500] "GET /sipse/faces/javax.faces.resource/theme.css?ln=primefaces-sipse HTTP/1.1" 304 -
201.245.192.253 - - [21/Nov/2022:06:48:40 -0500] "GET /sipse/faces/faces/faces/autenticacion.xhtml HTTP/1.1" 200 12181
201.245.192.253 - - [21/Nov/2022:06:48:40 -0500] "GET /sipse/faces/javax.faces.resource/theme.css?ln=primefaces-sipse HTTP/1.1" 304 -
201.245.192.253 - - [21/Nov/2022:06:48:40 -0500] "GET /sipse/faces/javax.faces.resource/layout/layout.css?ln=primefaces&v=4.0 HTTP/1.1" 200 542
201.245.192.253 - - [21/Nov/2022:06:48:40 -0500] "GET /sipse/faces/javax.faces.resource/jquery/jquery.js?ln=primefaces&v=4.0 HTTP/1.1" 304 -
201.245.192.253 - - [21/Nov/2022:06:48:40 -0500] "GET /sipse/faces/javax.faces.resource/jquery/jquery-plugins.js?ln=primefaces&v=4.0 HTTP/1.1" 304 -
201.245.192.253 - - [21/Nov/2022:06:48:40 -0500] "GET /sipse/faces/javax.faces.resource/primefaces.js?ln=primefaces&v=4.0 HTTP/1.1" 304 -
201.245.192.253 - - [21/Nov/2022:06:48:40 -0500] "GET /sipse/faces/javax.faces.resource/layout/layout.js?ln=primefaces&v=4.0 HTTP/1.1" 304 -
201.245.192.253 - - [21/Nov/2022:06:48:40 -0500] "GET /sipse/faces/javax.faces.resource/primefaces.css?ln=primefaces&v=4.0 HTTP/1.1" 200 53295
201.245.192.253 - - [21/Nov/2022:06:48:40 -0500] "GET /sipse/faces/javax.faces.resource/images/ui-icons_898989_256x240.png?ln=primefaces-aristo HTTP/1.1" 304 -
201.245.192.253 - - [21/Nov/2022:06:48:43 -0500] "POST /sipse/faces/autenticacion.xhtml HTTP/1.1" 200 11167
201.245.192.253 - - [21/Nov/2022:06:48:43 -0500] "GET /sipse/css/custom_css_sg_prime.css HTTP/1.1" 200 5201
201.245.192.253 - - [21/Nov/2022:06:48:43 -0500] "GET /sipse/faces/javax.faces.resource/jquery/jquery.js?ln=primefaces&v=4.0 HTTP/1.1" 304 -
201.245.192.253 - - [21/Nov/2022:06:48:43 -0500] "GET /sipse/faces/javax.faces.resource/jquery/jquery-plugins.js?ln=primefaces&v=4.0 HTTP/1.1" 304 -
201.245.192.253 - - [21/Nov/2022:06:48:43 -0500] "GET /sipse/faces/javax.faces.resource/primefaces.js?ln=primefaces&v=4.0 HTTP/1.1" 304 -
201.245.192.253 - - [21/Nov/2022:06:48:43 -0500] "GET /sipse/faces/javax.faces.resource/layout/layout.js?ln=primefaces&v=4.0 HTTP/1.1" 304 -
201.245.192.253 - - [21/Nov/2022:06:48:43 -0500] "GET /sipse/faces/javax.faces.resource/messages/messages.png?ln=primefaces&v=4.0 HTTP/1.1" 200 27209
201.245.192.253 - - [21/Nov/2022:06:48:47 -0500] "POST /sipse/faces/presentacion/sistema/seguridad/seleccionRol.xhtml HTTP/1.1" 200 5600
201.245.192.253 - - [21/Nov/2022:06:48:48 -0500] "POST /sipse/faces/presentacion/sistema/seguridad/seleccionRol.xhtml HTTP/1.1" 200 17461
201.245.192.253 - - [21/Nov/2022:06:48:48 -0500] "GET /sipse/js/jquery.min.js HTTP/1.1" 304 -
201.245.192.253 - - [21/Nov/2022:06:48:48 -0500] "GET /sipse/faces/javax.faces.resource/jquery/jquery.js?ln=primefaces&v=4.0 HTTP/1.1" 304 -
201.245.192.253 - - [21/Nov/2022:06:48:48 -0500] "GET /sipse/faces/javax.faces.resource/jquery/jquery-plugins.js?ln=primefaces&v=4.0 HTTP/1.1" 304 -
201.245.192.253 - - [21/Nov/2022:06:48:48 -0500] "GET /sipse/faces/javax.faces.resource/primefaces.js?ln=primefaces&v=4.0 HTTP/1.1" 304 -
201.245.192.253 - - [21/Nov/2022:06:48:48 -0500] "GET /sipse/faces/javax.faces.resource/layout/layout.js?ln=primefaces&v=4.0 HTTP/1.1" 304 -
201.245.192.253 - - [21/Nov/2022:06:48:48 -0500] "GET /sipse/css/imagen/contrasena.png HTTP/1.1" 404 383
201.245.192.253 - - [21/Nov/2022:06:48:48 -0500] "GET /sipse/imagenes/cargando.gif HTTP/1.1" 200 36959
201.245.192.253 - - [21/Nov/2022:06:48:48 -0500] "GET /sipse/imagenes/logoAplicacion.jpg HTTP/1.1" 200 155084
201.245.192.253 - - [21/Nov/2022:06:48:50 -0500] "GET /sipse/faces/javax.faces.resource/images/ui-bg_flat_0_2d5972_40x100.png?ln=primefaces-aristo HTTP/1.1" 200 183
201.245.192.253 - - [21/Nov/2022:06:48:50 -0500] "POST /sipse/faces/bienvenido.xhtml HTTP/1.1" 200 3843
201.245.192.253 - - [21/Nov/2022:06:48:52 -0500] "POST /sipse/faces/bienvenido.xhtml HTTP/1.1" 200 66636
201.245.192.253 - - [21/Nov/2022:06:48:52 -0500] "GET /sipse/faces/javax.faces.resource/jquery/jquery.js?ln=primefaces&v=4.0 HTTP/1.1" 304 -
201.245.192.253 - - [21/Nov/2022:06:48:52 -0500] "GET /sipse/faces/javax.faces.resource/jquery/jquery-plugins.js?ln=primefaces&v=4.0 HTTP/1.1" 304 -
201.245.192.253 - - [21/Nov/2022:06:48:53 -0500] "GET /sipse/faces/javax.faces.resource/primefaces.js?ln=primefaces&v=4.0 HTTP/1.1" 304 -
201.245.192.253 - - [21/Nov/2022:06:48:53 -0500] "GET /sipse/faces/javax.faces.resource/layout/layout.js?ln=primefaces&v=4.0 HTTP/1.1" 304 -
201.245.192.253 - - [21/Nov/2022:06:48:53 -0500] "POST /sipse/faces/presentacion/financiero/solicitudProceso/listarSolicitudProceso.xhtml HTTP/1.1" 200 1560
201.245.192.253 - - [21/Nov/2022:06:48:57 -0500] "POST /sipse/faces/presentacion/financiero/solicitudProceso/listarSolicitudProceso.xhtml HTTP/1.1" 200 13961
172.22.2.4 - - [21/Nov/2022:06:47:28 -0500] "HEAD /BLA/boletinlegal/ HTTP/1.1" 200 -
201.245.192.253 - - [21/Nov/2022:06:49:47 -0500] "POST /kwsrmcab/Wsrmcab  HTTP/1.1" 200 42393
172.22.2.4 - - [21/Nov/2022:06:48:19 -0500] "GET /BLA/boletinlegal/ HTTP/1.1" 200 59779
220.181.51.88 - - [21/Nov/2022:06:52:14 -0500] "GET /galeria/galeria/fotos/juan-amarillo2P.jpg HTTP/1.1" 200 32696
216.245.221.92 - - [21/Nov/2022:06:53:29 -0500] "HEAD / HTTP/1.1" 200 -
201.245.192.253 - - [21/Nov/2022:06:54:47 -0500] "POST /kwsrmcab/Wsrmcab  HTTP/1.1" 200 42393
172.22.2.4 - - [21/Nov/2022:06:53:18 -0500] "HEAD /BLA/boletinlegal/ HTTP/1.1" 200 -
172.22.2.4 - - [21/Nov/2022:06:54:09 -0500] "GET /BLA/boletinlegal/ HTTP/1.1" 200 60277
40.77.167.58 - - [21/Nov/2022:06:57:27 -0500] "GET /BLA/resoluciones/RESOLUCIONES%202000/2000%201700-1749.tif HTTP/1.1" 200 4092284
216.245.221.92 - - [21/Nov/2022:06:58:29 -0500] "HEAD / HTTP/1.1" 200 -
201.245.192.253 - - [21/Nov/2022:06:59:47 -0500] "POST /kwsrmcab/Wsrmcab  HTTP/1.1" 200 42393
190.26.164.133 - - [21/Nov/2022:07:00:22 -0500] "GET /BLA/resoluciones/index.php?dir=AUTOS+2015%2F HTTP/1.1" 200 577811
172.22.2.4 - - [21/Nov/2022:06:59:08 -0500] "HEAD /BLA/boletinlegal/ HTTP/1.1" 200 -
172.22.2.4 - - [21/Nov/2022:06:59:59 -0500] "GET /BLA/boletinlegal/ HTTP/1.1" 200 59035
173.252.111.16 - - [21/Nov/2022:07:01:47 -0500] "GET /images/reunion-planta-termovalorizacion-11-mayo.jpg HTTP/1.1" 200 34782
185.119.81.104 - - [21/Nov/2022:07:01:58 -0500] "GET /portaldeninos/wp-login.php HTTP/1.1" 200 2592
185.119.81.104 - - [21/Nov/2022:07:01:59 -0500] "POST /portaldeninos/wp-login.php HTTP/1.1" 200 3670
201.245.192.253 - - [21/Nov/2022:07:02:24 -0500] "GET /appsia/controlador HTTP/1.1" 200 4799
201.245.192.253 - - [21/Nov/2022:07:02:25 -0500] "GET /appsia/css/estilos.css HTTP/1.1" 200 4804
201.245.192.253 - - [21/Nov/2022:07:02:25 -0500] "GET /appsia/scripts/validarIngreso.js HTTP/1.1" 200 851
201.245.192.253 - - [21/Nov/2022:07:02:25 -0500] "GET /appsia/images/logo_bogota_p.png HTTP/1.1" 200 14951
201.245.192.253 - - [21/Nov/2022:07:02:25 -0500] "GET /appsia/images/cabezoteHojaVida.png HTTP/1.1" 200 32493
201.245.192.253 - - [21/Nov/2022:07:02:25 -0500] "GET /favicon.ico HTTP/1.1" 200 7782
201.245.192.253 - - [21/Nov/2022:07:02:37 -0500] "POST /appsia/controlador HTTP/1.1" 200 5437
181.48.255.197 - - [21/Nov/2022:07:02:47 -0500] "GET /appsia/controlador HTTP/1.1" 200 4799
181.48.255.197 - - [21/Nov/2022:07:02:48 -0500] "GET /appsia/scripts/validarIngreso.js HTTP/1.1" 200 851
181.48.255.197 - - [21/Nov/2022:07:02:48 -0500] "GET /appsia/css/estilos.css HTTP/1.1" 200 4804
181.48.255.197 - - [21/Nov/2022:07:02:48 -0500] "GET /appsia/images/logo_bogota_p.png HTTP/1.1" 200 14951
181.48.255.197 - - [21/Nov/2022:07:02:48 -0500] "GET /appsia/images/cabezoteHojaVida.png HTTP/1.1" 200 32493
201.245.192.253 - - [21/Nov/2022:07:02:48 -0500] "POST /appsia/controlador HTTP/1.1" 200 4799
216.245.221.92 - - [21/Nov/2022:07:03:29 -0500] "HEAD / HTTP/1.1" 200 -
201.245.192.253 - - [21/Nov/2022:07:04:46 -0500] "POST /kwsrmcab/Wsrmcab  HTTP/1.1" 200 42393
207.46.13.104 - - [21/Nov/2022:07:04:57 -0500] "GET /portaldeninos/contactanos/ HTTP/1.1" 200 88135
18.212.59.143 - - [21/Nov/2022:07:06:09 -0500] "GET /portaldeninos/ HTTP/1.1" 200 110197
172.22.2.4 - - [21/Nov/2022:07:04:58 -0500] "HEAD /BLA/boletinlegal/ HTTP/1.1" 200 -
172.22.2.4 - - [21/Nov/2022:07:05:49 -0500] "GET /BLA/boletinlegal/ HTTP/1.1" 200 58185
216.245.221.92 - - [21/Nov/2022:07:08:29 -0500] "HEAD / HTTP/1.1" 200 -
185.119.81.107 - - [21/Nov/2022:07:08:59 -0500] "GET /portaldeninos/wp-login.php HTTP/1.1" 200 2592
185.119.81.107 - - [21/Nov/2022:07:09:00 -0500] "POST /portaldeninos/wp-login.php HTTP/1.1" 200 3650
201.245.192.253 - - [21/Nov/2022:07:09:45 -0500] "POST /kwsrmcab/Wsrmcab  HTTP/1.1" 200 42393
172.22.2.4 - - [21/Nov/2022:07:09:48 -0500] "GET /BLA/boletinlegal/jurisprudencia/analisis/AnalisisT-606-15.docx HTTP/1.1" 304 -
172.22.2.4 - - [21/Nov/2022:07:09:50 -0500] "GET /BLA/boletinlegal/Circulares/2015/Circular%20No.%201%20del%2010%20de%20Febrero%20de%202015.pdf HTTP/1.1" 304 -
172.22.2.4 - - [21/Nov/2022:07:10:20 -0500] "GET /BLA/boletinlegal/style.css HTTP/1.1" 200 9406
172.22.2.4 - - [21/Nov/2022:07:10:20 -0500] "GET /BLA/boletinlegal/styles2.css HTTP/1.1" 200 1838
172.22.2.4 - - [21/Nov/2022:07:10:20 -0500] "GET /BLA/boletinlegal/js/jquery.js HTTP/1.1" 200 57254
172.22.2.4 - - [21/Nov/2022:07:10:20 -0500] "GET /BLA/boletinlegal/js/jquery.scrollTo-min.js HTTP/1.1" 200 1150
172.22.2.4 - - [21/Nov/2022:07:10:20 -0500] "GET /BLA/boletinlegal/js/jquery.scrollShow.js HTTP/1.1" 200 4586
172.22.2.4 - - [21/Nov/2022:07:10:20 -0500] "GET /BLA/boletinlegal/images/subscribe-icon-big.png HTTP/1.1" 200 47702
172.22.2.4 - - [21/Nov/2022:07:10:20 -0500] "GET /BLA/boletinlegal/images/cabezote%20BLEGAL.jpg HTTP/1.1" 200 118164
172.22.2.4 - - [21/Nov/2022:07:10:20 -0500] "GET /BLA/boletinlegal/images/historia.png HTTP/1.1" 200 52775
172.22.2.4 - - [21/Nov/2022:07:10:20 -0500] "GET /BLA/boletinlegal/images/registro-usuarios.png HTTP/1.1" 200 8106
172.22.2.4 - - [21/Nov/2022:07:10:20 -0500] "GET /BLA/boletinlegal/images/arr_l.jpg HTTP/1.1" 200 1979
172.22.2.4 - - [21/Nov/2022:07:10:20 -0500] "GET /BLA/boletinlegal/images/screen_1.png HTTP/1.1" 200 202547
172.22.2.4 - - [21/Nov/2022:07:10:20 -0500] "GET /BLA/boletinlegal/images/launch.jpg HTTP/1.1" 200 14577
172.22.2.4 - - [21/Nov/2022:07:10:24 -0500] "GET /BLA/boletinlegal/images/body_bg.jpg HTTP/1.1" 200 1601
172.22.2.4 - - [21/Nov/2022:07:10:24 -0500] "GET /BLA/boletinlegal/images/menu_lft.gif HTTP/1.1" 200 1713
172.22.2.4 - - [21/Nov/2022:07:10:24 -0500] "GET /BLA/boletinlegal/images/menu_rght.gif HTTP/1.1" 200 1627
172.22.2.4 - - [21/Nov/2022:07:10:24 -0500] "GET /BLA/boletinlegal/images/hover.jpg HTTP/1.1" 200 640
172.22.2.4 - - [21/Nov/2022:07:10:24 -0500] "GET /BLA/boletinlegal/images/bg_top.jpg HTTP/1.1" 200 522
172.22.2.4 - - [21/Nov/2022:07:10:24 -0500] "GET /BLA/boletinlegal/images/menu_bg.jpg HTTP/1.1" 200 620
172.22.2.4 - - [21/Nov/2022:07:10:24 -0500] "GET /BLA/boletinlegal/images/text.jpg HTTP/1.1" 200 568
172.22.2.4 - - [21/Nov/2022:07:10:25 -0500] "GET /BLA/boletinlegal/actos.php HTTP/1.1" 200 9566
172.22.2.4 - - [21/Nov/2022:07:10:25 -0500] "GET /BLA/boletinlegal/js/ajax_actos.js HTTP/1.1" 200 1322
172.22.2.4 - - [21/Nov/2022:07:10:25 -0500] "GET /BLA/boletinlegal/js/lib.js HTTP/1.1" 200 6474
172.22.2.4 - - [21/Nov/2022:07:10:25 -0500] "GET /BLA/boletinlegal/niceforms-default.css HTTP/1.1" 200 6694
172.22.2.4 - - [21/Nov/2022:07:10:25 -0500] "GET /BLA/boletinlegal/js/popup.js HTTP/1.1" 200 1270
172.22.2.4 - - [21/Nov/2022:07:10:25 -0500] "GET /BLA/boletinlegal/niceforms.js HTTP/1.1" 200 22876
172.22.2.4 - - [21/Nov/2022:07:10:26 -0500] "GET /BLA/boletinlegal/js/jquery1.js HTTP/1.1" 200 29846
172.22.2.4 - - [21/Nov/2022:07:10:26 -0500] "GET /BLA/boletinlegal/images/green-yellow-blue-pink-th.png HTTP/1.1" 200 7394
172.22.2.4 - - [21/Nov/2022:07:10:26 -0500] "GET /BLA/boletinlegal/images/tel.png HTTP/1.1" 200 14477
172.22.2.4 - - [21/Nov/2022:07:10:26 -0500] "GET /BLA/boletinlegal/images/icono-email.png HTTP/1.1" 200 5544
172.22.2.4 - - [21/Nov/2022:07:10:26 -0500] "GET /BLA/boletinlegal/images/footer_bg.jpg HTTP/1.1" 200 586
172.22.2.4 - - [21/Nov/2022:07:10:26 -0500] "GET /BLA/boletinlegal/images/footer_bg_l.jpg HTTP/1.1" 200 776
172.22.2.4 - - [21/Nov/2022:07:10:26 -0500] "GET /BLA/boletinlegal/img/0.png HTTP/1.1" 200 110
172.22.2.4 - - [21/Nov/2022:07:10:26 -0500] "GET /BLA/boletinlegal/img/select-right.png HTTP/1.1" 200 44019
172.22.2.4 - - [21/Nov/2022:07:10:26 -0500] "GET /BLA/boletinlegal/img/button-left.png HTTP/1.1" 200 57071
172.22.2.4 - - [21/Nov/2022:07:10:26 -0500] "GET /BLA/boletinlegal/img/select-left.png HTTP/1.1" 200 263
172.22.2.4 - - [21/Nov/2022:07:10:26 -0500] "GET /BLA/boletinlegal/img/button.png HTTP/1.1" 200 43241
172.22.2.4 - - [21/Nov/2022:07:10:26 -0500] "GET /BLA/boletinlegal/favicon.ico HTTP/1.1" 404 1326
172.22.2.4 - - [21/Nov/2022:07:10:26 -0500] "GET /BLA/boletinlegal/img/button-right.png HTTP/1.1" 200 57878
172.22.2.4 - - [21/Nov/2022:07:10:28 -0500] "GET /BLA/boletinlegal/images/screen_3.png HTTP/1.1" 200 210620
172.22.2.4 - - [21/Nov/2022:07:10:28 -0500] "GET /BLA/boletinlegal/images/screen_2.png HTTP/1.1" 200 362502
172.22.2.4 - - [21/Nov/2022:07:10:28 -0500] "GET /BLA/boletinlegal/images/arr_r.jpg HTTP/1.1" 200 1998
172.22.2.4 - - [21/Nov/2022:07:10:28 -0500] "GET /BLA/boletinlegal/images/screen_5.png HTTP/1.1" 200 368876
172.22.2.4 - - [21/Nov/2022:07:10:37 -0500] "GET /BLA/boletinlegal/images/pdf.gif HTTP/1.1" 200 567
172.22.2.4 - - [21/Nov/2022:07:10:47 -0500] "GET /BLA/boletinlegal/consulta_actos.php?tipo=resoluciones&no=3350&usuario=&sector=&fecha=2017&resuelve= HTTP/1.1" 200 1137
54.39.177.173 - - [21/Nov/2022:07:10:47 -0500] "-" 408 -
172.22.2.4 - - [21/Nov/2022:07:10:20 -0500] "GET /BLA/boletinlegal/ HTTP/1.1" 200 51643
172.22.2.4 - - [21/Nov/2022:07:10:48 -0500] "HEAD /BLA/boletinlegal/ HTTP/1.1" 200 -
20.231.101.203 - - [21/Nov/2022:07:11:17 -0500] "GET /BLA/boletinlegal/ HTTP/1.1" 200 48283
201.245.192.253 - - [21/Nov/2022:07:13:08 -0500] "POST /sipse/faces/presentacion/financiero/solicitudProceso/listarSolicitudProceso.xhtml HTTP/1.1" 200 113109
201.245.192.253 - - [21/Nov/2022:07:13:09 -0500] "GET /sipse/faces/javax.faces.resource/jquery/jquery.js?ln=primefaces&v=4.0 HTTP/1.1" 304 -
201.245.192.253 - - [21/Nov/2022:07:13:09 -0500] "GET /sipse/faces/javax.faces.resource/jquery/jquery-plugins.js?ln=primefaces&v=4.0 HTTP/1.1" 304 -
201.245.192.253 - - [21/Nov/2022:07:13:10 -0500] "GET /sipse/faces/javax.faces.resource/primefaces.js?ln=primefaces&v=4.0 HTTP/1.1" 304 -
201.245.192.253 - - [21/Nov/2022:07:13:10 -0500] "GET /sipse/faces/javax.faces.resource/layout/layout.js?ln=primefaces&v=4.0 HTTP/1.1" 304 -
172.22.2.4 - - [21/Nov/2022:07:11:38 -0500] "GET /BLA/boletinlegal/ HTTP/1.1" 200 50495
216.245.221.92 - - [21/Nov/2022:07:13:29 -0500] "HEAD / HTTP/1.1" 200 -
201.245.192.253 - - [21/Nov/2022:07:14:44 -0500] "POST /kwsrmcab/Wsrmcab  HTTP/1.1" 200 42393
201.245.192.253 - - [21/Nov/2022:07:15:25 -0500] "POST /sipse/faces/presentacion/financiero/solicitudProceso/consultarSolicitudProceso.xhtml HTTP/1.1" 200 143722
199.16.157.182 - - [21/Nov/2022:07:16:26 -0500] "GET /images/secretaria-carolina-urrutia_optimized.jpeg HTTP/1.1" 200 167197
157.55.39.42 - - [21/Nov/2022:07:16:54 -0500] "GET /images/feria-veh%C3%ADculos-sostenibles_optimized.jpeg HTTP/1.1" 404 1034
186.84.20.38 - - [21/Nov/2022:07:17:06 -0500] "GET /semana-ecoempresarial-herramientas-para-que-el-sector-economico-de-bogota-pueda-tener-un-crecimiento-verde.html?fbclid=IwAR00OvyZsmbT5cAAbL22Hii-nVf8m-_9_KoALPGSKsk-J2aemO4EpQHtuxs HTTP/1.1" 200 918
117.187.173.3 - - [21/Nov/2022:07:17:11 -0500] "-" 408 -
201.245.192.253 - - [21/Nov/2022:07:17:48 -0500] "POST /sipse/faces/presentacion/financiero/solicitudProceso/consultarSolicitudProceso.xhtml HTTP/1.1" 200 5439
172.22.2.4 - - [21/Nov/2022:07:18:16 -0500] "GET /BLA/boletinlegal/jurisprudencia/analisis/analisis%20C-595-2010.doc HTTP/1.1" 304 -
201.245.192.253 - - [21/Nov/2022:07:18:16 -0500] "POST /sipse/faces/presentacion/financiero/solicitudProceso/consultarSolicitudProceso.xhtml HTTP/1.1" 200 30839
201.245.192.253 - - [21/Nov/2022:07:18:17 -0500] "GET /sipse/faces/javax.faces.resource/theme.css?ln=primefaces-sipse HTTP/1.1" 304 -
201.245.192.253 - - [21/Nov/2022:07:18:17 -0500] "GET /sipse/faces/javax.faces.resource/layout/layout.css?ln=primefaces&v=4.0 HTTP/1.1" 304 -
201.245.192.253 - - [21/Nov/2022:07:18:17 -0500] "GET /sipse/faces/javax.faces.resource/primefaces.css?ln=primefaces&v=4.0 HTTP/1.1" 304 -
201.245.192.253 - - [21/Nov/2022:07:18:17 -0500] "GET /sipse/faces/javax.faces.resource/jquery/jquery.js?ln=primefaces&v=4.0 HTTP/1.1" 304 -
201.245.192.253 - - [21/Nov/2022:07:18:17 -0500] "GET /sipse/faces/javax.faces.resource/jquery/jquery-plugins.js?ln=primefaces&v=4.0 HTTP/1.1" 304 -
201.245.192.253 - - [21/Nov/2022:07:18:17 -0500] "GET /sipse/faces/javax.faces.resource/layout/layout.js?ln=primefaces&v=4.0 HTTP/1.1" 304 -
201.245.192.253 - - [21/Nov/2022:07:18:17 -0500] "GET /sipse/faces/javax.faces.resource/primefaces.js?ln=primefaces&v=4.0 HTTP/1.1" 304 -
201.245.192.253 - - [21/Nov/2022:07:18:17 -0500] "GET /sipse/faces/javax.faces.resource/images/ui-icons_898989_256x240.png?ln=primefaces-aristo HTTP/1.1" 304 -
172.22.2.4 - - [21/Nov/2022:07:16:38 -0500] "HEAD /BLA/boletinlegal/ HTTP/1.1" 200 -
201.245.192.253 - - [21/Nov/2022:07:18:21 -0500] "POST /sipse/faces/presentacion/financiero/solicitudProceso/consultarHistorialSolProceso.xhtml HTTP/1.1" 200 158039
201.245.192.253 - - [21/Nov/2022:07:18:22 -0500] "GET /sipse/faces/javax.faces.resource/theme.css?ln=primefaces-sipse HTTP/1.1" 304 -
201.245.192.253 - - [21/Nov/2022:07:18:22 -0500] "GET /sipse/faces/javax.faces.resource/primefaces.css?ln=primefaces&v=4.0 HTTP/1.1" 304 -
201.245.192.253 - - [21/Nov/2022:07:18:22 -0500] "GET /sipse/faces/javax.faces.resource/layout/layout.css?ln=primefaces&v=4.0 HTTP/1.1" 304 -
201.245.192.253 - - [21/Nov/2022:07:18:22 -0500] "GET /sipse/faces/javax.faces.resource/jquery/jquery-plugins.js?ln=primefaces&v=4.0 HTTP/1.1" 304 -
201.245.192.253 - - [21/Nov/2022:07:18:22 -0500] "GET /sipse/faces/javax.faces.resource/jquery/jquery.js?ln=primefaces&v=4.0 HTTP/1.1" 304 -
201.245.192.253 - - [21/Nov/2022:07:18:22 -0500] "GET /sipse/faces/javax.faces.resource/primefaces.js?ln=primefaces&v=4.0 HTTP/1.1" 304 -
201.245.192.253 - - [21/Nov/2022:07:18:22 -0500] "GET /sipse/faces/javax.faces.resource/layout/layout.js?ln=primefaces&v=4.0 HTTP/1.1" 304 -
201.245.192.253 - - [21/Nov/2022:07:18:22 -0500] "GET /sipse/faces/javax.faces.resource/images/ui-icons_898989_256x240.png?ln=primefaces-aristo HTTP/1.1" 304 -
201.245.192.253 - - [21/Nov/2022:07:18:29 -0500] "GET /sipse/faces/javax.faces.resource/images/ui-bg_flat_0_2d5972_40x100.png?ln=primefaces-aristo HTTP/1.1" 200 183
201.245.192.253 - - [21/Nov/2022:07:18:29 -0500] "POST /sipse/faces/presentacion/financiero/solicitudProceso/consultarSolicitudProceso.xhtml HTTP/1.1" 200 5461
216.245.221.92 - - [21/Nov/2022:07:18:29 -0500] "HEAD / HTTP/1.1" 200 -
201.245.192.253 - - [21/Nov/2022:07:18:29 -0500] "GET /sipse/faces/javax.faces.resource/dynamiccontent.properties?ln=primefaces&pfdrid=XjOR5%2F%2FfPAZAuY9TpWQeCiM0BhlXxYRBGKi%2FQcXXfeA%3D&pfdrid_c=false HTTP/1.1" 200 165453
172.22.2.4 - - [21/Nov/2022:07:17:28 -0500] "GET /BLA/boletinlegal/ HTTP/1.1" 200 58185
201.245.192.253 - - [21/Nov/2022:07:19:40 -0500] "POST /sipse/faces/presentacion/financiero/solicitudProceso/consultarSolicitudProceso.xhtml HTTP/1.1" 200 67078
201.245.192.253 - - [21/Nov/2022:07:19:42 -0500] "GET /sipse/faces/javax.faces.resource/jquery/jquery.js?ln=primefaces&v=4.0 HTTP/1.1" 304 -
201.245.192.253 - - [21/Nov/2022:07:19:42 -0500] "GET /sipse/faces/javax.faces.resource/jquery/jquery-plugins.js?ln=primefaces&v=4.0 HTTP/1.1" 304 -
201.245.192.253 - - [21/Nov/2022:07:19:42 -0500] "GET /sipse/faces/javax.faces.resource/primefaces.js?ln=primefaces&v=4.0 HTTP/1.1" 304 -
201.245.192.253 - - [21/Nov/2022:07:19:42 -0500] "GET /sipse/faces/javax.faces.resource/layout/layout.js?ln=primefaces&v=4.0 HTTP/1.1" 304 -
201.245.192.253 - - [21/Nov/2022:07:19:42 -0500] "GET /sipse/faces/javax.faces.resource/messages/messages.png?ln=primefaces&v=4.0 HTTP/1.1" 200 27209
201.245.192.253 - - [21/Nov/2022:07:19:42 -0500] "POST /sipse/faces/presentacion/financiero/solicitudProceso/listarSolicitudProceso.xhtml HTTP/1.1" 200 1560
201.245.192.253 - - [21/Nov/2022:07:19:43 -0500] "POST /sipse/faces/presentacion/financiero/solicitudProceso/listarSolicitudProceso.xhtml HTTP/1.1" 200 184
201.245.192.253 - - [21/Nov/2022:07:19:43 -0500] "POST /sipse/faces/presentacion/financiero/solicitudProceso/listarSolicitudProceso.xhtml HTTP/1.1" 200 184
201.245.192.253 - - [21/Nov/2022:07:19:43 -0500] "GET /sipse/faces/presentacion/financiero/solicitudAnulacion/solicitudAnulacion.xhtml HTTP/1.1" 200 15757
201.245.192.253 - - [21/Nov/2022:07:19:43 -0500] "GET /sipse/faces/presentacion/financiero/solicitudAnulacion/solicitudAnulacion.xhtml HTTP/1.1" 200 41071
201.245.192.253 - - [21/Nov/2022:07:19:44 -0500] "GET /sipse/faces/javax.faces.resource/theme.css?ln=primefaces-sipse HTTP/1.1" 304 -
201.245.192.253 - - [21/Nov/2022:07:19:44 -0500] "GET /sipse/faces/javax.faces.resource/primefaces.css?ln=primefaces&v=4.0 HTTP/1.1" 304 -
201.245.192.253 - - [21/Nov/2022:07:19:44 -0500] "GET /sipse/faces/javax.faces.resource/jquery/jquery.js?ln=primefaces&v=4.0 HTTP/1.1" 304 -
201.245.192.253 - - [21/Nov/2022:07:19:44 -0500] "GET /sipse/faces/javax.faces.resource/layout/layout.css?ln=primefaces&v=4.0 HTTP/1.1" 304 -
201.245.192.253 - - [21/Nov/2022:07:19:44 -0500] "GET /sipse/faces/javax.faces.resource/primefaces.js?ln=primefaces&v=4.0 HTTP/1.1" 304 -
201.245.192.253 - - [21/Nov/2022:07:19:44 -0500] "GET /sipse/faces/javax.faces.resource/jquery/jquery-plugins.js?ln=primefaces&v=4.0 HTTP/1.1" 304 -
201.245.192.253 - - [21/Nov/2022:07:19:44 -0500] "GET /sipse/faces/javax.faces.resource/layout/layout.js?ln=primefaces&v=4.0 HTTP/1.1" 304 -
201.245.192.253 - - [21/Nov/2022:07:19:44 -0500] "GET /sipse/faces/javax.faces.resource/images/ui-icons_898989_256x240.png?ln=primefaces-aristo HTTP/1.1" 304 -
201.245.192.253 - - [21/Nov/2022:07:19:44 -0500] "GET /sipse/faces/javax.faces.resource/images/ui-bg_flat_0_2d5972_40x100.png?ln=primefaces-aristo HTTP/1.1" 304 -
201.245.192.253 - - [21/Nov/2022:07:19:42 -0500] "POST /kwsrmcab/Wsrmcab  HTTP/1.1" 200 42393
201.245.192.253 - - [21/Nov/2022:07:19:44 -0500] "POST /sipse/faces/presentacion/financiero/solicitudAnulacion/solicitudAnulacion.xhtml HTTP/1.1" 200 17018
157.55.39.206 - - [21/Nov/2022:07:20:18 -0500] "GET /BLA/resoluciones/RESOLUCIONES%202000/2000%202100-2149.tif HTTP/1.1" 200 5864086
80.94.92.40 - - [21/Nov/2022:07:20:40 -0500] "GET / HTTP/1.1" 200 319
201.245.192.253 - - [21/Nov/2022:07:20:56 -0500] "POST /kwsrmcab/Wsrmcab HTTP/1.1" 200 41910
201.245.192.253 - - [21/Nov/2022:07:20:59 -0500] "POST /kwsrmcab/Wsrmcab HTTP/1.1" 200 43805
181.204.156.162 - - [21/Nov/2022:07:21:14 -0500] "GET /galeria/galeria/jquery.fancybox.css?v=2.1.5 HTTP/1.1" 200 4895
181.204.156.162 - - [21/Nov/2022:07:21:14 -0500] "GET /BLA/boletinlegal/js/jquery.scrollShow.js HTTP/1.1" 200 4586
181.204.156.162 - - [21/Nov/2022:07:21:14 -0500] "GET /galeria/galeria/jquery.fancybox.js?v=2.1.5 HTTP/1.1" 200 48706
185.119.81.109 - - [21/Nov/2022:07:22:05 -0500] "GET /portaldeninos/wp-login.php HTTP/1.1" 200 2592
185.119.81.109 - - [21/Nov/2022:07:22:06 -0500] "POST /portaldeninos/wp-login.php HTTP/1.1" 200 3650
201.245.192.253 - - [21/Nov/2022:07:22:40 -0500] "POST /sipse/faces/presentacion/financiero/solicitudAnulacion/solicitudAnulacion.xhtml HTTP/1.1" 200 47232
201.245.192.253 - - [21/Nov/2022:07:22:41 -0500] "GET /sipse/faces/javax.faces.resource/fileupload/fileupload.css?ln=primefaces&v=4.0 HTTP/1.1" 200 1330
201.245.192.253 - - [21/Nov/2022:07:22:41 -0500] "GET /sipse/faces/javax.faces.resource/jquery/jquery.js?ln=primefaces&v=4.0 HTTP/1.1" 304 -
201.245.192.253 - - [21/Nov/2022:07:22:41 -0500] "GET /sipse/faces/javax.faces.resource/jquery/jquery-plugins.js?ln=primefaces&v=4.0 HTTP/1.1" 304 -
201.245.192.253 - - [21/Nov/2022:07:22:41 -0500] "GET /sipse/faces/javax.faces.resource/primefaces.js?ln=primefaces&v=4.0 HTTP/1.1" 304 -
201.245.192.253 - - [21/Nov/2022:07:22:41 -0500] "GET /sipse/faces/javax.faces.resource/layout/layout.js?ln=primefaces&v=4.0 HTTP/1.1" 304 -
201.245.192.253 - - [21/Nov/2022:07:22:41 -0500] "GET /sipse/faces/javax.faces.resource/fileupload/fileupload.js?ln=primefaces&v=4.0 HTTP/1.1" 304 -
216.245.221.92 - - [21/Nov/2022:07:23:29 -0500] "HEAD / HTTP/1.1" 200 -
201.245.192.253 - - [21/Nov/2022:07:23:48 -0500] "POST /sipse/faces/presentacion/financiero/solicitudAnulacion/registrarSolicitudAnulacion.xhtml HTTP/1.1" 200 358268
172.22.2.4 - - [21/Nov/2022:07:22:28 -0500] "HEAD /BLA/boletinlegal/ HTTP/1.1" 200 -
201.245.192.253 - - [21/Nov/2022:07:24:42 -0500] "POST /kwsrmcab/Wsrmcab  HTTP/1.1" 200 42393
172.22.2.4 - - [21/Nov/2022:07:23:19 -0500] "GET /BLA/boletinlegal/ HTTP/1.1" 200 58612
172.22.2.4 - - [21/Nov/2022:07:25:31 -0500] "GET /BLA/boletinlegal/actos.php HTTP/1.1" 200 9566
172.22.2.4 - - [21/Nov/2022:07:25:31 -0500] "GET /BLA/boletinlegal/images/cabezote%20BLEGAL.jpg HTTP/1.1" 200 118164
172.22.2.4 - - [21/Nov/2022:07:25:31 -0500] "GET /BLA/boletinlegal/favicon.ico HTTP/1.1" 404 1326
172.22.2.4 - - [21/Nov/2022:07:25:44 -0500] "GET /BLA/boletinlegal/consulta_actos.php?tipo=autos&no=5547&usuario=&sector=&fecha=2022&resuelve= HTTP/1.1" 200 626
172.22.2.4 - - [21/Nov/2022:07:26:00 -0500] "GET /BLA/boletinlegal/consulta_actos.php?tipo=autos&no=7527&usuario=&sector=&fecha=2022&resuelve= HTTP/1.1" 200 1085
207.46.13.174 - - [21/Nov/2022:07:28:08 -0500] "GET /BLA/resoluciones/RESOLUCIONES%202015/0995.pdf HTTP/1.1" 304 -
216.245.221.92 - - [21/Nov/2022:07:28:29 -0500] "HEAD / HTTP/1.1" 200 -
201.245.192.253 - - [21/Nov/2022:07:29:41 -0500] "POST /kwsrmcab/Wsrmcab  HTTP/1.1" 200 42393
66.249.73.127 - - [21/Nov/2022:07:29:53 -0500] "-" 408 -
172.22.2.4 - - [21/Nov/2022:07:28:18 -0500] "HEAD /BLA/boletinlegal/ HTTP/1.1" 200 -
185.119.81.104 - - [21/Nov/2022:07:30:17 -0500] "GET /portaldeninos/wp-login.php HTTP/1.1" 200 2592
185.119.81.104 - - [21/Nov/2022:07:30:18 -0500] "POST /portaldeninos/wp-login.php HTTP/1.1" 200 3605
172.22.2.4 - - [21/Nov/2022:07:29:08 -0500] "GET /BLA/boletinlegal/ HTTP/1.1" 200 57824
201.245.192.253 - - [21/Nov/2022:07:30:56 -0500] "POST /kwsrmcab/Wsrmcab HTTP/1.1" 200 41910
201.245.192.253 - - [21/Nov/2022:07:30:59 -0500] "POST /kwsrmcab/Wsrmcab HTTP/1.1" 200 43805
216.245.221.92 - - [21/Nov/2022:07:33:29 -0500] "HEAD / HTTP/1.1" 200 -
141.255.166.2 - - [21/Nov/2022:07:34:23 -0500] "GET / HTTP/1.1" 200 319
201.245.192.253 - - [21/Nov/2022:07:34:39 -0500] "POST /kwsrmcab/Wsrmcab  HTTP/1.1" 200 42393
190.26.164.133 - - [21/Nov/2022:07:34:47 -0500] "GET /BLA/resoluciones/index.php?dir=AUTOS+2015%2F HTTP/1.1" 200 12235
190.26.164.133 - - [21/Nov/2022:07:34:48 -0500] "GET /BLA/resoluciones/index.php?dir=AUTOS+2015%2F HTTP/1.1" 200 577811
172.22.2.4 - - [21/Nov/2022:07:34:08 -0500] "HEAD /BLA/boletinlegal/ HTTP/1.1" 200 -
201.245.192.253 - - [21/Nov/2022:07:36:03 -0500] "GET /appsia/controlador HTTP/1.1" 200 4799
201.245.192.253 - - [21/Nov/2022:07:36:03 -0500] "GET /appsia/css/estilos.css HTTP/1.1" 200 4804
201.245.192.253 - - [21/Nov/2022:07:36:03 -0500] "GET /appsia/scripts/validarIngreso.js HTTP/1.1" 200 851
201.245.192.253 - - [21/Nov/2022:07:36:03 -0500] "GET /appsia/images/logo_bogota_p.png HTTP/1.1" 200 14951
201.245.192.253 - - [21/Nov/2022:07:36:03 -0500] "GET /appsia/images/cabezoteHojaVida.png HTTP/1.1" 200 32493
201.245.192.253 - - [21/Nov/2022:07:36:03 -0500] "GET /favicon.ico HTTP/1.1" 200 7782
157.55.39.206 - - [21/Nov/2022:07:36:09 -0500] "GET /sipse/faces/autenticacion.xhtml HTTP/1.1" 200 12503
201.245.192.253 - - [21/Nov/2022:07:36:15 -0500] "POST /appsia/controlador HTTP/1.1" 200 5437
201.245.192.253 - - [21/Nov/2022:07:36:20 -0500] "POST /appsia/controlador HTTP/1.1" 200 7775
201.245.192.253 - - [21/Nov/2022:07:36:25 -0500] "POST /appsia/controlador HTTP/1.1" 200 6640
201.245.192.253 - - [21/Nov/2022:07:36:26 -0500] "POST /appsia/controlador HTTP/1.1" 200 12820
207.46.13.174 - - [21/Nov/2022:07:36:29 -0500] "GET /sipse/css/custom_css_sg_prime_login.css HTTP/1.1" 200 443
207.46.13.194 - - [21/Nov/2022:07:36:34 -0500] "GET /sipse/faces/javax.faces.resource/jquery/jquery.js;jsessionid=RZROdzut-2aioh2Eh4+24sHU.undefined?ln=primefaces&v=4.0 HTTP/1.1" 200 105384
207.46.13.194 - - [21/Nov/2022:07:36:35 -0500] "GET /sipse/faces/javax.faces.resource/theme.css?ln=primefaces-sipse HTTP/1.1" 200 50058
207.46.13.194 - - [21/Nov/2022:07:36:35 -0500] "GET /sipse/js/disable_browser_buttons.js HTTP/1.1" 200 3230
172.22.2.4 - - [21/Nov/2022:07:34:58 -0500] "GET /BLA/boletinlegal/ HTTP/1.1" 200 59779
201.245.192.253 - - [21/Nov/2022:07:36:47 -0500] "POST /appsia/controlador HTTP/1.1" 200 6640
201.245.192.253 - - [21/Nov/2022:07:36:48 -0500] "POST /appsia/controlador HTTP/1.1" 200 12429
157.55.39.39 - - [21/Nov/2022:07:37:01 -0500] "GET /sipse/js/funciones.js HTTP/1.1" 200 12592
40.77.167.58 - - [21/Nov/2022:07:37:10 -0500] "GET /sipse/faces/javax.faces.resource/jquery/jquery-plugins.js;jsessionid=RZROdzut-2aioh2Eh4+24sHU.undefined?ln=primefaces&v=4.0 HTTP/1.1" 200 220526
201.245.192.253 - - [21/Nov/2022:07:37:34 -0500] "POST /sipse/faces/presentacion/financiero/solicitudAnulacion/registrarSolicitudAnulacion.xhtml HTTP/1.1" 200 27836
201.245.192.253 - - [21/Nov/2022:07:37:34 -0500] "GET /sipse/faces/javax.faces.resource/jquery/jquery.js?ln=primefaces&v=4.0 HTTP/1.1" 304 -
201.245.192.253 - - [21/Nov/2022:07:37:34 -0500] "GET /sipse/faces/javax.faces.resource/jquery/jquery-plugins.js?ln=primefaces&v=4.0 HTTP/1.1" 304 -
201.245.192.253 - - [21/Nov/2022:07:37:34 -0500] "GET /sipse/faces/javax.faces.resource/primefaces.js?ln=primefaces&v=4.0 HTTP/1.1" 304 -
201.245.192.253 - - [21/Nov/2022:07:37:34 -0500] "GET /sipse/faces/javax.faces.resource/layout/layout.js?ln=primefaces&v=4.0 HTTP/1.1" 304 -
40.77.167.58 - - [21/Nov/2022:07:37:40 -0500] "GET /BLA/resoluciones/RESOLUCIONES%202000/2000%2050-99.tif HTTP/1.1" 200 4413665
201.245.192.253 - - [21/Nov/2022:07:37:42 -0500] "POST /sipse/faces/presentacion/financiero/solicitudProceso/consultarHistorialSolProceso.xhtml HTTP/1.1" 200 52596
201.245.192.253 - - [21/Nov/2022:07:37:43 -0500] "GET /sipse/faces/javax.faces.resource/primefaces.js?ln=primefaces&v=4.0 HTTP/1.1" 304 -
201.245.192.253 - - [21/Nov/2022:07:37:43 -0500] "GET /sipse/faces/javax.faces.resource/layout/layout.css?ln=primefaces&v=4.0 HTTP/1.1" 304 -
201.245.192.253 - - [21/Nov/2022:07:37:43 -0500] "GET /sipse/faces/javax.faces.resource/theme.css?ln=primefaces-sipse HTTP/1.1" 304 -
201.245.192.253 - - [21/Nov/2022:07:37:43 -0500] "GET /sipse/faces/javax.faces.resource/jquery/jquery-plugins.js?ln=primefaces&v=4.0 HTTP/1.1" 304 -
201.245.192.253 - - [21/Nov/2022:07:37:43 -0500] "GET /sipse/faces/javax.faces.resource/primefaces.css?ln=primefaces&v=4.0 HTTP/1.1" 304 -
201.245.192.253 - - [21/Nov/2022:07:37:43 -0500] "GET /sipse/faces/javax.faces.resource/jquery/jquery.js?ln=primefaces&v=4.0 HTTP/1.1" 304 -
201.245.192.253 - - [21/Nov/2022:07:37:43 -0500] "GET /sipse/faces/javax.faces.resource/layout/layout.js?ln=primefaces&v=4.0 HTTP/1.1" 304 -
201.245.192.253 - - [21/Nov/2022:07:37:43 -0500] "GET /sipse/faces/javax.faces.resource/fileupload/fileupload.js?ln=primefaces&v=4.0 HTTP/1.1" 304 -
201.245.192.253 - - [21/Nov/2022:07:37:43 -0500] "GET /sipse/faces/javax.faces.resource/fileupload/fileupload.css?ln=primefaces&v=4.0 HTTP/1.1" 304 -
