40.77.167.58 - - [29/Nov/2022:05:33:06 -0500] "GET /BLA/resoluciones/index.php?dir=RESOLUCIONES+2017%2F HTTP/1.1" 200 284956
172.22.2.4 - - [29/Nov/2022:05:33:49 -0500] "GET /BLA/boletinlegal/Circulares/2021/CIRCULAR%20No.%2000009%20DEL%2001%20DE%20OCTUBRE%20DEL%202021.pdf HTTP/1.1" 200 320793
201.245.192.253 - - [29/Nov/2022:05:34:10 -0500] "POST /kwsrmcab/Wsrmcab  HTTP/1.1" 200 42393
172.22.2.4 - - [29/Nov/2022:05:34:05 -0500] "HEAD /BLA/boletinlegal/ HTTP/1.1" 200 -
172.22.2.4 - - [29/Nov/2022:05:34:55 -0500] "GET /BLA/boletinlegal/ HTTP/1.1" 200 53739
216.245.221.92 - - [29/Nov/2022:05:37:25 -0500] "HEAD / HTTP/1.1" 200 -
45.33.80.237 - - [29/Nov/2022:05:37:35 -0500] "GET /BLA/boletinlegal/js/jquery.scrollShow.js HTTP/1.1" 200 4586
45.33.80.237 - - [29/Nov/2022:05:37:35 -0500] "GET /galeria/galeria/jquery.fancybox.css?v=2.1.5 HTTP/1.1" 200 4895
45.33.80.237 - - [29/Nov/2022:05:37:35 -0500] "GET /galeria/galeria/jquery.fancybox.js?v=2.1.5 HTTP/1.1" 200 48706
201.245.192.253 - - [29/Nov/2022:05:39:08 -0500] "POST /kwsrmcab/Wsrmcab  HTTP/1.1" 200 42393
207.46.13.174 - - [29/Nov/2022:05:40:10 -0500] "GET /BLA/resoluciones/index.php?dir=RESOLUCIONES+2019%2F HTTP/1.1" 200 248983
186.102.28.34 - - [29/Nov/2022:05:40:47 -0500] "GET /kwssiamovil/sm/ldap/au?x=U2FsdGVkX1/KiCa4Ou0udS+Kojt0trMUxhNpw+OfDEv9Aj33sF9l2ZbfscD2Z3+P&y=U2FsdGVkX1+szcKYGsZI/2UnBEiA5SCCEiOZgAInUx9GsEO3SipzcimmT9yVSEp+ HTTP/1.1" 200 30
186.102.28.34 - - [29/Nov/2022:05:40:47 -0500] "GET /kwssiamovil/sm/acme/s?s=U2FsdGVkX1/NvXM4BWnIxmg5xEK5SSbjI52hdcTVCUzRrJ6g718WWHR4CtmTX+vcyvii/d+u8ZAJ7Zw/3UZcHDYeQsxvUQwhPMzD+r9IGr8=&u=U2FsdGVkX18lqu1GYywCGuB8h1ZmnHWoAT4Lkf9qNTM=&y=U2FsdGVkX1+szcKYGsZI/2UnBEiA5SCCEiOZgAInUx9GsEO3SipzcimmT9yVSEp+ HTTP/1.1" 200 97
186.102.28.34 - - [29/Nov/2022:05:40:47 -0500] "GET /kwssiamovil/sm/acme/s?s=U2FsdGVkX19A+mS1i6EessbIC0cJOJG7MRU55EdlmZ6re/bWEvQnGuRhx3aKmurKVmadgGh3eK0VVc9jzmh9+2LCbBjOlgGyYupIOiVkjzY61vuIzFo3sBOOKprTrys4paMQBgAI0kgzcdeIGQ9iiwsX0bcBdwB26AfnuUXmq63TES/SgZmH4m9tVTWEztBDz+wr4244KcAFsqlAmZC9ayL7myj1KCR+RFx7lfQlUy3Syc8uWrXBLh3WiP/dVnbKjl0iEVf0ovZmNfAVfvK5fnRwT6RQ9l9lKjs9ggPqmVVAXz+VbaV/a/VPx+Z31H8iWan5nXRsI70144Lfhf4XX3DBDj3WM3F5PAeeEVMRnE3NvGFlLr/0o3SFUklXKbUz30YKorn1l6F2CQU8Jvf/kGSZGNUPH2MIs5onGEncN+kQUF+YqF764Zo6AeK8iBrjHmvxnBcd7C9YZ4m5oZfvdE3BANcoQd+gbEJj6+acL9r+QmikYfXKXBftqpLXuhG4zVZPqm+tBzOuKE3D2xsDmQjn9xg6eQ659U21TFetw/nexcYu29JXLG+0dH2FjXPec/Beg+zUpsEMp4jIiSZ6tTspXnxUrtp54Zmh2QfOomFya4BRTFLh1s96pzLySNsG95DRoQRs0uch4bHAJo5mZCrTUcLGIPqpbSbPMmzBUIMlmBHNYR8I2cIEFbJnfvSXUAZHK63oLU08m9pZEPlAqOL+B/4O3P2MSvt1rlPrZLIbXnYWlWKFbRvnLEOJVnyz762E2Lt7SA3o37WxOEK0HMm+lXYXmWOY1qDD+pkjeqfZtN73AzxZm5ceqxKGTR54LqBSNmWRmzu4PDHR8EnpNQB/xZ+I1eXdGjuu9HTjtaDUzY+a6rC142RWfQXkAsX2UmkjuybEYFkZfxoWqsw+xO2qkOy++rRh2eddtq2EfzanJbyAvtMwFsSIbyOnaTN/coMFm3OK1qIZHvm029shHylZqBel9Ps/bu5vcrKiL0zXvpdYOuKeIlYO6BX350iMhrTWv71mFMTdHadX+6fTB9yaBaWs+ZfV2/kftxBr0sFYzofsv6kIOq8eMVNl5vD5slF0MllawvwnsJwUBkfPcz1h30C8d3UWS6g0TGVhRC2FyrTeJBd9zrB5BGque49QX8IzRhsauUFkU3WmoNmkV1+zDPnT3gA/f/Hlu9sYo7sr2ueOz5yVh6FmbcjDDwd7pegtqnVEoHjrOruyGRbTkNknTeHaFuQ3X2zzVTdX3DM0p+tCxps3w/fq6dE2sk5MUEoH81n1Uy6LSWYRnXODMoZxCYL5Igq7yGFQ+KhV78vRn3NkZ9AdoEW4m4WXZ2mf56Zbhf87jKbrpp880S3ZjIlZBjumna0ZHwCQ4lGyJEY3YxN9NFefT5ksgccnexddC+Ny/DIE/nyO9BfrzvcWeaVRH3tdu0dvIuEujhas80g=&u=U2FsdGVkX18lqu1GYywCGuB8h1ZmnHWoAT4Lkf9qNTM=&y=U2FsdGVkX1+szcKYGsZI/2UnBEiA5SCCEiOZgAInUx9GsEO3SipzcimmT9yVSEp+ HTTP/1.1" 200 4349
186.102.28.34 - - [29/Nov/2022:05:40:47 -0500] "GET /kwssiamovil/sm/acme/s?s=U2FsdGVkX18QHfDU//Jp12H3KotHPlEcckwy4ekBx5n44BPD7at16IrjxLsmz00cvB7l/2WR+qn/DxWSbzy/Y1zVjZGMGtGyk9JU73Uvym3ijvRr/BIKv0hMT4hJgxS/XzNxqxEu1gKsTa1pA0uBA4mvWiPc0HG7N/TyARIo6YXsBDZqW5iZW1WFbHlJXkRRkGfn4Rr5D0PlqR9cFqF2wPcbRQH/LBLCzrwtDipHQmMp2rUQukwJGMVgTSLTgu0bEeLsnH5/ozL4AbT2TCyPUZoLDtNL1p/kVUVhUeSjvmgntG5+rVypM54H/Y2zfWzWvu4vjKvCrTq9vvQKcIOY2Q==&u=U2FsdGVkX18lqu1GYywCGuB8h1ZmnHWoAT4Lkf9qNTM=&y=U2FsdGVkX1+szcKYGsZI/2UnBEiA5SCCEiOZgAInUx9GsEO3SipzcimmT9yVSEp+ HTTP/1.1" 200 196
186.102.28.34 - - [29/Nov/2022:05:40:47 -0500] "GET /kwssiamovil/sm/cjson/pre?f=1&x=U2FsdGVkX1/KiCa4Ou0udS+Kojt0trMUxhNpw+OfDEv9Aj33sF9l2ZbfscD2Z3+P HTTP/1.1" 200 31032
201.245.192.253 - - [29/Nov/2022:05:41:19 -0500] "POST /kwsrmcab/Wsrmcab HTTP/1.1" 200 43203
201.245.192.253 - - [29/Nov/2022:05:41:21 -0500] "POST /kwsrmcab/Wsrmcab HTTP/1.1" 200 43552
172.22.2.4 - - [29/Nov/2022:05:39:55 -0500] "HEAD /BLA/boletinlegal/ HTTP/1.1" 200 -
172.22.2.4 - - [29/Nov/2022:05:40:32 -0500] "GET /BLA/boletinlegal/ HTTP/1.1" 200 36811
66.249.64.13 - - [29/Nov/2022:05:42:10 -0500] "-" 408 -
216.245.221.92 - - [29/Nov/2022:05:42:25 -0500] "HEAD / HTTP/1.1" 200 -
172.22.2.4 - - [29/Nov/2022:05:40:45 -0500] "GET /BLA/boletinlegal/ HTTP/1.1" 200 53739
201.245.192.253 - - [29/Nov/2022:05:44:08 -0500] "POST /kwsrmcab/Wsrmcab  HTTP/1.1" 200 42393
157.55.39.42 - - [29/Nov/2022:05:45:42 -0500] "GET /portaldeninos/wp-content/uploads/2021/09/infograf%C3%ADa-aire-septiembre-258x1024.jpg HTTP/1.1" 200 63940
216.245.221.92 - - [29/Nov/2022:05:47:25 -0500] "HEAD / HTTP/1.1" 200 -
172.22.2.4 - - [29/Nov/2022:05:45:45 -0500] "HEAD /BLA/boletinlegal/ HTTP/1.1" 200 -
172.22.2.4 - - [29/Nov/2022:05:47:44 -0500] "GET /BLA/boletinlegal/robots.txt HTTP/1.1" 404 1038
172.22.2.4 - - [29/Nov/2022:05:47:47 -0500] "GET /BLA/boletinlegal/Circulares/2012/Circular%20No.%2011%20del%2027%20de%20Agosto%20de%202012.pdf HTTP/1.1" 200 526945
172.22.2.4 - - [29/Nov/2022:05:46:35 -0500] "GET /BLA/boletinlegal/ HTTP/1.1" 200 59779
66.249.64.13 - - [29/Nov/2022:05:48:19 -0500] "-" 408 -
128.14.134.170 - - [29/Nov/2022:05:48:44 -0500] "GET / HTTP/1.1" 200 319
201.245.192.253 - - [29/Nov/2022:05:49:07 -0500] "POST /kwsrmcab/Wsrmcab  HTTP/1.1" 200 42393
141.255.166.2 - - [29/Nov/2022:05:51:18 -0500] "POST /boaform/admin/formLogin HTTP/1.1" 404 1186
216.245.221.92 - - [29/Nov/2022:05:52:25 -0500] "HEAD / HTTP/1.1" 200 -
172.22.2.4 - - [29/Nov/2022:05:51:35 -0500] "HEAD /BLA/boletinlegal/ HTTP/1.1" 200 -
172.22.2.4 - - [29/Nov/2022:05:52:25 -0500] "GET /BLA/boletinlegal/ HTTP/1.1" 200 59035
201.245.192.253 - - [29/Nov/2022:05:54:06 -0500] "POST /kwsrmcab/Wsrmcab  HTTP/1.1" 200 42393
66.249.64.13 - - [29/Nov/2022:05:55:59 -0500] "-" 408 -
40.77.167.13 - - [29/Nov/2022:05:56:14 -0500] "GET /galeria/mapa/3MapaBogot%C3%A1.jpg HTTP/1.1" 200 688183
186.102.21.240 - - [29/Nov/2022:05:56:43 -0500] "GET /kwssiamovil/sm/ldap/au?x=U2FsdGVkX1+WbOkuMiZkrv+OsXkjeA7lEpV6Q2dX0tX9qRVQRLSEjymWGGWTAI1X&y=U2FsdGVkX1+A0iGc/wK9NzNNqbXYrjdrXAELxqo2Obw= HTTP/1.1" 200 30
186.102.21.240 - - [29/Nov/2022:05:56:43 -0500] "GET /kwssiamovil/sm/acme/s?s=U2FsdGVkX19CyKwd6lUMa3ybOyfNjbIUa1GtLE2y1YOH33VjtavYNsLGWqekknMnCN8sBk9iwC6JOPCEwW5rlyUoZeuPDYmERa+OgWfPwSk=&u=U2FsdGVkX18w7J0tJzeZCQGAW+Y5mfOBZqx0i2Racds=&y=U2FsdGVkX1+A0iGc/wK9NzNNqbXYrjdrXAELxqo2Obw= HTTP/1.1" 200 97
186.102.21.240 - - [29/Nov/2022:05:56:43 -0500] "GET /kwssiamovil/sm/acme/s?s=U2FsdGVkX19MWLBh31NMBVHbcW/XqhDSCQR8GUw4Q//ODt7RDqagvUqtzQIUCtRIXfldTkecHxcAWnNveQ2FBjWARucpY/w9OkXO+GMEHbkkBdurFRjspXILQFXpf23w9dBMVND7LkYK4csOJwEaAXSuZXuj2hIyGvfhScPryVzvdVnMeMkVTZEsuAw0Zrnv+eqXkNddr/Zkcm/ieFlGe+iK7SUASk3B0OFHPpRIHmZfiQN6OeMUMe7n2g817rtVOMQO8tfH2zTWb00VX1GHvddKaZtjVdS6v8tJAtiyd1zvkrueeNhtUFNR62fpUzfPV6Znp+kkms1jyPqmTXCs5Z2Zmglq635kKqg2yAFAUwYa5Vdk8i9DCxNORfsn8Lh9nshRX15GFYwx7HXeHa5ulbNdlJVHoxUQv7UFhvBldeZIDjHH83T7VMieHF04f2W11ncWoE8c8sup+bbmntNs/uroXduZI1du0he2/aCGQIsATFipQavzZQxet9rXfD+wKpGg6CfBVIxUBWPBlPpBqeiiTUJIMfpndZhvvKQO3Y408xvZsXi9dcNYwtTRm97Dl/8MVLVaS9sn4hjzjBk3dNmTnS8ZCBca49LjBSgyNnYqlK+lEbkjx/HoWeF5XqVRZiG7s5a0DmZSmkdrlOfxKojMvUxxLmUeNkTA6ebXQaRlUroecxDnnPCOVniznCCYx5O4wfV134QvbrPEqVWbCsjtjz37srXD9DAftF2lzb/MXzMiIs9RjgUH5+NVo64HYfAzQ+pkXhSzWNBFTWnC+teVt4CSqRfwvL9pRyKkkiCfhjGWg4F/5erNmgrnQqpsHoKAO6EFHS0slCEmHmjKmaI5xmxoOqL2xSt5qmMD85KnFkG3pPJl3o8ZyZHK4JbjIrhhNg1yqReBvI2oznSZC2WeQBFMFLhleBDSGCfL09pQ6uMhTbrnVr6gbLjHLdQmDXuAD7dHVuKPzY4HGpMdMkmYSlzZw9dyQcyGB3cf3z/hf6Fn09ybALF1vrR+mo3T6UQlwxky76jlPZHVJDMfrvcmK4bNlIGt/E86d9ST2p1mag+wphLyBycFykiLKOeEyzSq3BJmlSq7v2tfJ7WcInUnTFscfPJwok6T6z8ClsmGZJkrB95aEmnaPWeEcNacdqeD/7abkQ5MzA8kj/2RXKPL6oEKpeDL93YvbC+A30QMXsSIfq5zkX8Ru9oiGFRZQOtDmlHB3D1EZz9xwLof0cdHCl4ZvhPY5hGqjdWd0E/7XKD/BAFwMf1RfI76gKvZOFF58ZfYg1gsIuz8QEQKshnzfoEyf0gBln+TdbEloPKvLVqRGwvCaOlry7pRdlnscD0Fjaqiya8K61SO3WTYlUcYlCuTVFjq/GpAZeMpvWwFd8iMd5P+ENddSKASoprPJ4/KC09LN2/lRiA0SkwG7FVCccjXe2JJ2Lv3SEMkWHdaKaHtAKnCi4klbbS2Lon/tsp2BgwhWOTNsU1NOUrLD//io59vL/ODrhyX2vlm7DobbWcM2tP9qPmDpxl/5Ua4EpGFAOMFcvPvT7fInCaIj9LBqnjr99BMlTAwHgWyl5Vq4ipQPgz6SSjtXK8a24SzVcfwFLYdTa0sKLF9xjjwmzv3tHr8ZxwsKDaB1G7NMVFc+AaFQyG7kc055FUSxYMb5WUr53sqbfI6uHiznAMdGKNZskNWhq8J2MtfNzfMcEDo9LZ8kPDV6aHV+ysjBZWrIIz8A6zs0W6gid3F268TPRV+/Btxmew5YGjJHChqBY8=&u=U2FsdGVkX18w7J0tJzeZCQGAW+Y5mfOBZqx0i2Racds=&y=U2FsdGVkX1+A0iGc/wK9NzNNqbXYrjdrXAELxqo2Obw= HTTP/1.1" 200 3826
186.102.21.240 - - [29/Nov/2022:05:56:43 -0500] "GET /kwssiamovil/sm/acme/s?s=U2FsdGVkX1/oXKIoNS4UPqHcn2dPlAKNnGm7LQxSzpR2Ezf845wx3mZeiInWZvOA2NPCHkTUr6fvd+PEonovsrzpyK0LeEPlaGxKHgu4BrGG/Xzp09bcYo0O4HuBXmq4XAj/FUaq4HRoSOM4J57JnPFVgjmEDNGZi1uqutRY6LiZuF4hsRqHb8QanC36/sAGm3dhw63NFe4DWUgjv6Aa2aKopizf4/824CtaOvr8TRXDPNWGTjjAZ/SXsm8HCsqTTdDuyD8oIUDc7YXTOJEQRVvNS2ewm1ZyzmHRLt5lOWE0Jj9oRZpAKrqSwW/YcE3rBYw3xFi3MU8TtdRyGPLca3/4fsRnLH8DQ9BgA8gZ2iLNvYKjC75viKr8za8yDlWJ/XdpqzRUVFaqU9uYEjWZAF8+ErHcjdTMd6Y7oo42P38SSFI7uXp6DH0lkR+URh2aMgZN5ahgHMnx0j0172KYpWmaXdxGsUr4YHY5gHb82gmHIWSzPOmKYeUtV5LDgB2pWstuswYpg3ICH4ue9Zi6czx89Plm1g22bxqIejT2PaaqCAjNGkwwGrbao7FuDamxU/3dLg/nXqiBGjH2ibfdW9hTmuHoCfyOuaL/7Nko/d80b8Az2/7Wu4RVOrr/3xnS9LQqFg227nZJIWl3vYkJGmgiuGP0ezAc7gMwi7pv9nAYFGNDnTfFG1SFXptxNPIkruGJlmiVdlQdB+bjU8WQ7lKhwz8Eu51g6OWCztAr4VmQ60ZMGUJVUKogpOo9Cusr&u=U2FsdGVkX18w7J0tJzeZCQGAW+Y5mfOBZqx0i2Racds=&y=U2FsdGVkX1+A0iGc/wK9NzNNqbXYrjdrXAELxqo2Obw= HTTP/1.1" 200 208
186.102.21.240 - - [29/Nov/2022:05:56:43 -0500] "GET /kwssiamovil/sm/cjson/pre?f=1&x=U2FsdGVkX1+WbOkuMiZkrv+OsXkjeA7lEpV6Q2dX0tX9qRVQRLSEjymWGGWTAI1X HTTP/1.1" 200 31032
103.133.111.120 - - [29/Nov/2022:05:57:01 -0500] "GET /portaldeninos/ HTTP/1.1" 200 110197
216.245.221.92 - - [29/Nov/2022:05:57:25 -0500] "HEAD / HTTP/1.1" 200 -
103.133.111.120 - - [29/Nov/2022:05:57:18 -0500] "GET /portaldeninos//wp-includes/wlwmanifest.xml HTTP/1.1" 200 1045
103.133.111.120 - - [29/Nov/2022:05:57:34 -0500] "GET /portaldeninos//wp-login.php HTTP/1.1" 200 2592
103.133.111.120 - - [29/Nov/2022:05:57:51 -0500] "GET /portaldeninos//?author=1 HTTP/1.1" 301 -
103.133.111.120 - - [29/Nov/2022:05:58:08 -0500] "GET /portaldeninos//?author=2 HTTP/1.1" 301 -
103.133.111.120 - - [29/Nov/2022:05:58:24 -0500] "GET /portaldeninos//wp-json/wp/v2/users/ HTTP/1.1" 200 1366
103.133.111.120 - - [29/Nov/2022:05:58:25 -0500] "POST /portaldeninos//xmlrpc.php HTTP/1.1" 200 413
103.133.111.120 - - [29/Nov/2022:05:58:25 -0500] "POST /portaldeninos//xmlrpc.php HTTP/1.1" 200 413
103.133.111.120 - - [29/Nov/2022:05:58:26 -0500] "POST /portaldeninos//xmlrpc.php HTTP/1.1" 200 413
103.133.111.120 - - [29/Nov/2022:05:58:26 -0500] "POST /portaldeninos//xmlrpc.php HTTP/1.1" 200 413
103.133.111.120 - - [29/Nov/2022:05:58:27 -0500] "POST /portaldeninos//xmlrpc.php HTTP/1.1" 200 413
103.133.111.120 - - [29/Nov/2022:05:58:28 -0500] "POST /portaldeninos//xmlrpc.php HTTP/1.1" 200 413
103.133.111.120 - - [29/Nov/2022:05:58:28 -0500] "POST /portaldeninos//xmlrpc.php HTTP/1.1" 200 413
103.133.111.120 - - [29/Nov/2022:05:58:29 -0500] "POST /portaldeninos//xmlrpc.php HTTP/1.1" 200 413
103.133.111.120 - - [29/Nov/2022:05:58:30 -0500] "POST /portaldeninos//xmlrpc.php HTTP/1.1" 200 413
103.133.111.120 - - [29/Nov/2022:05:58:30 -0500] "POST /portaldeninos//xmlrpc.php HTTP/1.1" 200 413
103.133.111.120 - - [29/Nov/2022:05:58:31 -0500] "POST /portaldeninos//xmlrpc.php HTTP/1.1" 200 413
103.133.111.120 - - [29/Nov/2022:05:58:31 -0500] "POST /portaldeninos//xmlrpc.php HTTP/1.1" 200 413
103.133.111.120 - - [29/Nov/2022:05:58:32 -0500] "POST /portaldeninos//xmlrpc.php HTTP/1.1" 200 413
103.133.111.120 - - [29/Nov/2022:05:58:33 -0500] "POST /portaldeninos//xmlrpc.php HTTP/1.1" 200 413
103.133.111.120 - - [29/Nov/2022:05:58:33 -0500] "POST /portaldeninos//xmlrpc.php HTTP/1.1" 200 413
103.133.111.120 - - [29/Nov/2022:05:58:34 -0500] "POST /portaldeninos//xmlrpc.php HTTP/1.1" 200 413
103.133.111.120 - - [29/Nov/2022:05:58:34 -0500] "POST /portaldeninos//xmlrpc.php HTTP/1.1" 200 413
103.133.111.120 - - [29/Nov/2022:05:58:35 -0500] "POST /portaldeninos//xmlrpc.php HTTP/1.1" 200 413
103.133.111.120 - - [29/Nov/2022:05:58:36 -0500] "POST /portaldeninos//xmlrpc.php HTTP/1.1" 200 413
103.133.111.120 - - [29/Nov/2022:05:58:36 -0500] "POST /portaldeninos//xmlrpc.php HTTP/1.1" 200 413
103.133.111.120 - - [29/Nov/2022:05:58:37 -0500] "POST /portaldeninos//xmlrpc.php HTTP/1.1" 200 413
103.133.111.120 - - [29/Nov/2022:05:58:38 -0500] "POST /portaldeninos//xmlrpc.php HTTP/1.1" 200 413
103.133.111.120 - - [29/Nov/2022:05:58:38 -0500] "POST /portaldeninos//xmlrpc.php HTTP/1.1" 200 413
103.133.111.120 - - [29/Nov/2022:05:58:39 -0500] "POST /portaldeninos//xmlrpc.php HTTP/1.1" 200 413
103.133.111.120 - - [29/Nov/2022:05:58:39 -0500] "POST /portaldeninos//xmlrpc.php HTTP/1.1" 200 413
103.133.111.120 - - [29/Nov/2022:05:58:40 -0500] "POST /portaldeninos//xmlrpc.php HTTP/1.1" 200 413
103.133.111.120 - - [29/Nov/2022:05:58:41 -0500] "POST /portaldeninos//xmlrpc.php HTTP/1.1" 200 413
103.133.111.120 - - [29/Nov/2022:05:58:41 -0500] "POST /portaldeninos//xmlrpc.php HTTP/1.1" 200 413
103.133.111.120 - - [29/Nov/2022:05:58:42 -0500] "POST /portaldeninos//xmlrpc.php HTTP/1.1" 200 413
103.133.111.120 - - [29/Nov/2022:05:58:43 -0500] "POST /portaldeninos//xmlrpc.php HTTP/1.1" 200 413
103.133.111.120 - - [29/Nov/2022:05:58:43 -0500] "POST /portaldeninos//xmlrpc.php HTTP/1.1" 200 413
103.133.111.120 - - [29/Nov/2022:05:58:44 -0500] "POST /portaldeninos//xmlrpc.php HTTP/1.1" 200 413
103.133.111.120 - - [29/Nov/2022:05:58:44 -0500] "POST /portaldeninos//xmlrpc.php HTTP/1.1" 200 413
103.133.111.120 - - [29/Nov/2022:05:58:45 -0500] "POST /portaldeninos//xmlrpc.php HTTP/1.1" 200 413
103.133.111.120 - - [29/Nov/2022:05:58:45 -0500] "POST /portaldeninos//xmlrpc.php HTTP/1.1" 200 413
103.133.111.120 - - [29/Nov/2022:05:58:46 -0500] "POST /portaldeninos//xmlrpc.php HTTP/1.1" 200 413
103.133.111.120 - - [29/Nov/2022:05:58:47 -0500] "POST /portaldeninos//xmlrpc.php HTTP/1.1" 200 413
103.133.111.120 - - [29/Nov/2022:05:58:47 -0500] "POST /portaldeninos//xmlrpc.php HTTP/1.1" 200 413
103.133.111.120 - - [29/Nov/2022:05:58:48 -0500] "POST /portaldeninos//xmlrpc.php HTTP/1.1" 200 413
103.133.111.120 - - [29/Nov/2022:05:58:48 -0500] "POST /portaldeninos//xmlrpc.php HTTP/1.1" 200 413
103.133.111.120 - - [29/Nov/2022:05:58:49 -0500] "POST /portaldeninos//xmlrpc.php HTTP/1.1" 200 413
103.133.111.120 - - [29/Nov/2022:05:58:50 -0500] "POST /portaldeninos//xmlrpc.php HTTP/1.1" 200 413
103.133.111.120 - - [29/Nov/2022:05:58:50 -0500] "POST /portaldeninos//xmlrpc.php HTTP/1.1" 200 413
103.133.111.120 - - [29/Nov/2022:05:58:51 -0500] "POST /portaldeninos//xmlrpc.php HTTP/1.1" 200 413
186.102.21.240 - - [29/Nov/2022:05:58:52 -0500] "GET /kwssiamovil/sm/ldap/au?x=U2FsdGVkX19vq2fhB/yyj73SSgWHfuJfjeC9Jz8gfW0Nx2rHLyWZ6uqiHS5bvM8g&y=U2FsdGVkX19YwIbMndl5/X1+voYBPELYNyUfzGx52d4= HTTP/1.1" 200 30
186.102.21.240 - - [29/Nov/2022:05:58:52 -0500] "GET /kwssiamovil/sm/acme/s?s=U2FsdGVkX1/VtneKcHRUA/W5Inyds8hbIOOxh36C3eUeetpiCIsYZTOr46FoXzTEhdZ0Beuyg4Sut23RpYZoj/ROuGqUUeouRu9hAxpGb+8=&u=U2FsdGVkX19fYJLgWd2CIx35G3PlwTb57cVIQRVYPnI=&y=U2FsdGVkX19YwIbMndl5/X1+voYBPELYNyUfzGx52d4= HTTP/1.1" 200 97
103.133.111.120 - - [29/Nov/2022:05:58:51 -0500] "POST /portaldeninos//xmlrpc.php HTTP/1.1" 200 413
186.102.21.240 - - [29/Nov/2022:05:58:52 -0500] "GET /kwssiamovil/sm/acme/s?s=U2FsdGVkX18K6sG8Y+fEuPQ4GqJWnpQrwAiMsv9dc1yIPJnnsScRci46vkcQ4RlBjbPqREhF1V4u8SVV2dYq0shjmFyI8hZkRx2VGMbIjpbmf+73DogQ9RTtjMW5mkP7Rl0/j0I95cP2d2nKzqTeCMUJyG9yDtpxfTUWm3uIABNvuXlnZ5/+R09wj1h2MZHafqSbrbvSRUucWyXN2yVKb+l088K8A5DzECe3ILspYaQow7wZGDmxSuKMMmHI2vH0+O2vaeKTaLdV7XYJuFg0eGo3da2uWRzKcFq9imxCUMPlmWEsQLmWEvp5gU/xwdMAHduDArdNSn38kWvm5EYYYoHgC9H89cTsqlB47wgU60c49xChjWyi9NhnuVEKFiJnIc1vU4llgvMpJs+fJ4bmNW3h2ctbdpqsNGDeuYtNhHdWGJFwad70r3yeXrZ/TVZ2uNSRS81LHuZgW66jpx7HgudRFRO/HeV8Cujkzayr01a+h4RatwsvYn/Nxet1mZDlmxLSestHJtLgsHL/WYfrGqZd6BNujLgL6zdHgtXI7DqOgNj29Ou2P4+Xi+WU6ULTiRiggOKQyhZ9N6RaU5WWmGeEqyytfE+ipGFjpFj+ybE0jUXbIPYWFd1kEF2VgQYVQmEvfSKiDT2OCXwcytyXabVcI47EKKF/x7jiBjn36sHvYyZnrEjvsQr/f5n6+wvqrwzyc7Mgc2hLf8GFIQHsEuLluRKY75zAcMlssHZtnX1QPLywjiqNdUxcLiV18EcUkEunt/QJBx6WY15dkMxdcABkQ5AV+tiLqCluYukLmurnMu6X6wNENcxRsipDscpbG52UnAl2SpOd8vhO3aG30iVXTsMEyR1tXKejGv/bAlD/T6WqgW1S+qti+ZojlG6FtmlMPEXz68dTurVHH3NypqnfXQi+PLS9IIE7nZRGx21rLOqKH/vM91T3jo6s1Siwp6BfYc50HJUp4MLRsjvP09Iw7l/GwZ4O/JRxu28chnez0nJdI7xXK7EYMcQWO1ExmEhefsmudvSKDj+Z52NR1krusCE2tfwL4ITKTSn2XToad3o7rtm5EdmiQuOTtdJo85qKjxA4Ci5WN1cyDuPt38iYSbNBTBA4RDAleUugHuzpAKAvR817AdLzKfVcPj8msmmmmE7fS147Nccleh+F6bEn6zMMG/pqxNdh+P8U9NPLNhK17jSROrQJo6IivuOqDx8FkMHOdp6bppx9zzd+jmCIhHOeCfGE0kWPh6h7/c6EhG6t+wrd4GI96XC+7Ge1IRnfxNPUiaMsEDej+RIBN8w+jQnnaPL17LCqWIPYXK6PA0ot2YJQVeGH0g3+PHs946xlDMZWpki9qYZ5RbN2ThaF/0fXstCPMEADwlY6WOIVjUm6K/nTPDhjOkRH0ka4G1tu1NfoJr89kUTrqZwO7dGbuRbxVWOaoKDpHysl+1vZsaV0F/PIiXoOwq2OIuxzE02wn+F24wGzJ7v8lzQRRulpEpx5m1cMajUl6OcS53GA1CdQEb1LSjZiOPpefuEel5/gTZLZYk9nrhgJlPCNeFjn/OwYi4Ab1U5PyHL9NQLQo8mQj0Y0bnWRno1tGEH7rLs/x7at0qXDVtHE0uRd1CkIJ9im0WGs02ks9HUBDSTIHD8Hd5LftBRVjJYHT/z3JkDkT/UTtgo/Aj1bpS8FefzMGdJfMUOwre3ovZeznZUsaVzs2pDwjsyxtgDGyE4zVucFF4vJj+ZHJZVX3kw5BZfQCzaSdO1c0cOgQTg3R3E=&u=U2FsdGVkX19fYJLgWd2CIx35G3PlwTb57cVIQRVYPnI=&y=U2FsdGVkX19YwIbMndl5/X1+voYBPELYNyUfzGx52d4= HTTP/1.1" 200 3826
186.102.21.240 - - [29/Nov/2022:05:58:52 -0500] "GET /kwssiamovil/sm/acme/s?s=U2FsdGVkX1+McLe2GN879aAFEmfbzRFeOxpODJs/hDRShW0V4evwiF16KneaaUzru0/PTuB5VXNSSh72Wtz64h0aZ5fNfyC01jUl6voOzu/4OLs14WhuhHD3WrrKLSbmB7xWTCBAa+0IOpnhm4XZkXiXMS03NTZJwxp7evS4firvv/k7FYFGsIVVV09JNPzjOPQFCda9TA2Ef3YDAC5EslVoXNGHLfMRSMa9K0PZ/LudmL2Nr7Vu8eWqqUNikDELih9d6K8q139VztOpEDKuF+o71zlRs6gM2U94qEJBD+pXTeMj4KhJvgEeY6cOPlFhynizU5qKvsElfzsF796wsf3mI+glcAXksOtRWIzML+dLyyzbn/ciDRwOAomxj1Glk36JzVyAx3Zf2GvttiYSzasGYQ6GvvbeTs7Ki1cubhl0WR3337NTkcXbr2jP/MxlGsDM+br3dg2215IWop3FWuwX1TAIhq1nxumpdYHpAweEjXkV0YgL88N6XAyFYwbAmqFr85D5m17VDfa7iVjQsWBU9dvGkdyruwQxJjjPVVfytoVGp8zgctddhLmU66pXn7lw8wk9p08jpEEGyIj8+LuTZ780Hz3dJ/SkeHFUwKyE31LG6qnKFxT2ms4bvSjfzRiXH5MipctIawtK64QKCsskcT6DHwjHHxvFWcEAsoyhQW5wgrOQDGDhPd968gviBrqcBHb3/YcIGyIn+8ms6/1vIl/zecgLNCu7i+QRaqRYw0PU+RzF4YXAoWguFRcx&u=U2FsdGVkX19fYJLgWd2CIx35G3PlwTb57cVIQRVYPnI=&y=U2FsdGVkX19YwIbMndl5/X1+voYBPELYNyUfzGx52d4= HTTP/1.1" 200 208
103.133.111.120 - - [29/Nov/2022:05:58:52 -0500] "POST /portaldeninos//xmlrpc.php HTTP/1.1" 200 413
186.102.21.240 - - [29/Nov/2022:05:58:52 -0500] "GET /kwssiamovil/sm/cjson/pre?f=1&x=U2FsdGVkX19vq2fhB/yyj73SSgWHfuJfjeC9Jz8gfW0Nx2rHLyWZ6uqiHS5bvM8g HTTP/1.1" 200 31032
103.133.111.120 - - [29/Nov/2022:05:58:53 -0500] "POST /portaldeninos//xmlrpc.php HTTP/1.1" 200 413
103.133.111.120 - - [29/Nov/2022:05:58:53 -0500] "POST /portaldeninos//xmlrpc.php HTTP/1.1" 200 413
103.133.111.120 - - [29/Nov/2022:05:58:54 -0500] "POST /portaldeninos//xmlrpc.php HTTP/1.1" 200 413
103.133.111.120 - - [29/Nov/2022:05:58:54 -0500] "POST /portaldeninos//xmlrpc.php HTTP/1.1" 200 413
103.133.111.120 - - [29/Nov/2022:05:58:55 -0500] "POST /portaldeninos//xmlrpc.php HTTP/1.1" 200 413
103.133.111.120 - - [29/Nov/2022:05:58:56 -0500] "POST /portaldeninos//xmlrpc.php HTTP/1.1" 200 413
103.133.111.120 - - [29/Nov/2022:05:58:56 -0500] "POST /portaldeninos//xmlrpc.php HTTP/1.1" 200 413
103.133.111.120 - - [29/Nov/2022:05:58:57 -0500] "POST /portaldeninos//xmlrpc.php HTTP/1.1" 200 413
103.133.111.120 - - [29/Nov/2022:05:58:57 -0500] "POST /portaldeninos//xmlrpc.php HTTP/1.1" 200 413
103.133.111.120 - - [29/Nov/2022:05:58:58 -0500] "POST /portaldeninos//xmlrpc.php HTTP/1.1" 200 413
103.133.111.120 - - [29/Nov/2022:05:58:59 -0500] "POST /portaldeninos//xmlrpc.php HTTP/1.1" 200 413
103.133.111.120 - - [29/Nov/2022:05:58:59 -0500] "POST /portaldeninos//xmlrpc.php HTTP/1.1" 200 413
103.133.111.120 - - [29/Nov/2022:05:59:00 -0500] "POST /portaldeninos//xmlrpc.php HTTP/1.1" 200 413
103.133.111.120 - - [29/Nov/2022:05:59:00 -0500] "POST /portaldeninos//xmlrpc.php HTTP/1.1" 200 413
103.133.111.120 - - [29/Nov/2022:05:59:01 -0500] "POST /portaldeninos//xmlrpc.php HTTP/1.1" 200 413
103.133.111.120 - - [29/Nov/2022:05:59:02 -0500] "POST /portaldeninos//xmlrpc.php HTTP/1.1" 200 413
103.133.111.120 - - [29/Nov/2022:05:59:02 -0500] "POST /portaldeninos//xmlrpc.php HTTP/1.1" 200 413
103.133.111.120 - - [29/Nov/2022:05:59:03 -0500] "POST /portaldeninos//xmlrpc.php HTTP/1.1" 200 413
103.133.111.120 - - [29/Nov/2022:05:59:04 -0500] "POST /portaldeninos//xmlrpc.php HTTP/1.1" 200 413
103.133.111.120 - - [29/Nov/2022:05:59:04 -0500] "POST /portaldeninos//xmlrpc.php HTTP/1.1" 200 413
172.22.2.4 - - [29/Nov/2022:05:57:25 -0500] "HEAD /BLA/boletinlegal/ HTTP/1.1" 200 -
103.133.111.120 - - [29/Nov/2022:05:59:05 -0500] "POST /portaldeninos//xmlrpc.php HTTP/1.1" 200 413
103.133.111.120 - - [29/Nov/2022:05:59:05 -0500] "POST /portaldeninos//xmlrpc.php HTTP/1.1" 200 413
103.133.111.120 - - [29/Nov/2022:05:59:06 -0500] "POST /portaldeninos//xmlrpc.php HTTP/1.1" 200 413
201.245.192.253 - - [29/Nov/2022:05:59:05 -0500] "POST /kwsrmcab/Wsrmcab  HTTP/1.1" 200 42393
103.133.111.120 - - [29/Nov/2022:05:59:06 -0500] "POST /portaldeninos//xmlrpc.php HTTP/1.1" 200 413
103.133.111.120 - - [29/Nov/2022:05:59:07 -0500] "POST /portaldeninos//xmlrpc.php HTTP/1.1" 200 413
103.133.111.120 - - [29/Nov/2022:05:59:08 -0500] "POST /portaldeninos//xmlrpc.php HTTP/1.1" 200 413
103.133.111.120 - - [29/Nov/2022:05:59:08 -0500] "POST /portaldeninos//xmlrpc.php HTTP/1.1" 200 413
103.133.111.120 - - [29/Nov/2022:05:59:09 -0500] "POST /portaldeninos//xmlrpc.php HTTP/1.1" 200 413
103.133.111.120 - - [29/Nov/2022:05:59:09 -0500] "POST /portaldeninos//xmlrpc.php HTTP/1.1" 200 413
103.133.111.120 - - [29/Nov/2022:05:59:10 -0500] "POST /portaldeninos//xmlrpc.php HTTP/1.1" 200 413
190.27.178.50 - - [29/Nov/2022:05:59:11 -0500] "GET /vota-por-bogota-en-we-love-cities-pioneros-en-sostenibilidad.html HTTP/1.1" 200 850
103.133.111.120 - - [29/Nov/2022:05:59:11 -0500] "POST /portaldeninos//xmlrpc.php HTTP/1.1" 200 413
103.133.111.120 - - [29/Nov/2022:05:59:11 -0500] "POST /portaldeninos//xmlrpc.php HTTP/1.1" 200 413
103.133.111.120 - - [29/Nov/2022:05:59:12 -0500] "POST /portaldeninos//xmlrpc.php HTTP/1.1" 200 413
103.133.111.120 - - [29/Nov/2022:05:59:12 -0500] "POST /portaldeninos//xmlrpc.php HTTP/1.1" 200 413
103.133.111.120 - - [29/Nov/2022:05:59:13 -0500] "POST /portaldeninos//xmlrpc.php HTTP/1.1" 200 413
103.133.111.120 - - [29/Nov/2022:05:59:14 -0500] "POST /portaldeninos//xmlrpc.php HTTP/1.1" 200 413
103.133.111.120 - - [29/Nov/2022:05:59:14 -0500] "POST /portaldeninos//xmlrpc.php HTTP/1.1" 200 413
103.133.111.120 - - [29/Nov/2022:05:59:15 -0500] "POST /portaldeninos//xmlrpc.php HTTP/1.1" 200 413
103.133.111.120 - - [29/Nov/2022:05:59:15 -0500] "POST /portaldeninos//xmlrpc.php HTTP/1.1" 200 413
103.133.111.120 - - [29/Nov/2022:05:59:16 -0500] "POST /portaldeninos//xmlrpc.php HTTP/1.1" 200 413
103.133.111.120 - - [29/Nov/2022:05:59:17 -0500] "POST /portaldeninos//xmlrpc.php HTTP/1.1" 200 413
103.133.111.120 - - [29/Nov/2022:05:59:17 -0500] "POST /portaldeninos//xmlrpc.php HTTP/1.1" 200 413
103.133.111.120 - - [29/Nov/2022:05:59:18 -0500] "POST /portaldeninos//xmlrpc.php HTTP/1.1" 200 413
103.133.111.120 - - [29/Nov/2022:05:59:18 -0500] "POST /portaldeninos//xmlrpc.php HTTP/1.1" 200 413
103.133.111.120 - - [29/Nov/2022:05:59:19 -0500] "POST /portaldeninos//xmlrpc.php HTTP/1.1" 200 413
103.133.111.120 - - [29/Nov/2022:05:59:19 -0500] "POST /portaldeninos//xmlrpc.php HTTP/1.1" 200 413
103.133.111.120 - - [29/Nov/2022:05:59:20 -0500] "POST /portaldeninos//xmlrpc.php HTTP/1.1" 200 413
103.133.111.120 - - [29/Nov/2022:05:59:21 -0500] "POST /portaldeninos//xmlrpc.php HTTP/1.1" 200 413
103.133.111.120 - - [29/Nov/2022:05:59:21 -0500] "POST /portaldeninos//xmlrpc.php HTTP/1.1" 200 413
103.133.111.120 - - [29/Nov/2022:05:59:22 -0500] "POST /portaldeninos//xmlrpc.php HTTP/1.1" 200 413
103.133.111.120 - - [29/Nov/2022:05:59:22 -0500] "POST /portaldeninos//xmlrpc.php HTTP/1.1" 200 413
103.133.111.120 - - [29/Nov/2022:05:59:23 -0500] "POST /portaldeninos//xmlrpc.php HTTP/1.1" 200 413
103.133.111.120 - - [29/Nov/2022:05:59:24 -0500] "POST /portaldeninos//xmlrpc.php HTTP/1.1" 200 413
103.133.111.120 - - [29/Nov/2022:05:59:24 -0500] "POST /portaldeninos//xmlrpc.php HTTP/1.1" 200 413
103.133.111.120 - - [29/Nov/2022:05:59:25 -0500] "POST /portaldeninos//xmlrpc.php HTTP/1.1" 200 413
103.133.111.120 - - [29/Nov/2022:05:59:26 -0500] "POST /portaldeninos//xmlrpc.php HTTP/1.1" 200 413
103.133.111.120 - - [29/Nov/2022:05:59:26 -0500] "POST /portaldeninos//xmlrpc.php HTTP/1.1" 200 413
103.133.111.120 - - [29/Nov/2022:05:59:27 -0500] "POST /portaldeninos//xmlrpc.php HTTP/1.1" 200 413
103.133.111.120 - - [29/Nov/2022:05:59:27 -0500] "POST /portaldeninos//xmlrpc.php HTTP/1.1" 200 413
103.133.111.120 - - [29/Nov/2022:05:59:28 -0500] "POST /portaldeninos//xmlrpc.php HTTP/1.1" 200 413
103.133.111.120 - - [29/Nov/2022:05:59:29 -0500] "POST /portaldeninos//xmlrpc.php HTTP/1.1" 200 413
103.133.111.120 - - [29/Nov/2022:05:59:29 -0500] "POST /portaldeninos//xmlrpc.php HTTP/1.1" 200 413
103.133.111.120 - - [29/Nov/2022:05:59:30 -0500] "POST /portaldeninos//xmlrpc.php HTTP/1.1" 200 413
103.133.111.120 - - [29/Nov/2022:05:59:31 -0500] "POST /portaldeninos//xmlrpc.php HTTP/1.1" 200 413
64.124.8.52 - - [29/Nov/2022:05:59:31 -0500] "-" 408 -
103.133.111.120 - - [29/Nov/2022:05:59:31 -0500] "POST /portaldeninos//xmlrpc.php HTTP/1.1" 200 413
103.133.111.120 - - [29/Nov/2022:05:59:32 -0500] "POST /portaldeninos//xmlrpc.php HTTP/1.1" 200 413
103.133.111.120 - - [29/Nov/2022:05:59:32 -0500] "POST /portaldeninos//xmlrpc.php HTTP/1.1" 200 413
103.133.111.120 - - [29/Nov/2022:05:59:33 -0500] "POST /portaldeninos//xmlrpc.php HTTP/1.1" 200 413
103.133.111.120 - - [29/Nov/2022:05:59:34 -0500] "POST /portaldeninos//xmlrpc.php HTTP/1.1" 200 413
103.133.111.120 - - [29/Nov/2022:05:59:34 -0500] "POST /portaldeninos//xmlrpc.php HTTP/1.1" 200 413
103.133.111.120 - - [29/Nov/2022:05:59:35 -0500] "POST /portaldeninos//xmlrpc.php HTTP/1.1" 200 413
103.133.111.120 - - [29/Nov/2022:05:59:35 -0500] "POST /portaldeninos//xmlrpc.php HTTP/1.1" 200 413
103.133.111.120 - - [29/Nov/2022:05:59:36 -0500] "POST /portaldeninos//xmlrpc.php HTTP/1.1" 200 413
103.133.111.120 - - [29/Nov/2022:05:59:37 -0500] "POST /portaldeninos//xmlrpc.php HTTP/1.1" 200 413
103.133.111.120 - - [29/Nov/2022:05:59:37 -0500] "POST /portaldeninos//wp-login.php HTTP/1.1" 200 3588
103.133.111.120 - - [29/Nov/2022:05:59:38 -0500] "POST /portaldeninos//wp-login.php HTTP/1.1" 200 3588
103.133.111.120 - - [29/Nov/2022:05:59:38 -0500] "POST /portaldeninos//wp-login.php HTTP/1.1" 200 3588
103.133.111.120 - - [29/Nov/2022:05:59:39 -0500] "POST /portaldeninos//wp-login.php HTTP/1.1" 200 3588
103.133.111.120 - - [29/Nov/2022:05:59:39 -0500] "POST /portaldeninos//wp-login.php HTTP/1.1" 200 3588
103.133.111.120 - - [29/Nov/2022:05:59:40 -0500] "POST /portaldeninos//wp-login.php HTTP/1.1" 200 3588
103.133.111.120 - - [29/Nov/2022:05:59:41 -0500] "POST /portaldeninos//wp-login.php HTTP/1.1" 200 3588
103.133.111.120 - - [29/Nov/2022:05:59:41 -0500] "POST /portaldeninos//wp-login.php HTTP/1.1" 200 3588
103.133.111.120 - - [29/Nov/2022:05:59:42 -0500] "POST /portaldeninos//wp-login.php HTTP/1.1" 200 3588
103.133.111.120 - - [29/Nov/2022:05:59:42 -0500] "POST /portaldeninos//wp-login.php HTTP/1.1" 200 3588
103.133.111.120 - - [29/Nov/2022:05:59:43 -0500] "POST /portaldeninos//wp-login.php HTTP/1.1" 200 3588
103.133.111.120 - - [29/Nov/2022:05:59:43 -0500] "POST /portaldeninos//wp-login.php HTTP/1.1" 200 3588
103.133.111.120 - - [29/Nov/2022:05:59:44 -0500] "POST /portaldeninos//wp-login.php HTTP/1.1" 200 3588
103.133.111.120 - - [29/Nov/2022:05:59:45 -0500] "POST /portaldeninos//wp-login.php HTTP/1.1" 200 3588
103.133.111.120 - - [29/Nov/2022:05:59:45 -0500] "POST /portaldeninos//wp-login.php HTTP/1.1" 200 3588
103.133.111.120 - - [29/Nov/2022:05:59:46 -0500] "POST /portaldeninos//wp-login.php HTTP/1.1" 200 3588
103.133.111.120 - - [29/Nov/2022:05:59:46 -0500] "POST /portaldeninos//wp-login.php HTTP/1.1" 200 3588
103.133.111.120 - - [29/Nov/2022:05:59:47 -0500] "POST /portaldeninos//wp-login.php HTTP/1.1" 200 3588
103.133.111.120 - - [29/Nov/2022:05:59:47 -0500] "POST /portaldeninos//wp-login.php HTTP/1.1" 200 3588
103.133.111.120 - - [29/Nov/2022:05:59:48 -0500] "POST /portaldeninos//wp-login.php HTTP/1.1" 200 3588
103.133.111.120 - - [29/Nov/2022:05:59:49 -0500] "POST /portaldeninos//wp-login.php HTTP/1.1" 200 3588
103.133.111.120 - - [29/Nov/2022:05:59:49 -0500] "POST /portaldeninos//wp-login.php HTTP/1.1" 200 3588
103.133.111.120 - - [29/Nov/2022:05:59:50 -0500] "POST /portaldeninos//wp-login.php HTTP/1.1" 200 3588
103.133.111.120 - - [29/Nov/2022:05:59:50 -0500] "POST /portaldeninos//wp-login.php HTTP/1.1" 200 3588
103.133.111.120 - - [29/Nov/2022:05:59:51 -0500] "POST /portaldeninos//wp-login.php HTTP/1.1" 200 3588
103.133.111.120 - - [29/Nov/2022:05:59:51 -0500] "POST /portaldeninos//wp-login.php HTTP/1.1" 200 3588
103.133.111.120 - - [29/Nov/2022:05:59:52 -0500] "POST /portaldeninos//wp-login.php HTTP/1.1" 200 3588
103.133.111.120 - - [29/Nov/2022:05:59:53 -0500] "POST /portaldeninos//wp-login.php HTTP/1.1" 200 3588
103.133.111.120 - - [29/Nov/2022:05:59:53 -0500] "POST /portaldeninos//wp-login.php HTTP/1.1" 200 3588
103.133.111.120 - - [29/Nov/2022:05:59:54 -0500] "POST /portaldeninos//wp-login.php HTTP/1.1" 200 3588
103.133.111.120 - - [29/Nov/2022:05:59:54 -0500] "POST /portaldeninos//wp-login.php HTTP/1.1" 200 3588
103.133.111.120 - - [29/Nov/2022:05:59:55 -0500] "POST /portaldeninos//wp-login.php HTTP/1.1" 200 3588
172.22.2.4 - - [29/Nov/2022:05:58:15 -0500] "GET /BLA/boletinlegal/ HTTP/1.1" 200 56825
103.133.111.120 - - [29/Nov/2022:05:59:55 -0500] "POST /portaldeninos//wp-login.php HTTP/1.1" 200 3588
103.133.111.120 - - [29/Nov/2022:05:59:56 -0500] "POST /portaldeninos//wp-login.php HTTP/1.1" 200 3588
103.133.111.120 - - [29/Nov/2022:05:59:57 -0500] "POST /portaldeninos//wp-login.php HTTP/1.1" 200 3588
103.133.111.120 - - [29/Nov/2022:05:59:57 -0500] "POST /portaldeninos//wp-login.php HTTP/1.1" 200 3588
103.133.111.120 - - [29/Nov/2022:05:59:58 -0500] "POST /portaldeninos//wp-login.php HTTP/1.1" 200 3588
103.133.111.120 - - [29/Nov/2022:05:59:58 -0500] "POST /portaldeninos//wp-login.php HTTP/1.1" 200 3588
103.133.111.120 - - [29/Nov/2022:05:59:59 -0500] "POST /portaldeninos//wp-login.php HTTP/1.1" 200 3588
103.133.111.120 - - [29/Nov/2022:05:59:59 -0500] "POST /portaldeninos//wp-login.php HTTP/1.1" 200 3588
103.133.111.120 - - [29/Nov/2022:06:00:00 -0500] "POST /portaldeninos//wp-login.php HTTP/1.1" 200 3588
103.133.111.120 - - [29/Nov/2022:06:00:01 -0500] "POST /portaldeninos//wp-login.php HTTP/1.1" 200 3588
103.133.111.120 - - [29/Nov/2022:06:00:01 -0500] "POST /portaldeninos//wp-login.php HTTP/1.1" 200 3588
103.133.111.120 - - [29/Nov/2022:06:00:02 -0500] "POST /portaldeninos//wp-login.php HTTP/1.1" 200 3588
103.133.111.120 - - [29/Nov/2022:06:00:02 -0500] "POST /portaldeninos//wp-login.php HTTP/1.1" 200 3588
103.133.111.120 - - [29/Nov/2022:06:00:03 -0500] "POST /portaldeninos//wp-login.php HTTP/1.1" 200 3588
103.133.111.120 - - [29/Nov/2022:06:00:03 -0500] "POST /portaldeninos//wp-login.php HTTP/1.1" 200 3588
103.133.111.120 - - [29/Nov/2022:06:00:04 -0500] "POST /portaldeninos//wp-login.php HTTP/1.1" 200 3588
103.133.111.120 - - [29/Nov/2022:06:00:05 -0500] "POST /portaldeninos//wp-login.php HTTP/1.1" 200 3588
103.133.111.120 - - [29/Nov/2022:06:00:05 -0500] "POST /portaldeninos//wp-login.php HTTP/1.1" 200 3588
103.133.111.120 - - [29/Nov/2022:06:00:06 -0500] "POST /portaldeninos//wp-login.php HTTP/1.1" 200 3588
103.133.111.120 - - [29/Nov/2022:06:00:06 -0500] "POST /portaldeninos//wp-login.php HTTP/1.1" 200 3588
103.133.111.120 - - [29/Nov/2022:06:00:07 -0500] "POST /portaldeninos//wp-login.php HTTP/1.1" 200 3588
103.133.111.120 - - [29/Nov/2022:06:00:07 -0500] "POST /portaldeninos//wp-login.php HTTP/1.1" 200 3588
103.133.111.120 - - [29/Nov/2022:06:00:08 -0500] "POST /portaldeninos//wp-login.php HTTP/1.1" 200 3588
103.133.111.120 - - [29/Nov/2022:06:00:09 -0500] "POST /portaldeninos//wp-login.php HTTP/1.1" 200 3588
103.133.111.120 - - [29/Nov/2022:06:00:09 -0500] "POST /portaldeninos//wp-login.php HTTP/1.1" 200 3588
103.133.111.120 - - [29/Nov/2022:06:00:10 -0500] "POST /portaldeninos//wp-login.php HTTP/1.1" 200 3588
103.133.111.120 - - [29/Nov/2022:06:00:10 -0500] "POST /portaldeninos//wp-login.php HTTP/1.1" 200 3588
103.133.111.120 - - [29/Nov/2022:06:00:11 -0500] "POST /portaldeninos//wp-login.php HTTP/1.1" 200 3588
216.245.221.92 - - [29/Nov/2022:06:02:25 -0500] "HEAD / HTTP/1.1" 200 -
66.249.64.13 - - [29/Nov/2022:06:03:04 -0500] "-" 408 -
64.124.8.28 - - [29/Nov/2022:06:03:39 -0500] "GET /isolucionsda/ControlDeInicio.asp HTTP/1.1" 200 2478
201.245.192.253 - - [29/Nov/2022:06:04:03 -0500] "POST /kwsrmcab/Wsrmcab  HTTP/1.1" 200 42393
172.22.2.4 - - [29/Nov/2022:06:03:15 -0500] "HEAD /BLA/boletinlegal/ HTTP/1.1" 200 -
172.22.2.4 - - [29/Nov/2022:06:04:05 -0500] "GET /BLA/boletinlegal/ HTTP/1.1" 200 59404
216.245.221.92 - - [29/Nov/2022:06:07:25 -0500] "HEAD / HTTP/1.1" 200 -
192.241.208.75 - - [29/Nov/2022:06:07:30 -0500] "GET /manager/text/list HTTP/1.1" 404 1018
172.22.2.4 - - [29/Nov/2022:06:07:02 -0500] "GET /BLA/boletinlegal/ HTTP/1.1" 200 28619
185.119.81.105 - - [29/Nov/2022:06:08:04 -0500] "GET /portaldeninos/wp-login.php HTTP/1.1" 200 2592
185.119.81.105 - - [29/Nov/2022:06:08:05 -0500] "POST /portaldeninos/wp-login.php HTTP/1.1" 200 3650
40.77.167.58 - - [29/Nov/2022:06:08:59 -0500] "GET /BLA/resoluciones/index.php?dir=RESOLUCIONES+2017%2F HTTP/1.1" 200 284956
201.245.192.253 - - [29/Nov/2022:06:09:03 -0500] "POST /kwsrmcab/Wsrmcab  HTTP/1.1" 200 42393
66.249.64.13 - - [29/Nov/2022:06:09:05 -0500] "-" 408 -
172.22.2.4 - - [29/Nov/2022:06:09:05 -0500] "HEAD /BLA/boletinlegal/ HTTP/1.1" 200 -
172.22.2.4 - - [29/Nov/2022:06:09:55 -0500] "GET /BLA/boletinlegal/ HTTP/1.1" 200 57824
216.245.221.92 - - [29/Nov/2022:06:12:25 -0500] "HEAD / HTTP/1.1" 200 -
157.55.39.39 - - [29/Nov/2022:06:12:27 -0500] "GET /BLA/resoluciones/index.php?dir=AUTOS+2018%2F HTTP/1.1" 200 441980
207.46.13.174 - - [29/Nov/2022:06:12:32 -0500] "GET /BLA/resoluciones/00000036.tif HTTP/1.1" 404 1018
117.206.209.212 - - [29/Nov/2022:06:13:27 -0500] "GET / HTTP/1.1" 200 319
201.245.192.253 - - [29/Nov/2022:06:14:01 -0500] "POST /kwsrmcab/Wsrmcab  HTTP/1.1" 200 42393
66.249.64.13 - - [29/Nov/2022:06:15:13 -0500] "-" 408 -
172.22.2.4 - - [29/Nov/2022:06:14:55 -0500] "HEAD /BLA/boletinlegal/ HTTP/1.1" 200 -
207.46.13.174 - - [29/Nov/2022:06:16:54 -0500] "GET /BLA/resoluciones/index.php?dir=RESOLUCIONES+2019%2F HTTP/1.1" 200 248983
216.245.221.92 - - [29/Nov/2022:06:17:25 -0500] "HEAD / HTTP/1.1" 200 -
172.22.2.4 - - [29/Nov/2022:06:15:45 -0500] "GET /BLA/boletinlegal/ HTTP/1.1" 200 59779
201.245.192.253 - - [29/Nov/2022:06:19:00 -0500] "POST /kwsrmcab/Wsrmcab  HTTP/1.1" 200 42393
201.245.192.253 - - [29/Nov/2022:06:21:19 -0500] "POST /kwsrmcab/Wsrmcab HTTP/1.1" 200 43548
201.245.192.253 - - [29/Nov/2022:06:21:21 -0500] "POST /kwsrmcab/Wsrmcab HTTP/1.1" 200 43566
64.124.8.28 - - [29/Nov/2022:06:21:54 -0500] "-" 408 -
167.94.138.47 - - [29/Nov/2022:06:21:59 -0500] "GET / HTTP/1.1" 200 319
167.94.138.47 - - [29/Nov/2022:06:21:59 -0500] "GET / HTTP/1.1" 200 319
167.94.138.47 - - [29/Nov/2022:06:21:59 -0500] "PRI * HTTP/2.0" 400 946
167.94.138.47 - - [29/Nov/2022:06:21:59 -0500] "GET /favicon.ico HTTP/1.1" 200 7782
216.245.221.92 - - [29/Nov/2022:06:22:25 -0500] "HEAD / HTTP/1.1" 200 -
172.22.2.4 - - [29/Nov/2022:06:20:45 -0500] "HEAD /BLA/boletinlegal/ HTTP/1.1" 200 -
185.119.81.100 - - [29/Nov/2022:06:22:42 -0500] "GET /portaldeninos/wp-login.php HTTP/1.1" 200 2592
185.119.81.100 - - [29/Nov/2022:06:22:43 -0500] "POST /portaldeninos/wp-login.php HTTP/1.1" 200 3605
172.22.2.4 - - [29/Nov/2022:06:21:35 -0500] "GET /BLA/boletinlegal/ HTTP/1.1" 200 57824
172.22.2.4 - - [29/Nov/2022:06:23:52 -0500] "GET /BLA/boletinlegal/ab2g HTTP/1.1" 404 1018
201.245.192.253 - - [29/Nov/2022:06:23:59 -0500] "POST /kwsrmcab/Wsrmcab  HTTP/1.1" 200 42393
172.22.2.4 - - [29/Nov/2022:06:23:56 -0500] "GET /BLA/boletinlegal/ HTTP/1.1" 200 32715
172.22.2.4 - - [29/Nov/2022:06:24:37 -0500] "GET /BLA/boletinlegal/actuator/gateway/routes HTTP/1.1" 404 1018
185.119.81.100 - - [29/Nov/2022:06:24:46 -0500] "GET /portaldeninos/wp-login.php HTTP/1.1" 200 2592
185.119.81.100 - - [29/Nov/2022:06:24:47 -0500] "POST /portaldeninos/wp-login.php HTTP/1.1" 200 3605
66.249.64.13 - - [29/Nov/2022:06:24:53 -0500] "-" 408 -
64.124.8.28 - - [29/Nov/2022:06:26:17 -0500] "GET /portaldeninos/los-arboles/tips/ HTTP/1.1" 200 87677
216.245.221.92 - - [29/Nov/2022:06:27:25 -0500] "HEAD / HTTP/1.1" 200 -
172.22.2.4 - - [29/Nov/2022:06:26:35 -0500] "HEAD /BLA/boletinlegal/ HTTP/1.1" 200 -
201.245.192.253 - - [29/Nov/2022:06:28:58 -0500] "POST /kwsrmcab/Wsrmcab  HTTP/1.1" 200 42393
172.22.2.4 - - [29/Nov/2022:06:27:25 -0500] "GET /BLA/boletinlegal/ HTTP/1.1" 200 59779
40.77.167.58 - - [29/Nov/2022:06:30:11 -0500] "GET /BLA/resoluciones/RESOLUCIONES%202021/4884.pdf HTTP/1.1" 304 -
66.249.64.13 - - [29/Nov/2022:06:30:32 -0500] "-" 408 -
201.245.192.253 - - [29/Nov/2022:06:31:19 -0500] "POST /kwsrmcab/Wsrmcab HTTP/1.1" 200 43548
201.245.192.253 - - [29/Nov/2022:06:31:21 -0500] "POST /kwsrmcab/Wsrmcab HTTP/1.1" 200 43566
216.245.221.92 - - [29/Nov/2022:06:32:25 -0500] "HEAD / HTTP/1.1" 200 -
40.77.167.13 - - [29/Nov/2022:06:32:28 -0500] "GET /portaldeninos/humedal-capellania-2/ HTTP/1.1" 200 87949
201.245.192.253 - - [29/Nov/2022:06:33:58 -0500] "POST /kwsrmcab/Wsrmcab  HTTP/1.1" 200 42393
172.22.2.4 - - [29/Nov/2022:06:32:25 -0500] "HEAD /BLA/boletinlegal/ HTTP/1.1" 200 -
172.22.2.4 - - [29/Nov/2022:06:33:15 -0500] "GET /BLA/boletinlegal/ HTTP/1.1" 200 57824
186.147.57.248 - - [29/Nov/2022:06:35:58 -0500] "GET /galeria/galeria/jquery.fancybox.css?v=2.1.5 HTTP/1.1" 200 4895
186.147.57.248 - - [29/Nov/2022:06:35:58 -0500] "GET /BLA/boletinlegal/js/jquery.scrollShow.js HTTP/1.1" 200 4586
186.147.57.248 - - [29/Nov/2022:06:35:58 -0500] "GET /galeria/galeria/jquery.fancybox.js?v=2.1.5 HTTP/1.1" 200 48706
66.249.64.13 - - [29/Nov/2022:06:36:28 -0500] "-" 408 -
216.245.221.92 - - [29/Nov/2022:06:37:25 -0500] "HEAD / HTTP/1.1" 200 -
45.61.188.24 - - [29/Nov/2022:06:37:32 -0500] "POST /boaform/admin/formLogin HTTP/1.1" 404 1186
192.241.209.150 - - [29/Nov/2022:06:38:14 -0500] "GET /manager/html HTTP/1.1" 404 1018
201.245.192.253 - - [29/Nov/2022:06:38:57 -0500] "POST /kwsrmcab/Wsrmcab  HTTP/1.1" 200 42393
172.22.2.4 - - [29/Nov/2022:06:38:15 -0500] "HEAD /BLA/boletinlegal/ HTTP/1.1" 200 -
172.22.2.4 - - [29/Nov/2022:06:39:05 -0500] "GET /BLA/boletinlegal/ HTTP/1.1" 200 57192
201.245.192.253 - - [29/Nov/2022:06:41:18 -0500] "POST /kwsrmcab/Wsrmcab HTTP/1.1" 200 43548
201.245.192.253 - - [29/Nov/2022:06:41:21 -0500] "POST /kwsrmcab/Wsrmcab HTTP/1.1" 200 43566
66.249.64.13 - - [29/Nov/2022:06:42:11 -0500] "-" 408 -
216.245.221.92 - - [29/Nov/2022:06:42:25 -0500] "HEAD / HTTP/1.1" 200 -
69.171.249.21 - - [29/Nov/2022:06:42:41 -0500] "GET /images/Musgo%20SDA%20(1)%20(1).png HTTP/1.1" 200 302122
69.171.249.8 - - [29/Nov/2022:06:42:41 -0500] "GET /images/Acuerdos%2001%20(1)%20(1).jpeg HTTP/1.1" 200 32884
69.171.249.20 - - [29/Nov/2022:06:42:54 -0500] "GET /images/Reciclaton%20Nov%202022%20(1)%20(1).jpeg HTTP/1.1" 200 53811
201.245.192.253 - - [29/Nov/2022:06:43:55 -0500] "POST /kwsrmcab/Wsrmcab  HTTP/1.1" 200 42393
40.77.167.58 - - [29/Nov/2022:06:45:42 -0500] "GET /BLA/resoluciones/index.php?dir=RESOLUCIONES+2017%2F HTTP/1.1" 200 284956
172.22.2.4 - - [29/Nov/2022:06:44:05 -0500] "HEAD /BLA/boletinlegal/ HTTP/1.1" 200 -
172.22.2.4 - - [29/Nov/2022:06:44:55 -0500] "GET /BLA/boletinlegal/ HTTP/1.1" 200 53337
216.245.221.92 - - [29/Nov/2022:06:47:25 -0500] "HEAD / HTTP/1.1" 200 -
172.22.2.4 - - [29/Nov/2022:06:48:33 -0500] "GET /BLA/boletinlegal/jurisprudencia/analisis/ANALISIST-257-96.docx HTTP/1.1" 304 -
201.245.192.253 - - [29/Nov/2022:06:48:54 -0500] "POST /kwsrmcab/Wsrmcab  HTTP/1.1" 200 42393
157.55.39.39 - - [29/Nov/2022:06:49:01 -0500] "GET /BLA/resoluciones/index.php?dir=AUTOS+2018%2F HTTP/1.1" 200 441980
66.249.64.13 - - [29/Nov/2022:06:49:06 -0500] "-" 408 -
172.22.2.4 - - [29/Nov/2022:06:49:18 -0500] "GET /BLA/boletinlegal/ HTTP/1.1" 200 55680
172.22.2.4 - - [29/Nov/2022:06:49:55 -0500] "HEAD /BLA/boletinlegal/ HTTP/1.1" 200 -
216.245.221.92 - - [29/Nov/2022:06:52:25 -0500] "HEAD / HTTP/1.1" 200 -
172.22.2.4 - - [29/Nov/2022:06:50:45 -0500] "GET /BLA/boletinlegal/ HTTP/1.1" 200 57192
185.119.81.105 - - [29/Nov/2022:06:53:28 -0500] "GET /portaldeninos/wp-login.php HTTP/1.1" 200 2592
185.119.81.105 - - [29/Nov/2022:06:53:29 -0500] "POST /portaldeninos/wp-login.php HTTP/1.1" 200 3605
201.245.192.253 - - [29/Nov/2022:06:53:53 -0500] "POST /kwsrmcab/Wsrmcab  HTTP/1.1" 200 42393
207.46.13.174 - - [29/Nov/2022:06:53:57 -0500] "GET /BLA/resoluciones/index.php?dir=RESOLUCIONES+2019%2F HTTP/1.1" 200 248983
186.102.9.150 - - [29/Nov/2022:06:56:21 -0500] "GET /kwssiamovil/sm/ldap/au?x=U2FsdGVkX1+QP/bfTkFQ3MpnuLQ/llGneKDysK+nQvMzv3y2/pzcyO5fiogXCjF1qkEfZ2XElhpEthk0DwmwOg==&y=U2FsdGVkX1+ZIWQqkbZHUa+xugHgfd+9W7pSsg6nxQAFTO23loJk9WkZ3y9+DBBS HTTP/1.1" 200 30
186.102.9.150 - - [29/Nov/2022:06:56:21 -0500] "GET /kwssiamovil/sm/acme/s?s=U2FsdGVkX1/ypN/wzUGcO5HTlkRSYZ5GBYC4KslWjqvdLxhu8NAwJhmUDNZvs/kP1DE/54kCQs8U2O3Ep7N1qqDNDod5LUGctegA+EtV5GQ=&u=U2FsdGVkX183qny4mZJtMFvMWL12H7IYBLp+WYrd09ZQ8mp3EuMyLsbMfSlt4C3t&y=U2FsdGVkX1+ZIWQqkbZHUa+xugHgfd+9W7pSsg6nxQAFTO23loJk9WkZ3y9+DBBS HTTP/1.1" 200 97
186.102.9.150 - - [29/Nov/2022:06:56:21 -0500] "GET /kwssiamovil/sm/acme/s?s=U2FsdGVkX1/MBRa0ueNdtu9S6r8+sE0JN7ItJ7YDASWIvTaH5DX3hroD1bULb5v0k/Wlq9R9lOWzntvlIc1vPV/goMtr/GX45xwxwdum608s+e+33cShp8gmFfDLQZjHfNeg4IPnuM0Q1y5jpa152/sbx8p/wwrZjAFqAr+EtbA7n2G6j+ajlxP1JeSPAQ6nEo68rdMAg2jX2OFJ1GSrciQHYStfFMaHWCNv2VCpIWe6nTvvKwSEm1HOauGvslmpCzL55li2ld3MnNigS98pM1y7JWoWuVmzuSjoG93lOVZzhT0i9QJFU4xC04g+1wBvVzWadGEMKAwGopZQn6AW1yMJp5YG/t3TAerSWaqleRG8P0ZFLSqz1SWtwgsnkWfJ8+HnyiOTiJM203CROpWyM5BR52tDb7ZTPnMuMQL9ysrhLTJM8Q4bdjKj8k/Q1KcEoarTj0CV7lIMdTVXKNKzxejbAW937Ng22olPGRFRALVMotIw0I3yPLZY9U4mR+0WKnwXj+l8ChPy/257y21HJRxrJGRQ83vR5HOaqvBlXdaH+LdgIi94MyGen88R4O0qnfGmctZqFyBm4EewYP10YZ36sT6csjaf6/2aN/EMZhZwvuDu/CN7UklIjMMEwvCOft/ocl8MCCI78cULY5E1L0dj+Zqj/q0+jd5fuogOWIthtAyQ6rYfnBguiVZgjb5FLd/DRiVpV9qvvcVfpx0rLgwmFu04L/ygFFxOgYR2LmA7rDcjpecgUldn/+ZeeIeKjXN6WIDvoMKXbFtncdH+7LPtThtGPGvazHbUYtj655YOV17C4nEf88VYpEUciDzYwk+TNTbt6unm9TY3/J3vd64PVcf9oyA8T90VThWkmL3jbI1dlU41tVgMI7Qiy4wkvULklF1xw5WuZXIWT6RV55LpU/rEcRyNwRgcBS7OWyW59p6AXmrLpefDgpp/XFhdXmPZPpMbyxoyof7BSie51NRwllhdderiapr6Z4po3CnX91IYsyv+brD/NSMqjJ1ZHaq5Ea/ZDnIz5p9kWcMcWV3bDZheiFECHwftqXz1qp+rXFOgfjjg7yPKP9ozxhGKIO3vDIg4f1DnPLr26JxJ5HiKywqMQIISXM5tBr+t64kD5KE0CcQ7tKnf3HDSoC4JihrFU4tN1Tru/TK4V5pcbVZa6/cNftLDc4z0ULKDC9GMD6i9wXVS5etkyRFDW/q+rW0FFiQvsX4IJCSfNYXTCITKAwZHVW4CD5iDjvKE4F6dcibS9W5Mpzp+jMwVMRoUpH/77ULtfnfBWXiJIvvrahAiTygPu2yccBm6pA9HiYi/h1dW4qv0MbbRdD9xXWQKTGqZzjzrJeh0amEIf4AufRa2KSlCFpcvdBMKqGacIyMhBBNvgqyLc+CVZoUgMdQOmCIPn4A08CyKPtdRAtot0GNOF6rCn3okWEJE3/h4j8s=&u=U2FsdGVkX183qny4mZJtMFvMWL12H7IYBLp+WYrd09ZQ8mp3EuMyLsbMfSlt4C3t&y=U2FsdGVkX1+ZIWQqkbZHUa+xugHgfd+9W7pSsg6nxQAFTO23loJk9WkZ3y9+DBBS HTTP/1.1" 200 6094
186.102.9.150 - - [29/Nov/2022:06:56:21 -0500] "GET /kwssiamovil/sm/acme/s?s=U2FsdGVkX19ZS368Gao9OYrP5uY9VnmUgDfkFfjlF6HF8ZkICm3TIZ/fshDxZFKXzi1MhcizZI0n9jCKALKpZ3Yh/0dnkcXjJDg1YK4DDOyjBoJhqByXxnSr4m2G36UwmgVXa5fECS7Q3hYdkUO4lKjzUZuCdORA2vIDm00MYbPjk9ueg+0XmNfm05dPjIPgmZVIWN5kFCjkF6opHGyK4ZLhz9leZVbR17J0Mjba9woboUqW3+dfUIoARJ3twBgDSUz4jdM+UT92IwVgbkBSq05aUqyTwoR/OLLvXPvesvO1AqYaHhUA60NnBT4WQGOSOVoB/PW2BtGiid4TrwzrVXLrNBOYSKQ/W6Xyu+62yJw=&u=U2FsdGVkX183qny4mZJtMFvMWL12H7IYBLp+WYrd09ZQ8mp3EuMyLsbMfSlt4C3t&y=U2FsdGVkX1+ZIWQqkbZHUa+xugHgfd+9W7pSsg6nxQAFTO23loJk9WkZ3y9+DBBS HTTP/1.1" 200 196
186.102.9.150 - - [29/Nov/2022:06:56:21 -0500] "GET /kwssiamovil/sm/cjson/pre?f=1&x=U2FsdGVkX1+QP/bfTkFQ3MpnuLQ/llGneKDysK+nQvMzv3y2/pzcyO5fiogXCjF1qkEfZ2XElhpEthk0DwmwOg== HTTP/1.1" 200 31032
40.77.167.13 - - [29/Nov/2022:06:57:00 -0500] "GET /galeria/galeria/fotos/Jaboque2G.jpg HTTP/1.1" 200 322400
216.245.221.92 - - [29/Nov/2022:06:57:25 -0500] "HEAD / HTTP/1.1" 200 -
172.22.2.4 - - [29/Nov/2022:06:55:45 -0500] "HEAD /BLA/boletinlegal/ HTTP/1.1" 200 -
66.249.64.13 - - [29/Nov/2022:06:57:40 -0500] "-" 408 -
172.22.2.4 - - [29/Nov/2022:06:56:35 -0500] "GET /BLA/boletinlegal/ HTTP/1.1" 200 59779
201.245.192.253 - - [29/Nov/2022:06:58:52 -0500] "POST /kwsrmcab/Wsrmcab  HTTP/1.1" 200 42393
207.46.13.174 - - [29/Nov/2022:07:01:18 -0500] "GET /Publicaciones/2022EE179943.pdf HTTP/1.1" 404 228
216.245.221.92 - - [29/Nov/2022:07:02:25 -0500] "HEAD / HTTP/1.1" 200 -
172.22.2.4 - - [29/Nov/2022:07:01:35 -0500] "HEAD /BLA/boletinlegal/ HTTP/1.1" 200 -
201.245.192.253 - - [29/Nov/2022:07:03:50 -0500] "POST /kwsrmcab/Wsrmcab  HTTP/1.1" 200 42393
66.249.64.13 - - [29/Nov/2022:07:04:00 -0500] "-" 408 -
172.22.2.4 - - [29/Nov/2022:07:02:25 -0500] "GET /BLA/boletinlegal/ HTTP/1.1" 200 56079
64.124.8.29 - - [29/Nov/2022:07:06:43 -0500] "-" 408 -
157.55.39.42 - - [29/Nov/2022:07:07:19 -0500] "GET /images/musgo-planta-flora-bogota-27-noviembre.jpg HTTP/1.1" 200 65902
216.245.221.92 - - [29/Nov/2022:07:07:25 -0500] "HEAD / HTTP/1.1" 200 -
201.245.192.253 - - [29/Nov/2022:07:08:49 -0500] "POST /kwsrmcab/Wsrmcab  HTTP/1.1" 200 42393
172.22.2.4 - - [29/Nov/2022:07:07:25 -0500] "HEAD /BLA/boletinlegal/ HTTP/1.1" 200 -
172.22.2.4 - - [29/Nov/2022:07:08:15 -0500] "GET /BLA/boletinlegal/ HTTP/1.1" 200 56825
66.249.64.13 - - [29/Nov/2022:07:11:00 -0500] "-" 408 -
216.245.221.92 - - [29/Nov/2022:07:12:25 -0500] "HEAD / HTTP/1.1" 200 -
201.245.192.253 - - [29/Nov/2022:07:13:48 -0500] "POST /kwsrmcab/Wsrmcab  HTTP/1.1" 200 42393
172.22.2.4 - - [29/Nov/2022:07:13:15 -0500] "HEAD /BLA/boletinlegal/ HTTP/1.1" 200 -
172.22.2.4 - - [29/Nov/2022:07:14:05 -0500] "GET /BLA/boletinlegal/ HTTP/1.1" 200 57824
216.245.221.92 - - [29/Nov/2022:07:17:25 -0500] "HEAD / HTTP/1.1" 200 -
141.255.166.2 - - [29/Nov/2022:07:17:38 -0500] "GET / HTTP/1.1" 200 319
185.119.81.105 - - [29/Nov/2022:07:18:12 -0500] "GET /portaldeninos/wp-login.php HTTP/1.1" 200 2592
185.119.81.105 - - [29/Nov/2022:07:18:13 -0500] "POST /portaldeninos/wp-login.php HTTP/1.1" 200 3650
172.22.2.4 - - [29/Nov/2022:07:18:33 -0500] "GET /BLA/boletinlegal/jurisprudencia/analisis/AnalisisC-273-11.docx HTTP/1.1" 304 -
201.245.192.253 - - [29/Nov/2022:07:18:47 -0500] "POST /kwsrmcab/Wsrmcab  HTTP/1.1" 200 42393
172.22.2.4 - - [29/Nov/2022:07:19:05 -0500] "HEAD /BLA/boletinlegal/ HTTP/1.1" 200 -
207.46.13.194 - - [29/Nov/2022:07:20:50 -0500] "GET /bla/resoluciones/notificaciones/autos%202020/1462.pdf HTTP/1.1" 200 542324
201.245.192.253 - - [29/Nov/2022:07:21:18 -0500] "POST /kwsrmcab/Wsrmcab HTTP/1.1" 200 43549
201.245.192.253 - - [29/Nov/2022:07:21:21 -0500] "POST /kwsrmcab/Wsrmcab HTTP/1.1" 200 43424
172.22.2.4 - - [29/Nov/2022:07:19:55 -0500] "GET /BLA/boletinlegal/ HTTP/1.1" 200 57824
40.77.167.58 - - [29/Nov/2022:07:22:06 -0500] "GET /BLA/resoluciones/index.php?dir=RESOLUCIONES+2017%2F HTTP/1.1" 200 284956
216.245.221.92 - - [29/Nov/2022:07:22:25 -0500] "HEAD / HTTP/1.1" 200 -
186.154.121.119 - - [29/Nov/2022:07:23:24 -0500] "GET /BLA/resoluciones/ HTTP/1.1" 200 13093
186.154.121.119 - - [29/Nov/2022:07:23:26 -0500] "GET /BLA/resoluciones/index.php?dir=AUTOS+2012%2F HTTP/1.1" 200 275011
186.154.121.119 - - [29/Nov/2022:07:23:45 -0500] "GET /BLA/resoluciones/index.php?dir=AUTOS+2012%2F HTTP/1.1" 200 275011
201.245.192.253 - - [29/Nov/2022:07:23:46 -0500] "POST /kwsrmcab/Wsrmcab  HTTP/1.1" 200 42393
172.22.2.4 - - [29/Nov/2022:07:24:55 -0500] "HEAD /BLA/boletinlegal/ HTTP/1.1" 200 -
201.245.192.253 - - [29/Nov/2022:07:27:14 -0500] "GET /sipse/faces/faces/autenticacion.xhtml HTTP/1.1" 200 12504
201.245.192.253 - - [29/Nov/2022:07:27:14 -0500] "GET /sipse/faces/javax.faces.resource/theme.css?ln=primefaces-sipse HTTP/1.1" 304 -
201.245.192.253 - - [29/Nov/2022:07:27:14 -0500] "GET /sipse/faces/javax.faces.resource/layout/layout.css;jsessionid=scNron2t0AajqLeQhLYFIna-.undefined?ln=primefaces&v=4.0 HTTP/1.1" 200 542
201.245.192.253 - - [29/Nov/2022:07:27:14 -0500] "GET /sipse/faces/javax.faces.resource/layout/layout.js;jsessionid=scNron2t0AajqLeQhLYFIna-.undefined?ln=primefaces&v=4.0 HTTP/1.1" 200 87560
201.245.192.253 - - [29/Nov/2022:07:27:14 -0500] "GET /sipse/faces/javax.faces.resource/primefaces.css;jsessionid=scNron2t0AajqLeQhLYFIna-.undefined?ln=primefaces&v=4.0 HTTP/1.1" 200 53295
201.245.192.253 - - [29/Nov/2022:07:27:14 -0500] "GET /sipse/faces/javax.faces.resource/jquery/jquery.js;jsessionid=scNron2t0AajqLeQhLYFIna-.undefined?ln=primefaces&v=4.0 HTTP/1.1" 200 105384
201.245.192.253 - - [29/Nov/2022:07:27:14 -0500] "GET /sipse/faces/javax.faces.resource/jquery/jquery-plugins.js;jsessionid=scNron2t0AajqLeQhLYFIna-.undefined?ln=primefaces&v=4.0 HTTP/1.1" 200 220526
201.245.192.253 - - [29/Nov/2022:07:27:14 -0500] "GET /sipse/faces/javax.faces.resource/primefaces.js;jsessionid=scNron2t0AajqLeQhLYFIna-.undefined?ln=primefaces&v=4.0 HTTP/1.1" 200 276924
201.245.192.253 - - [29/Nov/2022:07:27:14 -0500] "GET /sipse/faces/javax.faces.resource/images/ui-icons_898989_256x240.png?ln=primefaces-aristo HTTP/1.1" 304 -
201.245.192.253 - - [29/Nov/2022:07:27:14 -0500] "GET /sipse/faces/faces/index.xhtml HTTP/1.1" 200 677
201.245.192.253 - - [29/Nov/2022:07:27:14 -0500] "GET /sipse/faces/javax.faces.resource/theme.css?ln=primefaces-sipse HTTP/1.1" 304 -
201.245.192.253 - - [29/Nov/2022:07:27:15 -0500] "GET /sipse/faces/faces/faces/autenticacion.xhtml HTTP/1.1" 200 12182
