!C99Shell v. 1.0 pre-release build #13!

Software: Apache. PHP/5.5.15 

uname -a: Windows NT SVR-DMZ 6.1 build 7600 (Windows Server 2008 R2 Enterprise Edition) i586 

SYSTEM 

Safe-mode: OFF (not secure)

E:\nuevo\apache\logs\   drwxrwxrwx
Free 7.33 GB of 239.26 GB (3.07%)
Detected drives: [ a ] [ c ] [ d ] [ e ] [ f ]
Home    Back    Forward    UPDIR    Refresh    Search    Buffer    Encoder    Tools    Proc.    FTP brute    Sec.    SQL    PHP-code    Update    Feedback    Self remove    Logout    


Viewing file:     access.2022.11.29.log (3.95 MB)      -rw-rw-rw-
Select action/file-type:
(+) | (+) | (+) | Code (+) | Session (+) | (+) | SDB (+) | (+) | (+) | (+) | (+) | (+) |
201.245.192.253 - - [29/Nov/2022:00:00:20 -0500] "POST /kwsrmcab/Wsrmcab  HTTP/1.1" 200 42393
66.249.64.29 - - [29/Nov/2022:00:03:00 -0500] "-" 408 -
172.22.2.4 - - [29/Nov/2022:00:01:32 -0500] "HEAD /BLA/boletinlegal/ HTTP/1.1" 200 -
216.245.221.92 - - [29/Nov/2022:00:03:47 -0500] "HEAD / HTTP/1.1" 200 -
157.55.39.39 - - [29/Nov/2022:00:03:56 -0500] "GET /BLA/resoluciones/index.php?dir=AUTOS+2018%2F HTTP/1.1" 200 441980
172.22.2.4 - - [29/Nov/2022:00:02:22 -0500] "GET /BLA/boletinlegal/ HTTP/1.1" 200 59404
207.46.13.120 - - [29/Nov/2022:00:04:24 -0500] "GET /portaldeninos/wp-content/uploads/2020/11/La-Conejera-B-50x28.jpg HTTP/1.1" 200 1413
201.245.192.253 - - [29/Nov/2022:00:05:19 -0500] "POST /kwsrmcab/Wsrmcab  HTTP/1.1" 200 42393
185.119.81.105 - - [29/Nov/2022:00:07:23 -0500] "GET /portaldeninos/wp-login.php HTTP/1.1" 200 2592
185.119.81.105 - - [29/Nov/2022:00:07:25 -0500] "POST /portaldeninos/wp-login.php HTTP/1.1" 200 3605
40.77.167.13 - - [29/Nov/2022:00:07:32 -0500] "GET /sipse/faces/faces/autenticacion.xhtml HTTP/1.1" 200 12504
157.55.39.206 - - [29/Nov/2022:00:07:35 -0500] "GET /sipse/faces/autenticacion.xhtml HTTP/1.1" 200 12504
186.102.56.60 - - [29/Nov/2022:00:07:53 -0500] "GET /kwssiamovil/sm/acme/a?s=U2FsdGVkX1+mqTIBaK9FggCIIUWZtQYxKiodoesM1NXna/7NuGs9bbILJKHdM5M/cqH47Mk4EP5QWvaDYNaB+0BX4mOLAc02XPCxMB5aEJ2Jsg+IRpJFNj3zQTMKUlCwt5XwEGITqCQueE/xvigIN8UyeuSfL3dnEWsLt+wAI2KrSIWlZNOIpVxIK8kEXBVSV1lp6jIi/yO/oV5sRLQ16fYidiId6GuQsS2yavGiN92W2S4JEsR4Sd3e9JqIYUkS7GR3y40qkm5UXQ42QA0u7Q==&u=U2FsdGVkX180mDu6ns+Xl/b7uewZIFZriEnkWsCchaE=&y=U2FsdGVkX19JaQEz7seTSDlsUlHL6iQyhseEY1gDkoBOysXMDW+I0JIVlf7fq+Hp HTTP/1.1" 200 26
186.102.56.60 - - [29/Nov/2022:00:07:54 -0500] "GET /kwssiamovil/sm/acme/a?s=U2FsdGVkX1/TdYQjuZEsTRMOmKI8Szt0tbgYw7wF9MWcSK2SfkGKbZv6YeTuQ8xBYENpHOqQonrCV0nxQgs/wG3svDfauyFkebywxBllAD87UR1hlUlZH/ykERzpT45e55DJf2ls1mDBqN596opeESMNvA2Cn0i+6HO6oaJV1OHnM7RUtkdI5AuS/Y+HA5Wf+UDNJzcQM+jOC+Waad99BGTrWz43gTgXBAWpcsC3Tm/skDZugEFtIri5wc0p7fYRNiDBLKmzxLpKNeGM/xp79xfNBtUlFW5wJObyQN4lj1zuIBf648U9vte1r/pjiHoBAJNNUQoeKMShqKorTcChVvJPSRSojbPAnDB9SymStKXOfRSFd40j115cOG5nT9NMDp3sj1nagV5fvLhkjYSbD5XVYP9TyRrmiZ+PreMvTPOhkrYvQ/wzA+oISuKRsvdxINaG4R6zlg2wtEamoWzy02+54YdMuho9uc7yt8Se3oFh3c88hBWCcYCYssmz01QNNl4FYt+kqnnbjWh6RKEpmXvSsIcBbO03uQ5bcyXR1i1S7ucuIt8dBGK84TtTGH94hUs+xGpVRktfJ/+wemBD94VwPc66OoyPtB+knwQHjzar6fexrLPKbQsUa3+iPzLk6+MdAUdZr++GkdIBJut/q4b2xf2ryqrdJlXOJ9QrJIrXq2ivR060LHqGKjl2d1TAmulnLKdV7B3tmNW4HsFd3Xgtsuc7AQHFbABAN2xAy86byNs0mpon5sZb9D1qg9U/hdt8b6nNQEtyJYFNZjXrUyxNW7YDcua8Hyd2Yd8SWHhJ7zMu0S+7lWQqI0iUhKCYf2VT6lK0kO+1f5JiGfgP3KorcHhrQMFmtjAHOXRy7bfCK78jTT2nqCXMpiPKIagOJFFtFEIxzWB01xYT/nfxHR2mKfFra+vKeg+FH5wVSXayBD5aBvG1DYYTKOevqqWedfr25DisqdLEC6ex9UYY51fa8HT/yjk0jMJDPR4mihF5jEWWcg3Qg6Pzd7pZKHJAA4gX8LIjX9Z0bAr9GQ0RkJG2vy5qSCkyo/GcDxgBChjmXC1AH6zJxb0XfK0+lMANZcUpDBt7qzmdGOStMJyQbge0jY453i5UxJsPjgqQovpP3lTJ+IGTozgmMSCJbsi1COEOR2GXuexHkO99q7GXCgT4VleOxMOoAQaZur6YNXctcd5V7IdGIC7z/Cf3F1RRyo+xvRbOKbzJuN/7M/BvT4BnY5xJyX5+Z7Nd15+6zwveJTEvQ7mNmFvTBJTHmP+5knXV5F/1GWK4yZis8745U8f05gASzvFWh9nKPbJzQttmUY97amFEmJk/4/TQmFIGFktLyEnNmPZQtQ37weVeP68fubGOuYtTsHvIlrz99pasXG4Tp8Esgk94L+POBHH8ExQhEdQ2vL16QzN9F8MLojM7sf6YvrfqU045eUMwkhCeL1HPIVroTKORX5nmoNJ5wpv3L1R9Ll0uUjPTQeydHVu0+NO/CvaYvRRHr9WYkHhpFIO1BHuJgQWLhmxTmZdbgKopBDsbEUn8gYyozJ2NCIWahjRPYKrQ+2vk71lTmEjmkEohl3WMFt+u9gBIDeKEI/HdMG+sYAE+GNkVjlr6BbJSlE/+QlSAgOkJyT3AZFqqUu8nV+5So5n4pDUvtwfaddG6w4byNf7LL0u+wHgN+sfN9+iOVKfVzlUXnLwUhAm2g1pg7SnGaNMVlCFmD0DxUm/sd9OV7qlPppakmyDZpUz/GAFf1uCGEC06/T6sVlmGUou8iz9qzHaDfCh//2xxvjy6WInkE1eV8GKMHKidbw==&u=U2FsdGVkX180mDu6ns+Xl/b7uewZIFZriEnkWsCchaE=&y=U2FsdGVkX19JaQEz7seTSDlsUlHL6iQyhseEY1gDkoBOysXMDW+I0JIVlf7fq+Hp HTTP/1.1" 200 26
186.102.56.60 - - [29/Nov/2022:00:07:54 -0500] "GET /kwssiamovil/sm/acme/a?s=U2FsdGVkX1/sazeN77wcHJE/PgVaGfp5P++Kfpwo7O1TFTZLXJSel1C7umcO0p1GUkDmwQsKg+PF+eDNsLtjlc6D/BUJcxW8WOwnK2E1RHzd8NPxTSYqHmL/QMsEKuk9rjXt2IcEjbc5X9FR5o3g+NAO2/rBla+B8ZVuKEktEJk=&u=U2FsdGVkX180mDu6ns+Xl/b7uewZIFZriEnkWsCchaE=&y=U2FsdGVkX19JaQEz7seTSDlsUlHL6iQyhseEY1gDkoBOysXMDW+I0JIVlf7fq+Hp HTTP/1.1" 200 26
186.102.56.60 - - [29/Nov/2022:00:07:55 -0500] "GET /kwssiamovil/sm/acme/a?s=U2FsdGVkX18Uwm2fgS4Aodn3UixU7xjznynNljZtXAZbTyTml9MoUciaAarKvPXIYaa1jb2Z5wTUZN3HyeaQYQn5a8PHACciF7Jj7Fzzne+q7o3JzNCi4VKHPHUz5Wk/ilrO2fwl5MIIvQMO4uK9AloXSXRPKEuIAofsFRk3YJA=&u=U2FsdGVkX180mDu6ns+Xl/b7uewZIFZriEnkWsCchaE=&y=U2FsdGVkX19JaQEz7seTSDlsUlHL6iQyhseEY1gDkoBOysXMDW+I0JIVlf7fq+Hp HTTP/1.1" 200 26
186.102.56.60 - - [29/Nov/2022:00:07:55 -0500] "GET /kwssiamovil/sm/acme/a?s=U2FsdGVkX19/gLjUfYUjAMzZyxrNmxkcNLoJ7a9NWk0vlf1QJ5zDlx9AWP8Phpyl4nSgAcMdONlAxGrLGX4a6zXry2WQIxgnWZtB8WqiWKTTFbkVnNIeJUH5WoK4r/WEbcebpyLsEZDcScM7HIDUjFYkZYtAECM1/nALSKXa2tQ=&u=U2FsdGVkX180mDu6ns+Xl/b7uewZIFZriEnkWsCchaE=&y=U2FsdGVkX19JaQEz7seTSDlsUlHL6iQyhseEY1gDkoBOysXMDW+I0JIVlf7fq+Hp HTTP/1.1" 200 26
186.102.56.60 - - [29/Nov/2022:00:07:55 -0500] "GET /kwssiamovil/sm/acme/a?s=U2FsdGVkX1+xKWJ8Ptz2lsSpigf51PT6/qaJo5EAQXrw3eRWW/dPecjUQgKpIF2b9I5XofPKX10TZnUcw/orxzv+6qOAfKMidSWKvVLDQdmR2t4vdw6GL2RK2b//Zv4DaoeLphkOFjDukZkp8KLBX3zMqN7RTPLFIdIgEbvp9KmQVmnIvmdhSvAP66QXV4oa&u=U2FsdGVkX180mDu6ns+Xl/b7uewZIFZriEnkWsCchaE=&y=U2FsdGVkX19JaQEz7seTSDlsUlHL6iQyhseEY1gDkoBOysXMDW+I0JIVlf7fq+Hp HTTP/1.1" 200 26
216.245.221.92 - - [29/Nov/2022:00:08:47 -0500] "HEAD / HTTP/1.1" 200 -
141.255.166.2 - - [29/Nov/2022:00:08:49 -0500] "POST /boaform/admin/formLogin HTTP/1.1" 404 1186
172.22.2.4 - - [29/Nov/2022:00:07:22 -0500] "HEAD /BLA/boletinlegal/ HTTP/1.1" 200 -
207.46.13.194 - - [29/Nov/2022:00:07:31 -0500] "GET /BLA/boletinlegal/index.php HTTP/1.1" 200 51248
172.22.2.4 - - [29/Nov/2022:00:08:12 -0500] "GET /BLA/boletinlegal/ HTTP/1.1" 200 54816
40.77.167.58 - - [29/Nov/2022:00:09:54 -0500] "GET /galeria/galeria/fotos/Humedal-la-Isla2G.jpg HTTP/1.1" 200 207490
172.22.2.4 - - [29/Nov/2022:00:10:06 -0500] "GET /BLA/boletinlegal/robots.txt HTTP/1.1" 404 1140
201.245.192.253 - - [29/Nov/2022:00:10:18 -0500] "POST /kwsrmcab/Wsrmcab  HTTP/1.1" 200 42393
207.46.13.174 - - [29/Nov/2022:00:10:41 -0500] "GET /BLA/resoluciones/index.php?dir=RESOLUCIONES+2019%2F HTTP/1.1" 200 248983
108.174.2.217 - - [29/Nov/2022:00:10:57 -0500] "GET /images/acuerdos-c1_optimized.jpg HTTP/1.1" 200 228032
66.249.64.29 - - [29/Nov/2022:00:12:58 -0500] "-" 408 -
216.245.221.92 - - [29/Nov/2022:00:13:47 -0500] "HEAD / HTTP/1.1" 200 -
207.46.13.174 - - [29/Nov/2022:00:14:21 -0500] "GET /BLA/resoluciones/AUTOS%202022/3605.pdf HTTP/1.1" 200 3686856
172.22.2.4 - - [29/Nov/2022:00:13:12 -0500] "HEAD /BLA/boletinlegal/ HTTP/1.1" 200 -
198.46.173.136 - - [29/Nov/2022:00:14:39 -0500] "GET / HTTP/1.1" 200 319
198.46.173.136 - - [29/Nov/2022:00:14:54 -0500] "GET / HTTP/1.1" 200 319
201.245.192.253 - - [29/Nov/2022:00:15:17 -0500] "POST /kwsrmcab/Wsrmcab  HTTP/1.1" 200 42393
198.46.173.136 - - [29/Nov/2022:00:15:10 -0500] "GET /wp-includes/wlwmanifest.xml HTTP/1.1" 404 1018
198.46.173.136 - - [29/Nov/2022:00:15:26 -0500] "GET /xmlrpc.php?rsd HTTP/1.1" 404 1018
172.22.2.4 - - [29/Nov/2022:00:14:02 -0500] "GET /BLA/boletinlegal/ HTTP/1.1" 200 56825
198.46.173.136 - - [29/Nov/2022:00:15:42 -0500] "GET / HTTP/1.1" 200 319
198.46.173.136 - - [29/Nov/2022:00:15:57 -0500] "GET /blog/wp-includes/wlwmanifest.xml HTTP/1.1" 404 1018
198.46.173.136 - - [29/Nov/2022:00:16:13 -0500] "GET /web/wp-includes/wlwmanifest.xml HTTP/1.1" 404 1018
198.46.173.136 - - [29/Nov/2022:00:16:29 -0500] "GET /wordpress/wp-includes/wlwmanifest.xml HTTP/1.1" 404 1018
198.46.173.136 - - [29/Nov/2022:00:16:45 -0500] "GET /website/wp-includes/wlwmanifest.xml HTTP/1.1" 404 1018
69.63.189.3 - - [29/Nov/2022:00:17:09 -0500] "GET /images/jornadas-llantas-usadas-23-mayo.jpg HTTP/1.1" 200 148376
198.46.173.136 - - [29/Nov/2022:00:17:00 -0500] "GET /wp/wp-includes/wlwmanifest.xml HTTP/1.1" 404 1018
198.46.173.136 - - [29/Nov/2022:00:17:16 -0500] "GET /news/wp-includes/wlwmanifest.xml HTTP/1.1" 404 1018
198.46.173.136 - - [29/Nov/2022:00:17:32 -0500] "GET /wp1/wp-includes/wlwmanifest.xml HTTP/1.1" 404 1018
186.102.56.60 - - [29/Nov/2022:00:18:01 -0500] "GET /kwssiamovil/sm/acme/a?s=U2FsdGVkX18Kqc0DaFstv1XV9Cz32rx82AdXU8ewW96x+3L4yd//2JL9iPnmIIZmyeke4tT9cNnCaQ923t4KehRMX7QgxffGwCgj+Yc+0JH3wyx+h5uIP5KBinrht+43kqmVv/wLpvD9VAZNjq0YuR8WHGMGrSJIpdH1aCt5IYzvbY2CrQIWjO/D1yjvqTu8suBXWxCLCJMMDhZfWWjfcfNNfWCbYGSlzQ+p5zTKyw3+953L7UTqvw2ivvbF9XY31AQCBJDvUgqaxu1aNYUilA==&u=U2FsdGVkX180mDu6ns+Xl/b7uewZIFZriEnkWsCchaE=&y=U2FsdGVkX19JaQEz7seTSDlsUlHL6iQyhseEY1gDkoBOysXMDW+I0JIVlf7fq+Hp HTTP/1.1" 200 26
186.102.56.60 - - [29/Nov/2022:00:18:02 -0500] "GET /kwssiamovil/sm/acme/a?s=U2FsdGVkX19QAOep1SyM5TdrqUlcJ2lAvAAbNE1BGlVPoJOQzT4PD8fk122o5yPoW4oA073TheFZ6ed3IvHdYLhEnXkfIKbuMdhTkx37212nUDij4+DJopZQ1JlyyQBDAb3L1VqEWsL0tLx8STtq6ru0CG/9ZIKvrnpcnNa6sdUHLX2scL4ucWFx+1DbMCMUxb6n/c71QUnskprd4fUSq0BcMrQR6XtVjGxhUUSt9w5ZsVgbQTC2oiNKHqgrU42Ln5AnL6sdyo83frR7TUNs8MABTjDLCJDe2yxXVWNSrffwO++X5BB/4/DnamOJed+3vuNYTKzxCZ7hobrJVmKIfSE49ey/4XKCIUwvQLdR158Fs/6ttYsEKfPdxEKomkFMAYQ2S/1VukVko4dLJKhC8lWehQ8kdUQXQzuQurIybOxXg/GjoyrTY2571anRp4/j94AEjpNq9C7TeHhUaIyIVOiNkN/OtB2t15ESwIk7RcCmzFhAqsDmxW/YxmAQEsHC6NgW2RdG/Rm4MUjupGAiyIY+UTw+/XPjmlY9mo+uHNUUyGC7wjuAPR4LdMRIqrNS72x9JOfZ7S7HaClKoowrq/pXmgUcQI1JLq2DmNv8qWTkO0a40ExgEDURP8q2RtkcX7ER9f8HpzFREbmhQZLdBuZ+eHJEuzDoWxKNhY+F2a5uyQg5G2zDVZV1Hl62Hs2XFh466UlZ50e3CbaYPCix/C4EgE02EbsXNshW2x0HXRoMkedbdrkMc1QJUXMSBNghRnidXIB78FKE3SntDEMS6f32ocdPvxEPI8GLFAz4OH/wcMcmFxeKgrcibvH6GBF30DFLLHnhlys9eVRyWx94c1ikzAacve0cm9NPcgtsS/SRWYDM4V4EydiLs3LWaIX1QX3SKNizxX5IxnHxVpTpkKiLeXjZTDbTpgoQss9IRyfVscpMI+9gbzE8REUXMhK9vGgPf+qhmZ7+ziXzJ+m/GLk0V/emJcYc8Ph+/k6n8M7phdWnCX3BGxI2d69zQe1Il76pJx1EHXZif7fySFXsrbjtM83V2bzXii87AfVX0v/hZPmhewarhlR3KzvIDnq6sQOdbkFvmTL2W/DxcK4elcxOn3V2pUwsbiC3sBgJUYyNpYBWJF/w0K3ItM7U/s4aEXR19E7EdD1Cp7HXRJpFpW5wUV5pd6s+NuD2vqe8ET8GopCSvXzU8jNMvac35xV4dFqdSuu3ntVj9X9f31+n1iWyGhvo3WsahPQNE9Uv1SiCcbQ5Wxxj0EQHnCz94ffaZyJqhe0nOjZH2HFS9f5iDLF6xd7pw/2Z4DJTSI6Xktf/BtrlcuWqKDWH59HUKqO3AEmdS6/l2oOVrO+XTxKPmW3SSLyvMzyasXeXQsjHxyVAvapqcBbcij/Fzysw8KLJfgZ4bNYL+Jq8GYMUSnn9ljaT73Ob3EblplzW78Ho+5u9KtwwW2MVvMafvXXqCKqu&u=U2FsdGVkX180mDu6ns+Xl/b7uewZIFZriEnkWsCchaE=&y=U2FsdGVkX19JaQEz7seTSDlsUlHL6iQyhseEY1gDkoBOysXMDW+I0JIVlf7fq+Hp HTTP/1.1" 200 26
186.102.56.60 - - [29/Nov/2022:00:18:02 -0500] "GET /kwssiamovil/sm/acme/a?s=U2FsdGVkX193crR+gvKfuKmDaG7z4gJfqoEbiXjh7UZvgGTBb67Zyj1zBQkl1IRva83GzxyGO3GP3so4QnGwPx7wxPJ1tzgtanNaUoVUbnfEXyORNCzmXEao7HT4YdkV06S31lxkv1VPVec9Dnxaaaq8lyvTJvz9JSknQQnmkXI=&u=U2FsdGVkX180mDu6ns+Xl/b7uewZIFZriEnkWsCchaE=&y=U2FsdGVkX19JaQEz7seTSDlsUlHL6iQyhseEY1gDkoBOysXMDW+I0JIVlf7fq+Hp HTTP/1.1" 200 26
186.102.56.60 - - [29/Nov/2022:00:18:02 -0500] "GET /kwssiamovil/sm/acme/a?s=U2FsdGVkX1967dTRQikaptdoxoWzSXb3fh8olP6ybQI2zFdqAvpqrdWKvlKWwVOU3mvFbAhkh74z0o8t1lpRbzz5xCvDrstPIKWdgRJZcwxva89U0pf7ybpDju9eF+V8gkTT1isqX9CpRiRmmKh/QtIN4Adu2O9Zz7EOtzRXxmU=&u=U2FsdGVkX180mDu6ns+Xl/b7uewZIFZriEnkWsCchaE=&y=U2FsdGVkX19JaQEz7seTSDlsUlHL6iQyhseEY1gDkoBOysXMDW+I0JIVlf7fq+Hp HTTP/1.1" 200 26
186.102.56.60 - - [29/Nov/2022:00:18:02 -0500] "GET /kwssiamovil/sm/acme/a?s=U2FsdGVkX19um5K4g9o84p0FqspGxCDFJUaBS3NcsreSalK3bxBiR4e2VNwHX1E3N39h9a/TZh2lfza/apyzri95OcFKFiBmFERjTlUyLXKINquusoJzU0nCFRhdtU96F9Y/SADZsKeH9mFjs2KS6kpjCUYFypKBB4LvlJggexs=&u=U2FsdGVkX180mDu6ns+Xl/b7uewZIFZriEnkWsCchaE=&y=U2FsdGVkX19JaQEz7seTSDlsUlHL6iQyhseEY1gDkoBOysXMDW+I0JIVlf7fq+Hp HTTP/1.1" 200 26
186.102.56.60 - - [29/Nov/2022:00:18:03 -0500] "GET /kwssiamovil/sm/acme/a?s=U2FsdGVkX1+wO5KGtz8I5jDZpa66l6I20PFQw2qUnK6mkzd9EsIY9DR+1W92RUVajT6Yjh+/H5kBRskVpwRl8Wxid2WmwDyFeEMj4YN4dx19sWdQF4jppzbJoh26gfopBQqdwri7j+lY+SXi9iFXrgYRpnGCaQtHfhQy0PPceoQwmNF6ErXDSM93UUoN40Ek&u=U2FsdGVkX180mDu6ns+Xl/b7uewZIFZriEnkWsCchaE=&y=U2FsdGVkX19JaQEz7seTSDlsUlHL6iQyhseEY1gDkoBOysXMDW+I0JIVlf7fq+Hp HTTP/1.1" 200 26
198.46.173.136 - - [29/Nov/2022:00:17:48 -0500] "GET /test/wp-includes/wlwmanifest.xml HTTP/1.1" 404 1018
198.46.173.136 - - [29/Nov/2022:00:18:03 -0500] "GET /wp2/wp-includes/wlwmanifest.xml HTTP/1.1" 404 1018
198.46.173.136 - - [29/Nov/2022:00:18:19 -0500] "GET /site/wp-includes/wlwmanifest.xml HTTP/1.1" 404 1018
66.249.64.13 - - [29/Nov/2022:00:18:44 -0500] "-" 408 -
216.245.221.92 - - [29/Nov/2022:00:18:47 -0500] "HEAD / HTTP/1.1" 200 -
198.46.173.136 - - [29/Nov/2022:00:18:35 -0500] "GET /cms/wp-includes/wlwmanifest.xml HTTP/1.1" 404 1018
198.46.173.136 - - [29/Nov/2022:00:18:51 -0500] "GET /sito/wp-includes/wlwmanifest.xml HTTP/1.1" 404 1018
106.38.226.64 - - [29/Nov/2022:00:18:45 -0500] "GET /portaldeninos/wp-content/uploads/2020/06/mapa-humedales-de-bogot%C3%A1-1.jpg HTTP/1.1" 200 1153284
201.245.192.253 - - [29/Nov/2022:00:20:16 -0500] "POST /kwsrmcab/Wsrmcab  HTTP/1.1" 200 42393
69.63.189.3 - - [29/Nov/2022:00:20:30 -0500] "GET /este-fin-de-semana-feria-de-servicios-ambientales-en-el-centro-de-bogota.html HTTP/1.1" 206 802
69.63.189.2 - - [29/Nov/2022:00:20:30 -0500] "GET /images/feria-servicios-12-mayo-principal.jpg HTTP/1.1" 200 44744
173.252.79.24 - - [29/Nov/2022:00:20:31 -0500] "GET /images/feria-servicios-12-mayo-principal.jpg HTTP/1.1" 200 44744
172.22.2.4 - - [29/Nov/2022:00:19:02 -0500] "HEAD /BLA/boletinlegal/ HTTP/1.1" 200 -
201.245.192.253 - - [29/Nov/2022:00:21:19 -0500] "POST /kwsrmcab/Wsrmcab HTTP/1.1" 200 43552
201.245.192.253 - - [29/Nov/2022:00:21:22 -0500] "POST /kwsrmcab/Wsrmcab HTTP/1.1" 200 43869
172.22.2.4 - - [29/Nov/2022:00:19:52 -0500] "GET /BLA/boletinlegal/ HTTP/1.1" 200 55680
207.46.13.120 - - [29/Nov/2022:00:23:27 -0500] "GET /si-tienes-ropa-y-calzado-que-ya-no-usas-aca-te-presentamos-seis-puntos-a-donde-los-puedes-llevar.html HTTP/1.1" 200 872
216.245.221.92 - - [29/Nov/2022:00:23:47 -0500] "HEAD / HTTP/1.1" 200 -
172.22.2.4 - - [29/Nov/2022:00:23:55 -0500] "GET /BLA/boletinlegal/ HTTP/1.1" 200 20427
66.249.64.13 - - [29/Nov/2022:00:24:23 -0500] "-" 408 -
185.119.81.100 - - [29/Nov/2022:00:25:15 -0500] "GET /portaldeninos/wp-login.php HTTP/1.1" 200 2592
201.245.192.253 - - [29/Nov/2022:00:25:15 -0500] "POST /kwsrmcab/Wsrmcab  HTTP/1.1" 200 42393
185.119.81.100 - - [29/Nov/2022:00:25:16 -0500] "POST /portaldeninos/wp-login.php HTTP/1.1" 200 3670
172.22.2.4 - - [29/Nov/2022:00:25:34 -0500] "GET /BLA/boletinlegal/Circulares/2020/Circular%2000010%20del%2027%20de%20julio%20de%202020.pdf HTTP/1.1" 304 -
172.22.2.4 - - [29/Nov/2022:00:24:52 -0500] "HEAD /BLA/boletinlegal/ HTTP/1.1" 200 -
172.22.2.4 - - [29/Nov/2022:00:25:42 -0500] "GET /BLA/boletinlegal/ HTTP/1.1" 200 59779
185.119.81.105 - - [29/Nov/2022:00:27:40 -0500] "GET /portaldeninos/wp-login.php HTTP/1.1" 200 2592
185.119.81.105 - - [29/Nov/2022:00:27:40 -0500] "POST /portaldeninos/wp-login.php HTTP/1.1" 200 3670
216.245.221.92 - - [29/Nov/2022:00:28:47 -0500] "HEAD / HTTP/1.1" 200 -
66.249.64.13 - - [29/Nov/2022:00:30:09 -0500] "-" 408 -
201.245.192.253 - - [29/Nov/2022:00:30:14 -0500] "POST /kwsrmcab/Wsrmcab  HTTP/1.1" 200 42393
172.22.2.4 - - [29/Nov/2022:00:30:30 -0500] "GET /BLA/boletinlegal/favicon.ico HTTP/1.1" 404 1018
172.22.2.4 - - [29/Nov/2022:00:30:35 -0500] "GET /BLA/boletinlegal/robots.txt HTTP/1.1" 404 1018
172.22.2.4 - - [29/Nov/2022:00:30:37 -0500] "GET /BLA/boletinlegal/js/jquery.js HTTP/1.1" 200 57254
172.22.2.4 - - [29/Nov/2022:00:30:42 -0500] "GET /BLA/boletinlegal/js/jquery.scrollTo-min.js HTTP/1.1" 200 1150
172.22.2.4 - - [29/Nov/2022:00:30:46 -0500] "GET /BLA/boletinlegal/js/jquery.scrollShow.js HTTP/1.1" 200 4586
172.22.2.4 - - [29/Nov/2022:00:30:05 -0500] "GET /BLA/boletinlegal/ HTTP/1.1" 200 36811
201.245.192.253 - - [29/Nov/2022:00:31:20 -0500] "POST /kwsrmcab/Wsrmcab HTTP/1.1" 200 43552
201.245.192.253 - - [29/Nov/2022:00:31:22 -0500] "POST /kwsrmcab/Wsrmcab HTTP/1.1" 200 43869
172.22.2.4 - - [29/Nov/2022:00:30:42 -0500] "HEAD /BLA/boletinlegal/ HTTP/1.1" 200 -
172.22.2.4 - - [29/Nov/2022:00:31:32 -0500] "GET /BLA/boletinlegal/ HTTP/1.1" 200 57824
216.245.221.92 - - [29/Nov/2022:00:33:47 -0500] "HEAD / HTTP/1.1" 200 -
172.22.2.4 - - [29/Nov/2022:00:35:11 -0500] "GET /BLA/boletinlegal/robots.txt HTTP/1.1" 404 1038
172.22.2.4 - - [29/Nov/2022:00:35:11 -0500] "GET /BLA/boletinlegal/Circulares/2022/CIRCULAR%20No.%2000007%20DEL%2025%20DE%20JULIO%20DEL%202022.pdf HTTP/1.1" 304 -
201.245.192.253 - - [29/Nov/2022:00:35:13 -0500] "POST /kwsrmcab/Wsrmcab  HTTP/1.1" 200 42393
66.249.64.13 - - [29/Nov/2022:00:35:48 -0500] "-" 408 -
172.22.2.4 - - [29/Nov/2022:00:36:32 -0500] "HEAD /BLA/boletinlegal/ HTTP/1.1" 200 -
216.245.221.92 - - [29/Nov/2022:00:38:47 -0500] "HEAD / HTTP/1.1" 200 -
64.124.8.49 - - [29/Nov/2022:00:39:01 -0500] "-" 408 -
172.22.2.4 - - [29/Nov/2022:00:37:22 -0500] "GET /BLA/boletinlegal/ HTTP/1.1" 200 57192
40.77.167.58 - - [29/Nov/2022:00:39:08 -0500] "GET /BLA/resoluciones/index.php?dir=RESOLUCIONES+2017%2F HTTP/1.1" 200 284956
201.245.192.253 - - [29/Nov/2022:00:40:12 -0500] "POST /kwsrmcab/Wsrmcab  HTTP/1.1" 200 42393
201.245.192.253 - - [29/Nov/2022:00:41:20 -0500] "POST /kwsrmcab/Wsrmcab HTTP/1.1" 200 43552
201.245.192.253 - - [29/Nov/2022:00:41:23 -0500] "POST /kwsrmcab/Wsrmcab HTTP/1.1" 200 43869
66.249.64.13 - - [29/Nov/2022:00:41:40 -0500] "-" 408 -
157.55.39.39 - - [29/Nov/2022:00:41:38 -0500] "GET /BLA/resoluciones/index.php?dir=AUTOS+2018%2F HTTP/1.1" 200 441980
172.22.2.4 - - [29/Nov/2022:00:42:46 -0500] "GET /BLA/boletinlegal/Telerik.Web.UI.WebResource.axd?type=rau HTTP/1.1" 404 1018
216.245.221.92 - - [29/Nov/2022:00:43:47 -0500] "HEAD / HTTP/1.1" 200 -
172.22.2.4 - - [29/Nov/2022:00:42:22 -0500] "HEAD /BLA/boletinlegal/ HTTP/1.1" 200 -
172.22.2.4 - - [29/Nov/2022:00:43:12 -0500] "GET /BLA/boletinlegal/ HTTP/1.1" 200 59779
201.245.192.253 - - [29/Nov/2022:00:45:11 -0500] "POST /kwsrmcab/Wsrmcab  HTTP/1.1" 200 42393
66.249.64.13 - - [29/Nov/2022:00:47:45 -0500] "-" 408 -
207.46.13.174 - - [29/Nov/2022:00:47:56 -0500] "GET /BLA/resoluciones/index.php?dir=RESOLUCIONES+2019%2F HTTP/1.1" 200 248983
216.245.221.92 - - [29/Nov/2022:00:48:47 -0500] "HEAD / HTTP/1.1" 200 -
172.22.2.4 - - [29/Nov/2022:00:48:12 -0500] "HEAD /BLA/boletinlegal/ HTTP/1.1" 200 -
201.245.192.253 - - [29/Nov/2022:00:50:09 -0500] "POST /kwsrmcab/Wsrmcab  HTTP/1.1" 200 42393
64.124.8.54 - - [29/Nov/2022:00:50:15 -0500] "GET /Residuos/quimicos/quimicos.html HTTP/1.1" 304 -
64.124.8.48 - - [29/Nov/2022:00:50:15 -0500] "GET /portaldeninos/humedal-el-tunjo/ HTTP/1.1" 200 87661
40.77.167.13 - - [29/Nov/2022:00:50:27 -0500] "GET / HTTP/1.1" 200 4720
172.22.2.4 - - [29/Nov/2022:00:49:02 -0500] "GET /BLA/boletinlegal/ HTTP/1.1" 200 57824
216.245.221.92 - - [29/Nov/2022:00:53:47 -0500] "HEAD / HTTP/1.1" 200 -
201.245.192.253 - - [29/Nov/2022:00:55:08 -0500] "POST /kwsrmcab/Wsrmcab  HTTP/1.1" 200 42393
172.22.2.4 - - [29/Nov/2022:00:54:02 -0500] "HEAD /BLA/boletinlegal/ HTTP/1.1" 200 -
207.46.13.174 - - [29/Nov/2022:00:56:16 -0500] "GET /forest/ HTTP/1.1" 200 12041
172.22.2.4 - - [29/Nov/2022:00:54:52 -0500] "GET /BLA/boletinlegal/ HTTP/1.1" 200 57824
198.46.173.136 - - [29/Nov/2022:00:57:23 -0500] "GET /.env HTTP/1.1" 404 1018
198.46.173.136 - - [29/Nov/2022:00:57:23 -0500] "POST / HTTP/1.1" 200 319
66.220.149.19 - - [29/Nov/2022:00:58:18 -0500] "GET /images/Junio%2002-experiencias-jardines-verticales-sda.jpeg HTTP/1.1" 200 31171
216.245.221.92 - - [29/Nov/2022:00:58:47 -0500] "HEAD / HTTP/1.1" 200 -
207.46.13.174 - - [29/Nov/2022:00:59:07 -0500] "GET /BLA/resoluciones/AUTOS%202022/1178.pdf HTTP/1.1" 304 -
201.245.192.253 - - [29/Nov/2022:01:00:07 -0500] "POST /kwsrmcab/Wsrmcab  HTTP/1.1" 200 42393
172.22.2.4 - - [29/Nov/2022:00:59:52 -0500] "HEAD /BLA/boletinlegal/ HTTP/1.1" 200 -
173.252.107.118 - - [29/Nov/2022:01:01:39 -0500] "GET /experiencias-exitosas-en-la-implementacion-de-buenas-practicas-ambientales-en-entidades-del-distrito.html HTTP/1.1" 206 821
172.22.2.4 - - [29/Nov/2022:01:00:42 -0500] "GET /BLA/boletinlegal/ HTTP/1.1" 200 59404
216.245.221.92 - - [29/Nov/2022:01:03:47 -0500] "HEAD / HTTP/1.1" 200 -
201.245.192.253 - - [29/Nov/2022:01:05:06 -0500] "POST /kwsrmcab/Wsrmcab  HTTP/1.1" 200 42393
141.255.166.2 - - [29/Nov/2022:01:06:34 -0500] "GET / HTTP/1.1" 200 319
64.124.8.45 - - [29/Nov/2022:01:06:42 -0500] "-" 408 -
172.22.2.4 - - [29/Nov/2022:01:05:42 -0500] "HEAD /BLA/boletinlegal/ HTTP/1.1" 200 -
207.46.13.56 - - [29/Nov/2022:01:07:25 -0500] "GET /secretaria-de-ambiente-reconoce-15-entidades-distritales-por-su-desempeno-ambiental.html HTTP/1.1" 200 978
172.22.2.4 - - [29/Nov/2022:01:06:32 -0500] "GET /BLA/boletinlegal/ HTTP/1.1" 200 59404
172.22.2.4 - - [29/Nov/2022:01:08:13 -0500] "GET /BLA/boletinlegal/Directivas/2011/Directiva%20No.%201%20del%205%20de%20Abril%20de%202011.pdf HTTP/1.1" 304 -
216.245.221.92 - - [29/Nov/2022:01:08:47 -0500] "HEAD / HTTP/1.1" 200 -
172.22.2.4 - - [29/Nov/2022:01:09:24 -0500] "GET /BLA/boletinlegal/actos.php HTTP/1.1" 200 9566
201.245.192.253 - - [29/Nov/2022:01:10:05 -0500] "POST /kwsrmcab/Wsrmcab  HTTP/1.1" 200 42393
157.55.39.206 - - [29/Nov/2022:01:11:06 -0500] "GET /BLA/resoluciones/RESOLUCIONES%202001/2001%201350-1399.tif HTTP/1.1" 200 3333955
172.22.2.4 - - [29/Nov/2022:01:11:32 -0500] "HEAD /BLA/boletinlegal/ HTTP/1.1" 200 -
66.249.64.5 - - [29/Nov/2022:01:13:15 -0500] "-" 408 -
216.245.221.92 - - [29/Nov/2022:01:13:46 -0500] "HEAD / HTTP/1.1" 200 -
172.22.2.4 - - [29/Nov/2022:01:12:22 -0500] "GET /BLA/boletinlegal/ HTTP/1.1" 200 59779
152.61.128.50 - - [29/Nov/2022:01:14:08 -0500] "GET / HTTP/1.1" 200 319
152.61.192.232 - - [29/Nov/2022:01:15:03 -0500] "GET / HTTP/1.1" 200 319
201.245.192.253 - - [29/Nov/2022:01:15:04 -0500] "POST /kwsrmcab/Wsrmcab  HTTP/1.1" 200 42393
81.24.95.131 - - [29/Nov/2022:01:15:52 -0500] "GET / HTTP/1.1" 200 319
40.77.167.58 - - [29/Nov/2022:01:16:01 -0500] "GET /BLA/resoluciones/index.php?dir=RESOLUCIONES+2017%2F HTTP/1.1" 200 284956
40.77.167.13 - - [29/Nov/2022:01:16:29 -0500] "GET /BLA/resoluciones/index.php?dir=RESOLUCIONES+2006%2F HTTP/1.1" 200 38542
157.55.39.39 - - [29/Nov/2022:01:16:48 -0500] "GET /BLA/resoluciones/index.php?dir=AUTOS+2018%2F HTTP/1.1" 200 441980
216.245.221.92 - - [29/Nov/2022:01:18:46 -0500] "HEAD / HTTP/1.1" 200 -
172.22.2.4 - - [29/Nov/2022:01:17:22 -0500] "HEAD /BLA/boletinlegal/ HTTP/1.1" 200 -
37.44.238.183 - - [29/Nov/2022:01:19:11 -0500] "POST /boaform/admin/formLogin HTTP/1.1" 404 1186
172.22.2.4 - - [29/Nov/2022:01:18:12 -0500] "GET /BLA/boletinlegal/ HTTP/1.1" 200 57824
201.245.192.253 - - [29/Nov/2022:01:20:03 -0500] "POST /kwsrmcab/Wsrmcab  HTTP/1.1" 200 42393
201.245.192.253 - - [29/Nov/2022:01:21:20 -0500] "POST /kwsrmcab/Wsrmcab HTTP/1.1" 200 43049
201.245.192.253 - - [29/Nov/2022:01:21:22 -0500] "POST /kwsrmcab/Wsrmcab HTTP/1.1" 200 43696
64.124.8.21 - - [29/Nov/2022:01:21:52 -0500] "-" 408 -
207.46.13.174 - - [29/Nov/2022:01:22:30 -0500] "GET /BLA/resoluciones/index.php?dir=RESOLUCIONES+2019%2F HTTP/1.1" 200 248983
216.245.221.92 - - [29/Nov/2022:01:23:46 -0500] "HEAD / HTTP/1.1" 200 -
172.22.2.4 - - [29/Nov/2022:01:23:11 -0500] "HEAD /BLA/boletinlegal/ HTTP/1.1" 200 -
201.245.192.253 - - [29/Nov/2022:01:25:01 -0500] "POST /kwsrmcab/Wsrmcab  HTTP/1.1" 200 42393
172.22.2.4 - - [29/Nov/2022:01:24:02 -0500] "GET /BLA/boletinlegal/ HTTP/1.1" 200 59779
216.245.221.92 - - [29/Nov/2022:01:28:46 -0500] "HEAD / HTTP/1.1" 200 -
172.22.2.4 - - [29/Nov/2022:01:29:04 -0500] "GET /BLA/boletinlegal/Circulares/2013/Circular%20No.%205%20del%2013%20de%20junio%20de%202013.pdf HTTP/1.1" 304 -
201.245.192.253 - - [29/Nov/2022:01:30:00 -0500] "POST /kwsrmcab/Wsrmcab  HTTP/1.1" 200 42393
172.22.2.4 - - [29/Nov/2022:01:29:02 -0500] "HEAD /BLA/boletinlegal/ HTTP/1.1" 200 -
201.245.192.253 - - [29/Nov/2022:01:31:20 -0500] "POST /kwsrmcab/Wsrmcab HTTP/1.1" 200 43049
201.245.192.253 - - [29/Nov/2022:01:31:22 -0500] "POST /kwsrmcab/Wsrmcab HTTP/1.1" 200 43696
172.22.2.4 - - [29/Nov/2022:01:29:52 -0500] "GET /BLA/boletinlegal/ HTTP/1.1" 200 55272
47.93.213.130 - - [29/Nov/2022:01:32:25 -0500] "GET /galeria/galeria/fotos/Entrenube2P.jpg HTTP/1.1" 200 8416
216.245.221.92 - - [29/Nov/2022:01:33:46 -0500] "HEAD / HTTP/1.1" 200 -
201.245.192.253 - - [29/Nov/2022:01:34:58 -0500] "POST /kwsrmcab/Wsrmcab  HTTP/1.1" 200 42393
173.252.127.118 - - [29/Nov/2022:01:36:04 -0500] "GET /images/Musgo%20SDA%20(1)%20(1).png HTTP/1.1" 200 302122
173.252.127.19 - - [29/Nov/2022:01:36:04 -0500] "GET /images/Acuerdos%2001%20(1)%20(1).jpeg HTTP/1.1" 200 32884
173.252.127.1 - - [29/Nov/2022:01:36:14 -0500] "GET /images/Reciclaton%20Nov%202022%20(1)%20(1).jpeg HTTP/1.1" 200 53811
172.22.2.4 - - [29/Nov/2022:01:34:52 -0500] "HEAD /BLA/boletinlegal/ HTTP/1.1" 200 -
185.119.81.105 - - [29/Nov/2022:01:36:39 -0500] "GET /portaldeninos/wp-login.php HTTP/1.1" 200 2592
185.119.81.105 - - [29/Nov/2022:01:36:40 -0500] "POST /portaldeninos/wp-login.php HTTP/1.1" 200 3670
172.22.2.4 - - [29/Nov/2022:01:35:42 -0500] "GET /BLA/boletinlegal/ HTTP/1.1" 200 54100
216.245.221.92 - - [29/Nov/2022:01:38:46 -0500] "HEAD / HTTP/1.1" 200 -
157.55.39.206 - - [29/Nov/2022:01:39:09 -0500] "GET /BLA/resoluciones/RESOLUCIONES%202001/2001%201050-1099.TIF HTTP/1.1" 200 17232248
201.245.192.253 - - [29/Nov/2022:01:39:57 -0500] "POST /kwsrmcab/Wsrmcab  HTTP/1.1" 200 42393
201.245.192.253 - - [29/Nov/2022:01:41:19 -0500] "POST /kwsrmcab/Wsrmcab HTTP/1.1" 200 43049
201.245.192.253 - - [29/Nov/2022:01:41:22 -0500] "POST /kwsrmcab/Wsrmcab HTTP/1.1" 200 43696
172.22.2.4 - - [29/Nov/2022:01:40:41 -0500] "HEAD /BLA/boletinlegal/ HTTP/1.1" 200 -
207.46.13.174 - - [29/Nov/2022:01:42:52 -0500] "GET /BLA/boletinlegal/norma_menu.php HTTP/1.1" 200 6318
172.22.2.4 - - [29/Nov/2022:01:41:32 -0500] "GET /BLA/boletinlegal/ HTTP/1.1" 200 59404
216.245.221.92 - - [29/Nov/2022:01:43:46 -0500] "HEAD / HTTP/1.1" 200 -
201.245.192.253 - - [29/Nov/2022:01:44:56 -0500] "POST /kwsrmcab/Wsrmcab  HTTP/1.1" 200 42393
40.77.167.13 - - [29/Nov/2022:01:48:01 -0500] "GET /portaldeninos/wp-content/uploads/2021/07/Banners-p%C3%A1gina-de-ni%C3%B1os12-1-150x7.jpg HTTP/1.1" 404 75240
172.22.2.4 - - [29/Nov/2022:01:46:32 -0500] "HEAD /BLA/boletinlegal/ HTTP/1.1" 200 -
216.245.221.92 - - [29/Nov/2022:01:48:46 -0500] "HEAD / HTTP/1.1" 200 -
172.22.2.4 - - [29/Nov/2022:01:47:22 -0500] "GET /BLA/boletinlegal/ HTTP/1.1" 200 57824
186.86.34.55 - - [29/Nov/2022:01:49:12 -0500] "GET /con-la-apertura-de-la-exposicion-polinizando-bogota-encendio-desde-el-jardin-botanico-la-navidad-2022.html HTTP/1.1" 200 927
201.245.192.253 - - [29/Nov/2022:01:49:55 -0500] "POST /kwsrmcab/Wsrmcab  HTTP/1.1" 200 42393
64.124.8.41 - - [29/Nov/2022:01:51:00 -0500] "GET / HTTP/1.1" 304 -
40.77.167.58 - - [29/Nov/2022:01:51:15 -0500] "GET /BLA/resoluciones/index.php?dir=RESOLUCIONES+2017%2F HTTP/1.1" 200 284956
185.119.81.100 - - [29/Nov/2022:01:52:35 -0500] "GET /portaldeninos/wp-login.php HTTP/1.1" 200 2592
185.119.81.100 - - [29/Nov/2022:01:52:36 -0500] "POST /portaldeninos/wp-login.php HTTP/1.1" 200 3605
216.245.221.92 - - [29/Nov/2022:01:53:46 -0500] "HEAD / HTTP/1.1" 200 -
172.22.2.4 - - [29/Nov/2022:01:52:21 -0500] "HEAD /BLA/boletinlegal/ HTTP/1.1" 200 -
172.22.2.4 - - [29/Nov/2022:01:53:12 -0500] "GET /BLA/boletinlegal/ HTTP/1.1" 200 59404
201.245.192.253 - - [29/Nov/2022:01:54:55 -0500] "POST /kwsrmcab/Wsrmcab  HTTP/1.1" 200 42393
157.55.39.39 - - [29/Nov/2022:01:55:32 -0500] "GET /BLA/resoluciones/index.php?dir=AUTOS+2018%2F HTTP/1.1" 200 441980
152.61.192.232 - - [29/Nov/2022:01:57:57 -0500] "GET /arcgis/services/Calidad_del_Agua_WQI/MapServer/WMSServer?request=GetCapabilities&service=WMS HTTP/1.1" 503 1020
152.61.192.232 - - [29/Nov/2022:01:57:58 -0500] "GET /arcgis/services/Calidad_del_Agua_WQI/MapServer/WMSServer?SERVICE=WMS&REQUEST=GetCapabilities HTTP/1.1" 503 1020
152.61.192.232 - - [29/Nov/2022:01:57:58 -0500] "GET /arcgis/services/Calidad_del_Agua_WQI/MapServer/WMSServer?WMTVER=1.0.0&REQUEST=capabilities HTTP/1.1" 503 1020
216.245.221.92 - - [29/Nov/2022:01:58:46 -0500] "HEAD / HTTP/1.1" 200 -
172.22.2.4 - - [29/Nov/2022:01:59:37 -0500] "GET /BLA/boletinlegal/owa/auth/logon.aspx?url=https%3a%2f%2f1%2fecp%2f HTTP/1.1" 404 1018
172.22.2.4 - - [29/Nov/2022:01:58:11 -0500] "HEAD /BLA/boletinlegal/ HTTP/1.1" 200 -
201.245.192.253 - - [29/Nov/2022:01:59:54 -0500] "POST /kwsrmcab/Wsrmcab  HTTP/1.1" 200 42393
172.22.2.4 - - [29/Nov/2022:01:59:02 -0500] "GET /BLA/boletinlegal/ HTTP/1.1" 200 57824
207.46.13.174 - - [29/Nov/2022:02:00:44 -0500] "GET /BLA/resoluciones/index.php?dir=RESOLUCIONES+2019%2F HTTP/1.1" 200 248983
157.55.39.39 - - [29/Nov/2022:02:01:04 -0500] "GET /BLA/resoluciones/AUTOS%202011/6204.pdf HTTP/1.1" 200 456924
152.61.128.50 - - [29/Nov/2022:02:02:02 -0500] "GET /arcgis/services/Calidad_del_Agua_WQI/MapServer/WMSServer?request=GetCapabilities&service=WMS HTTP/1.1" 503 1020
152.61.128.50 - - [29/Nov/2022:02:02:03 -0500] "GET /arcgis/services/Calidad_del_Agua_WQI/MapServer/WMSServer?SERVICE=WMS&REQUEST=GetCapabilities HTTP/1.1" 503 1020
152.61.128.50 - - [29/Nov/2022:02:02:03 -0500] "GET /arcgis/services/Calidad_del_Agua_WQI/MapServer/WMSServer?WMTVER=1.0.0&REQUEST=capabilities HTTP/1.1" 503 1020
192.109.145.231 - - [29/Nov/2022:02:03:14 -0500] "GET /galeria/nivo-slider/demo/images/BANNER%20VAN%20DER%20HAMMEN.jpg HTTP/1.1" 304 -
216.245.221.92 - - [29/Nov/2022:02:03:46 -0500] "HEAD / HTTP/1.1" 200 -
201.245.192.253 - - [29/Nov/2022:02:04:54 -0500] "POST /kwsrmcab/Wsrmcab  HTTP/1.1" 200 42393
172.22.2.4 - - [29/Nov/2022:02:04:01 -0500] "HEAD /BLA/boletinlegal/ HTTP/1.1" 200 -
207.46.13.120 - - [29/Nov/2022:02:06:06 -0500] "GET /portaldeninos/wp-content/uploads/2021/07/Banners-p%C3%A1gina-de-ni%C3%B1os12-1-50x2.jpg HTTP/1.1" 404 75240
172.22.2.4 - - [29/Nov/2022:02:04:52 -0500] "GET /BLA/boletinlegal/ HTTP/1.1" 200 57824
216.245.221.92 - - [29/Nov/2022:02:08:46 -0500] "HEAD / HTTP/1.1" 200 -
157.55.39.42 - - [29/Nov/2022:02:09:02 -0500] "GET /images/importancia-h%C3%ADdrica-1_optimized.jpeg HTTP/1.1" 404 1034
201.245.192.253 - - [29/Nov/2022:02:09:52 -0500] "POST /kwsrmcab/Wsrmcab  HTTP/1.1" 200 42393
175.107.0.118 - - [29/Nov/2022:02:11:26 -0500] "GET /boaform/admin/formLogin?username=ec8&psd=ec8 HTTP/1.0" 404 1019
172.22.2.4 - - [29/Nov/2022:02:09:51 -0500] "HEAD /BLA/boletinlegal/ HTTP/1.1" 200 -
172.22.2.4 - - [29/Nov/2022:02:10:42 -0500] "GET /BLA/boletinlegal/ HTTP/1.1" 200 57824
173.252.107.12 - - [29/Nov/2022:02:13:17 -0500] "GET /secretaria-de-ambiente-libero-a-33-animales-silvestres-en-el-humedal-la-conejera.html HTTP/1.1" 206 1095
216.245.221.92 - - [29/Nov/2022:02:13:46 -0500] "HEAD / HTTP/1.1" 200 -
201.245.192.253 - - [29/Nov/2022:02:14:51 -0500] "POST /kwsrmcab/Wsrmcab  HTTP/1.1" 200 42393
172.22.2.4 - - [29/Nov/2022:02:15:41 -0500] "HEAD /BLA/boletinlegal/ HTTP/1.1" 200 -
172.22.2.4 - - [29/Nov/2022:02:16:32 -0500] "GET /BLA/boletinlegal/ HTTP/1.1" 200 59779
216.245.221.92 - - [29/Nov/2022:02:18:46 -0500] "HEAD / HTTP/1.1" 200 -
159.223.54.128 - - [29/Nov/2022:02:18:52 -0500] "GET / HTTP/1.0" 200 319
201.245.192.253 - - [29/Nov/2022:02:19:50 -0500] "POST /kwsrmcab/Wsrmcab  HTTP/1.1" 200 42393
201.245.192.253 - - [29/Nov/2022:02:21:19 -0500] "POST /kwsrmcab/Wsrmcab HTTP/1.1" 200 43357
201.245.192.253 - - [29/Nov/2022:02:21:21 -0500] "POST /kwsrmcab/Wsrmcab HTTP/1.1" 200 43702
172.22.2.4 - - [29/Nov/2022:02:21:31 -0500] "HEAD /BLA/boletinlegal/ HTTP/1.1" 200 -
194.55.186.216 - - [29/Nov/2022:02:23:14 -0500] "POST /boaform/admin/formLogin HTTP/1.1" 404 1186
216.245.221.92 - - [29/Nov/2022:02:23:46 -0500] "HEAD / HTTP/1.1" 200 -
172.22.2.4 - - [29/Nov/2022:02:22:22 -0500] "GET /BLA/boletinlegal/ HTTP/1.1" 200 59779
201.245.192.253 - - [29/Nov/2022:02:24:50 -0500] "POST /kwsrmcab/Wsrmcab  HTTP/1.1" 200 42393
185.246.221.101 - - [29/Nov/2022:02:25:56 -0500] "GET / HTTP/1.1" 200 319
173.252.87.22 - - [29/Nov/2022:02:27:47 -0500] "GET /images/mercados-campesinos-5-mayo.jpg HTTP/1.1" 200 95848
216.245.221.92 - - [29/Nov/2022:02:28:46 -0500] "HEAD / HTTP/1.1" 200 -
172.22.2.4 - - [29/Nov/2022:02:27:21 -0500] "HEAD /BLA/boletinlegal/ HTTP/1.1" 200 -
40.77.167.58 - - [29/Nov/2022:02:29:39 -0500] "GET /BLA/resoluciones/index.php?dir=RESOLUCIONES+2017%2F HTTP/1.1" 200 284956
201.245.192.253 - - [29/Nov/2022:02:29:48 -0500] "POST /kwsrmcab/Wsrmcab  HTTP/1.1" 200 42393
172.22.2.4 - - [29/Nov/2022:02:28:12 -0500] "GET /BLA/boletinlegal/ HTTP/1.1" 200 57824
40.77.167.13 - - [29/Nov/2022:02:29:55 -0500] "GET /BLA/resoluciones/RESOLUCIONES%202000/2000%202750-2799.tif HTTP/1.1" 200 3331582
64.124.8.48 - - [29/Nov/2022:02:30:05 -0500] "-" 408 -
64.124.8.54 - - [29/Nov/2022:02:30:05 -0500] "-" 408 -
201.245.192.253 - - [29/Nov/2022:02:31:19 -0500] "POST /kwsrmcab/Wsrmcab HTTP/1.1" 200 43357
201.245.192.253 - - [29/Nov/2022:02:31:21 -0500] "POST /kwsrmcab/Wsrmcab HTTP/1.1" 200 43702
185.119.81.105 - - [29/Nov/2022:02:31:34 -0500] "GET /portaldeninos/wp-login.php HTTP/1.1" 200 2592
185.119.81.105 - - [29/Nov/2022:02:31:36 -0500] "POST /portaldeninos/wp-login.php HTTP/1.1" 200 3605
157.55.39.39 - - [29/Nov/2022:02:32:14 -0500] "GET /BLA/resoluciones/index.php?dir=AUTOS+2018%2F HTTP/1.1" 200 441980
216.245.221.92 - - [29/Nov/2022:02:33:46 -0500] "HEAD / HTTP/1.1" 200 -
201.245.192.253 - - [29/Nov/2022:02:34:48 -0500] "POST /kwsrmcab/Wsrmcab  HTTP/1.1" 200 42393
172.22.2.4 - - [29/Nov/2022:02:33:11 -0500] "HEAD /BLA/boletinlegal/ HTTP/1.1" 200 -
172.22.2.4 - - [29/Nov/2022:02:34:02 -0500] "GET /BLA/boletinlegal/ HTTP/1.1" 200 59404
207.46.13.174 - - [29/Nov/2022:02:37:29 -0500] "GET /BLA/resoluciones/index.php?dir=RESOLUCIONES+2019%2F HTTP/1.1" 200 248983
216.245.221.92 - - [29/Nov/2022:02:38:46 -0500] "HEAD / HTTP/1.1" 200 -
201.245.192.253 - - [29/Nov/2022:02:39:47 -0500] "POST /kwsrmcab/Wsrmcab  HTTP/1.1" 200 42393
172.22.2.4 - - [29/Nov/2022:02:39:01 -0500] "HEAD /BLA/boletinlegal/ HTTP/1.1" 200 -
201.245.192.253 - - [29/Nov/2022:02:41:19 -0500] "POST /kwsrmcab/Wsrmcab HTTP/1.1" 200 43357
201.245.192.253 - - [29/Nov/2022:02:41:22 -0500] "POST /kwsrmcab/Wsrmcab HTTP/1.1" 200 43702
172.22.2.4 - - [29/Nov/2022:02:39:52 -0500] "GET /BLA/boletinlegal/ HTTP/1.1" 200 57192
172.22.2.4 - - [29/Nov/2022:02:42:38 -0500] "GET /BLA/boletinlegal/Directivas/2014/Directiva%20No.%204%20del%2006%20de%20Junio%20de%202014.pdf HTTP/1.1" 200 236794
216.245.221.92 - - [29/Nov/2022:02:43:46 -0500] "HEAD / HTTP/1.1" 200 -
92.118.39.78 - - [29/Nov/2022:02:44:09 -0500] "GET / HTTP/1.1" 200 319
201.245.192.253 - - [29/Nov/2022:02:44:46 -0500] "POST /kwsrmcab/Wsrmcab  HTTP/1.1" 200 42393
64.124.8.25 - - [29/Nov/2022:02:46:16 -0500] "GET /atrapamoscas-coronidorado-ave-austral-que-se-registro-en-el-humedal-cordoba.html HTTP/1.1" 304 -
172.22.2.4 - - [29/Nov/2022:02:44:51 -0500] "HEAD /BLA/boletinlegal/ HTTP/1.1" 200 -
172.22.2.4 - - [29/Nov/2022:02:45:42 -0500] "GET /BLA/boletinlegal/ HTTP/1.1" 200 59404
216.245.221.92 - - [29/Nov/2022:02:48:46 -0500] "HEAD / HTTP/1.1" 200 -
201.245.192.253 - - [29/Nov/2022:02:49:44 -0500] "POST /kwsrmcab/Wsrmcab  HTTP/1.1" 200 42393
199.16.157.181 - - [29/Nov/2022:02:51:18 -0500] "GET /images/pieza-tramites-servicios-ventanilla-virtual.jpg HTTP/1.1" 200 39260
20.198.221.121 - - [29/Nov/2022:02:51:18 -0500] "GET /wp-admin/css/ HTTP/1.1" 404 1128
141.255.166.2 - - [29/Nov/2022:02:51:13 -0500] "POST /boaform/admin/formLogin HTTP/1.1" 404 1186
20.198.221.121 - - [29/Nov/2022:02:51:44 -0500] "GET /.well-known/ HTTP/1.1" 404 1128
20.198.221.121 - - [29/Nov/2022:02:51:55 -0500] "GET /sites/default/files/ HTTP/1.1" 404 1128
20.198.221.121 - - [29/Nov/2022:02:52:06 -0500] "GET /admin/controller/extension/extension/ HTTP/1.1" 404 1128
20.198.221.121 - - [29/Nov/2022:02:52:17 -0500] "GET /uploads/ HTTP/1.1" 404 1128
172.22.2.4 - - [29/Nov/2022:02:50:41 -0500] "HEAD /BLA/boletinlegal/ HTTP/1.1" 200 -
20.198.221.121 - - [29/Nov/2022:02:52:32 -0500] "GET /images/ HTTP/1.1" 200 493
20.198.221.121 - - [29/Nov/2022:02:52:50 -0500] "GET /files/ HTTP/1.1" 404 1128
172.22.2.4 - - [29/Nov/2022:02:51:32 -0500] "GET /BLA/boletinlegal/ HTTP/1.1" 200 59404
216.245.221.92 - - [29/Nov/2022:02:53:46 -0500] "HEAD / HTTP/1.1" 200 -
201.245.192.253 - - [29/Nov/2022:02:54:43 -0500] "POST /kwsrmcab/Wsrmcab  HTTP/1.1" 200 42393
186.102.55.120 - - [29/Nov/2022:02:58:10 -0500] "GET /kwssiamovil/sm/ldap/au?x=U2FsdGVkX18dZ7UqhK0QuyQHPgUN5IZZz1+ccQXSsscCbrlIks6Xepiz76c+ROTL&y=U2FsdGVkX18A7OTr2mTPznOObOthsTZ8hpItLkrQH/thxU/z/QRDhtNrlOwRXwJd HTTP/1.1" 200 30
186.102.55.120 - - [29/Nov/2022:02:58:10 -0500] "GET /kwssiamovil/sm/acme/s?s=U2FsdGVkX18LxRAPw7fcl6yRoWQ57F0uo7G0NsMbBSYu4PYCpLACrMqauf6OFV5OO4UuzQ7ATo8HvPYA9qt01BwY/1KG0hgdGVdelnaUHuQ=&u=U2FsdGVkX1/dYHEMNMobb8ItNC2CGaI6ooQTOBW/AcQF/H5M+pBzee9lXnYqY5Om&y=U2FsdGVkX18A7OTr2mTPznOObOthsTZ8hpItLkrQH/thxU/z/QRDhtNrlOwRXwJd HTTP/1.1" 200 97
186.102.55.120 - - [29/Nov/2022:02:58:11 -0500] "GET /kwssiamovil/sm/acme/s?s=U2FsdGVkX1+a2e06DAWEaYhJmH9Se5eGINT/A0G3el0wGbTY4+m8bEw6cNK9Z7rLOg/qfv0itUUru1MQKnrKHe1M+AvBuIaGCdQsYX5hyzQAzE8uiy8WaiI0mXT/StlgAxxCE5hIWhIF+pGw2SlrkrN/W+beaJVjIbN4aSIT7+yBOvjQCEom5xQX6QiuBC8qRAJWD8jlxSSAoIgU3RHiq4WLW1bjKhyc7f0JABDgZEpXZIE0dk4YjWgus4cQWon1pNtIrL51aXwhAJ7PRFQq7ZZ1eRtV5DYVZjS/b3Pu8pPhCYGWYbm5nfs6kMOsyF2fTPkQtbGlY+kLLS47mX1WSyXMKu+cZ6DYZze63IGtujHYo53kAwqE7QZKGXaAj4ZtFGnZl1eOzoOOgOnNE2tDCGiGkh5xAMM2FPVD1hyvb444PM8XLlwgMWJILpD54B60FPHlEtBcVuLyrNvEonrJXUrNZNL7JD00aBym8jaLaOMqX2UAU524QGic78ToaudEHeXeglTkDRm8nzXct2pntcH63rIYT5S9u6TWE086ItfqrT1962A5G59lQQJVIy94YRz4mE8r5EIV49nF5tCF7lt0qvATkzxlbpzsTvY7h/9GFfM3cp722zp9PGdBFX+jsQfn/cnwKuypblLhRo1Z+3B+ALkVtJzb3k5DwNL+LZEdNzVj/zRPXRNrtpyZ31PEZnHsOB4Qc+L5k7WIHplg/sArr+9omro+EaNwu2cXRArenVR9kMsUlAf+CBNQsRzphoA8uUMkpbtksvQAr9MhsjEmpEr8MfMb9SWv+GSEwMr6wD48FTd5Ukex1QivPc7iIYaHm/E6NMNgAe1df4VjqKHaCP+RmrvFDrc0RFzXayZCebtRNubnAJk6H5CE63ORlRlVzGMFV6d/BTkcEXDXFhLR/0+9PDbYEctqn6YmgvcXceB09iSLAGIfSC1AUjCBPgJK94zJ33HFc+HZnW9QxX8t90I6GFmFE/5In6g0kgQCoBkpQlbcTafy3UQD78Qq5BBqss4gpEsnY2oYUWZpT366FZ94WSYFMe6mn5golmmay9MOSAnqEvFgKHVYWzgDK6PWNTzl6X+EkiNpeeWp8oFom2LNXYyloIkqfUH10D71W4dk8k8ptgjx/JBbOCYudyKM51+W1k77MwByFguY4YspSuUcMAySNAsydq2Wo8lUVIjl0+qv3xoScDatPDzSfnsZ3zaof+46TVg47yGfPCo4EcWn7nZGRb6sHu0eDf1kEk/WaG9+Id6yE+gDCRxYai3S77697xIj6nTAWr7cVQYd4Ygv6ayB2AENcnPzwLE0JGd6DTaAuH+PXiSAVveS6HRiFLZs9IBwVRykWh+QORmdhqiY/vTW7XOZ/X9qXE7ofyNWwi8X6I6mk1i5THSA+mAdWXqvsFGra7Cw4bOyfaPPhVcg/TvL883Y0Pcgm5Y=&u=U2FsdGVkX1/dYHEMNMobb8ItNC2CGaI6ooQTOBW/AcQF/H5M+pBzee9lXnYqY5Om&y=U2FsdGVkX18A7OTr2mTPznOObOthsTZ8hpItLkrQH/thxU/z/QRDhtNrlOwRXwJd HTTP/1.1" 200 359
186.102.55.120 - - [29/Nov/2022:02:58:11 -0500] "GET /kwssiamovil/sm/acme/s?s=U2FsdGVkX1+np0NKhlmeLwW7RCAyLHT/C/MEolxpZ0bZeITBCgNYOoKSZfoUPoOKAicQoA6xUgQYWyE6jC5Pw+fvPk9BX6AVBGxpLGbPfB5l9IkV04Eo5IL1UASPmLeAHN4cv8wmJrEvj10iXUec5suSNcKmo3LPOAGs7EGcPaPqTOgj8eCVIYxpD9OxpBOr1aRu2kcisFpUmrtu4xC9MS4tQwl79+2UUpIFkb8QLDF0+7JH4uvog2Kq0UWOaaN7aEmza3XRZeFximpcUIRWW3L145gXb6wTtSOcWBZcQrnOL4o+3lZ1Tb2GlM0I9IP9hzlWnseQQghhtCs/xTWxAbzu8RN96M5HO0Kuqt9AewY=&u=U2FsdGVkX1/dYHEMNMobb8ItNC2CGaI6ooQTOBW/AcQF/H5M+pBzee9lXnYqY5Om&y=U2FsdGVkX18A7OTr2mTPznOObOthsTZ8hpItLkrQH/thxU/z/QRDhtNrlOwRXwJd HTTP/1.1" 200 196
172.22.2.4 - - [29/Nov/2022:02:56:31 -0500] "HEAD /BLA/boletinlegal/ HTTP/1.1" 200 -
186.102.55.120 - - [29/Nov/2022:02:58:11 -0500] "GET /kwssiamovil/sm/cjson/pre?f=1&x=U2FsdGVkX18dZ7UqhK0QuyQHPgUN5IZZz1+ccQXSsscCbrlIks6Xepiz76c+ROTL HTTP/1.1" 200 31032
216.245.221.92 - - [29/Nov/2022:02:58:46 -0500] "HEAD / HTTP/1.1" 200 -
172.22.2.4 - - [29/Nov/2022:02:57:22 -0500] "GET /BLA/boletinlegal/ HTTP/1.1" 200 56825
207.46.13.174 - - [29/Nov/2022:02:59:30 -0500] "GET /BLA/resoluciones/RESOLUCIONES%202000/2000%20350-399.tif HTTP/1.1" 200 4678251
201.245.192.253 - - [29/Nov/2022:02:59:42 -0500] "POST /kwsrmcab/Wsrmcab  HTTP/1.1" 200 42393
216.245.221.92 - - [29/Nov/2022:03:03:46 -0500] "HEAD / HTTP/1.1" 200 -
157.55.39.39 - - [29/Nov/2022:03:03:51 -0500] "GET /BLA/resoluciones/RESOLUCIONES%202005/00001067.tif HTTP/1.1" 200 212792
172.22.2.4 - - [29/Nov/2022:03:02:21 -0500] "HEAD /BLA/boletinlegal/ HTTP/1.1" 200 -
201.245.192.253 - - [29/Nov/2022:03:04:42 -0500] "POST /kwsrmcab/Wsrmcab  HTTP/1.1" 200 42393
172.22.2.4 - - [29/Nov/2022:03:03:11 -0500] "GET /BLA/boletinlegal/ HTTP/1.1" 200 57824
172.22.2.4 - - [29/Nov/2022:03:06:02 -0500] "GET /BLA/boletinlegal/ HTTP/1.1" 200 24523
40.77.167.58 - - [29/Nov/2022:03:06:53 -0500] "GET /BLA/resoluciones/index.php?dir=RESOLUCIONES+2017%2F HTTP/1.1" 200 284956
173.252.107.118 - - [29/Nov/2022:03:07:48 -0500] "GET /images/Acuerdos%2001%20(1)%20(1).jpeg HTTP/1.1" 200 32884
216.245.221.92 - - [29/Nov/2022:03:08:46 -0500] "HEAD / HTTP/1.1" 200 -
157.55.39.39 - - [29/Nov/2022:03:09:26 -0500] "GET /BLA/resoluciones/index.php?dir=AUTOS+2018%2F HTTP/1.1" 200 441980
201.245.192.253 - - [29/Nov/2022:03:09:41 -0500] "POST /kwsrmcab/Wsrmcab  HTTP/1.1" 200 42393
172.22.2.4 - - [29/Nov/2022:03:08:11 -0500] "HEAD /BLA/boletinlegal/ HTTP/1.1" 200 -
172.22.2.4 - - [29/Nov/2022:03:09:02 -0500] "GET /BLA/boletinlegal/ HTTP/1.1" 200 59404
216.245.221.92 - - [29/Nov/2022:03:13:46 -0500] "HEAD / HTTP/1.1" 200 -
172.22.2.4 - - [29/Nov/2022:03:12:57 -0500] "GET /BLA/boletinlegal/ HTTP/1.1" 200 58612
201.245.192.253 - - [29/Nov/2022:03:14:40 -0500] "POST /kwsrmcab/Wsrmcab  HTTP/1.1" 200 42393
207.46.13.174 - - [29/Nov/2022:03:15:33 -0500] "GET /BLA/resoluciones/index.php?dir=RESOLUCIONES+2019%2F HTTP/1.1" 200 248983
172.22.2.4 - - [29/Nov/2022:03:14:01 -0500] "HEAD /BLA/boletinlegal/ HTTP/1.1" 200 -
172.22.2.4 - - [29/Nov/2022:03:14:52 -0500] "GET /BLA/boletinlegal/ HTTP/1.1" 200 55680
216.245.221.92 - - [29/Nov/2022:03:18:46 -0500] "HEAD / HTTP/1.1" 200 -
185.119.81.105 - - [29/Nov/2022:03:19:12 -0500] "GET /portaldeninos/wp-login.php HTTP/1.1" 200 2592
185.119.81.105 - - [29/Nov/2022:03:19:13 -0500] "POST /portaldeninos/wp-login.php HTTP/1.1" 200 3670
201.245.192.253 - - [29/Nov/2022:03:19:38 -0500] "POST /kwsrmcab/Wsrmcab  HTTP/1.1" 200 42393
172.22.2.4 - - [29/Nov/2022:03:19:01 -0500] "GET /BLA/boletinlegal/ HTTP/1.1" 200 32715
40.77.167.58 - - [29/Nov/2022:03:20:14 -0500] "GET /transparencia/directorioservidores/diciembre2015.xlsx HTTP/1.1" 200 37314
201.245.192.253 - - [29/Nov/2022:03:21:19 -0500] "POST /kwsrmcab/Wsrmcab HTTP/1.1" 200 43369
201.245.192.253 - - [29/Nov/2022:03:21:22 -0500] "POST /kwsrmcab/Wsrmcab HTTP/1.1" 200 43703
172.22.2.4 - - [29/Nov/2022:03:19:51 -0500] "HEAD /BLA/boletinlegal/ HTTP/1.1" 200 -
172.22.2.4 - - [29/Nov/2022:03:20:41 -0500] "GET /BLA/boletinlegal/ HTTP/1.1" 200 57824
216.245.221.92 - - [29/Nov/2022:03:23:46 -0500] "HEAD / HTTP/1.1" 200 -
201.245.192.253 - - [29/Nov/2022:03:24:37 -0500] "POST /kwsrmcab/Wsrmcab  HTTP/1.1" 200 42393
186.102.55.120 - - [29/Nov/2022:03:24:48 -0500] "GET /kwssiamovil/sm/acme/a?s=U2FsdGVkX19bjdgmXwT3NTsyEVXYZfpTNSqqfN/XCSQfcmNQ4afj/JmCMbiTm9GLNR/1BU/bx/Xu6Gb22CTBRnkiKzw38gICITI5h8TCpv46QIbyrdi0ua2QJ+eVeFQvznDcBWBwlRTpTIMhiU9tLjNRfzcuoGUKsI7Fd8uxg0HDEzA82Jbx2sktL0bvZosjSVGCfKr1G2+MOAT8+yDGrnzFFf5zAl1zOKbmkbcawTOHRlYcyyzYv8AVO/tddnwYMe6CjbshQmo4Ks8XAGmGuw==&u=U2FsdGVkX1/dYHEMNMobb8ItNC2CGaI6ooQTOBW/AcQF/H5M+pBzee9lXnYqY5Om&y=U2FsdGVkX18A7OTr2mTPznOObOthsTZ8hpItLkrQH/thxU/z/QRDhtNrlOwRXwJd HTTP/1.1" 200 26
186.102.55.120 - - [29/Nov/2022:03:24:49 -0500] "GET /kwssiamovil/sm/acme/a?s=U2FsdGVkX18Juqvu6TkdAm6a4QnPamVg5vxdGoo/7yF5bWtFF1PbFqbxmOqFwEiu39tfRe6B+ZdJ4F/t18XnrCf6M9qYpltu0ArWDRxY+fFvG23zmCZ+5iCvXiH9CBgcXzB45ZLlFcHEMgomgCxduh4IMYNPlhRWjYvlb22iosfn1N9LDEwJGhIXDRiZkWt+LzJOzgyQh+tt4nUyAgOIuu2gp1dZQsE0yirFs0GzCH2wxhjtxp43sfCzBJeD375gLCi5h3l9LMVqlEB11jFNqZN1q+K0gYVIV7Ju3HZlerPM3SAYA4NzjtsyQ2BDlFWrZTDcNE2czuJitqpectH5xQhoA2wUY2RhGvjYVcE8VZhKBzmZlugaS9XBYpDntj/koQWtZv5RwlInpgGoLuG4XQgO8jJvkSxniW3ZPB6oUuOXc8bhx5J9nU2HcIOmQzGnVcWcOlDbJIVTSPuhUrsVa7QQ3uO9dL4r75UnIn7sI3hAS1LwpRWt8fhZjc4NEoZ3rTr9rqSX/aThJZQ56hkZmsBkaRq1+jKLI05aXo4i7m0KExH78Sj7W7mOZHNvQjf+WIfh72ZTn0WLyTFR4sze0rjIjpxgYIc51AHVAhXR7dYOkPdlcJfg+daqIw5rdihIbtpcov/4H9wk9M6/ovZ6aSx0fGVCXxl75oem7SryBaZhBEoAyo1EBWGVUS952OAGKkwDmQ0BYjrN7svRgZOgDw/xM8mSvNs6vX7EfmdMw0Jd2tSX2p7X002EEvr4mNLvbthOwv8bkzARwaXnSHfRRZj7MuOWZQERrfiBB8yCltg9Yt7gXQZyPvoan9eSYKvn4bQCzxqxYLaKhdZVLmeLfFT4H3nYtL1pe++9Uf+iu4vq2CEX+ICDiQnNp7M4yPo+U181Kve8BDO0kYJgnxhWGJBet4sd/SJTzKFqheUFzUcDAsAbRQRFKkyqTetovA2tF7lPLMa4e6ILFbKHKIhRldRINMop4ZqjWcwRw18Vuv2RQgnIYXiK6QaZzGOj//kFqWKVSqthh5i7QuytphLe6kdCVwIgNXTjc1GvSsYk/mhHB5CFoHaZnA5Vo9N9bSqwS/hxJlRuR+zhkfbnREaVSqnExj2xTJACfwFIN1Vx9JWN09BTJavGvad91dElk6QjxIJU6Mc72Y1Mpo22rGf9zHj+WIdWlicA8WQCZym9MY302745e0pMbY4LvVXOQ91h2Q1rGFhP/T+UfIMxQ+DyWusee1IM5pTYmT4uJYQ7Bp0cNV88waaZ85/MVvIcuAXHjGn4Q5uGix1zrXEOvsGPTp0CLnQDWmiZagXUCvFIZkeKmBaK35OX5N2NUASEJ2tD/3yxe6r9juWbz+djHA7ef0NNTeJVLBnOvXKvndencqGg622DrcleBKx38+R9Q/2+0XrnnqZOgCWTSP+SqjGkhpbYUJcGPxdnTJtEtRVhKS1N4R3Q4pOSfKLAgNP1Auw5RyUFAQBXDHUCQZBVAK/AF0HHkuDERP3Gbh5YP+JWXOwnLeKURvLHyoXyO1/11TTVEyGFveVJO1vKfxaEAIaTaad9LBUkcFGxi+SM14AnsyJ6qmhXavUOx9xAHFnaI7MxhKmNW5tK3AJ07tReTcR5Vi08VkJLhk1Jxa46o6eMYPjevEDrx5gPVGU8ztGzXznWcI+5xC/IYQpI7KkWubWMkQgbf7EU7IA3yEysqj5YrbnUm3pXqUfeulv3zVSR7G+ddxe7T0RvyFpetOHd/8RblehyvcaBxS3R7hfHyeViqYyhLl4t1sUKfHNZeXhj0FTqPGwRc5/QtUkblLNuWmcqQkWGLLLZUC610l3ki0rLradkgTyn1EkBWZQADW08GrOmuKI5PJ6FbsbCnrNlL+AwG9dcYfLxtX9gcIUs5CK3zd9qCbEZvumq9LyLgMazt7Uwh0kbEDWzO0VQdZeXIJf2l6gtt6Zkyal8RZvY3w8xPi5h/afZSGFKPwTCSfMv4J/t12Il9YSPuMSVfjoiyU9/dhVu2osGf5YbNGCoWocT/e6+NE5XiVynLVev007gt/UCe3ETrt8TX+dwRKqWXzpRsKZ9El2geDZmcck4sC19NZR5PTceko4l938Ix8rfFR5F4ABIOxcH4ZAocRLgbwmuI/Fhfz6zEjUHR8Y1mBu8l2cSU7JPL5c2wlKW3ra4ou3fhuXnKrwMbb+8/yazXtK63tIpQRGdbad/XUec6ZBwsc8P6jeY8aoJFNPJ45wU1ROrXXN2dVg51y2/PsJ2L3cRZkFUQGxfkcY15twlG4Uu4VPy9Fx/yLnjBrFA4U/XMNuEUkNvrakD6KYCycdiHCQl5Rvitenndln8qTxFVPGaMKoeZz6cPgP+5Q6NZw298zicjF7LvCuUj1jRwReVjQD3Ueg2GM/1x2nMzmJnIYL83t49Zqsgmwnw9ui1l27mcYhlTGER2xGdXsipi6GCCiNBr8IpamzfCtbaA0yYOBpnH2xUw0YALBpXdKOU+vpl+CV6AT5GRU/W5vfXR2uXmYrN20oEU6qEpIFxG0L+aUZFhSngR7KG4rP1crD4Gq+bRnoOkYxpIBDD6ULx8FMuLO/4+gY8QWSboUaiik10jUZQbiQMv+p/XBvaDc70DQTSYf2SSjmfS4aoG+Ep6UfVvZ4RVv6W4lecTzFDs/PIVPeVaJvNygBka5b2tbdULslSoxEuPIVw2FtgK0m+rYfTHgSFnd9bx3lLIPQcHChHzVMg5Wy6TARwNYGFoIZ70CljfhI7ZJNcxmm/PY8c2YG5ItcRMWluokmXHnEy5U7/oPgVvDx3yVvvJ03vbCe6kFZtwLP1N/W00ZpiRnjoqm1PivvkVhfO0W/hNQjmbju2PCSJ8/tFpI/dgj1xJBY9m1ODbZTSMpkj+gSvntlsr11lCJElzbk+duNmIQkJruKsTrH3zdo16gA7GRzmNCGTnR2sD2F8EDlxpAryn4XUxnT0FIqVaQ8yBnnlB8XjYHBA30A9423OhN+bqimE8OR8ggQsJfrIzmX1otcbolH1sZeaxbbMW6CRL0Q61RZn1HNG8omygGeL+6sZP/EVvsjUG6UMQ/L76yg/N2npzz+1SwEswATyd9rXy1CO61AwAEuYsB7b7X9ESWxYJMq2fP6L0F4JB8f/zSaKiOGt5SmQQdC5uVENg83FuPk/jyIvoRj1BZ449BKY7CWvCjvMpk1t4NPftAxiqGwZf8epo9w7lQS3pcs2gbgh/d7Dhts8l10p0MU5AKBk2waNhPWgsVgJ/yxmVCKx&u=U2FsdGVkX1/dYHEMNMobb8ItNC2CGaI6ooQTOBW/AcQF/H5M+pBzee9lXnYqY5Om&y=U2FsdGVkX18A7OTr2mTPznOObOthsTZ8hpItLkrQH/thxU/z/QRDhtNrlOwRXwJd HTTP/1.1" 200 26
186.102.55.120 - - [29/Nov/2022:03:24:49 -0500] "GET /kwssiamovil/sm/acme/a?s=U2FsdGVkX19jJFZMd5/oS/+apN0ab5zz08GkysH9lkaxHs680tLMWXriDIu6Y+wl6yGqVxdS6Cqt3GfycUEtdcxuQBxGHHoq4Jbkh+1vd8es7SzFa8Zp6pAKYrHJ7UGU7IdAuS5bibO08aGZ9caSnsrBf7mNVN6ZhUx664mimA0=&u=U2FsdGVkX1/dYHEMNMobb8ItNC2CGaI6ooQTOBW/AcQF/H5M+pBzee9lXnYqY5Om&y=U2FsdGVkX18A7OTr2mTPznOObOthsTZ8hpItLkrQH/thxU/z/QRDhtNrlOwRXwJd HTTP/1.1" 200 26
186.102.55.120 - - [29/Nov/2022:03:24:50 -0500] "GET /kwssiamovil/sm/acme/a?s=U2FsdGVkX1+2afAiuLv2a1W01//IXQbWCCujze1C3i03KIakk5CQ4SeXWj5mwmvQ4o/J2Hm7NUXA5xnOaRO5D5bDR44s6yNBwPMdn3eS0jm13Dis1SDrdTEFt7lY59L9bJ6JIkRVf28jRgfz7+xOiFXh4zh8tz68h5W1iuF63k4=&u=U2FsdGVkX1/dYHEMNMobb8ItNC2CGaI6ooQTOBW/AcQF/H5M+pBzee9lXnYqY5Om&y=U2FsdGVkX18A7OTr2mTPznOObOthsTZ8hpItLkrQH/thxU/z/QRDhtNrlOwRXwJd HTTP/1.1" 200 26
186.102.55.120 - - [29/Nov/2022:03:24:50 -0500] "GET /kwssiamovil/sm/acme/a?s=U2FsdGVkX18C9yGI7ESFYii58yX3BMfFUjDel0Osc+UQ42Sz006c5br8LteogfMQze3beb2Efad4XbY07JXZ/D2XKUlVOjEjPavZay82yd674/L9LmSl0lqPsAaLsaofbxc8fGe64fSOB1yjsVkMAwCs/0Du03s1OUIioqfGQvA=&u=U2FsdGVkX1/dYHEMNMobb8ItNC2CGaI6ooQTOBW/AcQF/H5M+pBzee9lXnYqY5Om&y=U2FsdGVkX18A7OTr2mTPznOObOthsTZ8hpItLkrQH/thxU/z/QRDhtNrlOwRXwJd HTTP/1.1" 200 26
186.102.55.120 - - [29/Nov/2022:03:24:50 -0500] "GET /kwssiamovil/sm/acme/a?s=U2FsdGVkX19lSlKsbUC7QB5LTxymXqLftn88mESNfAxdwmmD0v8wyS251QDw3xV9QSnO8KM6URuLH8hv+CwISl9k0F1QbMYvL06ylwchAWkhCg2D2NAxs9fLuq0nR35D4Qh0sM4NCg39wALyzEi2F3Xk48U2Amx0cI7CAoG7OTq7v++MYnrPjM4HsqrWCRkpNw1R2mLL2dh8sPlJ9uw+aA==&u=U2FsdGVkX1/dYHEMNMobb8ItNC2CGaI6ooQTOBW/AcQF/H5M+pBzee9lXnYqY5Om&y=U2FsdGVkX18A7OTr2mTPznOObOthsTZ8hpItLkrQH/thxU/z/QRDhtNrlOwRXwJd HTTP/1.1" 200 26
172.22.2.4 - - [29/Nov/2022:03:25:41 -0500] "HEAD /BLA/boletinlegal/ HTTP/1.1" 200 -
172.22.2.4 - - [29/Nov/2022:03:26:32 -0500] "GET /BLA/boletinlegal/ HTTP/1.1" 200 59404
216.245.221.92 - - [29/Nov/2022:03:28:46 -0500] "HEAD / HTTP/1.1" 200 -
40.77.167.58 - - [29/Nov/2022:03:29:33 -0500] "GET /BLA/resoluciones/RESOLUCIONES%202019/1320.pdf HTTP/1.1" 200 1297856
201.245.192.253 - - [29/Nov/2022:03:29:36 -0500] "POST /kwsrmcab/Wsrmcab  HTTP/1.1" 200 42393
157.55.39.39 - - [29/Nov/2022:03:29:58 -0500] "GET /BLA/resoluciones/AUTOS%202021/5811.pdf HTTP/1.1" 304 -
64.124.8.41 - - [29/Nov/2022:03:30:51 -0500] "-" 408 -
201.245.192.253 - - [29/Nov/2022:03:31:19 -0500] "POST /kwsrmcab/Wsrmcab HTTP/1.1" 200 43369
201.245.192.253 - - [29/Nov/2022:03:31:22 -0500] "POST /kwsrmcab/Wsrmcab HTTP/1.1" 200 43703
172.22.2.4 - - [29/Nov/2022:03:31:31 -0500] "HEAD /BLA/boletinlegal/ HTTP/1.1" 200 -
216.245.221.92 - - [29/Nov/2022:03:33:46 -0500] "HEAD / HTTP/1.1" 200 -
172.22.2.4 - - [29/Nov/2022:03:32:22 -0500] "GET /BLA/boletinlegal/ HTTP/1.1" 200 57824
201.245.192.253 - - [29/Nov/2022:03:34:35 -0500] "POST /kwsrmcab/Wsrmcab  HTTP/1.1" 200 42393
216.245.221.92 - - [29/Nov/2022:03:38:46 -0500] "HEAD / HTTP/1.1" 200 -
95.217.144.245 - - [29/Nov/2022:03:38:56 -0500] "-" 408 -
95.217.144.245 - - [29/Nov/2022:03:39:00 -0500] "-" 408 -
95.217.144.245 - - [29/Nov/2022:03:39:00 -0500] "-" 408 -
