201.245.192.253 - - [01/Dec/2022:07:42:10 -0500] "POST /kwsrmcab/Wsrmcab  HTTP/1.1" 200 42393
216.245.221.92 - - [01/Dec/2022:07:42:16 -0500] "HEAD / HTTP/1.1" 200 -
207.46.13.237 - - [01/Dec/2022:07:43:25 -0500] "-" 408 -
114.119.153.121 - - [01/Dec/2022:07:44:27 -0500] "GET /BLA/resoluciones/RESOLUCIONES%202010/6655.pdf HTTP/1.1" 200 796886
172.22.2.4 - - [01/Dec/2022:07:43:26 -0500] "HEAD /BLA/boletinlegal/ HTTP/1.1" 200 -
172.22.2.4 - - [01/Dec/2022:07:44:16 -0500] "GET /BLA/boletinlegal/ HTTP/1.1" 200 57824
47.246.164.147 - - [01/Dec/2022:07:46:00 -0500] "GET /galeria/galeria/fotos/Huemdal-el-Tunjo4P.jpg HTTP/1.1" 200 18710
172.22.2.4 - - [01/Dec/2022:07:46:09 -0500] "GET /BLA/boletinlegal/actos.php HTTP/1.1" 200 9566
172.22.2.4 - - [01/Dec/2022:07:46:13 -0500] "GET /BLA/boletinlegal/favicon.ico HTTP/1.1" 404 1326
172.22.2.4 - - [01/Dec/2022:07:46:26 -0500] "GET /BLA/boletinlegal/consulta_actos.php?tipo=autos&no=&usuario=&sector=VERTIMIENTOS&fecha=2022&resuelve= HTTP/1.1" 200 216652
141.255.166.2 - - [01/Dec/2022:07:46:47 -0500] "GET / HTTP/1.1" 200 319
201.245.192.253 - - [01/Dec/2022:07:47:08 -0500] "POST /kwsrmcab/Wsrmcab  HTTP/1.1" 200 42393
216.245.221.92 - - [01/Dec/2022:07:47:16 -0500] "HEAD / HTTP/1.1" 200 -
172.22.2.4 - - [01/Dec/2022:07:47:18 -0500] "GET /BLA/boletinlegal/jurisprudencia/analisis/analisis%20C-595-2010.doc HTTP/1.1" 200 39424
172.22.2.4 - - [01/Dec/2022:07:49:15 -0500] "HEAD /BLA/boletinlegal/ HTTP/1.1" 200 -
114.119.159.148 - - [01/Dec/2022:07:51:09 -0500] "GET /BLA/resoluciones/RESOLUCIONES%202010/6117.pdf HTTP/1.1" 200 648525
173.252.87.24 - - [01/Dec/2022:07:51:39 -0500] "GET /images/cr\xc3\xb3nica-29-nov-1_optimized.jpeg HTTP/1.1" 404 1034
172.22.2.4 - - [01/Dec/2022:07:50:06 -0500] "GET /BLA/boletinlegal/ HTTP/1.1" 200 57192
114.119.153.188 - - [01/Dec/2022:07:52:03 -0500] "GET /BLA/resoluciones/RESOLUCIONES%202010/5682.pdf HTTP/1.1" 200 81950
201.245.192.253 - - [01/Dec/2022:07:52:07 -0500] "POST /kwsrmcab/Wsrmcab  HTTP/1.1" 200 42393
216.245.221.92 - - [01/Dec/2022:07:52:16 -0500] "HEAD / HTTP/1.1" 200 -
162.55.175.141 - - [01/Dec/2022:07:52:20 -0500] "GET / HTTP/1.1" 200 319
186.154.243.100 - - [01/Dec/2022:07:52:53 -0500] "GET /BLA/resoluciones/AUTOS%202022/7171.pdf HTTP/1.1" 200 474115
186.154.243.100 - - [01/Dec/2022:07:52:54 -0500] "GET /favicon.ico HTTP/1.1" 200 7782
173.252.127.119 - - [01/Dec/2022:07:53:02 -0500] "GET /images/cr\xc3\xb3nica-29-nov-1_optimized.jpeg HTTP/1.1" 404 1034
54.247.145.203 - - [01/Dec/2022:07:54:42 -0500] "GET /robots.txt HTTP/1.1" 404 1018
89.248.165.52 - - [01/Dec/2022:07:55:24 -0500] "CONNECT hotmail-com.olc.protection.outlook.com:25 HTTP/1.1" 405 966
186.28.78.114 - - [01/Dec/2022:07:56:04 -0500] "GET /galeria/galeria/jquery.fancybox.css?v=2.1.5 HTTP/1.1" 200 4895
186.28.78.114 - - [01/Dec/2022:07:56:04 -0500] "GET /BLA/boletinlegal/js/jquery.scrollShow.js HTTP/1.1" 200 4586
186.28.78.114 - - [01/Dec/2022:07:56:04 -0500] "GET /galeria/galeria/jquery.fancybox.js?v=2.1.5 HTTP/1.1" 200 48706
172.22.2.4 - - [01/Dec/2022:07:55:05 -0500] "HEAD /BLA/boletinlegal/ HTTP/1.1" 200 -
114.119.150.41 - - [01/Dec/2022:07:56:47 -0500] "GET /BLA/resoluciones/RESOLUCIONES%202010/5227.pdf HTTP/1.1" 200 606974
201.245.192.253 - - [01/Dec/2022:07:57:06 -0500] "POST /kwsrmcab/Wsrmcab  HTTP/1.1" 200 42393
216.245.221.92 - - [01/Dec/2022:07:57:16 -0500] "HEAD / HTTP/1.1" 200 -
172.22.2.4 - - [01/Dec/2022:07:55:56 -0500] "GET /BLA/boletinlegal/ HTTP/1.1" 200 54816
186.84.88.230 - - [01/Dec/2022:08:00:38 -0500] "GET /que-no-se-acabe-el-ano-sin-esterilizar-a-su-animal-de-compania.html HTTP/1.1" 200 798
40.77.167.58 - - [01/Dec/2022:08:01:25 -0500] "GET /BLA/resoluciones/index.php?dir=RESOLUCIONES+2017%2F HTTP/1.1" 200 284956
114.119.156.144 - - [01/Dec/2022:08:01:29 -0500] "GET /BLA/resoluciones/RESOLUCIONES%202010/4681.pdf HTTP/1.1" 200 752839
93.208.61.183 - - [01/Dec/2022:08:01:59 -0500] "GET /BLA/boletinlegal/js/jquery.scrollShow.js HTTP/1.1" 200 4586
93.208.61.183 - - [01/Dec/2022:08:01:59 -0500] "GET /galeria/galeria/jquery.fancybox.js?v=2.1.5 HTTP/1.1" 200 48706
93.208.61.183 - - [01/Dec/2022:08:01:59 -0500] "GET /galeria/galeria/jquery.fancybox.css?v=2.1.5 HTTP/1.1" 200 4895
201.245.192.253 - - [01/Dec/2022:08:02:05 -0500] "POST /kwsrmcab/Wsrmcab  HTTP/1.1" 200 42393
216.245.221.92 - - [01/Dec/2022:08:02:16 -0500] "HEAD / HTTP/1.1" 200 -
172.22.2.4 - - [01/Dec/2022:08:00:55 -0500] "HEAD /BLA/boletinlegal/ HTTP/1.1" 200 -
186.154.243.100 - - [01/Dec/2022:08:02:47 -0500] "GET /BLA/resoluciones/AUTOS%202022/6402.pdf HTTP/1.1" 200 464764
64.124.8.59 - - [01/Dec/2022:08:02:52 -0500] "-" 408 -
162.55.175.143 - - [01/Dec/2022:08:02:59 -0500] "GET / HTTP/1.1" 200 319
172.22.2.4 - - [01/Dec/2022:08:01:46 -0500] "GET /BLA/boletinlegal/ HTTP/1.1" 200 57824
157.55.39.39 - - [01/Dec/2022:08:03:38 -0500] "GET /BLA/resoluciones/00000349.tif HTTP/1.1" 404 1018
181.237.41.67 - - [01/Dec/2022:08:03:55 -0500] "GET /dia-mundial-del-medio-ambiente-con-3-500-beneficiarias-comienza-la-segunda-fase-de-mujeres-que-reverdecen.html?fbclid=IwAR0SADcI3FpBefH-4fpkoGs3a81HIWoiaBkzRi8AV7l5HHutODmwq72yS4M HTTP/1.1" 200 845
66.249.88.206 - - [01/Dec/2022:08:03:55 -0500] "GET /dia-mundial-del-medio-ambiente-con-3-500-beneficiarias-comienza-la-segunda-fase-de-mujeres-que-reverdecen.html?fbclid=IwAR0SADcI3FpBefH-4fpkoGs3a81HIWoiaBkzRi8AV7l5HHutODmwq72yS4M HTTP/1.1" 200 845
66.249.83.60 - - [01/Dec/2022:08:03:56 -0500] "GET /dia-mundial-del-medio-ambiente-con-3-500-beneficiarias-comienza-la-segunda-fase-de-mujeres-que-reverdecen.html?fbclid=IwAR0SADcI3FpBefH-4fpkoGs3a81HIWoiaBkzRi8AV7l5HHutODmwq72yS4M HTTP/1.1" 200 845
66.249.83.62 - - [01/Dec/2022:08:03:56 -0500] "GET /dia-mundial-del-medio-ambiente-con-3-500-beneficiarias-comienza-la-segunda-fase-de-mujeres-que-reverdecen.html?fbclid=IwAR0SADcI3FpBefH-4fpkoGs3a81HIWoiaBkzRi8AV7l5HHutODmwq72yS4M HTTP/1.1" 200 845
66.249.83.34 - - [01/Dec/2022:08:03:56 -0500] "GET /dia-mundial-del-medio-ambiente-con-3-500-beneficiarias-comienza-la-segunda-fase-de-mujeres-que-reverdecen.html?fbclid=IwAR0SADcI3FpBefH-4fpkoGs3a81HIWoiaBkzRi8AV7l5HHutODmwq72yS4M HTTP/1.1" 200 845
114.119.130.175 - - [01/Dec/2022:08:04:30 -0500] "GET /BLA/resoluciones/RESOLUCIONES%202010/4642.pdf HTTP/1.1" 200 237871
186.154.243.100 - - [01/Dec/2022:08:04:41 -0500] "GET /BLA/resoluciones/AUTOS%202022/6396.pdf HTTP/1.1" 200 432039
207.46.13.174 - - [01/Dec/2022:08:04:47 -0500] "GET /BLA/resoluciones/index.php?dir=RESOLUCIONES+2019%2F HTTP/1.1" 200 248983
173.252.111.18 - - [01/Dec/2022:08:05:42 -0500] "GET /images/cr\xc3\xb3nica-29-nov-1_optimized.jpeg HTTP/1.1" 404 1034
201.245.192.253 - - [01/Dec/2022:08:07:04 -0500] "POST /kwsrmcab/Wsrmcab  HTTP/1.1" 200 42393
216.245.221.92 - - [01/Dec/2022:08:07:16 -0500] "HEAD / HTTP/1.1" 200 -
172.22.2.4 - - [01/Dec/2022:08:06:45 -0500] "HEAD /BLA/boletinlegal/ HTTP/1.1" 200 -
114.119.153.67 - - [01/Dec/2022:08:09:13 -0500] "GET /BLA/resoluciones/RESOLUCIONES%202014/0971.pdf HTTP/1.1" 200 2570223
172.22.2.4 - - [01/Dec/2022:08:07:36 -0500] "GET /BLA/boletinlegal/ HTTP/1.1" 200 56474
177.252.190.195 - - [01/Dec/2022:08:11:04 -0500] "GET /que-no-se-acabe-el-ano-sin-esterilizar-a-su-animal-de-compania.html HTTP/1.1" 200 798
186.102.20.153 - - [01/Dec/2022:08:11:58 -0500] "GET /kwssiamovil/sm/ldap/au?x=U2FsdGVkX19wWuGzX3gUEN8BJvxda9cnVrGqJ3kaY0SGMUKcno+z7YHfakGNCYbi&y=U2FsdGVkX1/q2CI8+dLnAQdibdwtv+H164vuYtb0wsrSIL9ONXlgQGCssFSfcaZf HTTP/1.1" 200 30
186.102.20.153 - - [01/Dec/2022:08:11:58 -0500] "GET /kwssiamovil/sm/acme/s?s=U2FsdGVkX1+seD6XXPirwt/xTsuN4oDkt3NAYNbQTc19LF5lSTl8nPgPHp1G45LC3eD2Tk7Rcgv+//MZR5ufLDa7JhJSvYbdi4L4CeayZ+c=&u=U2FsdGVkX1/RyACxELbWGdxxzqIx5yvRIAXY9aoMP/OzFVbVps93pXbPMpLNudwD&y=U2FsdGVkX1/q2CI8+dLnAQdibdwtv+H164vuYtb0wsrSIL9ONXlgQGCssFSfcaZf HTTP/1.1" 200 97
186.102.20.153 - - [01/Dec/2022:08:11:58 -0500] "GET /kwssiamovil/sm/acme/s?s=U2FsdGVkX1/tBaZGFduGWShY7Nr2xihoThs2euxeKYdXMbhp5KOalIOX/MU4ii+GQ9wYui3hHO+51DumhpGQitkoEbaqKLHuUDpcE9TeNPXiwCXns1TppW/kG42/nYqnXxietT7/J53og9yu5ohtaZn5KdXjJDJbmJkfOso6QSXatJmNkLIJ30jV6kZ0IVNhdc7vyY76Tfw/ulht9dKxMwoQnsTkrQgMXEgKXTB46JuTISUgdHC/5T0S6CIDxf9AD/zfbyXulhEIkwzsWOpVZ3wG1ZvC2B+0A1ZFCqGxR6SiTX8EvFOulgjWsxIO0ffrgF57GNnW8WJ0EyMfSe4EJIii5KQ3QNr0W2nO7ZcKM3T7kowj/kpkAFbCAIHbGTBfwIUYjGjOKXAc5PbBk16d/I3/vcyzAxi3zIzHXtD5wYzeYYTmykl9aO7lRnKnzNCsMklNU9O56ljD+7bvKMrbeDaHAiRzS8yMnTtnoI69CrHXGcQxmt9NIxd3/aQsk8Y2/YfZ0JQZZ71YL248ZPRqzZnzuV4cjPYsThcVh2P1wwJcSUPiwNlZ8dONjkyZmrwyE4iCIx6hmwOO1iV34CIrpjTQbrXB0uYZgaAdT37dM0NBEaWunAbqPe0ZidH5yBBJBypJ998gDXS11Jpboaoc779Nyyx+LWTzOwcYC131LeBTJ5Va+v97gufXhp3KJ2FGMl5bgpDyQTkv9TWGmf8ZlCwuDdjD4IKds5dlEDrmW56iOVZy1WXCHUdLvsHooS6sAnMpOZ/AGd+vARn3No7/2y17ZSxpjtNHoIoeh2WQBdD/QktHTjnjXMSQ1Z1qCWBp0xE4/XoK5kDzqFEcqajNjhT4qDk1TB32oWbRgWPV/y+6lPBZJruLIyw5L/qV2BE3VCOrgOp03Hq8hyFXIZLePgDIxe76eRp4LQMD+bgebwSfU7uLy1mkN5evUKS1lbpP9c04lkCgXEqxAb+PDNhKGUQ363YdHYy9M9DCH0XAcfDPdebwAnb2ZLVbqv0LHTft0/FnmGd5a3jeXOnI3bm9MtTHFv0ju5497Yq8nwbOZQj+Nj7vnO1+aBNOPMpyA9k/rNu+uzT2C7sEUnj6+yy+K2ZLwNpAqTSVQ4p+RYygko7p3U8y8NwfH7MHT3sDGmKcrKxmtGU3OzBWHuib8YBvygyG8uspbpRiI552cI39vXU+KA8VE8OYocI0oQPAc5txsW7ipoIziD48p+equDbUAPCRzPSC0WHtadegqngtZWBv5PNYIStYqiQq7sgq1ZBBU7z3ymzmWn4hQH9udIh8C0Eg1T3SxFMe37APJBHXlhWIlEMaQCrMjt+DBq34bvR2FtVyOgq5IyamixpxTjozTyaoIbMSD3YlaY2G9bV+XbA1ZbKaiCeInyhRNJXTK5/wSLiHj/5cDPcZHxtHPUgdIlPZ7FcscbaoFWVC85WLR3E=&u=U2FsdGVkX1/RyACxELbWGdxxzqIx5yvRIAXY9aoMP/OzFVbVps93pXbPMpLNudwD&y=U2FsdGVkX1/q2CI8+dLnAQdibdwtv+H164vuYtb0wsrSIL9ONXlgQGCssFSfcaZf HTTP/1.1" 200 4731
186.102.20.153 - - [01/Dec/2022:08:11:59 -0500] "GET /kwssiamovil/sm/acme/s?s=U2FsdGVkX18f8lsLsij4yCN3lA5JOMQU6s/xpax+ato/egQnZ7FmL0nAnPDZYcqnemvpgUDLYv0vbvnEech3v9lV6GWrvk9sLYJVMbroDgNdZeYE597gz43y8o15QjsBIH1dq2QrmoVpsMlaSJBxIn/Bf6GJoULiZJDR8s7Td/rPBWAYBIkMui5ahCG+pnY+tczMDYWenOIaiv2xM4AwqtAvdiAum/TzOR7Vvkz4EofVyFtztX/oT2HMOHdq53Uq1lEIVFALVvYjNhttxSHU6vK7tcIPDO2DkY/tVgOQlegWZ42sG+TkmL50qKq2FPfNi2AVK0VY5HFCn/UvQn2ekT+TH7qBlQVUtEgeDQhKZLA=&u=U2FsdGVkX1/RyACxELbWGdxxzqIx5yvRIAXY9aoMP/OzFVbVps93pXbPMpLNudwD&y=U2FsdGVkX1/q2CI8+dLnAQdibdwtv+H164vuYtb0wsrSIL9ONXlgQGCssFSfcaZf HTTP/1.1" 200 196
186.102.20.153 - - [01/Dec/2022:08:11:59 -0500] "GET /kwssiamovil/sm/cjson/pre?f=1&x=U2FsdGVkX19wWuGzX3gUEN8BJvxda9cnVrGqJ3kaY0SGMUKcno+z7YHfakGNCYbi HTTP/1.1" 200 31032
201.245.192.253 - - [01/Dec/2022:08:12:03 -0500] "POST /kwsrmcab/Wsrmcab  HTTP/1.1" 200 42393
216.245.221.92 - - [01/Dec/2022:08:12:16 -0500] "HEAD / HTTP/1.1" 200 -
114.119.130.183 - - [01/Dec/2022:08:12:18 -0500] "GET /BLA/resoluciones/RESOLUCIONES%202010/7695.pdf HTTP/1.1" 200 187314
162.55.41.96 - - [01/Dec/2022:08:13:46 -0500] "GET / HTTP/1.1" 200 319
162.55.166.12 - - [01/Dec/2022:08:13:55 -0500] "GET / HTTP/1.1" 200 319
114.119.138.111 - - [01/Dec/2022:08:14:01 -0500] "GET /robots.txt HTTP/1.1" 404 1018
186.102.18.37 - - [01/Dec/2022:08:14:14 -0500] "GET /kwssiamovil/sm/ldap/au?x=U2FsdGVkX1/hGqmlWh5dH953eEoTYKKvZLa9yKU3a3ABGbrZRB3ldnxs0WC2sfk7&y=U2FsdGVkX1/NLeTD/IWm5rgkAwAwbPjmMF1qznmQ88kxRN09jVtCY6Ub47/S+wJN HTTP/1.1" 200 30
186.102.18.37 - - [01/Dec/2022:08:14:14 -0500] "GET /kwssiamovil/sm/ldap/au?x=U2FsdGVkX1+kwAlM3Hj7PsSK/B/NabQVHvyLZVTyExMr2B70O28yQHgK/0DDNMvg&y=U2FsdGVkX19CB8vWX3H6GJ9CSdvEmgN2ZiKpGU9dv87vTap4yDf/DAO+ukx1jdcZ HTTP/1.1" 200 30
186.102.18.37 - - [01/Dec/2022:08:14:14 -0500] "GET /kwssiamovil/sm/acme/s?s=U2FsdGVkX1+4g2yupEa4N4a9dNTzAsBaBbwBrtUxrByl9/XN4CAPaAFyYV/ASdgQYcQRucracBaHoTdbo+BTj8VdG7QEB3lre5ZVxmXy8A0=&u=U2FsdGVkX1+/t4gJ9JKrtLRkb1uSXeNZipWELeNd2X4kVQ6QfiFT3Selh22q23Na&y=U2FsdGVkX1/NLeTD/IWm5rgkAwAwbPjmMF1qznmQ88kxRN09jVtCY6Ub47/S+wJN HTTP/1.1" 200 66
186.102.18.37 - - [01/Dec/2022:08:14:14 -0500] "GET /kwssiamovil/sm/acme/s?s=U2FsdGVkX19/zCl4xCsO5krBe8NsX7eNyEoNSLp0PRvXbFLo/zSx2crENK7g3MXMEOt2fZtkVu3YYu27PcomDErPJIgKPEsFmpaHo2cLx+A=&u=U2FsdGVkX19zFojohYxMdkJV4FHNBIb1zXiBexr/L20ZOVS1u2hFCDBJSO2POC8W&y=U2FsdGVkX19CB8vWX3H6GJ9CSdvEmgN2ZiKpGU9dv87vTap4yDf/DAO+ukx1jdcZ HTTP/1.1" 200 97
186.102.18.37 - - [01/Dec/2022:08:14:15 -0500] "GET /kwssiamovil/sm/acme/s?s=U2FsdGVkX19q+ph0uebocsv2CaG92wQIFW/98+tWNY9MPMX1Ox4G0jSZJy5nLVYqzyZsKSHoRjdEoOeJabtree28+Lyf7uWfspBefFe+P2NZImaf2IBvpW14tzgC9qoFP6N3m4vkPWRfbjyRbXstG0QY7gZHQVtN2bKW/aSnoVZt/ZP5mZPp8CrSCeK38il/erbA1MsJVr4BHh+zyv1IojhjyO7zIlAUkoeMQ9LSHadWk4FDppQa5I7QWPPZhZqd30o7pGghIOMuhjqzqzZzVRAwqBJauGk+caLLvH8IJLsvcPWuOAaEBuZw0OADf+Kspqs8ZUoLcx/gzbBm1+pAQzUopSno44Ply2kqdp/XMsVUvu/AsUgBkirdzvSnoEVm7ct8MW4j+QeVNaMNNi1aE7eyCTQYQS1CDg/72kMRQQOzxPZDaQlOU1xEyMd2iPio+kM7niOxMrUwZo0lkxA3DzQTxsBj2CkczPhnxF14OtMCxlqGgE95/9OT7lUgKzr6bZ7aqS3OWvRCE2+ac/PsCed7MjmMCJTm7VjBXaXewK3GnZns/JllqIHo6J2/3K4wgHeFHBt1L+wu5FONP0wo0WB8Dl6gJGOwUzfvWkuPIOIGK/JNDROF8ekLMXs6DEj64Wzjs7r3DiV6X3qoTDCkEWeBLTiyLABj10a+Z12Ig8eslz8Z8N5Ruk4ECfIUPqGs6uzTBkE5aZ8kEfB7xER8XDiAbkFlVb6W4JBsLmFHBVP7/klchWfmOLM9dBDkE7MYjeRIvhTzvx6YQ7mwP8ApZJ8VhdLPtV5T+DJWuXPsWyLIMPA+YFybN+WyEoJnznQ9bzFMzYkU60FKkhyjZOnDmW/HY1y/yBROcGqHSoUL+rROhmormZCulSKGerK4uGzoj///mI5KKtkA/9zzCtKc+fpG8OcBIldlGv3GFIH4bbmuSZrMFLpgezl3ulPI0AlBqkY5IXGgGuijzF0xVyzcsOX0kDtmhyHXJ7T9Zv0J8ylqqeB/AV1tGtKsn2QuJ8d7dZDIIC3q1NxBj/CjYYbIzDebwfjcX8FbbPQNWp+aXvCGT8HqgP1EjdwJZxMDJayduOHkY/ADUNj9zo6ZOeF43pAELxgSIe8jVH4s9VOAj+x8nZm0fPJqgmyIMjlghj3ts7jZf6AjDd4UaJeWcY/HmjOyOjVRu2jC1D28zC2yYBVOIWn5F1VAN5suJCmGej1eI+uvtqRV1SOc5mzMabezOPJnsdKNEy9JPG8e98fW0QETT1XX9EbuHAIXvVMxfcmVxOuSx1cAYQ7SgNx+iNtpaqL8bsCMi05cYBT4XNKDDw2Dt9SxoSOwFDonOnyMDzMYfr5hr42ZM44FpgdB9jXLdOXFwifZ444ixM/50oNcWW0ggrEDblwchM2iFmhWZFJ6gIPsI8uQxl5x1LrJzUMHVvrAKEukGvDm+IxllVe7zjA=&u=U2FsdGVkX1+/t4gJ9JKrtLRkb1uSXeNZipWELeNd2X4kVQ6QfiFT3Selh22q23Na&y=U2FsdGVkX1/NLeTD/IWm5rgkAwAwbPjmMF1qznmQ88kxRN09jVtCY6Ub47/S+wJN HTTP/1.1" 200 66
186.102.18.37 - - [01/Dec/2022:08:14:15 -0500] "GET /kwssiamovil/sm/acme/s?s=U2FsdGVkX1+SQbsBhTBAPmqkPl65/pfWlt1eWzRjk8BektuO2WiatWnUqmOFevAivQf0P3qN24J6VaK0nXk65KmryEoyGIDJc0PWK3MeLKntRrqyUnA2+5GRJaqBYXqGwudHXigZzkrW4JW6k72vVQ+5rFYfo65fKI0Z1e5tuzRv/46MxiLR8SeEfSKASIGHgkjzJzvz9goMbzKfy/Eu128dYPx6Kw5xQm4o1YLW2GhJY5n4VTPjUZls1SlcS8h2z0/a9bGWOe3yC1vWMIe3Zu5yed9F6YJF/CWFcGGEgIP/Adwf4BhSm2kDm6onX06pRv6/MdJ16GvfDCa7MevtBXKfAw6Kf76pIjQkjCzo7QpD52wQyJRx2KWGDGomy+Sxq+QwzYG/8NBokoQQUkuOsXSqedFxasRGPMbqgUy/UTCALQ29FboxvGAkUnsbRP5qNI1dtif+1vJurwcNqDDc8fMFpgCiUjwYW3UetIwAdSXvLokd2HTU2s33PP0YdrsPfdYl1Yoq0YY7/V85ogH7sJXIfrovfeFJA150UcD7NPK1Va5Xd7cRMICXEbQr7rzHagTOH9ahpOmayYxXXQayJ6Chyy+L2/yA21pZsXQHs3OzCjyjQtS4rPJIqjABJrZ9UDAvzrahjwUG4+Gn7PY9lfPUDoGsSXcl+tS1oDHHRoujJc6AyONbdyiaA3gK39a6zZzRWkUAgXxCWbAt7J84bAd6bHzXy/8HRTWyPfBQ6wMMOyTSdXJ24KGIbBW7pumqAgZsPOrrWLFyb6Xl68p63GBuV+2NfWNN+nyKFiA2WX2vB1GbVaU4pOL8SK2ZghjalDEiUWTJ9FxGwgfq8UXzUXZplE8XqyKqr21WyvvYkNLcLITC3FEOHEeO2j0jFDkDJ22HQFWeBASXn831XGwXfxtfUZcCYQnLcyQ4nD+4bqCKc7y9kVbJGPYqP5fIfX6eH2hOrTgp4KQs9XqOzPLIKnc3XA4cd5er+r//ehC03DkAME4Qy70VhysoPFxTnc7yNrz5V9m9XeZjJkXFrPJDmvzN1qLgXzN9eBLiBDqNtYbsEVGQjtmBk5sGHZZ/6n44Oz3XNDn3G9hzOIJ8IbgIhnmUw+or+tRLI24SGctimNwBA6VpE5Yz959o02a69iwNPUqFYPOjbYHBCTQ4Kpr8wwbMyQTd04kGKBB6/pS0o7rFByoKVB2K/Y9XAjAoFMtPb5iBGb4INztmSXGZCLQikP0lFiNxTH6KaTtJVHjLI2pSdjuq6lvMBwWt3Cb138Zeu9nvbZuTT/+4CjnkP21paAX3QPd0eJQmKjizI5/U86CEGufNRQppbSDefOKMBB+btPbHWnw1VVo9v9JY97UAiOQs0iTi3TIN7Y5Yw1jkIW+E2IkjYa62VSbFEE9LxtkPPEm3la7joUCb0k4nbfAQ7OSSXcg8fEnqkjV58q4gbes=&u=U2FsdGVkX19zFojohYxMdkJV4FHNBIb1zXiBexr/L20ZOVS1u2hFCDBJSO2POC8W&y=U2FsdGVkX19CB8vWX3H6GJ9CSdvEmgN2ZiKpGU9dv87vTap4yDf/DAO+ukx1jdcZ HTTP/1.1" 200 2816
186.102.18.37 - - [01/Dec/2022:08:14:15 -0500] "GET /kwssiamovil/sm/acme/s?s=U2FsdGVkX194CjUE2o5ju81dOjphW/WeE//xU8J6A3cdxWKFnXb8CiUo6h5HTKp+vgVbJhZRlOF2qb1umLquGtjzmVLmAV/w7aWIClYojPnLyZjaCBpsqVFrd5LpkYpt2LHC7sTtncBTPxQ3P5/YiYHbLcR+GtpwOp1p/qSQezalVIStEgzIlooHwtbck+SZio9OTC7RPxMbaQJMSG0utBETPilj+0Ike1SyfwZwulXh3ZmhnK8zj/jRYnhW7VFv7XVgWTe6V0cXiJ6DuJlW6iqMGfkv17uk5NgUlEpao8i+myljvle5SbJG4UNI44Mb1TQ7al6NQ5fYboSdvKLqc/WKLjLR3vkekxTe4p3/PJA=&u=U2FsdGVkX1+/t4gJ9JKrtLRkb1uSXeNZipWELeNd2X4kVQ6QfiFT3Selh22q23Na&y=U2FsdGVkX1/NLeTD/IWm5rgkAwAwbPjmMF1qznmQ88kxRN09jVtCY6Ub47/S+wJN HTTP/1.1" 200 66
186.102.18.37 - - [01/Dec/2022:08:14:15 -0500] "GET /kwssiamovil/sm/acme/s?s=U2FsdGVkX19SZUFY4LNp2bnMC3pw10ntIsTFCURaSkExHhyX7z/julFoLx/RQIUjZ+qq+yxdN+ADJxW88ZRkHtUMJlPFxq2bJTR34QEyL3JZYk1rv5V9qdPdSD7Wad7KehzT5tKEXx4X5xx7HoQUdmJswdV3O38XZR5n0xCpRsTDDlDCPdRgDxVQlU+LdYVEXSNKneqf5mLLkcZbFW3OzKawZFLriGK0lORvWDP0r/nA6ycLtD9upTGoT/ftpqrT4CaNXUoWHRWexofK4OgriaGTVE5xI3Xz43SekYQ1hl+jNFbGAp9hR758Gly/xFcNuOuUtYKxgV03H40ftlwy39OZwhQBsTDoaluU2ObnGs4=&u=U2FsdGVkX19zFojohYxMdkJV4FHNBIb1zXiBexr/L20ZOVS1u2hFCDBJSO2POC8W&y=U2FsdGVkX19CB8vWX3H6GJ9CSdvEmgN2ZiKpGU9dv87vTap4yDf/DAO+ukx1jdcZ HTTP/1.1" 200 196
172.22.2.4 - - [01/Dec/2022:08:12:35 -0500] "HEAD /BLA/boletinlegal/ HTTP/1.1" 200 -
186.102.18.37 - - [01/Dec/2022:08:14:15 -0500] "GET /kwssiamovil/sm/cjson/pre?f=1&x=U2FsdGVkX1+kwAlM3Hj7PsSK/B/NabQVHvyLZVTyExMr2B70O28yQHgK/0DDNMvg HTTP/1.1" 200 31032
172.22.2.4 - - [01/Dec/2022:08:13:26 -0500] "GET /BLA/boletinlegal/ HTTP/1.1" 200 57824
34.76.158.233 - - [01/Dec/2022:08:16:36 -0500] "GET / HTTP/1.1" 200 319
186.80.52.211 - - [01/Dec/2022:08:16:52 -0500] "GET /sipse/faces/index.xhtml HTTP/1.1" 200 677
186.80.52.211 - - [01/Dec/2022:08:16:52 -0500] "GET /sipse/faces/javax.faces.resource/theme.css?ln=primefaces-sipse HTTP/1.1" 304 -
186.80.52.211 - - [01/Dec/2022:08:16:52 -0500] "GET /sipse/faces/faces/autenticacion.xhtml HTTP/1.1" 200 12173
186.80.52.211 - - [01/Dec/2022:08:16:52 -0500] "GET /sipse/js/disable_browser_buttons.js HTTP/1.1" 304 -
186.80.52.211 - - [01/Dec/2022:08:16:52 -0500] "GET /sipse/css/custom_css_sg_prime_login.css HTTP/1.1" 304 -
186.80.52.211 - - [01/Dec/2022:08:16:52 -0500] "GET /sipse/faces/javax.faces.resource/theme.css?ln=primefaces-sipse HTTP/1.1" 502 1384
186.80.52.211 - - [01/Dec/2022:08:16:52 -0500] "GET /sipse/css/custom_css_sg.css HTTP/1.1" 502 1354
186.80.52.211 - - [01/Dec/2022:08:16:52 -0500] "GET /sipse/faces/javax.faces.resource/primefaces.css?ln=primefaces&v=4.0 HTTP/1.1" 304 -
186.80.52.211 - - [01/Dec/2022:08:16:53 -0500] "GET /sipse/faces/javax.faces.resource/layout/layout.css?ln=primefaces&v=4.0 HTTP/1.1" 304 -
186.80.52.211 - - [01/Dec/2022:08:16:53 -0500] "GET /sipse/js/funciones.js HTTP/1.1" 304 -
186.80.52.211 - - [01/Dec/2022:08:16:53 -0500] "GET /sipse/faces/javax.faces.resource/jquery/jquery-plugins.js?ln=primefaces&v=4.0 HTTP/1.1" 304 -
186.80.52.211 - - [01/Dec/2022:08:16:53 -0500] "GET /sipse/faces/javax.faces.resource/jquery/jquery.js?ln=primefaces&v=4.0 HTTP/1.1" 304 -
186.80.52.211 - - [01/Dec/2022:08:16:53 -0500] "GET /sipse/faces/javax.faces.resource/primefaces.js?ln=primefaces&v=4.0 HTTP/1.1" 304 -
186.80.52.211 - - [01/Dec/2022:08:16:53 -0500] "GET /sipse/faces/javax.faces.resource/layout/layout.js?ln=primefaces&v=4.0 HTTP/1.1" 304 -
186.80.52.211 - - [01/Dec/2022:08:16:56 -0500] "POST /sipse/faces/autenticacion.xhtml HTTP/1.1" 200 16797
186.80.52.211 - - [01/Dec/2022:08:16:56 -0500] "GET /sipse/css/custom_css_sg.css HTTP/1.1" 200 9694
186.80.52.211 - - [01/Dec/2022:08:16:56 -0500] "GET /sipse/faces/javax.faces.resource/primefaces.css?ln=primefaces&v=4.0 HTTP/1.1" 304 -
186.80.52.211 - - [01/Dec/2022:08:16:56 -0500] "GET /sipse/faces/javax.faces.resource/layout/layout.css?ln=primefaces&v=4.0 HTTP/1.1" 304 -
186.80.52.211 - - [01/Dec/2022:08:16:56 -0500] "GET /sipse/css/custom_css_sg_prime.css HTTP/1.1" 304 -
186.80.52.211 - - [01/Dec/2022:08:16:56 -0500] "GET /sipse/js/jquery.min.js HTTP/1.1" 304 -
186.80.52.211 - - [01/Dec/2022:08:16:56 -0500] "GET /sipse/faces/javax.faces.resource/jquery/jquery.js?ln=primefaces&v=4.0 HTTP/1.1" 304 -
186.80.52.211 - - [01/Dec/2022:08:16:56 -0500] "GET /sipse/faces/javax.faces.resource/theme.css?ln=primefaces-sipse HTTP/1.1" 200 50058
186.80.52.211 - - [01/Dec/2022:08:16:57 -0500] "GET /sipse/faces/javax.faces.resource/jquery/jquery-plugins.js?ln=primefaces&v=4.0 HTTP/1.1" 304 -
186.80.52.211 - - [01/Dec/2022:08:16:57 -0500] "GET /sipse/faces/javax.faces.resource/primefaces.js?ln=primefaces&v=4.0 HTTP/1.1" 304 -
186.80.52.211 - - [01/Dec/2022:08:16:57 -0500] "GET /sipse/faces/javax.faces.resource/layout/layout.js?ln=primefaces&v=4.0 HTTP/1.1" 304 -
186.80.52.211 - - [01/Dec/2022:08:16:57 -0500] "GET /sipse/imagenes/logoAplicacion.jpg HTTP/1.1" 304 -
186.80.52.211 - - [01/Dec/2022:08:16:57 -0500] "GET /sipse/imagenes/cargando.gif HTTP/1.1" 304 -
186.80.52.211 - - [01/Dec/2022:08:16:57 -0500] "GET /sipse/faces/javax.faces.resource/images/ui-icons_898989_256x240.png?ln=primefaces-aristo HTTP/1.1" 304 -
186.80.52.211 - - [01/Dec/2022:08:16:57 -0500] "GET /sipse/faces/javax.faces.resource/messages/messages.png?ln=primefaces&v=4.0 HTTP/1.1" 304 -
186.80.52.211 - - [01/Dec/2022:08:16:57 -0500] "GET /sipse/css/imagen/logoSDG.png HTTP/1.1" 304 -
186.80.52.211 - - [01/Dec/2022:08:16:57 -0500] "GET /sipse/css/imagen/contrasena.png HTTP/1.1" 404 383
186.80.52.211 - - [01/Dec/2022:08:17:00 -0500] "GET /sipse/faces/javax.faces.resource/images/ui-bg_flat_0_2d5972_40x100.png?ln=primefaces-aristo HTTP/1.1" 304 -
186.80.52.211 - - [01/Dec/2022:08:17:00 -0500] "POST /sipse/faces/bienvenido.xhtml HTTP/1.1" 200 3255
186.80.52.211 - - [01/Dec/2022:08:17:01 -0500] "POST /sipse/faces/bienvenido.xhtml HTTP/1.1" 200 33741
186.80.52.211 - - [01/Dec/2022:08:17:02 -0500] "GET /sipse/faces/javax.faces.resource/theme.css?ln=primefaces-sipse HTTP/1.1" 304 -
186.80.52.211 - - [01/Dec/2022:08:17:02 -0500] "GET /sipse/faces/javax.faces.resource/primefaces.css?ln=primefaces&v=4.0 HTTP/1.1" 304 -
186.80.52.211 - - [01/Dec/2022:08:17:02 -0500] "GET /sipse/faces/javax.faces.resource/layout/layout.css?ln=primefaces&v=4.0 HTTP/1.1" 304 -
186.80.52.211 - - [01/Dec/2022:08:17:02 -0500] "GET /sipse/faces/javax.faces.resource/jquery/jquery.js?ln=primefaces&v=4.0 HTTP/1.1" 304 -
186.80.52.211 - - [01/Dec/2022:08:17:02 -0500] "GET /sipse/faces/javax.faces.resource/jquery/jquery-plugins.js?ln=primefaces&v=4.0 HTTP/1.1" 304 -
186.80.52.211 - - [01/Dec/2022:08:17:02 -0500] "GET /sipse/faces/javax.faces.resource/primefaces.js?ln=primefaces&v=4.0 HTTP/1.1" 304 -
186.80.52.211 - - [01/Dec/2022:08:17:02 -0500] "GET /sipse/faces/javax.faces.resource/layout/layout.js?ln=primefaces&v=4.0 HTTP/1.1" 304 -
186.80.52.211 - - [01/Dec/2022:08:17:02 -0500] "POST /sipse/faces/presentacion/financiero/solicitudProceso/listarSolicitudProceso.xhtml HTTP/1.1" 200 1376
201.245.192.253 - - [01/Dec/2022:08:17:02 -0500] "POST /kwsrmcab/Wsrmcab  HTTP/1.1" 200 42393
186.80.52.211 - - [01/Dec/2022:08:17:05 -0500] "POST /sipse/faces/presentacion/financiero/solicitudProceso/listarSolicitudProceso.xhtml HTTP/1.1" 200 184
186.80.52.211 - - [01/Dec/2022:08:17:05 -0500] "POST /sipse/faces/presentacion/financiero/solicitudProceso/listarSolicitudProceso.xhtml HTTP/1.1" 200 184
186.80.52.211 - - [01/Dec/2022:08:17:05 -0500] "GET /sipse/faces/presentacion/financiero/solicitudAnulacion/solicitudAnulacion.xhtml HTTP/1.1" 200 17805
186.80.52.211 - - [01/Dec/2022:08:17:05 -0500] "GET /sipse/faces/presentacion/financiero/solicitudAnulacion/solicitudAnulacion.xhtml HTTP/1.1" 200 31861
186.80.52.211 - - [01/Dec/2022:08:17:05 -0500] "GET /sipse/faces/javax.faces.resource/theme.css?ln=primefaces-sipse HTTP/1.1" 304 -
186.80.52.211 - - [01/Dec/2022:08:17:05 -0500] "GET /sipse/faces/javax.faces.resource/primefaces.css?ln=primefaces&v=4.0 HTTP/1.1" 304 -
186.80.52.211 - - [01/Dec/2022:08:17:05 -0500] "GET /sipse/faces/javax.faces.resource/jquery/jquery-plugins.js?ln=primefaces&v=4.0 HTTP/1.1" 304 -
186.80.52.211 - - [01/Dec/2022:08:17:05 -0500] "GET /sipse/faces/javax.faces.resource/layout/layout.css?ln=primefaces&v=4.0 HTTP/1.1" 304 -
186.80.52.211 - - [01/Dec/2022:08:17:05 -0500] "GET /sipse/faces/javax.faces.resource/jquery/jquery.js?ln=primefaces&v=4.0 HTTP/1.1" 304 -
186.80.52.211 - - [01/Dec/2022:08:17:05 -0500] "GET /sipse/faces/javax.faces.resource/primefaces.js?ln=primefaces&v=4.0 HTTP/1.1" 304 -
186.80.52.211 - - [01/Dec/2022:08:17:05 -0500] "GET /sipse/faces/javax.faces.resource/layout/layout.js?ln=primefaces&v=4.0 HTTP/1.1" 304 -
186.80.52.211 - - [01/Dec/2022:08:17:05 -0500] "POST /sipse/faces/presentacion/financiero/solicitudAnulacion/solicitudAnulacion.xhtml HTTP/1.1" 200 10464
186.80.52.211 - - [01/Dec/2022:08:17:09 -0500] "POST /sipse/faces/presentacion/financiero/solicitudAnulacion/solicitudAnulacion.xhtml HTTP/1.1" 200 33741
186.80.52.211 - - [01/Dec/2022:08:17:10 -0500] "GET /sipse/faces/javax.faces.resource/theme.css?ln=primefaces-sipse HTTP/1.1" 304 -
186.80.52.211 - - [01/Dec/2022:08:17:10 -0500] "GET /sipse/faces/javax.faces.resource/primefaces.css?ln=primefaces&v=4.0 HTTP/1.1" 304 -
186.80.52.211 - - [01/Dec/2022:08:17:10 -0500] "GET /sipse/faces/javax.faces.resource/layout/layout.css?ln=primefaces&v=4.0 HTTP/1.1" 304 -
186.80.52.211 - - [01/Dec/2022:08:17:10 -0500] "GET /sipse/faces/javax.faces.resource/jquery/jquery.js?ln=primefaces&v=4.0 HTTP/1.1" 304 -
186.80.52.211 - - [01/Dec/2022:08:17:10 -0500] "GET /sipse/faces/javax.faces.resource/jquery/jquery-plugins.js?ln=primefaces&v=4.0 HTTP/1.1" 304 -
186.80.52.211 - - [01/Dec/2022:08:17:10 -0500] "GET /sipse/faces/javax.faces.resource/primefaces.js?ln=primefaces&v=4.0 HTTP/1.1" 304 -
186.80.52.211 - - [01/Dec/2022:08:17:10 -0500] "GET /sipse/faces/javax.faces.resource/layout/layout.js?ln=primefaces&v=4.0 HTTP/1.1" 304 -
186.80.52.211 - - [01/Dec/2022:08:17:10 -0500] "POST /sipse/faces/presentacion/financiero/solicitudProceso/listarSolicitudProceso.xhtml HTTP/1.1" 200 1376
186.80.52.211 - - [01/Dec/2022:08:17:16 -0500] "GET /sipse/faces/javax.faces.resource/images/ui-icons_898989_256x240.png?ln=primefaces-aristo HTTP/1.1" 304 -
216.245.221.92 - - [01/Dec/2022:08:17:16 -0500] "HEAD / HTTP/1.1" 200 -
186.80.52.211 - - [01/Dec/2022:08:17:19 -0500] "POST /sipse/faces/presentacion/financiero/solicitudProceso/listarSolicitudProceso.xhtml HTTP/1.1" 200 911
186.80.52.211 - - [01/Dec/2022:08:17:50 -0500] "GET /sipse/faces/index.xhtml HTTP/1.1" 200 677
186.80.52.211 - - [01/Dec/2022:08:17:50 -0500] "GET /sipse/faces/javax.faces.resource/theme.css?ln=primefaces-sipse HTTP/1.1" 304 -
186.80.52.211 - - [01/Dec/2022:08:17:50 -0500] "GET /sipse/faces/faces/autenticacion.xhtml HTTP/1.1" 200 12173
186.80.52.211 - - [01/Dec/2022:08:17:50 -0500] "GET /sipse/faces/javax.faces.resource/theme.css?ln=primefaces-sipse HTTP/1.1" 304 -
186.80.52.211 - - [01/Dec/2022:08:17:50 -0500] "GET /sipse/faces/javax.faces.resource/primefaces.css?ln=primefaces&v=4.0 HTTP/1.1" 304 -
186.80.52.211 - - [01/Dec/2022:08:17:51 -0500] "GET /sipse/faces/javax.faces.resource/layout/layout.css?ln=primefaces&v=4.0 HTTP/1.1" 304 -
186.80.52.211 - - [01/Dec/2022:08:17:51 -0500] "GET /sipse/faces/javax.faces.resource/jquery/jquery.js?ln=primefaces&v=4.0 HTTP/1.1" 304 -
186.80.52.211 - - [01/Dec/2022:08:17:51 -0500] "GET /sipse/faces/javax.faces.resource/layout/layout.js?ln=primefaces&v=4.0 HTTP/1.1" 304 -
186.80.52.211 - - [01/Dec/2022:08:17:51 -0500] "GET /sipse/faces/javax.faces.resource/primefaces.js?ln=primefaces&v=4.0 HTTP/1.1" 304 -
186.80.52.211 - - [01/Dec/2022:08:17:51 -0500] "GET /sipse/faces/javax.faces.resource/jquery/jquery-plugins.js?ln=primefaces&v=4.0 HTTP/1.1" 304 -
186.80.52.211 - - [01/Dec/2022:08:17:51 -0500] "GET /sipse/css/imagen/loginimg.png HTTP/1.1" 304 -
186.80.52.211 - - [01/Dec/2022:08:17:51 -0500] "GET /sipse/faces/javax.faces.resource/images/ui-icons_898989_256x240.png?ln=primefaces-aristo HTTP/1.1" 304 -
186.80.52.211 - - [01/Dec/2022:08:17:55 -0500] "POST /sipse/faces/autenticacion.xhtml HTTP/1.1" 200 2217
186.80.52.211 - - [01/Dec/2022:08:17:55 -0500] "GET /sipse/faces/javax.faces.resource/messages/messages.png?ln=primefaces&v=4.0 HTTP/1.1" 304 -
186.80.52.211 - - [01/Dec/2022:08:17:56 -0500] "POST /sipse/faces/autenticacion.xhtml HTTP/1.1" 200 16351
186.80.52.211 - - [01/Dec/2022:08:17:57 -0500] "GET /sipse/faces/javax.faces.resource/layout/layout.css?ln=primefaces&v=4.0 HTTP/1.1" 304 -
186.80.52.211 - - [01/Dec/2022:08:17:57 -0500] "GET /sipse/faces/javax.faces.resource/primefaces.css?ln=primefaces&v=4.0 HTTP/1.1" 304 -
186.80.52.211 - - [01/Dec/2022:08:17:57 -0500] "GET /sipse/faces/javax.faces.resource/theme.css?ln=primefaces-sipse HTTP/1.1" 304 -
186.80.52.211 - - [01/Dec/2022:08:17:57 -0500] "GET /sipse/faces/javax.faces.resource/jquery/jquery.js?ln=primefaces&v=4.0 HTTP/1.1" 304 -
186.80.52.211 - - [01/Dec/2022:08:17:57 -0500] "GET /sipse/faces/javax.faces.resource/jquery/jquery-plugins.js?ln=primefaces&v=4.0 HTTP/1.1" 304 -
186.80.52.211 - - [01/Dec/2022:08:17:57 -0500] "GET /sipse/faces/javax.faces.resource/primefaces.js?ln=primefaces&v=4.0 HTTP/1.1" 304 -
186.80.52.211 - - [01/Dec/2022:08:17:57 -0500] "GET /sipse/faces/javax.faces.resource/layout/layout.js?ln=primefaces&v=4.0 HTTP/1.1" 304 -
186.80.52.211 - - [01/Dec/2022:08:17:57 -0500] "GET /sipse/css/imagen/contrasena.png HTTP/1.1" 404 383
186.80.52.211 - - [01/Dec/2022:08:18:00 -0500] "GET /sipse/faces/javax.faces.resource/images/ui-bg_flat_0_2d5972_40x100.png?ln=primefaces-aristo HTTP/1.1" 304 -
186.80.52.211 - - [01/Dec/2022:08:18:00 -0500] "POST /sipse/faces/bienvenido.xhtml HTTP/1.1" 200 2658
186.80.52.211 - - [01/Dec/2022:08:18:01 -0500] "POST /sipse/faces/bienvenido.xhtml HTTP/1.1" 200 65984
186.80.52.211 - - [01/Dec/2022:08:18:03 -0500] "GET /sipse/faces/javax.faces.resource/layout/layout.css?ln=primefaces&v=4.0 HTTP/1.1" 304 -
186.80.52.211 - - [01/Dec/2022:08:18:03 -0500] "GET /sipse/faces/javax.faces.resource/theme.css?ln=primefaces-sipse HTTP/1.1" 304 -
186.80.52.211 - - [01/Dec/2022:08:18:03 -0500] "GET /sipse/faces/javax.faces.resource/primefaces.css?ln=primefaces&v=4.0 HTTP/1.1" 304 -
186.80.52.211 - - [01/Dec/2022:08:18:03 -0500] "GET /sipse/faces/javax.faces.resource/jquery/jquery.js?ln=primefaces&v=4.0 HTTP/1.1" 304 -
186.80.52.211 - - [01/Dec/2022:08:18:03 -0500] "GET /sipse/faces/javax.faces.resource/jquery/jquery-plugins.js?ln=primefaces&v=4.0 HTTP/1.1" 304 -
186.80.52.211 - - [01/Dec/2022:08:18:03 -0500] "GET /sipse/faces/javax.faces.resource/primefaces.js?ln=primefaces&v=4.0 HTTP/1.1" 304 -
186.80.52.211 - - [01/Dec/2022:08:18:03 -0500] "GET /sipse/faces/javax.faces.resource/layout/layout.js?ln=primefaces&v=4.0 HTTP/1.1" 304 -
186.80.52.211 - - [01/Dec/2022:08:18:04 -0500] "POST /sipse/faces/presentacion/financiero/solicitudProceso/listarSolicitudProceso.xhtml HTTP/1.1" 200 1560
69.171.249.18 - - [01/Dec/2022:08:18:07 -0500] "GET /images/carro-carga-movilidad-4-febrero.jpg HTTP/1.1" 200 46258
172.22.2.4 - - [01/Dec/2022:08:18:25 -0500] "HEAD /BLA/boletinlegal/ HTTP/1.1" 200 -
172.22.2.4 - - [01/Dec/2022:08:19:23 -0500] "GET /BLA/boletinlegal/ HTTP/1.1" 200 32715
172.22.2.4 - - [01/Dec/2022:08:19:16 -0500] "GET /BLA/boletinlegal/ HTTP/1.1" 200 51248
201.245.192.253 - - [01/Dec/2022:08:21:08 -0500] "POST /kwsrmcab/Wsrmcab HTTP/1.1" 200 44030
201.245.192.253 - - [01/Dec/2022:08:21:11 -0500] "POST /kwsrmcab/Wsrmcab HTTP/1.1" 200 40319
40.77.167.58 - - [01/Dec/2022:08:21:35 -0500] "GET /BLA/resoluciones/AUTOS%202022/2646.pdf HTTP/1.1" 304 -
201.245.192.253 - - [01/Dec/2022:08:22:01 -0500] "POST /kwsrmcab/Wsrmcab  HTTP/1.1" 200 42393
216.245.221.92 - - [01/Dec/2022:08:22:16 -0500] "HEAD / HTTP/1.1" 200 -
201.245.192.253 - - [01/Dec/2022:08:24:25 -0500] "GET /appsia/controlador HTTP/1.1" 200 4799
201.245.192.253 - - [01/Dec/2022:08:24:26 -0500] "GET /appsia/css/estilos.css HTTP/1.1" 200 4804
201.245.192.253 - - [01/Dec/2022:08:24:26 -0500] "GET /appsia/scripts/validarIngreso.js HTTP/1.1" 200 851
201.245.192.253 - - [01/Dec/2022:08:24:26 -0500] "GET /appsia/images/cabezoteHojaVida.png HTTP/1.1" 200 32493
201.245.192.253 - - [01/Dec/2022:08:24:26 -0500] "GET /appsia/images/logo_bogota_p.png HTTP/1.1" 200 14951
201.245.192.253 - - [01/Dec/2022:08:24:26 -0500] "GET /favicon.ico HTTP/1.1" 200 7782
201.245.192.253 - - [01/Dec/2022:08:24:33 -0500] "POST /appsia/controlador HTTP/1.1" 200 5437
201.245.192.253 - - [01/Dec/2022:08:24:35 -0500] "POST /appsia/controlador HTTP/1.1" 200 7775
168.119.49.52 - - [01/Dec/2022:08:24:35 -0500] "GET / HTTP/1.1" 200 319
201.245.192.253 - - [01/Dec/2022:08:24:41 -0500] "POST /appsia/controlador HTTP/1.1" 200 6640
201.245.192.253 - - [01/Dec/2022:08:24:42 -0500] "POST /appsia/controlador HTTP/1.1" 200 12870
172.22.2.4 - - [01/Dec/2022:08:24:15 -0500] "HEAD /BLA/boletinlegal/ HTTP/1.1" 200 -
157.55.39.206 - - [01/Dec/2022:08:26:10 -0500] "GET /sipse/faces/autenticacion.xhtml HTTP/1.1" 200 12495
201.245.192.253 - - [01/Dec/2022:08:26:19 -0500] "GET /galeria/galeria/jquery.fancybox.css?v=2.1.5 HTTP/1.1" 200 4895
201.245.192.253 - - [01/Dec/2022:08:26:19 -0500] "GET /galeria/galeria/jquery.fancybox.js?v=2.1.5 HTTP/1.1" 200 48706
201.245.192.253 - - [01/Dec/2022:08:26:19 -0500] "GET /BLA/boletinlegal/js/jquery.scrollShow.js HTTP/1.1" 200 4586
201.245.192.253 - - [01/Dec/2022:08:26:20 -0500] "GET /galeria/carrusel/Carrusel/jquery.thumbnailScroller.css HTTP/1.1" 200 2066
201.245.192.253 - - [01/Dec/2022:08:26:20 -0500] "GET /galeria/carrusel/Carrusel/jquery-ui-1.8.13.custom.min.js HTTP/1.1" 200 10800
201.245.192.253 - - [01/Dec/2022:08:26:20 -0500] "GET /galeria/carrusel/Carrusel/jquery.thumbnailScroller.js HTTP/1.1" 200 8157
201.245.192.253 - - [01/Dec/2022:08:26:20 -0500] "GET /galeria/nivo-slider/demo/banner.html HTTP/1.1" 200 5446
201.245.192.253 - - [01/Dec/2022:08:26:20 -0500] "GET /galeria/nivo-slider/themes/default/default.css HTTP/1.1" 200 1569
201.245.192.253 - - [01/Dec/2022:08:26:20 -0500] "GET /galeria/nivo-slider/themes/pascal/pascal.css HTTP/1.1" 200 2258
201.245.192.253 - - [01/Dec/2022:08:26:20 -0500] "GET /galeria/nivo-slider/themes/orman/orman.css HTTP/1.1" 200 2152
201.245.192.253 - - [01/Dec/2022:08:26:20 -0500] "GET /galeria/nivo-slider/nivo-slider.css HTTP/1.1" 200 1507
201.245.192.253 - - [01/Dec/2022:08:26:20 -0500] "GET /galeria/nivo-slider/demo/style.css HTTP/1.1" 200 2222
201.245.192.253 - - [01/Dec/2022:08:26:20 -0500] "GET /galeria/nivo-slider/jquery.nivo.slider.pack.js HTTP/1.1" 200 11561
201.245.192.253 - - [01/Dec/2022:08:26:20 -0500] "GET /galeria/nivo-slider/demo/scripts/jquery-1.7.1.min.js HTTP/1.1" 200 93868
201.245.192.253 - - [01/Dec/2022:08:26:20 -0500] "GET /galeria/nivo-slider/demo/images/Bannermujeresquereverdecen.jpg HTTP/1.1" 200 46558
201.245.192.253 - - [01/Dec/2022:08:26:20 -0500] "GET /galeria/nivo-slider/demo/images/bannertortuga_optimized.jpg HTTP/1.1" 200 39066
201.245.192.253 - - [01/Dec/2022:08:26:20 -0500] "GET /galeria/nivo-slider/demo/images/bannertrafico_optimized.jpg HTTP/1.1" 200 42578
201.245.192.253 - - [01/Dec/2022:08:26:20 -0500] "GET /galeria/nivo-slider/demo/images/Bannersedeelectronica.jpg HTTP/1.1" 200 40383
201.245.192.253 - - [01/Dec/2022:08:26:20 -0500] "GET /galeria/nivo-slider/demo/images/bannerrutaesperanza.jpg HTTP/1.1" 200 55560
201.245.192.253 - - [01/Dec/2022:08:26:20 -0500] "GET /galeria/nivo-slider/demo/images/banneraire2021.jpg HTTP/1.1" 200 265101
201.245.192.253 - - [01/Dec/2022:08:26:20 -0500] "GET /galeria/nivo-slider/demo/images/Bannerplasticosseptiembre.jpg HTTP/1.1" 200 45633
201.245.192.253 - - [01/Dec/2022:08:26:20 -0500] "GET /galeria/nivo-slider/demo/images/bannerresiduoshospitalariosagosto.jpg HTTP/1.1" 200 36499
201.245.192.253 - - [01/Dec/2022:08:26:20 -0500] "GET /galeria/nivo-slider/demo/images/banneraccionpopularcrr68.jpg HTTP/1.1" 200 51887
201.245.192.253 - - [01/Dec/2022:08:26:21 -0500] "GET /galeria/nivo-slider/demo/images/banneraccionpopular.jpeg HTTP/1.1" 200 41707
201.245.192.253 - - [01/Dec/2022:08:26:21 -0500] "GET /galeria/nivo-slider/demo/images/4Simple_Slider.png HTTP/1.1" 200 11722
201.245.192.253 - - [01/Dec/2022:08:26:21 -0500] "GET /galeria/nivo-slider/themes/default/loading.gif HTTP/1.1" 200 1737
201.245.192.253 - - [01/Dec/2022:08:26:21 -0500] "GET /galeria/nivo-slider/demo/images/bannerclases2021.jpg HTTP/1.1" 200 68230
201.245.192.253 - - [01/Dec/2022:08:26:21 -0500] "GET /galeria/nivo-slider/demo/images/bannercapacitacionesbogota.jpg HTTP/1.1" 200 42416
201.245.192.253 - - [01/Dec/2022:08:26:21 -0500] "GET /galeria/nivo-slider/demo/images/Bannerenvases.jpg HTTP/1.1" 200 37316
201.245.192.253 - - [01/Dec/2022:08:26:21 -0500] "GET /galeria/nivo-slider/demo/images/Bannervirtualescanales.jpg HTTP/1.1" 200 174544
201.245.192.253 - - [01/Dec/2022:08:26:21 -0500] "GET /galeria/nivo-slider/themes/default/arrows.png HTTP/1.1" 200 824
201.245.192.253 - - [01/Dec/2022:08:26:21 -0500] "GET /galeria/nivo-slider/themes/default/bullets.png HTTP/1.1" 200 1281
172.22.2.4 - - [01/Dec/2022:08:25:06 -0500] "GET /BLA/boletinlegal/ HTTP/1.1" 200 59404
190.26.255.14 - - [01/Dec/2022:08:26:47 -0500] "GET /galeria/galeria/jquery.fancybox.js?v=2.1.5 HTTP/1.1" 200 48706
190.26.255.14 - - [01/Dec/2022:08:26:47 -0500] "GET /BLA/boletinlegal/js/jquery.scrollShow.js HTTP/1.1" 200 4586
190.26.255.14 - - [01/Dec/2022:08:26:47 -0500] "GET /galeria/galeria/jquery.fancybox.css?v=2.1.5 HTTP/1.1" 200 4895
201.245.192.253 - - [01/Dec/2022:08:27:00 -0500] "POST /kwsrmcab/Wsrmcab  HTTP/1.1" 200 42393
173.252.127.14 - - [01/Dec/2022:08:27:08 -0500] "GET /images/cr\xc3\xb3nica-29-nov-1_optimized.jpeg HTTP/1.1" 404 1034
216.245.221.92 - - [01/Dec/2022:08:27:16 -0500] "HEAD / HTTP/1.1" 200 -
172.22.2.4 - - [01/Dec/2022:08:27:40 -0500] "GET /BLA/boletinlegal/ HTTP/1.1" 200 36811
114.119.135.96 - - [01/Dec/2022:08:28:44 -0500] "GET /BLA/resoluciones/RESOLUCIONES%202014/2999.pdf HTTP/1.1" 200 1070748
191.108.41.61 - - [01/Dec/2022:08:29:02 -0500] "GET /kwssiamovil/sm/acme/u?s=U2FsdGVkX1/0pK1HVAh4mM0+UsoWggqCXp8K20H5OOILeGcQS7EtwW8ypNqCkTJIAIq6KK5X35WfzcAPgom8NRhm20V2O9h+8vG7bK7j9Vp0RrqIn1jkTsr9KohMUrmbRj5nH5zyiVcEM+pXQ33rsg==&u=U2FsdGVkX1/0/wWe+HCN85bQ0cKC8mT8lhX86bwJ2iM=&y=U2FsdGVkX1+agkPzJvg3yWid5GM65lt05H+47TSqPCIHSTaHVJZePx8GFrwEFY6U HTTP/1.1" 200 60
173.252.95.118 - - [01/Dec/2022:08:30:32 -0500] "GET /images/cr\xc3\xb3nica-29-nov-1_optimized.jpeg HTTP/1.1" 404 1034
201.245.192.253 - - [01/Dec/2022:08:31:08 -0500] "POST /kwsrmcab/Wsrmcab HTTP/1.1" 200 44030
201.245.192.253 - - [01/Dec/2022:08:31:11 -0500] "POST /kwsrmcab/Wsrmcab HTTP/1.1" 200 40319
172.22.2.4 - - [01/Dec/2022:08:30:05 -0500] "HEAD /BLA/boletinlegal/ HTTP/1.1" 200 -
69.171.249.2 - - [01/Dec/2022:08:32:00 -0500] "GET /mas-de-70-animales-silvestres-regresaron-a-la-libertad-en-el-humedal-juan-amarillo.html HTTP/1.1" 206 958
201.245.192.253 - - [01/Dec/2022:08:31:58 -0500] "POST /kwsrmcab/Wsrmcab  HTTP/1.1" 200 42393
216.245.221.92 - - [01/Dec/2022:08:32:16 -0500] "HEAD / HTTP/1.1" 200 -
40.77.167.58 - - [01/Dec/2022:08:32:26 -0500] "GET /BLA/resoluciones/index.php?dir=RESOLUCIONES+2017%2F HTTP/1.1" 200 284956
172.22.2.4 - - [01/Dec/2022:08:30:56 -0500] "GET /BLA/boletinlegal/ HTTP/1.1" 200 53337
64.124.8.59 - - [01/Dec/2022:08:32:58 -0500] "-" 408 -
173.252.79.21 - - [01/Dec/2022:08:33:12 -0500] "GET /images/cr\xc3\xb3nica-29-nov-1_optimized.jpeg HTTP/1.1" 404 1034
191.95.49.248 - - [01/Dec/2022:08:33:43 -0500] "GET /que-no-se-acabe-el-ano-sin-esterilizar-a-su-animal-de-compania.html HTTP/1.1" 200 798
190.26.144.246 - - [01/Dec/2022:08:34:53 -0500] "OPTIONS /kwssiamovil/sm/setfile/f? HTTP/1.1" 200 13
190.26.144.246 - - [01/Dec/2022:08:34:53 -0500] "POST /kwssiamovil/sm/setfile/f? HTTP/1.1" 200 381
190.26.144.246 - - [01/Dec/2022:08:35:02 -0500] "GET /kwssiamovil/sm/acme/a?s=U2FsdGVkX1+1OJjDWtvdPtWHju23C0qzIPgDvpCTdlmkMM0A1ghTxjqOFKWh6nKjPzwQgPjd5Ni474pPLat92t38M65njWCsfNZ7huS8vybOTrHhCW0HdZawV+KQm/KsxmIRzs+MQZlBDHtvrK3P0zPhrV0zLamEtOr/iVCVZh+SKUVH0tWHTlaHteEYzJ+wfxwdhm+RFFIf+MQggFh2XkmlUmh3GoYXYlzhhclEXrbwIvS0jw/wfoZXaIf2Z8tb94feC3FEH9ay4t9TkJE0xQ==&u=U2FsdGVkX1+Mpk45wkCr3Lkw5AzDrLzVKzXOWt53oFzpyUSYOza6vnnBwHafUFLR&y=U2FsdGVkX19M6H1Dc4Epmd8rYFG0NoKLt+U+vQsFIZz3PwSgxQVfFCUGdzKyhooN HTTP/1.1" 200 26
190.26.144.246 - - [01/Dec/2022:08:35:03 -0500] "GET /kwssiamovil/sm/acme/a?s=U2FsdGVkX18M43PuggxTGNp0tfAJiXKVlngp9kkM+ChXdmIVqcTXbqko8JUTelvUwNpmsF53vxCSEcs6kUWlhrF0S5KRDw2aSrN/svC/8cxZ8IkseIenyQY4Y2D35LTkiQ6x4H/esVRDJdS9GS1yuatoy+sxEBGAKOpjNpGW3Xpk69ax8srcDwdlY5u9LW1kUSSogwwNu3YCrdVOrkIMvThyV1QKorBefvg79e8YEDw2BPUZ88Vb5JilJH6UGC1YV3URigCVKr43T6wq/LtT8Y0ENTh2aGUD5bQ3tumUpDLgXuOY2ds1QJ2Jak24D7J2vhLSU+XDvvpNhMa1GQ9M3qPSuUOvmY7TzcNIytvjGmoslRizhCEbEpHFUVN/LboSNJeOXqAyVZk2njyZ2Zz1zPBEVQv2U65Mje6W1zklYcGKGEN5hOUGHylt/HrbckeMZPM8OjcI5XkHUKWGwOPXgZnnQPyYg6LwKqZZ3G1EsboNwsnJ17WujvRhU9GjJa9fnL83Yhw8DOZo4c1xoWG+N8okVU+IEg5aGUIpbPIxcwWaoc87eaJz83b4kmL8/EVGM9ZFSCVXAfgN0ziBVPWA8zuKWfc549Y/e+mNnXgn51AbyW2/eLW1UHGHgVQAMvKvzirjZVFs8MIG/DRDL92zcuBP7/w93YI8Nrq49gIpxTOSQT14mkxSjR4Kr8Ri8ssGNeCjieMIyRwaQd4RdIbv8OBilS4KzvDqBJmKol09xv/ByVmnzJ9sIJgNxyREqojwj+1uDdi8XKkdfRLyUVKZNfAUBGuHdryn0d64fTEZbCQoyNcRxl+jtddg1rkB2XdFjgvQ5a9rgCrGuWhoFPJ69bLhh0xqRIh0ZsLVkwQcIelnX+FTs5J+Is9w2duaoQEaadUVM5HnjfLCpg+7D46vrbZo4G11I58xM96BU+Ph1EXw1/uxxHqYe7FHto4C7pN3+J8HRX6X/Vwmw+Pom7HFn/8NBAOEaiZV7xg5L0PddSJ3TH0xnTPAHl2t8d7ZTnKNmqYb53M2Gd1VS8g/Wh/97DyycXSmgNqINgIRC5kD7/x5o/uyMEW9Y7zZ8vm7pFIxzyOj2pbYe8Vpmh6ynlDATyM327YEE99cauUcWonfQRUwpM13OkiMNt+Cy4aMcX4t4X0bI1ZWte+y+GNx0gv1nNSyNXzPrL4k8R1lX7C8Rex1kXlbUauWsk5xM8zKe4Kul0KO8Acfla/fnKVfgaStiDsUIJjUeS6GHbleZbrUy+M3QefnTAT9BOqPVUADRTDrm2yrtiCCmR2iTnTaX9S6/3Fax5uEVUPs6ttslTWTny7PLmcSE8dEUassaTlcxTP9yvQrc6IO775pc784OEOZ5VkrUsl6E9Wz3v2ide5wZKoDhfBGpRaKHtT8uZ0Vlo9FvwZJ9LKHVXsxfD9vkL5+iQnCVeGAIoPb1R9vHKAZ+g8YGkyF31oovX0BKzmdt5Gcpx07hMiw8gUWUNqmKoDOf3F/Lxtit5mMSTbxRRSSYb2Hty+8+LEy2t+Kyt95sBOaRzQ01EQOKV4eSj25Ug7FRm1r+VkZNsjy/HpYYb2TIlHCknheulhJOoHkgIO0A8Xa7nr1JyNGHW1PAFKGO0JxMehTD/i74YfmgW9VUK+5xMErqJFP07wWfaKe9SPZf4cBq59+VKzK5R3zDGsdLE9q7TZiQv/gXcpgUcBvEoxdKXxV1hG9wq4FTx6MX4qKuSyIhIddA6Y/QHPDrt8U0Z6d5/4m6/9MhapMIehPDtJTGw0IOR8Sd/qcxRsMzxJCixL72b6nZCp2Ekay7+z7QVHAIqlI50bosBaSNGdoGpKYtU0gMffsOJjuN85SUVV8qwoai+MDQTM7h2kEmQ8kx3JqgsJJt6L38USGEbzCYJ6PQVvONLLQlulx5XXBJXt9KzNx5RirKRbsw3+BifFXoSQNvuFpPGXcoUXvoIwXXvS3Az42W3R/HSjfYOjWMxYAaRc1blTZJSH7v6FnSc10PNugN88DUyILdcXjTIeYbHlLJZGTq+np5STl4/akH7A3vjGTDS7xzqymMCSoF/7sJkhIM9a87Gmrh0eSK7dGuWEKz57F6SaAf0uBe6YLhPO+EeDTHQHAoPrAYc+bgZq7fExFeettefxDR18LW+x1+OZPOrg9t6wZppsT/1KfqLZpxbej844uxuDODr2ylI/op3kdMo9vQqf2Dld9r0AkJ3QrngHqJiRLPPC8RkcYBH2JgkagijG8ghuWK9Ffo+T5UeW/hP7TbbBC1Gua7zWGVlQNr2vRB33iKyhmbKOb+Y2/njWTn2s5qN/DBVGis5Q8XTrqZ/hz0NxD17Lntvs4P0+inG1bg0v7PKaBOcr5Ub6qP2X0M+1SMgtgs86YsB1VUH/S5fGiGb3+MTD6hMkP27f9xTztczxCDGpXT/wX0KE/7DY1nODldSfO8Tj7ICK1mkj7BCAPCKCB5wEKrKHIYfWrNUKypqSk0Cv1cifOp+SmK8IKY2IFqIZBtCUYMB1O9jv9Pl72wmyPJCTGUVBe6+L9DJmDDIHl/CDd4Acr0Oiep9l2jFccb2C3uBYGjHlwj2qapHV6KnZLlAKGU1apqF4w2L6I2xuxzLe8S8h4tBsKKYAlxcOG9DJZOJ2R2tKxlRAdMR3YPeDOgK3CGy+W20aBNXFc3wXITk3pX1S6Vz7IhrKMRJRAeRqWmsN1eQI1L1GA3yaarPzT8BRsaZVaec3CCNfBk9zN6DKFg6eiXKQ/4SiqTjXkgzGDPfodFEKamiM8ujUvUmXDQSRbinqya4iIWd3ryvmckERTTiuEUCN8z5NyivUVQ9G4Dz+ehmEwnpW9VdjmJlw0JivV/xJeboCTiwf0gQnagw9L3Kp6XcEYMIRvRdBvrg9SSf+ak2+j2Dijh2ymehWztv1F/Cukz7nisgHS0CqtmLoAgfogUsyCFyDuwzsmH9VgjZwAtEwVnkLpqqLfeaYZphud6Faa6fdjQStSAZY+DlqOITYPvqfhndmg62yMUVpNj7h7BCB9HrRwV/taq80HT/p66UdDB+leRFNzQ1dpLw1ZQtruQzm0d0q5oIrr9nSX+X57sYuuwQ1vIt242ki7YD5oMfjvLhvgjoHl+xwtJW6T4nMgspD9sXJMNppjG0uefOlNKFHPkeM9F+HcsQ4d3smaLrVAL7ynv3xVppsrn6u1gpK4BgB3VuZBexpMjHpm9buzQ/16ozTchQ==&u=U2FsdGVkX1+Mpk45wkCr3Lkw5AzDrLzVKzXOWt53oFzpyUSYOza6vnnBwHafUFLR&y=U2FsdGVkX19M6H1Dc4Epmd8rYFG0NoKLt+U+vQsFIZz3PwSgxQVfFCUGdzKyhooN HTTP/1.1" 200 26
190.26.144.246 - - [01/Dec/2022:08:35:03 -0500] "GET /kwssiamovil/sm/acme/a?s=U2FsdGVkX18ieb8oRLbteMOQV1qZY9PZ2H8xMC1l2fNY+FnExwZ7HiF9XJlBdf4V5pVlZe/eTHFDP2HApKgnHL3c3W0MRGo8Yd/JihwA+vZvU7WuQrqk3An5XcFltSzl8vkxLJi1mIbhW7m7Z8np7eOcPvT6jdS92hHgZ/mx/gM=&u=U2FsdGVkX1+Mpk45wkCr3Lkw5AzDrLzVKzXOWt53oFzpyUSYOza6vnnBwHafUFLR&y=U2FsdGVkX19M6H1Dc4Epmd8rYFG0NoKLt+U+vQsFIZz3PwSgxQVfFCUGdzKyhooN HTTP/1.1" 200 26
190.26.144.246 - - [01/Dec/2022:08:35:03 -0500] "GET /kwssiamovil/sm/acme/a?s=U2FsdGVkX19+by6UwFJIyoqeb00ZSCcdrseEUP7I61qDqW4DFuQsmRNnZ1fEGx4A7GM06MZBCwiqrjsoxhgn7IsevVC7/dgLNXaQ9TH46D1rbkvrMqXptGy3yO0oNcx5zgw87Kytjsiu/cafO8Eg9TlkHx7trxgdVLL5YU/I5kc=&u=U2FsdGVkX1+Mpk45wkCr3Lkw5AzDrLzVKzXOWt53oFzpyUSYOza6vnnBwHafUFLR&y=U2FsdGVkX19M6H1Dc4Epmd8rYFG0NoKLt+U+vQsFIZz3PwSgxQVfFCUGdzKyhooN HTTP/1.1" 200 26
190.26.144.246 - - [01/Dec/2022:08:35:03 -0500] "GET /kwssiamovil/sm/acme/a?s=U2FsdGVkX1+Kp3arT2F5GFgfCrYN97xnC8HCYwea8MbK8SM4EKDIvDEYDLfxxwFOkSAABA2Ilnz1jBhMtl/Ctk3MEHeWwLJeh1IUVNtTKkPaghPodzQjblf1QOkS+se3wi8Q+dbYOcAqyDMiSkWiX+zMBg4GKLZUgtnFVXSFTGk=&u=U2FsdGVkX1+Mpk45wkCr3Lkw5AzDrLzVKzXOWt53oFzpyUSYOza6vnnBwHafUFLR&y=U2FsdGVkX19M6H1Dc4Epmd8rYFG0NoKLt+U+vQsFIZz3PwSgxQVfFCUGdzKyhooN HTTP/1.1" 200 26
190.26.144.246 - - [01/Dec/2022:08:35:03 -0500] "GET /kwssiamovil/sm/acme/a?s=U2FsdGVkX1887D9NWjcYAHfQ84H4W+/A/WzJ/+dkrLlCaXWpCf6AOE/kJkohc1I+4+pllJgyuiBTNyc1/pzsYQ/jcx6ic0OYcYoo2M4scWsQ1ddVhf4PG2Hbeu8vbunG/bd2Nbq9GKtswVdiGbcu7uVEtSomhmhb4sxW5O+ysqY54iho8AF3rGyEGuqz/WQ8y1QZ/mslXcmu4DHp0jgbjg==&u=U2FsdGVkX1+Mpk45wkCr3Lkw5AzDrLzVKzXOWt53oFzpyUSYOza6vnnBwHafUFLR&y=U2FsdGVkX19M6H1Dc4Epmd8rYFG0NoKLt+U+vQsFIZz3PwSgxQVfFCUGdzKyhooN HTTP/1.1" 200 26
190.26.144.246 - - [01/Dec/2022:08:35:04 -0500] "GET /kwssiamovil/sm/acme/a?s=U2FsdGVkX19yqOr4LCnSKqMci0TmLOxIMJS3Ba+bq+wZAT576jTzcfQBEBUEqaxXXxcXuJLsa2mthBXqB57+cuFsF3uLyFfdquMzCVcTs5IwP+iMNh7owKtSjvQsKfQOTXt6EpRAMV9p/wTYuC/foVhh0QUIiKCz2W2N6MBojItNLIRZohq2WcS99tp7lD9lCuakdkhBcDwwp3zbvqa9atywAqzGbKIpLyNTl1K/GKfpFvmjWrtyFKehXwyIqBWnVH95P03fU/el5UZ2rUtvGhMEwSpDH/g2S9bOLnckqd8/HKQtNKESlvlupZC2TDcmZ+njgh/tkW5kyKKpw5zCTxuVBO40CuBM5sF7Ussl6yd3LxES88567R2bgFko61dL69n5B31/X1EAAz5mynLCJ6wdZ6L9Pk3lRoN5eSPLbIc=&u=U2FsdGVkX1+Mpk45wkCr3Lkw5AzDrLzVKzXOWt53oFzpyUSYOza6vnnBwHafUFLR&y=U2FsdGVkX19M6H1Dc4Epmd8rYFG0NoKLt+U+vQsFIZz3PwSgxQVfFCUGdzKyhooN HTTP/1.1" 200 25
190.26.144.246 - - [01/Dec/2022:08:35:04 -0500] "GET /kwssiamovil/sm/acme/a?s=U2FsdGVkX18BOewgsUooc5SPmxZjDM2SK5CZDrdbxPOt19JWxJDnvIYF/vbki4ZrWGFXgCa1gHvN1yw2VK565L/zyXFMB6Stxzz9cmKS2jeKTexultuuTwcrMgADCq6OZDVJpzAGQCGrjxzMAI3Lkqq8zyrkw2IJk+Uut5GgVVjv+/fxbpFrQpe2bynyo3fUKlD02XXblwn4+Id11tncbQIfyKAxNHlDgi1cBRePumnMsP3MU9Csdcc9iDUFgBBLMPm74KzQsy6r2q0p8AaoPRNKCIueCBgf5hXFivhG8QP/LvwfV0ajVmvSe725sWYL5jq2F6shJ9bvcF4qlECUfi6yBJkAojEIyX8L+80EydRhHqvD6jnSvMgt62QnMnfw&u=U2FsdGVkX1+Mpk45wkCr3Lkw5AzDrLzVKzXOWt53oFzpyUSYOza6vnnBwHafUFLR&y=U2FsdGVkX19M6H1Dc4Epmd8rYFG0NoKLt+U+vQsFIZz3PwSgxQVfFCUGdzKyhooN HTTP/1.1" 200 25
173.252.83.120 - - [01/Dec/2022:08:35:09 -0500] "GET /images/cr\xc3\xb3nica-29-nov-1_optimized.jpeg HTTP/1.1" 404 1034
207.46.13.174 - - [01/Dec/2022:08:35:11 -0500] "GET /BLA/resoluciones/index.php?dir=RESOLUCIONES+2019%2F HTTP/1.1" 200 248983
168.119.52.80 - - [01/Dec/2022:08:35:17 -0500] "GET / HTTP/1.1" 200 319
173.252.79.117 - - [01/Dec/2022:08:36:45 -0500] "GET /images/cr\xc3\xb3nica-29-nov-1_optimized.jpeg HTTP/1.1" 404 1034
201.245.192.253 - - [01/Dec/2022:08:36:57 -0500] "POST /kwsrmcab/Wsrmcab  HTTP/1.1" 200 42393
190.27.8.51 - - [01/Dec/2022:08:37:07 -0500] "GET /forest/ HTTP/1.1" 200 12041
216.245.221.92 - - [01/Dec/2022:08:37:16 -0500] "HEAD / HTTP/1.1" 200 -
190.27.8.51 - - [01/Dec/2022:08:37:22 -0500] "POST /forest/index.php HTTP/1.1" 200 12268
172.22.2.4 - - [01/Dec/2022:08:35:55 -0500] "HEAD /BLA/boletinlegal/ HTTP/1.1" 200 -
172.22.2.4 - - [01/Dec/2022:08:36:46 -0500] "GET /BLA/boletinlegal/ HTTP/1.1" 200 59035
172.22.2.4 - - [01/Dec/2022:08:39:01 -0500] "GET /BLA/boletinlegal/style.css HTTP/1.1" 200 9406
172.22.2.4 - - [01/Dec/2022:08:39:01 -0500] "GET /BLA/boletinlegal/styles2.css HTTP/1.1" 200 1838
172.22.2.4 - - [01/Dec/2022:08:39:02 -0500] "GET /BLA/boletinlegal/js/jquery.js HTTP/1.1" 200 57254
172.22.2.4 - - [01/Dec/2022:08:39:02 -0500] "GET /BLA/boletinlegal/js/jquery.scrollTo-min.js HTTP/1.1" 200 1150
172.22.2.4 - - [01/Dec/2022:08:39:02 -0500] "GET /BLA/boletinlegal/js/jquery.scrollShow.js HTTP/1.1" 200 4586
172.22.2.4 - - [01/Dec/2022:08:39:02 -0500] "GET /BLA/boletinlegal/images/cabezote%20BLEGAL.jpg HTTP/1.1" 200 118164
172.22.2.4 - - [01/Dec/2022:08:39:02 -0500] "GET /BLA/boletinlegal/images/subscribe-icon-big.png HTTP/1.1" 200 47702
172.22.2.4 - - [01/Dec/2022:08:39:02 -0500] "GET /BLA/boletinlegal/images/historia.png HTTP/1.1" 200 52775
172.22.2.4 - - [01/Dec/2022:08:39:02 -0500] "GET /BLA/boletinlegal/images/registro-usuarios.png HTTP/1.1" 200 8106
172.22.2.4 - - [01/Dec/2022:08:39:02 -0500] "GET /BLA/boletinlegal/images/arr_l.jpg HTTP/1.1" 200 1979
172.22.2.4 - - [01/Dec/2022:08:39:02 -0500] "GET /BLA/boletinlegal/images/text.jpg HTTP/1.1" 200 568
172.22.2.4 - - [01/Dec/2022:08:39:02 -0500] "GET /BLA/boletinlegal/images/body_bg.jpg HTTP/1.1" 200 1601
172.22.2.4 - - [01/Dec/2022:08:39:02 -0500] "GET /BLA/boletinlegal/images/menu_rght.gif HTTP/1.1" 200 1627
172.22.2.4 - - [01/Dec/2022:08:39:02 -0500] "GET /BLA/boletinlegal/images/menu_lft.gif HTTP/1.1" 200 1713
172.22.2.4 - - [01/Dec/2022:08:39:02 -0500] "GET /BLA/boletinlegal/images/bg_top.jpg HTTP/1.1" 200 522
172.22.2.4 - - [01/Dec/2022:08:39:02 -0500] "GET /BLA/boletinlegal/images/launch.jpg HTTP/1.1" 200 14577
172.22.2.4 - - [01/Dec/2022:08:39:02 -0500] "GET /BLA/boletinlegal/images/screen_1.png HTTP/1.1" 200 202547
172.22.2.4 - - [01/Dec/2022:08:39:02 -0500] "GET /BLA/boletinlegal/images/menu_bg.jpg HTTP/1.1" 200 620
172.22.2.4 - - [01/Dec/2022:08:39:02 -0500] "GET /BLA/boletinlegal/images/hover.jpg HTTP/1.1" 200 640
172.22.2.4 - - [01/Dec/2022:08:39:06 -0500] "GET /BLA/boletinlegal/actos.php HTTP/1.1" 200 9566
172.22.2.4 - - [01/Dec/2022:08:39:06 -0500] "GET /BLA/boletinlegal/js/ajax_actos.js HTTP/1.1" 200 1322
172.22.2.4 - - [01/Dec/2022:08:39:06 -0500] "GET /BLA/boletinlegal/js/lib.js HTTP/1.1" 200 6474
172.22.2.4 - - [01/Dec/2022:08:39:06 -0500] "GET /BLA/boletinlegal/js/popup.js HTTP/1.1" 200 1270
172.22.2.4 - - [01/Dec/2022:08:39:06 -0500] "GET /BLA/boletinlegal/niceforms.js HTTP/1.1" 200 22876
172.22.2.4 - - [01/Dec/2022:08:39:06 -0500] "GET /BLA/boletinlegal/niceforms-default.css HTTP/1.1" 200 6694
172.22.2.4 - - [01/Dec/2022:08:39:06 -0500] "GET /BLA/boletinlegal/js/jquery1.js HTTP/1.1" 200 29846
172.22.2.4 - - [01/Dec/2022:08:39:06 -0500] "GET /BLA/boletinlegal/images/green-yellow-blue-pink-th.png HTTP/1.1" 200 7394
172.22.2.4 - - [01/Dec/2022:08:39:06 -0500] "GET /BLA/boletinlegal/images/tel.png HTTP/1.1" 200 14477
172.22.2.4 - - [01/Dec/2022:08:39:06 -0500] "GET /BLA/boletinlegal/images/icono-email.png HTTP/1.1" 200 5544
172.22.2.4 - - [01/Dec/2022:08:39:06 -0500] "GET /BLA/boletinlegal/images/footer_bg.jpg HTTP/1.1" 200 586
