!C99Shell v. 1.0 pre-release build #13!

Software: Apache. PHP/5.5.15 

uname -a: Windows NT SVR-DMZ 6.1 build 7600 (Windows Server 2008 R2 Enterprise Edition) i586 

SYSTEM 

Safe-mode: OFF (not secure)

E:\nuevo\apache\logs\   drwxrwxrwx
Free 7.33 GB of 239.26 GB (3.06%)
Detected drives: [ a ] [ c ] [ d ] [ e ] [ f ]
Home    Back    Forward    UPDIR    Refresh    Search    Buffer    Encoder    Tools    Proc.    FTP brute    Sec.    SQL    PHP-code    Update    Feedback    Self remove    Logout    


Viewing file:     access.2022.12.01.log (2.37 MB)      -rw-rw-rw-
Select action/file-type:
(+) | (+) | (+) | Code (+) | Session (+) | (+) | SDB (+) | (+) | (+) | (+) | (+) | (+) |
172.22.2.4 - - [30/Nov/2022:23:58:23 -0500] "GET /BLA/boletinlegal/ HTTP/1.1" 200 56474
207.46.13.174 - - [01/Dec/2022:00:00:21 -0500] "GET /BLA/resoluciones/index.php?dir=RESOLUCIONES+2019%2F HTTP/1.1" 200 248983
172.22.2.4 - - [01/Dec/2022:00:00:29 -0500] "GET /BLA/boletinlegal/consulta_actos.php?tipo=autos&no=1880&usuario=PABLO%20SANTIAGO%20GARZON%20BERNAL&sector=&fecha=2011&resuelve= HTTP/1.1" 200 1083
190.24.101.177 - - [01/Dec/2022:00:00:35 -0500] "GET /BLA/resoluciones/AUTOS%202011/1880.pdf HTTP/1.1" 200 146579
190.24.101.177 - - [01/Dec/2022:00:00:36 -0500] "GET /favicon.ico HTTP/1.1" 200 7782
69.171.251.16 - - [01/Dec/2022:00:00:55 -0500] "GET /images/cr\xc3\xb3nica-29-nov-1_optimized.jpeg HTTP/1.1" 404 1034
172.22.2.4 - - [01/Dec/2022:00:01:38 -0500] "GET /BLA/boletinlegal/jurisprudencia/analisis/Analisis%20Sentencia%20T-1077,%202%20corregida.doc HTTP/1.1" 304 -
216.245.221.92 - - [01/Dec/2022:00:02:18 -0500] "HEAD / HTTP/1.1" 200 -
114.119.139.59 - - [01/Dec/2022:00:02:30 -0500] "GET /BLA/resoluciones/RESOLUCIONES%202010/4641.pdf HTTP/1.1" 200 234675
186.154.163.245 - - [01/Dec/2022:00:02:33 -0500] "GET /BLA/resoluciones/index.php?dir= HTTP/1.1" 200 13093
186.154.163.245 - - [01/Dec/2022:00:02:45 -0500] "GET /BLA/resoluciones/index.php?dir=AUTOS+2014%2F HTTP/1.1" 200 885147
186.154.163.245 - - [01/Dec/2022:00:02:46 -0500] "GET /BLA/resoluciones/dlf/unknown.png HTTP/1.1" 200 266
201.245.192.253 - - [01/Dec/2022:00:02:57 -0500] "POST /kwsrmcab/Wsrmcab  HTTP/1.1" 200 42393
114.119.130.12 - - [01/Dec/2022:00:03:31 -0500] "GET /BLA/resoluciones/RESOLUCIONES%202010/3202.pdf HTTP/1.1" 200 539316
173.252.95.18 - - [01/Dec/2022:00:03:58 -0500] "GET /images/cr\xc3\xb3nica-29-nov-1_optimized.jpeg HTTP/1.1" 404 1034
186.154.163.245 - - [01/Dec/2022:00:04:10 -0500] "GET /BLA/resoluciones/AUTOS%202014/3511.pdf HTTP/1.1" 200 509479
172.22.2.4 - - [01/Dec/2022:00:02:34 -0500] "HEAD /BLA/boletinlegal/ HTTP/1.1" 200 -
172.22.2.4 - - [01/Dec/2022:00:03:24 -0500] "GET /BLA/boletinlegal/ HTTP/1.1" 200 56825
173.252.87.7 - - [01/Dec/2022:00:06:03 -0500] "GET /images/cr\xc3\xb3nica-29-nov-1_optimized.jpeg HTTP/1.1" 404 1034
66.249.64.75 - - [01/Dec/2022:00:06:43 -0500] "-" 408 -
216.245.221.92 - - [01/Dec/2022:00:07:18 -0500] "HEAD / HTTP/1.1" 200 -
201.245.192.253 - - [01/Dec/2022:00:07:56 -0500] "POST /kwsrmcab/Wsrmcab  HTTP/1.1" 200 42393
173.252.79.118 - - [01/Dec/2022:00:08:24 -0500] "GET /images/mercados-campesinos-5-mayo.jpg HTTP/1.1" 200 95848
114.119.141.79 - - [01/Dec/2022:00:08:50 -0500] "GET /BLA/resoluciones/RESOLUCIONES%202010/3051.pdf HTTP/1.1" 200 947092
114.119.155.36 - - [01/Dec/2022:00:10:01 -0500] "GET /BLA/resoluciones/RESOLUCIONES%202010/1415.pdf HTTP/1.1" 200 92451
172.22.2.4 - - [01/Dec/2022:00:08:24 -0500] "HEAD /BLA/boletinlegal/ HTTP/1.1" 200 -
40.77.167.58 - - [01/Dec/2022:00:10:08 -0500] "GET /BLA/resoluciones/index.php?dir=RESOLUCIONES+2017%2F HTTP/1.1" 200 284956
172.22.2.4 - - [01/Dec/2022:00:09:14 -0500] "GET /BLA/boletinlegal/ HTTP/1.1" 200 59404
216.245.221.92 - - [01/Dec/2022:00:12:18 -0500] "HEAD / HTTP/1.1" 200 -
201.245.192.253 - - [01/Dec/2022:00:12:55 -0500] "POST /kwsrmcab/Wsrmcab  HTTP/1.1" 200 42393
114.119.138.36 - - [01/Dec/2022:00:13:14 -0500] "GET /BLA/resoluciones/RESOLUCIONES%202009/4596.pdf HTTP/1.1" 200 640871
114.119.156.142 - - [01/Dec/2022:00:14:44 -0500] "GET /BLA/resoluciones/RESOLUCIONES%202007/RES%202007%203501%20AL%203600/RESOLUCION%203556%20DE%202007.pdf HTTP/1.1" 200 108455
172.22.2.4 - - [01/Dec/2022:00:14:14 -0500] "HEAD /BLA/boletinlegal/ HTTP/1.1" 200 -
173.252.79.18 - - [01/Dec/2022:00:16:37 -0500] "GET /images/cr\xc3\xb3nica-29-nov-1_optimized.jpeg HTTP/1.1" 404 1034
172.22.2.4 - - [01/Dec/2022:00:15:04 -0500] "GET /BLA/boletinlegal/ HTTP/1.1" 200 59404
216.245.221.92 - - [01/Dec/2022:00:17:17 -0500] "HEAD / HTTP/1.1" 200 -
66.249.64.212 - - [01/Dec/2022:00:18:06 -0500] "GET /bogota-reconocida-internacionalmente-por-sus-acciones-para-mejorar-la-calidad-del-aire-y-enfrentar-la-crisis-climatica.html HTTP/1.1" 200 1011
201.245.192.253 - - [01/Dec/2022:00:19:02 -0500] "POST /kwsrmcab/Wsrmcab  HTTP/1.1" 200 42393
114.119.167.239 - - [01/Dec/2022:00:19:43 -0500] "GET /BLA/resoluciones/RESOLUCIONES%202010/3545.pdf HTTP/1.1" 200 498953
201.245.192.253 - - [01/Dec/2022:00:20:03 -0500] "POST /kwsrmcab/Wsrmcab  HTTP/1.1" 200 42393
172.22.2.4 - - [01/Dec/2022:00:20:50 -0500] "GET /BLA/boletinlegal/conceptos.php HTTP/1.1" 200 7450
172.22.2.4 - - [01/Dec/2022:00:21:09 -0500] "GET /BLA/boletinlegal/jurisprudencia/analisis/CUADRO%20SENTENCIA%20C-245%20DE%202004.doc HTTP/1.1" 304 -
201.245.192.253 - - [01/Dec/2022:00:21:10 -0500] "POST /kwsrmcab/Wsrmcab HTTP/1.1" 200 43995
201.245.192.253 - - [01/Dec/2022:00:21:13 -0500] "POST /kwsrmcab/Wsrmcab HTTP/1.1" 200 44102
198.74.59.35 - - [01/Dec/2022:00:21:22 -0500] "GET /galeria/galeria/jquery.fancybox.css?v=2.1.5 HTTP/1.1" 200 4895
198.74.59.35 - - [01/Dec/2022:00:21:22 -0500] "GET /BLA/boletinlegal/js/jquery.scrollShow.js HTTP/1.1" 200 4586
198.74.59.35 - - [01/Dec/2022:00:21:22 -0500] "GET /galeria/galeria/jquery.fancybox.js?v=2.1.5 HTTP/1.1" 200 48706
207.46.13.174 - - [01/Dec/2022:00:21:42 -0500] "GET /BLA/resoluciones/AUTOS%202021/2745.pdf HTTP/1.1" 304 -
172.22.2.4 - - [01/Dec/2022:00:20:04 -0500] "HEAD /BLA/boletinlegal/ HTTP/1.1" 200 -
216.245.221.92 - - [01/Dec/2022:00:22:18 -0500] "HEAD / HTTP/1.1" 200 -
172.22.2.4 - - [01/Dec/2022:00:22:18 -0500] "GET /BLA/boletinlegal/robots.txt HTTP/1.1" 404 1038
172.22.2.4 - - [01/Dec/2022:00:20:54 -0500] "GET /BLA/boletinlegal/ HTTP/1.1" 200 56825
167.114.1.28 - - [01/Dec/2022:00:23:27 -0500] "GET /auambari-deleito-con-sus-sonidos-ambientales-a-los-asistentes-de-fima-2021.html HTTP/1.1" 200 888
66.249.66.86 - - [01/Dec/2022:00:23:49 -0500] "GET /BLA/resoluciones/RESOLUCIONES%202014/2871.pdf HTTP/1.1" 200 259095
172.22.2.4 - - [01/Dec/2022:00:22:20 -0500] "GET /BLA/boletinlegal/ HTTP/1.1" 200 61905
114.119.141.118 - - [01/Dec/2022:00:24:24 -0500] "GET /BLA/resoluciones/RESOLUCIONES%202010/5192.pdf HTTP/1.1" 200 1352519
201.245.192.253 - - [01/Dec/2022:00:25:02 -0500] "POST /kwsrmcab/Wsrmcab  HTTP/1.1" 200 42393
172.22.2.4 - - [01/Dec/2022:00:25:31 -0500] "GET /BLA/boletinlegal/Circulares/2013/Circular%20No.%202%20del%2022%20de%20enero%20de%202013.pdf HTTP/1.1" 304 -
64.62.197.46 - - [01/Dec/2022:00:26:51 -0500] "GET /favicon.ico HTTP/1.1" 200 7782
114.119.158.18 - - [01/Dec/2022:00:27:17 -0500] "GET /BLA/resoluciones/RESOLUCIONES%202010/3975.pdf HTTP/1.1" 200 499083
216.245.221.92 - - [01/Dec/2022:00:27:17 -0500] "HEAD / HTTP/1.1" 200 -
40.77.167.13 - - [01/Dec/2022:00:27:30 -0500] "GET /BLA/resoluciones/0172.tif HTTP/1.1" 404 1018
172.22.2.4 - - [01/Dec/2022:00:25:54 -0500] "HEAD /BLA/boletinlegal/ HTTP/1.1" 200 -
172.22.2.4 - - [01/Dec/2022:00:26:44 -0500] "GET /BLA/boletinlegal/ HTTP/1.1" 200 57192
114.119.143.250 - - [01/Dec/2022:00:28:51 -0500] "GET /BLA/resoluciones/AUTOS%202013/2405.pdf HTTP/1.1" 200 882809
40.77.167.58 - - [01/Dec/2022:00:28:51 -0500] "GET /BLA/resoluciones/index.php?dir=RESOLUCIONES+2017%2F HTTP/1.1" 200 284956
207.46.13.174 - - [01/Dec/2022:00:28:55 -0500] "GET /BLA/resoluciones/index.php?dir=RESOLUCIONES+2019%2F HTTP/1.1" 200 248983
201.245.192.253 - - [01/Dec/2022:00:30:01 -0500] "POST /kwsrmcab/Wsrmcab  HTTP/1.1" 200 42393
114.119.157.123 - - [01/Dec/2022:00:30:39 -0500] "GET /BLA/resoluciones/RESOLUCIONES%202015/0839.pdf HTTP/1.1" 200 606919
201.245.192.253 - - [01/Dec/2022:00:31:10 -0500] "POST /kwsrmcab/Wsrmcab HTTP/1.1" 200 43995
201.245.192.253 - - [01/Dec/2022:00:31:12 -0500] "POST /kwsrmcab/Wsrmcab HTTP/1.1" 200 44102
216.245.221.92 - - [01/Dec/2022:00:32:17 -0500] "HEAD / HTTP/1.1" 200 -
114.119.135.225 - - [01/Dec/2022:00:33:12 -0500] "GET /BLA/resoluciones/RESOLUCIONES%202015/1558.pdf HTTP/1.1" 200 567873
172.22.2.4 - - [01/Dec/2022:00:31:44 -0500] "HEAD /BLA/boletinlegal/ HTTP/1.1" 200 -
172.22.2.4 - - [01/Dec/2022:00:32:41 -0500] "GET /BLA/boletinlegal/ HTTP/1.1" 200 24523
172.22.2.4 - - [01/Dec/2022:00:32:37 -0500] "GET /BLA/boletinlegal/ HTTP/1.1" 200 53337
114.119.155.79 - - [01/Dec/2022:00:34:37 -0500] "GET /BLA/resoluciones/AUTOS%202012/1641.pdf HTTP/1.1" 200 307100
201.245.192.253 - - [01/Dec/2022:00:34:59 -0500] "POST /kwsrmcab/Wsrmcab  HTTP/1.1" 200 42393
114.119.132.25 - - [01/Dec/2022:00:35:33 -0500] "GET /BLA/resoluciones/RESOLUCIONES%202010/4892.pdf HTTP/1.1" 200 210908
40.77.167.58 - - [01/Dec/2022:00:37:00 -0500] "GET /BLA/resoluciones/RESOLUCIONES%202000/2000%201800-1849.tif HTTP/1.1" 200 4946376
216.245.221.92 - - [01/Dec/2022:00:37:17 -0500] "HEAD / HTTP/1.1" 200 -
69.171.251.7 - - [01/Dec/2022:00:38:02 -0500] "GET /images/cr\xc3\xb3nica-29-nov-1_optimized.jpeg HTTP/1.1" 404 1034
172.22.2.4 - - [01/Dec/2022:00:37:34 -0500] "HEAD /BLA/boletinlegal/ HTTP/1.1" 200 -
201.245.192.253 - - [01/Dec/2022:00:39:58 -0500] "POST /kwsrmcab/Wsrmcab  HTTP/1.1" 200 42393
172.22.2.4 - - [01/Dec/2022:00:38:24 -0500] "GET /BLA/boletinlegal/ HTTP/1.1" 200 59779
201.245.192.253 - - [01/Dec/2022:00:41:10 -0500] "POST /kwsrmcab/Wsrmcab HTTP/1.1" 200 43995
201.245.192.253 - - [01/Dec/2022:00:41:13 -0500] "POST /kwsrmcab/Wsrmcab HTTP/1.1" 200 44102
216.245.221.92 - - [01/Dec/2022:00:42:17 -0500] "HEAD / HTTP/1.1" 200 -
201.245.192.253 - - [01/Dec/2022:00:44:57 -0500] "POST /kwsrmcab/Wsrmcab  HTTP/1.1" 200 42393
172.22.2.4 - - [01/Dec/2022:00:43:24 -0500] "HEAD /BLA/boletinlegal/ HTTP/1.1" 200 -
172.22.2.4 - - [01/Dec/2022:00:44:14 -0500] "GET /BLA/boletinlegal/ HTTP/1.1" 200 56825
114.119.138.2 - - [01/Dec/2022:00:46:04 -0500] "GET /BLA/resoluciones/RESOLUCIONES%202010/1784.pdf HTTP/1.1" 200 544404
40.77.167.58 - - [01/Dec/2022:00:46:31 -0500] "GET / HTTP/1.1" 200 319
216.245.221.92 - - [01/Dec/2022:00:47:17 -0500] "HEAD / HTTP/1.1" 200 -
179.33.76.254 - - [01/Dec/2022:00:48:13 -0500] "GET /que-no-se-acabe-el-ano-sin-esterilizar-a-su-animal-de-compania.html HTTP/1.1" 200 798
179.33.76.254 - - [01/Dec/2022:00:48:13 -0500] "GET /images/nota-idpyba-29-nov_optimized.jpeg HTTP/1.1" 200 92053
207.46.13.104 - - [01/Dec/2022:00:48:40 -0500] "GET /portaldeninos/wp-content/uploads/2020/11/C%C3%B3rdoba-B-50x28.jpg HTTP/1.1" 200 1336
173.252.107.11 - - [01/Dec/2022:00:49:38 -0500] "GET /incautadas-tarantulas-que-iban-a-ser-exportadas-ilegalmente-desde-bogota-hasta-mexico.html HTTP/1.1" 206 899
64.62.243.165 - - [01/Dec/2022:00:49:40 -0500] "GET / HTTP/1.1" 200 319
201.245.192.253 - - [01/Dec/2022:00:49:56 -0500] "POST /kwsrmcab/Wsrmcab  HTTP/1.1" 200 42393
69.171.251.5 - - [01/Dec/2022:00:50:16 -0500] "GET /images/cr\xc3\xb3nica-29-nov-1_optimized.jpeg HTTP/1.1" 404 1034
186.102.23.97 - - [01/Dec/2022:00:50:24 -0500] "GET /kwssiamovil/sm/acme/a?s=U2FsdGVkX1+IkCLnhPw0pNNLckwuYDx+1sPSEwAX1Pp1MF2+d13P20wY8g9FiFfSBRGA9Le5xMjflexO1CXuu6alNUp82hACA93XK15x+4m/TMNNpu5Wd7ZkYS+cnr4lPtlAYrDaehyHyHJLEFRJbzQcDqt+sgRck+xYClrR6C/ulyRT5W86RfM20f8zsTY84iHYsCzLhC1w1yU5Pl2uMNqtzDTGrTIe+WcdYEfQvUQp7fDneePv4/kFinguLE6BeoJnruzN1nAQjjcZNfsiVw==&u=U2FsdGVkX19ENzhL9jaOfRVOhJNUVDz1QzXDHM0P6SYmTyDZjuV9dWMVH9uB8nmY&y=U2FsdGVkX19BxBN47ewgqcDkXTWMFYTYRHxEeWSL5VCZjTT27QSwkYHUZ4EH19mM HTTP/1.1" 200 26
186.102.23.97 - - [01/Dec/2022:00:50:24 -0500] "GET /kwssiamovil/sm/acme/a?s=U2FsdGVkX18uZhgy77RiTOOmcET6eAxhjIugMUxlB233js+Ycty8bEppajQuO9nND6YDQpm/q0yoq5TVudFw+7nPpTZvR+xphUluO88LP/L306v/dRKd8nfkQNfj15Ke1JNka0XPGwwdvc+XL8zkUL9DnrP0A/aHOlDeWM50lDXnoBi2FWTzv6lxFoj5zyoM7G47UA7gBKbuNGXgPjui1UEGIm1ZbA8PSlyUULhBioDlypo2Z89JwcIfSx0YcqhUSz4DHRIEKudwEYb8kFY6fmQCgurv+/zeogx8i4u83MgrmtnD4kZSPZpSHfzSOSUmfbgjWSnd+qoEufJWKvPcS33p61wU6x9REVAdlo9TOIY4BZoJF8Lwuim10ZQGrdRQtX5AwGjG+rQPBhsBfKECztfWk5E+GOCH1ImAHiBPcACJxzIzMnO/GarMk3g1sNWs01f/c04v7fWSUEYEKWPb2l6tyu0CpYXJikKlbkfxlR9qX8HnjUtyZW25LLt31Gf1xthSOWaEJmfnO7aB3/hxe2F8hlSHqWIzM1rqW8ACcujHL/nJOi0HRwUOo4UR0gsuAuwJ+IE87gXSv5BHL9KjZKXqc/G0v73+izJ7zQBDQ51rPBeCYvKeMRFImfEiS7/tEI6EZHhBlz/5TkiiKbiIeEonuJH2WeQJKqSi5EdULo4vC5c4PpCYAo1dm2VNWhgX1rIjWYEv6qW4G4CdNEZOX+uqxVfMeBHLeOnjAmdtWFP/Lmp7telJtheMOb+PrnYC54giJEWZedl9Z8zxN9oXqlCW9cxto8oOZl/dcH3tHsZLGq4Upq47OWIWBg5vvzitoa1wpvMsLqR/N0RCuDyFe1pCXv5R858ab5B9EKZuMmUBG2zgVTEyNTuJD71ZskywN13o+oJ/GZhC4160E+h6riFAnU6EQbjUdwJ7HZQf3PklvilT0ssUeJ8YK5lyOzQ2j1lB4ILn3JY0gEAgx2QCu2N8YjCtnz8cUdrov8D+31TvpAZW5RPBptB+o7H66BIA/LWbWMcfmTQYn3g0gKzEe6TOwPOC+H6k0ZQKCcjorKWXIHxfru0D8Snx94YhDlhrwqXLPIexeW5McDW6E0e81A==&u=U2FsdGVkX19ENzhL9jaOfRVOhJNUVDz1QzXDHM0P6SYmTyDZjuV9dWMVH9uB8nmY&y=U2FsdGVkX19BxBN47ewgqcDkXTWMFYTYRHxEeWSL5VCZjTT27QSwkYHUZ4EH19mM HTTP/1.1" 200 26
186.102.23.97 - - [01/Dec/2022:00:50:24 -0500] "GET /kwssiamovil/sm/acme/a?s=U2FsdGVkX1+NN6+aJSpOEy4cHQK7sDiud0DlFLJY0GTMjp7c51XdjyQ95S85e+qiBvFVUtNJXDD22INT3zobslTXE7QITkCbFHRyU58FFrIFQnCf/i/dQUWaLPEuL4KHw688JVhK6vJK0/ZHq8kwGs5HFXPWNk1+5ZwjNQU0wEo=&u=U2FsdGVkX19ENzhL9jaOfRVOhJNUVDz1QzXDHM0P6SYmTyDZjuV9dWMVH9uB8nmY&y=U2FsdGVkX19BxBN47ewgqcDkXTWMFYTYRHxEeWSL5VCZjTT27QSwkYHUZ4EH19mM HTTP/1.1" 200 26
186.102.23.97 - - [01/Dec/2022:00:50:24 -0500] "GET /kwssiamovil/sm/acme/a?s=U2FsdGVkX18ZoSOhSSpmS7qghL4TFAOqL21t0eKLQUjdrH4VQFVFMlJl1pyTFhkzY1qfnoxwKxhnKJvzxnrzCiKM83hFSBAHXhmoG7FVUaNwsVYq2hajC8Bw5bk9fFlv5iRT+v/nENnyvmU6T82nCU52zN11lccJUMg1vk118Co=&u=U2FsdGVkX19ENzhL9jaOfRVOhJNUVDz1QzXDHM0P6SYmTyDZjuV9dWMVH9uB8nmY&y=U2FsdGVkX19BxBN47ewgqcDkXTWMFYTYRHxEeWSL5VCZjTT27QSwkYHUZ4EH19mM HTTP/1.1" 200 26
186.102.23.97 - - [01/Dec/2022:00:50:25 -0500] "GET /kwssiamovil/sm/acme/a?s=U2FsdGVkX19oDodoQppclVcN6TdIJ662XlcHIyXRIlCOSFAi9j2hYihknmX+OC98GoYUtbCr5d0yGoOOOc6pPaMe9EqYpsU0oYu/fC1AY7IEZ+gib39vhwlUjqqM1Z7i9o8PG6byPUUrGTLgGljz+QA6ergSt6Kn3Z2nyDUkXb4=&u=U2FsdGVkX19ENzhL9jaOfRVOhJNUVDz1QzXDHM0P6SYmTyDZjuV9dWMVH9uB8nmY&y=U2FsdGVkX19BxBN47ewgqcDkXTWMFYTYRHxEeWSL5VCZjTT27QSwkYHUZ4EH19mM HTTP/1.1" 200 26
186.102.23.97 - - [01/Dec/2022:00:50:25 -0500] "GET /kwssiamovil/sm/acme/a?s=U2FsdGVkX19PfVZYYb/eMSKLrl1zz+sK2h+qdS0KG8la6TzBu9WStqnRqVeiPmfQc9322FwFV8ldwgzfn5ay9RywFpK9DfbkzEPsbS+yy/XwKHzQQTLGq12Eez7HQ586c8X/VPszuiovZd3SPymiXFMmGtDwtvxMx4uEiUqKsmoDXiDh6PfnLbNyHpzmXzy/OZ0U6F5afqBIwZvKBTOTLw==&u=U2FsdGVkX19ENzhL9jaOfRVOhJNUVDz1QzXDHM0P6SYmTyDZjuV9dWMVH9uB8nmY&y=U2FsdGVkX19BxBN47ewgqcDkXTWMFYTYRHxEeWSL5VCZjTT27QSwkYHUZ4EH19mM HTTP/1.1" 200 26
172.22.2.4 - - [01/Dec/2022:00:49:13 -0500] "HEAD /BLA/boletinlegal/ HTTP/1.1" 200 -
172.22.2.4 - - [01/Dec/2022:00:50:04 -0500] "GET /BLA/boletinlegal/ HTTP/1.1" 200 57824
216.245.221.92 - - [01/Dec/2022:00:52:26 -0500] "HEAD / HTTP/1.1" 200 -
201.245.192.253 - - [01/Dec/2022:00:54:54 -0500] "POST /kwsrmcab/Wsrmcab  HTTP/1.1" 200 42393
185.119.81.106 - - [01/Dec/2022:00:56:18 -0500] "GET /portaldeninos/wp-login.php HTTP/1.1" 200 2592
185.119.81.106 - - [01/Dec/2022:00:56:19 -0500] "POST /portaldeninos/wp-login.php HTTP/1.1" 200 3605
173.252.95.18 - - [01/Dec/2022:00:56:43 -0500] "GET /images/cr\xc3\xb3nica-29-nov-1_optimized.jpeg HTTP/1.1" 404 1034
172.22.2.4 - - [01/Dec/2022:00:55:04 -0500] "HEAD /BLA/boletinlegal/ HTTP/1.1" 200 -
216.245.221.92 - - [01/Dec/2022:00:57:17 -0500] "HEAD / HTTP/1.1" 200 -
172.22.2.4 - - [01/Dec/2022:00:55:54 -0500] "GET /BLA/boletinlegal/ HTTP/1.1" 200 57824
207.46.13.120 - - [01/Dec/2022:00:57:36 -0500] "GET /si-tienes-ropa-y-calzado-que-ya-no-usas-aca-te-presentamos-seis-puntos-a-donde-los-puedes-llevar.html HTTP/1.1" 200 872
40.77.167.58 - - [01/Dec/2022:00:59:12 -0500] "GET /BLA/resoluciones/index.php?dir=RESOLUCIONES+2017%2F HTTP/1.1" 200 284956
207.46.13.174 - - [01/Dec/2022:00:59:36 -0500] "GET /BLA/resoluciones/index.php?dir=RESOLUCIONES+2019%2F HTTP/1.1" 200 248983
201.245.192.253 - - [01/Dec/2022:00:59:54 -0500] "POST /kwsrmcab/Wsrmcab  HTTP/1.1" 200 42393
216.245.221.92 - - [01/Dec/2022:01:02:17 -0500] "HEAD / HTTP/1.1" 200 -
172.22.2.4 - - [01/Dec/2022:01:00:53 -0500] "HEAD /BLA/boletinlegal/ HTTP/1.1" 200 -
207.46.13.194 - - [01/Dec/2022:01:02:41 -0500] "GET /BLA/resoluciones/00000341.tif HTTP/1.1" 404 1018
172.22.2.4 - - [01/Dec/2022:01:01:44 -0500] "GET /BLA/boletinlegal/ HTTP/1.1" 200 56474
185.213.154.213 - - [01/Dec/2022:01:04:00 -0500] "GET / HTTP/1.1" 200 319
185.119.81.102 - - [01/Dec/2022:01:04:20 -0500] "GET /portaldeninos/wp-login.php HTTP/1.1" 200 2592
185.119.81.102 - - [01/Dec/2022:01:04:21 -0500] "POST /portaldeninos/wp-login.php HTTP/1.1" 200 3650
201.245.192.253 - - [01/Dec/2022:01:04:53 -0500] "POST /kwsrmcab/Wsrmcab  HTTP/1.1" 200 42393
216.245.221.92 - - [01/Dec/2022:01:07:18 -0500] "HEAD / HTTP/1.1" 200 -
185.119.81.106 - - [01/Dec/2022:01:08:08 -0500] "GET /portaldeninos/wp-login.php HTTP/1.1" 502 1191
172.22.2.4 - - [01/Dec/2022:01:06:43 -0500] "HEAD /BLA/boletinlegal/ HTTP/1.1" 200 -
172.22.2.4 - - [01/Dec/2022:01:07:34 -0500] "GET /BLA/boletinlegal/ HTTP/1.1" 200 57192
201.245.192.253 - - [01/Dec/2022:01:09:51 -0500] "POST /kwsrmcab/Wsrmcab  HTTP/1.1" 200 42393
114.119.150.16 - - [01/Dec/2022:01:10:59 -0500] "GET /BLA/resoluciones/RESOLUCIONES%202011/0422.pdf HTTP/1.1" 200 756397
66.249.64.73 - - [01/Dec/2022:01:11:06 -0500] "GET /portaldeninos/ HTTP/1.1" 200 110197
173.252.127.20 - - [01/Dec/2022:01:12:13 -0500] "GET /images/jornadas-llantas-usadas-23-mayo.jpg HTTP/1.1" 200 148376
216.245.221.92 - - [01/Dec/2022:01:12:17 -0500] "HEAD / HTTP/1.1" 200 -
152.61.128.50 - - [01/Dec/2022:01:13:39 -0500] "GET / HTTP/1.1" 200 319
172.22.2.4 - - [01/Dec/2022:01:12:34 -0500] "HEAD /BLA/boletinlegal/ HTTP/1.1" 200 -
152.61.192.232 - - [01/Dec/2022:01:14:17 -0500] "GET / HTTP/1.1" 200 319
201.245.192.253 - - [01/Dec/2022:01:14:51 -0500] "POST /kwsrmcab/Wsrmcab  HTTP/1.1" 502 1155
172.22.2.4 - - [01/Dec/2022:01:13:24 -0500] "GET /BLA/boletinlegal/ HTTP/1.1" 200 56474
66.249.66.87 - - [01/Dec/2022:01:15:35 -0500] "GET /BLA/boletinlegal/js/jquery.scrollShow.js HTTP/1.1" 200 4586
66.249.66.86 - - [01/Dec/2022:01:15:37 -0500] "GET /galeria/galeria/jquery.fancybox.js?v=2.1.5 HTTP/1.1" 200 48706
66.249.66.85 - - [01/Dec/2022:01:15:38 -0500] "GET /galeria/galeria/jquery.fancybox.css?v=2.1.5 HTTP/1.1" 200 4895
201.245.192.253 - - [01/Dec/2022:01:15:50 -0500] "POST /kwsrmcab/Wsrmcab  HTTP/1.1" 200 42393
201.245.192.253 - - [01/Dec/2022:01:16:50 -0500] "POST /kwsrmcab/Wsrmcab  HTTP/1.1" 200 42393
216.245.221.92 - - [01/Dec/2022:01:17:17 -0500] "HEAD / HTTP/1.1" 200 -
23.100.232.233 - - [01/Dec/2022:01:17:18 -0500] "GET /BLA/boletinlegal/js/jquery.scrollShow.js HTTP/1.1" 200 4586
23.100.232.233 - - [01/Dec/2022:01:17:18 -0500] "GET /galeria/galeria/jquery.fancybox.js?v=2.1.5 HTTP/1.1" 200 48706
23.100.232.233 - - [01/Dec/2022:01:17:18 -0500] "GET /galeria/galeria/jquery.fancybox.css?v=2.1.5 HTTP/1.1" 200 4895
64.62.197.105 - - [01/Dec/2022:01:19:23 -0500] "GET /favicon.ico HTTP/1.1" 200 7782
172.22.2.4 - - [01/Dec/2022:01:18:23 -0500] "HEAD /BLA/boletinlegal/ HTTP/1.1" 200 -
172.22.2.4 - - [01/Dec/2022:01:19:14 -0500] "GET /BLA/boletinlegal/ HTTP/1.1" 200 57192
201.245.192.253 - - [01/Dec/2022:01:21:10 -0500] "POST /kwsrmcab/Wsrmcab HTTP/1.1" 200 43826
201.245.192.253 - - [01/Dec/2022:01:21:12 -0500] "POST /kwsrmcab/Wsrmcab HTTP/1.1" 200 43785
201.245.192.253 - - [01/Dec/2022:01:21:51 -0500] "POST /kwsrmcab/Wsrmcab  HTTP/1.1" 200 42393
216.245.221.92 - - [01/Dec/2022:01:22:18 -0500] "HEAD / HTTP/1.1" 200 -
92.118.39.78 - - [01/Dec/2022:01:23:03 -0500] "GET / HTTP/1.1" 200 319
172.22.2.4 - - [01/Dec/2022:01:24:13 -0500] "HEAD /BLA/boletinlegal/ HTTP/1.1" 200 -
172.22.2.4 - - [01/Dec/2022:01:25:04 -0500] "GET /BLA/boletinlegal/ HTTP/1.1" 200 57192
201.245.192.253 - - [01/Dec/2022:01:26:59 -0500] "POST /kwsrmcab/Wsrmcab  HTTP/1.1" 200 21429
216.245.221.92 - - [01/Dec/2022:01:27:17 -0500] "HEAD / HTTP/1.1" 200 -
201.245.192.253 - - [01/Dec/2022:01:27:59 -0500] "POST /kwsrmcab/Wsrmcab  HTTP/1.1" 200 42393
40.77.167.58 - - [01/Dec/2022:01:28:56 -0500] "GET /BLA/resoluciones/index.php?dir=RESOLUCIONES+2017%2F HTTP/1.1" 200 284956
201.245.192.253 - - [01/Dec/2022:01:29:00 -0500] "POST /kwsrmcab/Wsrmcab  HTTP/1.1" 200 42393
207.46.13.174 - - [01/Dec/2022:01:29:30 -0500] "GET /BLA/resoluciones/index.php?dir=RESOLUCIONES+2019%2F HTTP/1.1" 200 248983
201.245.192.253 - - [01/Dec/2022:01:31:10 -0500] "POST /kwsrmcab/Wsrmcab HTTP/1.1" 200 43826
201.245.192.253 - - [01/Dec/2022:01:31:13 -0500] "POST /kwsrmcab/Wsrmcab HTTP/1.1" 200 43785
172.22.2.4 - - [01/Dec/2022:01:30:03 -0500] "HEAD /BLA/boletinlegal/ HTTP/1.1" 200 -
172.22.2.4 - - [01/Dec/2022:01:31:50 -0500] "POST /BLA/boletinlegal/_profiler/phpinfo HTTP/1.1" 404 1018
216.245.221.92 - - [01/Dec/2022:01:32:17 -0500] "HEAD / HTTP/1.1" 200 -
172.22.2.4 - - [01/Dec/2022:01:30:55 -0500] "GET /BLA/boletinlegal/ HTTP/1.1" 200 59404
201.245.192.253 - - [01/Dec/2022:01:33:59 -0500] "POST /kwsrmcab/Wsrmcab  HTTP/1.1" 200 42393
114.119.133.78 - - [01/Dec/2022:01:35:37 -0500] "GET /BLA/resoluciones/RESOLUCIONES%202010/3496.pdf HTTP/1.1" 200 512765
114.119.148.160 - - [01/Dec/2022:01:36:37 -0500] "GET /BLA/resoluciones/RESOLUCIONES%202010/1092.pdf HTTP/1.1" 200 107030
216.245.221.92 - - [01/Dec/2022:01:37:17 -0500] "HEAD / HTTP/1.1" 200 -
172.22.2.4 - - [01/Dec/2022:01:35:53 -0500] "HEAD /BLA/boletinlegal/ HTTP/1.1" 200 -
207.46.13.174 - - [01/Dec/2022:01:37:59 -0500] "GET /BLA/resoluciones/00000327.tif HTTP/1.1" 404 1018
172.22.2.4 - - [01/Dec/2022:01:36:44 -0500] "GET /BLA/boletinlegal/ HTTP/1.1" 200 59404
45.33.80.237 - - [01/Dec/2022:01:38:47 -0500] "GET /galeria/galeria/jquery.fancybox.css?v=2.1.5 HTTP/1.1" 200 4895
45.33.80.237 - - [01/Dec/2022:01:38:47 -0500] "GET /galeria/galeria/jquery.fancybox.js?v=2.1.5 HTTP/1.1" 200 48706
45.33.80.237 - - [01/Dec/2022:01:38:47 -0500] "GET /BLA/boletinlegal/js/jquery.scrollShow.js HTTP/1.1" 200 4586
201.245.192.253 - - [01/Dec/2022:01:38:57 -0500] "POST /kwsrmcab/Wsrmcab  HTTP/1.1" 200 42393
172.22.2.4 - - [01/Dec/2022:01:40:08 -0500] "GET /BLA/boletinlegal/system_api.php HTTP/1.1" 404 1018
172.22.2.4 - - [01/Dec/2022:01:40:10 -0500] "GET /BLA/boletinlegal/c/version.js HTTP/1.1" 404 1018
172.22.2.4 - - [01/Dec/2022:01:40:12 -0500] "GET /BLA/boletinlegal/streaming/clients_live.php HTTP/1.1" 404 1018
172.22.2.4 - - [01/Dec/2022:01:40:13 -0500] "GET /BLA/boletinlegal/stalker_portal/c/version.js HTTP/1.1" 404 1018
172.22.2.4 - - [01/Dec/2022:01:40:15 -0500] "GET /BLA/boletinlegal/stream/live.php HTTP/1.1" 404 1018
172.22.2.4 - - [01/Dec/2022:01:40:17 -0500] "GET /BLA/boletinlegal/flu/403.html HTTP/1.1" 404 1018
172.22.2.4 - - [01/Dec/2022:01:40:20 -0500] "GET /BLA/boletinlegal/ HTTP/1.1" 200 24523
201.245.192.253 - - [01/Dec/2022:01:41:09 -0500] "POST /kwsrmcab/Wsrmcab HTTP/1.1" 200 43826
201.245.192.253 - - [01/Dec/2022:01:41:12 -0500] "POST /kwsrmcab/Wsrmcab HTTP/1.1" 200 43785
216.245.221.92 - - [01/Dec/2022:01:42:20 -0500] "HEAD / HTTP/1.1" 200 -
40.77.167.13 - - [01/Dec/2022:01:42:28 -0500] "GET / HTTP/1.1" 200 4720
172.22.2.4 - - [01/Dec/2022:01:41:43 -0500] "HEAD /BLA/boletinlegal/ HTTP/1.1" 200 -
201.245.192.253 - - [01/Dec/2022:01:43:55 -0500] "POST /kwsrmcab/Wsrmcab  HTTP/1.1" 200 42393
172.22.2.4 - - [01/Dec/2022:01:42:34 -0500] "GET /BLA/boletinlegal/ HTTP/1.1" 200 52942
216.245.221.92 - - [01/Dec/2022:01:47:17 -0500] "HEAD / HTTP/1.1" 200 -
172.22.2.4 - - [01/Dec/2022:01:48:27 -0500] "GET /BLA/boletinlegal/Directivas/2011/Directiva%20No.%201%20del%205%20de%20Abril%20de%202011.pdf HTTP/1.1" 304 -
201.245.192.253 - - [01/Dec/2022:01:48:54 -0500] "POST /kwsrmcab/Wsrmcab  HTTP/1.1" 502 1155
172.22.2.4 - - [01/Dec/2022:01:47:33 -0500] "HEAD /BLA/boletinlegal/ HTTP/1.1" 200 -
201.245.192.253 - - [01/Dec/2022:01:49:53 -0500] "POST /kwsrmcab/Wsrmcab  HTTP/1.1" 200 42393
172.22.2.4 - - [01/Dec/2022:01:48:25 -0500] "GET /BLA/boletinlegal/ HTTP/1.1" 200 57824
201.245.192.253 - - [01/Dec/2022:01:50:54 -0500] "POST /kwsrmcab/Wsrmcab  HTTP/1.1" 200 42393
216.245.221.92 - - [01/Dec/2022:01:52:17 -0500] "HEAD / HTTP/1.1" 200 -
66.249.66.85 - - [01/Dec/2022:01:53:11 -0500] "GET /Publicaciones/2022EE307056.pdf HTTP/1.1" 200 329038
181.63.0.92 - - [01/Dec/2022:01:53:35 -0500] "GET /cinco-humedales-cerrados-por-fuertes-lluvias.html HTTP/1.1" 200 785
172.22.2.4 - - [01/Dec/2022:01:53:23 -0500] "HEAD /BLA/boletinlegal/ HTTP/1.1" 200 -
172.22.2.4 - - [01/Dec/2022:01:54:14 -0500] "GET /BLA/boletinlegal/ HTTP/1.1" 200 56825
201.245.192.253 - - [01/Dec/2022:01:55:59 -0500] "POST /kwsrmcab/Wsrmcab  HTTP/1.1" 200 42393
207.46.13.194 - - [01/Dec/2022:01:56:27 -0500] "GET /BLA/resoluciones/RESOLUCIONES%202001/2001%20750-799.TIF HTTP/1.1" 200 8805346
216.245.221.92 - - [01/Dec/2022:01:57:17 -0500] "HEAD / HTTP/1.1" 200 -
152.61.192.232 - - [01/Dec/2022:01:58:55 -0500] "GET /arcgis/services/Calidad_del_Agua_WQI/MapServer/WMSServer?request=GetCapabilities&service=WMS HTTP/1.1" 503 1020
152.61.192.232 - - [01/Dec/2022:01:58:56 -0500] "GET /arcgis/services/Calidad_del_Agua_WQI/MapServer/WMSServer?SERVICE=WMS&REQUEST=GetCapabilities HTTP/1.1" 503 1020
152.61.192.232 - - [01/Dec/2022:01:58:56 -0500] "GET /arcgis/services/Calidad_del_Agua_WQI/MapServer/WMSServer?WMTVER=1.0.0&REQUEST=capabilities HTTP/1.1" 503 1020
152.61.128.50 - - [01/Dec/2022:01:59:16 -0500] "GET /arcgis/services/Calidad_del_Agua_WQI/MapServer/WMSServer?request=GetCapabilities&service=WMS HTTP/1.1" 503 1020
152.61.128.50 - - [01/Dec/2022:01:59:16 -0500] "GET /arcgis/services/Calidad_del_Agua_WQI/MapServer/WMSServer?SERVICE=WMS&REQUEST=GetCapabilities HTTP/1.1" 503 1020
152.61.128.50 - - [01/Dec/2022:01:59:16 -0500] "GET /arcgis/services/Calidad_del_Agua_WQI/MapServer/WMSServer?WMTVER=1.0.0&REQUEST=capabilities HTTP/1.1" 503 1020
40.77.167.58 - - [01/Dec/2022:01:59:19 -0500] "GET /BLA/resoluciones/index.php?dir=RESOLUCIONES+2017%2F HTTP/1.1" 200 284956
207.46.13.174 - - [01/Dec/2022:02:00:02 -0500] "GET /BLA/resoluciones/index.php?dir=RESOLUCIONES+2019%2F HTTP/1.1" 200 248983
172.22.2.4 - - [01/Dec/2022:01:59:13 -0500] "HEAD /BLA/boletinlegal/ HTTP/1.1" 200 -
201.245.192.253 - - [01/Dec/2022:02:00:52 -0500] "POST /kwsrmcab/Wsrmcab  HTTP/1.1" 200 42393
172.22.2.4 - - [01/Dec/2022:02:00:04 -0500] "GET /BLA/boletinlegal/ HTTP/1.1" 200 57824
216.245.221.92 - - [01/Dec/2022:02:02:17 -0500] "HEAD / HTTP/1.1" 200 -
34.198.75.166 - - [01/Dec/2022:02:02:27 -0500] "GET /portaldeninos/wp-content/uploads/2021/06/titulo-videos-ni%C3%B1os.png HTTP/1.1" 200 10502
85.31.44.156 - - [01/Dec/2022:02:02:37 -0500] "GET / HTTP/1.1" 200 319
157.55.39.105 - - [01/Dec/2022:02:02:45 -0500] "GET /portaldeninos/parque-ecologico-distrital-humedal-santa-maria-del-lago/ HTTP/1.1" 200 90199
85.31.44.156 - - [01/Dec/2022:02:02:49 -0500] "POST /GponForm/diag_Form?images/ HTTP/1.1" 404 1018
172.22.2.4 - - [01/Dec/2022:02:05:11 -0500] "GET /BLA/boletinlegal/owa/auth/logon.aspx?url=https%3a%2f%2f1%2fecp%2f HTTP/1.1" 404 1018
201.245.192.253 - - [01/Dec/2022:02:05:52 -0500] "POST /kwsrmcab/Wsrmcab  HTTP/1.1" 502 1155
172.22.2.4 - - [01/Dec/2022:02:05:03 -0500] "HEAD /BLA/boletinlegal/ HTTP/1.1" 200 -
185.119.81.102 - - [01/Dec/2022:02:06:47 -0500] "GET /portaldeninos/wp-login.php HTTP/1.1" 200 2592
185.119.81.102 - - [01/Dec/2022:02:06:48 -0500] "POST /portaldeninos/wp-login.php HTTP/1.1" 200 3605
172.22.2.4 - - [01/Dec/2022:02:06:50 -0500] "GET /BLA/boletinlegal/actos.php HTTP/1.1" 200 9566
201.245.192.253 - - [01/Dec/2022:02:06:52 -0500] "POST /kwsrmcab/Wsrmcab  HTTP/1.1" 200 42393
216.245.221.92 - - [01/Dec/2022:02:07:17 -0500] "HEAD / HTTP/1.1" 200 -
172.22.2.4 - - [01/Dec/2022:02:05:54 -0500] "GET /BLA/boletinlegal/ HTTP/1.1" 200 59779
201.245.192.253 - - [01/Dec/2022:02:07:52 -0500] "POST /kwsrmcab/Wsrmcab  HTTP/1.1" 200 42393
207.46.13.120 - - [01/Dec/2022:02:11:54 -0500] "GET /monica-fonnegra-una-disenadora-que-inspira-amor-por-la-naturaleza-a-traves-de-la-moda.html HTTP/1.1" 200 976
216.245.221.92 - - [01/Dec/2022:02:12:17 -0500] "HEAD / HTTP/1.1" 200 -
172.22.2.4 - - [01/Dec/2022:02:10:53 -0500] "HEAD /BLA/boletinlegal/ HTTP/1.1" 200 -
173.252.87.7 - - [01/Dec/2022:02:12:41 -0500] "GET /images/cr\xc3\xb3nica-29-nov-1_optimized.jpeg HTTP/1.1" 404 1034
201.245.192.253 - - [01/Dec/2022:02:12:51 -0500] "POST /kwsrmcab/Wsrmcab  HTTP/1.1" 200 42393
172.22.2.4 - - [01/Dec/2022:02:11:44 -0500] "GET /BLA/boletinlegal/ HTTP/1.1" 200 57824
40.77.167.13 - - [01/Dec/2022:02:17:01 -0500] "GET /BLA/resoluciones/AUTOS%202021/5798.pdf HTTP/1.1" 304 -
216.245.221.92 - - [01/Dec/2022:02:17:17 -0500] "HEAD / HTTP/1.1" 200 -
201.245.192.253 - - [01/Dec/2022:02:17:50 -0500] "POST /kwsrmcab/Wsrmcab  HTTP/1.1" 200 42393
172.22.2.4 - - [01/Dec/2022:02:16:43 -0500] "HEAD /BLA/boletinlegal/ HTTP/1.1" 200 -
172.22.2.4 - - [01/Dec/2022:02:17:34 -0500] "GET /BLA/boletinlegal/ HTTP/1.1" 200 59404
201.245.192.253 - - [01/Dec/2022:02:21:10 -0500] "POST /kwsrmcab/Wsrmcab HTTP/1.1" 200 43990
201.245.192.253 - - [01/Dec/2022:02:21:12 -0500] "POST /kwsrmcab/Wsrmcab HTTP/1.1" 200 43948
216.245.221.92 - - [01/Dec/2022:02:22:17 -0500] "HEAD / HTTP/1.1" 200 -
114.119.141.178 - - [01/Dec/2022:02:22:42 -0500] "GET /BLA/resoluciones/RESOLUCIONES%202010/3713.pdf HTTP/1.1" 200 605588
201.245.192.253 - - [01/Dec/2022:02:22:48 -0500] "POST /kwsrmcab/Wsrmcab  HTTP/1.1" 200 42393
172.22.2.4 - - [01/Dec/2022:02:22:33 -0500] "HEAD /BLA/boletinlegal/ HTTP/1.1" 200 -
172.22.2.4 - - [01/Dec/2022:02:23:24 -0500] "GET /BLA/boletinlegal/ HTTP/1.1" 200 53337
173.252.79.24 - - [01/Dec/2022:02:26:32 -0500] "GET /images/cr\xc3\xb3nica-29-nov-1_optimized.jpeg HTTP/1.1" 404 1034
216.245.221.92 - - [01/Dec/2022:02:27:17 -0500] "HEAD / HTTP/1.1" 200 -
201.245.192.253 - - [01/Dec/2022:02:27:48 -0500] "POST /kwsrmcab/Wsrmcab  HTTP/1.1" 200 42393
185.119.81.102 - - [01/Dec/2022:02:28:32 -0500] "GET /portaldeninos/wp-login.php HTTP/1.1" 200 2592
185.119.81.102 - - [01/Dec/2022:02:28:33 -0500] "POST /portaldeninos/wp-login.php HTTP/1.1" 200 3670
207.46.13.174 - - [01/Dec/2022:02:28:45 -0500] "GET /BLA/resoluciones/index.php?dir=RESOLUCIONES+2019%2F HTTP/1.1" 200 248983
172.22.2.4 - - [01/Dec/2022:02:28:23 -0500] "HEAD /BLA/boletinlegal/ HTTP/1.1" 200 -
40.77.167.58 - - [01/Dec/2022:02:30:11 -0500] "GET /BLA/resoluciones/index.php?dir=RESOLUCIONES+2017%2F HTTP/1.1" 200 284956
172.22.2.4 - - [01/Dec/2022:02:30:24 -0500] "GET /BLA/boletinlegal/ab2g HTTP/1.1" 404 1018
172.22.2.4 - - [01/Dec/2022:02:30:25 -0500] "GET /BLA/boletinlegal/ab2h HTTP/1.1" 404 1018
172.22.2.4 - - [01/Dec/2022:02:29:13 -0500] "GET /BLA/boletinlegal/ HTTP/1.1" 200 52942
172.22.2.4 - - [01/Dec/2022:02:30:29 -0500] "GET /BLA/boletinlegal/ HTTP/1.1" 200 32715
201.245.192.253 - - [01/Dec/2022:02:31:13 -0500] "POST /kwsrmcab/Wsrmcab HTTP/1.1" 200 43990
201.245.192.253 - - [01/Dec/2022:02:31:15 -0500] "POST /kwsrmcab/Wsrmcab HTTP/1.1" 200 43948
34.198.75.166 - - [01/Dec/2022:02:31:53 -0500] "GET /galeria/galeria/fotos/diaSC3Peq.jpg HTTP/1.1" 200 24913
172.22.2.4 - - [01/Dec/2022:02:31:58 -0500] "GET /BLA/boletinlegal/robots.txt HTTP/1.1" 404 1038
216.245.221.92 - - [01/Dec/2022:02:32:17 -0500] "HEAD / HTTP/1.1" 200 -
201.245.192.253 - - [01/Dec/2022:02:32:48 -0500] "POST /kwsrmcab/Wsrmcab  HTTP/1.1" 200 42393
172.22.2.4 - - [01/Dec/2022:02:33:25 -0500] "GET /BLA/boletinlegal/Circulares/2022/CIRCULAR%20No.%2000007%20DEL%2025%20DE%20JULIO%20DEL%202022.pdf HTTP/1.1" 304 -
172.22.2.4 - - [01/Dec/2022:02:31:59 -0500] "GET /BLA/boletinlegal/index.php HTTP/1.1" 200 62840
172.22.2.4 - - [01/Dec/2022:02:34:13 -0500] "HEAD /BLA/boletinlegal/ HTTP/1.1" 200 -
172.22.2.4 - - [01/Dec/2022:02:35:32 -0500] "GET /BLA/boletinlegal/ HTTP/1.1" 200 24523
66.249.66.87 - - [01/Dec/2022:02:36:34 -0500] "GET /BLA/boletinlegal/js/jquery.scrollShow.js HTTP/1.1" 200 4586
66.249.66.85 - - [01/Dec/2022:02:36:35 -0500] "GET /galeria/galeria/jquery.fancybox.js?v=2.1.5 HTTP/1.1" 200 48706
66.249.66.86 - - [01/Dec/2022:02:36:35 -0500] "GET /galeria/galeria/jquery.fancybox.css?v=2.1.5 HTTP/1.1" 200 4895
172.22.2.4 - - [01/Dec/2022:02:35:04 -0500] "GET /BLA/boletinlegal/ HTTP/1.1" 200 52942
172.22.2.4 - - [01/Dec/2022:02:37:05 -0500] "GET /BLA/boletinlegal/jurisprudencia.php' HTTP/1.1" 404 1038
216.245.221.92 - - [01/Dec/2022:02:37:17 -0500] "HEAD / HTTP/1.1" 200 -
201.245.192.253 - - [01/Dec/2022:02:37:47 -0500] "POST /kwsrmcab/Wsrmcab  HTTP/1.1" 200 42393
199.16.157.183 - - [01/Dec/2022:02:39:13 -0500] "GET /images/feria-17-de-septiembre_optimized.jpg HTTP/1.1" 200 40532
199.16.157.183 - - [01/Dec/2022:02:39:16 -0500] "GET /robots.txt HTTP/1.1" 404 1034
201.245.192.253 - - [01/Dec/2022:02:41:09 -0500] "POST /kwsrmcab/Wsrmcab HTTP/1.1" 200 43990
201.245.192.253 - - [01/Dec/2022:02:41:12 -0500] "POST /kwsrmcab/Wsrmcab HTTP/1.1" 200 43948
172.22.2.4 - - [01/Dec/2022:02:40:03 -0500] "HEAD /BLA/boletinlegal/ HTTP/1.1" 200 -
185.119.81.102 - - [01/Dec/2022:02:41:46 -0500] "GET /portaldeninos/wp-login.php HTTP/1.1" 200 2592
185.119.81.102 - - [01/Dec/2022:02:41:48 -0500] "POST /portaldeninos/wp-login.php HTTP/1.1" 200 3605
216.245.221.92 - - [01/Dec/2022:02:42:17 -0500] "HEAD / HTTP/1.1" 200 -
172.22.2.4 - - [01/Dec/2022:02:40:54 -0500] "GET /BLA/boletinlegal/ HTTP/1.1" 200 57192
201.245.192.253 - - [01/Dec/2022:02:42:46 -0500] "POST /kwsrmcab/Wsrmcab  HTTP/1.1" 200 42393
179.32.0.91 - - [01/Dec/2022:02:43:53 -0500] "GET /BLA/resoluciones/RESOLUCIONES%202018/2418.pdf HTTP/1.1" 200 249141
141.255.166.2 - - [01/Dec/2022:02:44:32 -0500] "GET / HTTP/1.1" 200 319
172.22.2.4 - - [01/Dec/2022:02:46:13 -0500] "GET /BLA/boletinlegal/conceptos.php HTTP/1.1" 200 7450
172.22.2.4 - - [01/Dec/2022:02:47:01 -0500] "GET /BLA/boletinlegal/js/ajax_conceptos.js HTTP/1.1" 200 1326
172.22.2.4 - - [01/Dec/2022:02:47:01 -0500] "GET /BLA/boletinlegal/style.css HTTP/1.1" 200 9406
172.22.2.4 - - [01/Dec/2022:02:47:02 -0500] "GET /BLA/boletinlegal/styles2.css HTTP/1.1" 200 1838
216.245.221.92 - - [01/Dec/2022:02:47:17 -0500] "HEAD / HTTP/1.1" 200 -
172.22.2.4 - - [01/Dec/2022:02:47:26 -0500] "GET /BLA/boletinlegal/niceforms-default.css HTTP/1.1" 200 6694
172.22.2.4 - - [01/Dec/2022:02:47:26 -0500] "GET /BLA/boletinlegal/niceforms.js HTTP/1.1" 200 22876
172.22.2.4 - - [01/Dec/2022:02:45:53 -0500] "HEAD /BLA/boletinlegal/ HTTP/1.1" 200 -
201.245.192.253 - - [01/Dec/2022:02:47:53 -0500] "POST /kwsrmcab/Wsrmcab  HTTP/1.1" 200 40405
172.22.2.4 - - [01/Dec/2022:02:46:44 -0500] "GET /BLA/boletinlegal/ HTTP/1.1" 200 59404
201.245.192.253 - - [01/Dec/2022:02:48:52 -0500] "POST /kwsrmcab/Wsrmcab  HTTP/1.1" 200 42393
157.55.39.39 - - [01/Dec/2022:02:49:41 -0500] "GET /BLA/resoluciones/AUTOS%202019/0230.pdf HTTP/1.1" 304 -
201.245.192.253 - - [01/Dec/2022:02:49:53 -0500] "POST /kwsrmcab/Wsrmcab  HTTP/1.1" 200 42393
216.245.221.92 - - [01/Dec/2022:02:52:17 -0500] "HEAD / HTTP/1.1" 200 -
40.77.167.13 - - [01/Dec/2022:02:52:33 -0500] "GET /Publicaciones/2022EE245687.pdf HTTP/1.1" 404 228
172.22.2.4 - - [01/Dec/2022:02:51:43 -0500] "HEAD /BLA/boletinlegal/ HTTP/1.1" 200 -
143.198.174.14 - - [01/Dec/2022:02:53:47 -0500] "HEAD / HTTP/1.0" 200 -
143.198.174.14 - - [01/Dec/2022:02:53:49 -0500] "GET /system_api.php HTTP/1.1" 404 1018
143.198.174.14 - - [01/Dec/2022:02:53:51 -0500] "GET /c/version.js HTTP/1.1" 404 1018
143.198.174.14 - - [01/Dec/2022:02:53:52 -0500] "GET /streaming/clients_live.php HTTP/1.1" 404 1018
143.198.174.14 - - [01/Dec/2022:02:53:54 -0500] "GET /stalker_portal/c/version.js HTTP/1.1" 404 1018
143.198.174.14 - - [01/Dec/2022:02:53:56 -0500] "GET /stream/live.php HTTP/1.1" 404 1018
143.198.174.14 - - [01/Dec/2022:02:53:57 -0500] "GET /flu/403.html HTTP/1.1" 404 1018
143.198.174.14 - - [01/Dec/2022:02:53:59 -0500] "GET / HTTP/1.1" 200 319
172.22.2.4 - - [01/Dec/2022:02:52:33 -0500] "GET /BLA/boletinlegal/ HTTP/1.1" 200 58185
201.245.192.253 - - [01/Dec/2022:02:54:52 -0500] "POST /kwsrmcab/Wsrmcab  HTTP/1.1" 200 42393
216.245.221.92 - - [01/Dec/2022:02:57:17 -0500] "HEAD / HTTP/1.1" 200 -
114.119.155.126 - - [01/Dec/2022:02:57:28 -0500] "GET /BLA/resoluciones/RESOLUCIONES%202010/7511.pdf HTTP/1.1" 200 78354
172.22.2.4 - - [01/Dec/2022:02:57:33 -0500] "HEAD /BLA/boletinlegal/ HTTP/1.1" 200 -
173.252.83.15 - - [01/Dec/2022:02:59:37 -0500] "GET /images/cr\xc3\xb3nica-29-nov-1_optimized.jpeg HTTP/1.1" 404 1034
201.245.192.253 - - [01/Dec/2022:02:59:50 -0500] "POST /kwsrmcab/Wsrmcab  HTTP/1.1" 200 42393
172.22.2.4 - - [01/Dec/2022:02:58:24 -0500] "GET /BLA/boletinlegal/ HTTP/1.1" 200 59404
40.77.167.58 - - [01/Dec/2022:03:00:24 -0500] "GET /BLA/resoluciones/index.php?dir=RESOLUCIONES+2017%2F HTTP/1.1" 200 284956
185.119.81.106 - - [01/Dec/2022:03:00:27 -0500] "GET /portaldeninos/wp-login.php HTTP/1.1" 200 2592
185.119.81.106 - - [01/Dec/2022:03:00:28 -0500] "POST /portaldeninos/wp-login.php HTTP/1.1" 200 3605
207.46.13.174 - - [01/Dec/2022:03:00:38 -0500] "GET /BLA/resoluciones/index.php?dir=RESOLUCIONES+2019%2F HTTP/1.1" 200 248983
64.124.8.36 - - [01/Dec/2022:03:01:22 -0500] "GET /BLA/boletinlegal/norma_menu.php HTTP/1.1" 200 6318
185.119.81.106 - - [01/Dec/2022:03:01:47 -0500] "GET /portaldeninos/wp-login.php HTTP/1.1" 200 2592
185.119.81.106 - - [01/Dec/2022:03:01:48 -0500] "POST /portaldeninos/wp-login.php HTTP/1.1" 200 3605
114.119.153.84 - - [01/Dec/2022:03:01:52 -0500] "GET /BLA/resoluciones/RESOLUCIONES%202010/2710.pdf HTTP/1.1" 200 393627
66.249.66.87 - - [01/Dec/2022:03:02:19 -0500] "GET /galeria/nivo-slider/demo/escuadron.mp4 HTTP/1.1" 304 -
216.245.221.92 - - [01/Dec/2022:03:02:20 -0500] "HEAD / HTTP/1.1" 200 -
114.119.131.253 - - [01/Dec/2022:03:02:37 -0500] "GET /BLA/resoluciones/RESOLUCIONES%202010/2688.pdf HTTP/1.1" 200 383078
207.46.13.194 - - [01/Dec/2022:03:03:43 -0500] "GET /bla/resoluciones/dlf/doc.gif HTTP/1.1" 200 1079
201.245.192.253 - - [01/Dec/2022:03:04:50 -0500] "POST /kwsrmcab/Wsrmcab  HTTP/1.1" 200 42393
172.22.2.4 - - [01/Dec/2022:03:03:23 -0500] "HEAD /BLA/boletinlegal/ HTTP/1.1" 200 -
172.22.2.4 - - [01/Dec/2022:03:04:13 -0500] "GET /BLA/boletinlegal/ HTTP/1.1" 200 57192
64.124.8.36 - - [01/Dec/2022:03:06:45 -0500] "GET /isolucionsda/%22./Content/font-awesome.min.css%22 HTTP/1.1" 200 2397
216.245.221.92 - - [01/Dec/2022:03:07:17 -0500] "HEAD / HTTP/1.1" 200 -
64.124.8.27 - - [01/Dec/2022:03:08:22 -0500] "GET /portaldeninos/humedal-la-vaca-2/ HTTP/1.1" 200 87837
64.124.8.27 - - [01/Dec/2022:03:08:57 -0500] "GET /robots.txt HTTP/1.1" 404 1035
201.245.192.253 - - [01/Dec/2022:03:09:48 -0500] "POST /kwsrmcab/Wsrmcab  HTTP/1.1" 200 42393
172.22.2.4 - - [01/Dec/2022:03:09:13 -0500] "HEAD /BLA/boletinlegal/ HTTP/1.1" 200 -
205.169.39.63 - - [01/Dec/2022:03:10:54 -0500] "GET /bla/resoluciones/resoluciones%202022/4757.pdf HTTP/1.1" 200 372255
172.22.2.4 - - [01/Dec/2022:03:10:03 -0500] "GET /BLA/boletinlegal/ HTTP/1.1" 200 59404
216.245.221.92 - - [01/Dec/2022:03:12:17 -0500] "HEAD / HTTP/1.1" 200 -
173.252.83.8 - - [01/Dec/2022:03:13:17 -0500] "GET /images/cr\xc3\xb3nica-29-nov-1_optimized.jpeg HTTP/1.1" 404 1034
201.245.192.253 - - [01/Dec/2022:03:14:48 -0500] "POST /kwsrmcab/Wsrmcab  HTTP/1.1" 200 42393
173.252.127.18 - - [01/Dec/2022:03:15:27 -0500] "GET /images/cr\xc3\xb3nica-29-nov-1_optimized.jpeg HTTP/1.1" 404 1034
172.22.2.4 - - [01/Dec/2022:03:15:03 -0500] "HEAD /BLA/boletinlegal/ HTTP/1.1" 200 -
216.245.221.92 - - [01/Dec/2022:03:17:17 -0500] "HEAD / HTTP/1.1" 200 -
172.22.2.4 - - [01/Dec/2022:03:15:53 -0500] "GET /BLA/boletinlegal/ HTTP/1.1" 200 59404
157.55.39.206 - - [01/Dec/2022:03:18:57 -0500] "GET /BLA/resoluciones/AUTOS%202018/5070.PDF HTTP/1.1" 200 8422954
201.245.192.253 - - [01/Dec/2022:03:19:48 -0500] "POST /kwsrmcab/Wsrmcab  HTTP/1.1" 200 42393
69.63.184.116 - - [01/Dec/2022:03:19:54 -0500] "GET /images/carro-carga-movilidad-4-febrero.jpg HTTP/1.1" 200 46258
201.245.192.253 - - [01/Dec/2022:03:21:09 -0500] "POST /kwsrmcab/Wsrmcab HTTP/1.1" 200 44003
201.245.192.253 - - [01/Dec/2022:03:21:15 -0500] "POST /kwsrmcab/Wsrmcab HTTP/1.1" 200 43947
216.245.221.92 - - [01/Dec/2022:03:22:17 -0500] "HEAD / HTTP/1.1" 200 -
172.22.2.4 - - [01/Dec/2022:03:20:53 -0500] "HEAD /BLA/boletinlegal/ HTTP/1.1" 200 -
172.22.2.4 - - [01/Dec/2022:03:21:47 -0500] "GET /BLA/boletinlegal/ HTTP/1.1" 200 59035
66.249.66.87 - - [01/Dec/2022:03:24:16 -0500] "GET /BLA/resoluciones/AUTOS%202010/6460.pdf HTTP/1.1" 200 543132
201.245.192.253 - - [01/Dec/2022:03:24:47 -0500] "POST /kwsrmcab/Wsrmcab  HTTP/1.1" 200 42393
157.55.39.39 - - [01/Dec/2022:03:25:45 -0500] "GET /BLA/resoluciones/RESOLUCIONES%202021/2529.pdf HTTP/1.1" 304 -
42.236.17.85 - - [01/Dec/2022:03:26:01 -0500] "GET /portaldeninos/wp-content/themes/betheme/style.css?ver=20.9.6 HTTP/1.1" 200 287
42.236.17.85 - - [01/Dec/2022:03:26:01 -0500] "GET /portaldeninos/wp-content/uploads/useanyfont/uaf.css?ver=1589905315 HTTP/1.1" 200 408
42.236.17.85 - - [01/Dec/2022:03:25:58 -0500] "GET /portaldeninos/ HTTP/1.1" 200 110197
42.236.17.85 - - [01/Dec/2022:03:26:01 -0500] "GET /portaldeninos/wp-content/plugins/gallery-videos/CSS/totalsoft.css?ver=4.9.8 HTTP/1.1" 200 40622
42.236.17.85 - - [01/Dec/2022:03:26:01 -0500] "GET /portaldeninos/wp-content/plugins/gallery-videos/CSS/Total-Soft-Gallery-Video-Widget.css?ver=4.9.8 HTTP/1.1" 200 51554
42.236.17.85 - - [01/Dec/2022:03:26:01 -0500] "GET /portaldeninos/wp-content/themes/betheme/css/base.css?ver=20.9.6 HTTP/1.1" 200 57283
42.236.17.85 - - [01/Dec/2022:03:26:02 -0500] "GET /portaldeninos/wp-content/themes/betheme/assets/animations/animations.min.css?ver=20.9.6 HTTP/1.1" 200 58508
42.236.17.85 - - [01/Dec/2022:03:26:03 -0500] "GET /portaldeninos/wp-content/themes/betheme/assets/jplayer/css/jplayer.blue.monday.css?ver=20.9.6 HTTP/1.1" 200 9834
42.236.17.85 - - [01/Dec/2022:03:26:02 -0500] "GET /portaldeninos/wp-content/themes/betheme/assets/ui/jquery.ui.all.css?ver=20.9.6 HTTP/1.1" 200 18765
42.236.17.85 - - [01/Dec/2022:03:26:01 -0500] "GET /portaldeninos/wp-content/themes/betheme/css/shortcodes.css?ver=20.9.6 HTTP/1.1" 200 138889
42.236.17.85 - - [01/Dec/2022:03:26:03 -0500] "GET /portaldeninos/wp-content/plugins/popup-maker/assets/css/site.min.css?ver=1.8.14 HTTP/1.1" 200 8260
42.236.17.85 - - [01/Dec/2022:03:26:03 -0500] "GET /portaldeninos/wp-content/themes/betheme/css/responsive.css?ver=20.9.6 HTTP/1.1" 200 55740
42.236.17.85 - - [01/Dec/2022:03:26:03 -0500] "GET /portaldeninos/wp-includes/js/jquery/jquery-migrate.min.js?ver=1.4.1 HTTP/1.1" 200 10056
42.236.17.85 - - [01/Dec/2022:03:26:03 -0500] "GET /portaldeninos/wp-content/plugins/google-analytics-for-wordpress/assets/js/frontend-gtag.min.js?ver=8.5.0 HTTP/1.1" 200 11801
42.236.17.85 - - [01/Dec/2022:03:26:04 -0500] "GET /portaldeninos/wp-includes/js/jquery/ui/core.min.js?ver=1.11.4 HTTP/1.1" 200 4000
42.236.17.85 - - [01/Dec/2022:03:26:01 -0500] "GET /portaldeninos/wp-content/themes/betheme/css/layout.css?ver=20.9.6 HTTP/1.1" 200 116639
42.236.17.85 - - [01/Dec/2022:03:26:04 -0500] "GET /portaldeninos/wp-content/plugins/gallery-videos/JS/modernizr.custom.js?ver=4.9.8 HTTP/1.1" 200 9019
42.236.17.85 - - [01/Dec/2022:03:26:03 -0500] "GET /portaldeninos/wp-includes/js/jquery/jquery.js?ver=1.12.4 HTTP/1.1" 200 97184
42.236.17.85 - - [01/Dec/2022:03:26:04 -0500] "GET /portaldeninos/wp-content/plugins/gallery-videos/JS/Total-Soft-Gallery-Video-Widget.js?ver=4.9.8 HTTP/1.1" 200 80264
42.236.17.85 - - [01/Dec/2022:03:26:05 -0500] "GET /portaldeninos/wp-includes/js/jquery/ui/widget.min.js?ver=1.11.4 HTTP/1.1" 200 6908
42.236.17.85 - - [01/Dec/2022:03:26:05 -0500] "GET /portaldeninos/wp-includes/js/jquery/ui/mouse.min.js?ver=1.11.4 HTTP/1.1" 200 3148
42.236.17.85 - - [01/Dec/2022:03:26:06 -0500] "GET /portaldeninos/wp-content/themes/betheme/js/menu.js?ver=20.9.6 HTTP/1.1" 200 2449
42.236.17.85 - - [01/Dec/2022:03:26:06 -0500] "GET /portaldeninos/wp-includes/js/jquery/ui/accordion.min.js?ver=1.11.4 HTTP/1.1" 200 8584
42.236.17.85 - - [01/Dec/2022:03:26:06 -0500] "GET /portaldeninos/wp-content/themes/betheme/assets/animations/animations.min.js?ver=20.9.6 HTTP/1.1" 200 1896
42.236.17.85 - - [01/Dec/2022:03:26:05 -0500] "GET /portaldeninos/wp-includes/js/jquery/ui/sortable.min.js?ver=1.11.4 HTTP/1.1" 200 24899
42.236.17.85 - - [01/Dec/2022:03:26:06 -0500] "GET /portaldeninos/wp-includes/js/jquery/ui/tabs.min.js?ver=1.11.4 HTTP/1.1" 200 12110
42.236.17.85 - - [01/Dec/2022:03:26:07 -0500] "GET /portaldeninos/wp-includes/js/jquery/ui/position.min.js?ver=1.11.4 HTTP/1.1" 200 6527
42.236.17.85 - - [01/Dec/2022:03:26:06 -0500] "GET /portaldeninos/wp-content/themes/betheme/fonts/mfn-icons.woff?93978679 HTTP/1.1" 200 80932
42.236.17.85 - - [01/Dec/2022:03:26:06 -0500] "GET /portaldeninos/wp-content/themes/betheme/assets/jplayer/jplayer.min.js?ver=20.9.6 HTTP/1.1" 200 52702
42.236.17.85 - - [01/Dec/2022:03:26:07 -0500] "GET /portaldeninos/wp-content/themes/betheme/js/scripts.js?ver=20.9.6 HTTP/1.1" 200 77162
42.236.17.85 - - [01/Dec/2022:03:26:07 -0500] "GET /portaldeninos/wp-content/plugins/popup-maker/assets/js/site.min.js?defer&ver=1.8.14 HTTP/1.1" 200 48457
42.236.17.85 - - [01/Dec/2022:03:26:06 -0500] "GET /portaldeninos/wp-content/themes/betheme/js/plugins.js?ver=20.9.6 HTTP/1.1" 200 197151
42.236.17.85 - - [01/Dec/2022:03:26:07 -0500] "GET /portaldeninos/wp-content/themes/betheme/images/stripes/stripes_3_b.png HTTP/1.1" 200 974
42.236.17.85 - - [01/Dec/2022:03:26:07 -0500] "GET /portaldeninos/wp-includes/js/wp-embed.min.js?ver=4.9.8 HTTP/1.1" 200 1398
42.236.17.85 - - [01/Dec/2022:03:26:07 -0500] "GET /portaldeninos/wp-includes/js/wp-emoji-release.min.js?ver=4.9.8 HTTP/1.1" 200 12026
42.236.17.85 - - [01/Dec/2022:03:26:09 -0500] "GET /portaldeninos/wp-json/pum/v1/analytics/?event=open&pid=1126&_cache=1669883035150 HTTP/1.1" 204 -
216.245.221.92 - - [01/Dec/2022:03:27:17 -0500] "HEAD / HTTP/1.1" 200 -
172.22.2.4 - - [01/Dec/2022:03:27:28 -0500] "GET /BLA/boletinlegal/Directivas/2015/Directiva%20No.%2001%20del%2014%20de%20Enero%20de%202015.pdf HTTP/1.1" 304 -
172.22.2.4 - - [01/Dec/2022:03:26:43 -0500] "HEAD /BLA/boletinlegal/ HTTP/1.1" 200 -
157.55.39.39 - - [01/Dec/2022:03:29:05 -0500] "GET /Publicaciones/2022EE240927.pdf HTTP/1.1" 404 228
172.22.2.4 - - [01/Dec/2022:03:27:33 -0500] "GET /BLA/boletinlegal/ HTTP/1.1" 200 56474
201.245.192.253 - - [01/Dec/2022:03:29:46 -0500] "POST /kwsrmcab/Wsrmcab  HTTP/1.1" 200 42393
207.46.13.174 - - [01/Dec/2022:03:30:30 -0500] "GET /BLA/resoluciones/index.php?dir=RESOLUCIONES+2019%2F HTTP/1.1" 200 248983
201.245.192.253 - - [01/Dec/2022:03:31:09 -0500] "POST /kwsrmcab/Wsrmcab HTTP/1.1" 200 44003
201.245.192.253 - - [01/Dec/2022:03:31:12 -0500] "POST /kwsrmcab/Wsrmcab HTTP/1.1" 200 43947
40.77.167.58 - - [01/Dec/2022:03:31:30 -0500] "GET /BLA/resoluciones/index.php?dir=RESOLUCIONES+2017%2F HTTP/1.1" 200 284956
216.245.221.92 - - [01/Dec/2022:03:32:17 -0500] "HEAD / HTTP/1.1" 200 -
172.22.2.4 - - [01/Dec/2022:03:32:33 -0500] "HEAD /BLA/boletinlegal/ HTTP/1.1" 200 -
201.245.192.253 - - [01/Dec/2022:03:34:45 -0500] "POST /kwsrmcab/Wsrmcab  HTTP/1.1" 200 42393
172.22.2.4 - - [01/Dec/2022:03:33:24 -0500] "GET /BLA/boletinlegal/ HTTP/1.1" 200 57824
181.214.173.67 - - [01/Dec/2022:03:36:44 -0500] "GET / HTTP/1.1" 200 319
216.245.221.92 - - [01/Dec/2022:03:37:17 -0500] "HEAD / HTTP/1.1" 200 -
199.59.150.180 - - [01/Dec/2022:03:37:53 -0500] "GET /images/cr%C3%B3nica-29-nov-1_optimized.jpeg HTTP/1.1" 404 1034
172.22.2.4 - - [01/Dec/2022:03:38:46 -0500] "GET /BLA/boletinlegal/ HTTP/1.1" 200 20427
201.245.192.253 - - [01/Dec/2022:03:39:44 -0500] "POST /kwsrmcab/Wsrmcab  HTTP/1.1" 200 42393
172.22.2.4 - - [01/Dec/2022:03:38:23 -0500] "HEAD /BLA/boletinlegal/ HTTP/1.1" 200 -
172.22.2.4 - - [01/Dec/2022:03:40:35 -0500] "POST /BLA/boletinlegal/sdk HTTP/1.1" 404 1018
172.22.2.4 - - [01/Dec/2022:03:40:35 -0500] "GET /BLA/boletinlegal/nmaplowercheck1669883901 HTTP/1.1" 404 1018
172.22.2.4 - - [01/Dec/2022:03:40:36 -0500] "GET /BLA/boletinlegal/evox/about HTTP/1.1" 404 1018
172.22.2.4 - - [01/Dec/2022:03:40:40 -0500] "GET /BLA/boletinlegal/HNAP1 HTTP/1.1" 404 1018
172.22.2.4 - - [01/Dec/2022:03:39:13 -0500] "GET /BLA/boletinlegal/ HTTP/1.1" 200 54100
201.245.192.253 - - [01/Dec/2022:03:41:10 -0500] "POST /kwsrmcab/Wsrmcab HTTP/1.1" 200 44003
172.22.2.4 - - [01/Dec/2022:03:40:35 -0500] "GET /BLA/boletinlegal/ HTTP/1.1" 200 20427
172.22.2.4 - - [01/Dec/2022:03:40:36 -0500] "GET /BLA/boletinlegal/ HTTP/1.1" 200 20427
201.245.192.253 - - [01/Dec/2022:03:41:12 -0500] "POST /kwsrmcab/Wsrmcab HTTP/1.1" 200 43947
172.22.2.4 - - [01/Dec/2022:03:40:46 -0500] "GET /BLA/boletinlegal/ HTTP/1.1" 200 24523
216.245.221.92 - - [01/Dec/2022:03:42:17 -0500] "HEAD / HTTP/1.1" 200 -
172.22.2.4 - - [01/Dec/2022:03:40:38 -0500] "HEAD /BLA/boletinlegal/ HTTP/1.1" 200 -
201.245.192.253 - - [01/Dec/2022:03:44:42 -0500] "POST /kwsrmcab/Wsrmcab  HTTP/1.1" 200 42393
172.22.2.4 - - [01/Dec/2022:03:44:13 -0500] "HEAD /BLA/boletinlegal/ HTTP/1.1" 200 -
172.22.2.4 - - [01/Dec/2022:03:45:03 -0500] "GET /BLA/boletinlegal/ HTTP/1.1" 200 57824
185.119.81.106 - - [01/Dec/2022:03:46:50 -0500] "GET /portaldeninos/wp-login.php HTTP/1.1" 200 2592
185.119.81.106 - - [01/Dec/2022:03:46:51 -0500] "POST /portaldeninos/wp-login.php HTTP/1.1" 200 3605
216.245.221.92 - - [01/Dec/2022:03:47:26 -0500] "HEAD / HTTP/1.1" 200 -
201.245.192.253 - - [01/Dec/2022:03:49:42 -0500] "POST /kwsrmcab/Wsrmcab  HTTP/1.1" 200 42393
172.22.2.4 - - [01/Dec/2022:03:50:06 -0500] "HEAD /BLA/boletinlegal/ HTTP/1.1" 200 -
172.22.2.4 - - [01/Dec/2022:03:52:01 -0500] "GET /BLA/boletinlegal/robots.txt HTTP/1.1" 404 1038
172.22.2.4 - - [01/Dec/2022:03:52:01 -0500] "GET /BLA/boletinlegal/images/screen_5.png HTTP/1.1" 304 -
216.245.221.92 - - [01/Dec/2022:03:52:17 -0500] "HEAD / HTTP/1.1" 200 -
172.22.2.4 - - [01/Dec/2022:03:50:56 -0500] "GET /BLA/boletinlegal/ HTTP/1.1" 200 57824
