66.249.79.123 - - [03/Dec/2022:06:33:01 -0500] "GET /BLA/resoluciones/RESOLUCIONES%202017/0413.pdf HTTP/1.1" 200 597810
66.249.79.117 - - [03/Dec/2022:06:33:03 -0500] "GET /BLA/resoluciones/AUTOS%202013/3501.pdf HTTP/1.1" 200 472990
201.245.192.253 - - [03/Dec/2022:06:33:02 -0500] "POST /kwsrmcab/Wsrmcab  HTTP/1.1" 200 213
66.249.79.123 - - [03/Dec/2022:06:33:05 -0500] "GET /BLA/resoluciones/RESOLUCIONES%202016/0442.pdf HTTP/1.1" 200 859905
114.119.159.233 - - [03/Dec/2022:06:33:20 -0500] "GET /BLA/resoluciones/RESOLUCIONES%202010/4668.pdf HTTP/1.1" 200 754065
66.249.79.121 - - [03/Dec/2022:06:33:20 -0500] "GET /BLA/resoluciones/RESOLUCIONES%202010/4498.pdf HTTP/1.1" 200 247585
66.249.79.119 - - [03/Dec/2022:06:33:21 -0500] "GET /BLA/resoluciones/AUTOS%202014/7063.pdf HTTP/1.1" 200 527946
66.249.79.113 - - [03/Dec/2022:06:33:24 -0500] "GET /BLA/resoluciones/AUTOS%202007/1484.pdf HTTP/1.1" 200 55948
66.249.79.117 - - [03/Dec/2022:06:33:27 -0500] "GET /php/CarreraAdministrativa/HERRAMIENTA_EVALUACION_SDA1_NIVEL_TECNICO1_2010.pdf HTTP/1.1" 404 1018
66.249.79.115 - - [03/Dec/2022:06:33:30 -0500] "GET /BLA/resoluciones/AUTOS%202015/0465.pdf HTTP/1.1" 200 491477
66.249.79.113 - - [03/Dec/2022:06:33:32 -0500] "GET /BLA/resoluciones/RESOLUCIONES%202007/RES%202007%204001%20AL%204100/RESOLUCION%204011%20DE%202007.pdf HTTP/1.1" 200 942453
66.249.79.115 - - [03/Dec/2022:06:33:36 -0500] "GET /BLA/resoluciones/RESOLUCIONES%202007/RES%202007%20201%20AL%20300/RESOLUCION%200264%20DE%202007.pdf HTTP/1.1" 200 212795
66.249.79.115 - - [03/Dec/2022:06:33:38 -0500] "GET /BLA/resoluciones/RESOLUCIONES%202009/6855.pdf HTTP/1.1" 200 276021
66.249.79.111 - - [03/Dec/2022:06:33:40 -0500] "GET /BLA/resoluciones/AUTOS%202008/0604.pdf HTTP/1.1" 200 85286
66.249.79.111 - - [03/Dec/2022:06:33:42 -0500] "GET /BLA/resoluciones/AUTOS%202014/5824.pdf HTTP/1.1" 200 419185
66.249.79.115 - - [03/Dec/2022:06:33:44 -0500] "GET /BLA/resoluciones/AUTOS%202014/3006.pdf HTTP/1.1" 200 463066
66.249.79.111 - - [03/Dec/2022:06:33:46 -0500] "GET /BLA/resoluciones/AUTOS%202014/0587.pdf HTTP/1.1" 200 1304147
66.249.79.115 - - [03/Dec/2022:06:33:48 -0500] "GET /BLA/resoluciones/RESOLUCIONES%202011/6058.pdf HTTP/1.1" 200 856012
66.249.79.111 - - [03/Dec/2022:06:33:50 -0500] "GET /BLA/resoluciones/AUTOS%202014/3775.pdf HTTP/1.1" 200 555227
66.249.79.113 - - [03/Dec/2022:06:33:52 -0500] "GET /BLA/resoluciones/RESOLUCIONES%202010/3197.pdf HTTP/1.1" 200 375184
66.249.79.113 - - [03/Dec/2022:06:33:53 -0500] "GET /BLA/resoluciones/AUTOS%202014/4639.pdf HTTP/1.1" 200 565625
66.249.79.111 - - [03/Dec/2022:06:33:55 -0500] "GET /BLA/resoluciones/Notificaciones/AUTOS%202017/05161.pdf HTTP/1.1" 200 337741
66.249.79.121 - - [03/Dec/2022:06:33:57 -0500] "GET /BLA/resoluciones/AUTOS%202017/2879.pdf HTTP/1.1" 200 674357
66.249.79.117 - - [03/Dec/2022:06:33:59 -0500] "GET /BLA/resoluciones/AUTOS%202017/4136.pdf HTTP/1.1" 200 1447575
66.249.79.119 - - [03/Dec/2022:06:34:01 -0500] "GET /BLA/resoluciones/AUTOS%202017/1355.pdf HTTP/1.1" 200 262626
66.249.79.123 - - [03/Dec/2022:06:34:03 -0500] "GET /BLA/resoluciones/RESOLUCIONES%202014/2239.pdf HTTP/1.1" 200 231135
66.249.79.111 - - [03/Dec/2022:06:34:05 -0500] "GET /BLA/resoluciones/RESOLUCIONES%202012/1535.pdf HTTP/1.1" 200 3899437
66.249.79.123 - - [03/Dec/2022:06:34:07 -0500] "GET /BLA/resoluciones/AUTOS%202014/0606.pdf HTTP/1.1" 200 245053
66.249.79.117 - - [03/Dec/2022:06:34:09 -0500] "GET /BLA/resoluciones/RESOLUCIONES%202007/RES%202007%203901%20AL%204000/RESOLUCION%203950%20DE%202007.pdf HTTP/1.1" 200 584420
66.249.79.111 - - [03/Dec/2022:06:34:11 -0500] "GET /BLA/resoluciones/AUTOS%202009/3574.pdf HTTP/1.1" 200 216054
66.249.79.119 - - [03/Dec/2022:06:34:13 -0500] "GET /BLA/resoluciones/AUTOS%202014/7147.pdf HTTP/1.1" 200 175550
66.249.79.115 - - [03/Dec/2022:06:34:15 -0500] "GET /BLA/resoluciones/RESOLUCIONES%202017/0371.pdf HTTP/1.1" 200 529431
66.249.79.117 - - [03/Dec/2022:06:34:17 -0500] "GET /BLA/resoluciones/RESOLUCIONES%202015/1097.pdf HTTP/1.1" 200 4649390
66.249.79.113 - - [03/Dec/2022:06:34:20 -0500] "GET /BLA/resoluciones/RESOLUCIONES%25202016/1471.pdf HTTP/1.1" 404 1018
66.249.79.119 - - [03/Dec/2022:06:34:21 -0500] "GET /BLA/resoluciones/AUTOS%202017/3029.pdf HTTP/1.1" 200 331835
66.249.79.113 - - [03/Dec/2022:06:34:23 -0500] "GET /BLA/resoluciones/AUTOS%202014/0270.pdf HTTP/1.1" 200 662528
66.249.79.121 - - [03/Dec/2022:06:34:34 -0500] "GET /BLA/resoluciones/RESOLUCIONES%202009/6556.pdf HTTP/1.1" 200 85805
66.249.79.121 - - [03/Dec/2022:06:34:35 -0500] "GET /BLA/resoluciones/AUTOS%202009/1654.pdf HTTP/1.1" 200 96820
66.249.79.117 - - [03/Dec/2022:06:34:37 -0500] "GET /BLA/resoluciones/RESOLUCIONES%202018/4313.pdf HTTP/1.1" 200 322442
216.245.221.92 - - [03/Dec/2022:06:34:39 -0500] "HEAD / HTTP/1.1" 200 -
186.102.29.133 - - [03/Dec/2022:06:36:14 -0500] "GET /kwssiamovil/sm/ldap/au?x=U2FsdGVkX19RO2dWqaYR8LHQjzjyiWrd1U7BgDc/mfyrB9AxuxPUdLj97wwn96DY&y=U2FsdGVkX1/Y1USLWfLHoHrRfAXp5Lupv983s5UM85Nig002Pp4DvzQCqOs23ABW HTTP/1.1" 200 30
185.119.81.99 - - [03/Dec/2022:06:36:22 -0500] "GET /portaldeninos/wp-login.php HTTP/1.1" 200 2592
185.119.81.99 - - [03/Dec/2022:06:36:23 -0500] "POST /portaldeninos/wp-login.php HTTP/1.1" 200 3605
172.22.2.4 - - [03/Dec/2022:06:35:24 -0500] "HEAD /BLA/boletinlegal/ HTTP/1.1" 200 -
172.22.2.4 - - [03/Dec/2022:06:36:14 -0500] "GET /BLA/boletinlegal/ HTTP/1.1" 200 54816
201.245.192.253 - - [03/Dec/2022:06:38:01 -0500] "POST /kwsrmcab/Wsrmcab  HTTP/1.1" 200 213
185.119.81.99 - - [03/Dec/2022:06:38:40 -0500] "GET /portaldeninos/wp-login.php HTTP/1.1" 200 2592
185.119.81.99 - - [03/Dec/2022:06:38:41 -0500] "POST /portaldeninos/wp-login.php HTTP/1.1" 200 3670
114.119.152.30 - - [03/Dec/2022:06:38:42 -0500] "GET /BLA/resoluciones/RESOLUCIONES%202010/3695.pdf HTTP/1.1" 200 675324
64.124.8.43 - - [03/Dec/2022:06:38:46 -0500] "-" 408 -
216.245.221.92 - - [03/Dec/2022:06:39:39 -0500] "HEAD / HTTP/1.1" 200 -
162.55.175.158 - - [03/Dec/2022:06:40:14 -0500] "GET / HTTP/1.1" 200 319
162.55.175.143 - - [03/Dec/2022:06:40:21 -0500] "GET / HTTP/1.1" 200 319
168.119.51.200 - - [03/Dec/2022:06:41:01 -0500] "GET / HTTP/1.1" 200 319
201.245.192.253 - - [03/Dec/2022:06:40:59 -0500] "POST /kwsrmcab/Wsrmcab HTTP/1.1" 200 42035
201.245.192.253 - - [03/Dec/2022:06:41:02 -0500] "POST /kwsrmcab/Wsrmcab HTTP/1.1" 200 41851
114.119.134.245 - - [03/Dec/2022:06:41:56 -0500] "GET /BLA/resoluciones/RESOLUCIONES%202010/3362.pdf HTTP/1.1" 200 521343
172.22.2.4 - - [03/Dec/2022:06:42:50 -0500] "GET /BLA/boletinlegal/jurisprudencia/analisis/ANALISIST-257-96.docx HTTP/1.1" 304 -
172.22.2.4 - - [03/Dec/2022:06:41:14 -0500] "HEAD /BLA/boletinlegal/ HTTP/1.1" 200 -
201.245.192.253 - - [03/Dec/2022:06:42:59 -0500] "POST /kwsrmcab/Wsrmcab  HTTP/1.1" 502 1155
172.22.2.4 - - [03/Dec/2022:06:42:04 -0500] "GET /BLA/boletinlegal/ HTTP/1.1" 200 56079
216.245.221.92 - - [03/Dec/2022:06:44:39 -0500] "HEAD / HTTP/1.1" 200 -
207.46.13.198 - - [03/Dec/2022:06:45:03 -0500] "GET /sipse/faces/autenticacion.xhtml HTTP/1.1" 200 12496
69.171.249.9 - - [03/Dec/2022:06:45:45 -0500] "GET /images/cr\xc3\xb3nica-29-nov-1_optimized.jpeg HTTP/1.1" 404 1034
173.252.83.120 - - [03/Dec/2022:06:45:48 -0500] "GET /images/cr\xc3\xb3nica-29-nov-1_optimized.jpeg HTTP/1.1" 404 1034
172.22.2.4 - - [03/Dec/2022:06:46:59 -0500] "GET /BLA/boletinlegal/ HTTP/1.1" 200 36811
201.245.192.253 - - [03/Dec/2022:06:47:58 -0500] "POST /kwsrmcab/Wsrmcab  HTTP/1.1" 200 213
186.102.29.223 - - [03/Dec/2022:06:48:03 -0500] "GET /kwssiamovil/sm/ldap/au?x=U2FsdGVkX19iPATON8YGWUC1p6cxkFq4hbhvxbxHPEETG6LKQpifWNoTtVBJCliD&y=U2FsdGVkX18Q3qhwNY2LSP34X9s073s/kgvGWS6Erm+gAoRkBOtm9MQK5K7MSKSK HTTP/1.1" 200 30
186.102.29.223 - - [03/Dec/2022:06:48:05 -0500] "GET /kwssiamovil/sm/acme/s?s=U2FsdGVkX1/EfrO5labswqUgcXlRshLzn52X9b+p/rWXOqcnnCj3/xVl1LP/QvtNmgB9i5O2ju+OWbdoQNqGdERwTuC9V6caC3TYgXNwjcM=&u=U2FsdGVkX1+ueVeU+61LVz8sEMSTyVB+7mR8lQEC3GI=&y=U2FsdGVkX18Q3qhwNY2LSP34X9s073s/kgvGWS6Erm+gAoRkBOtm9MQK5K7MSKSK HTTP/1.1" 200 97
186.102.29.223 - - [03/Dec/2022:06:48:05 -0500] "GET /kwssiamovil/sm/acme/s?s=U2FsdGVkX1+GX8KSuKj8Ft5/TaD/KgUfbiOFCCVe42vCSgGIli5h9cHPfztTloNScxNKlWjDBsyMFDCafh8ODmI6J5HqotadqQkBtf7TmwYMtnRArhToEjcJIUNUc9/klLsxUj315gzf4Tu/lNXlqUbBhOG+FSahB4rromOgxKUNT0k9DMCrmwmxJIhhhJegSVwMxm5bl8dgiNtbsHi0a8+HLAqVRdhfuZ1NgGeT+RrgSaOunsk0etbQnRVp2IqAlUajgILmVDswguI5ujw4s0KCdAdLF2ypQqIGc54T3at+YdgZTn/v42oWiLeLyhByl77AkZgUUsw3n7gXYt++L2Xv6vZsVH0jdKEM+s49OgoQ8vyfSwtju8vUU6hDzdlLqh3diDDdSNwUMNrFZ725pna1VijPbpwPcfLTSb8+SdoOr7GQYR4a2nquhJXQ1ZCH0JL2WFaULEofIS6gG8xrybhBP+LhVLljTYgLbAH/hgyygul8szuD0opBc10DCE5ZsNqTygvaolVxD5IcdlZ8CrUYM2yxYjERVXNOHNr4D6tqZLOryrficyqXl+3cGmPPxO0G69GuI52FyIzSQs22pSjHWyO/ns+6doST3ack3Yr+RhQSyhJobN9gBOyQfVejUw70n6/BH3YCj8ssLNyR4qnDdbfFsSGt1rN3aF2Z5+cbXAUGhY0WBi83mC1djFQPI9TrZ5srGD/f7VNUNc5ltZvUaTb9sSvvEJZan2vlqB8RbI0vzWAXcG9qT+RutPcz32ykLyBaiq93DRnqGWmI7FcLLu+U26haOxvRn3ykmdZ5KIXhMAdB1TA0mA4YvJ8umBqMlGBo+nMiCcOtLYGfGr/vnWpjPft5bLp5iz1j+9/Vh6a2Zx+Oc7WXvmYQDf7+7d4DFbUR2XFjk+3amFlNAOrVKrB7L7lJM1vfVRSEdHGkv009666N7C//wt3PEkmu97z/ciUqhbEYSKhfP8OaYAr+fQWpIIRTRhPYuX7FDipvfwBNChhqhJo21sIVSUQILxDd9lk2svcZCXwiid9r25viIVwQccQvak5UyA0pktCEttYhf8u9n8IY+zeg8qo/D0TZob7GV0rI+WKUcI7eNzhhuDjwhUq7XHUmrLRNAl/WepULcDJndsQR/Xpr+e2R5i8uvjAO8SvYN3xnL5mFCX4jvkRjLS2dldeQWQTgVt4H2dEy0myOn03ex7ymN40UuFyUItPny/fjBdIsES4YfWvvrQIvGYmpfrypuDoihBmJURpykq0kuH7sQY6ubleScQCLk5nJeg4eBYO5IfyFs7M6D2JKiUDCby6fbc6Ho/CnQhqK+u/kOwQDFxXQ2IwPAp0+J9/HEpT8poDuB0EWCNSC1DvblL34vSYs4ewgFQO+hoKU7VZ/OpKaLez1FvyiE7VQGucbzpwezi09foDe7B1CHt1K1lHOYItexZZxKE0=&u=U2FsdGVkX1+ueVeU+61LVz8sEMSTyVB+7mR8lQEC3GI=&y=U2FsdGVkX18Q3qhwNY2LSP34X9s073s/kgvGWS6Erm+gAoRkBOtm9MQK5K7MSKSK HTTP/1.1" 200 7540
186.102.29.223 - - [03/Dec/2022:06:48:05 -0500] "GET /kwssiamovil/sm/acme/s?s=U2FsdGVkX18e+wIti1MRF48fNNM4zZ4Q9iXOQSMq35NX67L1sB6fpnhP95shgQ8mKDVERQV3EL/zg6rkLpOEHQ2mYJl01KYJIkN4pEmz/LrOch6xbaovcIsF/ACYRNe0MOV9eoQMy8YKp0+r8gwMBtFgD6W59kNy2/EIobS5zMc0+Z7fYi+MclG3S1Dht3ZWuAO7wTyaCBhH66GDXX7g32OJdrkrQie5ZbtgQ2S18220m+HXOmQPQYfmoOnbSUuwj4O0Vb21nQGipWwP4b1rUCgOveFoi1QDbOLuf8gR/U+dAyEpC0MZ8iJvpjF6S8jLqROA/j9EIp+aI2Ouk21HQA==&u=U2FsdGVkX1+ueVeU+61LVz8sEMSTyVB+7mR8lQEC3GI=&y=U2FsdGVkX18Q3qhwNY2LSP34X9s073s/kgvGWS6Erm+gAoRkBOtm9MQK5K7MSKSK HTTP/1.1" 200 196
186.102.29.223 - - [03/Dec/2022:06:48:05 -0500] "GET /kwssiamovil/sm/cjson/pre?f=1&x=U2FsdGVkX19iPATON8YGWUC1p6cxkFq4hbhvxbxHPEETG6LKQpifWNoTtVBJCliD HTTP/1.1" 200 31032
172.22.2.4 - - [03/Dec/2022:06:47:04 -0500] "HEAD /BLA/boletinlegal/ HTTP/1.1" 200 -
172.22.2.4 - - [03/Dec/2022:06:47:54 -0500] "GET /BLA/boletinlegal/ HTTP/1.1" 200 58185
207.46.13.174 - - [03/Dec/2022:06:49:38 -0500] "GET /BLA/boletinlegal/images/pdf.gif HTTP/1.1" 200 567
216.245.221.92 - - [03/Dec/2022:06:49:39 -0500] "HEAD / HTTP/1.1" 200 -
114.119.134.106 - - [03/Dec/2022:06:50:17 -0500] "GET /BLA/resoluciones/RESOLUCIONES%202010/0164.pdf HTTP/1.1" 200 439591
201.245.192.253 - - [03/Dec/2022:06:52:57 -0500] "POST /kwsrmcab/Wsrmcab  HTTP/1.1" 200 213
157.55.39.39 - - [03/Dec/2022:06:53:14 -0500] "GET /BLA/resoluciones/index.php?dir=AUTOS+2018%2F HTTP/1.1" 200 442469
92.118.39.78 - - [03/Dec/2022:06:53:43 -0500] "GET / HTTP/1.1" 200 319
172.22.2.4 - - [03/Dec/2022:06:52:54 -0500] "HEAD /BLA/boletinlegal/ HTTP/1.1" 200 -
216.245.221.92 - - [03/Dec/2022:06:54:39 -0500] "HEAD / HTTP/1.1" 200 -
192.109.145.231 - - [03/Dec/2022:06:54:51 -0500] "GET /galeria/galeria/jquery.fancybox.css?v=2.1.5 HTTP/1.1" 304 -
172.22.2.4 - - [03/Dec/2022:06:53:44 -0500] "GET /BLA/boletinlegal/ HTTP/1.1" 200 56474
114.119.129.237 - - [03/Dec/2022:06:57:00 -0500] "GET /BLA/resoluciones/RESOLUCIONES%202009/5690.pdf HTTP/1.1" 200 2541983
201.245.192.253 - - [03/Dec/2022:06:57:55 -0500] "POST /kwsrmcab/Wsrmcab  HTTP/1.1" 200 213
69.171.249.15 - - [03/Dec/2022:06:59:17 -0500] "GET /images/cr\xc3\xb3nica-29-nov-1_optimized.jpeg HTTP/1.1" 404 1034
216.245.221.92 - - [03/Dec/2022:06:59:39 -0500] "HEAD / HTTP/1.1" 200 -
172.22.2.4 - - [03/Dec/2022:06:58:43 -0500] "HEAD /BLA/boletinlegal/ HTTP/1.1" 200 -
172.22.2.4 - - [03/Dec/2022:06:59:34 -0500] "GET /BLA/boletinlegal/ HTTP/1.1" 200 52942
66.249.79.115 - - [03/Dec/2022:07:02:26 -0500] "GET /BLA/resoluciones/AUTOS%202016/6602.pdf HTTP/1.1" 404 1018
66.249.79.113 - - [03/Dec/2022:07:02:26 -0500] "GET /BLA/resoluciones/AUTOS%202014/1213.pdf HTTP/1.1" 200 193631
66.249.79.113 - - [03/Dec/2022:07:02:28 -0500] "GET /BLA/resoluciones/RESOLUCIONES%202007/RES%202007%204001%20AL%204100/RESOLUCION%204051%20DE%202007.pdf HTTP/1.1" 200 460486
66.249.79.113 - - [03/Dec/2022:07:02:29 -0500] "GET /BLA/resoluciones/RESOLUCIONES%202007/RES%202007%203401%20AL%203500/RESOLUCION%203461%20DE%202007.pdf HTTP/1.1" 200 413939
66.249.79.111 - - [03/Dec/2022:07:02:33 -0500] "GET /BLA/resoluciones/AUTOS%202012/2140.pdf HTTP/1.1" 200 1659136
66.249.79.111 - - [03/Dec/2022:07:02:36 -0500] "GET /BLA/resoluciones/RESOLUCIONES%202016/0071.pdf HTTP/1.1" 200 657012
66.249.79.115 - - [03/Dec/2022:07:02:39 -0500] "GET /BLA/resoluciones/RESOLUCIONES%202012/1715.pdf HTTP/1.1" 200 506378
66.249.79.111 - - [03/Dec/2022:07:02:42 -0500] "GET /BLA/resoluciones/AUTOS%202007/3439.pdf HTTP/1.1" 200 76294
66.249.79.113 - - [03/Dec/2022:07:02:45 -0500] "GET /BLA/resoluciones/RESOLUCIONES%202018/1344.pdf HTTP/1.1" 200 487067
66.249.79.113 - - [03/Dec/2022:07:02:48 -0500] "GET /BLA/resoluciones/AUTOS%202014/2313.pdf HTTP/1.1" 200 518283
66.249.79.111 - - [03/Dec/2022:07:02:51 -0500] "GET /BLA/resoluciones/AUTOS%202013/3153.pdf HTTP/1.1" 200 5082893
66.249.79.117 - - [03/Dec/2022:07:02:54 -0500] "GET /BLA/resoluciones/RESOLUCIONES%202014/1447.pdf HTTP/1.1" 200 1191844
201.245.192.253 - - [03/Dec/2022:07:02:54 -0500] "POST /kwsrmcab/Wsrmcab  HTTP/1.1" 200 213
66.249.79.113 - - [03/Dec/2022:07:02:57 -0500] "GET /BLA/resoluciones/RESOLUCIONES%202010/4222.pdf HTTP/1.1" 200 346380
114.119.131.52 - - [03/Dec/2022:07:03:04 -0500] "GET /bla/resoluciones/resoluciones%202011/6262.pdf HTTP/1.1" 200 1396868
66.249.79.113 - - [03/Dec/2022:07:03:05 -0500] "GET /BLA/resoluciones/AUTOS%202015/1973.pdf HTTP/1.1" 200 622004
66.249.79.125 - - [03/Dec/2022:07:03:17 -0500] "GET /BLA/resoluciones/AUTOS%202009/1823.pdf HTTP/1.1" 200 213160
66.249.79.113 - - [03/Dec/2022:07:03:18 -0500] "GET /BLA/resoluciones/RESOLUCIONES%202012/1219.pdf HTTP/1.1" 200 1744911
66.249.79.119 - - [03/Dec/2022:07:03:22 -0500] "GET /BLA/resoluciones/AUTOS%202015/2803.pdf HTTP/1.1" 200 594470
66.249.79.111 - - [03/Dec/2022:07:03:24 -0500] "GET /Publicaciones/2020EE175437.pdf HTTP/1.1" 404 228
66.249.79.111 - - [03/Dec/2022:07:03:25 -0500] "GET /BLA/resoluciones/RESOLUCIONES%202010/7764.pdf HTTP/1.1" 200 67461
66.249.79.113 - - [03/Dec/2022:07:03:28 -0500] "GET /BLA/resoluciones/RESOLUCIONES%202014/1397.pdf HTTP/1.1" 200 543358
66.249.79.115 - - [03/Dec/2022:07:03:32 -0500] "GET /BLA/resoluciones/Notificaciones/REGISTROS%202022/0098.pdf HTTP/1.1" 200 406707
66.249.79.115 - - [03/Dec/2022:07:03:35 -0500] "GET /BLA/resoluciones/RESOLUCIONES%202007/RES%202007%202501%20AL%202600/RESOLUCION%202587%20DE%202007.pdf HTTP/1.1" 200 196619
66.249.79.111 - - [03/Dec/2022:07:03:38 -0500] "GET /BLA/resoluciones/RESOLUCIONES%202007/RES%202007%203801%20AL%203900/RESOLUCION%203857%20DE%202007.pdf HTTP/1.1" 200 546899
66.249.79.113 - - [03/Dec/2022:07:03:41 -0500] "GET /BLA/resoluciones/RESOLUCIONES%202008/1172.pdf HTTP/1.1" 200 247801
66.249.79.113 - - [03/Dec/2022:07:03:44 -0500] "GET /Publicaciones/2022EE237389.pdf HTTP/1.1" 404 228
66.249.79.113 - - [03/Dec/2022:07:03:46 -0500] "GET /BLA/resoluciones/AUTOS%202007/2539.pdf HTTP/1.1" 200 152583
66.249.79.113 - - [03/Dec/2022:07:03:49 -0500] "GET /BLA/resoluciones/AUTOS%202014/5825.pdf HTTP/1.1" 200 423884
66.249.79.117 - - [03/Dec/2022:07:03:52 -0500] "GET /BLA/resoluciones/RESOLUCIONES%202017/0711.pdf HTTP/1.1" 200 308594
66.249.79.117 - - [03/Dec/2022:07:03:55 -0500] "GET /BLA/resoluciones/RESOLUCIONES%202009/6083.pdf HTTP/1.1" 200 382732
66.249.79.111 - - [03/Dec/2022:07:03:58 -0500] "GET /BLA/resoluciones/AUTOS%202014/3586.pdf HTTP/1.1" 200 1184932
66.249.79.115 - - [03/Dec/2022:07:04:01 -0500] "GET /BLA/resoluciones/AUTOS%202015/1710.pdf HTTP/1.1" 200 585462
66.249.79.119 - - [03/Dec/2022:07:04:04 -0500] "GET /BLA/resoluciones/RESOLUCIONES%202014/2703.pdf HTTP/1.1" 200 269253
66.249.79.121 - - [03/Dec/2022:07:04:07 -0500] "GET /BLA/resoluciones/AUTOS%202015/4651.pdf HTTP/1.1" 200 724252
66.249.79.113 - - [03/Dec/2022:07:04:09 -0500] "GET /BLA/resoluciones/RESOLUCIONES%202019/2463.pdf HTTP/1.1" 200 397580
66.249.79.117 - - [03/Dec/2022:07:04:18 -0500] "GET /siipev/Diseno%20de%20Elementos%20de%20Mobiliario%20Urbano/Otros%20Elementos/PARTE%20B/Dise%C3%B1o%20de%20Elementos%20M100-M101.pdf HTTP/1.1" 200 282657
66.249.79.113 - - [03/Dec/2022:07:04:25 -0500] "GET /BLA/resoluciones/AUTOS%202008/0627.pdf HTTP/1.1" 200 102358
66.249.79.113 - - [03/Dec/2022:07:04:27 -0500] "GET /BLA/resoluciones/AUTOS%202014/4822.pdf HTTP/1.1" 200 563567
66.249.79.113 - - [03/Dec/2022:07:04:29 -0500] "GET /BLA/resoluciones/AUTOS%202015/1822.pdf HTTP/1.1" 200 505419
216.245.221.92 - - [03/Dec/2022:07:04:39 -0500] "HEAD / HTTP/1.1" 200 -
172.22.2.4 - - [03/Dec/2022:07:04:33 -0500] "HEAD /BLA/boletinlegal/ HTTP/1.1" 200 -
172.22.2.4 - - [03/Dec/2022:07:05:24 -0500] "GET /BLA/boletinlegal/ HTTP/1.1" 200 58612
186.102.29.223 - - [03/Dec/2022:07:07:33 -0500] "GET /kwssiamovil/sm/ldap/au?x=U2FsdGVkX18jV6g1F10WR10Mz7v118OzNu+tyuxZ3hYuwOuAAij+Yj2ATk37dnGG&y=U2FsdGVkX1/ec1HL8ZaixXr/jTczC2fP5bKZmWWH1OaeK86fGdN5hsCl7Qy5QIIm HTTP/1.1" 200 30
186.102.29.223 - - [03/Dec/2022:07:07:33 -0500] "GET /kwssiamovil/sm/acme/s?s=U2FsdGVkX18yaltPLLPft6TBcEFkuHjpXtaupeXmLTZP+JdwA6+qVtl86oehOvrKXk29imHlj2F+yOESU7I0PedRFd+jGNkvqvJkYLSIgyU=&u=U2FsdGVkX1+qcNvGNirZrLXyOVLudya81A9AygEGMhY=&y=U2FsdGVkX1/ec1HL8ZaixXr/jTczC2fP5bKZmWWH1OaeK86fGdN5hsCl7Qy5QIIm HTTP/1.1" 200 97
186.102.29.223 - - [03/Dec/2022:07:07:33 -0500] "GET /kwssiamovil/sm/acme/s?s=U2FsdGVkX18FD+oD9r/GsAF6atOunUQH9Q5eBuyOqFvkXLHY2ICWxPLNnojzXUJTv4cW5ZeJi64ll/bxWEZ0WXJgVbgyt+bUCTQ2Ntu6/lJPy0WxwUwCNaEi33jSqMw7KHmEP4+9uj+4rsZ/jJVESjwcGM0G0a/SOInspzauTiHtgOkVFgKAGDCbuK0wv/XulyCBcKsfv4GkTEhAgQa9/t8f5rvPuht3ZAaQB4nmEKxvEI5UfHYVTc8WJvzBOtqahobBL/pnNeZYBLojIvrDppU+CHmWMP4VGlPuOrVvnwkf+ZUBNuMsQXJy2gB0hxlCjJyPKC9E1vx+YaStN8ES3iGttxx8ba9WaWoXCf7jcJgFtTLqdPIJfmtpAckonIjARwKEpbyoF5fQNh1eUW5ZRF7KUR7Dn4YBI1nKX1+HvtXSnp7qI7j0yUx16Pdj1W7raJLuNhLOjmZ6r8bxHi8wI4zFNzPoX3BgHlssb/qgMIMqF0DbPYjbPp/qpOFii2WTerPpy9RxGFO6zqbw1SscPBztRxYqlbzZjTtEvXES5WlYjExRoxdfoCKGDzaAxFN6Jca7MdGRKvAD5CitaFbxEr+FWdjfYE0/VTlBNJ+1IzBfhXd5Hb9z8VrO+F4EklkEtXGQLJquMm+2Kz+DMQjoP652bnHjZa4fMk2chYAw+kiqkO0/C3r3gbt7R8LSApawtmWrm2wATyyUG0yMv4Yt2gG/cY0VHhaqGbqhbu/MUPdPfHHWu9Gt2pK1G3kocv5z0a76nbztUDf+aun0EIPvnvYS8i/okCaV7WwFPrLmnIdUq+wthP5+YiSgNvol2QxHbTVllQ+FCrmg9yJum6leoLkOKgXcrb2hK2+aHM/alXl5raPaopZmv4SLz153ciJZpmLKjP9G2glMc4pq9uZ8P0PiJf4mT7rasrm14RBUieDEMd4t15CnVKAZDnSAwCB/7uh5AXWxlitmV0v0JFTswL2+mjn62OyGTC/gt+n//g1LqBtk3YmlPPC4wALCDgO2E83xTH5xA+Eo/cfjy/0mExB9JMKZDdhFB+HNXIPfuIe6WPhM0xKVfnV5kVbpCOXl7M07/IR/KtAzx7MaOfULtdYREYElGQhxYxhOHuH/oDpPKZxOP7MasU5Qy5p3ad2hAswlcYvt4jMqGPE1wo5V4D6iVjo8fee3EBGcdtoPyhyzlMaVXd2hVnthh3gHjY9UazHyWOEXp9LxDLe5lg/uIQaa4vxQr/BMHu81NmZ8Yoi1+2V9TCO1e9e/jTPW/a9x2qsAS006R4TpQvt1DctQhzX+gRFnnY0g6lByKkhdUq5bqXVC5Ow/3NxoISIsk9Ao9v0mkC9PGS/y5IYZGxWtS5knwmS2okHx0HHd4EvsuE/c3p7VWceeY0YzFLs2htVbUEgmb2wcVMbq+zmKzKFInS110UdNrS+bhHxNsXJSSgI=&u=U2FsdGVkX1+qcNvGNirZrLXyOVLudya81A9AygEGMhY=&y=U2FsdGVkX1/ec1HL8ZaixXr/jTczC2fP5bKZmWWH1OaeK86fGdN5hsCl7Qy5QIIm HTTP/1.1" 200 7540
186.102.29.223 - - [03/Dec/2022:07:07:33 -0500] "GET /kwssiamovil/sm/acme/s?s=U2FsdGVkX18S2BDFQ50KfW3/p2gASl15FYH9eNqraF1kptM4/a/gIqAlUQQpG+VoaY5TfHLMKoA58/bA1zLe4N6XTDruX/22DO8xoslYLRJyd+8qW3v9Cr5OumNJEFZz6toUgq4y51JqVLYs9psB7GnD2aGdSfyZuiH799csXiib4DRjWEeq6stQslIQw5zTolqlPK9U/kIWQcb1L6NUSi1v6B5mSeyZIzn4GKRYszkXNUyoKbnuJZzPOQkPBfiNIKmPp7QLsmaC5VQi113FNjb8Ar9/94WivoBZnT/Mt4rtdu/mNo6o8PydDUZwBCaEh6PYV+TZLul88PNrlcakjQ==&u=U2FsdGVkX1+qcNvGNirZrLXyOVLudya81A9AygEGMhY=&y=U2FsdGVkX1/ec1HL8ZaixXr/jTczC2fP5bKZmWWH1OaeK86fGdN5hsCl7Qy5QIIm HTTP/1.1" 200 196
186.102.29.223 - - [03/Dec/2022:07:07:34 -0500] "GET /kwssiamovil/sm/cjson/pre?f=1&x=U2FsdGVkX18jV6g1F10WR10Mz7v118OzNu+tyuxZ3hYuwOuAAij+Yj2ATk37dnGG HTTP/1.1" 200 31032
201.245.192.253 - - [03/Dec/2022:07:07:55 -0500] "POST /kwsrmcab/Wsrmcab  HTTP/1.1" 502 1155
172.22.2.4 - - [03/Dec/2022:07:09:16 -0500] "GET /BLA/boletinlegal/actos.php HTTP/1.1" 200 9566
172.22.2.4 - - [03/Dec/2022:07:09:33 -0500] "GET /BLA/boletinlegal/js/ajax_actos.js HTTP/1.1" 200 1322
172.22.2.4 - - [03/Dec/2022:07:09:38 -0500] "GET /BLA/boletinlegal/js/lib.js HTTP/1.1" 200 6474
172.22.2.4 - - [03/Dec/2022:07:09:38 -0500] "GET /BLA/boletinlegal/niceforms-default.css HTTP/1.1" 200 6694
216.245.221.92 - - [03/Dec/2022:07:09:39 -0500] "HEAD / HTTP/1.1" 200 -
172.22.2.4 - - [03/Dec/2022:07:09:43 -0500] "GET /BLA/boletinlegal/styles2.css HTTP/1.1" 200 1838
172.22.2.4 - - [03/Dec/2022:07:10:03 -0500] "GET /BLA/boletinlegal/js/jquery1.js HTTP/1.1" 200 29846
172.22.2.4 - - [03/Dec/2022:07:10:04 -0500] "GET /BLA/boletinlegal/js/popup.js HTTP/1.1" 200 1270
66.249.79.111 - - [03/Dec/2022:07:10:23 -0500] "GET /Publicaciones/2022EE309328.pdf HTTP/1.1" 200 346858
157.55.39.39 - - [03/Dec/2022:07:11:31 -0500] "GET /BLA/resoluciones/index.php?dir=AUTOS+2019%2F HTTP/1.1" 200 349992
172.22.2.4 - - [03/Dec/2022:07:10:23 -0500] "HEAD /BLA/boletinlegal/ HTTP/1.1" 200 -
162.55.175.24 - - [03/Dec/2022:07:12:22 -0500] "GET / HTTP/1.1" 200 319
114.119.136.66 - - [03/Dec/2022:07:12:42 -0500] "GET /autoliquidacion2020/index.php?dir=Aceites-Residuos-Estaciones-/Registro%2Baceite%2Bvegetal%2Busado/ HTTP/1.1" 200 6510
201.245.192.253 - - [03/Dec/2022:07:12:51 -0500] "POST /kwsrmcab/Wsrmcab  HTTP/1.1" 200 213
172.22.2.4 - - [03/Dec/2022:07:11:14 -0500] "GET /BLA/boletinlegal/ HTTP/1.1" 200 52453
114.119.130.116 - - [03/Dec/2022:07:14:13 -0500] "GET /BLA/resoluciones/RESOLUCIONES%202018/0268.pdf HTTP/1.1" 200 303533
185.119.81.102 - - [03/Dec/2022:07:14:15 -0500] "GET /portaldeninos/wp-login.php HTTP/1.1" 200 2592
185.119.81.102 - - [03/Dec/2022:07:14:16 -0500] "POST /portaldeninos/wp-login.php HTTP/1.1" 200 3650
216.245.221.92 - - [03/Dec/2022:07:14:39 -0500] "HEAD / HTTP/1.1" 200 -
207.46.13.174 - - [03/Dec/2022:07:14:40 -0500] "GET /BLA/resoluciones/RESOLUCIONES%202021/3226.pdf HTTP/1.1" 304 -
199.16.157.180 - - [03/Dec/2022:07:15:50 -0500] "GET /images/cr%C3%B3nica-29-nov-1_optimized.jpeg HTTP/1.1" 404 1034
199.16.157.180 - - [03/Dec/2022:07:16:23 -0500] "GET /robots.txt HTTP/1.1" 404 1034
114.119.134.6 - - [03/Dec/2022:07:16:48 -0500] "GET /BLA/resoluciones/RESOLUCIONES%202013/0906.pdf HTTP/1.1" 200 627643
69.63.184.116 - - [03/Dec/2022:07:17:30 -0500] "GET /images/cr\xc3\xb3nica-29-nov-1_optimized.jpeg HTTP/1.1" 404 1034
201.245.192.253 - - [03/Dec/2022:07:17:49 -0500] "POST /kwsrmcab/Wsrmcab  HTTP/1.1" 200 213
172.22.2.4 - - [03/Dec/2022:07:16:13 -0500] "HEAD /BLA/boletinlegal/ HTTP/1.1" 200 -
172.22.2.4 - - [03/Dec/2022:07:18:23 -0500] "POST /BLA/boletinlegal/vendor/phpunit/phpunit/src/Util/PHP/eval-stdin.php HTTP/1.1" 404 1018
172.22.2.4 - - [03/Dec/2022:07:17:04 -0500] "GET /BLA/boletinlegal/ HTTP/1.1" 200 52453
185.119.81.99 - - [03/Dec/2022:07:19:27 -0500] "GET /portaldeninos/wp-login.php HTTP/1.1" 200 2592
185.119.81.99 - - [03/Dec/2022:07:19:28 -0500] "POST /portaldeninos/wp-login.php HTTP/1.1" 200 3670
216.245.221.92 - - [03/Dec/2022:07:19:39 -0500] "HEAD / HTTP/1.1" 200 -
114.119.152.30 - - [03/Dec/2022:07:19:51 -0500] "GET /BLA/resoluciones/RESOLUCIONES%202011/2517.pdf HTTP/1.1" 200 252463
201.245.192.253 - - [03/Dec/2022:07:20:59 -0500] "POST /kwsrmcab/Wsrmcab HTTP/1.1" 200 41875
201.245.192.253 - - [03/Dec/2022:07:21:02 -0500] "POST /kwsrmcab/Wsrmcab HTTP/1.1" 200 41846
114.119.157.57 - - [03/Dec/2022:07:21:04 -0500] "GET /BLA/resoluciones/RESOLUCIONES%202011/0317.pdf HTTP/1.1" 200 197872
172.22.2.4 - - [03/Dec/2022:07:21:57 -0500] "GET /BLA/boletinlegal/Circulares/2011/Circular%20No.%209%20del%2003%20de%20Noviembre%20de%202011.pdf HTTP/1.1" 304 -
201.245.192.253 - - [03/Dec/2022:07:22:48 -0500] "POST /kwsrmcab/Wsrmcab  HTTP/1.1" 200 213
172.22.2.4 - - [03/Dec/2022:07:22:03 -0500] "HEAD /BLA/boletinlegal/ HTTP/1.1" 200 -
186.28.212.234 - - [03/Dec/2022:07:23:53 -0500] "GET /appsia/controlador HTTP/1.1" 200 4799
186.28.212.234 - - [03/Dec/2022:07:24:18 -0500] "POST /appsia/controlador HTTP/1.1" 200 4621
172.22.2.4 - - [03/Dec/2022:07:22:54 -0500] "GET /BLA/boletinlegal/ HTTP/1.1" 200 56079
216.245.221.92 - - [03/Dec/2022:07:24:39 -0500] "HEAD / HTTP/1.1" 200 -
157.55.39.39 - - [03/Dec/2022:07:26:27 -0500] "GET /BLA/resoluciones/index.php?dir=AUTOS+2018%2F HTTP/1.1" 200 442469
201.245.192.253 - - [03/Dec/2022:07:27:48 -0500] "POST /kwsrmcab/Wsrmcab  HTTP/1.1" 502 1155
172.22.2.4 - - [03/Dec/2022:07:26:42 -0500] "GET /BLA/boletinlegal/ HTTP/1.1" 200 60277
114.119.132.131 - - [03/Dec/2022:07:29:05 -0500] "GET /BLA/resoluciones/RESOLUCIONES%202010/7051.pdf HTTP/1.1" 200 41399
172.22.2.4 - - [03/Dec/2022:07:27:54 -0500] "HEAD /BLA/boletinlegal/ HTTP/1.1" 200 -
216.245.221.92 - - [03/Dec/2022:07:29:40 -0500] "HEAD / HTTP/1.1" 200 -
172.22.2.4 - - [03/Dec/2022:07:28:45 -0500] "GET /BLA/boletinlegal/ HTTP/1.1" 200 48283
172.22.2.4 - - [03/Dec/2022:07:30:28 -0500] "GET /BLA/boletinlegal/favicon.ico HTTP/1.1" 404 1018
172.22.2.4 - - [03/Dec/2022:07:29:46 -0500] "GET /BLA/boletinlegal/ HTTP/1.1" 200 32715
173.252.79.21 - - [03/Dec/2022:07:30:50 -0500] "GET /images/cr\xc3\xb3nica-29-nov-1_optimized.jpeg HTTP/1.1" 404 1034
201.245.192.253 - - [03/Dec/2022:07:30:59 -0500] "POST /kwsrmcab/Wsrmcab HTTP/1.1" 200 41875
201.245.192.253 - - [03/Dec/2022:07:31:02 -0500] "POST /kwsrmcab/Wsrmcab HTTP/1.1" 200 41846
172.22.2.4 - - [03/Dec/2022:07:31:12 -0500] "GET /BLA/boletinlegal/js/jquery.scrollTo-min.js HTTP/1.1" 200 1150
31.13.127.8 - - [03/Dec/2022:07:32:03 -0500] "GET /images/cr\xc3\xb3nica-29-nov-1_optimized.jpeg HTTP/1.1" 404 1034
66.249.79.113 - - [03/Dec/2022:07:32:23 -0500] "GET /BLA/resoluciones/RESOLUCIONES%202009/1994.pdf HTTP/1.1" 200 660855
66.249.79.111 - - [03/Dec/2022:07:32:25 -0500] "GET /BLA/resoluciones/RESOLUCIONES%202010/5609.pdf HTTP/1.1" 200 1299601
66.249.79.115 - - [03/Dec/2022:07:32:26 -0500] "GET /BLA/resoluciones/AUTOS%202017/5215.pdf HTTP/1.1" 200 344739
66.249.79.113 - - [03/Dec/2022:07:32:28 -0500] "GET /BLA/resoluciones/AUTOS%202015/5448.pdf HTTP/1.1" 200 403517
66.249.79.113 - - [03/Dec/2022:07:32:29 -0500] "GET /BLA/resoluciones/RESOLUCIONES%202014/2014.pdf HTTP/1.1" 200 925181
66.249.79.111 - - [03/Dec/2022:07:32:31 -0500] "GET /BLA/resoluciones/AUTOS%202017/2102.pdf HTTP/1.1" 200 295634
66.249.79.115 - - [03/Dec/2022:07:32:33 -0500] "GET /BLA/resoluciones/RESOLUCIONES%202016/1397.pdf HTTP/1.1" 200 4471617
66.249.79.115 - - [03/Dec/2022:07:32:38 -0500] "GET /BLA/resoluciones/AUTOS%202010/6937.pdf HTTP/1.1" 200 307551
66.249.79.115 - - [03/Dec/2022:07:32:39 -0500] "GET /BLA/resoluciones/RESOLUCIONES%202009/0477.pdf HTTP/1.1" 200 626682
66.249.79.115 - - [03/Dec/2022:07:32:40 -0500] "GET /BLA/resoluciones/RESOLUCIONES%202008/0076.pdf HTTP/1.1" 200 360606
66.249.79.113 - - [03/Dec/2022:07:32:42 -0500] "GET /BLA/resoluciones/AUTOS%202014/0582.pdf HTTP/1.1" 200 663261
66.249.79.113 - - [03/Dec/2022:07:32:44 -0500] "GET /BLA/resoluciones/AUTOS%202007/1359.pdf HTTP/1.1" 200 52992
66.249.79.117 - - [03/Dec/2022:07:32:46 -0500] "GET /Publicaciones/2020EE141522.pdf HTTP/1.1" 404 228
66.249.79.113 - - [03/Dec/2022:07:32:47 -0500] "GET /BLA/resoluciones/RESOLUCIONES%202009/5367.pdf HTTP/1.1" 200 544075
201.245.192.253 - - [03/Dec/2022:07:32:47 -0500] "POST /kwsrmcab/Wsrmcab  HTTP/1.1" 200 213
66.249.79.115 - - [03/Dec/2022:07:32:49 -0500] "GET /BLA/resoluciones/AUTOS%202010/5512.pdf HTTP/1.1" 200 154469
66.249.79.121 - - [03/Dec/2022:07:32:51 -0500] "GET /BLA/resoluciones/AUTOS%202013/2399.pdf HTTP/1.1" 200 1866820
66.249.79.111 - - [03/Dec/2022:07:32:53 -0500] "GET /BLA/resoluciones/RESOLUCIONES%202009/0942.pdf HTTP/1.1" 200 464775
66.249.79.115 - - [03/Dec/2022:07:32:55 -0500] "GET /BLA/resoluciones/RESOLUCIONES%202016/1285.pdf HTTP/1.1" 200 797887
66.249.79.121 - - [03/Dec/2022:07:32:57 -0500] "GET /BLA/resoluciones/RESOLUCIONES%202008/2250.pdf HTTP/1.1" 200 197745
66.249.79.119 - - [03/Dec/2022:07:32:59 -0500] "GET /BLA/resoluciones/AUTOS%202016/1412.pdf HTTP/1.1" 200 290143
66.249.79.97 - - [03/Dec/2022:07:33:01 -0500] "GET /BLA/resoluciones/AUTOS%202016/2164.pdf HTTP/1.1" 200 616519
66.249.79.97 - - [03/Dec/2022:07:33:02 -0500] "GET /BLA/resoluciones/AUTOS%202015/0450.pdf HTTP/1.1" 200 508340
66.249.79.119 - - [03/Dec/2022:07:33:04 -0500] "GET /BLA/resoluciones/RESOLUCIONES%202018/0545.pdf HTTP/1.1" 200 248932
66.249.79.97 - - [03/Dec/2022:07:33:06 -0500] "GET /BLA/resoluciones/AUTOS%202009/3396.pdf HTTP/1.1" 200 101825
66.249.79.99 - - [03/Dec/2022:07:33:08 -0500] "GET /BLA/resoluciones/RESOLUCIONES%202007/RES%202007%202401%20AL%202500/RESOLUCION%202461%20DE%202007.pdf HTTP/1.1" 200 1139373
66.249.79.111 - - [03/Dec/2022:07:33:10 -0500] "GET /BLA/resoluciones/RESOLUCIONES%202010/7836.pdf HTTP/1.1" 200 461808
66.249.79.115 - - [03/Dec/2022:07:33:12 -0500] "GET /pdc/actos/1430.pdf HTTP/1.1" 200 1616183
66.249.79.127 - - [03/Dec/2022:07:33:14 -0500] "GET /BLA/resoluciones/AUTOS%202013/1842.pdf HTTP/1.1" 200 897015
66.249.79.125 - - [03/Dec/2022:07:33:28 -0500] "GET /BLA/resoluciones/RESOLUCIONES%202010/5661.pdf HTTP/1.1" 200 3016384
66.249.79.113 - - [03/Dec/2022:07:33:32 -0500] "GET /BLA/resoluciones/AUTOS%202009/0551.pdf HTTP/1.1" 200 127250
66.249.79.119 - - [03/Dec/2022:07:33:33 -0500] "GET /BLA/resoluciones/AUTOS%202015/0415.pdf HTTP/1.1" 200 832799
66.249.79.121 - - [03/Dec/2022:07:33:38 -0500] "GET /BLA/resoluciones/RESOLUCIONES%202014/1665.pdf HTTP/1.1" 200 731862
66.249.79.115 - - [03/Dec/2022:07:33:40 -0500] "GET /BLA/resoluciones/AUTOS%202014/6949.pdf HTTP/1.1" 200 271539
66.249.79.117 - - [03/Dec/2022:07:33:41 -0500] "GET /BLA/resoluciones/Notificaciones/AUTOS%202017/03503.pdf HTTP/1.1" 200 429742
66.249.79.119 - - [03/Dec/2022:07:33:43 -0500] "GET /BLA/resoluciones/RESOLUCIONES%202009/4268.pdf HTTP/1.1" 200 504713
66.249.79.121 - - [03/Dec/2022:07:33:44 -0500] "GET /BLA/resoluciones/Notificaciones/AUTOS%202022/5039.pdf HTTP/1.1" 200 340345
66.249.79.123 - - [03/Dec/2022:07:33:51 -0500] "GET /BLA/resoluciones/AUTOS%202015/1606.pdf HTTP/1.1" 200 587010
66.249.79.115 - - [03/Dec/2022:07:33:55 -0500] "GET /BLA/resoluciones/Notificaciones/AUTOS%202017/01536.pdf HTTP/1.1" 200 345821
66.249.79.119 - - [03/Dec/2022:07:33:57 -0500] "GET /BLA/resoluciones/RESOLUCIONES%202009/2140.pdf HTTP/1.1" 200 476771
66.249.79.111 - - [03/Dec/2022:07:33:58 -0500] "GET /BLA/resoluciones/RESOLUCIONES%202007/RES%202007%20301%20AL%20400/RESOLUCION%200383%20DE%202007.pdf HTTP/1.1" 200 310247
66.249.79.121 - - [03/Dec/2022:07:34:00 -0500] "GET /BLA/resoluciones/AUTOS%202010/6883.pdf HTTP/1.1" 200 226782
66.249.79.127 - - [03/Dec/2022:07:34:02 -0500] "GET /BLA/resoluciones/RESOLUCIONES%202011/5983.pdf HTTP/1.1" 200 252218
66.249.79.117 - - [03/Dec/2022:07:34:04 -0500] "GET /BLA/resoluciones/AUTOS%202014/2708.pdf HTTP/1.1" 200 469281
66.249.79.119 - - [03/Dec/2022:07:34:05 -0500] "GET /BLA/resoluciones/RESOLUCIONES%202017/3198.pdf HTTP/1.1" 200 392842
66.249.79.111 - - [03/Dec/2022:07:34:07 -0500] "GET /BLA/resoluciones/RESOLUCIONES%202007/RES%202007%203801%20AL%203900/RESOLUCION%203833%20DE%202007.pdf HTTP/1.1" 200 980021
66.249.79.119 - - [03/Dec/2022:07:34:09 -0500] "GET /BLA/resoluciones/RESOLUCIONES%202007/RES%202007%202701%20AL%202800/RESOLUCION%202760%20DE%202007.pdf HTTP/1.1" 200 434723
66.249.79.117 - - [03/Dec/2022:07:34:11 -0500] "GET /BLA/resoluciones/RESOLUCIONES%202017/0287.pdf HTTP/1.1" 200 361705
66.249.79.117 - - [03/Dec/2022:07:34:13 -0500] "GET /BLA/resoluciones/RESOLUCIONES%202017/0495.pdf HTTP/1.1" 200 414920
186.102.22.34 - - [03/Dec/2022:07:34:14 -0500] "GET /kwssiamovil/sm/ldap/au?x=U2FsdGVkX1+Ol+hBfLy+fLPSWNLXR5xy8GrZ6dNTYlSrYx2UB07gFz0DrKh7LQPz&y=U2FsdGVkX1/KCivW9OPExZv66Js22QWvCFSpgjhMLkRBRDQ7GcQz4tdxQP+fD5NM HTTP/1.1" 200 30
186.102.22.34 - - [03/Dec/2022:07:34:15 -0500] "GET /kwssiamovil/sm/acme/s?s=U2FsdGVkX1+duMaAcC+BUIq1mq2rNnVhagg4PlbBhzxFsDuvvooJEjP5oGSQqipOG01MnGL/GN62CCVQuL8mNkuKo+M56zCfarQljCZS7dE=&u=U2FsdGVkX19tuMLzPk1KT0DGo+c5E8eb+8m24HAhBjk=&y=U2FsdGVkX1/KCivW9OPExZv66Js22QWvCFSpgjhMLkRBRDQ7GcQz4tdxQP+fD5NM HTTP/1.1" 200 97
186.102.22.34 - - [03/Dec/2022:07:34:15 -0500] "GET /kwssiamovil/sm/acme/s?s=U2FsdGVkX199mFfblyTHNj9XN/IzCLi/lEjHbNcauTfDM8QydzovcyDTLMhfvw/gJ6WOX2iDJIm/7KZmVmLsDD8i63eFyrzf9m5C188mjx1sk87rpV+2daTIRkj9sv2wN7SE6hwwDVLa37tdeS0bOwv+qry1x4vEej+TIcKxP+NNmQFqNg27a33BLI74+R4KXuR4mf2DmdSH9AhwS9o24N5stzeuOvqAMLFFV3dXdAFDcmBwXpiGsuuBq5cS4kc9LSO6z8Aq0OIJ0JcFRK0o+XYDwZPBMmeV5tqU2lM00GmcBkWfk0NnAAbqphJXJF+7qVIuFt4Av0DyrFY+quYccPz5XV+7l377UBdiYs3VLV5sJvCj4Ym242nOwFxwSpbSDxeIsa2qFCEGSga07jRl4u5AvwTxm8d3nPEBqINTKvsCVmf5tmhnsH7+v8ty0aZV+Vvs6xchAZlGs/EzNBhHAXW0XrpMDDZK1Q5UpTTIqE/CGyaqsTzYwOvJob10TXuwNrp+d74sGKQB2dtirI+1CJLveqHB7l3GC1Fo+uHS5m9BY4raKamY3dGXPZ2YgRoz4O79BCck2TXNCHn+RHF/TFrg8aE064HGCMEu/+6z6eMuURJn126wiDbUYt5EvAVj5rs2CpZ7pGBTxoXp3TrLdhbJY5h3VEq5X9TCtMdYavUzZtjxyO2CYZ2N2ekqNjROrlsdFl03n8KnZX4lBaPaMiMjBSFWLFhe9ioIrEFvT83QUL/w96+tQOtjaWiJcBUyhb/02IeTM0PndZE8kChOI6O11+SmQcBwK54RV9vgfF4en9439D1lZrIQkCp6lmR6Hu7AZifqQ5sGyXJ/YpJJWWIWL4W2P1CMMcv4vKW+ZFgAacC97WRAZPIS6QqZUBKzQ7gawHqq/sH2u3K+xkMoLR/F96zARiKAd2WPnBgA+Z8BBqdLsryxP19AF8+ycDgcFGGqi4Urx44EXvHQgZc35ic92tlWZbrIG/qbWrhaBW9cibV07Akqnd7vN7UIqy8ZIhVgbebk7YP19zOBKByiyfTQpyfhuZ79RoUhzSDXWkMYkFYeJJe5c8nykyM2jCEM02XM1L8tY5z3EWIb236Te5C3Aedl4ipxCQsaXdQ1G/xDRyHH4yaQoByckRTIgCEgEe2OE0jB/GKuaSgYNb1BWYidvIAvITuXTN7vpVRRXzrqKLaII03z6oFyrrvHA/3wNA/APg1/E/BsR6fKwaqez/KG3zWygY1MMnufcM/a63XGmlrqRfFk2UwxWn6Y5xgENk+BUKD7Ux1etP61nIK1C5taF75gKs6oDBNV9yUp8t6+X2qYfXAtSOeoNvNV5m93Gn0sZP0G8znqGprvQAPo/DWp+mzpJBSwnIZEVKvAyjSOs3Bh1/MglIjCe0TuVXZ82251qQ0SL9Xfz6eTKwOzeOMU7sK8Ybr0nIMYt/pzxik=&u=U2FsdGVkX19tuMLzPk1KT0DGo+c5E8eb+8m24HAhBjk=&y=U2FsdGVkX1/KCivW9OPExZv66Js22QWvCFSpgjhMLkRBRDQ7GcQz4tdxQP+fD5NM HTTP/1.1" 200 856
186.102.22.34 - - [03/Dec/2022:07:34:15 -0500] "GET /kwssiamovil/sm/acme/s?s=U2FsdGVkX19E9MogVMbT7ufGW9zhkhmfxXac8HZjaP+nN0Svj1w7SPEey/oC1rLn0wEvOpNLYOIjAZ0Tlyky1Fkkjy9DleVk4yaIHRrZv5/BI7JrUxhpi61GVFRYLJ1WJGfZwaGNNtHxp+/zy2SLQ6a1AP/ClsRAZiH8EYiEEtvBGeMHuvQ/lYPxudIweXj/BBqt+fqltoTSnyFSMSaSFxSYvhxbv6p0UmrjA+pJE1CGIhw5amBNYIo3Pj+d17G0CXqp1rUzWgwr1rO8/SHVlCxBOIQsetDlce/Tok8jndo9u96u8SNqoT2zF6IsTU1+pxIvUZ3IHFXZm5TQUT14eQ==&u=U2FsdGVkX19tuMLzPk1KT0DGo+c5E8eb+8m24HAhBjk=&y=U2FsdGVkX1/KCivW9OPExZv66Js22QWvCFSpgjhMLkRBRDQ7GcQz4tdxQP+fD5NM HTTP/1.1" 200 196
66.249.79.111 - - [03/Dec/2022:07:34:15 -0500] "GET /BLA/resoluciones/RESOLUCIONES%202007/RES%202007%204301%20AL%204352/RESOLUCION%204324%20DE%202007.pdf HTTP/1.1" 200 1032107
186.102.22.34 - - [03/Dec/2022:07:34:15 -0500] "GET /kwssiamovil/sm/cjson/pre?f=1&x=U2FsdGVkX1+Ol+hBfLy+fLPSWNLXR5xy8GrZ6dNTYlSrYx2UB07gFz0DrKh7LQPz HTTP/1.1" 200 31032
66.249.79.119 - - [03/Dec/2022:07:34:18 -0500] "GET /BLA/resoluciones/RESOLUCIONES%202007/RES%202007%20101%20AL%20200/RESOLUCION%200124%20%20DE%202007.pdf HTTP/1.1" 200 392554
66.249.79.113 - - [03/Dec/2022:07:34:20 -0500] "GET /BLA/resoluciones/AUTOS%202013/0197.pdf HTTP/1.1" 200 4088686
66.249.79.113 - - [03/Dec/2022:07:34:23 -0500] "GET /BLA/resoluciones/RESOLUCIONES%202010/0130.pdf HTTP/1.1" 200 384384
66.249.79.115 - - [03/Dec/2022:07:34:24 -0500] "GET /BLA/resoluciones/AUTOS%202015/0910.pdf HTTP/1.1" 200 555946
66.249.79.115 - - [03/Dec/2022:07:34:26 -0500] "GET /BLA/resoluciones/AUTOS%202014/1913.pdf HTTP/1.1" 200 342554
66.249.79.115 - - [03/Dec/2022:07:34:28 -0500] "GET /BLA/resoluciones/RESOLUCIONES%202008/3650.pdf HTTP/1.1" 200 1546650
66.249.79.119 - - [03/Dec/2022:07:34:30 -0500] "GET /Publicaciones/2022EE251906.pdf HTTP/1.1" 404 228
66.249.79.119 - - [03/Dec/2022:07:34:31 -0500] "GET /BLA/resoluciones/AUTOS%202010/1121.pdf HTTP/1.1" 200 184039
66.249.79.123 - - [03/Dec/2022:07:34:34 -0500] "GET /BLA/resoluciones/RESOLUCIONES%202013/1026.pdf HTTP/1.1" 200 632727
66.249.79.123 - - [03/Dec/2022:07:34:35 -0500] "GET /BLA/resoluciones/AUTOS%202011/6197.pdf HTTP/1.1" 200 470676
66.249.79.113 - - [03/Dec/2022:07:34:37 -0500] "GET /BLA/resoluciones/AUTOS%202009/1988.pdf HTTP/1.1" 200 406523
216.245.221.92 - - [03/Dec/2022:07:34:39 -0500] "HEAD / HTTP/1.1" 200 -
66.249.79.115 - - [03/Dec/2022:07:34:40 -0500] "GET /BLA/resoluciones/AUTOS%202014/5471.pdf HTTP/1.1" 200 566016
66.249.79.119 - - [03/Dec/2022:07:34:41 -0500] "GET /BLA/resoluciones/RESOLUCIONES%202008/5589.pdf HTTP/1.1" 200 260057
66.249.79.127 - - [03/Dec/2022:07:34:43 -0500] "GET /BLA/resoluciones/AUTOS%202007/1039.pdf HTTP/1.1" 200 49387
66.249.79.123 - - [03/Dec/2022:07:34:45 -0500] "GET /BLA/resoluciones/RESOLUCIONES%202016/2136.pdf HTTP/1.1" 200 838346
66.249.79.97 - - [03/Dec/2022:07:34:48 -0500] "GET /BLA/resoluciones/AUTOS%202008/0312.pdf HTTP/1.1" 200 166767
66.249.79.127 - - [03/Dec/2022:07:34:49 -0500] "GET /BLA/resoluciones/RESOLUCIONES%202009/6294.pdf HTTP/1.1" 200 2071060
66.249.79.119 - - [03/Dec/2022:07:34:51 -0500] "GET /BLA/resoluciones/AUTOS%202008/1652.pdf HTTP/1.1" 200 114549
114.119.136.3 - - [03/Dec/2022:07:35:00 -0500] "GET /BLA/resoluciones/RESOLUCIONES%202010/6365.pdf HTTP/1.1" 200 96279
66.249.79.125 - - [03/Dec/2022:07:35:02 -0500] "GET /BLA/resoluciones/AUTOS%202015/0211.pdf HTTP/1.1" 200 498381
66.249.79.117 - - [03/Dec/2022:07:35:03 -0500] "GET /BLA/resoluciones/AUTOS%202014/0566.pdf HTTP/1.1" 200 423175
66.249.79.123 - - [03/Dec/2022:07:35:05 -0500] "GET /BLA/resoluciones/Notificaciones/REGISTROS%202021/02083.pdf HTTP/1.1" 200 414079
172.22.2.4 - - [03/Dec/2022:07:33:44 -0500] "HEAD /BLA/boletinlegal/ HTTP/1.1" 200 -
172.22.2.4 - - [03/Dec/2022:07:34:35 -0500] "GET /BLA/boletinlegal/ HTTP/1.1" 200 59035
201.245.192.253 - - [03/Dec/2022:07:37:46 -0500] "POST /kwsrmcab/Wsrmcab  HTTP/1.1" 200 213
216.245.221.92 - - [03/Dec/2022:07:39:39 -0500] "HEAD / HTTP/1.1" 200 -
114.119.144.200 - - [03/Dec/2022:07:39:52 -0500] "GET /BLA/resoluciones/RESOLUCIONES%202010/6225.pdf HTTP/1.1" 200 15322524
201.245.192.253 - - [03/Dec/2022:07:40:58 -0500] "POST /kwsrmcab/Wsrmcab HTTP/1.1" 200 41875
201.245.192.253 - - [03/Dec/2022:07:41:02 -0500] "POST /kwsrmcab/Wsrmcab HTTP/1.1" 200 41846
172.22.2.4 - - [03/Dec/2022:07:39:34 -0500] "HEAD /BLA/boletinlegal/ HTTP/1.1" 200 -
114.119.130.92 - - [03/Dec/2022:07:41:34 -0500] "GET /BLA/resoluciones/RESOLUCIONES%202010/5173.pdf HTTP/1.1" 200 1013738
172.22.2.4 - - [03/Dec/2022:07:40:25 -0500] "GET /BLA/boletinlegal/ HTTP/1.1" 200 59404
201.245.192.253 - - [03/Dec/2022:07:42:45 -0500] "POST /kwsrmcab/Wsrmcab  HTTP/1.1" 200 213
69.171.249.20 - - [03/Dec/2022:07:43:10 -0500] "GET /images/cr\xc3\xb3nica-29-nov-1_optimized.jpeg HTTP/1.1" 404 1034
64.124.8.46 - - [03/Dec/2022:07:43:17 -0500] "GET /BLA/boletinlegal/jurisprudencia/analisis/AnalisisC-273-11.docx HTTP/1.1" 304 -
40.77.167.13 - - [03/Dec/2022:07:43:26 -0500] "GET /sipse/faces/faces/autenticacion.xhtml HTTP/1.1" 200 12496
114.119.149.171 - - [03/Dec/2022:07:43:39 -0500] "GET /BLA/resoluciones/RESOLUCIONES%202010/1971.pdf HTTP/1.1" 200 422276
114.119.130.61 - - [03/Dec/2022:07:44:19 -0500] "GET /BLA/resoluciones/RESOLUCIONES%202010/0043.pdf HTTP/1.1" 200 496475
69.63.184.117 - - [03/Dec/2022:07:44:33 -0500] "GET /images/cr\xc3\xb3nica-29-nov-1_optimized.jpeg HTTP/1.1" 404 1034
216.245.221.92 - - [03/Dec/2022:07:44:39 -0500] "HEAD / HTTP/1.1" 200 -
64.124.8.31 - - [03/Dec/2022:07:44:46 -0500] "-" 408 -
186.102.47.97 - - [03/Dec/2022:07:45:04 -0500] "GET /kwssiamovil/sm/ldap/au?x=U2FsdGVkX18h4Ezjw/UCGg9b56/BAvxLGYTnS7/2SffGwbn0z1vkhzxuFb7wSAnOlCU7C0AdScdGZ7ApFyuOlg==&y=U2FsdGVkX1+klIBQYal0esmVDTE0w+yIbcDtsgCxrHrwTFwWjtyzLVL/QfZy2Bes HTTP/1.1" 200 30
186.102.47.97 - - [03/Dec/2022:07:45:04 -0500] "GET /kwssiamovil/sm/acme/s?s=U2FsdGVkX1/xvR0GRJKJBkSAIX/KlMtsJiv0+dabefb83MuBViqinyMTHUbBQDdK8v3Eq0UEsqzvCC+u+NDYeOLW533p24JEZBRb7fpb0bM=&u=U2FsdGVkX18ggdvdrN8pR+5vS03ZKqTvfM4IowNsRqJnFmhFIHKVAg7/LyGDckWu&y=U2FsdGVkX1+klIBQYal0esmVDTE0w+yIbcDtsgCxrHrwTFwWjtyzLVL/QfZy2Bes HTTP/1.1" 200 97
186.102.47.97 - - [03/Dec/2022:07:45:04 -0500] "GET /kwssiamovil/sm/acme/s?s=U2FsdGVkX18YEWz4DuJZaSIYtoRPnZ0zec11f6ckae8g0fFxUcqJ5ra8T3EgD3n7mcKRBzFGgGff5+XMaUgyllDvQxmhyLkHGQNEtSGotGwdm5rL3Xig5rMy/mS3tlH9JzHfz5FVIAGdRhOzCyFGldpaJW3Ep32I9rNaPG0AAYDbgVhS1RKinw3ZW87oOHKTuEvMQwPGFk88v6NG3yMC4fJLr9BmSuEgpWTNxYGN6s0sbiDDIqLcGuzAQBFyM5g2aLHO8FcFwbQD0T9uHRnG3w36rFDqvf4GkuhKqFaAzalYOohVjWgz8bM/woqXqIT0t6LH/nUfRFWBoO00yV733zBaGG2TGnm8QagkLV7KhZPYsubujsNOSDYULzaqI10IzHGkR0cH5NhmRhpxVU/P6o+X2blW/D+MhUwhcwOC5IiebZy1ivsIObeqCN0iDafuODJ7EgGuGna4O3kv26enUuny7M2SZjz+6EjtuEGfqAvH5zfsOnDs9pdItP5ovnBY/u01/orb5cZV7th3U3RHgZTkc2dFnscaPN189cTK3yOshoJPsjt9Hn8BmE6wNyWvIxsV4rjEEiz4+JkQ86U6vQIxlAwT+Ywzx8h8DooqNem8PIQJmnowk5ySwPPB70FWHSRgDbmUhj75GwN/vouJCVMnW8htEN8ZgHs7qmNKY/QJirzxq6SgQoeQzH6L3jnsAzbDaelDfXEIkbXNPJ7YF6o9RHSGduXoWBlrQn/gD+45QNHB0roICcF7qofHejoALyT3tHqE1Uaf069Sjm2/FW6FjVi8OkVkpUzrtaMch7R1HgbWiIWxh5D0+Pgq0mg3Dq/RxKsCQ8WmX6XyuImsjwHKihQMcq9VXPBPJgyYM61u9OXyBEwZPvPBxvU2sYtTxxkJp7cwJF96F44YLQWarFuIwuejCT2JByk4ZXf+ApVuK2wjmgOQPlBEjm+mQuuFe6B/vN1KVbOene7mhCIclqkboCls7Md4skfgCcFhp80MihDAalTrlIDtz7yR+W5sc4NLGKs6LOKgh7B3RDXbnX87uLJdhe4EJoU3Gc4Eizeo+1EYlDwK5Y3xa7D9SVvJfmUYe1SfzQv0FKY2CaZlw15T5oO8/iu1wF51SXDuBDULXl57RaapgzEUEBk2CsGANSjex0aP3Isf8XET29azLpbgdM1WRejy71jHzTh+paYR+AK9xzkKdnuaMyDSlu5iMB+JPBxhZ3a2MhZzbuNd3pRpH8XuUT/t5X4BpJFl+hpY7eJmOPHOPbnaUtB/1Pe3BH6+48boiMhwYbcyoZg9XoOjLOqvAkQ5/yXTkcjr4ukkVnpRQnl7G0YV0ervo0dvhOULnoCtspW9edkfGAFX3rGlwefnqZYly0nBMUqNVnupAPlsJpLO91ppH6tyqRb3h5uyqaERJtI/P7LKhOFBTvDnIVR2KDtZiGATO/R3hdg=&u=U2FsdGVkX18ggdvdrN8pR+5vS03ZKqTvfM4IowNsRqJnFmhFIHKVAg7/LyGDckWu&y=U2FsdGVkX1+klIBQYal0esmVDTE0w+yIbcDtsgCxrHrwTFwWjtyzLVL/QfZy2Bes HTTP/1.1" 200 4289
186.102.47.97 - - [03/Dec/2022:07:45:04 -0500] "GET /kwssiamovil/sm/acme/s?s=U2FsdGVkX1+ZIXYMjhaVUdHZMcZ2sm8C4EScSdE7+tWTdd/NJm3PqD2JIQO1JeMP2lcc9uF2mmd+N5Dp48+F3liYFTa9vfjy/F2hzlGbmo4gVfFWbw9MEUgKKcyYrbgYfEhuwMNB1h6cZVpcZaDIV/OsEzWOSArARoCrj2x1bHR9SUL9kX1qpJ34YTWuq+lJrqgzwy/5bIIQbimVoSYX3Wta4T+pWO+R6MJelipamilMj+BCP1NDBKWC+b9nOksmPusOmKMVMcuJ4oSREQXdCls8Huk2szTtZkxOFMmxZCBv/dxYjAqCV0LYI6rA/L69BcH9b79YSsyZq1gYvtqAf2IIkdA5rGLiAX9cucX1wXA=&u=U2FsdGVkX18ggdvdrN8pR+5vS03ZKqTvfM4IowNsRqJnFmhFIHKVAg7/LyGDckWu&y=U2FsdGVkX1+klIBQYal0esmVDTE0w+yIbcDtsgCxrHrwTFwWjtyzLVL/QfZy2Bes HTTP/1.1" 200 196
186.102.47.97 - - [03/Dec/2022:07:45:04 -0500] "GET /kwssiamovil/sm/cjson/pre?f=1&x=U2FsdGVkX18h4Ezjw/UCGg9b56/BAvxLGYTnS7/2SffGwbn0z1vkhzxuFb7wSAnOlCU7C0AdScdGZ7ApFyuOlg== HTTP/1.1" 200 31032
162.55.171.94 - - [03/Dec/2022:07:46:25 -0500] "GET / HTTP/1.1" 200 319
186.145.130.101 - - [03/Dec/2022:07:46:28 -0500] "GET / HTTP/1.1" 200 4720
186.145.130.101 - - [03/Dec/2022:07:46:28 -0500] "GET /js/url.js HTTP/1.1" 404 1294
186.145.130.101 - - [03/Dec/2022:07:46:28 -0500] "GET /fonts/icomoon/style.css HTTP/1.1" 200 79820
186.145.130.101 - - [03/Dec/2022:07:46:28 -0500] "GET /css/bootstrap.min.css HTTP/1.1" 200 178212
172.22.2.4 - - [03/Dec/2022:07:45:24 -0500] "HEAD /BLA/boletinlegal/ HTTP/1.1" 200 -
201.245.192.253 - - [03/Dec/2022:07:47:44 -0500] "POST /kwsrmcab/Wsrmcab  HTTP/1.1" 502 1155
186.145.130.101 - - [03/Dec/2022:07:47:45 -0500] "POST /procesar.php HTTP/1.1" 200 1002
172.22.2.4 - - [03/Dec/2022:07:46:15 -0500] "GET /BLA/boletinlegal/ HTTP/1.1" 200 57192
114.119.138.37 - - [03/Dec/2022:07:48:47 -0500] "GET /BLA/resoluciones/RESOLUCIONES%202007/RES%202007%203201%20AL%203300/RESOLUCION%203269%20DE%202007.pdf HTTP/1.1" 200 566604
66.220.149.3 - - [03/Dec/2022:07:49:10 -0500] "GET /images/cr\xc3\xb3nica-29-nov-1_optimized.jpeg HTTP/1.1" 404 1034
216.245.221.92 - - [03/Dec/2022:07:49:39 -0500] "HEAD / HTTP/1.1" 200 -
173.252.79.119 - - [03/Dec/2022:07:50:43 -0500] "GET /images/cr\xc3\xb3nica-29-nov-1_optimized.jpeg HTTP/1.1" 404 1034
185.119.81.99 - - [03/Dec/2022:07:50:53 -0500] "GET /portaldeninos/wp-login.php HTTP/1.1" 200 2592
185.119.81.99 - - [03/Dec/2022:07:50:54 -0500] "POST /portaldeninos/wp-login.php HTTP/1.1" 200 3605
185.119.81.99 - - [03/Dec/2022:07:51:32 -0500] "GET /portaldeninos/wp-login.php HTTP/1.1" 200 2592
185.119.81.99 - - [03/Dec/2022:07:51:33 -0500] "POST /portaldeninos/wp-login.php HTTP/1.1" 200 3670
201.245.192.253 - - [03/Dec/2022:07:52:43 -0500] "POST /kwsrmcab/Wsrmcab  HTTP/1.1" 200 213
172.22.2.4 - - [03/Dec/2022:07:51:14 -0500] "HEAD /BLA/boletinlegal/ HTTP/1.1" 200 -
114.119.139.94 - - [03/Dec/2022:07:53:03 -0500] "GET /BLA/resoluciones/RESOLUCIONES%202007/RES%202007%201401%20AL%201500/RESOLUCION%201488%20DE%202007.pdf HTTP/1.1" 200 338927
172.22.2.4 - - [03/Dec/2022:07:52:05 -0500] "GET /BLA/boletinlegal/ HTTP/1.1" 200 54452
157.55.39.39 - - [03/Dec/2022:07:54:19 -0500] "GET /sipse/faces/presentacion/sistema/anexos/cargarAnexoSolicitudProceso.xhtml HTTP/1.1" 302 -
157.55.39.39 - - [03/Dec/2022:07:54:20 -0500] "GET /sipse/faces/autenticacion.xhtml HTTP/1.1" 200 12174
216.245.221.92 - - [03/Dec/2022:07:54:39 -0500] "HEAD / HTTP/1.1" 200 -
179.19.70.52 - - [03/Dec/2022:07:55:41 -0500] "GET /BLA/resoluciones/AUTOS%202014/3208.pdf HTTP/1.1" 200 486902
34.78.6.216 - - [03/Dec/2022:07:56:25 -0500] "GET / HTTP/1.1" 200 319
186.102.48.178 - - [03/Dec/2022:07:57:20 -0500] "GET /cumpleanos-de-entrenubes-nueva-aula-ambiental-y-manzana-de-cuidado-en-san-cristobal.html HTTP/1.1" 200 882
201.245.192.253 - - [03/Dec/2022:07:57:41 -0500] "POST /kwsrmcab/Wsrmcab  HTTP/1.1" 200 213
172.22.2.4 - - [03/Dec/2022:07:57:04 -0500] "HEAD /BLA/boletinlegal/ HTTP/1.1" 200 -
40.77.167.13 - - [03/Dec/2022:07:58:47 -0500] "GET /BLA/resoluciones/RESOLUCIONES%202000/2000%20400-449.tif HTTP/1.1" 200 5239335
173.252.83.14 - - [03/Dec/2022:07:59:17 -0500] "GET /images/cr\xc3\xb3nica-29-nov-1_optimized.jpeg HTTP/1.1" 404 1034
172.22.2.4 - - [03/Dec/2022:07:57:58 -0500] "GET /BLA/boletinlegal/ HTTP/1.1" 200 59779
216.245.221.92 - - [03/Dec/2022:07:59:39 -0500] "HEAD / HTTP/1.1" 200 -
157.55.39.39 - - [03/Dec/2022:08:00:11 -0500] "GET /BLA/resoluciones/index.php?dir=AUTOS+2018%2F HTTP/1.1" 200 442469
185.119.81.107 - - [03/Dec/2022:08:00:50 -0500] "GET /portaldeninos/wp-login.php HTTP/1.1" 200 2592
185.119.81.107 - - [03/Dec/2022:08:00:51 -0500] "POST /portaldeninos/wp-login.php HTTP/1.1" 200 3670
64.124.8.25 - - [03/Dec/2022:08:00:53 -0500] "GET /portaldeninos/biodiversidad/ HTTP/1.1" 200 86633
66.249.66.87 - - [03/Dec/2022:08:01:56 -0500] "GET /Publicaciones/2022EE310483.pdf HTTP/1.1" 200 336089
114.119.157.54 - - [03/Dec/2022:08:02:23 -0500] "GET /BLA/resoluciones/RESOLUCIONES%202000/RESOLUCION%201600%20DE%202000.pdf HTTP/1.1" 200 127620
66.249.66.87 - - [03/Dec/2022:08:02:23 -0500] "GET /BLA/resoluciones/AUTOS%202015/2727.pdf HTTP/1.1" 200 779449
66.249.66.87 - - [03/Dec/2022:08:02:25 -0500] "GET /BLA/resoluciones/AUTOS%202014/3086.pdf HTTP/1.1" 200 191820
66.249.66.87 - - [03/Dec/2022:08:02:26 -0500] "GET /BLA/resoluciones/RESOLUCIONES%202013/2106.pdf HTTP/1.1" 200 1418109
66.249.66.85 - - [03/Dec/2022:08:02:27 -0500] "GET /BLA/resoluciones/RESOLUCIONES%202016/1008.pdf HTTP/1.1" 200 631314
66.249.66.86 - - [03/Dec/2022:08:02:37 -0500] "GET /BLA/resoluciones/AUTOS%202017/2914.pdf HTTP/1.1" 200 256996
66.249.66.87 - - [03/Dec/2022:08:02:38 -0500] "GET /BLA/resoluciones/AUTOS%202014/5173.pdf HTTP/1.1" 200 490903
66.249.66.86 - - [03/Dec/2022:08:02:38 -0500] "GET /BLA/resoluciones/RESOLUCIONES%202010/5424.pdf HTTP/1.1" 404 1018
66.249.66.85 - - [03/Dec/2022:08:02:40 -0500] "GET /BLA/resoluciones/AUTOS%202016/0709.pdf HTTP/1.1" 200 619071
66.249.66.85 - - [03/Dec/2022:08:02:41 -0500] "GET /siipev/Diseno%20de%20Elementos%20de%20Mobiliario%20Urbano/Diseno%20pertenecientes%20al%20mobiliario%20urbano%20M10-M160/PARTE%20A/Dise%C3%B1o%20de%20Elementos%20M-40.pdf HTTP/1.1" 200 486554
201.245.192.253 - - [03/Dec/2022:08:02:40 -0500] "POST /kwsrmcab/Wsrmcab  HTTP/1.1" 200 213
66.249.66.88 - - [03/Dec/2022:08:02:43 -0500] "GET /BLA/resoluciones/AUTOS%202011/1633.pdf HTTP/1.1" 200 201729
66.249.66.86 - - [03/Dec/2022:08:02:45 -0500] "GET /BLA/resoluciones/RESOLUCIONES%20CONJUNTAS/Resolucion%20conjunta%20No.%20001-2017.pdf HTTP/1.1" 200 332456
66.249.66.87 - - [03/Dec/2022:08:02:46 -0500] "GET /BLA/resoluciones/RESOLUCIONES%202016/1946.pdf HTTP/1.1" 200 468629
66.249.66.88 - - [03/Dec/2022:08:02:48 -0500] "GET /BLA/resoluciones/AUTOS%202018/4980.pdf HTTP/1.1" 200 216933
66.249.66.88 - - [03/Dec/2022:08:02:50 -0500] "GET /BLA/resoluciones/RESOLUCIONES%202010/4284.pdf HTTP/1.1" 200 354184
66.249.66.86 - - [03/Dec/2022:08:02:51 -0500] "GET /BLA/resoluciones/AUTOS%202015/0203.pdf HTTP/1.1" 200 566403
66.249.66.87 - - [03/Dec/2022:08:02:53 -0500] "GET /BLA/resoluciones/RESOLUCIONES%202008/4248.pdf HTTP/1.1" 200 436093
66.249.66.86 - - [03/Dec/2022:08:02:54 -0500] "GET /BLA/resoluciones/RESOLUCIONES%202008/3906.pdf HTTP/1.1" 200 223299
66.249.66.85 - - [03/Dec/2022:08:03:07 -0500] "GET /BLA/resoluciones/AUTOS%202015/2937.pdf HTTP/1.1" 200 659272
173.252.79.12 - - [03/Dec/2022:08:03:07 -0500] "GET /images/cr\xc3\xb3nica-29-nov-1_optimized.jpeg HTTP/1.1" 404 1034
66.249.66.88 - - [03/Dec/2022:08:03:07 -0500] "GET /BLA/resoluciones/AUTOS%202014/1609.pdf HTTP/1.1" 200 334641
66.249.66.88 - - [03/Dec/2022:08:03:08 -0500] "GET /BLA/resoluciones/RESOLUCIONES%202007/RES%202007%20601%20AL%20700/RESOLUCION%200602%20DE%202007.pdf HTTP/1.1" 200 999866
66.249.66.85 - - [03/Dec/2022:08:03:10 -0500] "GET /BLA/resoluciones/RESOLUCIONES%202009/2084.pdf HTTP/1.1" 200 466092
66.249.66.88 - - [03/Dec/2022:08:03:11 -0500] "GET /BLA/resoluciones/AUTOS%202017/0988.pdf HTTP/1.1" 200 854963
66.249.66.85 - - [03/Dec/2022:08:03:12 -0500] "GET /BLA/resoluciones/RESOLUCIONES%202011/4113.pdf HTTP/1.1" 200 85145
66.249.66.85 - - [03/Dec/2022:08:03:14 -0500] "GET /BLA/resoluciones/AUTOS%202012/2944.pdf HTTP/1.1" 200 367878
66.249.66.85 - - [03/Dec/2022:08:03:16 -0500] "GET /BLA/resoluciones/AUTOS%202014/1205.pdf HTTP/1.1" 200 149590
