!C99Shell v. 1.0 pre-release build #13!

Software: Apache. PHP/5.5.15 

uname -a: Windows NT SVR-DMZ 6.1 build 7600 (Windows Server 2008 R2 Enterprise Edition) i586 

SYSTEM 

Safe-mode: OFF (not secure)

E:\nuevo\apache\logs\   drwxrwxrwx
Free 7.33 GB of 239.26 GB (3.07%)
Detected drives: [ a ] [ c ] [ d ] [ e ] [ f ]
Home    Back    Forward    UPDIR    Refresh    Search    Buffer    Encoder    Tools    Proc.    FTP brute    Sec.    SQL    PHP-code    Update    Feedback    Self remove    Logout    


Viewing file:     access.2022.12.03.log (933.32 KB)      -rw-rw-rw-
Select action/file-type:
(+) | (+) | (+) | Code (+) | Session (+) | (+) | SDB (+) | (+) | (+) | (+) | (+) | (+) |
172.22.2.4 - - [02/Dec/2022:23:58:35 -0500] "HEAD /BLA/boletinlegal/ HTTP/1.1" 200 -
172.22.2.4 - - [02/Dec/2022:23:59:31 -0500] "GET /BLA/boletinlegal/ HTTP/1.1" 200 24523
201.245.192.253 - - [03/Dec/2022:00:00:23 -0500] "POST /kwsrmcab/Wsrmcab  HTTP/1.1" 200 41454
168.119.101.10 - - [03/Dec/2022:00:00:31 -0500] "GET / HTTP/1.1" 200 319
114.119.137.105 - - [03/Dec/2022:00:00:46 -0500] "GET /BLA/resoluciones/RESOLUCIONES%202010/7367.pdf HTTP/1.1" 200 339716
172.22.2.4 - - [02/Dec/2022:23:59:59 -0500] "GET /BLA/boletinlegal/ HTTP/1.1" 200 24523
172.22.2.4 - - [02/Dec/2022:23:59:25 -0500] "GET /BLA/boletinlegal/ HTTP/1.1" 200 46778
186.84.22.0 - - [03/Dec/2022:00:01:09 -0500] "-" 408 -
66.249.79.115 - - [03/Dec/2022:00:02:23 -0500] "GET /BLA/resoluciones/AUTOS%202016/1761.pdf HTTP/1.1" 200 482533
66.249.79.113 - - [03/Dec/2022:00:02:24 -0500] "GET /BLA/resoluciones/RESOLUCIONES%202007/RES%202007%20901%20AL%201000/RESOLUCION%200931%20DE%202007.pdf HTTP/1.1" 200 319216
66.249.79.115 - - [03/Dec/2022:00:02:26 -0500] "GET /BLA/resoluciones/RESOLUCIONES%202009/0964.pdf HTTP/1.1" 200 15101198
66.249.79.111 - - [03/Dec/2022:00:02:32 -0500] "GET /BLA/resoluciones/RESOLUCIONES%202007/RES%202007%202401%20AL%202500/RESOLUCION%202431%20DE%202007.pdf HTTP/1.1" 200 648479
66.249.79.113 - - [03/Dec/2022:00:02:33 -0500] "GET /BLA/resoluciones/AUTOS%202010/4144.pdf HTTP/1.1" 200 425201
201.244.195.98 - - [03/Dec/2022:00:02:34 -0500] "GET /BLA/resoluciones/index.php?dir= HTTP/1.1" 200 13093
66.249.79.111 - - [03/Dec/2022:00:02:35 -0500] "GET /BLA/resoluciones/RESOLUCIONES%202010/1300.pdf HTTP/1.1" 200 98819
66.249.79.127 - - [03/Dec/2022:00:02:36 -0500] "GET /BLA/resoluciones/AUTOS%202015/6755.pdf HTTP/1.1" 200 493856
66.249.79.115 - - [03/Dec/2022:00:02:37 -0500] "GET /BLA/resoluciones/RESOLUCIONES%202009/5184.pdf HTTP/1.1" 200 499533
66.249.79.125 - - [03/Dec/2022:00:02:38 -0500] "GET /BLA/resoluciones/AUTOS%202014/2186.pdf HTTP/1.1" 200 2512410
201.244.195.98 - - [03/Dec/2022:00:02:38 -0500] "GET /BLA/resoluciones/index.php?dir=AUTOS+2014%2F HTTP/1.1" 200 885147
66.249.79.111 - - [03/Dec/2022:00:02:40 -0500] "GET /BLA/resoluciones/RESOLUCIONES%202008/2092.pdf HTTP/1.1" 200 80922
66.249.79.127 - - [03/Dec/2022:00:02:41 -0500] "GET /BLA/resoluciones/AUTOS%202017/0165.pdf HTTP/1.1" 200 441809
66.249.79.113 - - [03/Dec/2022:00:02:43 -0500] "GET /BLA/resoluciones/RESOLUCIONES%202016/0075.pdf HTTP/1.1" 200 522805
66.249.79.111 - - [03/Dec/2022:00:02:45 -0500] "GET /BLA/resoluciones/RESOLUCIONES%202009/6435.pdf HTTP/1.1" 200 437815
66.249.79.113 - - [03/Dec/2022:00:02:47 -0500] "GET /Publicaciones/2022EE247223.pdf HTTP/1.1" 404 228
66.249.79.117 - - [03/Dec/2022:00:02:48 -0500] "GET /BLA/resoluciones/AUTOS%202016/0787.pdf HTTP/1.1" 200 478670
66.249.79.103 - - [03/Dec/2022:00:02:49 -0500] "GET /BLA/resoluciones/RESOLUCIONES%202018/4349.pdf HTTP/1.1" 200 243983
66.249.79.113 - - [03/Dec/2022:00:02:51 -0500] "GET /BLA/resoluciones/Notificaciones/AUTOS%202022/2947.pdf HTTP/1.1" 200 547148
66.249.79.111 - - [03/Dec/2022:00:02:52 -0500] "GET /BLA/resoluciones/AUTOS%202007/2043.pdf HTTP/1.1" 200 120099
66.249.79.111 - - [03/Dec/2022:00:02:54 -0500] "GET /BLA/resoluciones/Notificaciones/AUTOS%202019/1745.pdf HTTP/1.1" 200 256347
66.249.79.113 - - [03/Dec/2022:00:02:56 -0500] "GET /BLA/resoluciones/RESOLUCIONES%202013/0690.pdf HTTP/1.1" 200 655083
66.249.79.111 - - [03/Dec/2022:00:02:57 -0500] "GET /BLA/resoluciones/RESOLUCIONES%202009/2920.pdf HTTP/1.1" 200 788742
66.249.79.99 - - [03/Dec/2022:00:03:01 -0500] "GET /Publicaciones/2018EE298308.pdf HTTP/1.1" 404 228
66.249.79.99 - - [03/Dec/2022:00:03:01 -0500] "GET /BLA/resoluciones/AUTOS%202017/1728.pdf HTTP/1.1" 200 376662
66.249.79.103 - - [03/Dec/2022:00:03:03 -0500] "GET /BLA/resoluciones/AUTOS%202007/2285.pdf HTTP/1.1" 200 55860
66.249.79.109 - - [03/Dec/2022:00:03:04 -0500] "GET /BLA/resoluciones/RESOLUCIONES%202011/0436.pdf HTTP/1.1" 200 70519
66.249.79.107 - - [03/Dec/2022:00:03:06 -0500] "GET /BLA/resoluciones/AUTOS%202017/3495.pdf HTTP/1.1" 200 759040
66.249.79.113 - - [03/Dec/2022:00:03:08 -0500] "GET /BLA/resoluciones/RESOLUCIONES%202009/2454.pdf HTTP/1.1" 200 374470
66.249.79.117 - - [03/Dec/2022:00:03:09 -0500] "GET /BLA/resoluciones/RESOLUCIONES%202017/2876.pdf HTTP/1.1" 200 281067
66.249.79.101 - - [03/Dec/2022:00:03:11 -0500] "GET /BLA/resoluciones/AUTOS%202013/0025.pdf HTTP/1.1" 200 1687332
66.249.79.105 - - [03/Dec/2022:00:03:12 -0500] "GET /BLA/resoluciones/RESOLUCIONES%202009/5776.pdf HTTP/1.1" 200 1006847
66.249.79.121 - - [03/Dec/2022:00:03:14 -0500] "GET /BLA/resoluciones/RESOLUCIONES%202011/6015.pdf HTTP/1.1" 200 395429
66.249.79.119 - - [03/Dec/2022:00:03:16 -0500] "GET /BLA/resoluciones/RESOLUCIONES%202009/6088.pdf HTTP/1.1" 200 217947
66.249.79.125 - - [03/Dec/2022:00:03:17 -0500] "GET /BLA/resoluciones/RESOLUCIONES%202007/RES%202007%20101%20AL%20200/RESOLUCION%200167%20DE%202007.pdf HTTP/1.1" 200 355294
66.249.79.99 - - [03/Dec/2022:00:03:18 -0500] "GET /BLA/resoluciones/AUTOS%202015/6378.pdf HTTP/1.1" 200 708431
66.249.79.113 - - [03/Dec/2022:00:03:20 -0500] "GET /Publicaciones/2022EE286578.pdf HTTP/1.1" 404 228
66.249.79.115 - - [03/Dec/2022:00:03:21 -0500] "GET /BLA/resoluciones/RESOLUCIONES%202013/1942.pdf HTTP/1.1" 200 662914
66.249.79.111 - - [03/Dec/2022:00:03:23 -0500] "GET /BLA/resoluciones/RESOLUCIONES%202007/RES%202007%20901%20AL%201000/RESOLUCION%200990%20DE%202007.pdf HTTP/1.1" 200 902760
66.249.79.119 - - [03/Dec/2022:00:03:25 -0500] "GET /BLA/resoluciones/Notificaciones/REGISTROS%202021/01757.pdf HTTP/1.1" 200 413335
66.249.79.123 - - [03/Dec/2022:00:03:27 -0500] "GET /BLA/resoluciones/RESOLUCIONES%202018/3618.pdf HTTP/1.1" 200 385373
66.249.79.119 - - [03/Dec/2022:00:03:28 -0500] "GET /BLA/resoluciones/RESOLUCIONES%202011/2645.pdf HTTP/1.1" 200 278564
66.249.79.117 - - [03/Dec/2022:00:03:30 -0500] "GET /BLA/resoluciones/AUTOS%202012/2562.pdf HTTP/1.1" 200 1422652
66.249.79.121 - - [03/Dec/2022:00:03:31 -0500] "GET /BLA/resoluciones/RESOLUCIONES%202010/2676.pdf HTTP/1.1" 200 378312
216.245.221.92 - - [03/Dec/2022:00:03:50 -0500] "HEAD / HTTP/1.1" 200 -
201.245.192.253 - - [03/Dec/2022:00:05:22 -0500] "POST /kwsrmcab/Wsrmcab  HTTP/1.1" 200 213
172.22.2.4 - - [03/Dec/2022:00:04:25 -0500] "HEAD /BLA/boletinlegal/ HTTP/1.1" 200 -
66.249.79.123 - - [03/Dec/2022:00:06:22 -0500] "GET /BLA/resoluciones/AUTOS%202010/0101.pdf HTTP/1.1" 200 395976
201.245.192.253 - - [03/Dec/2022:00:06:22 -0500] "POST /kwsrmcab/Wsrmcab  HTTP/1.1" 200 213
172.22.2.4 - - [03/Dec/2022:00:05:15 -0500] "GET /BLA/boletinlegal/ HTTP/1.1" 200 52453
201.245.192.253 - - [03/Dec/2022:00:07:23 -0500] "POST /kwsrmcab/Wsrmcab  HTTP/1.1" 200 213
201.245.192.253 - - [03/Dec/2022:00:08:24 -0500] "POST /kwsrmcab/Wsrmcab  HTTP/1.1" 200 213
216.245.221.92 - - [03/Dec/2022:00:08:50 -0500] "HEAD / HTTP/1.1" 200 -
201.245.192.253 - - [03/Dec/2022:00:09:25 -0500] "POST /kwsrmcab/Wsrmcab  HTTP/1.1" 200 213
157.55.39.39 - - [03/Dec/2022:00:10:10 -0500] "GET /BLA/resoluciones/index.php?dir=AUTOS+2018%2F HTTP/1.1" 200 442469
173.252.107.2 - - [03/Dec/2022:00:10:32 -0500] "GET /images/cr\xc3\xb3nica-29-nov-1_optimized.jpeg HTTP/1.1" 404 1034
54.167.221.224 - - [03/Dec/2022:00:11:34 -0500] "-" 408 -
172.22.2.4 - - [03/Dec/2022:00:10:15 -0500] "HEAD /BLA/boletinlegal/ HTTP/1.1" 200 -
185.119.81.99 - - [03/Dec/2022:00:12:37 -0500] "GET /portaldeninos/wp-login.php HTTP/1.1" 200 2592
185.119.81.99 - - [03/Dec/2022:00:12:38 -0500] "POST /portaldeninos/wp-login.php HTTP/1.1" 200 3650
172.22.2.4 - - [03/Dec/2022:00:11:05 -0500] "GET /BLA/boletinlegal/ HTTP/1.1" 200 50495
186.154.163.245 - - [03/Dec/2022:00:13:00 -0500] "GET /BLA/resoluciones/index.php?dir= HTTP/1.1" 200 13093
186.154.163.245 - - [03/Dec/2022:00:13:04 -0500] "GET /BLA/resoluciones/dlf/unknown.png HTTP/1.1" 200 266
186.154.163.245 - - [03/Dec/2022:00:13:04 -0500] "GET /BLA/resoluciones/index.php?dir=AUTOS+2021%2F HTTP/1.1" 200 396424
172.22.2.4 - - [03/Dec/2022:00:13:32 -0500] "GET /BLA/boletinlegal/Circulares/2021/CIRCULAR%20No.%2000009%20DEL%2001%20DE%20OCTUBRE%20DEL%202021.pdf HTTP/1.1" 304 -
216.245.221.92 - - [03/Dec/2022:00:13:50 -0500] "HEAD / HTTP/1.1" 200 -
201.245.192.253 - - [03/Dec/2022:00:14:25 -0500] "POST /kwsrmcab/Wsrmcab  HTTP/1.1" 200 213
172.22.2.4 - - [03/Dec/2022:00:17:14 -0500] "GET /BLA/boletinlegal/Directivas/2014/Directiva%20No.%202%20del%205%20de%20Mayo%20de%202014.pdf HTTP/1.1" 304 -
172.22.2.4 - - [03/Dec/2022:00:16:05 -0500] "HEAD /BLA/boletinlegal/ HTTP/1.1" 200 -
172.22.2.4 - - [03/Dec/2022:00:16:55 -0500] "GET /BLA/boletinlegal/ HTTP/1.1" 200 57192
216.245.221.92 - - [03/Dec/2022:00:18:50 -0500] "HEAD / HTTP/1.1" 200 -
201.245.192.253 - - [03/Dec/2022:00:19:25 -0500] "POST /kwsrmcab/Wsrmcab  HTTP/1.1" 200 213
64.124.8.26 - - [03/Dec/2022:00:19:41 -0500] "GET /BLA/boletinlegal/normativa.php HTTP/1.1" 200 8333
64.124.8.26 - - [03/Dec/2022:00:20:16 -0500] "GET /robots.txt HTTP/1.1" 404 1018
201.245.192.253 - - [03/Dec/2022:00:21:00 -0500] "POST /kwsrmcab/Wsrmcab HTTP/1.1" 200 42302
201.245.192.253 - - [03/Dec/2022:00:21:03 -0500] "POST /kwsrmcab/Wsrmcab HTTP/1.1" 200 43784
162.55.175.143 - - [03/Dec/2022:00:22:27 -0500] "GET / HTTP/1.1" 200 319
168.119.49.52 - - [03/Dec/2022:00:22:38 -0500] "GET / HTTP/1.1" 200 319
172.22.2.4 - - [03/Dec/2022:00:23:08 -0500] "GET /BLA/boletinlegal/Circulares/2012/Circular%20No.%2013%20del%2006%20de%20Septiembre%20de%202012.pdf HTTP/1.1" 304 -
172.22.2.4 - - [03/Dec/2022:00:21:54 -0500] "HEAD /BLA/boletinlegal/ HTTP/1.1" 200 -
216.245.221.92 - - [03/Dec/2022:00:23:50 -0500] "HEAD / HTTP/1.1" 200 -
201.245.192.253 - - [03/Dec/2022:00:24:24 -0500] "POST /kwsrmcab/Wsrmcab  HTTP/1.1" 502 1155
172.22.2.4 - - [03/Dec/2022:00:22:45 -0500] "GET /BLA/boletinlegal/ HTTP/1.1" 200 59404
216.245.221.92 - - [03/Dec/2022:00:28:50 -0500] "HEAD / HTTP/1.1" 200 -
201.245.192.253 - - [03/Dec/2022:00:29:23 -0500] "POST /kwsrmcab/Wsrmcab  HTTP/1.1" 200 213
172.22.2.4 - - [03/Dec/2022:00:27:44 -0500] "HEAD /BLA/boletinlegal/ HTTP/1.1" 200 -
172.22.2.4 - - [03/Dec/2022:00:28:35 -0500] "GET /BLA/boletinlegal/ HTTP/1.1" 200 54452
157.55.39.39 - - [03/Dec/2022:00:30:54 -0500] "GET /BLA/resoluciones/index.php?dir=AUTOS+2019%2F HTTP/1.1" 200 349992
201.245.192.253 - - [03/Dec/2022:00:31:00 -0500] "POST /kwsrmcab/Wsrmcab HTTP/1.1" 200 42302
201.245.192.253 - - [03/Dec/2022:00:31:03 -0500] "POST /kwsrmcab/Wsrmcab HTTP/1.1" 200 43784
114.119.149.131 - - [03/Dec/2022:00:31:26 -0500] "GET /BLA/resoluciones/RESOLUCIONES%202010/6821.pdf HTTP/1.1" 200 464965
66.249.79.111 - - [03/Dec/2022:00:32:20 -0500] "GET /BLA/resoluciones/RESOLUCIONES%202010/7728.pdf HTTP/1.1" 200 72447
66.249.79.111 - - [03/Dec/2022:00:32:21 -0500] "GET /BLA/resoluciones/RESOLUCIONES%202009/3876.pdf HTTP/1.1" 200 1114870
66.249.79.115 - - [03/Dec/2022:00:32:22 -0500] "GET /BLA/resoluciones/RESOLUCIONES%202010/2913.pdf HTTP/1.1" 200 494120
66.249.79.113 - - [03/Dec/2022:00:32:23 -0500] "GET /BLA/resoluciones/RESOLUCIONES%202009/0384.pdf HTTP/1.1" 200 360052
66.249.79.113 - - [03/Dec/2022:00:32:25 -0500] "GET /BLA/resoluciones/Notificaciones/AUTOS%202017/04450.pdf HTTP/1.1" 200 327016
66.249.79.113 - - [03/Dec/2022:00:32:26 -0500] "GET /Publicaciones/2020EE167611.pdf HTTP/1.1" 404 228
66.249.79.111 - - [03/Dec/2022:00:32:27 -0500] "GET /BLA/resoluciones/RESOLUCIONES%202014/3555.pdf HTTP/1.1" 200 819723
66.249.79.111 - - [03/Dec/2022:00:32:27 -0500] "GET /BLA/resoluciones/AUTOS%202015/6706.pdf HTTP/1.1" 200 459106
66.249.79.111 - - [03/Dec/2022:00:32:28 -0500] "GET /BLA/resoluciones/AUTOS%202014/1782.pdf HTTP/1.1" 200 467120
159.89.239.145 - - [03/Dec/2022:00:32:30 -0500] "\x16\x03\x01" 400 226
66.249.79.115 - - [03/Dec/2022:00:32:29 -0500] "GET /BLA/resoluciones/RESOLUCIONES%202009/5286.pdf HTTP/1.1" 200 525361
159.89.239.145 - - [03/Dec/2022:00:32:30 -0500] "\x16\x03\x01" 400 226
159.89.239.145 - - [03/Dec/2022:00:32:30 -0500] "GET / HTTP/1.1" 200 319
66.249.79.113 - - [03/Dec/2022:00:32:31 -0500] "GET /BLA/resoluciones/RESOLUCIONES%202013/0745.pdf HTTP/1.1" 200 3301376
66.249.79.119 - - [03/Dec/2022:00:32:35 -0500] "GET /BLA/resoluciones/AUTOS%202009/1262.pdf HTTP/1.1" 200 105974
66.249.79.117 - - [03/Dec/2022:00:32:36 -0500] "GET /BLA/resoluciones/Notificaciones/AUTOS%202018/4107.pdf HTTP/1.1" 200 222108
66.249.79.115 - - [03/Dec/2022:00:32:37 -0500] "GET /BLA/resoluciones/AUTOS%202011/2871.pdf HTTP/1.1" 200 94900
66.249.79.111 - - [03/Dec/2022:00:32:38 -0500] "GET /BLA/resoluciones/RESOLUCIONES%202007/RES%202007%20801%20AL%20900/RESOLUCION%200888%20DE%202007.pdf HTTP/1.1" 200 220550
66.249.79.111 - - [03/Dec/2022:00:32:39 -0500] "GET /BLA/resoluciones/AUTOS%202014/5606.pdf HTTP/1.1" 200 483544
66.249.79.111 - - [03/Dec/2022:00:32:39 -0500] "GET /BLA/resoluciones/AUTOS%202014/0042.pdf HTTP/1.1" 200 826826
66.249.79.111 - - [03/Dec/2022:00:32:40 -0500] "GET /BLA/resoluciones/RESOLUCIONES%202017/1802.pdf HTTP/1.1" 200 330366
66.249.79.113 - - [03/Dec/2022:00:32:41 -0500] "GET /BLA/resoluciones/RESOLUCIONES%202012/0788.pdf HTTP/1.1" 200 2677739
66.249.79.115 - - [03/Dec/2022:00:32:43 -0500] "GET /Publicaciones/2022EE295425.pdf HTTP/1.1" 503 1020
66.249.79.121 - - [03/Dec/2022:00:33:04 -0500] "GET /BLA/resoluciones/RESOLUCIONES%202009/0405.pdf HTTP/1.1" 200 259154
66.249.79.115 - - [03/Dec/2022:00:33:06 -0500] "GET /BLA/resoluciones/RESOLUCIONES%202010/6101.pdf HTTP/1.1" 200 661681
66.249.79.113 - - [03/Dec/2022:00:33:07 -0500] "GET /BLA/resoluciones/RESOLUCIONES%202017/3338.pdf HTTP/1.1" 200 323221
66.249.79.117 - - [03/Dec/2022:00:33:09 -0500] "GET /BLA/resoluciones/RESOLUCIONES%202014/1460.pdf HTTP/1.1" 200 519400
66.249.79.117 - - [03/Dec/2022:00:33:10 -0500] "GET /BLA/resoluciones/RESOLUCIONES%202010/3674.pdf HTTP/1.1" 200 726071
66.249.79.111 - - [03/Dec/2022:00:33:12 -0500] "GET /BLA/resoluciones/AUTOS%202009/0281.pdf HTTP/1.1" 200 205886
66.249.79.113 - - [03/Dec/2022:00:33:13 -0500] "GET /BLA/resoluciones/RESOLUCIONES%202017/0739.pdf HTTP/1.1" 200 306389
66.249.79.113 - - [03/Dec/2022:00:33:14 -0500] "GET /BLA/resoluciones/RESOLUCIONES%202014/3066.pdf HTTP/1.1" 200 417084
66.249.79.121 - - [03/Dec/2022:00:33:16 -0500] "GET /BLA/resoluciones/AUTOS%202018/1131.pdf HTTP/1.1" 200 321802
66.249.79.119 - - [03/Dec/2022:00:33:17 -0500] "GET /BLA/resoluciones/RESOLUCIONES%202013/0996.pdf HTTP/1.1" 200 526610
66.249.79.117 - - [03/Dec/2022:00:33:19 -0500] "GET /BLA/resoluciones/RESOLUCIONES%202010/6074.pdf HTTP/1.1" 200 314070
66.249.79.119 - - [03/Dec/2022:00:33:20 -0500] "GET /BLA/resoluciones/RESOLUCIONES%202014/0201.pdf HTTP/1.1" 200 2146993
66.249.79.117 - - [03/Dec/2022:00:33:22 -0500] "GET /BLA/resoluciones/AUTOS%202011/6446.pdf HTTP/1.1" 200 2202473
66.249.79.113 - - [03/Dec/2022:00:33:23 -0500] "GET /BLA/resoluciones/AUTOS%202017/1916.pdf HTTP/1.1" 200 345167
66.249.79.115 - - [03/Dec/2022:00:33:25 -0500] "GET /BLA/resoluciones/RESOLUCIONES%202007/RES%202007%204101%20AL%204200/RESOLUCION%204167%20DE%202007.pdf HTTP/1.1" 200 664204
66.249.79.115 - - [03/Dec/2022:00:33:26 -0500] "GET /BLA/resoluciones/RESOLUCIONES%202009/2119.pdf HTTP/1.1" 200 558517
66.249.79.115 - - [03/Dec/2022:00:33:28 -0500] "GET /BLA/resoluciones/RESOLUCIONES%202017/0906.pdf HTTP/1.1" 200 357089
66.249.79.123 - - [03/Dec/2022:00:33:30 -0500] "GET /BLA/resoluciones/RESOLUCIONES%202007/RES%202007%202501%20AL%202600/RESOLUCION%202594%20DE%202007.pdf HTTP/1.1" 200 335989
66.249.79.117 - - [03/Dec/2022:00:33:31 -0500] "GET /BLA/resoluciones/RESOLUCIONES%202011/3120.pdf HTTP/1.1" 200 683382
66.249.79.123 - - [03/Dec/2022:00:33:32 -0500] "GET /BLA/resoluciones/RESOLUCIONES%202007/RES%202007%201101%20AL%201200/RESOLUCION%201144%20DE%202007.pdf HTTP/1.1" 200 419547
66.249.79.119 - - [03/Dec/2022:00:33:32 -0500] "GET /BLA/resoluciones/RESOLUCIONES%202009/0726.pdf HTTP/1.1" 200 364657
66.249.79.123 - - [03/Dec/2022:00:33:33 -0500] "GET /BLA/resoluciones/AUTOS%202016/0051.pdf HTTP/1.1" 200 784774
66.249.79.121 - - [03/Dec/2022:00:33:35 -0500] "GET /BLA/resoluciones/AUTOS%202016/1491.pdf HTTP/1.1" 200 342255
66.249.79.113 - - [03/Dec/2022:00:33:37 -0500] "GET /Publicaciones/2022EE255775.pdf HTTP/1.1" 503 1020
66.249.79.121 - - [03/Dec/2022:00:33:38 -0500] "GET /BLA/resoluciones/RESOLUCIONES%202010/1685.pdf HTTP/1.1" 200 382382
66.249.79.111 - - [03/Dec/2022:00:33:39 -0500] "GET /BLA/resoluciones/AUTOS%202015/3405.pdf HTTP/1.1" 200 1099786
66.249.79.123 - - [03/Dec/2022:00:33:40 -0500] "GET /BLA/resoluciones/AUTOS%202014/2171.pdf HTTP/1.1" 200 557714
66.249.79.97 - - [03/Dec/2022:00:33:42 -0500] "GET /BLA/resoluciones/RESOLUCIONES%202016/1467.pdf HTTP/1.1" 200 895631
66.249.79.119 - - [03/Dec/2022:00:33:45 -0500] "GET /BLA/resoluciones/AUTOS%202009/1545.pdf HTTP/1.1" 200 111450
66.249.79.119 - - [03/Dec/2022:00:33:46 -0500] "GET /BLA/resoluciones/RESOLUCIONES%202010/2839.pdf HTTP/1.1" 200 564597
66.249.79.115 - - [03/Dec/2022:00:33:47 -0500] "GET /BLA/resoluciones/Notificaciones/AUTOS%202018/01439.pdf HTTP/1.1" 200 318777
66.249.79.123 - - [03/Dec/2022:00:33:48 -0500] "GET /Publicaciones/2020EE171617.pdf HTTP/1.1" 503 1020
66.249.79.121 - - [03/Dec/2022:00:33:49 -0500] "GET /BLA/resoluciones/AUTOS%202016/0324.pdf HTTP/1.1" 200 459833
216.245.221.92 - - [03/Dec/2022:00:33:50 -0500] "HEAD / HTTP/1.1" 200 -
66.249.79.111 - - [03/Dec/2022:00:33:51 -0500] "GET /BLA/resoluciones/RESOLUCIONES%202009/6378.pdf HTTP/1.1" 200 523135
66.249.79.117 - - [03/Dec/2022:00:33:51 -0500] "GET /BLA/resoluciones/RESOLUCIONES%202018/0548.pdf HTTP/1.1" 200 333508
66.249.79.99 - - [03/Dec/2022:00:33:56 -0500] "GET /BLA/resoluciones/RESOLUCIONES%202009/2315.pdf HTTP/1.1" 200 457733
185.119.81.102 - - [03/Dec/2022:00:34:07 -0500] "GET /portaldeninos/wp-login.php HTTP/1.1" 502 1191
201.245.192.253 - - [03/Dec/2022:00:34:21 -0500] "POST /kwsrmcab/Wsrmcab  HTTP/1.1" 200 213
172.22.2.4 - - [03/Dec/2022:00:33:34 -0500] "HEAD /BLA/boletinlegal/ HTTP/1.1" 200 -
172.22.2.4 - - [03/Dec/2022:00:34:25 -0500] "GET /BLA/boletinlegal/ HTTP/1.1" 200 57192
172.105.77.209 - - [03/Dec/2022:00:36:55 -0500] "\xba\xabd\xa1EZC\xdbM\x87\xee^\xfd\xbf\x159 X\xd4>\x12\x98\xc4<\xe0\x13\xcf" 400 226
172.22.2.4 - - [03/Dec/2022:00:37:28 -0500] "GET /BLA/boletinlegal/Circulares/2022/CIRCULAR%20No.%2000009%20DEL%2010%20DE%20OCTUBRE%20DEL%202022.pdf HTTP/1.1" 200 292772
66.249.79.111 - - [03/Dec/2022:00:37:54 -0500] "GET /galeria/carrusel/Carrusel/jquery-ui-1.8.13.custom.min.js HTTP/1.1" 200 10800
66.249.79.115 - - [03/Dec/2022:00:37:55 -0500] "GET /galeria/carrusel/Carrusel/jquery.thumbnailScroller.js HTTP/1.1" 200 8157
66.249.79.111 - - [03/Dec/2022:00:37:55 -0500] "GET /galeria/nivo-slider/demo/banner.html HTTP/1.1" 200 5446
66.249.79.111 - - [03/Dec/2022:00:37:56 -0500] "GET /galeria/nivo-slider/nivo-slider.css HTTP/1.1" 200 1507
66.249.79.113 - - [03/Dec/2022:00:37:56 -0500] "GET /galeria/nivo-slider/themes/orman/orman.css HTTP/1.1" 200 2152
66.249.79.113 - - [03/Dec/2022:00:37:57 -0500] "GET /galeria/nivo-slider/themes/default/default.css HTTP/1.1" 200 1569
66.249.79.115 - - [03/Dec/2022:00:37:57 -0500] "GET /galeria/nivo-slider/demo/style.css HTTP/1.1" 200 2222
66.249.79.113 - - [03/Dec/2022:00:37:58 -0500] "GET /galeria/nivo-slider/jquery.nivo.slider.pack.js HTTP/1.1" 200 11561
66.249.79.111 - - [03/Dec/2022:00:37:58 -0500] "GET /galeria/nivo-slider/themes/pascal/pascal.css HTTP/1.1" 200 2258
66.249.79.113 - - [03/Dec/2022:00:37:58 -0500] "GET /galeria/nivo-slider/demo/scripts/jquery-1.7.1.min.js HTTP/1.1" 200 93868
207.46.13.104 - - [03/Dec/2022:00:38:04 -0500] "GET / HTTP/1.1" 200 319
216.245.221.92 - - [03/Dec/2022:00:38:50 -0500] "HEAD / HTTP/1.1" 200 -
162.55.37.148 - - [03/Dec/2022:00:40:29 -0500] "GET / HTTP/1.1" 200 319
114.119.151.50 - - [03/Dec/2022:00:40:51 -0500] "GET /BLA/resoluciones/RESOLUCIONES%202010/6616.pdf HTTP/1.1" 200 828826
201.245.192.253 - - [03/Dec/2022:00:41:01 -0500] "POST /kwsrmcab/Wsrmcab HTTP/1.1" 200 42302
172.22.2.4 - - [03/Dec/2022:00:39:24 -0500] "HEAD /BLA/boletinlegal/ HTTP/1.1" 200 -
201.245.192.253 - - [03/Dec/2022:00:41:04 -0500] "POST /kwsrmcab/Wsrmcab HTTP/1.1" 200 43784
185.119.81.99 - - [03/Dec/2022:00:41:24 -0500] "GET /portaldeninos/wp-login.php HTTP/1.1" 200 2592
185.119.81.99 - - [03/Dec/2022:00:41:25 -0500] "POST /portaldeninos/wp-login.php HTTP/1.1" 200 3605
172.22.2.4 - - [03/Dec/2022:00:40:15 -0500] "GET /BLA/boletinlegal/ HTTP/1.1" 200 57192
64.124.8.45 - - [03/Dec/2022:00:42:23 -0500] "GET /portaldeninos/los-arboles/tips/ HTTP/1.1" 200 87677
216.245.221.92 - - [03/Dec/2022:00:43:50 -0500] "HEAD / HTTP/1.1" 200 -
162.55.35.116 - - [03/Dec/2022:00:44:12 -0500] "GET / HTTP/1.1" 200 319
201.245.192.253 - - [03/Dec/2022:00:44:19 -0500] "POST /kwsrmcab/Wsrmcab  HTTP/1.1" 502 1155
157.55.39.39 - - [03/Dec/2022:00:44:24 -0500] "GET /BLA/resoluciones/index.php?dir=AUTOS+2018%2F HTTP/1.1" 200 442469
172.22.2.4 - - [03/Dec/2022:00:45:14 -0500] "HEAD /BLA/boletinlegal/ HTTP/1.1" 200 -
172.22.2.4 - - [03/Dec/2022:00:46:05 -0500] "GET /BLA/boletinlegal/ HTTP/1.1" 200 49193
66.249.79.117 - - [03/Dec/2022:00:47:55 -0500] "GET /portaldeninos/wp-content/themes/betheme/css/responsive.css?ver=20.9.6 HTTP/1.1" 200 55740
172.22.2.4 - - [03/Dec/2022:00:46:17 -0500] "GET /BLA/boletinlegal/ HTTP/1.1" 200 51643
216.245.221.92 - - [03/Dec/2022:00:48:50 -0500] "HEAD / HTTP/1.1" 200 -
201.245.192.253 - - [03/Dec/2022:00:49:18 -0500] "POST /kwsrmcab/Wsrmcab  HTTP/1.1" 200 213
172.22.2.4 - - [03/Dec/2022:00:51:04 -0500] "HEAD /BLA/boletinlegal/ HTTP/1.1" 200 -
172.22.2.4 - - [03/Dec/2022:00:51:55 -0500] "GET /BLA/boletinlegal/ HTTP/1.1" 200 57192
216.245.221.92 - - [03/Dec/2022:00:53:50 -0500] "HEAD / HTTP/1.1" 200 -
201.245.192.253 - - [03/Dec/2022:00:54:20 -0500] "POST /kwsrmcab/Wsrmcab  HTTP/1.1" 200 213
69.171.249.7 - - [03/Dec/2022:00:56:22 -0500] "GET /monica-fonnegra-una-disenadora-que-inspira-amor-por-la-naturaleza-a-traves-de-la-moda.html HTTP/1.1" 206 976
69.171.249.119 - - [03/Dec/2022:00:56:22 -0500] "GET /monica-fonnegra-una-disenadora-que-inspira-amor-por-la-naturaleza-a-traves-de-la-moda.html HTTP/1.1" 206 976
114.119.145.150 - - [03/Dec/2022:00:57:46 -0500] "GET /autoliquidacion2020/index.php?dir=Aceites-Residuos-Estaciones-/Evaluaci%C3%AF%C2%BF%C2%BDn%2Bde%2Bsolicitudes%2Bde%2Binscripci%C3%AF%C2%BF%C2%BDn%2Bcomo%2Bacopiador%2Bprimario%2Bde%2Baceites%2Busados%2Ben%2Bel%2BDistrito/&sort=size&order=asc HTTP/1.1" 200 6744
173.252.95.19 - - [03/Dec/2022:00:58:16 -0500] "GET /images/mercados-campesinos-5-mayo.jpg HTTP/1.1" 200 95848
141.255.166.2 - - [03/Dec/2022:00:58:11 -0500] "POST /boaform/admin/formLogin HTTP/1.1" 404 1186
172.22.2.4 - - [03/Dec/2022:00:56:54 -0500] "HEAD /BLA/boletinlegal/ HTTP/1.1" 200 -
172.22.2.4 - - [03/Dec/2022:00:58:39 -0500] "GET /BLA/boletinlegal/Circulares/2010/Circular%2004%20de%2021%20de%20abril%20de%202010.pdf HTTP/1.1" 304 -
216.245.221.92 - - [03/Dec/2022:00:58:50 -0500] "HEAD / HTTP/1.1" 200 -
201.245.192.253 - - [03/Dec/2022:00:59:15 -0500] "POST /kwsrmcab/Wsrmcab  HTTP/1.1" 200 213
172.22.2.4 - - [03/Dec/2022:00:57:45 -0500] "GET /BLA/boletinlegal/ HTTP/1.1" 200 52453
66.249.79.115 - - [03/Dec/2022:00:59:46 -0500] "GET /Publicaciones/2022EE309968.pdf HTTP/1.1" 200 231875
66.249.79.111 - - [03/Dec/2022:01:02:21 -0500] "GET /BLA/resoluciones/RESOLUCIONES%202007/RES%202007%20801%20AL%20900/RESOLUCION%200891%20DE%202007.pdf HTTP/1.1" 200 266322
66.249.79.113 - - [03/Dec/2022:01:02:23 -0500] "GET /BLA/resoluciones/RESOLUCIONES%202007/RES%202007%201001%20AL%201100/RESOLUCION%201014%20DE%202007.pdf HTTP/1.1" 200 51314
66.249.79.111 - - [03/Dec/2022:01:02:24 -0500] "GET /BLA/resoluciones/RESOLUCIONES%202015/0202.pdf HTTP/1.1" 200 2544906
66.249.79.111 - - [03/Dec/2022:01:02:26 -0500] "GET /BLA/resoluciones/RESOLUCIONES%202007/RES%202007%202801%20AL%202900/RESOLUCION%202892%20DE%202007.pdf HTTP/1.1" 200 261322
66.249.79.111 - - [03/Dec/2022:01:02:26 -0500] "GET /BLA/resoluciones/AUTOS%202010/5542.pdf HTTP/1.1" 200 819308
66.249.79.111 - - [03/Dec/2022:01:02:28 -0500] "GET /BLA/resoluciones/RESOLUCIONES%202010/7003.pdf HTTP/1.1" 200 69041
66.249.79.113 - - [03/Dec/2022:01:02:29 -0500] "GET /BLA/resoluciones/Notificaciones/AUTOS%202017/04586.pdf HTTP/1.1" 200 328180
66.249.79.111 - - [03/Dec/2022:01:02:31 -0500] "GET /BLA/resoluciones/AUTOS%202011/5956.pdf HTTP/1.1" 200 554670
66.249.79.115 - - [03/Dec/2022:01:02:32 -0500] "GET /BLA/resoluciones/AUTOS%202010/0101.pdf HTTP/1.1" 200 395976
66.249.79.115 - - [03/Dec/2022:01:02:34 -0500] "GET /BLA/resoluciones/AUTOS%202013/0878.pdf HTTP/1.1" 200 401883
66.249.79.111 - - [03/Dec/2022:01:02:35 -0500] "GET /BLA/resoluciones/RESOLUCIONES%202009/6720.pdf HTTP/1.1" 200 441667
66.249.79.111 - - [03/Dec/2022:01:02:37 -0500] "GET /BLA/resoluciones/RESOLUCIONES%202010/0368.pdf HTTP/1.1" 200 500857
66.249.79.117 - - [03/Dec/2022:01:02:39 -0500] "GET /BLA/resoluciones/AUTOS%202016/1033.pdf HTTP/1.1" 200 595363
66.249.79.113 - - [03/Dec/2022:01:02:40 -0500] "GET /BLA/resoluciones/RESOLUCIONES%202010/6701.pdf HTTP/1.1" 200 203215
66.249.79.113 - - [03/Dec/2022:01:02:42 -0500] "GET /BLA/resoluciones/RESOLUCIONES%202013/0513.pdf HTTP/1.1" 200 980390
172.22.2.4 - - [03/Dec/2022:01:02:44 -0500] "GET /BLA/boletinlegal/jurisprudencia/analisis/CUADRO%20SENTENCIA%20C-222%20DE%202011.doc HTTP/1.1" 200 34816
66.249.79.115 - - [03/Dec/2022:01:02:45 -0500] "GET /BLA/resoluciones/AUTOS%202015/0159.pdf HTTP/1.1" 200 193623
66.249.79.117 - - [03/Dec/2022:01:02:47 -0500] "GET /BLA/resoluciones/RESOLUCIONES%202009/7425.pdf HTTP/1.1" 200 495513
66.249.79.115 - - [03/Dec/2022:01:02:48 -0500] "GET /BLA/resoluciones/RESOLUCIONES%202007/RES%202007%20601%20AL%20700/RESOLUCION%200682%20DE%202007.pdf HTTP/1.1" 200 768979
66.249.79.121 - - [03/Dec/2022:01:03:01 -0500] "GET /BLA/resoluciones/Notificaciones/AUTOS%202019/4605.pdf HTTP/1.1" 200 1044792
66.249.79.115 - - [03/Dec/2022:01:03:03 -0500] "GET /BLA/resoluciones/RESOLUCIONES%202007/RES%202007%201726%20AL%201800/RESOLUCION%201734%20DE%202007.pdf HTTP/1.1" 200 27417
66.249.79.111 - - [03/Dec/2022:01:03:03 -0500] "GET /BLA/resoluciones/RESOLUCIONES%202016/2156.pdf HTTP/1.1" 200 278078
66.249.79.119 - - [03/Dec/2022:01:03:05 -0500] "GET /BLA/resoluciones/AUTOS%202012/2975.pdf HTTP/1.1" 200 2442824
66.249.79.117 - - [03/Dec/2022:01:03:07 -0500] "GET /BLA/resoluciones/AUTOS%202012/2878.pdf HTTP/1.1" 200 774986
66.249.79.119 - - [03/Dec/2022:01:03:08 -0500] "GET /BLA/resoluciones/RESOLUCIONES%202012/0963.pdf HTTP/1.1" 200 342407
66.249.79.111 - - [03/Dec/2022:01:03:09 -0500] "GET /BLA/resoluciones/AUTOS%202014/4762.pdf HTTP/1.1" 200 709422
66.249.79.111 - - [03/Dec/2022:01:03:14 -0500] "GET /BLA/resoluciones/RESOLUCIONES%202007/RES%202007%203701%20AL%203800/RESOLUCION%203798%20DE%202007.pdf HTTP/1.1" 200 1060241
66.249.79.113 - - [03/Dec/2022:01:03:17 -0500] "GET /BLA/resoluciones/RESOLUCIONES%202007/RES%202007%203301%20AL%203400/RESOLUCION%203389%20DE%202007.pdf HTTP/1.1" 200 749074
66.249.79.115 - - [03/Dec/2022:01:03:19 -0500] "GET /BLA/resoluciones/AUTOS%202007/1698.pdf HTTP/1.1" 200 163430
66.249.79.113 - - [03/Dec/2022:01:03:20 -0500] "GET /BLA/resoluciones/AUTOS%202017/0089.pdf HTTP/1.1" 200 525408
66.249.79.113 - - [03/Dec/2022:01:03:21 -0500] "GET /BLA/resoluciones/AUTOS%202014/0510.pdf HTTP/1.1" 200 915392
66.249.79.111 - - [03/Dec/2022:01:03:23 -0500] "GET /sig/Gesti%C3%B3n%20de%20Recursos%20F%C3%ADsicos/126PA04-PR11.pdf HTTP/1.1" 200 49222
66.249.79.113 - - [03/Dec/2022:01:03:24 -0500] "GET /BLA/resoluciones/AUTOS%202016/0605.pdf HTTP/1.1" 200 441188
66.249.79.115 - - [03/Dec/2022:01:03:25 -0500] "GET /BLA/resoluciones/AUTOS%202014/3966.pdf HTTP/1.1" 200 687239
66.249.79.115 - - [03/Dec/2022:01:03:27 -0500] "GET /BLA/resoluciones/RESOLUCIONES%202014/2194.pdf HTTP/1.1" 200 464277
66.249.79.113 - - [03/Dec/2022:01:03:29 -0500] "GET /BLA/resoluciones/RESOLUCIONES%202018/0445.pdf HTTP/1.1" 200 801076
66.249.79.119 - - [03/Dec/2022:01:03:31 -0500] "GET /BLA/resoluciones/AUTOS%202014/5003.pdf HTTP/1.1" 200 566995
66.249.79.119 - - [03/Dec/2022:01:03:33 -0500] "GET /BLA/resoluciones/AUTOS%202010/0855.pdf HTTP/1.1" 200 183628
66.249.79.113 - - [03/Dec/2022:01:03:34 -0500] "GET /BLA/resoluciones/Notificaciones/AUTOS%202017/04668.pdf HTTP/1.1" 200 324243
66.249.79.113 - - [03/Dec/2022:01:03:36 -0500] "GET /BLA/resoluciones/RESOLUCIONES%202008/3580.pdf HTTP/1.1" 200 281775
66.249.79.117 - - [03/Dec/2022:01:03:37 -0500] "GET /BLA/resoluciones/AUTOS%202007/1220.pdf HTTP/1.1" 200 74889
66.249.79.115 - - [03/Dec/2022:01:03:39 -0500] "GET /BLA/resoluciones/RESOLUCIONES%202011/5354.pdf HTTP/1.1" 200 389189
66.249.79.111 - - [03/Dec/2022:01:03:40 -0500] "GET /BLA/resoluciones/AUTOS%202014/4886.pdf HTTP/1.1" 200 424720
66.249.79.117 - - [03/Dec/2022:01:03:42 -0500] "GET /BLA/resoluciones/RESOLUCIONES%202007/RES%202007%204001%20AL%204100/RESOLUCION%204066%20DE%202007.pdf HTTP/1.1" 200 322205
66.249.79.115 - - [03/Dec/2022:01:03:44 -0500] "GET /siipev/Diseno%20de%20Elementos%20de%20Mobiliario%20Urbano/Otros%20Elementos/PARTE%20B/Dise%C3%B1o%20de%20Elementos%20M50.pdf HTTP/1.1" 200 470810
66.249.79.123 - - [03/Dec/2022:01:03:54 -0500] "GET /BLA/resoluciones/RESOLUCIONES%202009/6506.pdf HTTP/1.1" 200 431991
66.249.79.119 - - [03/Dec/2022:01:03:55 -0500] "GET /BLA/resoluciones/AUTOS%202014/1084.pdf HTTP/1.1" 200 923505
66.249.79.119 - - [03/Dec/2022:01:03:57 -0500] "GET /BLA/resoluciones/AUTOS%202007/2177.pdf HTTP/1.1" 200 127014
66.249.79.117 - - [03/Dec/2022:01:04:01 -0500] "GET /BLA/resoluciones/RESOLUCIONES%202011/1430.pdf HTTP/1.1" 200 71543
66.249.79.121 - - [03/Dec/2022:01:04:03 -0500] "GET /BLA/resoluciones/AUTOS%202007/0389.pdf HTTP/1.1" 200 117216
66.249.79.127 - - [03/Dec/2022:01:04:05 -0500] "GET /BLA/resoluciones/RESOLUCIONES%202007/RES%202007%201801%20AL%201900/RESOLUCION%201868%20DE%202007.pdf HTTP/1.1" 200 551139
66.249.79.111 - - [03/Dec/2022:01:04:07 -0500] "GET /Publicaciones/2022EE285088.pdf HTTP/1.1" 404 228
66.249.79.121 - - [03/Dec/2022:01:04:09 -0500] "GET /BLA/resoluciones/RESOLUCIONES%202010/1127.pdf HTTP/1.1" 200 105940
66.249.79.111 - - [03/Dec/2022:01:04:10 -0500] "GET /BLA/resoluciones/AUTOS%202011/5464.pdf HTTP/1.1" 200 260843
66.249.79.117 - - [03/Dec/2022:01:04:11 -0500] "GET /BLA/resoluciones/RESOLUCIONES%202007/RES%202007%204101%20AL%204200/RESOLUCION%204127%20DE%202007.pdf HTTP/1.1" 200 793538
201.245.192.253 - - [03/Dec/2022:01:04:14 -0500] "POST /kwsrmcab/Wsrmcab  HTTP/1.1" 502 1155
66.249.79.113 - - [03/Dec/2022:01:04:14 -0500] "GET /BLA/resoluciones/RESOLUCIONES%202008/5576.pdf HTTP/1.1" 200 253760
66.249.79.119 - - [03/Dec/2022:01:04:16 -0500] "GET /BLA/resoluciones/AUTOS%202017/3454.pdf HTTP/1.1" 200 278724
66.249.79.113 - - [03/Dec/2022:01:04:18 -0500] "GET /BLA/resoluciones/AUTOS%202014/6619.pdf HTTP/1.1" 200 593647
66.249.79.117 - - [03/Dec/2022:01:04:19 -0500] "GET /BLA/resoluciones/AUTOS%202018/2156.pdf HTTP/1.1" 200 268868
66.249.79.117 - - [03/Dec/2022:01:04:21 -0500] "GET /BLA/resoluciones/RESOLUCIONES%202014/0015.pdf HTTP/1.1" 200 529212
66.249.79.115 - - [03/Dec/2022:01:04:23 -0500] "GET /Publicaciones/2022EE244084.pdf HTTP/1.1" 404 228
172.22.2.4 - - [03/Dec/2022:01:02:44 -0500] "HEAD /BLA/boletinlegal/ HTTP/1.1" 200 -
66.249.79.115 - - [03/Dec/2022:01:04:24 -0500] "GET /BLA/resoluciones/RESOLUCIONES%202010/6816.pdf HTTP/1.1" 200 1366096
216.245.221.92 - - [03/Dec/2022:01:04:40 -0500] "GET / HTTP/1.1" 200 319
207.46.13.174 - - [03/Dec/2022:01:04:51 -0500] "GET /forest/ HTTP/1.1" 200 12041
167.94.138.62 - - [03/Dec/2022:01:04:52 -0500] "GET / HTTP/1.1" 200 319
167.94.138.62 - - [03/Dec/2022:01:04:52 -0500] "GET / HTTP/1.1" 200 319
167.94.138.62 - - [03/Dec/2022:01:04:52 -0500] "PRI * HTTP/2.0" 400 946
167.94.138.62 - - [03/Dec/2022:01:04:53 -0500] "GET /favicon.ico HTTP/1.1" 200 7782
172.22.2.4 - - [03/Dec/2022:01:03:35 -0500] "GET /BLA/boletinlegal/ HTTP/1.1" 200 59404
162.55.175.24 - - [03/Dec/2022:01:08:35 -0500] "GET / HTTP/1.1" 200 319
201.245.192.253 - - [03/Dec/2022:01:09:13 -0500] "POST /kwsrmcab/Wsrmcab  HTTP/1.1" 200 213
216.245.221.92 - - [03/Dec/2022:01:09:40 -0500] "HEAD / HTTP/1.1" 200 -
172.22.2.4 - - [03/Dec/2022:01:08:34 -0500] "HEAD /BLA/boletinlegal/ HTTP/1.1" 200 -
172.22.2.4 - - [03/Dec/2022:01:09:25 -0500] "GET /BLA/boletinlegal/ HTTP/1.1" 200 57824
194.55.186.124 - - [03/Dec/2022:01:11:00 -0500] "POST /boaform/admin/formLogin HTTP/1.1" 404 1186
40.77.167.58 - - [03/Dec/2022:01:11:58 -0500] "GET /BLA/resoluciones/00000881.tif HTTP/1.1" 404 1018
172.22.2.4 - - [03/Dec/2022:01:12:32 -0500] "GET /BLA/boletinlegal/Circulares/2013/Circular%20No.%207%20del%201%20de%20Agosto%20de%202013.pdf HTTP/1.1" 304 -
152.61.128.50 - - [03/Dec/2022:01:13:23 -0500] "GET / HTTP/1.1" 200 319
201.245.192.253 - - [03/Dec/2022:01:14:12 -0500] "POST /kwsrmcab/Wsrmcab  HTTP/1.1" 502 1155
216.245.221.92 - - [03/Dec/2022:01:14:40 -0500] "HEAD / HTTP/1.1" 200 -
213.136.93.95 - - [03/Dec/2022:01:14:51 -0500] "GET /auth/login.html HTTP/1.1" 404 1018
40.77.167.58 - - [03/Dec/2022:01:15:50 -0500] "GET /bla/resoluciones/resoluciones%202021/2125.pdf HTTP/1.1" 200 485723
172.22.2.4 - - [03/Dec/2022:01:14:24 -0500] "HEAD /BLA/boletinlegal/ HTTP/1.1" 200 -
172.22.2.4 - - [03/Dec/2022:01:15:15 -0500] "GET /BLA/boletinlegal/ HTTP/1.1" 200 57192
173.252.87.21 - - [03/Dec/2022:01:17:28 -0500] "GET /images/cr\xc3\xb3nica-29-nov-1_optimized.jpeg HTTP/1.1" 404 1034
40.77.167.13 - - [03/Dec/2022:01:17:30 -0500] "GET /BLA/resoluciones/RESOLUCIONES%202011/6971.pdf HTTP/1.1" 304 -
157.55.39.39 - - [03/Dec/2022:01:18:34 -0500] "GET /BLA/resoluciones/index.php?dir=AUTOS+2018%2F HTTP/1.1" 200 442469
201.245.192.253 - - [03/Dec/2022:01:19:10 -0500] "POST /kwsrmcab/Wsrmcab  HTTP/1.1" 200 213
216.245.221.92 - - [03/Dec/2022:01:19:40 -0500] "HEAD / HTTP/1.1" 200 -
186.102.29.97 - - [03/Dec/2022:01:19:50 -0500] "-" 408 -
114.119.134.41 - - [03/Dec/2022:01:20:13 -0500] "GET /BLA/resoluciones/index.php?dir=Notificaciones/RESOLUCIONES%2B0020/&sort=date&order=asc HTTP/1.1" 200 13362
191.102.224.201 - - [03/Dec/2022:01:20:53 -0500] "-" 408 -
201.245.192.253 - - [03/Dec/2022:01:21:00 -0500] "POST /kwsrmcab/Wsrmcab HTTP/1.1" 200 42295
201.245.192.253 - - [03/Dec/2022:01:21:04 -0500] "POST /kwsrmcab/Wsrmcab HTTP/1.1" 200 43605
172.22.2.4 - - [03/Dec/2022:01:20:14 -0500] "HEAD /BLA/boletinlegal/ HTTP/1.1" 200 -
172.22.2.4 - - [03/Dec/2022:01:21:05 -0500] "GET /BLA/boletinlegal/ HTTP/1.1" 200 57192
114.119.166.63 - - [03/Dec/2022:01:23:16 -0500] "GET /BLA/resoluciones/index.php?dir=AUTOS%2B2008/ HTTP/1.1" 200 13279
185.119.81.102 - - [03/Dec/2022:01:24:11 -0500] "GET /portaldeninos/wp-login.php HTTP/1.1" 200 2592
185.119.81.102 - - [03/Dec/2022:01:24:12 -0500] "POST /portaldeninos/wp-login.php HTTP/1.1" 200 3605
201.245.192.253 - - [03/Dec/2022:01:24:11 -0500] "POST /kwsrmcab/Wsrmcab  HTTP/1.1" 200 213
216.245.221.92 - - [03/Dec/2022:01:24:40 -0500] "HEAD / HTTP/1.1" 200 -
172.22.2.4 - - [03/Dec/2022:01:26:04 -0500] "HEAD /BLA/boletinlegal/ HTTP/1.1" 200 -
114.119.157.56 - - [03/Dec/2022:01:27:49 -0500] "GET /BLA/resoluciones/RESOLUCIONES%202017/1954.pdf HTTP/1.1" 200 447260
172.22.2.4 - - [03/Dec/2022:01:26:55 -0500] "GET /BLA/boletinlegal/ HTTP/1.1" 200 57192
201.245.192.253 - - [03/Dec/2022:01:29:06 -0500] "POST /kwsrmcab/Wsrmcab  HTTP/1.1" 502 1155
216.245.221.92 - - [03/Dec/2022:01:29:40 -0500] "HEAD / HTTP/1.1" 200 -
201.244.195.98 - - [03/Dec/2022:01:30:07 -0500] "GET /BLA/resoluciones/index.php?dir=AUTOS+2014%2F HTTP/1.1" 200 885147
114.119.166.95 - - [03/Dec/2022:01:30:24 -0500] "GET /BLA/resoluciones/RESOLUCIONES%202017/1666.pdf HTTP/1.1" 200 329050
172.22.2.4 - - [03/Dec/2022:01:28:53 -0500] "GET /BLA/boletinlegal/ HTTP/1.1" 200 62423
201.245.192.253 - - [03/Dec/2022:01:31:00 -0500] "POST /kwsrmcab/Wsrmcab HTTP/1.1" 200 42295
201.245.192.253 - - [03/Dec/2022:01:31:04 -0500] "POST /kwsrmcab/Wsrmcab HTTP/1.1" 200 43605
114.119.128.208 - - [03/Dec/2022:01:31:29 -0500] "GET /BLA/resoluciones/RESOLUCIONES%202015/2294.pdf HTTP/1.1" 200 864504
66.249.79.115 - - [03/Dec/2022:01:32:21 -0500] "GET /BLA/resoluciones/RESOLUCIONES%202009/4213.pdf HTTP/1.1" 200 1012181
66.249.79.115 - - [03/Dec/2022:01:32:23 -0500] "GET /BLA/resoluciones/RESOLUCIONES%202007/RES%202007%204101%20AL%204200/RESOLUCION%204128%20DE%202007.pdf HTTP/1.1" 200 1447012
66.249.79.115 - - [03/Dec/2022:01:32:24 -0500] "GET /BLA/resoluciones/RESOLUCIONES%202009/5194.pdf HTTP/1.1" 200 808622
66.249.79.113 - - [03/Dec/2022:01:32:25 -0500] "GET /portalsiaccapacitaciones/Listas%20de%20Asistencia%202015/L.A-MT6-28May2015.pdf HTTP/1.1" 200 389859
66.249.79.113 - - [03/Dec/2022:01:32:27 -0500] "GET /BLA/resoluciones/RESOLUCIONES%202011/4861.pdf HTTP/1.1" 200 636146
66.249.79.111 - - [03/Dec/2022:01:32:29 -0500] "GET /BLA/resoluciones/AUTOS%202016/2080.pdf HTTP/1.1" 200 1075486
66.249.79.113 - - [03/Dec/2022:01:32:31 -0500] "GET /BLA/resoluciones/AUTOS%202015/0736.pdf HTTP/1.1" 200 692413
66.249.79.115 - - [03/Dec/2022:01:32:33 -0500] "GET /BLA/resoluciones/AUTOS%202013/2854.pdf HTTP/1.1" 200 380209
66.249.79.115 - - [03/Dec/2022:01:32:34 -0500] "GET /BLA/resoluciones/AUTOS%202014/0959.pdf HTTP/1.1" 200 577935
66.249.79.113 - - [03/Dec/2022:01:32:36 -0500] "GET /BLA/resoluciones/AUTOS%202014/6486.pdf HTTP/1.1" 200 566607
66.249.79.119 - - [03/Dec/2022:01:32:49 -0500] "GET /BLA/resoluciones/RESOLUCIONES%202011/1489.pdf HTTP/1.1" 200 66579
114.119.157.36 - - [03/Dec/2022:01:32:49 -0500] "GET /BLA/resoluciones/RESOLUCIONES%202014/3687.pdf HTTP/1.1" 200 391978
66.249.79.121 - - [03/Dec/2022:01:32:50 -0500] "GET /BLA/resoluciones/RESOLUCIONES%202007/RES%202007%201501%20AL%201600/RESOLUCION%201574%20DE%202007.pdf HTTP/1.1" 200 640055
66.249.79.111 - - [03/Dec/2022:01:32:51 -0500] "GET /BLA/resoluciones/RESOLUCIONES%202019/0510.pdf HTTP/1.1" 200 311894
66.249.79.115 - - [03/Dec/2022:01:32:53 -0500] "GET /BLA/resoluciones/AUTOS%202011/5322.pdf HTTP/1.1" 200 602303
66.249.79.115 - - [03/Dec/2022:01:32:54 -0500] "GET /BLA/resoluciones/RESOLUCIONES%202019/0578.pdf HTTP/1.1" 200 274729
66.249.79.117 - - [03/Dec/2022:01:32:56 -0500] "GET /BLA/resoluciones/RESOLUCIONES%202011/2697.pdf HTTP/1.1" 200 673404
66.249.79.115 - - [03/Dec/2022:01:32:57 -0500] "GET /BLA/resoluciones/RESOLUCIONES%202009/5338.pdf HTTP/1.1" 200 410258
66.249.79.121 - - [03/Dec/2022:01:32:59 -0500] "GET /BLA/resoluciones/AUTOS%202015/0692.pdf HTTP/1.1" 200 785901
66.249.79.113 - - [03/Dec/2022:01:33:01 -0500] "GET /BLA/resoluciones/AUTOS%202009/2933.pdf HTTP/1.1" 200 160277
66.249.79.123 - - [03/Dec/2022:01:33:03 -0500] "GET /BLA/resoluciones/RESOLUCIONES%202008/0277.pdf HTTP/1.1" 200 1116535
66.249.79.113 - - [03/Dec/2022:01:33:05 -0500] "GET /BLA/resoluciones/RESOLUCIONES%202010/4556.pdf HTTP/1.1" 200 542565
66.249.79.115 - - [03/Dec/2022:01:33:07 -0500] "GET /BLA/resoluciones/Notificaciones/AUTOS%202018/630.pdf HTTP/1.1" 200 265215
66.249.79.117 - - [03/Dec/2022:01:33:09 -0500] "GET /BLA/resoluciones/AUTOS%202015/1652.pdf HTTP/1.1" 200 708921
66.249.79.115 - - [03/Dec/2022:01:33:11 -0500] "GET /BLA/resoluciones/RESOLUCIONES%202007/RES%202007%201001%20AL%201100/RESOLUCION%201065%20DE%202007.pdf HTTP/1.1" 200 366674
66.249.79.123 - - [03/Dec/2022:01:33:13 -0500] "GET /BLA/resoluciones/AUTOS%202007/2930.pdf HTTP/1.1" 200 303059
66.249.79.111 - - [03/Dec/2022:01:33:15 -0500] "GET /BLA/resoluciones/AUTOS%202014/5730.pdf HTTP/1.1" 200 565297
66.249.79.111 - - [03/Dec/2022:01:33:16 -0500] "GET /BLA/resoluciones/AUTOS%202012/1525.pdf HTTP/1.1" 200 601122
66.249.79.121 - - [03/Dec/2022:01:33:18 -0500] "GET /BLA/resoluciones/AUTOS%202017/1488.pdf HTTP/1.1" 200 2201883
66.249.79.111 - - [03/Dec/2022:01:33:20 -0500] "GET /BLA/directivas/2011/1.pdf HTTP/1.1" 200 971292
66.249.79.111 - - [03/Dec/2022:01:33:23 -0500] "GET /BLA/resoluciones/AUTOS%202007/3279.pdf HTTP/1.1" 200 179441
66.249.79.117 - - [03/Dec/2022:01:33:24 -0500] "GET /BLA/resoluciones/RESOLUCIONES%202009/4845.pdf HTTP/1.1" 200 1175800
66.249.79.117 - - [03/Dec/2022:01:33:26 -0500] "GET /BLA/resoluciones/AUTOS%202015/1099.pdf HTTP/1.1" 200 516212
66.249.79.121 - - [03/Dec/2022:01:33:28 -0500] "GET /BLA/resoluciones/RESOLUCIONES%202010/4825.pdf HTTP/1.1" 200 753225
66.249.79.117 - - [03/Dec/2022:01:33:30 -0500] "GET /BLA/resoluciones/RESOLUCIONES%202011/3122.pdf HTTP/1.1" 200 670370
66.249.79.121 - - [03/Dec/2022:01:33:33 -0500] "GET /BLA/resoluciones/RESOLUCIONES%202007/RES%202007%204201%20AL%204300/RESOLUCION%204276%20DE%202007.pdf HTTP/1.1" 200 1065937
172.22.2.4 - - [03/Dec/2022:01:31:54 -0500] "HEAD /BLA/boletinlegal/ HTTP/1.1" 200 -
66.249.79.111 - - [03/Dec/2022:01:33:35 -0500] "GET /BLA/resoluciones/AUTOS%202007/1056.pdf HTTP/1.1" 200 127096
66.249.79.117 - - [03/Dec/2022:01:33:37 -0500] "GET /BLA/resoluciones/RESOLUCIONES%202015/0778.pdf HTTP/1.1" 200 622564
66.249.79.125 - - [03/Dec/2022:01:33:39 -0500] "GET /BLA/resoluciones/AUTOS%202014/1275.pdf HTTP/1.1" 200 558612
66.249.79.125 - - [03/Dec/2022:01:33:41 -0500] "GET /BLA/resoluciones/RESOLUCIONES%202011/6301.pdf HTTP/1.1" 200 477850
66.249.79.125 - - [03/Dec/2022:01:33:42 -0500] "GET /BLA/resoluciones/RESOLUCIONES%202013/0323.pdf HTTP/1.1" 200 2356696
66.249.79.127 - - [03/Dec/2022:01:33:45 -0500] "GET /BLA/resoluciones/RESOLUCIONES%202013/0756.pdf HTTP/1.1" 200 1358704
66.249.79.125 - - [03/Dec/2022:01:33:46 -0500] "GET /silvicultura/11.pdf HTTP/1.1" 200 672381
66.249.79.111 - - [03/Dec/2022:01:33:48 -0500] "GET /BLA/resoluciones/AUTOS%202010/5397.pdf HTTP/1.1" 200 1541870
66.249.79.99 - - [03/Dec/2022:01:33:51 -0500] "GET /BLA/resoluciones/AUTOS%202014/4394.pdf HTTP/1.1" 200 2349725
66.249.79.123 - - [03/Dec/2022:01:33:52 -0500] "GET /BLA/resoluciones/RESOLUCIONES%202009/4759.pdf HTTP/1.1" 200 604855
66.249.79.97 - - [03/Dec/2022:01:33:54 -0500] "GET /BLA/resoluciones/RESOLUCIONES%202018/4329.pdf HTTP/1.1" 200 434588
66.249.79.107 - - [03/Dec/2022:01:33:56 -0500] "GET /BLA/resoluciones/AUTOS%202018/2857.pdf HTTP/1.1" 200 2378566
66.249.79.101 - - [03/Dec/2022:01:33:57 -0500] "GET /BLA/resoluciones/RESOLUCIONES%202007/RES%202007%20901%20AL%201000/RESOLUCION%200925%20DE%202007.pdf HTTP/1.1" 200 326761
66.249.79.111 - - [03/Dec/2022:01:33:58 -0500] "GET /BLA/resoluciones/RESOLUCIONES%202008/1892.pdf HTTP/1.1" 200 195528
66.249.79.127 - - [03/Dec/2022:01:34:00 -0500] "GET /BLA/resoluciones/RESOLUCIONES%202018/0806.pdf HTTP/1.1" 200 455723
66.249.79.117 - - [03/Dec/2022:01:34:02 -0500] "GET /BLA/resoluciones/RESOLUCIONES%202010/0828.pdf HTTP/1.1" 200 102908
66.249.79.127 - - [03/Dec/2022:01:34:04 -0500] "GET /BLA/resoluciones/RESOLUCIONES%202011/0839.pdf HTTP/1.1" 200 796846
66.249.79.111 - - [03/Dec/2022:01:34:06 -0500] "GET /BLA/resoluciones/RESOLUCIONES%202009/1710.pdf HTTP/1.1" 200 681032
201.245.192.253 - - [03/Dec/2022:01:34:05 -0500] "POST /kwsrmcab/Wsrmcab  HTTP/1.1" 200 213
66.249.79.117 - - [03/Dec/2022:01:34:07 -0500] "GET /BLA/resoluciones/RESOLUCIONES%202009/6937.pdf HTTP/1.1" 200 63488
66.249.79.113 - - [03/Dec/2022:01:34:09 -0500] "GET /BLA/resoluciones/Notificaciones/AUTOS%202022/4877.pdf HTTP/1.1" 200 801325
66.249.79.123 - - [03/Dec/2022:01:34:16 -0500] "GET /BLA/resoluciones/RESOLUCIONES%202017/1119.pdf HTTP/1.1" 200 466736
66.249.79.111 - - [03/Dec/2022:01:34:20 -0500] "GET /BLA/resoluciones/RESOLUCIONES%202019/2124.pdf HTTP/1.1" 200 289733
66.249.79.123 - - [03/Dec/2022:01:34:22 -0500] "GET /BLA/resoluciones/RESOLUCIONES%20CONJUNTAS/RESOLUCION%20%20001%20DE%20JULIO%2014%20DE%202017.pdf HTTP/1.1" 200 2450552
172.22.2.4 - - [03/Dec/2022:01:32:45 -0500] "GET /BLA/boletinlegal/ HTTP/1.1" 200 57192
66.249.79.121 - - [03/Dec/2022:01:34:32 -0500] "GET /BLA/boletinlegal/actas/466-2017.pdf HTTP/1.1" 200 9170724
162.55.170.174 - - [03/Dec/2022:01:34:38 -0500] "GET / HTTP/1.1" 200 319
66.249.79.115 - - [03/Dec/2022:01:34:38 -0500] "GET /BLA/resoluciones/RESOLUCIONES%202010/5812.pdf HTTP/1.1" 200 81112
216.245.221.92 - - [03/Dec/2022:01:34:40 -0500] "HEAD / HTTP/1.1" 200 -
66.249.79.111 - - [03/Dec/2022:01:34:41 -0500] "GET /BLA/resoluciones/AUTOS%202012/2592.pdf HTTP/1.1" 200 270789
66.249.79.119 - - [03/Dec/2022:01:34:44 -0500] "GET /BLA/resoluciones/RESOLUCIONES%202019/3918.pdf HTTP/1.1" 200 258617
66.249.79.125 - - [03/Dec/2022:01:34:47 -0500] "GET /BLA/resoluciones/RESOLUCIONES%202009/1252.pdf HTTP/1.1" 200 622674
162.55.175.144 - - [03/Dec/2022:01:34:48 -0500] "GET / HTTP/1.1" 200 319
66.249.79.123 - - [03/Dec/2022:01:34:49 -0500] "GET /BLA/resoluciones/RESOLUCIONES%202017/2539.pdf HTTP/1.1" 200 409930
66.249.79.127 - - [03/Dec/2022:01:34:55 -0500] "GET /BLA/resoluciones/AUTOS%202014/4785.pdf HTTP/1.1" 200 563781
66.249.79.111 - - [03/Dec/2022:01:34:56 -0500] "GET /BLA/resoluciones/RESOLUCIONES%202011/0222.pdf HTTP/1.1" 200 65015
172.22.2.4 - - [03/Dec/2022:01:35:54 -0500] "GET /BLA/boletinlegal/consulta_actos.php?tipo=autos&no=&usuario=&sector=SILVICULTURA&fecha=2022&resuelve=INICIO HTTP/1.1" 200 119880
114.119.159.86 - - [03/Dec/2022:01:36:03 -0500] "GET /BLA/resoluciones/RESOLUCIONES%202011/2176.pdf HTTP/1.1" 200 492417
66.220.149.16 - - [03/Dec/2022:01:36:23 -0500] "GET /images/cr\xc3\xb3nica-29-nov-1_optimized.jpeg HTTP/1.1" 404 1034
172.22.2.4 - - [03/Dec/2022:01:36:23 -0500] "GET /BLA/boletinlegal/consulta_actos.php?tipo=autos&no=&usuario=&sector=&fecha=2022&resuelve=INICIO HTTP/1.1" 200 957557
66.249.79.121 - - [03/Dec/2022:01:36:25 -0500] "GET /robots.txt HTTP/1.1" 404 1035
66.249.79.119 - - [03/Dec/2022:01:36:25 -0500] "GET /portaldeninos/ HTTP/1.1" 200 110197
66.249.79.119 - - [03/Dec/2022:01:36:26 -0500] "GET /portaldeninos/ HTTP/1.1" 200 110197
186.29.181.252 - - [03/Dec/2022:01:36:40 -0500] "GET /BLA/resoluciones/AUTOS%202022/7128.pdf HTTP/1.1" 200 390890
66.249.79.117 - - [03/Dec/2022:01:36:56 -0500] "GET /portaldeninos/wp-content/uploads/useanyfont/uaf.css?ver=1589905315 HTTP/1.1" 200 408
66.249.79.117 - - [03/Dec/2022:01:36:57 -0500] "GET /portaldeninos/wp-includes/js/jquery/jquery-migrate.min.js?ver=1.4.1 HTTP/1.1" 200 10056
66.249.79.117 - - [03/Dec/2022:01:36:58 -0500] "GET /portaldeninos/wp-content/themes/betheme/style.css?ver=20.9.6 HTTP/1.1" 200 287
66.249.79.117 - - [03/Dec/2022:01:36:59 -0500] "GET /portaldeninos/wp-includes/js/jquery/ui/core.min.js?ver=1.11.4 HTTP/1.1" 200 4000
66.249.79.117 - - [03/Dec/2022:01:37:00 -0500] "GET /portaldeninos/wp-content/plugins/popup-maker/assets/css/site.min.css?ver=1.8.14 HTTP/1.1" 200 8260
66.249.79.117 - - [03/Dec/2022:01:37:02 -0500] "GET /portaldeninos/wp-content/themes/betheme/css/base.css?ver=20.9.6 HTTP/1.1" 200 57283
66.249.79.117 - - [03/Dec/2022:01:37:03 -0500] "GET /portaldeninos/wp-content/themes/betheme/css/layout.css?ver=20.9.6 HTTP/1.1" 200 116639
66.249.79.117 - - [03/Dec/2022:01:37:04 -0500] "GET /portaldeninos/wp-includes/js/jquery/jquery.js?ver=1.12.4 HTTP/1.1" 200 97184
66.249.79.117 - - [03/Dec/2022:01:37:06 -0500] "GET /portaldeninos/wp-includes/js/wp-emoji-release.min.js?ver=4.9.8 HTTP/1.1" 200 12026
207.46.13.120 - - [03/Dec/2022:01:37:07 -0500] "GET /si-tienes-ropa-y-calzado-que-ya-no-usas-aca-te-presentamos-seis-puntos-a-donde-los-puedes-llevar.html HTTP/1.1" 200 872
66.249.79.117 - - [03/Dec/2022:01:37:07 -0500] "GET /portaldeninos/wp-content/plugins/gallery-videos/JS/Total-Soft-Gallery-Video-Widget.js?ver=4.9.8 HTTP/1.1" 200 80264
66.249.79.117 - - [03/Dec/2022:01:37:08 -0500] "GET /portaldeninos/wp-content/themes/betheme/css/shortcodes.css?ver=20.9.6 HTTP/1.1" 200 138889
114.119.145.198 - - [03/Dec/2022:01:38:01 -0500] "GET /BLA/resoluciones/RESOLUCIONES%202010/RESOLUCION%201634%20DE%202010.PDF HTTP/1.1" 200 151460
114.119.155.205 - - [03/Dec/2022:01:38:44 -0500] "GET /BLA/resoluciones/RESOLUCIONES%202010/7249.pdf HTTP/1.1" 200 70999
201.245.192.253 - - [03/Dec/2022:01:39:04 -0500] "POST /kwsrmcab/Wsrmcab  HTTP/1.1" 200 213
172.22.2.4 - - [03/Dec/2022:01:37:44 -0500] "HEAD /BLA/boletinlegal/ HTTP/1.1" 200 -
157.55.39.39 - - [03/Dec/2022:01:39:25 -0500] "GET /galeria/galeria/fotos/GuaymaralTorca4G.jpg HTTP/1.1" 200 373786
216.245.221.92 - - [03/Dec/2022:01:39:40 -0500] "HEAD / HTTP/1.1" 200 -
114.119.130.110 - - [03/Dec/2022:01:39:45 -0500] "GET /BLA/resoluciones/RESOLUCIONES%202010/7049.pdf HTTP/1.1" 200 264704
172.22.2.4 - - [03/Dec/2022:01:38:35 -0500] "GET /BLA/boletinlegal/ HTTP/1.1" 200 57192
201.245.192.253 - - [03/Dec/2022:01:41:00 -0500] "POST /kwsrmcab/Wsrmcab HTTP/1.1" 200 42295
201.245.192.253 - - [03/Dec/2022:01:41:03 -0500] "POST /kwsrmcab/Wsrmcab HTTP/1.1" 200 43605
114.119.129.191 - - [03/Dec/2022:01:41:27 -0500] "GET /BLA/resoluciones/RESOLUCIONES%202010/6606.pdf HTTP/1.1" 200 320837
114.119.151.172 - - [03/Dec/2022:01:42:29 -0500] "GET /BLA/resoluciones/RESOLUCIONES%202010/6282.pdf HTTP/1.1" 200 364755
66.249.79.121 - - [03/Dec/2022:01:43:03 -0500] "GET /favicon.ico HTTP/1.1" 200 7782
201.245.192.253 - - [03/Dec/2022:01:44:03 -0500] "POST /kwsrmcab/Wsrmcab  HTTP/1.1" 200 213
216.245.221.92 - - [03/Dec/2022:01:44:40 -0500] "HEAD / HTTP/1.1" 200 -
172.22.2.4 - - [03/Dec/2022:01:43:34 -0500] "HEAD /BLA/boletinlegal/ HTTP/1.1" 200 -
114.119.156.251 - - [03/Dec/2022:01:45:28 -0500] "GET /BLA/resoluciones/RESOLUCIONES%202010/6174.pdf HTTP/1.1" 200 2100212
172.22.2.4 - - [03/Dec/2022:01:44:25 -0500] "GET /BLA/boletinlegal/ HTTP/1.1" 200 57192
141.255.166.2 - - [03/Dec/2022:01:46:06 -0500] "GET / HTTP/1.1" 200 319
186.154.163.245 - - [03/Dec/2022:01:48:14 -0500] "GET /BLA/resoluciones/index.php?dir= HTTP/1.1" 200 13093
