185.119.81.99 - - [03/Dec/2022:05:25:23 -0500] "POST /portaldeninos/wp-login.php HTTP/1.1" 200 3605
114.119.150.126 - - [03/Dec/2022:05:25:49 -0500] "GET /BLA/resoluciones/RESOLUCIONES%202010/0920.pdf HTTP/1.1" 200 104480
172.22.2.4 - - [03/Dec/2022:05:25:24 -0500] "HEAD /BLA/boletinlegal/ HTTP/1.1" 200 -
66.249.79.115 - - [03/Dec/2022:05:27:46 -0500] "GET /Publicaciones/2022EE309449.pdf HTTP/1.1" 200 231862
172.22.2.4 - - [03/Dec/2022:05:26:14 -0500] "GET /BLA/boletinlegal/ HTTP/1.1" 200 54816
201.245.192.253 - - [03/Dec/2022:05:28:15 -0500] "POST /kwsrmcab/Wsrmcab  HTTP/1.1" 200 213
216.245.221.92 - - [03/Dec/2022:05:29:40 -0500] "HEAD / HTTP/1.1" 200 -
201.245.192.253 - - [03/Dec/2022:05:31:00 -0500] "POST /kwsrmcab/Wsrmcab HTTP/1.1" 200 41837
201.245.192.253 - - [03/Dec/2022:05:31:03 -0500] "POST /kwsrmcab/Wsrmcab HTTP/1.1" 200 41829
185.119.81.99 - - [03/Dec/2022:05:32:10 -0500] "GET /portaldeninos/wp-login.php HTTP/1.1" 200 2592
185.119.81.99 - - [03/Dec/2022:05:32:11 -0500] "POST /portaldeninos/wp-login.php HTTP/1.1" 200 3605
66.249.79.111 - - [03/Dec/2022:05:32:23 -0500] "GET /Publicaciones/2022EE286014.pdf HTTP/1.1" 404 228
66.249.79.115 - - [03/Dec/2022:05:32:24 -0500] "GET /BLA/resoluciones/RESOLUCIONES%202010/2384.pdf HTTP/1.1" 200 780714
66.249.79.111 - - [03/Dec/2022:05:32:26 -0500] "GET /BLA/resoluciones/RESOLUCIONES%202009/0780.pdf HTTP/1.1" 200 282144
66.249.79.111 - - [03/Dec/2022:05:32:27 -0500] "GET /BLA/resoluciones/RESOLUCIONES%202009/1063.pdf HTTP/1.1" 200 196820
66.249.79.113 - - [03/Dec/2022:05:32:27 -0500] "GET /BLA/resoluciones/AUTOS%202009/1052.pdf HTTP/1.1" 200 112374
66.249.79.111 - - [03/Dec/2022:05:32:28 -0500] "GET /BLA/resoluciones/RESOLUCIONES%202010/4788.pdf HTTP/1.1" 200 248917
66.249.79.111 - - [03/Dec/2022:05:32:29 -0500] "GET /BLA/resoluciones/RESOLUCIONES%202010/6316.pdf HTTP/1.1" 200 2547969
66.249.79.113 - - [03/Dec/2022:05:32:30 -0500] "GET /Publicaciones/2022EE246850.pdf HTTP/1.1" 404 228
66.249.79.113 - - [03/Dec/2022:05:32:31 -0500] "GET /BLA/resoluciones/AUTOS%202007/3330.pdf HTTP/1.1" 200 98548
66.249.79.115 - - [03/Dec/2022:05:32:31 -0500] "GET /BLA/resoluciones/RESOLUCIONES%202010/1212.pdf HTTP/1.1" 200 119238
66.249.79.111 - - [03/Dec/2022:05:32:33 -0500] "GET /BLA/resoluciones/AUTOS%202013/3734.pdf HTTP/1.1" 200 574991
66.249.79.111 - - [03/Dec/2022:05:32:33 -0500] "GET /BLA/resoluciones/AUTOS%202014/4189.pdf HTTP/1.1" 200 348101
66.249.79.115 - - [03/Dec/2022:05:32:33 -0500] "GET /BLA/resoluciones/RESOLUCIONES%202009/6927.pdf HTTP/1.1" 200 37100
66.249.79.115 - - [03/Dec/2022:05:32:34 -0500] "GET /BLA/resoluciones/AUTOS%202014/0539.pdf HTTP/1.1" 200 708053
66.249.79.119 - - [03/Dec/2022:05:32:36 -0500] "GET /BLA/resoluciones/AUTOS%202015/3352.pdf HTTP/1.1" 200 494476
66.249.79.113 - - [03/Dec/2022:05:32:38 -0500] "GET /BLA/resoluciones/RESOLUCIONES%202008/1246.pdf HTTP/1.1" 200 997530
66.249.79.115 - - [03/Dec/2022:05:32:39 -0500] "GET /BLA/resoluciones/RESOLUCIONES%202009/3122.pdf HTTP/1.1" 200 477893
66.249.79.117 - - [03/Dec/2022:05:32:42 -0500] "GET /Publicaciones/2022EE283303.pdf HTTP/1.1" 404 228
66.249.79.115 - - [03/Dec/2022:05:32:42 -0500] "GET /BLA/resoluciones/AUTOS%202011/0688.pdf HTTP/1.1" 200 101134
66.249.79.117 - - [03/Dec/2022:05:32:43 -0500] "GET /BLA/resoluciones/RESOLUCIONES%202018/1794.pdf HTTP/1.1" 200 277281
66.249.79.113 - - [03/Dec/2022:05:32:44 -0500] "GET /BLA/resoluciones/RESOLUCIONES%202009/3455.pdf HTTP/1.1" 200 908367
66.249.79.115 - - [03/Dec/2022:05:32:45 -0500] "GET /BLA/resoluciones/AUTOS%202013/3433.pdf HTTP/1.1" 200 297494
66.249.79.113 - - [03/Dec/2022:05:32:47 -0500] "GET /BLA/resoluciones/AUTOS%202015/0486.pdf HTTP/1.1" 200 1147593
66.249.79.113 - - [03/Dec/2022:05:32:48 -0500] "GET /BLA/resoluciones/RESOLUCIONES%202007/RES%202007%202101%20AL%202200/RESOLUCION%202186%20DE%202007.pdf HTTP/1.1" 200 524824
66.249.79.113 - - [03/Dec/2022:05:32:48 -0500] "GET /BLA/resoluciones/AUTOS%202014/4185.pdf HTTP/1.1" 200 299361
66.249.79.115 - - [03/Dec/2022:05:32:49 -0500] "GET /BLA/resoluciones/AUTOS%202013/0977.pdf HTTP/1.1" 200 1153912
66.249.79.111 - - [03/Dec/2022:05:32:51 -0500] "GET /BLA/resoluciones/AUTOS%202015/2288.pdf HTTP/1.1" 200 576549
66.249.79.125 - - [03/Dec/2022:05:32:53 -0500] "GET /BLA/resoluciones/RESOLUCIONES%202019/0799.pdf HTTP/1.1" 200 270591
172.22.2.4 - - [03/Dec/2022:05:31:14 -0500] "HEAD /BLA/boletinlegal/ HTTP/1.1" 200 -
66.249.79.117 - - [03/Dec/2022:05:32:54 -0500] "GET /BLA/resoluciones/AUTOS%202014/0164.pdf HTTP/1.1" 200 671313
66.249.79.127 - - [03/Dec/2022:05:32:55 -0500] "GET /BLA/resoluciones/RESOLUCIONES%202007/RES%202007%201801%20AL%201900/RESOLUCION%201823%20%20DE%202007.pdf HTTP/1.1" 200 1107903
66.249.79.115 - - [03/Dec/2022:05:32:56 -0500] "GET /BLA/resoluciones/AUTOS%202016/1236.pdf HTTP/1.1" 200 472038
66.249.79.127 - - [03/Dec/2022:05:32:56 -0500] "GET /BLA/resoluciones/RESOLUCIONES%202007/RES%202007%202101%20AL%202200/RESOLUCION%202113%20DE%202007.pdf HTTP/1.1" 200 432971
66.249.79.117 - - [03/Dec/2022:05:32:57 -0500] "GET /BLA/resoluciones/AUTOS%202015/6565.pdf HTTP/1.1" 200 620735
66.249.79.121 - - [03/Dec/2022:05:32:58 -0500] "GET /BLA/resoluciones/RESOLUCIONES%202016/1515.pdf HTTP/1.1" 200 570524
201.245.192.253 - - [03/Dec/2022:05:33:14 -0500] "POST /kwsrmcab/Wsrmcab  HTTP/1.1" 200 213
172.22.2.4 - - [03/Dec/2022:05:32:03 -0500] "GET /BLA/boletinlegal/index.php HTTP/1.1" 200 48801
172.22.2.4 - - [03/Dec/2022:05:32:04 -0500] "GET /BLA/boletinlegal/ HTTP/1.1" 200 49193
114.119.142.100 - - [03/Dec/2022:05:33:45 -0500] "GET /BLA/resoluciones/RESOLUCIONES%202010/0571.pdf HTTP/1.1" 200 107226
216.245.221.92 - - [03/Dec/2022:05:34:40 -0500] "HEAD / HTTP/1.1" 200 -
114.119.153.72 - - [03/Dec/2022:05:35:09 -0500] "GET /BLA/resoluciones/RESOLUCIONES%202010/0469.pdf HTTP/1.1" 200 106666
201.245.192.253 - - [03/Dec/2022:05:38:13 -0500] "POST /kwsrmcab/Wsrmcab  HTTP/1.1" 200 213
172.22.2.4 - - [03/Dec/2022:05:37:04 -0500] "HEAD /BLA/boletinlegal/ HTTP/1.1" 200 -
162.55.171.94 - - [03/Dec/2022:05:38:56 -0500] "GET / HTTP/1.1" 200 319
172.22.2.4 - - [03/Dec/2022:05:37:54 -0500] "GET /BLA/boletinlegal/ HTTP/1.1" 200 52079
216.245.221.92 - - [03/Dec/2022:05:39:40 -0500] "HEAD / HTTP/1.1" 200 -
172.22.2.4 - - [03/Dec/2022:05:41:03 -0500] "GET /BLA/boletinlegal/favicon.ico HTTP/1.1" 404 1018
201.245.192.253 - - [03/Dec/2022:05:41:08 -0500] "POST /kwsrmcab/Wsrmcab HTTP/1.1" 200 41837
201.245.192.253 - - [03/Dec/2022:05:41:11 -0500] "POST /kwsrmcab/Wsrmcab HTTP/1.1" 200 41829
172.22.2.4 - - [03/Dec/2022:05:40:47 -0500] "GET /BLA/boletinlegal/ HTTP/1.1" 200 20427
172.22.2.4 - - [03/Dec/2022:05:40:48 -0500] "GET /BLA/boletinlegal/ HTTP/1.1" 200 32715
201.245.192.253 - - [03/Dec/2022:05:43:13 -0500] "POST /kwsrmcab/Wsrmcab  HTTP/1.1" 200 213
172.22.2.4 - - [03/Dec/2022:05:42:54 -0500] "HEAD /BLA/boletinlegal/ HTTP/1.1" 200 -
207.46.13.198 - - [03/Dec/2022:05:44:47 -0500] "GET /BLA/resoluciones/RESOLUCIONES%202000/2000%20250-299.tif HTTP/1.1" 200 2321812
216.245.221.92 - - [03/Dec/2022:05:44:49 -0500] "HEAD / HTTP/1.1" 200 -
172.22.2.4 - - [03/Dec/2022:05:43:44 -0500] "GET /BLA/boletinlegal/ HTTP/1.1" 200 59404
141.255.166.2 - - [03/Dec/2022:05:46:21 -0500] "GET / HTTP/1.1" 200 319
157.55.39.39 - - [03/Dec/2022:05:46:26 -0500] "GET /BLA/resoluciones/index.php?dir=AUTOS+2018%2F HTTP/1.1" 200 442469
207.46.13.198 - - [03/Dec/2022:05:47:09 -0500] "GET /sipse/faces/autenticacion.xhtml HTTP/1.1" 200 12496
201.245.192.253 - - [03/Dec/2022:05:48:12 -0500] "POST /kwsrmcab/Wsrmcab  HTTP/1.1" 200 213
216.245.221.92 - - [03/Dec/2022:05:49:40 -0500] "HEAD / HTTP/1.1" 200 -
172.22.2.4 - - [03/Dec/2022:05:48:44 -0500] "HEAD /BLA/boletinlegal/ HTTP/1.1" 200 -
172.22.2.4 - - [03/Dec/2022:05:49:34 -0500] "GET /BLA/boletinlegal/ HTTP/1.1" 200 55680
114.119.131.10 - - [03/Dec/2022:05:51:30 -0500] "GET /BLA/resoluciones/RESOLUCIONES%202010/0371.pdf HTTP/1.1" 200 156525
201.245.192.253 - - [03/Dec/2022:05:53:10 -0500] "POST /kwsrmcab/Wsrmcab  HTTP/1.1" 200 213
185.119.81.107 - - [03/Dec/2022:05:53:41 -0500] "GET /portaldeninos/wp-login.php HTTP/1.1" 200 2592
185.119.81.107 - - [03/Dec/2022:05:53:42 -0500] "POST /portaldeninos/wp-login.php HTTP/1.1" 200 3670
216.245.221.92 - - [03/Dec/2022:05:54:40 -0500] "HEAD / HTTP/1.1" 200 -
172.22.2.4 - - [03/Dec/2022:05:54:34 -0500] "HEAD /BLA/boletinlegal/ HTTP/1.1" 200 -
172.22.2.4 - - [03/Dec/2022:05:55:24 -0500] "GET /BLA/boletinlegal/ HTTP/1.1" 200 58612
69.63.184.1 - - [03/Dec/2022:05:57:15 -0500] "GET /distrito-realiza-las-primeras-vasectomias-a-palomas-de-plaza.html HTTP/1.1" 206 958
173.252.79.2 - - [03/Dec/2022:05:57:16 -0500] "GET /images/imagen-palomas_optimized.jpg HTTP/1.1" 200 184069
201.245.192.253 - - [03/Dec/2022:05:58:09 -0500] "POST /kwsrmcab/Wsrmcab  HTTP/1.1" 200 213
216.245.221.92 - - [03/Dec/2022:05:59:40 -0500] "HEAD / HTTP/1.1" 200 -
157.55.39.39 - - [03/Dec/2022:06:01:32 -0500] "GET /BLA/resoluciones/index.php?dir=AUTOS+2019%2F HTTP/1.1" 200 349992
172.22.2.4 - - [03/Dec/2022:06:00:24 -0500] "HEAD /BLA/boletinlegal/ HTTP/1.1" 200 -
66.249.79.111 - - [03/Dec/2022:06:02:23 -0500] "GET /BLA/resoluciones/RESOLUCIONES%202007/RES%202007%202201%20AL%202300/RESOLUCION%202229%20DE%202007.pdf HTTP/1.1" 200 53496
66.249.79.115 - - [03/Dec/2022:06:02:24 -0500] "GET /BLA/resoluciones/AUTOS%202009/1097.pdf HTTP/1.1" 200 85049
66.249.79.115 - - [03/Dec/2022:06:02:25 -0500] "GET /BLA/resoluciones/Notificaciones/AUTOS%202018/01330.pdf HTTP/1.1" 200 307660
66.249.79.113 - - [03/Dec/2022:06:02:27 -0500] "GET /BLA/resoluciones/AUTOS%202015/6530.pdf HTTP/1.1" 200 554412
66.249.79.111 - - [03/Dec/2022:06:02:28 -0500] "GET /BLA/resoluciones/RESOLUCIONES%202015/2052.pdf HTTP/1.1" 200 599790
66.249.79.113 - - [03/Dec/2022:06:02:31 -0500] "GET /BLA/resoluciones/RESOLUCIONES%202019/1814.pdf HTTP/1.1" 200 383989
66.249.79.111 - - [03/Dec/2022:06:02:33 -0500] "GET /BLA/resoluciones/AUTOS%202007/2407.pdf HTTP/1.1" 200 74098
66.249.79.111 - - [03/Dec/2022:06:02:34 -0500] "GET /Publicaciones/2022EE256394.pdf HTTP/1.1" 404 228
66.249.79.113 - - [03/Dec/2022:06:02:34 -0500] "GET /BLA/resoluciones/RESOLUCIONES%202007/RES%202007%202201%20AL%202300/RESOLUCION%202289%20DE%202007.pdf HTTP/1.1" 200 879277
66.249.79.113 - - [03/Dec/2022:06:02:36 -0500] "GET /BLA/resoluciones/RESOLUCIONES%202009/6066.pdf HTTP/1.1" 200 532915
66.249.79.113 - - [03/Dec/2022:06:02:38 -0500] "GET /BLA/resoluciones/RESOLUCIONES%202016/2472.pdf HTTP/1.1" 200 428350
66.249.79.113 - - [03/Dec/2022:06:02:40 -0500] "GET /BLA/resoluciones/AUTOS%202011/4288.pdf HTTP/1.1" 200 235349
66.249.79.111 - - [03/Dec/2022:06:02:42 -0500] "GET /BLA/resoluciones/RESOLUCIONES%202009/2303.pdf HTTP/1.1" 200 558297
66.249.79.113 - - [03/Dec/2022:06:02:44 -0500] "GET /Publicaciones/2022EE295353.pdf HTTP/1.1" 404 228
66.249.79.115 - - [03/Dec/2022:06:02:44 -0500] "GET /BLA/resoluciones/RESOLUCIONES%202007/RES%202007%20801%20AL%20900/RESOLUCION%200827%20DE%202007.pdf HTTP/1.1" 200 222252
66.249.79.111 - - [03/Dec/2022:06:02:46 -0500] "GET /BLA/resoluciones/AUTOS%202017/3493.pdf HTTP/1.1" 200 1470634
66.249.79.111 - - [03/Dec/2022:06:02:48 -0500] "GET /BLA/resoluciones/AUTOS%202017/1667.pdf HTTP/1.1" 200 1328469
66.249.79.113 - - [03/Dec/2022:06:02:50 -0500] "GET /BLA/resoluciones/RESOLUCIONES%202015/2878.pdf HTTP/1.1" 200 942856
66.249.79.113 - - [03/Dec/2022:06:02:52 -0500] "GET /BLA/resoluciones/RESOLUCIONES%202015/1032.pdf HTTP/1.1" 200 1125413
66.249.79.111 - - [03/Dec/2022:06:02:53 -0500] "GET /BLA/resoluciones/RESOLUCIONES%202009/4051.pdf HTTP/1.1" 200 569761
66.249.79.111 - - [03/Dec/2022:06:02:54 -0500] "GET /Publicaciones/2022EE296429.pdf HTTP/1.1" 404 228
172.22.2.4 - - [03/Dec/2022:06:01:14 -0500] "GET /BLA/boletinlegal/ HTTP/1.1" 200 54100
66.249.79.115 - - [03/Dec/2022:06:02:54 -0500] "GET /BLA/resoluciones/RESOLUCIONES%202007/RES%202007%202701%20AL%202800/RESOLUCION%202796%20DE%202007.pdf HTTP/1.1" 200 819734
66.249.79.113 - - [03/Dec/2022:06:02:57 -0500] "GET /BLA/resoluciones/RESOLUCIONES%202009/5478.pdf HTTP/1.1" 200 500469
66.249.79.111 - - [03/Dec/2022:06:02:57 -0500] "GET /BLA/resoluciones/AUTOS%202017/0206.pdf HTTP/1.1" 200 542138
66.249.79.119 - - [03/Dec/2022:06:02:58 -0500] "GET /BLA/resoluciones/RESOLUCIONES%202015/0632.pdf HTTP/1.1" 200 987521
66.249.79.123 - - [03/Dec/2022:06:03:01 -0500] "GET /BLA/resoluciones/AUTOS%202015/2510.pdf HTTP/1.1" 200 671751
66.249.79.127 - - [03/Dec/2022:06:03:03 -0500] "GET /BLA/resoluciones/RESOLUCIONES%202008/5144.pdf HTTP/1.1" 200 199369
114.119.130.87 - - [03/Dec/2022:06:03:03 -0500] "GET /BLA/resoluciones/RESOLUCIONES%202010/0219.pdf HTTP/1.1" 200 597464
66.249.79.123 - - [03/Dec/2022:06:03:04 -0500] "GET /BLA/resoluciones/RESOLUCIONES%202007/RES%202007%202001%20AL%202100/RESOLUCION%202015%20DE%202007.pdf HTTP/1.1" 200 527468
66.249.79.127 - - [03/Dec/2022:06:03:05 -0500] "GET /BLA/resoluciones/RESOLUCIONES%202009/8359.pdf HTTP/1.1" 200 497993
66.249.79.125 - - [03/Dec/2022:06:03:19 -0500] "GET /BLA/resoluciones/AUTOS%202018/0715.pdf HTTP/1.1" 200 258861
201.245.192.253 - - [03/Dec/2022:06:03:18 -0500] "POST /kwsrmcab/Wsrmcab  HTTP/1.1" 200 213
66.249.79.119 - - [03/Dec/2022:06:03:23 -0500] "GET /BLA/resoluciones/RESOLUCIONES%202009/8598.pdf HTTP/1.1" 200 515555
66.249.79.119 - - [03/Dec/2022:06:03:24 -0500] "GET /BLA/resoluciones/AUTOS%202009/0822.pdf HTTP/1.1" 200 76993
66.249.79.113 - - [03/Dec/2022:06:03:25 -0500] "GET /BLA/resoluciones/RESOLUCIONES%202014/3875.pdf HTTP/1.1" 200 403167
66.249.79.115 - - [03/Dec/2022:06:03:27 -0500] "GET /BLA/resoluciones/AUTOS%202013/3138.pdf HTTP/1.1" 200 366171
66.249.79.113 - - [03/Dec/2022:06:03:28 -0500] "GET /BLA/resoluciones/RESOLUCIONES%202014/2218.pdf HTTP/1.1" 200 3736845
66.249.79.117 - - [03/Dec/2022:06:03:31 -0500] "GET /BLA/resoluciones/AUTOS%202015/2607.pdf HTTP/1.1" 200 537711
66.249.79.113 - - [03/Dec/2022:06:03:32 -0500] "GET /BLA/resoluciones/AUTOS%202015/4792.pdf HTTP/1.1" 200 463621
66.249.79.113 - - [03/Dec/2022:06:03:33 -0500] "GET /BLA/resoluciones/RESOLUCIONES%202014/0384.pdf HTTP/1.1" 200 511204
66.249.79.113 - - [03/Dec/2022:06:03:34 -0500] "GET /BLA/resoluciones/RESOLUCIONES%202018/1797.pdf HTTP/1.1" 200 3101321
66.249.79.111 - - [03/Dec/2022:06:03:35 -0500] "GET /BLA/resoluciones/RESOLUCIONES%202016/1668.pdf HTTP/1.1" 200 593272
66.249.79.111 - - [03/Dec/2022:06:03:37 -0500] "GET /Publicaciones/2020EE77866.pdf HTTP/1.1" 404 227
66.249.79.123 - - [03/Dec/2022:06:03:38 -0500] "GET /BLA/resoluciones/AUTOS%202014/1714.pdf HTTP/1.1" 200 672479
66.249.79.111 - - [03/Dec/2022:06:03:40 -0500] "GET /BLA/resoluciones/RESOLUCIONES%202009/4292.pdf HTTP/1.1" 200 521675
66.249.79.117 - - [03/Dec/2022:06:03:41 -0500] "GET /Publicaciones/2022EE254309.pdf HTTP/1.1" 404 228
66.249.79.123 - - [03/Dec/2022:06:03:42 -0500] "GET /BLA/resoluciones/AUTOS%202013/1488.pdf HTTP/1.1" 200 859437
66.249.79.115 - - [03/Dec/2022:06:03:44 -0500] "GET /BLA/resoluciones/RESOLUCIONES%202017/0270.pdf HTTP/1.1" 200 652745
66.249.79.125 - - [03/Dec/2022:06:03:46 -0500] "GET /BLA/resoluciones/AUTOS%202014/1251.pdf HTTP/1.1" 200 165502
66.249.79.113 - - [03/Dec/2022:06:03:47 -0500] "GET /BLA/resoluciones/RESOLUCIONES%202007/RES%202007%201%20AL%20100/RESOLUCION%200002%20DE%202007.pdf HTTP/1.1" 200 267806
66.249.79.127 - - [03/Dec/2022:06:03:48 -0500] "GET /BLA/resoluciones/AUTOS%202013/2017.pdf HTTP/1.1" 200 470601
66.249.79.111 - - [03/Dec/2022:06:03:50 -0500] "GET /BLA/resoluciones/Notificaciones/RESOLUCIONES%202021/0800.pdf HTTP/1.1" 200 959888
66.249.79.115 - - [03/Dec/2022:06:03:51 -0500] "GET /BLA/resoluciones/AUTOS%202016/0997.pdf HTTP/1.1" 200 187797
66.249.79.119 - - [03/Dec/2022:06:03:52 -0500] "GET /BLA/resoluciones/AUTOS%202012/2561.pdf HTTP/1.1" 200 844258
66.249.79.125 - - [03/Dec/2022:06:03:54 -0500] "GET /BLA/resoluciones/AUTOS%202015/1649.pdf HTTP/1.1" 200 710223
66.249.79.119 - - [03/Dec/2022:06:03:55 -0500] "GET /BLA/resoluciones/RESOLUCIONES%202007/RES%202007%202401%20AL%202500/RESOLUCION%202424%20DE%202007.pdf HTTP/1.1" 200 360950
66.249.79.117 - - [03/Dec/2022:06:03:57 -0500] "GET /BLA/resoluciones/AUTOS%202014/7207.pdf HTTP/1.1" 200 588841
66.249.79.97 - - [03/Dec/2022:06:04:08 -0500] "GET /BLA/resoluciones/RESOLUCIONES%202015/2872.pdf HTTP/1.1" 200 981763
66.249.79.119 - - [03/Dec/2022:06:04:10 -0500] "GET /Publicaciones/2022EE264931.pdf HTTP/1.1" 404 228
66.249.79.111 - - [03/Dec/2022:06:04:11 -0500] "GET /BLA/resoluciones/RESOLUCIONES%202012/0730.pdf HTTP/1.1" 200 453739
66.249.79.123 - - [03/Dec/2022:06:04:13 -0500] "GET /BLA/resoluciones/AUTOS%202014/2220.pdf HTTP/1.1" 200 2303870
66.249.79.121 - - [03/Dec/2022:06:04:14 -0500] "GET /BLA/resoluciones/RESOLUCIONES%202009/3088.pdf HTTP/1.1" 200 858741
66.249.79.111 - - [03/Dec/2022:06:04:16 -0500] "GET /BLA/resoluciones/AUTOS%202007/1130.pdf HTTP/1.1" 200 25970
66.249.79.113 - - [03/Dec/2022:06:04:17 -0500] "GET /BLA/resoluciones/AUTOS%202014/0381.pdf HTTP/1.1" 200 899209
216.245.221.92 - - [03/Dec/2022:06:04:43 -0500] "HEAD / HTTP/1.1" 200 -
64.124.8.31 - - [03/Dec/2022:06:04:56 -0500] "GET /BLA/boletinlegal/documentos-importantes.php HTTP/1.1" 200 4829
114.119.154.253 - - [03/Dec/2022:06:05:30 -0500] "GET /BLA/resoluciones/RESOLUCIONES%202019/0427.pdf HTTP/1.1" 200 265237
172.22.2.4 - - [03/Dec/2022:06:07:42 -0500] "GET /BLA/boletinlegal/robots.txt HTTP/1.1" 404 1038
172.22.2.4 - - [03/Dec/2022:06:06:14 -0500] "HEAD /BLA/boletinlegal/ HTTP/1.1" 200 -
114.119.152.114 - - [03/Dec/2022:06:08:08 -0500] "GET /BLA/resoluciones/RESOLUCIONES%202018/2065.pdf HTTP/1.1" 200 288314
201.245.192.253 - - [03/Dec/2022:06:08:08 -0500] "POST /kwsrmcab/Wsrmcab  HTTP/1.1" 200 213
172.22.2.4 - - [03/Dec/2022:06:07:04 -0500] "GET /BLA/boletinlegal/ HTTP/1.1" 200 52942
172.22.2.4 - - [03/Dec/2022:06:07:44 -0500] "GET /BLA/boletinlegal/index.php HTTP/1.1" 200 58185
168.119.52.80 - - [03/Dec/2022:06:09:32 -0500] "GET / HTTP/1.1" 200 319
216.245.221.92 - - [03/Dec/2022:06:09:40 -0500] "HEAD / HTTP/1.1" 200 -
172.22.2.4 - - [03/Dec/2022:06:10:55 -0500] "GET /BLA/boletinlegal/style.css HTTP/1.1" 200 9406
172.22.2.4 - - [03/Dec/2022:06:10:55 -0500] "GET /BLA/boletinlegal/styles2.css HTTP/1.1" 200 1838
172.22.2.4 - - [03/Dec/2022:06:10:55 -0500] "GET /BLA/boletinlegal/js/jquery.js HTTP/1.1" 200 57254
172.22.2.4 - - [03/Dec/2022:06:10:56 -0500] "GET /BLA/boletinlegal/js/jquery.scrollTo-min.js HTTP/1.1" 200 1150
172.22.2.4 - - [03/Dec/2022:06:10:56 -0500] "GET /BLA/boletinlegal/js/jquery.scrollShow.js HTTP/1.1" 200 4586
172.22.2.4 - - [03/Dec/2022:06:10:56 -0500] "GET /BLA/boletinlegal/images/cabezote%20BLEGAL.jpg HTTP/1.1" 200 118164
172.22.2.4 - - [03/Dec/2022:06:10:56 -0500] "GET /BLA/boletinlegal/images/subscribe-icon-big.png HTTP/1.1" 200 47702
172.22.2.4 - - [03/Dec/2022:06:10:56 -0500] "GET /BLA/boletinlegal/images/historia.png HTTP/1.1" 200 52775
172.22.2.4 - - [03/Dec/2022:06:10:56 -0500] "GET /BLA/boletinlegal/images/registro-usuarios.png HTTP/1.1" 200 8106
172.22.2.4 - - [03/Dec/2022:06:10:56 -0500] "GET /BLA/boletinlegal/images/arr_l.jpg HTTP/1.1" 200 1979
172.22.2.4 - - [03/Dec/2022:06:10:56 -0500] "GET /BLA/boletinlegal/images/menu_bg.jpg HTTP/1.1" 200 620
172.22.2.4 - - [03/Dec/2022:06:10:56 -0500] "GET /BLA/boletinlegal/images/body_bg.jpg HTTP/1.1" 200 1601
172.22.2.4 - - [03/Dec/2022:06:10:56 -0500] "GET /BLA/boletinlegal/images/menu_lft.gif HTTP/1.1" 200 1713
172.22.2.4 - - [03/Dec/2022:06:10:56 -0500] "GET /BLA/boletinlegal/images/menu_rght.gif HTTP/1.1" 200 1627
172.22.2.4 - - [03/Dec/2022:06:10:56 -0500] "GET /BLA/boletinlegal/images/bg_top.jpg HTTP/1.1" 200 522
172.22.2.4 - - [03/Dec/2022:06:10:56 -0500] "GET /BLA/boletinlegal/images/text.jpg HTTP/1.1" 200 568
172.22.2.4 - - [03/Dec/2022:06:10:56 -0500] "GET /BLA/boletinlegal/images/launch.jpg HTTP/1.1" 200 14577
172.22.2.4 - - [03/Dec/2022:06:10:56 -0500] "GET /BLA/boletinlegal/images/hover.jpg HTTP/1.1" 200 640
172.22.2.4 - - [03/Dec/2022:06:10:56 -0500] "GET /BLA/boletinlegal/images/screen_1.png HTTP/1.1" 200 202547
172.22.2.4 - - [03/Dec/2022:06:11:03 -0500] "GET /BLA/boletinlegal/images/screen_5.png HTTP/1.1" 200 368876
172.22.2.4 - - [03/Dec/2022:06:11:03 -0500] "GET /BLA/boletinlegal/images/arr_r.jpg HTTP/1.1" 200 1998
172.22.2.4 - - [03/Dec/2022:06:11:03 -0500] "GET /BLA/boletinlegal/images/footer_bg.jpg HTTP/1.1" 200 586
172.22.2.4 - - [03/Dec/2022:06:11:03 -0500] "GET /BLA/boletinlegal/images/screen_2.png HTTP/1.1" 200 362502
172.22.2.4 - - [03/Dec/2022:06:11:03 -0500] "GET /BLA/boletinlegal/images/screen_3.png HTTP/1.1" 200 210620
173.252.83.5 - - [03/Dec/2022:06:11:11 -0500] "GET /images/cr\xc3\xb3nica-29-nov-1_optimized.jpeg HTTP/1.1" 404 1034
172.22.2.4 - - [03/Dec/2022:06:11:11 -0500] "GET /BLA/boletinlegal/images/pdf.gif HTTP/1.1" 200 567
114.119.130.231 - - [03/Dec/2022:06:11:20 -0500] "GET /BLA/resoluciones/RESOLUCIONES%202016/0954.pdf HTTP/1.1" 200 581703
172.22.2.4 - - [03/Dec/2022:06:10:55 -0500] "GET /BLA/boletinlegal/ HTTP/1.1" 200 59035
172.22.2.4 - - [03/Dec/2022:06:12:35 -0500] "GET /BLA/boletinlegal/favicon.ico HTTP/1.1" 404 1212
172.22.2.4 - - [03/Dec/2022:06:12:41 -0500] "GET /BLA/boletinlegal/.well-known/assetlinks.json HTTP/1.1" 404 1212
172.22.2.4 - - [03/Dec/2022:06:12:41 -0500] "GET /BLA/boletinlegal/.well-known/apple-app-site-association HTTP/1.1" 404 1212
172.22.2.4 - - [03/Dec/2022:06:12:42 -0500] "GET /BLA/boletinlegal/robots.txt HTTP/1.1" 404 1212
172.22.2.4 - - [03/Dec/2022:06:12:42 -0500] "GET /BLA/boletinlegal/.well-known/assetlinks.json HTTP/1.1" 404 1212
172.22.2.4 - - [03/Dec/2022:06:12:42 -0500] "GET /BLA/boletinlegal/.well-known/apple-app-site-association HTTP/1.1" 404 1212
172.22.2.4 - - [03/Dec/2022:06:12:42 -0500] "GET /BLA/boletinlegal/.well-known/gpc.json HTTP/1.1" 404 1212
172.22.2.4 - - [03/Dec/2022:06:12:42 -0500] "GET /BLA/boletinlegal/robots.txt HTTP/1.1" 404 1212
172.22.2.4 - - [03/Dec/2022:06:12:42 -0500] "GET /BLA/boletinlegal/.well-known/security.txt HTTP/1.1" 404 1212
172.22.2.4 - - [03/Dec/2022:06:12:42 -0500] "GET /BLA/boletinlegal/.well-known/change-password HTTP/1.1" 404 1212
172.22.2.4 - - [03/Dec/2022:06:12:42 -0500] "GET /BLA/boletinlegal/.well-known/resource-that-should-not-exist-whose-status-code-should-not-be-200/ HTTP/1.1" 404 1212
201.245.192.253 - - [03/Dec/2022:06:13:08 -0500] "POST /kwsrmcab/Wsrmcab  HTTP/1.1" 200 213
172.22.2.4 - - [03/Dec/2022:06:13:13 -0500] "GET /BLA/boletinlegal/style.css HTTP/1.1" 200 9406
172.22.2.4 - - [03/Dec/2022:06:13:14 -0500] "GET /BLA/boletinlegal/styles2.css HTTP/1.1" 200 1838
172.22.2.4 - - [03/Dec/2022:06:13:14 -0500] "GET /BLA/boletinlegal/js/jquery.js HTTP/1.1" 200 57254
172.22.2.4 - - [03/Dec/2022:06:13:14 -0500] "GET /BLA/boletinlegal/js/jquery.scrollTo-min.js HTTP/1.1" 200 1150
172.22.2.4 - - [03/Dec/2022:06:13:14 -0500] "GET /BLA/boletinlegal/js/jquery.scrollShow.js HTTP/1.1" 200 4586
172.22.2.4 - - [03/Dec/2022:06:13:14 -0500] "GET /BLA/boletinlegal/images/cabezote%20BLEGAL.jpg HTTP/1.1" 200 118164
172.22.2.4 - - [03/Dec/2022:06:13:14 -0500] "GET /BLA/boletinlegal/images/subscribe-icon-big.png HTTP/1.1" 200 47702
172.22.2.4 - - [03/Dec/2022:06:13:14 -0500] "GET /BLA/boletinlegal/images/historia.png HTTP/1.1" 200 52775
172.22.2.4 - - [03/Dec/2022:06:13:14 -0500] "GET /BLA/boletinlegal/images/registro-usuarios.png HTTP/1.1" 200 8106
172.22.2.4 - - [03/Dec/2022:06:13:14 -0500] "GET /BLA/boletinlegal/images/arr_l.jpg HTTP/1.1" 200 1979
172.22.2.4 - - [03/Dec/2022:06:13:15 -0500] "GET /BLA/boletinlegal/images/body_bg.jpg HTTP/1.1" 200 1601
172.22.2.4 - - [03/Dec/2022:06:13:15 -0500] "GET /BLA/boletinlegal/images/menu_rght.gif HTTP/1.1" 200 1627
172.22.2.4 - - [03/Dec/2022:06:13:15 -0500] "GET /BLA/boletinlegal/images/menu_lft.gif HTTP/1.1" 200 1713
172.22.2.4 - - [03/Dec/2022:06:13:15 -0500] "GET /BLA/boletinlegal/images/bg_top.jpg HTTP/1.1" 200 522
172.22.2.4 - - [03/Dec/2022:06:13:15 -0500] "GET /BLA/boletinlegal/images/menu_bg.jpg HTTP/1.1" 200 620
172.22.2.4 - - [03/Dec/2022:06:13:16 -0500] "GET /BLA/boletinlegal/images/text.jpg HTTP/1.1" 200 568
172.22.2.4 - - [03/Dec/2022:06:13:16 -0500] "GET /BLA/boletinlegal/images/launch.jpg HTTP/1.1" 200 14577
172.22.2.4 - - [03/Dec/2022:06:13:16 -0500] "GET /BLA/boletinlegal/images/hover.jpg HTTP/1.1" 200 640
172.22.2.4 - - [03/Dec/2022:06:13:16 -0500] "GET /BLA/boletinlegal/images/screen_1.png HTTP/1.1" 200 202547
172.22.2.4 - - [03/Dec/2022:06:13:24 -0500] "GET /BLA/boletinlegal/images/screen_2.png HTTP/1.1" 200 362502
172.22.2.4 - - [03/Dec/2022:06:13:24 -0500] "GET /BLA/boletinlegal/images/screen_3.png HTTP/1.1" 200 210620
172.22.2.4 - - [03/Dec/2022:06:13:24 -0500] "GET /BLA/boletinlegal/images/screen_5.png HTTP/1.1" 200 368876
172.22.2.4 - - [03/Dec/2022:06:13:24 -0500] "GET /BLA/boletinlegal/images/arr_r.jpg HTTP/1.1" 200 1998
172.22.2.4 - - [03/Dec/2022:06:13:25 -0500] "GET /BLA/boletinlegal/images/footer_bg.jpg HTTP/1.1" 200 586
172.22.2.4 - - [03/Dec/2022:06:13:38 -0500] "GET /BLA/boletinlegal/images/pdf.gif HTTP/1.1" 200 567
172.22.2.4 - - [03/Dec/2022:06:13:43 -0500] "GET /BLA/boletinlegal/style.css HTTP/1.1" 200 9406
172.22.2.4 - - [03/Dec/2022:06:13:43 -0500] "GET /BLA/boletinlegal/styles2.css HTTP/1.1" 200 1838
172.22.2.4 - - [03/Dec/2022:06:13:43 -0500] "GET /BLA/boletinlegal/js/jquery.js HTTP/1.1" 200 57254
172.22.2.4 - - [03/Dec/2022:06:13:43 -0500] "GET /BLA/boletinlegal/js/jquery.scrollTo-min.js HTTP/1.1" 200 1150
172.22.2.4 - - [03/Dec/2022:06:13:43 -0500] "GET /BLA/boletinlegal/js/jquery.scrollShow.js HTTP/1.1" 200 4586
172.22.2.4 - - [03/Dec/2022:06:13:43 -0500] "GET /BLA/boletinlegal/images/cabezote%20BLEGAL.jpg HTTP/1.1" 200 118164
172.22.2.4 - - [03/Dec/2022:06:13:44 -0500] "GET /BLA/boletinlegal/images/subscribe-icon-big.png HTTP/1.1" 200 47702
172.22.2.4 - - [03/Dec/2022:06:13:44 -0500] "GET /BLA/boletinlegal/images/historia.png HTTP/1.1" 200 52775
172.22.2.4 - - [03/Dec/2022:06:13:44 -0500] "GET /BLA/boletinlegal/images/registro-usuarios.png HTTP/1.1" 200 8106
172.22.2.4 - - [03/Dec/2022:06:13:44 -0500] "GET /BLA/boletinlegal/images/arr_l.jpg HTTP/1.1" 200 1979
172.22.2.4 - - [03/Dec/2022:06:12:04 -0500] "HEAD /BLA/boletinlegal/ HTTP/1.1" 200 -
172.22.2.4 - - [03/Dec/2022:06:13:44 -0500] "GET /BLA/boletinlegal/images/menu_bg.jpg HTTP/1.1" 200 620
172.22.2.4 - - [03/Dec/2022:06:13:44 -0500] "GET /BLA/boletinlegal/images/body_bg.jpg HTTP/1.1" 200 1601
172.22.2.4 - - [03/Dec/2022:06:13:44 -0500] "GET /BLA/boletinlegal/images/menu_lft.gif HTTP/1.1" 200 1713
172.22.2.4 - - [03/Dec/2022:06:13:44 -0500] "GET /BLA/boletinlegal/images/menu_rght.gif HTTP/1.1" 200 1627
172.22.2.4 - - [03/Dec/2022:06:13:44 -0500] "GET /BLA/boletinlegal/images/bg_top.jpg HTTP/1.1" 200 522
172.22.2.4 - - [03/Dec/2022:06:13:44 -0500] "GET /BLA/boletinlegal/images/text.jpg HTTP/1.1" 200 568
172.22.2.4 - - [03/Dec/2022:06:13:44 -0500] "GET /BLA/boletinlegal/images/launch.jpg HTTP/1.1" 200 14577
172.22.2.4 - - [03/Dec/2022:06:13:44 -0500] "GET /BLA/boletinlegal/images/hover.jpg HTTP/1.1" 200 640
172.22.2.4 - - [03/Dec/2022:06:13:44 -0500] "GET /BLA/boletinlegal/images/screen_1.png HTTP/1.1" 200 202547
172.22.2.4 - - [03/Dec/2022:06:13:54 -0500] "GET /BLA/boletinlegal/images/screen_3.png HTTP/1.1" 200 210620
172.22.2.4 - - [03/Dec/2022:06:13:54 -0500] "GET /BLA/boletinlegal/images/screen_5.png HTTP/1.1" 200 368876
172.22.2.4 - - [03/Dec/2022:06:13:54 -0500] "GET /BLA/boletinlegal/images/arr_r.jpg HTTP/1.1" 200 1998
172.22.2.4 - - [03/Dec/2022:06:13:54 -0500] "GET /BLA/boletinlegal/images/footer_bg.jpg HTTP/1.1" 200 586
172.22.2.4 - - [03/Dec/2022:06:13:54 -0500] "GET /BLA/boletinlegal/images/screen_2.png HTTP/1.1" 200 362502
172.22.2.4 - - [03/Dec/2022:06:14:06 -0500] "GET /BLA/boletinlegal/images/pdf.gif HTTP/1.1" 200 567
172.22.2.4 - - [03/Dec/2022:06:12:54 -0500] "GET /BLA/boletinlegal/ HTTP/1.1" 200 47659
216.245.221.92 - - [03/Dec/2022:06:14:40 -0500] "HEAD / HTTP/1.1" 200 -
172.22.2.4 - - [03/Dec/2022:06:13:13 -0500] "GET /BLA/boletinlegal/ HTTP/1.1" 200 46778
172.22.2.4 - - [03/Dec/2022:06:14:53 -0500] "GET /BLA/boletinlegal/images/background.gif HTTP/1.1" 200 -
172.22.2.4 - - [03/Dec/2022:06:14:55 -0500] "GET /BLA/boletinlegal/robots.txt HTTP/1.1" 404 1038
172.22.2.4 - - [03/Dec/2022:06:13:43 -0500] "GET /BLA/boletinlegal/ HTTP/1.1" 200 49550
172.22.2.4 - - [03/Dec/2022:06:15:23 -0500] "GET /BLA/boletinlegal/favicon.ico HTTP/1.1" 404 1212
172.22.2.4 - - [03/Dec/2022:06:15:29 -0500] "GET /BLA/boletinlegal/.well-known/assetlinks.json HTTP/1.1" 404 1212
172.22.2.4 - - [03/Dec/2022:06:15:29 -0500] "GET /BLA/boletinlegal/.well-known/apple-app-site-association HTTP/1.1" 404 1212
172.22.2.4 - - [03/Dec/2022:06:15:29 -0500] "GET /BLA/boletinlegal/robots.txt HTTP/1.1" 404 1212
172.22.2.4 - - [03/Dec/2022:06:15:29 -0500] "GET /BLA/boletinlegal/.well-known/assetlinks.json HTTP/1.1" 404 1212
172.22.2.4 - - [03/Dec/2022:06:15:29 -0500] "GET /BLA/boletinlegal/.well-known/apple-app-site-association HTTP/1.1" 404 1212
172.22.2.4 - - [03/Dec/2022:06:15:30 -0500] "GET /BLA/boletinlegal/robots.txt HTTP/1.1" 404 1212
172.22.2.4 - - [03/Dec/2022:06:15:30 -0500] "GET /BLA/boletinlegal/.well-known/gpc.json HTTP/1.1" 404 1212
172.22.2.4 - - [03/Dec/2022:06:15:30 -0500] "GET /BLA/boletinlegal/.well-known/security.txt HTTP/1.1" 404 1212
172.22.2.4 - - [03/Dec/2022:06:15:30 -0500] "GET /BLA/boletinlegal/.well-known/change-password HTTP/1.1" 404 1212
172.22.2.4 - - [03/Dec/2022:06:15:30 -0500] "GET /BLA/boletinlegal/.well-known/resource-that-should-not-exist-whose-status-code-should-not-be-200/ HTTP/1.1" 404 1212
172.22.2.4 - - [03/Dec/2022:06:15:57 -0500] "GET /BLA/boletinlegal/style.css HTTP/1.1" 200 9406
172.22.2.4 - - [03/Dec/2022:06:15:58 -0500] "GET /BLA/boletinlegal/styles2.css HTTP/1.1" 200 1838
172.22.2.4 - - [03/Dec/2022:06:15:58 -0500] "GET /BLA/boletinlegal/js/jquery.js HTTP/1.1" 200 57254
172.22.2.4 - - [03/Dec/2022:06:15:58 -0500] "GET /BLA/boletinlegal/js/jquery.scrollTo-min.js HTTP/1.1" 200 1150
172.22.2.4 - - [03/Dec/2022:06:15:58 -0500] "GET /BLA/boletinlegal/js/jquery.scrollShow.js HTTP/1.1" 200 4586
172.22.2.4 - - [03/Dec/2022:06:15:58 -0500] "GET /BLA/boletinlegal/images/cabezote%20BLEGAL.jpg HTTP/1.1" 200 118164
172.22.2.4 - - [03/Dec/2022:06:15:58 -0500] "GET /BLA/boletinlegal/images/subscribe-icon-big.png HTTP/1.1" 200 47702
172.22.2.4 - - [03/Dec/2022:06:15:58 -0500] "GET /BLA/boletinlegal/images/historia.png HTTP/1.1" 200 52775
172.22.2.4 - - [03/Dec/2022:06:15:58 -0500] "GET /BLA/boletinlegal/images/registro-usuarios.png HTTP/1.1" 200 8106
172.22.2.4 - - [03/Dec/2022:06:15:58 -0500] "GET /BLA/boletinlegal/images/arr_l.jpg HTTP/1.1" 200 1979
172.22.2.4 - - [03/Dec/2022:06:15:59 -0500] "GET /BLA/boletinlegal/images/body_bg.jpg HTTP/1.1" 200 1601
172.22.2.4 - - [03/Dec/2022:06:15:59 -0500] "GET /BLA/boletinlegal/images/menu_rght.gif HTTP/1.1" 200 1627
172.22.2.4 - - [03/Dec/2022:06:15:59 -0500] "GET /BLA/boletinlegal/images/menu_lft.gif HTTP/1.1" 200 1713
172.22.2.4 - - [03/Dec/2022:06:15:59 -0500] "GET /BLA/boletinlegal/images/bg_top.jpg HTTP/1.1" 200 522
172.22.2.4 - - [03/Dec/2022:06:16:00 -0500] "GET /BLA/boletinlegal/images/menu_bg.jpg HTTP/1.1" 200 620
172.22.2.4 - - [03/Dec/2022:06:16:00 -0500] "GET /BLA/boletinlegal/images/text.jpg HTTP/1.1" 200 568
172.22.2.4 - - [03/Dec/2022:06:16:00 -0500] "GET /BLA/boletinlegal/images/launch.jpg HTTP/1.1" 200 14577
172.22.2.4 - - [03/Dec/2022:06:16:00 -0500] "GET /BLA/boletinlegal/images/hover.jpg HTTP/1.1" 200 640
172.22.2.4 - - [03/Dec/2022:06:16:00 -0500] "GET /BLA/boletinlegal/images/screen_1.png HTTP/1.1" 200 202547
172.22.2.4 - - [03/Dec/2022:06:16:05 -0500] "GET /BLA/boletinlegal/images/screen_2.png HTTP/1.1" 200 362502
172.22.2.4 - - [03/Dec/2022:06:16:06 -0500] "GET /BLA/boletinlegal/images/footer_bg.jpg HTTP/1.1" 200 586
172.22.2.4 - - [03/Dec/2022:06:16:06 -0500] "GET /BLA/boletinlegal/images/screen_3.png HTTP/1.1" 200 210620
172.22.2.4 - - [03/Dec/2022:06:16:06 -0500] "GET /BLA/boletinlegal/images/screen_5.png HTTP/1.1" 200 368876
172.22.2.4 - - [03/Dec/2022:06:16:06 -0500] "GET /BLA/boletinlegal/images/arr_r.jpg HTTP/1.1" 200 1998
172.22.2.4 - - [03/Dec/2022:06:16:15 -0500] "GET /BLA/boletinlegal/images/pdf.gif HTTP/1.1" 200 567
172.22.2.4 - - [03/Dec/2022:06:14:56 -0500] "GET /BLA/boletinlegal/ HTTP/1.1" 200 57192
114.119.159.169 - - [03/Dec/2022:06:17:00 -0500] "GET /BLA/resoluciones/RESOLUCIONES%202015/2408.pdf HTTP/1.1" 200 586815
172.22.2.4 - - [03/Dec/2022:06:15:57 -0500] "GET /BLA/boletinlegal/ HTTP/1.1" 200 59779
172.22.2.4 - - [03/Dec/2022:06:17:37 -0500] "GET /BLA/boletinlegal/images/background.gif HTTP/1.1" 200 -
172.22.2.4 - - [03/Dec/2022:06:17:39 -0500] "GET /BLA/boletinlegal/robots.txt HTTP/1.1" 404 1038
201.245.192.253 - - [03/Dec/2022:06:18:05 -0500] "POST /kwsrmcab/Wsrmcab  HTTP/1.1" 502 1155
172.22.2.4 - - [03/Dec/2022:06:19:15 -0500] "GET /BLA/boletinlegal/jurisprudencia/analisis/Analisis%20Sentencia%20T-1077,%202%20corregida.doc HTTP/1.1" 304 -
172.22.2.4 - - [03/Dec/2022:06:17:41 -0500] "GET /BLA/boletinlegal/ HTTP/1.1" 200 53739
207.46.13.198 - - [03/Dec/2022:06:19:32 -0500] "GET /BLA/boletinlegal/documentos-importantes.php HTTP/1.1" 200 4829
172.22.2.4 - - [03/Dec/2022:06:17:54 -0500] "HEAD /BLA/boletinlegal/ HTTP/1.1" 200 -
216.245.221.92 - - [03/Dec/2022:06:19:40 -0500] "HEAD / HTTP/1.1" 200 -
207.46.13.198 - - [03/Dec/2022:06:19:41 -0500] "GET /BLA/boletinlegal/ajax.js HTTP/1.1" 200 577
207.46.13.198 - - [03/Dec/2022:06:19:41 -0500] "GET /BLA/boletinlegal/niceforms.js HTTP/1.1" 200 22876
157.55.39.39 - - [03/Dec/2022:06:19:49 -0500] "GET /BLA/boletinlegal/js/ajax_documentos.js HTTP/1.1" 200 1155
157.55.39.39 - - [03/Dec/2022:06:19:50 -0500] "GET /BLA/resoluciones/index.php?dir=AUTOS+2018%2F HTTP/1.1" 200 442469
207.46.13.194 - - [03/Dec/2022:06:19:58 -0500] "GET /BLA/boletinlegal/niceforms-default.css HTTP/1.1" 200 6694
207.46.13.194 - - [03/Dec/2022:06:19:58 -0500] "GET /BLA/boletinlegal/styles2.css HTTP/1.1" 200 1838
40.77.167.13 - - [03/Dec/2022:06:20:08 -0500] "GET /BLA/boletinlegal/style.css HTTP/1.1" 200 9406
172.22.2.4 - - [03/Dec/2022:06:18:44 -0500] "GET /BLA/boletinlegal/ HTTP/1.1" 200 55680
201.245.192.253 - - [03/Dec/2022:06:20:59 -0500] "POST /kwsrmcab/Wsrmcab HTTP/1.1" 200 42035
201.245.192.253 - - [03/Dec/2022:06:21:02 -0500] "POST /kwsrmcab/Wsrmcab HTTP/1.1" 200 41851
66.249.79.113 - - [03/Dec/2022:06:21:11 -0500] "GET /Publicaciones/2022EE309204.pdf HTTP/1.1" 200 2292243
185.119.81.99 - - [03/Dec/2022:06:22:24 -0500] "GET /portaldeninos/wp-login.php HTTP/1.1" 200 2592
185.119.81.99 - - [03/Dec/2022:06:22:25 -0500] "POST /portaldeninos/wp-login.php HTTP/1.1" 200 3650
201.245.192.253 - - [03/Dec/2022:06:23:04 -0500] "POST /kwsrmcab/Wsrmcab  HTTP/1.1" 200 213
40.77.167.58 - - [03/Dec/2022:06:23:09 -0500] "GET / HTTP/1.1" 200 319
114.119.133.245 - - [03/Dec/2022:06:23:59 -0500] "GET /BLA/resoluciones/RESOLUCIONES%202011/4244.pdf HTTP/1.1" 200 452161
207.46.13.56 - - [03/Dec/2022:06:24:22 -0500] "GET /secretaria-de-ambiente-reconoce-15-entidades-distritales-por-su-desempeno-ambiental.html HTTP/1.1" 200 978
216.245.221.92 - - [03/Dec/2022:06:24:40 -0500] "HEAD / HTTP/1.1" 200 -
185.119.81.107 - - [03/Dec/2022:06:25:08 -0500] "GET /portaldeninos/wp-login.php HTTP/1.1" 200 2592
185.119.81.107 - - [03/Dec/2022:06:25:09 -0500] "POST /portaldeninos/wp-login.php HTTP/1.1" 200 3605
172.22.2.4 - - [03/Dec/2022:06:23:44 -0500] "HEAD /BLA/boletinlegal/ HTTP/1.1" 200 -
172.22.2.4 - - [03/Dec/2022:06:24:34 -0500] "GET /BLA/boletinlegal/ HTTP/1.1" 200 58612
114.119.148.242 - - [03/Dec/2022:06:27:55 -0500] "GET /BLA/resoluciones/RESOLUCIONES%202010/7290.pdf HTTP/1.1" 200 121093
201.245.192.253 - - [03/Dec/2022:06:28:04 -0500] "POST /kwsrmcab/Wsrmcab  HTTP/1.1" 200 213
186.102.55.196 - - [03/Dec/2022:06:29:14 -0500] "GET /kwssiamovil/sm/ldap/au?x=U2FsdGVkX1+QL+8wsFs8eYic/d3QaB2VtJiDZRkKUTYp3ogcR3cVQjXxeJ06kciW&y=U2FsdGVkX1/RAqu2Vha96z1+kGiUUFpnixoqUmkPEzmlgPFFF2zlZdlRaXpri/d6 HTTP/1.1" 502 1344
186.102.55.196 - - [03/Dec/2022:06:29:14 -0500] "GET /kwssiamovil/sm/ldap/au?x=U2FsdGVkX1+Zr0rgdu0/ZfHw6zV2OxK6bvQZNI5H1orffdk4NZHlquDPQoDEA2U9&y=U2FsdGVkX1+b2nAtd1HTk1T8uqxXzh1SQTmMB+noJdAjxU55ALx9ashMHFJMq+/V HTTP/1.1" 200 30
186.102.55.196 - - [03/Dec/2022:06:29:14 -0500] "GET /kwssiamovil/sm/ldap/au?x=U2FsdGVkX1+8kyulPFjT1SXB7C4JDKARgOQ7LwZkg62NBWo8gtsEA3W3ZKCjoMd+&y=U2FsdGVkX1+wrcRFPq36UcTSP85VWvz9HWU7O2h9DmOr3afDUJxXhrGIDdbX6iIe HTTP/1.1" 200 30
186.102.55.196 - - [03/Dec/2022:06:29:14 -0500] "GET /kwssiamovil/sm/acme/s?s=U2FsdGVkX18tPhBSPyiAP6WQZh5FKhO6/Nrz/2IMh48PegjChFiQuuWcvJ+9CnOZnwZdKTwtAHFPJhUEDDL9MctUxwH7Ou48d2mVPBIzTrU=&u=U2FsdGVkX18nSGuN8QgZRP+vkR7J/IsYzSA7nNZg5t90J9juQMJ6qs0Ui7w1okFn&y=U2FsdGVkX1+b2nAtd1HTk1T8uqxXzh1SQTmMB+noJdAjxU55ALx9ashMHFJMq+/V HTTP/1.1" 200 66
186.102.55.196 - - [03/Dec/2022:06:29:14 -0500] "GET /kwssiamovil/sm/acme/s?s=U2FsdGVkX19t0V7M/AsJxOdN6nU2oAgDMQ1lMZFlxyPtVsxNl81DDa0Rc9vQQFdSwYw4Gjng23FJuYNSFfn+zpfUv13HwvYMFFmBf+cWPwI=&u=U2FsdGVkX18QnYDbJ+bbr3pdhi/GiDwiltn98TLr0/HVRYYYIFdLfwNTYeDC4IvV&y=U2FsdGVkX1+wrcRFPq36UcTSP85VWvz9HWU7O2h9DmOr3afDUJxXhrGIDdbX6iIe HTTP/1.1" 200 97
186.102.55.196 - - [03/Dec/2022:06:29:14 -0500] "GET /kwssiamovil/sm/acme/s?s=U2FsdGVkX1+s39t1lsMD2ZkMrd4hWz+O3aOgoLr9Tv5n2b0de9aL/bT/x6FaF0lSlHgdBPXr9hifToFuP0h4C6/4J+1353fT8lZmgiXBrzH+apYpAofGk/U0d3U/EERlEIWiwct0yyD9nuLfzQTiZrtxzn0tnncFKnXc3p2x8VnmipLe3VMTPlt5SgFEQPaB8qLjqXpRJUrCWh+uUGlxX7/hO3IFS2Wl5KfqooCwu1tKyAwSu3VMKB2JupdU9IvV4Jxc9zLOjUMmY0dZ0/E0/PROWmMEW+YFtGeOH5TprxfQOm9aHjK4MFchxGDFKFQbAn6d7P939wh6aN5FEIBZQfdvjcTZzvzGwE5lqw0ZDn3vq2m+3BU/M/S5lDx7U7u1d1PfHMaeYyJPicLl8mgoDAtlJf9ulG1+OSElgIND/hT3FrPm7i7jdBC1LE80lE7M13Pu6/pvTcmxwUZ1ZbEIeG4VzFnNYj3q8zqhbyVvvEnlQKSvY+p7ZE/SFGVojKv6eqZtcfy5L8lu9sIX9XwUJPjbppibC3qVX2MQyoLeon2/bE0vbkPftGtSdvgY6f/KFe/gs0HjISg8kclkFdEsw0/G++sgSt+OoYXjRSWtGKnj9qfznE0nSsdbunAu05g07FiWXzYRiOpMoCmXag4FQedChB/yqUPo39HxXuWG1y26zIhzc13NooF43RnD2d82z2xxwfgM+rwrzEltjtfGyIZveanljSF9eFJ/ds8SeZD5Ve/kOiKOYOAwMb1SwqYf+s2uKpFR5XXpSelO/tAnSgG7PYR2hb3X2C8KwyQ+OaZf6yJONvQ5x5yqZOD5crDC4tn+WxHh2LIGsC0X37z7vjAUVw6RjunknEAYW9jIuu/tSwwOLbqTk2sXMptwZUO5sfyK03jwGQsniCaHm0A6PWkADlaUtQwvgdh5+bWF90MTnWG9vVaPMdwhGUQGD12DKZfDfWyD0Yn6cAKJyssGYTc0gBBTG/Q/zxmo2WyOJeuRRBkKBT+MUe7vKFvt+m8ZfAmTDY2m6WaYKrBQEPz79Aswk81dV+LSHTZAl3qLMPMn9N8Gtr6O85XxhPz2yeePxnokmI6GG6Cz222RKlbeWy01IEc/xnSLbQBBZSvtYycojfPGAMGw5ncUR4qCPOxRivwZFm3ePztqWJUyc5x7TJshcjhgmrJSqTlXfFvuKBd+T41RJG7O8X0ogw0zVc4XF/ALYR/FHoEo4ETQijB9G3MVw2qdKny8qXVqos0OGJC+8hq81fFRElwVvicrJmacosgT71Q/Ws+a6y11EJXi562fER6CHygJRWQqpPjnz6B2f+55AVlmsoRa/C17ddbKPHDEN2GyqTU9IkBWi1uDz9F33l1DmIZ6UkU1Z3nm8B6vgpcaFS7ndTt7FsbuUloKQ/wp4+XkbYqre+sVNRDULfxV3B16hpbwgrF5HMc+63g=&u=U2FsdGVkX18nSGuN8QgZRP+vkR7J/IsYzSA7nNZg5t90J9juQMJ6qs0Ui7w1okFn&y=U2FsdGVkX1+b2nAtd1HTk1T8uqxXzh1SQTmMB+noJdAjxU55ALx9ashMHFJMq+/V HTTP/1.1" 200 66
186.102.55.196 - - [03/Dec/2022:06:29:14 -0500] "GET /kwssiamovil/sm/acme/s?s=U2FsdGVkX19zF0/19sQ1DjSBROVKNEIAkZylUYWD42y8GUrAzsP18cmeGT/O1HZMNssMyZwf6c6UEF717rxXzAHKRLQg755ES4iZqxFaP/9sNfSXd7zVCFVjsj1DX1ViumsU5J0ydsjZsLzIRkdrcp53Jc6DZCO71utNb6M67C3vzHpCTfHX43gQnl4q7BH/ia3NhyJWvRlU0fOzM5d+E09qqo3ytTeBvpgyuIf2mcxyM5EH4grRmM7IcHREZimoXo97DrL+iUVy7qvU6jonQWfS8dbjHT22x/CeYnFInDY1JmQaQmYrJIuQgg3ZigKrrTbbEy0ksmS2kzV81o091LFh+8XLLvXxyimn/rSM98UFR9ublyBNa+O5/+lJL2DRSF+ofKGKydFBFAPCS6akj2gJe2xOpHj4xfM+lTgECugnfeEbyYzf782wzUSSrS8wmUSisrew1YIgxZtW0EwCy5UzV28tBnvDPKQ9r21/Uk/FpFkKRzoynJoS1shGmfag5f/Ij+djy8LNe1B0EUTux4Qmqwp307HKk3qxfXQu3+BPSjuq9flof5rY/guSPA8ykehtA7gN14WyOl2wrAqBaSBLSBqIgA9hr4S/DWWOB5WepJfvSiETcB2j8k8NJZXtm/UrtSZ7povEWJi3DGF0wyM2ln6DFBc7/FuzVxwOpRNVnbNVEjJwXrAMLszj67bjJq6qJfhDx2YQlVSRUfdGOkTHqBBof/1h6ua0hfyxHCJt0T2fODu3rbc09+aPLPcG/xIbgJDPqk/WhtMlTGwFE4IbQOLT0FCpXuOSjHyXmZIV9WWY29fXVPcW5pfrzbGYEfOg7q6cyw7idazEEhjHHO21xdE00y+mepwlDls5AGukoaXf2G9mXhLzXS55ZIoUdjPKujxgaVAWpEqLH481xixIwNDO2QO8bKBnHCDVsVIM29FQ2dJwxiEPNEhVs0c78HqqOLdxPyenglY464ZBBTTta89V33TFlBQ5xutJbSSzpHO8on3NJpMWkasoxOi3MZIndmGP9vm2IspX55FaqWjw3IzJp7RFFCFgdlcr0Yg4wK2eTQuoFjbIxBvPW1IlevbmG1BBSH1nKk42DlAIUhhaaGOHESZQvIrQeB+UZfJ+5eyUj3NJj8bzsI1Z4QSl6ptHCRTg/YnaqLmEBqs/qEJ91Vp7GyKpTgmIBgB8M27qGDpM1PBBl8oJ1FUuY+MtWNTJGHlZwZ6fYxIHTq35LafbFg46Fuk56KefTdoe9TEn3VcvOTcpt7xAYCXMqdwDKfX12k/u55CgnVKR2ISNKXH6V3zAUn7JM6cnuHEN42c22t7yMir1iTssvoX/w1W7Jtp5f/BKoo3LqsAyyL/Uzl6wV3FJo/TlA+TBEi+7se22Eizc2RR3WQ01TWZSX6b1q5PXfM6t8QsBpnVgvJ3QqnkaWTchzkNoopb65jFKvMU=&u=U2FsdGVkX18QnYDbJ+bbr3pdhi/GiDwiltn98TLr0/HVRYYYIFdLfwNTYeDC4IvV&y=U2FsdGVkX1+wrcRFPq36UcTSP85VWvz9HWU7O2h9DmOr3afDUJxXhrGIDdbX6iIe HTTP/1.1" 200 4547
186.102.55.196 - - [03/Dec/2022:06:29:14 -0500] "GET /kwssiamovil/sm/acme/s?s=U2FsdGVkX1+/3lnTXkxHioBh/+j0feLVpwrdk+cGN3x9GVQMTULvNJ/x7jWr0gOAgEs4HBFx52h7VdI2H1gQm+jMvQmCdRhl+4+zZR9yScl/u2jud7ZJG82ryq1uep2D9R8EJmKT7SD8axC91WceRTPKfLTcHGa/3Dsl1kAuzstm63eFFSBjy94xVgy1XCiRtlfd0unlPb5SwG48n6y1GKyVYBPbf+pYkOny1tK/kLnl2/GMYraSeJOiyGn7rJzKyy+odnhAhqt9ndRSTIT/WLcM1K/VFysaInDYSguBYAlnywGMsmtmVdrtLxeYRlp+WfYhkhdgTg36d/3wEaqp3MbE+G+PyrXhbr8jLJbxX7Y=&u=U2FsdGVkX18nSGuN8QgZRP+vkR7J/IsYzSA7nNZg5t90J9juQMJ6qs0Ui7w1okFn&y=U2FsdGVkX1+b2nAtd1HTk1T8uqxXzh1SQTmMB+noJdAjxU55ALx9ashMHFJMq+/V HTTP/1.1" 200 66
186.102.55.196 - - [03/Dec/2022:06:29:14 -0500] "GET /kwssiamovil/sm/acme/s?s=U2FsdGVkX19fqla5tTZQFnhVbQob8SJVoJJk8DgFOwbs5q4xb6lww9dwKCMpFG4x2ijG0a60aCIYGUORC4Gpj5gb5S91siWK/3gy5tVL8ZSHVqo9XwjCR9MYI4EhkfZnN5iXETv7V02zS2D5bl+BemfJ0zW6n2YJ9HgIYrUUNkT3k4XPK9W4WGaB78iNqZnjSlnuAx0CKasJcEe0r6Zj9p4LPQBtJvrspnyxPXxulJO/jN1oGLO6w41yldWEqO8J5RB+FlAOAM8b4wP/ASelk5/Y9ZRIk/OxdpglKIYavtv8pzldVaIxxhQBUcCEEk3PpGcpXw1p01QAwbMYESK6rhEWmigJd1AkqHJfm5AC++s=&u=U2FsdGVkX18QnYDbJ+bbr3pdhi/GiDwiltn98TLr0/HVRYYYIFdLfwNTYeDC4IvV&y=U2FsdGVkX1+wrcRFPq36UcTSP85VWvz9HWU7O2h9DmOr3afDUJxXhrGIDdbX6iIe HTTP/1.1" 200 196
186.102.55.196 - - [03/Dec/2022:06:29:15 -0500] "GET /kwssiamovil/sm/cjson/pre?f=1&x=U2FsdGVkX1+8kyulPFjT1SXB7C4JDKARgOQ7LwZkg62NBWo8gtsEA3W3ZKCjoMd+ HTTP/1.1" 200 31032
216.245.221.92 - - [03/Dec/2022:06:29:39 -0500] "HEAD / HTTP/1.1" 200 -
190.2.212.27 - - [03/Dec/2022:06:30:35 -0500] "GET /kwssiamovil/sm/acme/a?s=U2FsdGVkX199/QjUou99zDojAVno1dX6Y5NsMKvMeNgYAW4PROMSuPiA45UMD5cGOt18mBoUQ3GhZRMC0SgDp77+6pL+I8ULTq+etBmCek4Q4ZAgDGztXfUah7QVnHFYgX/kGbCLZBQ7CFf/D/vo3E1gCHAotkvGUhidASOd21BiWNlJiVe0wNgCt3CpSaH1URHF5sNznqAvujswqXbYH0Ban89LH/OCHHJuPLMuIqc3ETy/Io5jk8hiZFFC0J/YzSVapvvFTA9Vhl7JHh+hYw==&u=U2FsdGVkX1+2djE+TqUCdrfndgTJYeYdOF9eyNeGh0XHu8VdY5W4WNQm7OkrK8Vi&y=U2FsdGVkX18L1i3aVD9AZh4xrvlG/IOwi1MmS3jCKe5AqBayf5CRFSMcaqlkRRTe HTTP/1.1" 200 26
190.2.212.27 - - [03/Dec/2022:06:30:36 -0500] "GET /kwssiamovil/sm/acme/a?s=U2FsdGVkX1/ToIMnFQ0GhHUo3wnRuXZHd5GKaBxhvR+O2qSYNdL8vlbK+GmZafBKIrmdPZecKNXp/XWFBC/pN+JFRXkmhnecICEeG02Etdisw6BhHjehBLVpxhMUdsWc7YEEJLRBze9cruLZ2NDzDvh8RtfvRkmeA3PuebsjvBzyz0te/HwOVNAqeiOvI/564sP91KZxeJsWahX7pjeNQSjwZG2TxZ2EiddIIxslaFNgL73r/7LfIOg20RnhvYS3O+k0BF1Qd3xBrWcUI3qLY0zxrry32XopenHik4ZbR+wQi3PCyBuWQBgPZsxpvhE79v76Tdqm60CRXvDMARexABLgRKid3USMNESB0+g6au4H6a2mQL4VhI1pv812EFWwD/Id5X4F+LB0ha3EtsSGJcomD7XIW497PdtvDW//UGXUCbP/T8PiLmOuMom7w9Gtmef673GmNmZgHwIZuuXoN84jYz/iaRngQTo6R+kef4TbcYbpkrOvIEziSaqiPe++C4LVQhYfKw8pwXfEH5YGtyMcLUArld9gSLJv5xorIjNDACZkuQiIuDuvXiBp/sQ63mIbBmwcKzw87hE/JcxDqygfIIYi/BTHdjkcrlf+rxzfh7MNwTbDYYBx/TSjEAeJm1Dw2cLFx4sJ84q7/pDXt/rVlveH5oD+AC2ulCv5Y19svHlvANeH9vSsCoX6TYjKcx9qXpMcpfsTgGy7Hekc+Ief8d+mOR68qQkBlC1hK+eoX4P8y7QQx6eSHTix94bFRGARybz23gxIVi0ogjOgWhKeQwQzx8y0mtbSLMHxRGkv2kkxE1yny3auyBOgPnBe56OY/l+xA3g235wPQhpZxkVLlCCjxNkKw0k9N6e9dfH0Tms6xXrZKOTTnOtMOEN9tF2o/Sx6lesWVnokGyD38Uj1cQXNGISzDPGrdZAwBIzB3H3yTsJGR4Tzp/Ao0bFp8AetFWA4KBUYliLs8FJDaTOjTec34DIcu/F3T1jiZuISJnhz940HkM6lYw6vmFDSRbYLMU3fxF74mX2U01l8muYOLfiHUj6Hkd9HzV0zHNJPRp6gJ+vag8LIzGlco35ysiEQL3UU2+E6gzFdqdcnWQTrf1YHSpVCoRSi13pJGZKrjv1+ErZJZJ0DgjliwEJYwJw2VaV5XCK7I1PqcMmaQN4bIJWPknB4fcGkQ8Heva5WrpAQS/V9toGHKNhMDwJSqCsAt8TtCl7C/UVMXYQwmlU+phNMqNP1lOFepxbgZt2lzRKBHqSYkuVSZhu1mvDxauSrVQEfc9b1v7z5f3sUi3JfslAmlkc3KXJew7IUMm8knV/vuBW33Xrf4dBPruXIU/eZzjzhM160lTi+NQXa7dWDEiE9G8JQg/CHPb9E3V4Al/+3DOSuHq/+rWbduIxfMKmvYnxihQ69bsy5vpF0gBZlNURzV932/u16QzdKQXdZlXKCe9KPrbikLNzph4DOHeKpKGv3DBlr4XMLypbtvPcYUYyQOTF4TGP69iazMfAce8cGFOt166T31WRXMzCqkgwr9pA/aJAWrfJfVNA0+fEPCfq74kP4ArHbdwlmqw+JXbwBWZnX9Ahucg4cp2rM59GETpgBgTxCPdDkmsQppHaz+oREaNRXB1fU11wagudjOCJ6NNb12EKEUZLj2e3oeAkMNqBp7zL6oXnq12CGEElXCiF4IzbRnKvdEbEIrOFRF7rJS1d9v7Db+PK+HcGi6u0waNqFDt4S974GdJBuyZDlV/7QNt6kMRU4Ly392I0RnEsOCGew29icAuaUKauvYkOs0kd49DkN3/NiWRxEv/E0I9LB2BuPt9inQ0SLtGn/t1URm3IpF7zxWcvcDcwFQPuMRytVpRGMePooS91ZKXJYJgNloWkohYcjBXnaQLff8iU/e7/mKquIbC/dKK+FW3V4dRsExFB5EkhIPcicdJoaD2L48915fAv4ntTHsmzKm1mHR0ZKU2gcSjbjuaYeR20o3lKJqFUhw62k/fhYX53tqYTCJtabuxRULf7ln97Za56iJTTQbO9bU1UpCcyOQ8hBcskxH5I5V5SM3QlDKblWYQWHxrIk5gX3j96qtWg2n1IC4Uie2mZpT3/0+H25vJ2Uyrk8LFGEUYqZ5suH9e7xoOz3SfUW13IUFq1ibOdYvWkLU0LOaHE+iem7cgPAF6tutv98WTpWmgyXaaCjX5eDeJC/+G/lXLwDDVJMohENvo5CoR1aRKTDF/H962xCNdOfV3ByHvWTQDbQB+JFyCsPYZw4PmTQf+8TZgDUUwAK9ocF/GNgNPSbooGDbFbyTfRtpcx9Fj1rltQ1gNSUw+/C6zNzWalZ6HTyBAtdB6cN2+lxzySf1ybmo2Gmb62GmZur09CXjevcZrldrKvw+WC9UCNXY8w4Zl8cAn5CqiL+d01uhx515pQxljIa4iQZ1nDdvdmr7t4cTsPWM1O1hVR+VdF3P/Rq++oON0AzJsWV6XgGahZaaaBkXoQJsqoPf8Jj291ElyPDU4bigUBHqAsdmSIofcMwsv+Jw+SJC1JFKaenfkw+nWXL+vwOqso5sZbBcm+1WZq6L9TTaO/9BeO12QRAhyYoLNVrJhrPs2oATC1s6hsv6Vl2GJ/3Cgzlb6XG7CBgsc3WP4MAAvZaFoG/DOroHOXZHfwx3P3qzIYRVk35klCTpIjU1w3nknOZWEvf7QQLq8RHl//bpCZnN2jOGraZSeCG4AkjWc1MZ025MNjUBeY8hHHs6+Ums5j/HPSpiwoS5H9gQE1cEhCM8LIUD9UpgqviaRwAEpDTLr0xzUvmIiJN0HzHHu0ortAuVWhvZPfSMC0QD76HXhOJxKPJ9ptLo0JvgfsTSMlTzBNv0tFwh8XVZmZ5wu7EUhLEjznd6CdcTa61nl0+mAh5k3KHo2a2tFKDRlTQgknedr/4mce0wbKvfbu4qPbejOltPdHz4hBPtQDdNqcfLhJuX9P7GpxqkwgPaE//E+cph1ZaDnSVmjVph7rM7z8LoGtVUi9U4AaTEQeD3mnivCpVAlrOXGVb6vCs71aukkdNY2Xe632L3tZuMN9bpfoGeOCZ&u=U2FsdGVkX1+2djE+TqUCdrfndgTJYeYdOF9eyNeGh0XHu8VdY5W4WNQm7OkrK8Vi&y=U2FsdGVkX18L1i3aVD9AZh4xrvlG/IOwi1MmS3jCKe5AqBayf5CRFSMcaqlkRRTe HTTP/1.1" 200 26
190.2.212.27 - - [03/Dec/2022:06:30:36 -0500] "GET /kwssiamovil/sm/acme/a?s=U2FsdGVkX18ILrapW/kB8dbBWLhr5rRK8gsPE1PXa/baVXddGKkAiuhwEaR68r4wjXKM+R47cqw1ODlzT6Z9B6ebNpGYLx1+eMKbzj9chDnueCtgi2an1Be/ipUTXyFs/QRp6H/3CGkFFFOEUPvLVBivl74d9iSuX4U6RcOKOTc=&u=U2FsdGVkX1+2djE+TqUCdrfndgTJYeYdOF9eyNeGh0XHu8VdY5W4WNQm7OkrK8Vi&y=U2FsdGVkX18L1i3aVD9AZh4xrvlG/IOwi1MmS3jCKe5AqBayf5CRFSMcaqlkRRTe HTTP/1.1" 200 26
190.2.212.27 - - [03/Dec/2022:06:30:37 -0500] "GET /kwssiamovil/sm/acme/a?s=U2FsdGVkX18QZyJS1GHSCTWJTsG+B504lPw9fsgsjsKdvtYycqlyYHU7pG2Gd40aCBZizWAEoQ5wk1Web8HJt00d5PonrTwm25FNqEOY6MW9b7uVoWxhXQ2yjUTpOKn+znwyXnoToseomspras5b5kS58rUjhWY+2jIjQqwYbqs=&u=U2FsdGVkX1+2djE+TqUCdrfndgTJYeYdOF9eyNeGh0XHu8VdY5W4WNQm7OkrK8Vi&y=U2FsdGVkX18L1i3aVD9AZh4xrvlG/IOwi1MmS3jCKe5AqBayf5CRFSMcaqlkRRTe HTTP/1.1" 200 26
190.2.212.27 - - [03/Dec/2022:06:30:37 -0500] "GET /kwssiamovil/sm/acme/a?s=U2FsdGVkX1/qBvrJ7NjvEBv/nJStewz1TTi8rmhU8HglM4Mf9uc6WVG3ihVM6aGw/f8vZ0WSrIFRQsEZ4AzKr4LHQtljGKD2PBAAZzRYCk+ON6BEpMa8tCGhWToJXtjgwFJukrXxBQ37jgN9uy8Iot8MjvcBkKiB5/QFEQ+UFQY=&u=U2FsdGVkX1+2djE+TqUCdrfndgTJYeYdOF9eyNeGh0XHu8VdY5W4WNQm7OkrK8Vi&y=U2FsdGVkX18L1i3aVD9AZh4xrvlG/IOwi1MmS3jCKe5AqBayf5CRFSMcaqlkRRTe HTTP/1.1" 200 26
190.2.212.27 - - [03/Dec/2022:06:30:37 -0500] "GET /kwssiamovil/sm/acme/a?s=U2FsdGVkX1+unUzQuDPPXL1HoO/ZazyOAEUp42DSHPSez3vS4kFS8VxAgggi7WcsRcoUlz1DsJIS4XkG7Fc2FCbOb+2Tv4BTz1kWfURM1diOhKlh5BtSiPppG+X7rkP3aY2EizeS1S+/eAKviAm9mlieHbGZvOdRofjjQQxkJx2MHpFZo+DgyLAi8SjTr0nXX/G/aD7vpCgZtIIPyKsfZw==&u=U2FsdGVkX1+2djE+TqUCdrfndgTJYeYdOF9eyNeGh0XHu8VdY5W4WNQm7OkrK8Vi&y=U2FsdGVkX18L1i3aVD9AZh4xrvlG/IOwi1MmS3jCKe5AqBayf5CRFSMcaqlkRRTe HTTP/1.1" 200 26
201.245.192.253 - - [03/Dec/2022:06:30:59 -0500] "POST /kwsrmcab/Wsrmcab HTTP/1.1" 200 42035
201.245.192.253 - - [03/Dec/2022:06:31:02 -0500] "POST /kwsrmcab/Wsrmcab HTTP/1.1" 200 41851
172.22.2.4 - - [03/Dec/2022:06:29:34 -0500] "HEAD /BLA/boletinlegal/ HTTP/1.1" 200 -
114.119.132.101 - - [03/Dec/2022:06:31:57 -0500] "GET /BLA/resoluciones/RESOLUCIONES%202010/5224.pdf HTTP/1.1" 200 785463
172.22.2.4 - - [03/Dec/2022:06:30:24 -0500] "GET /BLA/boletinlegal/ HTTP/1.1" 200 54816
185.119.81.99 - - [03/Dec/2022:06:32:20 -0500] "GET /portaldeninos/wp-login.php HTTP/1.1" 200 2592
185.119.81.99 - - [03/Dec/2022:06:32:21 -0500] "POST /portaldeninos/wp-login.php HTTP/1.1" 200 3605
66.249.79.111 - - [03/Dec/2022:06:32:24 -0500] "GET /BLA/resoluciones/AUTOS%202011/5892.pdf HTTP/1.1" 200 812296
66.249.79.111 - - [03/Dec/2022:06:32:26 -0500] "GET /BLA/resoluciones/RESOLUCIONES%202018/2532.pdf HTTP/1.1" 200 358096
66.249.79.111 - - [03/Dec/2022:06:32:27 -0500] "GET /BLA/resoluciones/AUTOS%202017/3006.pdf HTTP/1.1" 200 390739
66.249.79.111 - - [03/Dec/2022:06:32:29 -0500] "GET /BLA/resoluciones/RESOLUCIONES%202011/0286.pdf HTTP/1.1" 200 96237
66.249.79.111 - - [03/Dec/2022:06:32:30 -0500] "GET /BLA/resoluciones/AUTOS%202011/2705.pdf HTTP/1.1" 200 274195
66.249.79.111 - - [03/Dec/2022:06:32:32 -0500] "GET /BLA/resoluciones/RESOLUCIONES%202010/6392.pdf HTTP/1.1" 200 503674
66.249.79.113 - - [03/Dec/2022:06:32:36 -0500] "GET /BLA/resoluciones/AUTOS%202015/0357.pdf HTTP/1.1" 200 576286
66.249.79.113 - - [03/Dec/2022:06:32:38 -0500] "GET /BLA/resoluciones/AUTOS%202011/2496.pdf HTTP/1.1" 200 132309
66.249.79.115 - - [03/Dec/2022:06:32:40 -0500] "GET /BLA/resoluciones/AUTOS%202015/0079.pdf HTTP/1.1" 200 501974
66.249.79.115 - - [03/Dec/2022:06:32:42 -0500] "GET /BLA/resoluciones/RESOLUCIONES%202009/0294.pdf HTTP/1.1" 200 384962
66.249.79.113 - - [03/Dec/2022:06:32:45 -0500] "GET /BLA/resoluciones/RESOLUCIONES%202007/RES%202007%202301%20AL%202400/RESOLUCION%202359%20DE%202007.pdf HTTP/1.1" 200 331354
66.249.79.111 - - [03/Dec/2022:06:32:47 -0500] "GET /BLA/resoluciones/RESOLUCIONES%20CONJUNTAS/RESOLUCION%20003%20DE%2014%20DE%20JULIO%202017.pdf HTTP/1.1" 200 4106337
66.249.79.115 - - [03/Dec/2022:06:32:52 -0500] "GET /BLA/resoluciones/AUTOS%202014/6528.pdf HTTP/1.1" 200 375064
66.249.79.113 - - [03/Dec/2022:06:32:54 -0500] "GET /BLA/resoluciones/RESOLUCIONES%202009/1860.pdf HTTP/1.1" 200 585724
66.249.79.117 - - [03/Dec/2022:06:32:57 -0500] "GET /BLA/resoluciones/RESOLUCIONES%202011/6490.pdf HTTP/1.1" 200 486865
66.249.79.115 - - [03/Dec/2022:06:32:58 -0500] "GET /BLA/resoluciones/AUTOS%202017/3369.pdf HTTP/1.1" 200 308871
