186.154.163.245 - - [03/Dec/2022:01:48:21 -0500] "GET /BLA/resoluciones/index.php?dir=AUTOS+2020%2F HTTP/1.1" 200 326981
114.45.82.30 - - [03/Dec/2022:01:48:36 -0500] "GET / HTTP/1.1" 200 319
201.245.192.253 - - [03/Dec/2022:01:49:02 -0500] "POST /kwsrmcab/Wsrmcab  HTTP/1.1" 200 213
216.245.221.92 - - [03/Dec/2022:01:49:40 -0500] "HEAD / HTTP/1.1" 200 -
172.22.2.4 - - [03/Dec/2022:01:49:43 -0500] "GET /BLA/boletinlegal/actuator/health HTTP/1.1" 404 1018
172.22.2.4 - - [03/Dec/2022:01:50:50 -0500] "GET /BLA/boletinlegal/Directivas/2011/Directiva%20No.%201%20del%205%20de%20Abril%20de%202011.pdf HTTP/1.1" 304 -
172.22.2.4 - - [03/Dec/2022:01:49:24 -0500] "HEAD /BLA/boletinlegal/ HTTP/1.1" 200 -
172.22.2.4 - - [03/Dec/2022:01:50:15 -0500] "GET /BLA/boletinlegal/ HTTP/1.1" 200 53337
69.171.231.120 - - [03/Dec/2022:01:52:25 -0500] "GET /images/cr\xc3\xb3nica-29-nov-1_optimized.jpeg HTTP/1.1" 404 1034
66.249.79.111 - - [03/Dec/2022:01:53:20 -0500] "GET /Publicaciones/2022EE310464.pdf HTTP/1.1" 200 663580
201.245.192.253 - - [03/Dec/2022:01:54:02 -0500] "POST /kwsrmcab/Wsrmcab  HTTP/1.1" 200 213
216.245.221.92 - - [03/Dec/2022:01:54:40 -0500] "HEAD / HTTP/1.1" 200 -
185.119.81.99 - - [03/Dec/2022:01:54:49 -0500] "GET /portaldeninos/wp-login.php HTTP/1.1" 200 2592
185.119.81.99 - - [03/Dec/2022:01:54:50 -0500] "POST /portaldeninos/wp-login.php HTTP/1.1" 200 3670
172.22.2.4 - - [03/Dec/2022:01:55:14 -0500] "HEAD /BLA/boletinlegal/ HTTP/1.1" 200 -
114.119.159.76 - - [03/Dec/2022:01:57:38 -0500] "GET /BLA/resoluciones/RESOLUCIONES%202018/3423.pdf HTTP/1.1" 200 370190
172.22.2.4 - - [03/Dec/2022:01:56:05 -0500] "GET /BLA/boletinlegal/ HTTP/1.1" 200 58612
114.119.135.98 - - [03/Dec/2022:01:57:52 -0500] "GET /BLA/resoluciones/RESOLUCIONES%202010/5506.pdf HTTP/1.1" 200 2764658
201.245.192.253 - - [03/Dec/2022:01:59:02 -0500] "POST /kwsrmcab/Wsrmcab  HTTP/1.1" 200 213
207.46.13.174 - - [03/Dec/2022:01:59:18 -0500] "GET /galeria/galeria/fotos/mirador4G.jpg HTTP/1.1" 200 159827
152.61.192.232 - - [03/Dec/2022:01:59:37 -0500] "GET /arcgis/services/Calidad_del_Agua_WQI/MapServer/WMSServer?request=GetCapabilities&service=WMS HTTP/1.1" 503 1020
152.61.192.232 - - [03/Dec/2022:01:59:38 -0500] "GET /arcgis/services/Calidad_del_Agua_WQI/MapServer/WMSServer?SERVICE=WMS&REQUEST=GetCapabilities HTTP/1.1" 503 1020
152.61.192.232 - - [03/Dec/2022:01:59:39 -0500] "GET /arcgis/services/Calidad_del_Agua_WQI/MapServer/WMSServer?WMTVER=1.0.0&REQUEST=capabilities HTTP/1.1" 503 1020
216.245.221.92 - - [03/Dec/2022:01:59:40 -0500] "HEAD / HTTP/1.1" 200 -
66.249.79.111 - - [03/Dec/2022:02:02:21 -0500] "GET /BLA/resoluciones/AUTOS%202018/2057.pdf HTTP/1.1" 200 324843
66.249.79.113 - - [03/Dec/2022:02:02:23 -0500] "GET /BLA/resoluciones/AUTOS%202011/6877.pdf HTTP/1.1" 200 2246520
66.249.79.113 - - [03/Dec/2022:02:02:24 -0500] "GET /BLA/resoluciones/RESOLUCIONES%202016/2009.pdf HTTP/1.1" 200 552512
66.249.79.113 - - [03/Dec/2022:02:02:25 -0500] "GET /Publicaciones/2022EE263739.pdf HTTP/1.1" 404 228
66.249.79.115 - - [03/Dec/2022:02:02:25 -0500] "GET /BLA/resoluciones/AUTOS%202017/1926.pdf HTTP/1.1" 200 454936
66.249.79.111 - - [03/Dec/2022:02:02:27 -0500] "GET /Publicaciones/2022EE283758.pdf HTTP/1.1" 404 228
66.249.79.115 - - [03/Dec/2022:02:02:28 -0500] "GET /BLA/resoluciones/AUTOS%202012/1114.pdf HTTP/1.1" 200 172012
66.249.79.111 - - [03/Dec/2022:02:02:29 -0500] "GET /BLA/resoluciones/RESOLUCIONES%202008/0138.pdf HTTP/1.1" 200 222404
66.249.79.113 - - [03/Dec/2022:02:02:31 -0500] "GET /BLA/resoluciones/AUTOS%202015/0695.pdf HTTP/1.1" 200 750885
66.249.79.113 - - [03/Dec/2022:02:02:32 -0500] "GET /Publicaciones/2022EE290011.pdf HTTP/1.1" 404 228
66.249.79.113 - - [03/Dec/2022:02:02:34 -0500] "GET /BLA/resoluciones/AUTOS%202017/0392.pdf HTTP/1.1" 200 345609
66.249.79.111 - - [03/Dec/2022:02:02:35 -0500] "GET /BLA/resoluciones/AUTOS%202013/2590.pdf HTTP/1.1" 200 482832
66.249.79.115 - - [03/Dec/2022:02:02:36 -0500] "GET /BLA/resoluciones/RESOLUCIONES%202010/6184.pdf HTTP/1.1" 200 3337965
66.249.79.115 - - [03/Dec/2022:02:02:40 -0500] "GET /BLA/resoluciones/AUTOS%202014/1154.pdf HTTP/1.1" 200 267813
66.249.79.111 - - [03/Dec/2022:02:02:40 -0500] "GET /siipev/Diseno%20de%20Elementos%20de%20Mobiliario%20Urbano/Diseno%20pertenecientes%20al%20mobiliario%20urbano%20M10-M160/PARTE%20A/Dise%C3%B1o%20de%20Elementos%20M-91.pdf HTTP/1.1" 200 688978
66.249.79.111 - - [03/Dec/2022:02:02:41 -0500] "GET /BLA/resoluciones/AUTOS%202014/0072.pdf HTTP/1.1" 200 1091209
66.249.79.111 - - [03/Dec/2022:02:02:43 -0500] "GET /BLA/resoluciones/AUTOS%202014/7255.pdf HTTP/1.1" 200 1758777
66.249.79.121 - - [03/Dec/2022:02:02:44 -0500] "GET /BLA/resoluciones/RESOLUCIONES%202011/0754.pdf HTTP/1.1" 200 383995
172.22.2.4 - - [03/Dec/2022:02:01:04 -0500] "HEAD /BLA/boletinlegal/ HTTP/1.1" 200 -
66.249.79.123 - - [03/Dec/2022:02:02:46 -0500] "GET /BLA/resoluciones/AUTOS%202014/7029.pdf HTTP/1.1" 200 508167
66.249.79.113 - - [03/Dec/2022:02:02:47 -0500] "GET /BLA/resoluciones/RESOLUCIONES%202011/3763.pdf HTTP/1.1" 200 340482
66.249.79.125 - - [03/Dec/2022:02:02:48 -0500] "GET /BLA/resoluciones/RESOLUCIONES%202010/2258.pdf HTTP/1.1" 200 687537
66.249.79.115 - - [03/Dec/2022:02:02:50 -0500] "GET /BLA/resoluciones/RESOLUCIONES%202009/2337.pdf HTTP/1.1" 200 783777
66.249.79.119 - - [03/Dec/2022:02:02:51 -0500] "GET /BLA/resoluciones/RESOLUCIONES%202009/0264.pdf HTTP/1.1" 200 172212
66.249.79.113 - - [03/Dec/2022:02:02:52 -0500] "GET /BLA/resoluciones/AUTOS%202011/2931.pdf HTTP/1.1" 200 458982
66.249.79.115 - - [03/Dec/2022:02:02:53 -0500] "GET /BLA/resoluciones/AUTOS%202015/3101.pdf HTTP/1.1" 200 792555
66.249.79.97 - - [03/Dec/2022:02:02:55 -0500] "GET /BLA/resoluciones/AUTOS%202017/0549.pdf HTTP/1.1" 200 506419
66.249.79.123 - - [03/Dec/2022:02:02:56 -0500] "GET /BLA/resoluciones/RESOLUCIONES%202007/RES%202007%202201%20AL%202300/RESOLUCION%202274%20DE%202007.pdf HTTP/1.1" 200 785153
66.249.79.123 - - [03/Dec/2022:02:02:58 -0500] "GET /BLA/resoluciones/AUTOS%202014/2101.pdf HTTP/1.1" 200 544440
66.249.79.103 - - [03/Dec/2022:02:03:00 -0500] "GET /BLA/resoluciones/AUTOS%202017/0265.pdf HTTP/1.1" 200 625782
66.249.79.119 - - [03/Dec/2022:02:03:01 -0500] "GET /BLA/resoluciones/AUTOS%202014/2532.pdf HTTP/1.1" 200 720217
66.249.79.97 - - [03/Dec/2022:02:03:04 -0500] "GET /BLA/resoluciones/AUTOS%202007/1325.pdf HTTP/1.1" 200 32658
66.249.79.99 - - [03/Dec/2022:02:03:05 -0500] "GET /BLA/resoluciones/RESOLUCIONES%202008/4506.pdf HTTP/1.1" 200 680732
66.249.79.121 - - [03/Dec/2022:02:03:06 -0500] "GET /BLA/resoluciones/AUTOS%202007/1228.pdf HTTP/1.1" 200 90497
66.249.79.99 - - [03/Dec/2022:02:03:07 -0500] "GET /BLA/resoluciones/AUTOS%202015/5565.pdf HTTP/1.1" 200 641037
66.249.79.111 - - [03/Dec/2022:02:03:09 -0500] "GET /BLA/resoluciones/RESOLUCIONES%202009/1960.pdf HTTP/1.1" 200 439455
66.249.79.99 - - [03/Dec/2022:02:03:11 -0500] "GET /Publicaciones/2022EE258493.pdf HTTP/1.1" 404 228
66.249.79.111 - - [03/Dec/2022:02:03:11 -0500] "GET /BLA/resoluciones/AUTOS%202014/7316.pdf HTTP/1.1" 200 591053
66.249.79.123 - - [03/Dec/2022:02:03:13 -0500] "GET /BLA/resoluciones/AUTOS%202013/1372.pdf HTTP/1.1" 200 2119624
66.249.79.123 - - [03/Dec/2022:02:03:16 -0500] "GET /BLA/resoluciones/RESOLUCIONES%202007/RES%202007%203101%20AL%203200/RESOLUCION%203196%20DE%202007.pdf HTTP/1.1" 200 307585
66.249.79.117 - - [03/Dec/2022:02:03:16 -0500] "GET /BLA/resoluciones/RESOLUCIONES%202018/2147.pdf HTTP/1.1" 200 283338
66.249.79.117 - - [03/Dec/2022:02:03:18 -0500] "GET /BLA/resoluciones/RESOLUCIONES%202007/RES%202007%203901%20AL%204000/RESOLUCION%203919%20DE%202007.pdf HTTP/1.1" 200 409403
66.249.79.121 - - [03/Dec/2022:02:03:19 -0500] "GET /BLA/resoluciones/AUTOS%202009/3262.pdf HTTP/1.1" 200 219666
66.249.79.111 - - [03/Dec/2022:02:03:20 -0500] "GET /BLA/resoluciones/AUTOS%202014/6850.pdf HTTP/1.1" 200 433608
66.249.79.123 - - [03/Dec/2022:02:03:22 -0500] "GET /BLA/resoluciones/AUTOS%202016/1997.pdf HTTP/1.1" 200 364930
66.249.79.119 - - [03/Dec/2022:02:03:23 -0500] "GET /BLA/resoluciones/AUTOS%202015/6459.pdf HTTP/1.1" 200 503560
66.249.79.125 - - [03/Dec/2022:02:03:24 -0500] "GET /BLA/resoluciones/AUTOS%202015/5452.pdf HTTP/1.1" 200 638961
66.249.79.113 - - [03/Dec/2022:02:03:26 -0500] "GET /BLA/resoluciones/AUTOS%202015/5620.pdf HTTP/1.1" 200 437555
66.249.79.119 - - [03/Dec/2022:02:03:27 -0500] "GET /BLA/resoluciones/RESOLUCIONES%202014/1692.pdf HTTP/1.1" 200 280528
66.249.79.119 - - [03/Dec/2022:02:03:29 -0500] "GET /BLA/resoluciones/RESOLUCIONES%202014/3642.pdf HTTP/1.1" 200 3535406
66.249.79.115 - - [03/Dec/2022:02:03:30 -0500] "GET /BLA/resoluciones/AUTOS%202017/0935.pdf HTTP/1.1" 200 560723
66.249.79.113 - - [03/Dec/2022:02:03:32 -0500] "GET /BLA/resoluciones/RESOLUCIONES%202010/3608.pdf HTTP/1.1" 200 500771
66.249.79.113 - - [03/Dec/2022:02:03:34 -0500] "GET /BLA/boletinlegal/Directivas/2016/Directiva%20No.%2004%20del%2023%20de%20Diciembre%20de%202016.pdf HTTP/1.1" 200 327098
172.22.2.4 - - [03/Dec/2022:02:01:55 -0500] "GET /BLA/boletinlegal/ HTTP/1.1" 200 58185
172.22.2.4 - - [03/Dec/2022:02:03:35 -0500] "GET /BLA/boletinlegal/actos.php HTTP/1.1" 200 9566
66.249.79.113 - - [03/Dec/2022:02:03:35 -0500] "GET /BLA/resoluciones/RESOLUCIONES%202010/4863.pdf HTTP/1.1" 200 760985
172.22.2.4 - - [03/Dec/2022:02:03:39 -0500] "GET /BLA/boletinlegal/js/ajax_actos.js HTTP/1.1" 200 1322
172.22.2.4 - - [03/Dec/2022:02:03:39 -0500] "GET /BLA/boletinlegal/styles2.css HTTP/1.1" 200 1838
172.22.2.4 - - [03/Dec/2022:02:03:40 -0500] "GET /BLA/boletinlegal/niceforms-default.css HTTP/1.1" 200 6694
172.22.2.4 - - [03/Dec/2022:02:03:40 -0500] "GET /BLA/boletinlegal/style.css HTTP/1.1" 200 9406
172.22.2.4 - - [03/Dec/2022:02:03:40 -0500] "GET /BLA/boletinlegal/niceforms.js HTTP/1.1" 200 22876
172.22.2.4 - - [03/Dec/2022:02:03:40 -0500] "GET /BLA/boletinlegal/js/lib.js HTTP/1.1" 200 6474
172.22.2.4 - - [03/Dec/2022:02:03:40 -0500] "GET /BLA/boletinlegal/js/popup.js HTTP/1.1" 200 1270
172.22.2.4 - - [03/Dec/2022:02:03:40 -0500] "GET /BLA/boletinlegal/js/jquery1.js HTTP/1.1" 200 29846
66.249.79.113 - - [03/Dec/2022:02:03:44 -0500] "GET /BLA/resoluciones/RESOLUCIONES%202007/RES%202007%204001%20AL%204100/RESOLUCION%204019%20DE%202007.pdf HTTP/1.1" 200 784242
172.22.2.4 - - [03/Dec/2022:02:03:46 -0500] "GET /BLA/boletinlegal/images/cabezote%20BLEGAL.jpg HTTP/1.1" 200 118164
172.22.2.4 - - [03/Dec/2022:02:03:46 -0500] "GET /BLA/boletinlegal/images/subscribe-icon-big.png HTTP/1.1" 200 47702
172.22.2.4 - - [03/Dec/2022:02:03:47 -0500] "GET /BLA/boletinlegal/images/historia.png HTTP/1.1" 200 52775
172.22.2.4 - - [03/Dec/2022:02:03:47 -0500] "GET /BLA/boletinlegal/images/registro-usuarios.png HTTP/1.1" 200 8106
172.22.2.4 - - [03/Dec/2022:02:03:47 -0500] "GET /BLA/boletinlegal/images/green-yellow-blue-pink-th.png HTTP/1.1" 200 7394
66.249.79.111 - - [03/Dec/2022:02:03:48 -0500] "GET /BLA/resoluciones/Notificaciones/AUTOS%202022/5265.pdf HTTP/1.1" 200 432650
66.249.79.113 - - [03/Dec/2022:02:03:55 -0500] "GET /BLA/resoluciones/RESOLUCIONES%202011/1031.pdf HTTP/1.1" 200 65845
66.249.79.113 - - [03/Dec/2022:02:03:56 -0500] "GET /BLA/resoluciones/RESOLUCIONES%202017/0740.pdf HTTP/1.1" 200 307089
162.55.37.148 - - [03/Dec/2022:02:03:56 -0500] "GET / HTTP/1.1" 200 319
66.249.79.125 - - [03/Dec/2022:02:03:57 -0500] "GET /BLA/resoluciones/AUTOS%202014/6153.pdf HTTP/1.1" 200 224011
66.249.79.111 - - [03/Dec/2022:02:03:58 -0500] "GET /BLA/resoluciones/RESOLUCIONES%202007/RES%202007%202701%20AL%202800/RESOLUCION%202724%20DE%202007.pdf HTTP/1.1" 200 373529
66.249.79.97 - - [03/Dec/2022:02:04:01 -0500] "GET /BLA/resoluciones/RESOLUCIONES%202014/2496.pdf HTTP/1.1" 200 676426
66.249.79.111 - - [03/Dec/2022:02:04:03 -0500] "GET /BLA/resoluciones/RESOLUCIONES%202011/5039.pdf HTTP/1.1" 200 462913
201.245.192.253 - - [03/Dec/2022:02:04:02 -0500] "POST /kwsrmcab/Wsrmcab  HTTP/1.1" 200 213
66.249.79.99 - - [03/Dec/2022:02:04:04 -0500] "GET /BLA/resoluciones/AUTOS%202019/0151.pdf HTTP/1.1" 200 288939
172.22.2.4 - - [03/Dec/2022:02:04:05 -0500] "GET /BLA/boletinlegal/images/body_bg.jpg HTTP/1.1" 200 1601
172.22.2.4 - - [03/Dec/2022:02:04:05 -0500] "GET /BLA/boletinlegal/images/footer_bg.jpg HTTP/1.1" 200 586
172.22.2.4 - - [03/Dec/2022:02:04:05 -0500] "GET /BLA/boletinlegal/images/menu_lft.gif HTTP/1.1" 200 1713
172.22.2.4 - - [03/Dec/2022:02:04:05 -0500] "GET /BLA/boletinlegal/images/menu_rght.gif HTTP/1.1" 200 1627
172.22.2.4 - - [03/Dec/2022:02:04:05 -0500] "GET /BLA/boletinlegal/images/menu_bg.jpg HTTP/1.1" 200 620
172.22.2.4 - - [03/Dec/2022:02:04:05 -0500] "GET /BLA/boletinlegal/images/bg_top.jpg HTTP/1.1" 200 522
172.22.2.4 - - [03/Dec/2022:02:04:05 -0500] "GET /BLA/boletinlegal/images/text.jpg HTTP/1.1" 200 568
172.22.2.4 - - [03/Dec/2022:02:04:05 -0500] "GET /BLA/boletinlegal/images/hover.jpg HTTP/1.1" 200 640
172.22.2.4 - - [03/Dec/2022:02:04:05 -0500] "GET /BLA/boletinlegal/images/tel.png HTTP/1.1" 200 14477
172.22.2.4 - - [03/Dec/2022:02:04:05 -0500] "GET /BLA/boletinlegal/images/icono-email.png HTTP/1.1" 200 5544
66.249.79.127 - - [03/Dec/2022:02:04:05 -0500] "GET /BLA/resoluciones/RESOLUCIONES%202017/0988.pdf HTTP/1.1" 200 2018943
172.22.2.4 - - [03/Dec/2022:02:04:05 -0500] "GET /BLA/boletinlegal/images/footer_bg_l.jpg HTTP/1.1" 200 776
172.22.2.4 - - [03/Dec/2022:02:04:06 -0500] "GET /BLA/boletinlegal/img/0.png HTTP/1.1" 200 110
172.22.2.4 - - [03/Dec/2022:02:04:06 -0500] "GET /BLA/boletinlegal/img/select-left.png HTTP/1.1" 200 263
172.22.2.4 - - [03/Dec/2022:02:04:06 -0500] "GET /BLA/boletinlegal/img/select-right.png HTTP/1.1" 200 44019
172.22.2.4 - - [03/Dec/2022:02:04:06 -0500] "GET /BLA/boletinlegal/img/button.png HTTP/1.1" 200 43241
172.22.2.4 - - [03/Dec/2022:02:04:06 -0500] "GET /BLA/boletinlegal/img/button-left.png HTTP/1.1" 200 57071
172.22.2.4 - - [03/Dec/2022:02:04:06 -0500] "GET /BLA/boletinlegal/img/button-right.png HTTP/1.1" 200 57878
172.22.2.4 - - [03/Dec/2022:02:04:06 -0500] "GET /BLA/boletinlegal/favicon.ico HTTP/1.1" 404 1326
66.249.79.99 - - [03/Dec/2022:02:04:07 -0500] "GET /BLA/resoluciones/Notificaciones/AUTOS%202018/03223.pdf HTTP/1.1" 200 352059
66.249.79.119 - - [03/Dec/2022:02:04:07 -0500] "GET /BLA/resoluciones/AUTOS%202014/1544.pdf HTTP/1.1" 200 481084
66.249.79.113 - - [03/Dec/2022:02:04:09 -0500] "GET /Publicaciones/2022EE288681.pdf HTTP/1.1" 404 228
66.249.79.121 - - [03/Dec/2022:02:04:10 -0500] "GET /BLA/resoluciones/AUTOS%202013/3560.pdf HTTP/1.1" 200 621952
152.61.128.50 - - [03/Dec/2022:02:04:14 -0500] "GET /arcgis/services/Calidad_del_Agua_WQI/MapServer/WMSServer?request=GetCapabilities&service=WMS HTTP/1.1" 503 1020
152.61.128.50 - - [03/Dec/2022:02:04:16 -0500] "GET /arcgis/services/Calidad_del_Agua_WQI/MapServer/WMSServer?SERVICE=WMS&REQUEST=GetCapabilities HTTP/1.1" 503 1020
152.61.128.50 - - [03/Dec/2022:02:04:16 -0500] "GET /arcgis/services/Calidad_del_Agua_WQI/MapServer/WMSServer?WMTVER=1.0.0&REQUEST=capabilities HTTP/1.1" 503 1020
114.119.157.96 - - [03/Dec/2022:02:04:19 -0500] "GET /BLA/resoluciones/RESOLUCIONES%202018/2245.pdf HTTP/1.1" 200 3024357
216.245.221.92 - - [03/Dec/2022:02:04:40 -0500] "HEAD / HTTP/1.1" 200 -
40.77.167.58 - - [03/Dec/2022:02:04:53 -0500] "GET / HTTP/1.1" 200 319
66.249.79.119 - - [03/Dec/2022:02:06:11 -0500] "-" 408 -
64.124.8.49 - - [03/Dec/2022:02:08:15 -0500] "GET /portaldeninos/humedal-el-tunjo/ HTTP/1.1" 200 87661
172.22.2.4 - - [03/Dec/2022:02:06:54 -0500] "HEAD /BLA/boletinlegal/ HTTP/1.1" 200 -
186.31.119.75 - - [03/Dec/2022:02:08:54 -0500] "-" 408 -
201.245.192.253 - - [03/Dec/2022:02:09:00 -0500] "POST /kwsrmcab/Wsrmcab  HTTP/1.1" 200 213
114.119.128.208 - - [03/Dec/2022:02:09:09 -0500] "GET /BLA/resoluciones/RESOLUCIONES%202013/1041.pdf HTTP/1.1" 200 3093114
172.22.2.4 - - [03/Dec/2022:02:07:44 -0500] "GET /BLA/boletinlegal/ HTTP/1.1" 200 54816
172.22.2.4 - - [03/Dec/2022:02:09:32 -0500] "GET /BLA/boletinlegal/owa/auth/logon.aspx?url=https%3a%2f%2f1%2fecp%2f HTTP/1.1" 404 1018
216.245.221.92 - - [03/Dec/2022:02:09:40 -0500] "HEAD / HTTP/1.1" 200 -
64.124.8.22 - - [03/Dec/2022:02:13:15 -0500] "GET /Residuos/quimicos/quimicos.html HTTP/1.1" 304 -
64.124.8.22 - - [03/Dec/2022:02:13:27 -0500] "GET /robots.txt HTTP/1.1" 404 1018
201.245.192.253 - - [03/Dec/2022:02:13:59 -0500] "POST /kwsrmcab/Wsrmcab  HTTP/1.1" 200 213
172.22.2.4 - - [03/Dec/2022:02:12:44 -0500] "HEAD /BLA/boletinlegal/ HTTP/1.1" 200 -
216.245.221.92 - - [03/Dec/2022:02:14:40 -0500] "HEAD / HTTP/1.1" 200 -
172.22.2.4 - - [03/Dec/2022:02:13:34 -0500] "GET /BLA/boletinlegal/ HTTP/1.1" 200 57192
201.245.192.253 - - [03/Dec/2022:02:18:58 -0500] "POST /kwsrmcab/Wsrmcab  HTTP/1.1" 200 213
216.245.221.92 - - [03/Dec/2022:02:19:40 -0500] "HEAD / HTTP/1.1" 200 -
172.22.2.4 - - [03/Dec/2022:02:18:34 -0500] "HEAD /BLA/boletinlegal/ HTTP/1.1" 200 -
172.22.2.4 - - [03/Dec/2022:02:19:32 -0500] "GET /BLA/boletinlegal/ HTTP/1.1" 200 32715
207.46.13.198 - - [03/Dec/2022:02:20:30 -0500] "GET /BLA/boletinlegal/Circulares/2018/Circular%20No.%2010%20del%2021%20de%20Septiembre%20de%202018.pdf HTTP/1.1" 304 -
201.245.192.253 - - [03/Dec/2022:02:21:00 -0500] "POST /kwsrmcab/Wsrmcab HTTP/1.1" 200 42007
172.22.2.4 - - [03/Dec/2022:02:19:24 -0500] "GET /BLA/boletinlegal/ HTTP/1.1" 200 54452
201.245.192.253 - - [03/Dec/2022:02:21:03 -0500] "POST /kwsrmcab/Wsrmcab HTTP/1.1" 200 41829
64.124.8.45 - - [03/Dec/2022:02:22:13 -0500] "-" 408 -
205.169.39.238 - - [03/Dec/2022:02:22:27 -0500] "GET /portaldeninos/wp-includes/js/wp-emoji-release.min.js?ver=4.9.8 HTTP/1.1" 200 12026
205.169.39.238 - - [03/Dec/2022:02:22:27 -0500] "GET /portaldeninos/wp-content/plugins/google-analytics-for-wordpress/assets/js/frontend-gtag.min.js?ver=8.5.0 HTTP/1.1" 200 11801
205.169.39.238 - - [03/Dec/2022:02:22:27 -0500] "GET /portaldeninos/wp-includes/js/jquery/jquery.js?ver=1.12.4 HTTP/1.1" 200 97184
205.169.39.238 - - [03/Dec/2022:02:22:28 -0500] "GET /portaldeninos/wp-includes/js/jquery/jquery-migrate.min.js?ver=1.4.1 HTTP/1.1" 200 10056
205.169.39.238 - - [03/Dec/2022:02:22:28 -0500] "GET /portaldeninos/wp-includes/js/jquery/ui/core.min.js?ver=1.11.4 HTTP/1.1" 200 4000
205.169.39.238 - - [03/Dec/2022:02:22:28 -0500] "GET /portaldeninos/wp-content/plugins/gallery-videos/JS/modernizr.custom.js?ver=4.9.8 HTTP/1.1" 200 9019
205.169.39.238 - - [03/Dec/2022:02:22:28 -0500] "GET /portaldeninos/wp-content/plugins/gallery-videos/JS/Total-Soft-Gallery-Video-Widget.js?ver=4.9.8 HTTP/1.1" 200 80264
205.169.39.238 - - [03/Dec/2022:02:22:28 -0500] "GET /portaldeninos/wp-includes/js/jquery/ui/widget.min.js?ver=1.11.4 HTTP/1.1" 200 6908
205.169.39.238 - - [03/Dec/2022:02:22:28 -0500] "GET /portaldeninos/wp-includes/js/jquery/ui/mouse.min.js?ver=1.11.4 HTTP/1.1" 200 3148
205.169.39.238 - - [03/Dec/2022:02:22:29 -0500] "GET /portaldeninos/wp-includes/js/jquery/ui/sortable.min.js?ver=1.11.4 HTTP/1.1" 200 24899
205.169.39.238 - - [03/Dec/2022:02:22:29 -0500] "GET /portaldeninos/wp-includes/js/jquery/ui/tabs.min.js?ver=1.11.4 HTTP/1.1" 200 12110
205.169.39.238 - - [03/Dec/2022:02:22:29 -0500] "GET /portaldeninos/wp-includes/js/jquery/ui/accordion.min.js?ver=1.11.4 HTTP/1.1" 200 8584
205.169.39.238 - - [03/Dec/2022:02:22:29 -0500] "GET /portaldeninos/wp-content/themes/betheme/js/plugins.js?ver=20.9.6 HTTP/1.1" 200 197151
205.169.39.238 - - [03/Dec/2022:02:22:30 -0500] "GET /portaldeninos/wp-content/themes/betheme/js/menu.js?ver=20.9.6 HTTP/1.1" 200 2449
205.169.39.238 - - [03/Dec/2022:02:22:30 -0500] "GET /portaldeninos/wp-content/themes/betheme/assets/animations/animations.min.js?ver=20.9.6 HTTP/1.1" 200 1896
205.169.39.238 - - [03/Dec/2022:02:22:30 -0500] "GET /portaldeninos/wp-content/themes/betheme/assets/jplayer/jplayer.min.js?ver=20.9.6 HTTP/1.1" 200 52702
205.169.39.238 - - [03/Dec/2022:02:22:31 -0500] "GET /portaldeninos/wp-content/themes/betheme/js/scripts.js?ver=20.9.6 HTTP/1.1" 200 77162
205.169.39.238 - - [03/Dec/2022:02:22:31 -0500] "GET /portaldeninos/wp-includes/js/wp-embed.min.js?ver=4.9.8 HTTP/1.1" 200 1398
201.245.192.253 - - [03/Dec/2022:02:23:57 -0500] "POST /kwsrmcab/Wsrmcab  HTTP/1.1" 200 213
216.245.221.92 - - [03/Dec/2022:02:24:40 -0500] "HEAD / HTTP/1.1" 200 -
114.119.132.171 - - [03/Dec/2022:02:24:55 -0500] "GET /BLA/resoluciones/RESOLUCIONES%202010/4987.pdf HTTP/1.1" 200 750083
66.249.79.117 - - [03/Dec/2022:02:25:14 -0500] "-" 408 -
172.22.2.4 - - [03/Dec/2022:02:24:24 -0500] "HEAD /BLA/boletinlegal/ HTTP/1.1" 200 -
157.55.39.39 - - [03/Dec/2022:02:26:29 -0500] "GET /BLA/resoluciones/index.php?dir=AUTOS+2018%2F HTTP/1.1" 200 442469
186.29.181.252 - - [03/Dec/2022:02:26:42 -0500] "GET /BLA/resoluciones/AUTOS%202022/7068.pdf HTTP/1.1" 200 390045
172.22.2.4 - - [03/Dec/2022:02:25:14 -0500] "GET /BLA/boletinlegal/ HTTP/1.1" 200 50855
172.22.2.4 - - [03/Dec/2022:02:27:30 -0500] "GET /BLA/boletinlegal/robots.txt HTTP/1.1" 404 1018
172.22.2.4 - - [03/Dec/2022:02:26:42 -0500] "GET /BLA/boletinlegal/ HTTP/1.1" 200 36811
172.22.2.4 - - [03/Dec/2022:02:27:36 -0500] "GET /BLA/boletinlegal/js/jquery.js HTTP/1.1" 200 57254
172.22.2.4 - - [03/Dec/2022:02:27:50 -0500] "GET /BLA/boletinlegal/js/jquery.scrollTo-min.js HTTP/1.1" 200 1150
201.245.192.253 - - [03/Dec/2022:02:28:56 -0500] "POST /kwsrmcab/Wsrmcab  HTTP/1.1" 502 1155
216.245.221.92 - - [03/Dec/2022:02:29:40 -0500] "HEAD / HTTP/1.1" 200 -
201.245.192.253 - - [03/Dec/2022:02:31:00 -0500] "POST /kwsrmcab/Wsrmcab HTTP/1.1" 200 42007
201.245.192.253 - - [03/Dec/2022:02:31:03 -0500] "POST /kwsrmcab/Wsrmcab HTTP/1.1" 200 41829
168.119.61.24 - - [03/Dec/2022:02:31:42 -0500] "GET / HTTP/1.1" 200 319
172.22.2.4 - - [03/Dec/2022:02:30:17 -0500] "HEAD /BLA/boletinlegal/ HTTP/1.1" 200 -
66.249.79.113 - - [03/Dec/2022:02:32:22 -0500] "GET /BLA/resoluciones/RESOLUCIONES%202009/7646.pdf HTTP/1.1" 200 493725
66.249.79.115 - - [03/Dec/2022:02:32:24 -0500] "GET /BLA/resoluciones/RESOLUCIONES%202018/1181.pdf HTTP/1.1" 200 455807
66.249.79.111 - - [03/Dec/2022:02:32:25 -0500] "GET /BLA/resoluciones/AUTOS%202017/3993.pdf HTTP/1.1" 200 452872
66.249.79.111 - - [03/Dec/2022:02:32:27 -0500] "GET /BLA/resoluciones/AUTOS%202014/5866.pdf HTTP/1.1" 200 1299068
66.249.79.113 - - [03/Dec/2022:02:32:28 -0500] "GET /BLA/resoluciones/RESOLUCIONES%202007/RES%202007%203901%20AL%204000/RESOLUCION%203969%20DE%202007.pdf HTTP/1.1" 200 716930
66.249.79.113 - - [03/Dec/2022:02:32:30 -0500] "GET /BLA/resoluciones/AUTOS%202017/2447.pdf HTTP/1.1" 200 404778
66.249.79.115 - - [03/Dec/2022:02:32:31 -0500] "GET /BLA/resoluciones/AUTOS%202014/3624.pdf HTTP/1.1" 200 167650
66.249.79.113 - - [03/Dec/2022:02:32:33 -0500] "GET /transparencia/directorioservidores/abril2015.pdf HTTP/1.1" 200 325020
66.249.79.111 - - [03/Dec/2022:02:32:35 -0500] "GET /BLA/resoluciones/RESOLUCIONES%202010/0167.pdf HTTP/1.1" 200 475026
66.249.79.111 - - [03/Dec/2022:02:32:36 -0500] "GET /BLA/resoluciones/AUTOS%202014/6484.pdf HTTP/1.1" 200 546604
66.249.79.111 - - [03/Dec/2022:02:32:38 -0500] "GET /BLA/resoluciones/RESOLUCIONES%202010/4805.pdf HTTP/1.1" 200 379200
66.249.79.113 - - [03/Dec/2022:02:32:40 -0500] "GET /BLA/resoluciones/AUTOS%202016/1049.pdf HTTP/1.1" 200 223656
66.249.79.115 - - [03/Dec/2022:02:32:43 -0500] "GET /BLA/resoluciones/AUTOS%202014/1458.pdf HTTP/1.1" 200 709626
66.249.79.111 - - [03/Dec/2022:02:32:45 -0500] "GET /BLA/resoluciones/AUTOS%202011/4283.pdf HTTP/1.1" 200 280679
66.249.79.117 - - [03/Dec/2022:02:32:45 -0500] "GET /BLA/resoluciones/Notificaciones/AUTOS%202017/03757.pdf HTTP/1.1" 200 817403
66.249.79.111 - - [03/Dec/2022:02:32:47 -0500] "GET /BLA/resoluciones/Notificaciones/AUTOS%202018/904.pdf HTTP/1.1" 200 1583737
172.22.2.4 - - [03/Dec/2022:02:31:08 -0500] "GET /BLA/boletinlegal/ HTTP/1.1" 200 52453
66.249.79.119 - - [03/Dec/2022:02:32:49 -0500] "GET /BLA/resoluciones/AUTOS%202015/2051.pdf HTTP/1.1" 200 910357
66.249.79.117 - - [03/Dec/2022:02:32:51 -0500] "GET /BLA/resoluciones/RESOLUCIONES%202016/0625.pdf HTTP/1.1" 200 479315
66.249.79.121 - - [03/Dec/2022:02:32:53 -0500] "GET /BLA/resoluciones/RESOLUCIONES%202007/RES%202007%203501%20AL%203600/RESOLUCION%203566%20DE%202007.pdf HTTP/1.1" 200 41325
66.249.79.113 - - [03/Dec/2022:02:32:54 -0500] "GET /BLA/resoluciones/RESOLUCIONES%202019/3627.pdf HTTP/1.1" 200 241585
66.249.79.119 - - [03/Dec/2022:02:32:56 -0500] "GET /BLA/resoluciones/RESOLUCIONES%202009/5529.pdf HTTP/1.1" 200 561665
66.249.79.117 - - [03/Dec/2022:02:32:58 -0500] "GET /BLA/resoluciones/RESOLUCIONES%202013/2092.pdf HTTP/1.1" 200 773169
66.249.79.123 - - [03/Dec/2022:02:33:00 -0500] "GET /autoliquidacion/Solicitud%20de%20Clasificaci%C3%B3n%20de%20Impacto%20Ambiental/Formulario%20de%20solicitud%20clasificaci%C3%B3n%20impacto............pdf HTTP/1.1" 404 1018
66.249.79.117 - - [03/Dec/2022:02:33:01 -0500] "GET /BLA/resoluciones/RESOLUCIONES%202009/2685.pdf HTTP/1.1" 200 761302
66.249.79.119 - - [03/Dec/2022:02:33:03 -0500] "GET /BLA/resoluciones/AUTOS%202009/1440.pdf HTTP/1.1" 200 224436
66.249.79.123 - - [03/Dec/2022:02:33:05 -0500] "GET /BLA/resoluciones/AUTOS%202011/3716.pdf HTTP/1.1" 200 204101
66.249.79.117 - - [03/Dec/2022:02:33:06 -0500] "GET /BLA/resoluciones/AUTOS%202017/4005.pdf HTTP/1.1" 200 1265312
66.249.79.121 - - [03/Dec/2022:02:33:09 -0500] "GET /BLA/resoluciones/AUTOS%202014/3505.pdf HTTP/1.1" 200 374892
66.249.79.113 - - [03/Dec/2022:02:33:10 -0500] "GET /BLA/resoluciones/AUTOS%202014/1494.pdf HTTP/1.1" 200 947827
66.249.79.117 - - [03/Dec/2022:02:33:12 -0500] "GET /BLA/resoluciones/AUTOS%202017/3302.pdf HTTP/1.1" 200 379675
66.249.79.111 - - [03/Dec/2022:02:33:13 -0500] "GET /BLA/resoluciones/AUTOS%202009/1570.pdf HTTP/1.1" 200 123106
66.249.79.113 - - [03/Dec/2022:02:33:15 -0500] "GET /BLA/resoluciones/RESOLUCIONES%202009/2626.pdf HTTP/1.1" 200 529222
66.249.79.119 - - [03/Dec/2022:02:33:17 -0500] "GET /BLA/resoluciones/AUTOS%202017/2239.pdf HTTP/1.1" 200 307016
66.249.79.119 - - [03/Dec/2022:02:33:18 -0500] "GET /BLA/resoluciones/RESOLUCIONES%202009/3211.pdf HTTP/1.1" 200 470782
66.249.79.115 - - [03/Dec/2022:02:33:20 -0500] "GET /BLA/resoluciones/AUTOS%202017/2479.pdf HTTP/1.1" 200 262810
66.249.79.113 - - [03/Dec/2022:02:33:22 -0500] "GET /BLA/resoluciones/RESOLUCIONES%202018/2292.pdf HTTP/1.1" 200 3208787
66.249.79.111 - - [03/Dec/2022:02:33:24 -0500] "GET /BLA/resoluciones/RESOLUCIONES%202017/0155.pdf HTTP/1.1" 200 350123
66.249.79.115 - - [03/Dec/2022:02:33:25 -0500] "GET /Publicaciones/2022EE265858.pdf HTTP/1.1" 404 228
66.249.79.111 - - [03/Dec/2022:02:33:27 -0500] "GET /BLA/resoluciones/RESOLUCIONES%202011/3947.pdf HTTP/1.1" 200 343731
66.249.79.117 - - [03/Dec/2022:02:33:29 -0500] "GET /BLA/resoluciones/AUTOS%202015/2178.pdf HTTP/1.1" 200 522398
66.249.79.115 - - [03/Dec/2022:02:33:31 -0500] "GET /BLA/resoluciones/RESOLUCIONES%202009/0282.pdf HTTP/1.1" 200 192677
66.249.79.115 - - [03/Dec/2022:02:33:32 -0500] "GET /BLA/resoluciones/AUTOS%202014/1124.pdf HTTP/1.1" 200 362344
66.249.79.123 - - [03/Dec/2022:02:33:34 -0500] "GET /BLA/resoluciones/RESOLUCIONES%202017/0186.pdf HTTP/1.1" 200 392231
66.249.79.117 - - [03/Dec/2022:02:33:35 -0500] "GET /BLA/resoluciones/RESOLUCIONES%202011/2318.pdf HTTP/1.1" 200 899270
66.249.79.113 - - [03/Dec/2022:02:33:37 -0500] "GET /BLA/resoluciones/AUTOS%202010/0474.pdf HTTP/1.1" 200 187591
66.249.79.111 - - [03/Dec/2022:02:33:39 -0500] "GET /BLA/resoluciones/RESOLUCIONES%202011/2975.pdf HTTP/1.1" 200 702152
66.249.79.121 - - [03/Dec/2022:02:33:42 -0500] "GET /BLA/resoluciones/AUTOS%202015/3389.pdf HTTP/1.1" 200 634359
66.249.79.111 - - [03/Dec/2022:02:33:43 -0500] "GET /BLA/resoluciones/RESOLUCIONES%202007/RES%202007%204301%20AL%204352/RESOLUCION%204327%20DE%202007.pdf HTTP/1.1" 200 402895
66.249.79.125 - - [03/Dec/2022:02:33:46 -0500] "GET /BLA/resoluciones/RESOLUCIONES%202013/1729.pdf HTTP/1.1" 200 510712
66.249.79.121 - - [03/Dec/2022:02:33:47 -0500] "GET /BLA/resoluciones/AUTOS%202014/6371.pdf HTTP/1.1" 200 628760
66.249.79.117 - - [03/Dec/2022:02:33:49 -0500] "GET /BLA/resoluciones/AUTOS%202014/4869.pdf HTTP/1.1" 200 508411
66.249.79.123 - - [03/Dec/2022:02:33:51 -0500] "GET /BLA/resoluciones/RESOLUCIONES%202009/2284.pdf HTTP/1.1" 200 374970
66.249.79.123 - - [03/Dec/2022:02:33:53 -0500] "GET /Publicaciones/2022EE245558.pdf HTTP/1.1" 404 228
66.249.79.111 - - [03/Dec/2022:02:33:53 -0500] "GET /BLA/resoluciones/AUTOS%202017/1142.pdf HTTP/1.1" 200 331522
66.249.79.123 - - [03/Dec/2022:02:33:55 -0500] "GET /BLA/resoluciones/AUTOS%202015/6133.pdf HTTP/1.1" 200 670250
201.245.192.253 - - [03/Dec/2022:02:33:54 -0500] "POST /kwsrmcab/Wsrmcab  HTTP/1.1" 200 213
66.249.79.113 - - [03/Dec/2022:02:33:56 -0500] "GET /BLA/resoluciones/RESOLUCIONES%202010/2055.pdf HTTP/1.1" 200 194953
216.245.221.92 - - [03/Dec/2022:02:34:40 -0500] "HEAD / HTTP/1.1" 200 -
162.55.175.143 - - [03/Dec/2022:02:34:53 -0500] "GET / HTTP/1.1" 200 319
162.55.37.179 - - [03/Dec/2022:02:35:04 -0500] "GET / HTTP/1.1" 200 319
114.119.130.202 - - [03/Dec/2022:02:35:38 -0500] "GET /BLA/resoluciones/RESOLUCIONES%202010/4970.pdf HTTP/1.1" 200 263181
172.22.2.4 - - [03/Dec/2022:02:36:07 -0500] "HEAD /BLA/boletinlegal/ HTTP/1.1" 200 -
172.22.2.4 - - [03/Dec/2022:02:36:57 -0500] "GET /BLA/boletinlegal/ HTTP/1.1" 200 57192
201.245.192.253 - - [03/Dec/2022:02:38:54 -0500] "POST /kwsrmcab/Wsrmcab  HTTP/1.1" 200 213
205.169.39.169 - - [03/Dec/2022:02:38:57 -0500] "GET /portaldeninos/wp-includes/js/wp-emoji-release.min.js?ver=4.9.8 HTTP/1.1" 200 12026
205.169.39.169 - - [03/Dec/2022:02:39:01 -0500] "GET /portaldeninos/wp-content/plugins/google-analytics-for-wordpress/assets/js/frontend-gtag.min.js?ver=8.5.0 HTTP/1.1" 200 11801
205.169.39.169 - - [03/Dec/2022:02:39:02 -0500] "GET /portaldeninos/wp-includes/js/jquery/jquery.js?ver=1.12.4 HTTP/1.1" 200 97184
205.169.39.169 - - [03/Dec/2022:02:39:04 -0500] "GET /portaldeninos/wp-includes/js/jquery/jquery-migrate.min.js?ver=1.4.1 HTTP/1.1" 200 10056
205.169.39.169 - - [03/Dec/2022:02:39:04 -0500] "GET /portaldeninos/wp-includes/js/jquery/ui/core.min.js?ver=1.11.4 HTTP/1.1" 200 4000
205.169.39.169 - - [03/Dec/2022:02:39:04 -0500] "GET /portaldeninos/wp-content/plugins/gallery-videos/JS/modernizr.custom.js?ver=4.9.8 HTTP/1.1" 200 9019
205.169.39.169 - - [03/Dec/2022:02:39:04 -0500] "GET /portaldeninos/wp-content/plugins/gallery-videos/JS/Total-Soft-Gallery-Video-Widget.js?ver=4.9.8 HTTP/1.1" 200 80264
205.169.39.169 - - [03/Dec/2022:02:39:05 -0500] "GET /portaldeninos/wp-includes/js/jquery/ui/widget.min.js?ver=1.11.4 HTTP/1.1" 200 6908
205.169.39.169 - - [03/Dec/2022:02:39:05 -0500] "GET /portaldeninos/wp-includes/js/jquery/ui/mouse.min.js?ver=1.11.4 HTTP/1.1" 200 3148
205.169.39.169 - - [03/Dec/2022:02:39:06 -0500] "GET /portaldeninos/wp-includes/js/jquery/ui/sortable.min.js?ver=1.11.4 HTTP/1.1" 200 24899
205.169.39.169 - - [03/Dec/2022:02:39:06 -0500] "GET /portaldeninos/wp-includes/js/jquery/ui/tabs.min.js?ver=1.11.4 HTTP/1.1" 200 12110
205.169.39.169 - - [03/Dec/2022:02:39:07 -0500] "GET /portaldeninos/wp-includes/js/jquery/ui/accordion.min.js?ver=1.11.4 HTTP/1.1" 200 8584
205.169.39.169 - - [03/Dec/2022:02:39:07 -0500] "GET /portaldeninos/wp-content/themes/betheme/js/plugins.js?ver=20.9.6 HTTP/1.1" 200 197151
205.169.39.169 - - [03/Dec/2022:02:39:09 -0500] "GET /portaldeninos/wp-content/themes/betheme/js/menu.js?ver=20.9.6 HTTP/1.1" 200 2449
205.169.39.169 - - [03/Dec/2022:02:39:09 -0500] "GET /portaldeninos/wp-content/themes/betheme/assets/animations/animations.min.js?ver=20.9.6 HTTP/1.1" 200 1896
205.169.39.169 - - [03/Dec/2022:02:39:09 -0500] "GET /portaldeninos/wp-content/themes/betheme/assets/jplayer/jplayer.min.js?ver=20.9.6 HTTP/1.1" 200 52702
205.169.39.169 - - [03/Dec/2022:02:39:09 -0500] "GET /portaldeninos/wp-content/themes/betheme/js/scripts.js?ver=20.9.6 HTTP/1.1" 200 77162
205.169.39.169 - - [03/Dec/2022:02:39:10 -0500] "GET /portaldeninos/wp-includes/js/wp-embed.min.js?ver=4.9.8 HTTP/1.1" 200 1398
205.169.39.63 - - [03/Dec/2022:02:39:10 -0500] "GET /portaldeninos/wp-content/uploads/useanyfont/uaf.css?ver=1589905315 HTTP/1.1" 200 408
205.169.39.63 - - [03/Dec/2022:02:39:10 -0500] "GET /portaldeninos/wp-content/themes/betheme/style.css?ver=20.9.6 HTTP/1.1" 200 287
205.169.39.63 - - [03/Dec/2022:02:39:10 -0500] "GET /portaldeninos/wp-content/plugins/gallery-videos/CSS/totalsoft.css?ver=4.9.8 HTTP/1.1" 200 40622
205.169.39.63 - - [03/Dec/2022:02:39:10 -0500] "GET /portaldeninos/wp-content/plugins/gallery-videos/CSS/Total-Soft-Gallery-Video-Widget.css?ver=4.9.8 HTTP/1.1" 200 51554
205.169.39.63 - - [03/Dec/2022:02:39:10 -0500] "GET /portaldeninos/wp-content/themes/betheme/css/base.css?ver=20.9.6 HTTP/1.1" 200 57283
205.169.39.63 - - [03/Dec/2022:02:39:11 -0500] "GET /portaldeninos/wp-content/themes/betheme/assets/animations/animations.min.css?ver=20.9.6 HTTP/1.1" 200 58508
205.169.39.63 - - [03/Dec/2022:02:39:11 -0500] "GET /portaldeninos/wp-content/themes/betheme/assets/jplayer/css/jplayer.blue.monday.css?ver=20.9.6 HTTP/1.1" 200 9834
205.169.39.63 - - [03/Dec/2022:02:39:11 -0500] "GET /portaldeninos/wp-content/themes/betheme/assets/ui/jquery.ui.all.css?ver=20.9.6 HTTP/1.1" 200 18765
205.169.39.63 - - [03/Dec/2022:02:39:10 -0500] "GET /portaldeninos/wp-content/themes/betheme/css/layout.css?ver=20.9.6 HTTP/1.1" 200 116639
205.169.39.63 - - [03/Dec/2022:02:39:11 -0500] "GET /portaldeninos/wp-includes/js/jquery/jquery-migrate.min.js?ver=1.4.1 HTTP/1.1" 200 10056
205.169.39.63 - - [03/Dec/2022:02:39:11 -0500] "GET /portaldeninos/wp-includes/js/jquery/ui/core.min.js?ver=1.11.4 HTTP/1.1" 200 4000
205.169.39.63 - - [03/Dec/2022:02:39:11 -0500] "GET /portaldeninos/wp-content/plugins/google-analytics-for-wordpress/assets/js/frontend-gtag.min.js?ver=8.5.0 HTTP/1.1" 200 11801
205.169.39.63 - - [03/Dec/2022:02:39:11 -0500] "GET /portaldeninos/wp-content/themes/betheme/css/responsive.css?ver=20.9.6 HTTP/1.1" 200 55740
205.169.39.63 - - [03/Dec/2022:02:39:11 -0500] "GET /portaldeninos/wp-content/themes/betheme/css/shortcodes.css?ver=20.9.6 HTTP/1.1" 200 138889
205.169.39.63 - - [03/Dec/2022:02:39:11 -0500] "GET /portaldeninos/wp-content/plugins/gallery-videos/JS/modernizr.custom.js?ver=4.9.8 HTTP/1.1" 200 9019
205.169.39.63 - - [03/Dec/2022:02:39:11 -0500] "GET /portaldeninos/wp-includes/js/jquery/ui/widget.min.js?ver=1.11.4 HTTP/1.1" 200 6908
205.169.39.63 - - [03/Dec/2022:02:39:11 -0500] "GET /portaldeninos/wp-includes/js/jquery/ui/mouse.min.js?ver=1.11.4 HTTP/1.1" 200 3148
205.169.39.63 - - [03/Dec/2022:02:39:11 -0500] "GET /portaldeninos/wp-includes/js/jquery/jquery.js?ver=1.12.4 HTTP/1.1" 200 97184
205.169.39.63 - - [03/Dec/2022:02:39:11 -0500] "GET /portaldeninos/wp-includes/js/jquery/ui/accordion.min.js?ver=1.11.4 HTTP/1.1" 200 8584
205.169.39.63 - - [03/Dec/2022:02:39:11 -0500] "GET /portaldeninos/wp-includes/js/jquery/ui/tabs.min.js?ver=1.11.4 HTTP/1.1" 200 12110
205.169.39.63 - - [03/Dec/2022:02:39:11 -0500] "GET /portaldeninos/wp-content/plugins/gallery-videos/JS/Total-Soft-Gallery-Video-Widget.js?ver=4.9.8 HTTP/1.1" 200 80264
205.169.39.63 - - [03/Dec/2022:02:39:11 -0500] "GET /portaldeninos/wp-content/themes/betheme/js/menu.js?ver=20.9.6 HTTP/1.1" 200 2449
205.169.39.63 - - [03/Dec/2022:02:39:11 -0500] "GET /portaldeninos/wp-includes/js/jquery/ui/sortable.min.js?ver=1.11.4 HTTP/1.1" 200 24899
205.169.39.63 - - [03/Dec/2022:02:39:11 -0500] "GET /portaldeninos/wp-content/themes/betheme/assets/animations/animations.min.js?ver=20.9.6 HTTP/1.1" 200 1896
205.169.39.63 - - [03/Dec/2022:02:39:12 -0500] "GET /portaldeninos/wp-includes/js/wp-embed.min.js?ver=4.9.8 HTTP/1.1" 200 1398
205.169.39.63 - - [03/Dec/2022:02:39:12 -0500] "GET /portaldeninos/wp-content/themes/betheme/images/box_shadow.png HTTP/1.1" 200 108
205.169.39.63 - - [03/Dec/2022:02:39:11 -0500] "GET /portaldeninos/wp-content/themes/betheme/assets/jplayer/jplayer.min.js?ver=20.9.6 HTTP/1.1" 200 52702
205.169.39.63 - - [03/Dec/2022:02:39:11 -0500] "GET /portaldeninos/wp-content/themes/betheme/js/scripts.js?ver=20.9.6 HTTP/1.1" 200 77162
205.169.39.63 - - [03/Dec/2022:02:39:12 -0500] "GET /portaldeninos/wp-includes/js/wp-emoji-release.min.js?ver=4.9.8 HTTP/1.1" 200 12026
205.169.39.63 - - [03/Dec/2022:02:39:11 -0500] "GET /portaldeninos/wp-content/themes/betheme/js/plugins.js?ver=20.9.6 HTTP/1.1" 200 197151
205.169.39.63 - - [03/Dec/2022:02:39:12 -0500] "GET /portaldeninos/wp-content/themes/betheme/fonts/mfn-icons.woff?93978679 HTTP/1.1" 200 80932
205.169.39.63 - - [03/Dec/2022:02:39:12 -0500] "GET /portaldeninos/wp-content/themes/betheme/fonts/mfn-icons.ttf?93978679 HTTP/1.1" 200 25041
216.245.221.92 - - [03/Dec/2022:02:39:40 -0500] "HEAD / HTTP/1.1" 200 -
172.22.2.4 - - [03/Dec/2022:02:40:52 -0500] "GET /BLA/boletinlegal/robots.txt HTTP/1.1" 404 1038
114.119.146.51 - - [03/Dec/2022:02:40:54 -0500] "GET /BLA/resoluciones/RESOLUCIONES%202010/4624.pdf HTTP/1.1" 200 1018313
201.245.192.253 - - [03/Dec/2022:02:41:00 -0500] "POST /kwsrmcab/Wsrmcab HTTP/1.1" 200 42007
201.245.192.253 - - [03/Dec/2022:02:41:03 -0500] "POST /kwsrmcab/Wsrmcab HTTP/1.1" 200 41829
157.55.39.39 - - [03/Dec/2022:02:41:21 -0500] "GET /BLA/resoluciones/RESOLUCIONES%202001/2001%20200-249.TIF HTTP/1.1" 200 8819186
172.22.2.4 - - [03/Dec/2022:02:40:53 -0500] "GET /BLA/boletinlegal/index.php HTTP/1.1" 200 52453
114.119.150.248 - - [03/Dec/2022:02:43:24 -0500] "GET /BLA/resoluciones/RESOLUCIONES%202010/4457.pdf HTTP/1.1" 200 454965
172.22.2.4 - - [03/Dec/2022:02:41:57 -0500] "HEAD /BLA/boletinlegal/ HTTP/1.1" 200 -
201.245.192.253 - - [03/Dec/2022:02:43:54 -0500] "POST /kwsrmcab/Wsrmcab  HTTP/1.1" 200 213
207.46.13.194 - - [03/Dec/2022:02:44:05 -0500] "GET /bla/resoluciones/autos%202010/5364.pdf HTTP/1.1" 304 -
172.22.2.4 - - [03/Dec/2022:02:42:48 -0500] "GET /BLA/boletinlegal/ HTTP/1.1" 200 54100
216.245.221.92 - - [03/Dec/2022:02:44:40 -0500] "HEAD / HTTP/1.1" 200 -
185.119.81.107 - - [03/Dec/2022:02:46:15 -0500] "GET /portaldeninos/wp-login.php HTTP/1.1" 200 2592
185.119.81.107 - - [03/Dec/2022:02:46:16 -0500] "POST /portaldeninos/wp-login.php HTTP/1.1" 200 3670
66.249.79.115 - - [03/Dec/2022:02:47:02 -0500] "GET /Publicaciones/2022EE311100.pdf HTTP/1.1" 200 689298
201.245.192.253 - - [03/Dec/2022:02:48:53 -0500] "POST /kwsrmcab/Wsrmcab  HTTP/1.1" 502 1155
172.22.2.4 - - [03/Dec/2022:02:47:47 -0500] "HEAD /BLA/boletinlegal/ HTTP/1.1" 200 -
172.22.2.4 - - [03/Dec/2022:02:49:30 -0500] "GET /BLA/boletinlegal/Directivas/2013/Directiva%20No.%202%20del%2004%20de%20Abril%20de%202013.pdf HTTP/1.1" 304 -
216.245.221.92 - - [03/Dec/2022:02:49:40 -0500] "HEAD / HTTP/1.1" 200 -
172.22.2.4 - - [03/Dec/2022:02:48:37 -0500] "GET /BLA/boletinlegal/ HTTP/1.1" 200 59035
114.119.135.181 - - [03/Dec/2022:02:50:31 -0500] "GET /BLA/resoluciones/RESOLUCIONES%202010/4448.pdf HTTP/1.1" 200 529074
207.46.13.174 - - [03/Dec/2022:02:50:33 -0500] "GET /BLA/resoluciones/RESOLUCIONES%202000/2000%20650-699.tif HTTP/1.1" 200 6223095
114.119.143.226 - - [03/Dec/2022:02:53:08 -0500] "GET /BLA/resoluciones/RESOLUCIONES%202010/4334.pdf HTTP/1.1" 200 112178
207.46.13.198 - - [03/Dec/2022:02:53:32 -0500] "GET /BLA/resoluciones/RESOLUCIONES%202000/2000%20950-999.tif HTTP/1.1" 200 4451157
201.245.192.253 - - [03/Dec/2022:02:53:52 -0500] "POST /kwsrmcab/Wsrmcab  HTTP/1.1" 200 213
114.119.155.142 - - [03/Dec/2022:02:54:27 -0500] "GET /BLA/resoluciones/RESOLUCIONES%202010/4090.pdf HTTP/1.1" 200 516019
216.245.221.92 - - [03/Dec/2022:02:54:40 -0500] "HEAD / HTTP/1.1" 200 -
172.22.2.4 - - [03/Dec/2022:02:53:37 -0500] "HEAD /BLA/boletinlegal/ HTTP/1.1" 200 -
172.22.2.4 - - [03/Dec/2022:02:54:27 -0500] "GET /BLA/boletinlegal/ HTTP/1.1" 200 52453
173.252.87.117 - - [03/Dec/2022:02:56:33 -0500] "GET /images/cr\xc3\xb3nica-29-nov-1_optimized.jpeg HTTP/1.1" 404 1034
157.55.39.39 - - [03/Dec/2022:02:56:44 -0500] "GET /BLA/resoluciones/index.php?dir=AUTOS+2018%2F HTTP/1.1" 200 442469
201.245.192.253 - - [03/Dec/2022:02:58:51 -0500] "POST /kwsrmcab/Wsrmcab  HTTP/1.1" 200 213
216.245.221.92 - - [03/Dec/2022:02:59:41 -0500] "HEAD / HTTP/1.1" 200 -
172.22.2.4 - - [03/Dec/2022:02:59:27 -0500] "HEAD /BLA/boletinlegal/ HTTP/1.1" 200 -
162.55.167.166 - - [03/Dec/2022:03:01:35 -0500] "GET / HTTP/1.1" 200 319
172.22.2.4 - - [03/Dec/2022:03:00:18 -0500] "GET /BLA/boletinlegal/ HTTP/1.1" 200 59404
66.249.79.115 - - [03/Dec/2022:03:02:24 -0500] "GET /BLA/resoluciones/RESOLUCIONES%202011/0688.pdf HTTP/1.1" 200 70171
66.249.79.113 - - [03/Dec/2022:03:02:25 -0500] "GET /BLA/resoluciones/AUTOS%202014/1877.pdf HTTP/1.1" 200 414747
66.249.79.115 - - [03/Dec/2022:03:02:26 -0500] "GET /BLA/resoluciones/AUTOS%202016/0468.pdf HTTP/1.1" 200 784184
66.249.79.113 - - [03/Dec/2022:03:02:30 -0500] "GET /BLA/resoluciones/RESOLUCIONES%202017/2644.pdf HTTP/1.1" 200 399870
66.249.79.113 - - [03/Dec/2022:03:02:31 -0500] "GET /Publicaciones/2018EE227131.pdf HTTP/1.1" 404 228
66.249.79.111 - - [03/Dec/2022:03:02:32 -0500] "GET /Autoliquidacion/Solicitud%20de%20Licencia%20Ambiental/Solicitud%20de%20licencia%20ambiental.....pdf HTTP/1.1" 200 99744
66.249.79.113 - - [03/Dec/2022:03:02:33 -0500] "GET /pdc/actos/636.pdf HTTP/1.1" 200 1361316
66.249.79.111 - - [03/Dec/2022:03:02:34 -0500] "GET /BLA/resoluciones/AUTOS%202014/6824.pdf HTTP/1.1" 200 376418
66.249.79.113 - - [03/Dec/2022:03:02:35 -0500] "GET /BLA/resoluciones/RESOLUCIONES%202010/1660.pdf HTTP/1.1" 200 435871
66.249.79.113 - - [03/Dec/2022:03:02:36 -0500] "GET /BLA/resoluciones/RESOLUCIONES%202014/2992.pdf HTTP/1.1" 200 427700
66.249.79.113 - - [03/Dec/2022:03:02:38 -0500] "GET /BLA/resoluciones/AUTOS%202007/1062.pdf HTTP/1.1" 200 93067
66.249.79.111 - - [03/Dec/2022:03:02:39 -0500] "GET /BLA/resoluciones/RESOLUCIONES%202009/0342.pdf HTTP/1.1" 200 409338
66.249.79.115 - - [03/Dec/2022:03:02:40 -0500] "GET /BLA/resoluciones/RESOLUCIONES%202007/RES%202007%20201%20AL%20300/RESOLUCION%200205%20DE%202007.pdf HTTP/1.1" 200 192842
66.249.79.111 - - [03/Dec/2022:03:02:42 -0500] "GET /BLA/resoluciones/RESOLUCIONES%202009/4784.pdf HTTP/1.1" 200 458344
66.249.79.115 - - [03/Dec/2022:03:02:44 -0500] "GET /BLA/resoluciones/RESOLUCIONES%201999/1884.pdf HTTP/1.1" 200 85881
66.249.79.115 - - [03/Dec/2022:03:02:45 -0500] "GET /BLA/resoluciones/AUTOS%202015/0281.pdf HTTP/1.1" 200 1370213
66.249.79.115 - - [03/Dec/2022:03:02:48 -0500] "GET /Publicaciones/2022EE253046.pdf HTTP/1.1" 404 228
66.249.79.115 - - [03/Dec/2022:03:02:49 -0500] "GET /BLA/resoluciones/RESOLUCIONES%202016/1020.pdf HTTP/1.1" 200 316488
66.249.79.117 - - [03/Dec/2022:03:02:50 -0500] "GET /BLA/resoluciones/RESOLUCIONES%202010/5940.pdf HTTP/1.1" 200 317598
66.249.79.115 - - [03/Dec/2022:03:02:51 -0500] "GET /BLA/resoluciones/AUTOS%202014/0122.pdf HTTP/1.1" 200 421934
66.249.79.111 - - [03/Dec/2022:03:02:52 -0500] "GET /BLA/resoluciones/RESOLUCIONES%202010/2598.pdf HTTP/1.1" 200 338250
66.249.79.113 - - [03/Dec/2022:03:02:54 -0500] "GET /BLA/resoluciones/RESOLUCIONES%202010/6692.pdf HTTP/1.1" 200 1917674
66.249.79.115 - - [03/Dec/2022:03:02:55 -0500] "GET /BLA/resoluciones/AUTOS%202014/6526.pdf HTTP/1.1" 200 523412
66.249.79.115 - - [03/Dec/2022:03:02:56 -0500] "GET /BLA/resoluciones/RESOLUCIONES%202008/4080.pdf HTTP/1.1" 200 134074
66.249.79.117 - - [03/Dec/2022:03:02:57 -0500] "GET /BLA/resoluciones/AUTOS%202017/2847.pdf HTTP/1.1" 200 490039
66.249.79.119 - - [03/Dec/2022:03:02:59 -0500] "GET /BLA/resoluciones/AUTOS%202009/1540.pdf HTTP/1.1" 200 109271
66.249.79.123 - - [03/Dec/2022:03:03:00 -0500] "GET /BLA/resoluciones/RESOLUCIONES%202014/1725.pdf HTTP/1.1" 200 632058
66.249.79.117 - - [03/Dec/2022:03:03:02 -0500] "GET /BLA/resoluciones/AUTOS%202010/6721.pdf HTTP/1.1" 200 214634
66.249.79.119 - - [03/Dec/2022:03:03:03 -0500] "GET /BLA/resoluciones/AUTOS%202015/1731.pdf HTTP/1.1" 200 926710
66.249.79.121 - - [03/Dec/2022:03:03:05 -0500] "GET /BLA/resoluciones/AUTOS%202015/3219.pdf HTTP/1.1" 200 654719
66.249.79.111 - - [03/Dec/2022:03:03:06 -0500] "GET /BLA/resoluciones/RESOLUCIONES%202009/6306.pdf HTTP/1.1" 200 447985
66.249.79.121 - - [03/Dec/2022:03:03:09 -0500] "GET /BLA/resoluciones/AUTOS%202014/2716.pdf HTTP/1.1" 200 628678
66.249.79.113 - - [03/Dec/2022:03:03:10 -0500] "GET /BLA/resoluciones/RESOLUCIONES%202009/5512.pdf HTTP/1.1" 200 509863
66.249.79.121 - - [03/Dec/2022:03:03:12 -0500] "GET /BLA/resoluciones/AUTOS%202015/1284.pdf HTTP/1.1" 200 596961
66.249.79.117 - - [03/Dec/2022:03:03:14 -0500] "GET /BLA/resoluciones/AUTOS%202009/0838.pdf HTTP/1.1" 200 74182
66.249.79.115 - - [03/Dec/2022:03:03:14 -0500] "GET /BLA/resoluciones/AUTOS%202013/2256.pdf HTTP/1.1" 200 778295
66.249.79.111 - - [03/Dec/2022:03:03:16 -0500] "GET /BLA/boletinlegal/Circulares/2015/Circular%20No.%201%20del%2010%20de%20Febrero%20de%202015.pdf HTTP/1.1" 200 660637
66.249.79.115 - - [03/Dec/2022:03:03:19 -0500] "GET /autoliquidacion/Solicitud%20de%20expedici%C3%B3n%20de%20certificados%20de%20estado%20de%20conservaci%C3%B3n%20ambiental%20(CECA)/formulario%20mejor.pdf HTTP/1.1" 404 1018
201.245.192.253 - - [03/Dec/2022:03:03:49 -0500] "POST /kwsrmcab/Wsrmcab  HTTP/1.1" 200 213
216.245.221.92 - - [03/Dec/2022:03:04:40 -0500] "HEAD / HTTP/1.1" 200 -
173.252.127.9 - - [03/Dec/2022:03:05:40 -0500] "GET /images/Musgo%20SDA%20(1)%20(1).png HTTP/1.1" 200 302122
173.252.127.117 - - [03/Dec/2022:03:05:40 -0500] "GET /images/Acuerdos%2001%20(1)%20(1).jpeg HTTP/1.1" 200 32884
173.252.127.117 - - [03/Dec/2022:03:05:48 -0500] "GET /images/Reciclaton%20Nov%202022%20(1)%20(1).jpeg HTTP/1.1" 200 53811
172.22.2.4 - - [03/Dec/2022:03:05:17 -0500] "HEAD /BLA/boletinlegal/ HTTP/1.1" 200 -
40.77.167.13 - - [03/Dec/2022:03:07:10 -0500] "GET / HTTP/1.1" 200 4720
172.22.2.4 - - [03/Dec/2022:03:06:07 -0500] "GET /BLA/boletinlegal/ HTTP/1.1" 200 52453
66.249.79.113 - - [03/Dec/2022:03:07:48 -0500] "GET /BLA/resoluciones/RESOLUCIONES%202009/2013.pdf HTTP/1.1" 200 684062
201.245.192.253 - - [03/Dec/2022:03:08:49 -0500] "POST /kwsrmcab/Wsrmcab  HTTP/1.1" 200 213
216.245.221.92 - - [03/Dec/2022:03:09:41 -0500] "HEAD / HTTP/1.1" 200 -
157.55.39.39 - - [03/Dec/2022:03:09:41 -0500] "GET /BLA/resoluciones/index.php?dir=AUTOS+2019%2F HTTP/1.1" 200 349992
172.22.2.4 - - [03/Dec/2022:03:11:07 -0500] "HEAD /BLA/boletinlegal/ HTTP/1.1" 200 -
172.22.2.4 - - [03/Dec/2022:03:11:57 -0500] "GET /BLA/boletinlegal/ HTTP/1.1" 200 56474
201.245.192.253 - - [03/Dec/2022:03:13:49 -0500] "POST /kwsrmcab/Wsrmcab  HTTP/1.1" 200 213
216.245.221.92 - - [03/Dec/2022:03:14:40 -0500] "HEAD / HTTP/1.1" 200 -
205.169.39.63 - - [03/Dec/2022:03:15:51 -0500] "GET /portaldeninos/wp-includes/js/wp-emoji-release.min.js?ver=4.9.8 HTTP/1.1" 502 1243
172.22.2.4 - - [03/Dec/2022:03:16:57 -0500] "HEAD /BLA/boletinlegal/ HTTP/1.1" 200 -
201.245.192.253 - - [03/Dec/2022:03:18:47 -0500] "POST /kwsrmcab/Wsrmcab  HTTP/1.1" 200 213
172.22.2.4 - - [03/Dec/2022:03:17:47 -0500] "GET /BLA/boletinlegal/ HTTP/1.1" 200 52942
216.245.221.92 - - [03/Dec/2022:03:19:40 -0500] "HEAD / HTTP/1.1" 200 -
201.245.192.253 - - [03/Dec/2022:03:21:11 -0500] "POST /kwsrmcab/Wsrmcab HTTP/1.1" 200 42004
201.245.192.253 - - [03/Dec/2022:03:21:15 -0500] "POST /kwsrmcab/Wsrmcab HTTP/1.1" 200 41835
201.245.192.253 - - [03/Dec/2022:03:23:47 -0500] "POST /kwsrmcab/Wsrmcab  HTTP/1.1" 200 213
172.22.2.4 - - [03/Dec/2022:03:22:47 -0500] "HEAD /BLA/boletinlegal/ HTTP/1.1" 200 -
216.245.221.92 - - [03/Dec/2022:03:24:40 -0500] "HEAD / HTTP/1.1" 200 -
172.22.2.4 - - [03/Dec/2022:03:23:37 -0500] "GET /BLA/boletinlegal/ HTTP/1.1" 200 54100
114.119.133.46 - - [03/Dec/2022:03:26:11 -0500] "GET /BLA/resoluciones/RESOLUCIONES%202010/2936.pdf HTTP/1.1" 200 487607
95.217.144.248 - - [03/Dec/2022:03:27:32 -0500] "-" 408 -
95.217.144.248 - - [03/Dec/2022:03:27:33 -0500] "-" 408 -
95.217.144.248 - - [03/Dec/2022:03:27:33 -0500] "-" 408 -
95.217.144.248 - - [03/Dec/2022:03:27:33 -0500] "-" 408 -
95.217.144.248 - - [03/Dec/2022:03:27:33 -0500] "-" 408 -
95.217.144.248 - - [03/Dec/2022:03:27:37 -0500] "-" 408 -
95.217.144.237 - - [03/Dec/2022:03:27:40 -0500] "-" 408 -
95.217.144.235 - - [03/Dec/2022:03:27:40 -0500] "-" 408 -
201.245.192.253 - - [03/Dec/2022:03:28:46 -0500] "POST /kwsrmcab/Wsrmcab  HTTP/1.1" 200 213
216.245.221.92 - - [03/Dec/2022:03:29:40 -0500] "HEAD / HTTP/1.1" 200 -
172.22.2.4 - - [03/Dec/2022:03:28:37 -0500] "HEAD /BLA/boletinlegal/ HTTP/1.1" 200 -
157.55.39.39 - - [03/Dec/2022:03:30:23 -0500] "GET /BLA/resoluciones/index.php?dir=AUTOS+2018%2F HTTP/1.1" 200 442469
201.245.192.253 - - [03/Dec/2022:03:31:00 -0500] "POST /kwsrmcab/Wsrmcab HTTP/1.1" 502 1155
201.245.192.253 - - [03/Dec/2022:03:31:00 -0500] "POST /kwsrmcab/Wsrmcab HTTP/1.1" 200 41835
172.22.2.4 - - [03/Dec/2022:03:29:27 -0500] "GET /BLA/boletinlegal/ HTTP/1.1" 200 57192
66.249.79.115 - - [03/Dec/2022:03:32:23 -0500] "GET /BLA/resoluciones/RESOLUCIONES%202016/2408.pdf HTTP/1.1" 200 1061545
66.249.79.111 - - [03/Dec/2022:03:32:24 -0500] "GET /BLA/resoluciones/RESOLUCIONES%202017/2947.pdf HTTP/1.1" 200 306063
66.249.79.111 - - [03/Dec/2022:03:32:26 -0500] "GET /BLA/resoluciones/RESOLUCIONES%202016/1909.pdf HTTP/1.1" 200 366600
66.249.79.111 - - [03/Dec/2022:03:32:29 -0500] "GET /BLA/resoluciones/AUTOS%202011/4219.pdf HTTP/1.1" 200 265969
66.249.79.111 - - [03/Dec/2022:03:32:31 -0500] "GET /autoliquidacion/Solicitudes%20relacionadas%20con%20ocupaci%C3%B3n%20de%20cauce/126PM04-PR36%20LISTA%20DE%20CHEQUEO.pdf HTTP/1.1" 404 1018
66.249.79.113 - - [03/Dec/2022:03:32:32 -0500] "GET /BLA/resoluciones/RESOLUCIONES%202007/RES%202007%203801%20AL%203900/RESOLUCION%203879%20DE%202007.pdf HTTP/1.1" 200 439462
66.249.79.111 - - [03/Dec/2022:03:32:33 -0500] "GET /BLA/resoluciones/RESOLUCIONES%202016/1387.pdf HTTP/1.1" 200 776901
66.249.79.113 - - [03/Dec/2022:03:32:36 -0500] "GET /BLA/resoluciones/RESOLUCIONES%202017/1275.pdf HTTP/1.1" 200 577492
66.249.79.113 - - [03/Dec/2022:03:32:37 -0500] "GET /BLA/resoluciones/AUTOS%202013/2300.pdf HTTP/1.1" 200 753229
66.249.79.113 - - [03/Dec/2022:03:32:39 -0500] "GET /BLA/resoluciones/AUTOS%202013/0351.pdf HTTP/1.1" 200 3118599
66.249.79.117 - - [03/Dec/2022:03:32:43 -0500] "GET /BLA/resoluciones/RESOLUCIONES%202010/7506.pdf HTTP/1.1" 200 35254
66.249.64.17 - - [03/Dec/2022:03:32:44 -0500] "GET /BLA/resoluciones/RESOLUCIONES%202015/0232.pdf HTTP/1.1" 200 792157
