181.61.208.180 - - [05/Dec/2022:19:52:59 -0500] "GET /galeria/nivo-slider/demo/images/banneraccionpopularcrr68.jpg HTTP/1.1" 200 51887
181.61.208.180 - - [05/Dec/2022:19:52:59 -0500] "GET /galeria/nivo-slider/demo/images/banneraccionpopular.jpeg HTTP/1.1" 200 41707
181.61.208.180 - - [05/Dec/2022:19:52:59 -0500] "GET /galeria/nivo-slider/demo/images/bannerclases2021.jpg HTTP/1.1" 200 68230
181.61.208.180 - - [05/Dec/2022:19:52:59 -0500] "GET /galeria/nivo-slider/demo/images/bannercapacitacionesbogota.jpg HTTP/1.1" 200 42416
181.61.208.180 - - [05/Dec/2022:19:52:59 -0500] "GET /galeria/nivo-slider/demo/images/Bannerenvases.jpg HTTP/1.1" 200 37316
181.61.208.180 - - [05/Dec/2022:19:52:59 -0500] "GET /galeria/nivo-slider/demo/images/Bannervirtualescanales.jpg HTTP/1.1" 200 174544
181.61.208.180 - - [05/Dec/2022:19:52:59 -0500] "GET /galeria/nivo-slider/demo/images/4Simple_Slider.png HTTP/1.1" 200 11722
181.61.208.180 - - [05/Dec/2022:19:52:59 -0500] "GET /galeria/nivo-slider/themes/default/loading.gif HTTP/1.1" 200 1737
181.61.208.180 - - [05/Dec/2022:19:52:59 -0500] "GET /galeria/nivo-slider/themes/default/arrows.png HTTP/1.1" 200 824
181.61.208.180 - - [05/Dec/2022:19:52:59 -0500] "GET /galeria/nivo-slider/themes/default/bullets.png HTTP/1.1" 200 1281
172.22.2.4 - - [05/Dec/2022:19:51:42 -0500] "GET /BLA/boletinlegal/ HTTP/1.1" 200 58185
173.252.107.9 - - [05/Dec/2022:19:53:27 -0500] "GET /images/Acuerdos%2001%20(1)%20(1).jpeg HTTP/1.1" 200 32884
191.111.244.167 - - [05/Dec/2022:19:53:32 -0500] "GET /BLA/boletinlegal/jurisprudencia/sentencias/25000-23-41-000-2013-02202-01.zip HTTP/1.1" 200 2552921
172.22.2.4 - - [05/Dec/2022:19:55:31 -0500] "GET /BLA/boletinlegal/Circulares/2012/Circular%20No.%2011%20del%2027%20de%20Agosto%20de%202012.pdf HTTP/1.1" 304 -
201.245.192.253 - - [05/Dec/2022:19:57:02 -0500] "POST /kwsrmcab/Wsrmcab  HTTP/1.1" 200 43162
216.245.221.92 - - [05/Dec/2022:19:57:20 -0500] "HEAD / HTTP/1.1" 200 -
173.252.127.6 - - [05/Dec/2022:19:57:51 -0500] "GET /images/Entrenubes%201%20(1)%20(1).jpeg HTTP/1.1" 200 70096
172.22.2.4 - - [05/Dec/2022:19:56:36 -0500] "GET /BLA/boletinlegal/ HTTP/1.1" 200 44920
172.22.2.4 - - [05/Dec/2022:19:56:42 -0500] "HEAD /BLA/boletinlegal/ HTTP/1.1" 200 -
172.22.2.4 - - [05/Dec/2022:19:57:32 -0500] "GET /BLA/boletinlegal/ HTTP/1.1" 200 54100
168.119.76.245 - - [05/Dec/2022:19:59:12 -0500] "-" 408 -
186.29.181.235 - - [05/Dec/2022:19:59:44 -0500] "GET /appsia/controlador HTTP/1.1" 200 4799
186.29.181.235 - - [05/Dec/2022:19:59:44 -0500] "GET /appsia/css/estilos.css HTTP/1.1" 200 4804
186.29.181.235 - - [05/Dec/2022:19:59:44 -0500] "GET /appsia/scripts/validarIngreso.js HTTP/1.1" 200 851
186.29.181.235 - - [05/Dec/2022:19:59:44 -0500] "GET /appsia/images/cabezoteHojaVida.png HTTP/1.1" 200 32493
186.29.181.235 - - [05/Dec/2022:19:59:44 -0500] "GET /appsia/images/logo_bogota_p.png HTTP/1.1" 200 14951
186.29.181.235 - - [05/Dec/2022:19:59:44 -0500] "GET /favicon.ico HTTP/1.1" 200 7782
186.29.181.235 - - [05/Dec/2022:20:00:02 -0500] "POST /appsia/controlador HTTP/1.1" 200 5437
168.119.253.85 - - [05/Dec/2022:20:00:11 -0500] "GET / HTTP/1.1" 200 319
172.22.2.4 - - [05/Dec/2022:20:00:30 -0500] "GET /BLA/boletinlegal/actos.php HTTP/1.1" 200 9566
172.22.2.4 - - [05/Dec/2022:20:00:30 -0500] "GET /BLA/boletinlegal/niceforms.js HTTP/1.1" 200 22876
172.22.2.4 - - [05/Dec/2022:20:00:30 -0500] "GET /BLA/boletinlegal/js/ajax_actos.js HTTP/1.1" 200 1322
172.22.2.4 - - [05/Dec/2022:20:00:30 -0500] "GET /BLA/boletinlegal/niceforms-default.css HTTP/1.1" 200 6694
172.22.2.4 - - [05/Dec/2022:20:00:30 -0500] "GET /BLA/boletinlegal/js/lib.js HTTP/1.1" 200 6474
172.22.2.4 - - [05/Dec/2022:20:00:30 -0500] "GET /BLA/boletinlegal/js/jquery1.js HTTP/1.1" 200 29846
172.22.2.4 - - [05/Dec/2022:20:00:30 -0500] "GET /BLA/boletinlegal/js/popup.js HTTP/1.1" 200 1270
172.22.2.4 - - [05/Dec/2022:20:00:30 -0500] "GET /BLA/boletinlegal/images/green-yellow-blue-pink-th.png HTTP/1.1" 200 7394
172.22.2.4 - - [05/Dec/2022:20:00:30 -0500] "GET /BLA/boletinlegal/images/tel.png HTTP/1.1" 200 14477
172.22.2.4 - - [05/Dec/2022:20:00:30 -0500] "GET /BLA/boletinlegal/images/body_bg.jpg HTTP/1.1" 200 1601
172.22.2.4 - - [05/Dec/2022:20:00:30 -0500] "GET /BLA/boletinlegal/images/icono-email.png HTTP/1.1" 200 5544
172.22.2.4 - - [05/Dec/2022:20:00:30 -0500] "GET /BLA/boletinlegal/images/menu_lft.gif HTTP/1.1" 200 1713
172.22.2.4 - - [05/Dec/2022:20:00:30 -0500] "GET /BLA/boletinlegal/images/menu_rght.gif HTTP/1.1" 200 1627
172.22.2.4 - - [05/Dec/2022:20:00:30 -0500] "GET /BLA/boletinlegal/images/bg_top.jpg HTTP/1.1" 200 522
172.22.2.4 - - [05/Dec/2022:20:00:30 -0500] "GET /BLA/boletinlegal/images/menu_bg.jpg HTTP/1.1" 200 620
172.22.2.4 - - [05/Dec/2022:20:00:30 -0500] "GET /BLA/boletinlegal/images/hover.jpg HTTP/1.1" 200 640
172.22.2.4 - - [05/Dec/2022:20:00:30 -0500] "GET /BLA/boletinlegal/images/text.jpg HTTP/1.1" 200 568
172.22.2.4 - - [05/Dec/2022:20:00:30 -0500] "GET /BLA/boletinlegal/images/footer_bg_l.jpg HTTP/1.1" 200 776
172.22.2.4 - - [05/Dec/2022:20:00:30 -0500] "GET /BLA/boletinlegal/images/footer_bg.jpg HTTP/1.1" 200 586
172.22.2.4 - - [05/Dec/2022:20:00:30 -0500] "GET /BLA/boletinlegal/img/select-left.png HTTP/1.1" 200 263
172.22.2.4 - - [05/Dec/2022:20:00:30 -0500] "GET /BLA/boletinlegal/img/0.png HTTP/1.1" 200 110
172.22.2.4 - - [05/Dec/2022:20:00:30 -0500] "GET /BLA/boletinlegal/img/select-right.png HTTP/1.1" 200 44019
172.22.2.4 - - [05/Dec/2022:20:00:30 -0500] "GET /BLA/boletinlegal/img/button.png HTTP/1.1" 200 43241
172.22.2.4 - - [05/Dec/2022:20:00:30 -0500] "GET /BLA/boletinlegal/img/button-left.png HTTP/1.1" 200 57071
172.22.2.4 - - [05/Dec/2022:20:00:30 -0500] "GET /BLA/boletinlegal/img/button-right.png HTTP/1.1" 200 57878
172.22.2.4 - - [05/Dec/2022:20:00:52 -0500] "GET /BLA/boletinlegal/consulta_actos.php?tipo=resoluciones&no=0263&usuario=&sector=&fecha=2020&resuelve= HTTP/1.1" 200 1107
201.185.138.12 - - [05/Dec/2022:20:01:02 -0500] "GET /favicon.ico HTTP/1.1" 200 7782
207.46.13.194 - - [05/Dec/2022:20:01:05 -0500] "GET /BLA/resoluciones/index.php?dir=RESOLUCIONES+2022%2F HTTP/1.1" 200 242729
186.29.181.235 - - [05/Dec/2022:20:01:54 -0500] "POST /appsia/controlador HTTP/1.1" 200 7729
186.29.181.235 - - [05/Dec/2022:20:01:54 -0500] "GET /appsia/images/logo_escudo.png HTTP/1.1" 200 36965
54.92.201.194 - - [05/Dec/2022:20:01:59 -0500] "GET /cumpleanos-de-entrenubes-nueva-aula-ambiental-y-manzana-de-cuidado-en-san-cristobal.html HTTP/1.1" 200 882
34.227.207.152 - - [05/Dec/2022:20:02:15 -0500] "GET /feria-de-emprendimiento-mujeres-que-reverdecen-expusieron-sus-proyectos.html HTTP/1.1" 200 889
216.245.221.92 - - [05/Dec/2022:20:02:20 -0500] "HEAD / HTTP/1.1" 200 -
201.245.192.253 - - [05/Dec/2022:20:03:10 -0500] "POST /kwsrmcab/Wsrmcab  HTTP/1.1" 502 1155
213.239.217.85 - - [05/Dec/2022:20:03:22 -0500] "-" 408 -
172.22.2.4 - - [05/Dec/2022:20:03:38 -0500] "GET /BLA/boletinlegal/consulta_actos.php?tipo=resoluciones&no=1178&usuario=&sector=&fecha=2019&resuelve= HTTP/1.1" 200 626
186.29.181.235 - - [05/Dec/2022:20:03:57 -0500] "POST /appsia/controlador HTTP/1.1" 200 5437
186.29.181.235 - - [05/Dec/2022:20:04:03 -0500] "POST /appsia/controlador HTTP/1.1" 200 4799
201.245.192.253 - - [05/Dec/2022:20:04:09 -0500] "POST /kwsrmcab/Wsrmcab  HTTP/1.1" 200 43162
172.22.2.4 - - [05/Dec/2022:20:02:31 -0500] "HEAD /BLA/boletinlegal/ HTTP/1.1" 200 -
186.29.181.235 - - [05/Dec/2022:20:04:12 -0500] "GET /appsia/controlador HTTP/1.1" 200 4799
191.156.182.92 - - [05/Dec/2022:20:04:23 -0500] "-" 408 -
172.22.2.4 - - [05/Dec/2022:20:03:22 -0500] "GET /BLA/boletinlegal/ HTTP/1.1" 200 59035
201.245.192.253 - - [05/Dec/2022:20:05:10 -0500] "POST /kwsrmcab/Wsrmcab  HTTP/1.1" 200 43162
216.245.221.92 - - [05/Dec/2022:20:07:20 -0500] "HEAD / HTTP/1.1" 200 -
114.119.144.7 - - [05/Dec/2022:20:08:29 -0500] "GET /BLA/resoluciones/RESOLUCIONES%202014/2253.pdf HTTP/1.1" 200 822470
168.119.253.85 - - [05/Dec/2022:20:08:41 -0500] "GET / HTTP/1.1" 200 319
157.90.251.233 - - [05/Dec/2022:20:08:46 -0500] "GET / HTTP/1.1" 200 319
173.252.127.8 - - [05/Dec/2022:20:08:53 -0500] "GET /images/cr\xc3\xb3nica-29-nov-1_optimized.jpeg HTTP/1.1" 404 1034
114.119.138.173 - - [05/Dec/2022:20:09:41 -0500] "GET /BLA/resoluciones/RESOLUCIONES%202013/1089.pdf HTTP/1.1" 200 800440
64.62.197.218 - - [05/Dec/2022:20:09:58 -0500] "GET /favicon.ico HTTP/1.1" 200 7782
172.22.2.4 - - [05/Dec/2022:20:08:22 -0500] "HEAD /BLA/boletinlegal/ HTTP/1.1" 200 -
201.245.192.253 - - [05/Dec/2022:20:10:10 -0500] "POST /kwsrmcab/Wsrmcab  HTTP/1.1" 502 1155
172.22.2.4 - - [05/Dec/2022:20:09:12 -0500] "GET /BLA/boletinlegal/ HTTP/1.1" 200 59404
201.245.192.253 - - [05/Dec/2022:20:11:09 -0500] "POST /kwsrmcab/Wsrmcab  HTTP/1.1" 200 43162
114.119.142.156 - - [05/Dec/2022:20:11:42 -0500] "GET /BLA/resoluciones/RESOLUCIONES%202010/3028.pdf HTTP/1.1" 200 315955
201.245.192.253 - - [05/Dec/2022:20:12:11 -0500] "POST /kwsrmcab/Wsrmcab  HTTP/1.1" 200 43162
216.245.221.92 - - [05/Dec/2022:20:12:20 -0500] "HEAD / HTTP/1.1" 200 -
186.80.52.194 - - [05/Dec/2022:20:13:45 -0500] "GET /BLA/resoluciones/ HTTP/1.1" 200 13093
186.80.52.194 - - [05/Dec/2022:20:13:49 -0500] "GET /BLA/resoluciones/index.php?dir=AUTOS+2015%2F HTTP/1.1" 200 12235
186.80.52.194 - - [05/Dec/2022:20:13:49 -0500] "GET /BLA/resoluciones/index.php?dir=AUTOS+2015%2F HTTP/1.1" 200 577811
186.145.130.101 - - [05/Dec/2022:20:14:25 -0500] "GET / HTTP/1.1" 200 4720
186.145.130.101 - - [05/Dec/2022:20:14:26 -0500] "GET /js/url.js HTTP/1.1" 404 1294
186.145.130.101 - - [05/Dec/2022:20:14:26 -0500] "GET /fonts/icomoon/style.css HTTP/1.1" 200 79820
186.145.130.101 - - [05/Dec/2022:20:14:26 -0500] "GET /css/bootstrap.min.css HTTP/1.1" 200 178212
186.145.130.101 - - [05/Dec/2022:20:15:23 -0500] "POST /procesar.php HTTP/1.1" 200 1055
172.22.2.4 - - [05/Dec/2022:20:14:11 -0500] "HEAD /BLA/boletinlegal/ HTTP/1.1" 200 -
172.22.2.4 - - [05/Dec/2022:20:15:02 -0500] "GET /BLA/boletinlegal/ HTTP/1.1" 200 57192
201.245.192.253 - - [05/Dec/2022:20:17:09 -0500] "POST /kwsrmcab/Wsrmcab  HTTP/1.1" 200 43162
216.245.221.92 - - [05/Dec/2022:20:17:20 -0500] "HEAD / HTTP/1.1" 200 -
207.46.13.174 - - [05/Dec/2022:20:17:43 -0500] "GET /sipse/faces/javax.faces.resource/jquery/jquery.js;jsessionid=k20fw00xzawjp9wmcyoarhj3.undefined?ln=primefaces&amp;v=4.0 HTTP/1.1" 200 105384
40.77.167.13 - - [05/Dec/2022:20:18:33 -0500] "GET /BLA/resoluciones/RESOLUCIONES%202017/2318.pdf HTTP/1.1" 304 -
40.77.167.13 - - [05/Dec/2022:20:18:34 -0500] "GET /bla/resoluciones/resoluciones%202012/1573.pdf HTTP/1.1" 304 -
157.90.254.89 - - [05/Dec/2022:20:18:37 -0500] "GET / HTTP/1.1" 200 319
18.218.240.194 - - [05/Dec/2022:20:19:51 -0500] "GET /galeria/galeria/fotos/Huemdal-el-Tunjo4P.jpg HTTP/1.1" 200 18710
201.245.192.253 - - [05/Dec/2022:20:20:46 -0500] "POST /kwsrmcab/Wsrmcab HTTP/1.1" 200 43867
201.245.192.253 - - [05/Dec/2022:20:20:49 -0500] "POST /kwsrmcab/Wsrmcab HTTP/1.1" 200 43877
172.22.2.4 - - [05/Dec/2022:20:20:01 -0500] "HEAD /BLA/boletinlegal/ HTTP/1.1" 200 -
157.90.182.25 - - [05/Dec/2022:20:22:03 -0500] "-" 408 -
201.245.192.253 - - [05/Dec/2022:20:22:08 -0500] "POST /kwsrmcab/Wsrmcab  HTTP/1.1" 502 1155
216.245.221.92 - - [05/Dec/2022:20:22:20 -0500] "HEAD / HTTP/1.1" 200 -
172.22.2.4 - - [05/Dec/2022:20:20:52 -0500] "GET /BLA/boletinlegal/ HTTP/1.1" 200 59404
201.245.192.253 - - [05/Dec/2022:20:23:07 -0500] "POST /kwsrmcab/Wsrmcab  HTTP/1.1" 200 43162
201.245.192.253 - - [05/Dec/2022:20:24:08 -0500] "POST /kwsrmcab/Wsrmcab  HTTP/1.1" 200 43162
40.77.167.13 - - [05/Dec/2022:20:25:02 -0500] "GET /sia/ HTTP/1.1" 200 2661
207.46.13.198 - - [05/Dec/2022:20:25:17 -0500] "GET /css/date_blue.css HTTP/1.1" 404 1018
207.46.13.198 - - [05/Dec/2022:20:25:17 -0500] "GET /css/textos.css HTTP/1.1" 404 1018
207.46.13.174 - - [05/Dec/2022:20:25:24 -0500] "GET /css/fondos.css HTTP/1.1" 404 1018
114.119.142.100 - - [05/Dec/2022:20:25:50 -0500] "GET /BLA/resoluciones/RESOLUCIONES%202010/1627.pdf HTTP/1.1" 200 439959
40.77.167.14 - - [05/Dec/2022:20:26:10 -0500] "GET /css/bordes.css HTTP/1.1" 404 1018
216.245.221.92 - - [05/Dec/2022:20:27:20 -0500] "HEAD / HTTP/1.1" 200 -
172.22.2.4 - - [05/Dec/2022:20:25:51 -0500] "HEAD /BLA/boletinlegal/ HTTP/1.1" 200 -
168.119.253.61 - - [05/Dec/2022:20:27:41 -0500] "GET / HTTP/1.1" 200 319
168.119.252.242 - - [05/Dec/2022:20:27:45 -0500] "GET / HTTP/1.1" 200 319
172.22.2.4 - - [05/Dec/2022:20:26:42 -0500] "GET /BLA/boletinlegal/ HTTP/1.1" 200 57192
66.249.66.85 - - [05/Dec/2022:20:29:04 -0500] "HEAD /BLA/resoluciones/RESOLUCIONES%202021/5262.pdf HTTP/1.1" 200 -
66.249.66.86 - - [05/Dec/2022:20:29:05 -0500] "HEAD /BLA/resoluciones/RESOLUCIONES%202021/5262.pdf HTTP/1.1" 200 -
201.245.192.253 - - [05/Dec/2022:20:29:07 -0500] "POST /kwsrmcab/Wsrmcab  HTTP/1.1" 200 43162
201.245.192.253 - - [05/Dec/2022:20:30:47 -0500] "POST /kwsrmcab/Wsrmcab HTTP/1.1" 200 43867
201.245.192.253 - - [05/Dec/2022:20:30:50 -0500] "POST /kwsrmcab/Wsrmcab HTTP/1.1" 200 43877
216.245.221.92 - - [05/Dec/2022:20:32:20 -0500] "HEAD / HTTP/1.1" 200 -
172.22.2.4 - - [05/Dec/2022:20:31:41 -0500] "HEAD /BLA/boletinlegal/ HTTP/1.1" 200 -
186.30.116.45 - - [05/Dec/2022:20:33:58 -0500] "-" 408 -
201.245.192.253 - - [05/Dec/2022:20:34:06 -0500] "POST /kwsrmcab/Wsrmcab  HTTP/1.1" 200 43162
172.22.2.4 - - [05/Dec/2022:20:32:32 -0500] "GET /BLA/boletinlegal/ HTTP/1.1" 200 57192
199.16.157.181 - - [05/Dec/2022:20:36:00 -0500] "GET /dia-del-voluntariado-ambiental-secretaria-de-ambiente-reconoce-las-iniciativas-que-trabajan-por-el-cuidado-de-la-biodiversidad-en-bogota.html HTTP/1.1" 200 1026
199.16.157.180 - - [05/Dec/2022:20:36:01 -0500] "GET /images/Di%CC%81a%20Voluntariado%20(1)%20(1).jpeg HTTP/1.1" 404 1034
172.22.2.4 - - [05/Dec/2022:20:34:27 -0500] "GET /BLA/boletinlegal/ HTTP/1.1" 200 62423
66.249.69.155 - - [05/Dec/2022:20:36:37 -0500] "GET /portaldeninos/ HTTP/1.1" 200 110197
191.156.226.17 - - [05/Dec/2022:20:37:01 -0500] "GET /dia-del-voluntariado-ambiental-secretaria-de-ambiente-reconoce-las-iniciativas-que-trabajan-por-el-cuidado-de-la-biodiversidad-en-bogota.html HTTP/1.1" 206 1026
162.55.38.160 - - [05/Dec/2022:20:37:10 -0500] "GET / HTTP/1.1" 200 319
216.245.221.92 - - [05/Dec/2022:20:37:20 -0500] "HEAD / HTTP/1.1" 200 -
186.29.219.8 - - [05/Dec/2022:20:37:47 -0500] "GET /dia-del-voluntariado-ambiental-secretaria-de-ambiente-reconoce-las-iniciativas-que-trabajan-por-el-cuidado-de-la-biodiversidad-en-bogota.html HTTP/1.1" 200 1026
172.22.2.4 - - [05/Dec/2022:20:38:23 -0500] "GET /BLA/boletinlegal/actos.php HTTP/1.1" 200 9566
172.22.2.4 - - [05/Dec/2022:20:38:23 -0500] "GET /BLA/boletinlegal/Circulares/2019/.pdf HTTP/1.1" 404 1218
172.22.2.4 - - [05/Dec/2022:20:38:24 -0500] "GET /BLA/boletinlegal/styles2.css HTTP/1.1" 200 1838
172.22.2.4 - - [05/Dec/2022:20:38:24 -0500] "GET /BLA/boletinlegal/niceforms-default.css HTTP/1.1" 200 6694
172.22.2.4 - - [05/Dec/2022:20:38:24 -0500] "GET /BLA/boletinlegal/style.css HTTP/1.1" 200 9406
172.22.2.4 - - [05/Dec/2022:20:38:24 -0500] "GET /BLA/boletinlegal/js/ajax_actos.js HTTP/1.1" 200 1322
172.22.2.4 - - [05/Dec/2022:20:38:24 -0500] "GET /BLA/boletinlegal/niceforms.js HTTP/1.1" 200 22876
172.22.2.4 - - [05/Dec/2022:20:38:24 -0500] "GET /BLA/boletinlegal/js/lib.js HTTP/1.1" 200 6474
172.22.2.4 - - [05/Dec/2022:20:38:24 -0500] "GET /BLA/boletinlegal/js/popup.js HTTP/1.1" 200 1270
172.22.2.4 - - [05/Dec/2022:20:38:24 -0500] "GET /BLA/boletinlegal/js/jquery1.js HTTP/1.1" 200 29846
172.22.2.4 - - [05/Dec/2022:20:38:24 -0500] "GET /BLA/boletinlegal/images/cabezote%20BLEGAL.jpg HTTP/1.1" 200 118164
172.22.2.4 - - [05/Dec/2022:20:38:24 -0500] "GET /BLA/boletinlegal/images/subscribe-icon-big.png HTTP/1.1" 200 47702
172.22.2.4 - - [05/Dec/2022:20:38:24 -0500] "GET /BLA/boletinlegal/images/registro-usuarios.png HTTP/1.1" 200 8106
172.22.2.4 - - [05/Dec/2022:20:38:24 -0500] "GET /BLA/boletinlegal/images/green-yellow-blue-pink-th.png HTTP/1.1" 200 7394
172.22.2.4 - - [05/Dec/2022:20:38:24 -0500] "GET /BLA/boletinlegal/images/historia.png HTTP/1.1" 200 52775
172.22.2.4 - - [05/Dec/2022:20:38:24 -0500] "GET /BLA/boletinlegal/images/tel.png HTTP/1.1" 200 14477
172.22.2.4 - - [05/Dec/2022:20:38:24 -0500] "GET /BLA/boletinlegal/images/icono-email.png HTTP/1.1" 200 5544
172.22.2.4 - - [05/Dec/2022:20:38:25 -0500] "GET /BLA/boletinlegal/images/menu_lft.gif HTTP/1.1" 200 1713
172.22.2.4 - - [05/Dec/2022:20:38:25 -0500] "GET /BLA/boletinlegal/images/body_bg.jpg HTTP/1.1" 200 1601
172.22.2.4 - - [05/Dec/2022:20:38:25 -0500] "GET /BLA/boletinlegal/images/menu_rght.gif HTTP/1.1" 200 1627
172.22.2.4 - - [05/Dec/2022:20:38:25 -0500] "GET /BLA/boletinlegal/images/bg_top.jpg HTTP/1.1" 200 522
172.22.2.4 - - [05/Dec/2022:20:38:25 -0500] "GET /BLA/boletinlegal/images/menu_bg.jpg HTTP/1.1" 200 620
172.22.2.4 - - [05/Dec/2022:20:38:25 -0500] "GET /BLA/boletinlegal/images/hover.jpg HTTP/1.1" 200 640
172.22.2.4 - - [05/Dec/2022:20:38:25 -0500] "GET /BLA/boletinlegal/images/text.jpg HTTP/1.1" 200 568
172.22.2.4 - - [05/Dec/2022:20:38:25 -0500] "GET /BLA/boletinlegal/images/footer_bg.jpg HTTP/1.1" 200 586
172.22.2.4 - - [05/Dec/2022:20:38:25 -0500] "GET /BLA/boletinlegal/images/footer_bg_l.jpg HTTP/1.1" 200 776
172.22.2.4 - - [05/Dec/2022:20:38:28 -0500] "GET /BLA/boletinlegal/img/0.png HTTP/1.1" 200 110
172.22.2.4 - - [05/Dec/2022:20:38:28 -0500] "GET /BLA/boletinlegal/img/select-right.png HTTP/1.1" 200 44019
172.22.2.4 - - [05/Dec/2022:20:38:28 -0500] "GET /BLA/boletinlegal/img/button.png HTTP/1.1" 200 43241
172.22.2.4 - - [05/Dec/2022:20:38:28 -0500] "GET /BLA/boletinlegal/img/select-left.png HTTP/1.1" 200 263
172.22.2.4 - - [05/Dec/2022:20:38:28 -0500] "GET /BLA/boletinlegal/img/button-left.png HTTP/1.1" 200 57071
172.22.2.4 - - [05/Dec/2022:20:38:28 -0500] "GET /BLA/boletinlegal/favicon.ico HTTP/1.1" 404 1326
172.22.2.4 - - [05/Dec/2022:20:38:28 -0500] "GET /BLA/boletinlegal/img/button-right.png HTTP/1.1" 200 57878
172.22.2.4 - - [05/Dec/2022:20:38:28 -0500] "GET /BLA/boletinlegal/js/jquery.js HTTP/1.1" 200 57254
172.22.2.4 - - [05/Dec/2022:20:38:28 -0500] "GET /BLA/boletinlegal/js/jquery.scrollTo-min.js HTTP/1.1" 200 1150
172.22.2.4 - - [05/Dec/2022:20:38:28 -0500] "GET /BLA/boletinlegal/js/jquery.scrollShow.js HTTP/1.1" 200 4586
172.22.2.4 - - [05/Dec/2022:20:38:28 -0500] "GET /BLA/boletinlegal/images/arr_l.jpg HTTP/1.1" 200 1979
172.22.2.4 - - [05/Dec/2022:20:38:28 -0500] "GET /BLA/boletinlegal/images/launch.jpg HTTP/1.1" 200 14577
172.22.2.4 - - [05/Dec/2022:20:38:28 -0500] "GET /BLA/boletinlegal/images/screen_1.png HTTP/1.1" 200 202547
172.22.2.4 - - [05/Dec/2022:20:38:32 -0500] "GET /BLA/boletinlegal/images/screen_2.png HTTP/1.1" 200 362502
172.22.2.4 - - [05/Dec/2022:20:38:32 -0500] "GET /BLA/boletinlegal/images/screen_3.png HTTP/1.1" 200 210620
172.22.2.4 - - [05/Dec/2022:20:38:32 -0500] "GET /BLA/boletinlegal/images/screen_5.png HTTP/1.1" 200 368876
172.22.2.4 - - [05/Dec/2022:20:38:32 -0500] "GET /BLA/boletinlegal/images/arr_r.jpg HTTP/1.1" 200 1998
172.22.2.4 - - [05/Dec/2022:20:38:32 -0500] "GET /BLA/boletinlegal/Circulares/2012/Circular%20No.%2010%20del%2026%20de%20Enero%20de%202012.pdf HTTP/1.1" 404 1218
172.22.2.4 - - [05/Dec/2022:20:38:46 -0500] "GET /BLA/boletinlegal/images/pdf.gif HTTP/1.1" 200 567
201.245.192.253 - - [05/Dec/2022:20:39:06 -0500] "POST /kwsrmcab/Wsrmcab  HTTP/1.1" 200 43162
172.22.2.4 - - [05/Dec/2022:20:37:31 -0500] "HEAD /BLA/boletinlegal/ HTTP/1.1" 200 -
172.22.2.4 - - [05/Dec/2022:20:39:21 -0500] "GET /BLA/boletinlegal/consulta_actos.php?tipo=autos&no=4088&usuario=&sector=&fecha=2018&resuelve= HTTP/1.1" 200 1067
172.22.2.4 - - [05/Dec/2022:20:38:21 -0500] "GET /BLA/boletinlegal/ HTTP/1.1" 200 47659
172.22.2.4 - - [05/Dec/2022:20:38:22 -0500] "GET /BLA/boletinlegal/ HTTP/1.1" 200 47659
201.245.192.253 - - [05/Dec/2022:20:40:46 -0500] "POST /kwsrmcab/Wsrmcab HTTP/1.1" 200 43867
201.245.192.253 - - [05/Dec/2022:20:40:49 -0500] "POST /kwsrmcab/Wsrmcab HTTP/1.1" 200 43877
152.203.46.169 - - [05/Dec/2022:20:41:06 -0500] "GET /contenedores-de-ropa-de-usada-secretaria-de-ambiente-ha-logrado-recolectar-1-7-toneladas-de-prendas.html HTTP/1.1" 200 996
190.66.254.47 - - [05/Dec/2022:20:41:06 -0500] "GET /BLA/resoluciones/ HTTP/1.1" 200 13093
190.66.254.47 - - [05/Dec/2022:20:41:07 -0500] "GET /BLA/resoluciones/dlf/styles.css HTTP/1.1" 200 3049
190.66.254.47 - - [05/Dec/2022:20:41:07 -0500] "GET /BLA/resoluciones/dlf/folder.png HTTP/1.1" 200 410
190.66.254.47 - - [05/Dec/2022:20:41:07 -0500] "GET /BLA/resoluciones/dlf/bg.gif HTTP/1.1" 200 54
190.66.254.47 - - [05/Dec/2022:20:41:20 -0500] "GET /BLA/resoluciones/dlf/dirup.png HTTP/1.1" 200 644
190.66.254.47 - - [05/Dec/2022:20:41:20 -0500] "GET /BLA/resoluciones/index.php?dir=AUTOS+2018%2F HTTP/1.1" 200 442795
190.66.254.47 - - [05/Dec/2022:20:41:20 -0500] "GET /BLA/resoluciones/dlf/pdf.gif HTTP/1.1" 200 272
168.119.253.69 - - [05/Dec/2022:20:41:51 -0500] "GET / HTTP/1.1" 200 319
157.90.244.54 - - [05/Dec/2022:20:42:00 -0500] "GET / HTTP/1.1" 200 319
199.59.150.181 - - [05/Dec/2022:20:42:03 -0500] "GET /dia-del-voluntariado-ambiental-secretaria-de-ambiente-reconoce-las-iniciativas-que-trabajan-por-el-cuidado-de-la-biodiversidad-en-bogota.html HTTP/1.1" 200 1026
199.59.150.183 - - [05/Dec/2022:20:42:05 -0500] "GET /images/Di%CC%81a%20Voluntariado%20(1)%20(1).jpeg HTTP/1.1" 404 1034
51.210.126.244 - - [05/Dec/2022:20:42:07 -0500] "GET /dia-del-voluntariado-ambiental-secretaria-de-ambiente-reconoce-las-iniciativas-que-trabajan-por-el-cuidado-de-la-biodiversidad-en-bogota.html HTTP/1.1" 200 1026
199.59.150.181 - - [05/Dec/2022:20:42:13 -0500] "GET /images/Di%CC%81a%20Voluntariado%20(1)%20(1).jpeg HTTP/1.1" 404 1034
216.245.221.92 - - [05/Dec/2022:20:42:20 -0500] "HEAD / HTTP/1.1" 200 -
173.252.107.2 - - [05/Dec/2022:20:42:43 -0500] "GET /dia-del-voluntariado-ambiental-secretaria-de-ambiente-reconoce-las-iniciativas-que-trabajan-por-el-cuidado-de-la-biodiversidad-en-bogota.htm HTTP/1.1" 404 1034
168.119.76.238 - - [05/Dec/2022:20:42:48 -0500] "GET /robots.txt HTTP/1.1" 404 1034
173.252.107.20 - - [05/Dec/2022:20:42:54 -0500] "GET /dia-del-voluntariado-ambiental-secretaria-de-ambiente-reconoce-las-iniciativas-que-trabajan-por-el-cuidado-de-la-biodiversidad-en-bogota.htm HTTP/1.1" 404 1034
168.119.76.238 - - [05/Dec/2022:20:42:55 -0500] "GET /dia-del-voluntariado-ambiental-secretaria-de-ambiente-reconoce-las-iniciativas-que-trabajan-por-el-cuidado-de-la-biodiversidad-en-bogota.html HTTP/1.1" 200 1026
173.252.107.11 - - [05/Dec/2022:20:42:56 -0500] "GET /dia-del-voluntariado-ambiental-secretaria-de-ambiente-reconoce-las-iniciativas-que-trabajan-por-el-cuidado-de-la-biodiversidad-en-bogota.htm HTTP/1.1" 404 1034
173.252.107.21 - - [05/Dec/2022:20:42:56 -0500] "GET /dia-del-voluntariado-ambiental-secretaria-de-ambiente-reconoce-las-iniciativas-que-trabajan-por-el-cuidado-de-la-biodiversidad-en-bogota.htm HTTP/1.1" 404 1034
173.252.107.16 - - [05/Dec/2022:20:42:56 -0500] "GET /dia-del-voluntariado-ambiental-secretaria-de-ambiente-reconoce-las-iniciativas-que-trabajan-por-el-cuidado-de-la-biodiversidad-en-bogota.htm HTTP/1.1" 404 1034
162.55.232.163 - - [05/Dec/2022:20:42:57 -0500] "GET /dia-del-voluntariado-ambiental-secretaria-de-ambiente-reconoce-las-iniciativas-que-trabajan-por-el-cuidado-de-la-biodiversidad-en-bogota.html HTTP/1.1" 206 1026
173.252.107.17 - - [05/Dec/2022:20:42:58 -0500] "GET /dia-del-voluntariado-ambiental-secretaria-de-ambiente-reconoce-las-iniciativas-que-trabajan-por-el-cuidado-de-la-biodiversidad-en-bogota.htm HTTP/1.1" 404 1034
173.252.107.2 - - [05/Dec/2022:20:42:58 -0500] "GET /dia-del-voluntariado-ambiental-secretaria-de-ambiente-reconoce-las-iniciativas-que-trabajan-por-el-cuidado-de-la-biodiversidad-en-bogota.htm HTTP/1.1" 404 1034
201.245.192.253 - - [05/Dec/2022:20:44:04 -0500] "POST /kwsrmcab/Wsrmcab  HTTP/1.1" 200 43162
89.40.112.181 - - [05/Dec/2022:20:44:28 -0500] "GET /dia-del-voluntariado-ambiental-secretaria-de-ambiente-reconoce-las-iniciativas-que-trabajan-por-el-cuidado-de-la-biodiversidad-en-bogota.html HTTP/1.1" 200 1026
89.36.213.171 - - [05/Dec/2022:20:44:28 -0500] "GET /dia-del-voluntariado-ambiental-secretaria-de-ambiente-reconoce-las-iniciativas-que-trabajan-por-el-cuidado-de-la-biodiversidad-en-bogota.html HTTP/1.1" 200 1026
17.121.113.120 - - [05/Dec/2022:20:44:31 -0500] "GET /dia-del-voluntariado-ambiental-secretaria-de-ambiente-reconoce-las-iniciativas-que-trabajan-por-el-cuidado-de-la-biodiversidad-en-bogota.html HTTP/1.1" 200 1026
88.99.144.145 - - [05/Dec/2022:20:44:50 -0500] "HEAD /dia-del-voluntariado-ambiental-secretaria-de-ambiente-reconoce-las-iniciativas-que-trabajan-por-el-cuidado-de-la-biodiversidad-en-bogota.html HTTP/1.1" 200 -
211.249.46.193 - - [05/Dec/2022:20:45:00 -0500] "GET /dia-del-voluntariado-ambiental-secretaria-de-ambiente-reconoce-las-iniciativas-que-trabajan-por-el-cuidado-de-la-biodiversidad-en-bogota.html HTTP/1.1" 200 1026
172.22.2.4 - - [05/Dec/2022:20:43:21 -0500] "HEAD /BLA/boletinlegal/ HTTP/1.1" 200 -
190.24.106.8 - - [05/Dec/2022:20:45:02 -0500] "GET /dia-del-voluntariado-ambiental-secretaria-de-ambiente-reconoce-las-iniciativas-que-trabajan-por-el-cuidado-de-la-biodiversidad-en-bogota.htm?fbclid=IwAR3HA49e3kkTXsxqeQyIFSEPS01ib83MbyBSmiNhl-aw4S_X3qX49nXVvuw HTTP/1.1" 404 1164
190.24.106.8 - - [05/Dec/2022:20:45:09 -0500] "GET / HTTP/1.1" 200 4720
190.24.106.8 - - [05/Dec/2022:20:45:09 -0500] "GET /js/url.js HTTP/1.1" 404 1198
190.24.106.8 - - [05/Dec/2022:20:45:09 -0500] "GET /fonts/icomoon/style.css HTTP/1.1" 200 79820
190.24.106.8 - - [05/Dec/2022:20:45:09 -0500] "GET /css/bootstrap.min.css HTTP/1.1" 200 178212
190.24.106.8 - - [05/Dec/2022:20:45:09 -0500] "GET /css/style.css HTTP/1.1" 200 3473
114.119.141.42 - - [05/Dec/2022:20:45:24 -0500] "GET /BLA/resoluciones/RESOLUCIONES%202010/4559.pdf HTTP/1.1" 200 419956
172.22.2.4 - - [05/Dec/2022:20:44:12 -0500] "GET /BLA/boletinlegal/ HTTP/1.1" 200 59404
157.90.251.233 - - [05/Dec/2022:20:46:02 -0500] "GET / HTTP/1.1" 200 319
191.156.153.224 - - [05/Dec/2022:20:46:26 -0500] "GET /sipse/faces/index.xhtml HTTP/1.1" 200 677
191.156.153.224 - - [05/Dec/2022:20:46:26 -0500] "GET /sipse/faces/javax.faces.resource/theme.css?ln=primefaces-sipse HTTP/1.1" 304 -
191.156.153.224 - - [05/Dec/2022:20:46:29 -0500] "GET /sipse/faces/faces/autenticacion.xhtml HTTP/1.1" 200 12172
191.156.150.158 - - [05/Dec/2022:20:46:29 -0500] "GET /sipse/js/disable_browser_buttons.js HTTP/1.1" 304 -
191.156.150.158 - - [05/Dec/2022:20:46:29 -0500] "GET /sipse/faces/javax.faces.resource/layout/layout.css?ln=primefaces&v=4.0 HTTP/1.1" 200 -
191.156.150.177 - - [05/Dec/2022:20:46:29 -0500] "GET /sipse/faces/javax.faces.resource/primefaces.css?ln=primefaces&v=4.0 HTTP/1.1" 304 -
191.156.157.185 - - [05/Dec/2022:20:46:29 -0500] "GET /sipse/css/custom_css_sg.css HTTP/1.1" 304 -
191.156.153.224 - - [05/Dec/2022:20:46:29 -0500] "GET /sipse/js/funciones.js HTTP/1.1" 304 -
191.156.150.177 - - [05/Dec/2022:20:46:29 -0500] "GET /sipse/faces/javax.faces.resource/theme.css?ln=primefaces-sipse HTTP/1.1" 304 -
191.156.158.11 - - [05/Dec/2022:20:46:29 -0500] "GET /sipse/css/custom_css_sg_prime_login.css HTTP/1.1" 502 1378
191.156.158.11 - - [05/Dec/2022:20:46:29 -0500] "GET /sipse/faces/javax.faces.resource/layout/layout.js?ln=primefaces&v=4.0 HTTP/1.1" 304 -
191.156.153.224 - - [05/Dec/2022:20:46:29 -0500] "GET /sipse/faces/javax.faces.resource/layout/layout.css?ln=primefaces&v=4.0 HTTP/1.1" 304 -
191.156.150.177 - - [05/Dec/2022:20:46:29 -0500] "GET /sipse/faces/javax.faces.resource/jquery/jquery.js?ln=primefaces&v=4.0 HTTP/1.1" 304 -
191.156.150.177 - - [05/Dec/2022:20:46:29 -0500] "GET /sipse/faces/javax.faces.resource/jquery/jquery-plugins.js?ln=primefaces&v=4.0 HTTP/1.1" 304 -
191.156.157.185 - - [05/Dec/2022:20:46:29 -0500] "GET /sipse/faces/javax.faces.resource/primefaces.js?ln=primefaces&v=4.0 HTTP/1.1" 304 -
207.46.13.198 - - [05/Dec/2022:20:46:30 -0500] "GET /POT-2013/Cartografia/14_Sistema%20de%20Movilidad_Subsistema%20Vial_FEB.pdf HTTP/1.1" 304 -
191.156.153.224 - - [05/Dec/2022:20:46:30 -0500] "GET /sipse/css/imagen/logoSDG.png HTTP/1.1" 304 -
191.156.150.177 - - [05/Dec/2022:20:46:30 -0500] "GET /sipse/css/imagen/loginimg.png HTTP/1.1" 304 -
191.156.153.224 - - [05/Dec/2022:20:46:30 -0500] "GET /sipse/faces/javax.faces.resource/images/ui-icons_898989_256x240.png?ln=primefaces-aristo HTTP/1.1" 304 -
191.89.236.54 - - [05/Dec/2022:20:46:37 -0500] "GET /forest/ HTTP/1.1" 200 12041
191.156.153.224 - - [05/Dec/2022:20:46:40 -0500] "POST /sipse/faces/autenticacion.xhtml HTTP/1.1" 200 2220
191.156.153.224 - - [05/Dec/2022:20:46:40 -0500] "GET /sipse/faces/javax.faces.resource/messages/messages.png?ln=primefaces&v=4.0 HTTP/1.1" 304 -
191.156.153.224 - - [05/Dec/2022:20:46:42 -0500] "POST /sipse/faces/autenticacion.xhtml HTTP/1.1" 200 16374
191.156.153.224 - - [05/Dec/2022:20:46:43 -0500] "GET /sipse/css/custom_css_sg_prime.css HTTP/1.1" 304 -
191.156.150.177 - - [05/Dec/2022:20:46:43 -0500] "GET /sipse/faces/javax.faces.resource/primefaces.css?ln=primefaces&v=4.0 HTTP/1.1" 304 -
191.156.158.11 - - [05/Dec/2022:20:46:43 -0500] "GET /sipse/faces/javax.faces.resource/layout/layout.css?ln=primefaces&v=4.0 HTTP/1.1" 304 -
191.156.150.177 - - [05/Dec/2022:20:46:43 -0500] "GET /sipse/faces/javax.faces.resource/theme.css?ln=primefaces-sipse HTTP/1.1" 304 -
191.156.157.185 - - [05/Dec/2022:20:46:43 -0500] "GET /sipse/js/jquery.min.js HTTP/1.1" 304 -
191.156.157.185 - - [05/Dec/2022:20:46:43 -0500] "GET /sipse/faces/javax.faces.resource/jquery/jquery.js?ln=primefaces&v=4.0 HTTP/1.1" 304 -
191.156.157.185 - - [05/Dec/2022:20:46:43 -0500] "GET /sipse/faces/javax.faces.resource/jquery/jquery-plugins.js?ln=primefaces&v=4.0 HTTP/1.1" 304 -
47.246.164.155 - - [05/Dec/2022:20:46:43 -0500] "GET /galeria/galeria/fotos/Humedal-Vaca3P.jpg HTTP/1.1" 200 38460
191.156.157.185 - - [05/Dec/2022:20:46:44 -0500] "GET /sipse/faces/javax.faces.resource/primefaces.js?ln=primefaces&v=4.0 HTTP/1.1" 304 -
191.156.157.185 - - [05/Dec/2022:20:46:44 -0500] "GET /sipse/faces/javax.faces.resource/layout/layout.js?ln=primefaces&v=4.0 HTTP/1.1" 304 -
191.156.158.11 - - [05/Dec/2022:20:46:44 -0500] "GET /sipse/imagenes/logoAplicacion.jpg HTTP/1.1" 304 -
191.156.157.185 - - [05/Dec/2022:20:46:44 -0500] "GET /sipse/imagenes/cargando.gif HTTP/1.1" 304 -
191.156.157.185 - - [05/Dec/2022:20:46:44 -0500] "GET /sipse/css/imagen/contrasena.png HTTP/1.1" 404 383
191.89.236.54 - - [05/Dec/2022:20:46:45 -0500] "POST /forest/index.php HTTP/1.1" 200 12268
191.156.157.185 - - [05/Dec/2022:20:46:47 -0500] "GET /sipse/faces/javax.faces.resource/images/ui-bg_flat_0_2d5972_40x100.png?ln=primefaces-aristo HTTP/1.1" 304 -
191.156.158.11 - - [05/Dec/2022:20:46:47 -0500] "POST /sipse/faces/bienvenido.xhtml HTTP/1.1" 200 2073
191.156.158.11 - - [05/Dec/2022:20:46:49 -0500] "POST /sipse/faces/bienvenido.xhtml HTTP/1.1" 200 193
191.156.150.177 - - [05/Dec/2022:20:46:51 -0500] "GET /sipse/faces/javax.faces.resource/primefaces.css?ln=primefaces&v=4.0 HTTP/1.1" 304 -
191.156.150.177 - - [05/Dec/2022:20:46:51 -0500] "GET /sipse/faces/javax.faces.resource/layout/layout.css?ln=primefaces&v=4.0 HTTP/1.1" 304 -
191.156.157.185 - - [05/Dec/2022:20:46:51 -0500] "GET /sipse/faces/javax.faces.resource/theme.css?ln=primefaces-sipse HTTP/1.1" 304 -
191.156.150.158 - - [05/Dec/2022:20:46:51 -0500] "GET /sipse/faces/javax.faces.resource/jquery/jquery-plugins.js?ln=primefaces&v=4.0 HTTP/1.1" 304 -
191.156.153.224 - - [05/Dec/2022:20:46:51 -0500] "GET /sipse/faces/javax.faces.resource/jquery/jquery.js?ln=primefaces&v=4.0 HTTP/1.1" 304 -
191.156.150.177 - - [05/Dec/2022:20:46:51 -0500] "GET /sipse/faces/javax.faces.resource/layout/layout.js?ln=primefaces&v=4.0 HTTP/1.1" 304 -
191.156.150.177 - - [05/Dec/2022:20:46:51 -0500] "GET /sipse/faces/javax.faces.resource/primefaces.js?ln=primefaces&v=4.0 HTTP/1.1" 304 -
191.156.158.11 - - [05/Dec/2022:20:46:49 -0500] "GET /sipse/faces/presentacion/financiero/solicitudAnulacion/consultarSolicitudAnulacion.xhtml HTTP/1.1" 200 78081
191.156.158.11 - - [05/Dec/2022:20:46:52 -0500] "POST /sipse/faces/presentacion/financiero/solicitudAnulacion/consultarSolicitudAnulacion.xhtml HTTP/1.1" 200 10728
191.156.158.11 - - [05/Dec/2022:20:46:54 -0500] "POST /sipse/faces/presentacion/financiero/solicitudAnulacion/consultarSolicitudAnulacion.xhtml HTTP/1.1" 200 39099
191.156.158.11 - - [05/Dec/2022:20:46:55 -0500] "GET /sipse/faces/javax.faces.resource/theme.css?ln=primefaces-sipse HTTP/1.1" 304 -
191.156.150.177 - - [05/Dec/2022:20:46:55 -0500] "GET /sipse/faces/javax.faces.resource/layout/layout.css?ln=primefaces&v=4.0 HTTP/1.1" 304 -
191.156.150.177 - - [05/Dec/2022:20:46:55 -0500] "GET /sipse/faces/javax.faces.resource/primefaces.css?ln=primefaces&v=4.0 HTTP/1.1" 304 -
191.156.150.158 - - [05/Dec/2022:20:46:55 -0500] "GET /sipse/faces/javax.faces.resource/jquery/jquery.js?ln=primefaces&v=4.0 HTTP/1.1" 304 -
191.156.150.158 - - [05/Dec/2022:20:46:56 -0500] "GET /sipse/faces/javax.faces.resource/jquery/jquery-plugins.js?ln=primefaces&v=4.0 HTTP/1.1" 304 -
191.156.150.158 - - [05/Dec/2022:20:46:59 -0500] "GET /sipse/faces/javax.faces.resource/primefaces.js?ln=primefaces&v=4.0 HTTP/1.1" 304 -
191.156.150.158 - - [05/Dec/2022:20:46:59 -0500] "GET /sipse/faces/javax.faces.resource/layout/layout.js?ln=primefaces&v=4.0 HTTP/1.1" 304 -
114.119.140.186 - - [05/Dec/2022:20:47:17 -0500] "GET /BLA/resoluciones/AUTOS%202017/3418.pdf HTTP/1.1" 200 1780891
216.245.221.92 - - [05/Dec/2022:20:47:20 -0500] "HEAD / HTTP/1.1" 200 -
213.186.1.242 - - [05/Dec/2022:20:47:43 -0500] "GET /dia-del-voluntariado-ambiental-secretaria-de-ambiente-reconoce-las-iniciativas-que-trabajan-por-el-cuidado-de-la-biodiversidad-en-bogota.html HTTP/1.1" 200 1026
191.107.229.108 - - [05/Dec/2022:20:47:54 -0500] "GET /galeria/galeria/jquery.fancybox.css?v=2.1.5 HTTP/1.1" 200 4895
191.107.229.108 - - [05/Dec/2022:20:47:54 -0500] "GET /BLA/boletinlegal/js/jquery.scrollShow.js HTTP/1.1" 200 4586
191.107.229.108 - - [05/Dec/2022:20:47:54 -0500] "GET /galeria/galeria/jquery.fancybox.js?v=2.1.5 HTTP/1.1" 200 48706
191.107.229.108 - - [05/Dec/2022:20:47:55 -0500] "GET /galeria/carrusel/Carrusel/jquery.thumbnailScroller.css HTTP/1.1" 200 2066
191.107.229.108 - - [05/Dec/2022:20:47:55 -0500] "GET /galeria/carrusel/Carrusel/jquery-ui-1.8.13.custom.min.js HTTP/1.1" 200 10800
191.107.229.108 - - [05/Dec/2022:20:47:55 -0500] "GET /galeria/carrusel/Carrusel/jquery.thumbnailScroller.js HTTP/1.1" 200 8157
191.107.229.108 - - [05/Dec/2022:20:47:55 -0500] "GET /galeria/nivo-slider/demo/banner.html HTTP/1.1" 200 5446
191.107.229.108 - - [05/Dec/2022:20:47:56 -0500] "GET /galeria/nivo-slider/themes/default/default.css HTTP/1.1" 200 1569
191.107.229.108 - - [05/Dec/2022:20:47:56 -0500] "GET /galeria/nivo-slider/themes/pascal/pascal.css HTTP/1.1" 200 2258
191.107.229.108 - - [05/Dec/2022:20:47:56 -0500] "GET /galeria/nivo-slider/themes/orman/orman.css HTTP/1.1" 200 2152
191.107.229.108 - - [05/Dec/2022:20:47:56 -0500] "GET /galeria/nivo-slider/nivo-slider.css HTTP/1.1" 200 1507
191.107.229.108 - - [05/Dec/2022:20:47:56 -0500] "GET /galeria/nivo-slider/demo/style.css HTTP/1.1" 200 2222
191.107.229.108 - - [05/Dec/2022:20:47:56 -0500] "GET /galeria/nivo-slider/demo/images/bannertrafico_optimized.jpg HTTP/1.1" 200 42578
191.107.229.108 - - [05/Dec/2022:20:47:56 -0500] "GET /galeria/nivo-slider/demo/images/bannertortuga_optimized.jpg HTTP/1.1" 200 39066
191.107.229.108 - - [05/Dec/2022:20:47:56 -0500] "GET /galeria/nivo-slider/demo/images/Bannermujeresquereverdecen.jpg HTTP/1.1" 200 46558
191.107.229.108 - - [05/Dec/2022:20:47:56 -0500] "GET /galeria/nivo-slider/demo/images/Bannersedeelectronica.jpg HTTP/1.1" 200 40383
191.107.229.108 - - [05/Dec/2022:20:47:56 -0500] "GET /galeria/nivo-slider/demo/images/bannerrutaesperanza.jpg HTTP/1.1" 200 55560
191.107.229.108 - - [05/Dec/2022:20:47:56 -0500] "GET /galeria/nivo-slider/demo/images/banneraire2021.jpg HTTP/1.1" 200 265101
191.107.229.108 - - [05/Dec/2022:20:47:56 -0500] "GET /galeria/nivo-slider/demo/images/Bannerplasticosseptiembre.jpg HTTP/1.1" 200 45633
191.107.229.108 - - [05/Dec/2022:20:47:56 -0500] "GET /galeria/nivo-slider/demo/images/bannerresiduoshospitalariosagosto.jpg HTTP/1.1" 200 36499
191.107.229.108 - - [05/Dec/2022:20:47:56 -0500] "GET /galeria/nivo-slider/demo/images/banneraccionpopularcrr68.jpg HTTP/1.1" 200 51887
191.107.229.108 - - [05/Dec/2022:20:47:56 -0500] "GET /galeria/nivo-slider/demo/images/banneraccionpopular.jpeg HTTP/1.1" 200 41707
191.107.229.108 - - [05/Dec/2022:20:47:56 -0500] "GET /galeria/nivo-slider/demo/images/bannerclases2021.jpg HTTP/1.1" 200 68230
191.107.229.108 - - [05/Dec/2022:20:47:56 -0500] "GET /galeria/nivo-slider/demo/images/bannercapacitacionesbogota.jpg HTTP/1.1" 200 42416
191.107.229.108 - - [05/Dec/2022:20:47:56 -0500] "GET /galeria/nivo-slider/demo/images/Bannerenvases.jpg HTTP/1.1" 200 37316
191.107.229.108 - - [05/Dec/2022:20:47:56 -0500] "GET /galeria/nivo-slider/demo/images/Bannervirtualescanales.jpg HTTP/1.1" 200 174544
191.107.229.108 - - [05/Dec/2022:20:47:56 -0500] "GET /galeria/nivo-slider/demo/images/4Simple_Slider.png HTTP/1.1" 200 11722
191.107.229.108 - - [05/Dec/2022:20:47:56 -0500] "GET /galeria/nivo-slider/themes/default/loading.gif HTTP/1.1" 200 1737
191.107.229.108 - - [05/Dec/2022:20:47:56 -0500] "GET /galeria/nivo-slider/demo/scripts/jquery-1.7.1.min.js HTTP/1.1" 200 93868
191.107.229.108 - - [05/Dec/2022:20:47:56 -0500] "GET /galeria/nivo-slider/jquery.nivo.slider.pack.js HTTP/1.1" 200 11561
191.107.229.108 - - [05/Dec/2022:20:47:57 -0500] "GET /galeria/nivo-slider/themes/default/arrows.png HTTP/1.1" 200 824
191.107.229.108 - - [05/Dec/2022:20:47:57 -0500] "GET /galeria/nivo-slider/themes/default/bullets.png HTTP/1.1" 200 1281
191.156.150.158 - - [05/Dec/2022:20:48:07 -0500] "POST /sipse/faces/presentacion/financiero/solicitudProceso/consultar.xhtml HTTP/1.1" 200 12762
186.84.52.67 - - [05/Dec/2022:20:48:18 -0500] "GET /appsia/controlador HTTP/1.1" 200 4799
186.84.52.67 - - [05/Dec/2022:20:48:18 -0500] "GET /appsia/css/estilos.css HTTP/1.1" 200 4804
186.84.52.67 - - [05/Dec/2022:20:48:18 -0500] "GET /appsia/scripts/validarIngreso.js HTTP/1.1" 200 851
186.84.52.67 - - [05/Dec/2022:20:48:18 -0500] "GET /appsia/images/cabezoteHojaVida.png HTTP/1.1" 200 32493
186.84.52.67 - - [05/Dec/2022:20:48:18 -0500] "GET /appsia/images/logo_bogota_p.png HTTP/1.1" 200 14951
186.84.52.67 - - [05/Dec/2022:20:48:19 -0500] "GET /favicon.ico HTTP/1.1" 200 7782
200.29.113.37 - - [05/Dec/2022:20:48:55 -0500] "GET /appsia/controlador HTTP/1.1" 200 4799
200.29.113.37 - - [05/Dec/2022:20:48:57 -0500] "GET /appsia/scripts/validarIngreso.js HTTP/1.1" 200 851
200.29.113.37 - - [05/Dec/2022:20:48:57 -0500] "GET /appsia/images/cabezoteHojaVida.png HTTP/1.1" 200 32493
200.29.113.37 - - [05/Dec/2022:20:48:58 -0500] "GET /appsia/images/logo_bogota_p.png HTTP/1.1" 200 14951
186.84.52.67 - - [05/Dec/2022:20:48:52 -0500] "POST /appsia/controlador HTTP/1.1" 200 5437
200.29.113.37 - - [05/Dec/2022:20:49:00 -0500] "GET /appsia/css/estilos.css HTTP/1.1" 200 4804
201.245.192.253 - - [05/Dec/2022:20:49:03 -0500] "POST /kwsrmcab/Wsrmcab  HTTP/1.1" 200 43162
186.84.52.67 - - [05/Dec/2022:20:49:39 -0500] "POST /appsia/controlador HTTP/1.1" 200 7733
186.84.52.67 - - [05/Dec/2022:20:49:39 -0500] "GET /appsia/images/logo_escudo.png HTTP/1.1" 200 36965
186.84.52.67 - - [05/Dec/2022:20:50:06 -0500] "POST /appsia/controlador HTTP/1.1" 200 5437
186.84.52.67 - - [05/Dec/2022:20:50:13 -0500] "GET /appsia/controlador HTTP/1.1" 200 5437
172.22.2.4 - - [05/Dec/2022:20:49:11 -0500] "HEAD /BLA/boletinlegal/ HTTP/1.1" 200 -
172.22.2.4 - - [05/Dec/2022:20:50:02 -0500] "GET /BLA/boletinlegal/ HTTP/1.1" 200 59035
173.252.95.10 - - [05/Dec/2022:20:52:06 -0500] "GET /images/cr\xc3\xb3nica-29-nov-1_optimized.jpeg HTTP/1.1" 404 1034
216.245.221.92 - - [05/Dec/2022:20:52:20 -0500] "HEAD / HTTP/1.1" 200 -
217.182.175.162 - - [05/Dec/2022:20:52:55 -0500] "HEAD /dia-del-voluntariado-ambiental-secretaria-de-ambiente-reconoce-las-iniciativas-que-trabajan-por-el-cuidado-de-la-biodiversidad-en-bogota.html HTTP/1.1" 200 -
217.182.175.162 - - [05/Dec/2022:20:52:55 -0500] "HEAD /dia-del-voluntariado-ambiental-secretaria-de-ambiente-reconoce-las-iniciativas-que-trabajan-por-el-cuidado-de-la-biodiversidad-en-bogota.html HTTP/1.1" 200 -
186.84.20.251 - - [05/Dec/2022:20:53:14 -0500] "GET /BLA/resoluciones/ HTTP/1.1" 200 13093
186.84.20.251 - - [05/Dec/2022:20:53:14 -0500] "GET /BLA/resoluciones/dlf/styles.css HTTP/1.1" 200 3049
186.84.20.251 - - [05/Dec/2022:20:53:14 -0500] "GET /BLA/resoluciones/dlf/folder.png HTTP/1.1" 200 410
186.84.20.251 - - [05/Dec/2022:20:53:14 -0500] "GET /BLA/resoluciones/dlf/bg.gif HTTP/1.1" 200 54
186.84.20.251 - - [05/Dec/2022:20:53:14 -0500] "GET /favicon.ico HTTP/1.1" 200 7782
186.84.20.251 - - [05/Dec/2022:20:53:38 -0500] "GET /BLA/resoluciones/dlf/dirup.png HTTP/1.1" 200 644
186.84.20.251 - - [05/Dec/2022:20:53:38 -0500] "GET /BLA/resoluciones/dlf/pdf.gif HTTP/1.1" 200 272
186.84.20.251 - - [05/Dec/2022:20:53:38 -0500] "GET /BLA/resoluciones/index.php?dir=RESOLUCIONES+2021%2F HTTP/1.1" 200 434032
186.84.20.251 - - [05/Dec/2022:20:53:45 -0500] "GET /BLA/resoluciones/RESOLUCIONES%202021/1145.pdf HTTP/1.1" 200 605823
186.84.20.251 - - [05/Dec/2022:20:53:45 -0500] "GET /BLA/resoluciones/RESOLUCIONES%202021/1145.pdf HTTP/1.1" 206 1025
186.84.20.251 - - [05/Dec/2022:20:53:45 -0500] "GET /BLA/resoluciones/RESOLUCIONES%202021/1145.pdf HTTP/1.1" 200 605823
186.84.20.251 - - [05/Dec/2022:20:53:57 -0500] "GET /BLA/resoluciones/index.php?dir=RESOLUCIONES+2020%2F HTTP/1.1" 200 167014
186.84.20.251 - - [05/Dec/2022:20:54:01 -0500] "GET /BLA/resoluciones/RESOLUCIONES%202020/1145.pdf HTTP/1.1" 200 605823
186.84.20.251 - - [05/Dec/2022:20:54:02 -0500] "GET /BLA/resoluciones/RESOLUCIONES%202020/1145.pdf HTTP/1.1" 206 1025
186.84.20.251 - - [05/Dec/2022:20:54:02 -0500] "GET /BLA/resoluciones/RESOLUCIONES%202020/1145.pdf HTTP/1.1" 200 605823
173.252.83.2 - - [05/Dec/2022:20:54:02 -0500] "GET /caminos-de-los-cerros-espacios-naturales-seguros-para-cuidar-la-salud-fisica-y-mental-de-los-ciudadanos.html HTTP/1.1" 206 1139
186.84.20.251 - - [05/Dec/2022:20:54:03 -0500] "GET /BLA/resoluciones/RESOLUCIONES%202020/1145.pdf HTTP/1.1" 206 3072
157.55.39.39 - - [05/Dec/2022:20:54:04 -0500] "GET /BLA/boletinlegal/actos.php HTTP/1.1" 200 9566
201.245.192.253 - - [05/Dec/2022:20:54:02 -0500] "POST /kwsrmcab/Wsrmcab  HTTP/1.1" 200 43162
186.84.52.67 - - [05/Dec/2022:20:54:24 -0500] "GET /appsia/controlador HTTP/1.1" 200 5437
186.84.52.67 - - [05/Dec/2022:20:54:27 -0500] "POST /appsia/controlador HTTP/1.1" 200 7733
191.156.226.39 - - [05/Dec/2022:20:55:29 -0500] "GET /dia-del-voluntariado-ambiental-secretaria-de-ambiente-reconoce-las-iniciativas-que-trabajan-por-el-cuidado-de-la-biodiversidad-en-bogota.htm HTTP/1.1" 404 1266
191.156.226.39 - - [05/Dec/2022:20:55:30 -0500] "GET /favicon.ico HTTP/1.1" 404 1574
181.32.173.239 - - [05/Dec/2022:20:55:31 -0500] "GET /BLA/resoluciones/dlf/unknown.png HTTP/1.1" 200 266
181.32.173.239 - - [05/Dec/2022:20:55:30 -0500] "GET /BLA/resoluciones/index.php?dir=AUTOS+2021%2F HTTP/1.1" 200 396424
191.156.226.39 - - [05/Dec/2022:20:55:34 -0500] "GET / HTTP/1.1" 200 4720
191.156.226.39 - - [05/Dec/2022:20:55:34 -0500] "GET /js/url.js HTTP/1.1" 404 1294
191.156.226.39 - - [05/Dec/2022:20:55:34 -0500] "GET /css/style.css HTTP/1.1" 200 3473
191.156.226.39 - - [05/Dec/2022:20:55:34 -0500] "GET /fonts/icomoon/style.css HTTP/1.1" 200 79820
191.156.226.39 - - [05/Dec/2022:20:55:34 -0500] "GET /css/bootstrap.min.css HTTP/1.1" 200 178212
51.159.195.16 - - [05/Dec/2022:20:55:39 -0500] "GET /dia-del-voluntariado-ambiental-secretaria-de-ambiente-reconoce-las-iniciativas-que-trabajan-por-el-cuidado-de-la-biodiversidad-en-bogota.html HTTP/1.1" 200 1026
51.159.195.16 - - [05/Dec/2022:20:55:39 -0500] "GET /images/Di%CC%81a%20Voluntariado%20(1)%20(1).jpeg HTTP/1.1" 404 1034
191.156.226.39 - - [05/Dec/2022:20:55:40 -0500] "GET /dia-del-voluntariado-ambiental-secretaria-de-ambiente-reconoce-las-iniciativas-que-trabajan-por-el-cuidado-de-la-biodiversidad-en-bogota.htm HTTP/1.1" 404 1266
191.156.226.39 - - [05/Dec/2022:20:55:40 -0500] "GET /favicon.ico HTTP/1.1" 404 1574
31.13.127.3 - - [05/Dec/2022:20:55:54 -0500] "GET /dia-del-voluntariado-ambiental-secretaria-de-ambiente-reconoce-las-iniciativas-que-trabajan-por-el-cuidado-de-la-biodiversidad-en-bogota.html HTTP/1.1" 206 1026
31.13.127.120 - - [05/Dec/2022:20:55:54 -0500] "GET /dia-del-voluntariado-ambiental-secretaria-de-ambiente-reconoce-las-iniciativas-que-trabajan-por-el-cuidado-de-la-biodiversidad-en-bogota.html HTTP/1.1" 206 1026
31.13.127.16 - - [05/Dec/2022:20:55:56 -0500] "GET /images/Di%CC%81a%20Voluntariado%20(1)%20(1).jpeg HTTP/1.1" 404 1034
168.119.252.243 - - [05/Dec/2022:20:55:58 -0500] "GET / HTTP/1.1" 200 319
207.46.13.174 - - [05/Dec/2022:20:55:58 -0500] "GET /forest/ HTTP/1.1" 200 12041
157.55.39.105 - - [05/Dec/2022:20:56:33 -0500] "GET /consumo-de-energia-en-entidades-del-distrito-tiene-una-tendencia-a-la-baja-en-los-ultimos-anos.html HTTP/1.1" 200 875
172.22.2.4 - - [05/Dec/2022:20:55:01 -0500] "HEAD /BLA/boletinlegal/ HTTP/1.1" 200 -
172.22.2.4 - - [05/Dec/2022:20:57:07 -0500] "GET /BLA/boletinlegal/styles2.css HTTP/1.1" 200 1838
172.22.2.4 - - [05/Dec/2022:20:57:11 -0500] "GET /BLA/boletinlegal/js/jquery1.js HTTP/1.1" 200 29846
172.22.2.4 - - [05/Dec/2022:20:57:12 -0500] "GET /BLA/boletinlegal/js/popup.js HTTP/1.1" 200 1270
172.22.2.4 - - [05/Dec/2022:20:57:12 -0500] "GET /BLA/boletinlegal/swfobject.js HTTP/1.1" 200 9763
172.22.2.4 - - [05/Dec/2022:20:57:16 -0500] "GET /BLA/boletinlegal/js/lib.js HTTP/1.1" 200 6474
172.22.2.4 - - [05/Dec/2022:20:57:25 -0500] "GET /BLA/boletinlegal/js/ajax.js HTTP/1.1" 200 772
216.245.221.92 - - [05/Dec/2022:20:57:29 -0500] "HEAD / HTTP/1.1" 200 -
172.22.2.4 - - [05/Dec/2022:20:55:52 -0500] "GET /BLA/boletinlegal/ HTTP/1.1" 200 59404
185.220.102.241 - - [05/Dec/2022:20:57:42 -0500] "GET /BLA/resoluciones/AUTOS%202018/3623.pdf' HTTP/1.1" 404 1018
190.102.126.66 - - [05/Dec/2022:20:58:14 -0500] "GET /BLA/resoluciones/AUTOS%202014/3285.pdf HTTP/1.1" 200 423728
201.245.192.253 - - [05/Dec/2022:20:59:01 -0500] "POST /kwsrmcab/Wsrmcab  HTTP/1.1" 200 43162
190.27.128.131 - - [05/Dec/2022:20:59:33 -0500] "GET /BLA/resoluciones/ HTTP/1.1" 200 13093
190.27.128.131 - - [05/Dec/2022:20:59:34 -0500] "GET /favicon.ico HTTP/1.1" 200 7782
190.27.128.131 - - [05/Dec/2022:20:59:53 -0500] "GET /BLA/resoluciones/index.php?dir=RESOLUCIONES+2010%2F HTTP/1.1" 200 1307967
190.27.128.131 - - [05/Dec/2022:21:00:17 -0500] "GET /BLA/resoluciones/RESOLUCIONES%202010/6879.pdf HTTP/1.1" 200 154519
190.27.128.131 - - [05/Dec/2022:21:00:17 -0500] "GET /BLA/resoluciones/RESOLUCIONES%202010/6879.pdf HTTP/1.1" 206 1025
190.27.128.131 - - [05/Dec/2022:21:00:17 -0500] "GET /BLA/resoluciones/RESOLUCIONES%202010/6879.pdf HTTP/1.1" 200 154519
216.245.221.92 - - [05/Dec/2022:21:02:20 -0500] "HEAD / HTTP/1.1" 200 -
172.22.2.4 - - [05/Dec/2022:21:00:51 -0500] "HEAD /BLA/boletinlegal/ HTTP/1.1" 200 -
190.27.9.131 - - [05/Dec/2022:21:03:04 -0500] "GET /dia-del-voluntariado-ambiental-secretaria-de-ambiente-reconoce-las-iniciativas-que-trabajan-por-el-cuidado-de-la-biodiversidad-en-bogota.htm HTTP/1.1" 404 1262
157.55.39.42 - - [05/Dec/2022:21:03:03 -0500] "GET /portaldeninos/aula-ambiental-artistica-itinerante-auambari/ HTTP/1.1" 200 89306
190.27.9.131 - - [05/Dec/2022:21:03:05 -0500] "GET /favicon.ico HTTP/1.1" 404 1574
190.27.9.131 - - [05/Dec/2022:21:03:09 -0500] "GET /dia-del-voluntariado-ambiental-secretaria-de-ambiente-reconoce-las-iniciativas-que-trabajan-por-el-cuidado-de-la-biodiversidad-en-bogota.htm HTTP/1.1" 404 1262
190.27.9.131 - - [05/Dec/2022:21:03:10 -0500] "GET /favicon.ico HTTP/1.1" 404 1574
172.22.2.4 - - [05/Dec/2022:21:01:42 -0500] "GET /BLA/boletinlegal/ HTTP/1.1" 200 57192
190.27.9.131 - - [05/Dec/2022:21:03:34 -0500] "GET /dia-del-voluntariado-ambiental-secretaria-de-ambiente-reconoce-las-iniciativas-que-trabajan-por-el-cuidado-de-la-biodiversidad-en-bogota.htm HTTP/1.1" 404 1262
190.27.9.131 - - [05/Dec/2022:21:03:35 -0500] "GET /favicon.ico HTTP/1.1" 404 1574
201.245.192.253 - - [05/Dec/2022:21:04:00 -0500] "POST /kwsrmcab/Wsrmcab  HTTP/1.1" 200 43162
172.22.2.4 - - [05/Dec/2022:21:05:06 -0500] "GET /BLA/boletinlegal/jurisprudencia/analisis/CUADRO%20SENTENCIA%20T-299%20DE%202008.doc HTTP/1.1" 200 40960
162.55.165.184 - - [05/Dec/2022:21:05:36 -0500] "GET / HTTP/1.1" 200 319
181.63.233.193 - - [05/Dec/2022:21:06:20 -0500] "GET /dia-del-voluntariado-ambiental-secretaria-de-ambiente-reconoce-las-iniciativas-que-trabajan-por-el-cuidado-de-la-biodiversidad-en-bogota.htm?fbclid=IwAR0J4A8PvMpNCfuZ4eV-AJcLIQ9WDmbAGrY-qsZiZZRcH_11LSuDKM6UbbY HTTP/1.1" 404 1260
216.245.221.92 - - [05/Dec/2022:21:07:20 -0500] "HEAD / HTTP/1.1" 200 -
181.32.173.239 - - [05/Dec/2022:21:07:42 -0500] "GET /BLA/resoluciones/index.php?dir=AUTOS+2019%2F HTTP/1.1" 200 349992
172.22.2.4 - - [05/Dec/2022:21:06:41 -0500] "HEAD /BLA/boletinlegal/ HTTP/1.1" 200 -
186.80.52.43 - - [05/Dec/2022:21:08:53 -0500] "GET /dia-del-voluntariado-ambiental-secretaria-de-ambiente-reconoce-las-iniciativas-que-trabajan-por-el-cuidado-de-la-biodiversidad-en-bogota.htm HTTP/1.1" 404 1266
186.80.52.43 - - [05/Dec/2022:21:08:54 -0500] "GET /favicon.ico HTTP/1.1" 404 1574
191.156.147.182 - - [05/Dec/2022:21:09:06 -0500] "POST /sipse/faces/presentacion/financiero/solicitudProceso/consultar.xhtml HTTP/1.1" 200 135303
191.156.147.182 - - [05/Dec/2022:21:09:08 -0500] "GET /sipse/faces/javax.faces.resource/theme.css?ln=primefaces-sipse HTTP/1.1" 304 -
191.156.147.182 - - [05/Dec/2022:21:09:08 -0500] "GET /sipse/faces/javax.faces.resource/jquery/jquery.js?ln=primefaces&v=4.0 HTTP/1.1" 304 -
191.156.150.177 - - [05/Dec/2022:21:09:08 -0500] "GET /sipse/faces/javax.faces.resource/primefaces.css?ln=primefaces&v=4.0 HTTP/1.1" 304 -
