200.118.64.109 - - [05/Dec/2022:03:23:30 -0500] "POST /forms/lservlet;jsessionid=ac16012b30d667e5580204fa415eaba1ead1445c9117.e3iSbxaKaheRe34QaxmPaNuMbNb0n6jAmljGr5XDqQLvpAe HTTP/1.1" 200 14
200.118.64.109 - - [05/Dec/2022:03:23:32 -0500] "POST /forms/lservlet;jsessionid=ac16012b30d667e5580204fa415eaba1ead1445c9117.e3iSbxaKaheRe34QaxmPaNuMbNb0n6jAmljGr5XDqQLvpAe HTTP/1.1" 200 3095
200.118.64.109 - - [05/Dec/2022:03:23:32 -0500] "POST /forms/lservlet;jsessionid=ac16012b30d667e5580204fa415eaba1ead1445c9117.e3iSbxaKaheRe34QaxmPaNuMbNb0n6jAmljGr5XDqQLvpAe HTTP/1.1" 200 2
200.118.64.109 - - [05/Dec/2022:03:23:36 -0500] "POST /forms/lservlet;jsessionid=ac16012b30d667e5580204fa415eaba1ead1445c9117.e3iSbxaKaheRe34QaxmPaNuMbNb0n6jAmljGr5XDqQLvpAe HTTP/1.1" 200 2
200.118.64.109 - - [05/Dec/2022:03:23:37 -0500] "POST /forms/lservlet;jsessionid=ac16012b30d667e5580204fa415eaba1ead1445c9117.e3iSbxaKaheRe34QaxmPaNuMbNb0n6jAmljGr5XDqQLvpAe HTTP/1.1" 200 14
200.118.64.109 - - [05/Dec/2022:03:23:38 -0500] "POST /forms/lservlet;jsessionid=ac16012b30d667e5580204fa415eaba1ead1445c9117.e3iSbxaKaheRe34QaxmPaNuMbNb0n6jAmljGr5XDqQLvpAe HTTP/1.1" 200 2537
200.118.64.109 - - [05/Dec/2022:03:23:38 -0500] "POST /forms/lservlet;jsessionid=ac16012b30d667e5580204fa415eaba1ead1445c9117.e3iSbxaKaheRe34QaxmPaNuMbNb0n6jAmljGr5XDqQLvpAe HTTP/1.1" 200 2
200.118.64.109 - - [05/Dec/2022:03:23:39 -0500] "POST /forms/lservlet;jsessionid=ac16012b30d667e5580204fa415eaba1ead1445c9117.e3iSbxaKaheRe34QaxmPaNuMbNb0n6jAmljGr5XDqQLvpAe HTTP/1.1" 200 2
200.118.64.109 - - [05/Dec/2022:03:23:40 -0500] "POST /forms/lservlet;jsessionid=ac16012b30d667e5580204fa415eaba1ead1445c9117.e3iSbxaKaheRe34QaxmPaNuMbNb0n6jAmljGr5XDqQLvpAe HTTP/1.1" 200 14
200.118.64.109 - - [05/Dec/2022:03:23:41 -0500] "POST /forms/lservlet;jsessionid=ac16012b30d667e5580204fa415eaba1ead1445c9117.e3iSbxaKaheRe34QaxmPaNuMbNb0n6jAmljGr5XDqQLvpAe HTTP/1.1" 200 3281
200.118.64.109 - - [05/Dec/2022:03:23:41 -0500] "POST /forms/lservlet;jsessionid=ac16012b30d667e5580204fa415eaba1ead1445c9117.e3iSbxaKaheRe34QaxmPaNuMbNb0n6jAmljGr5XDqQLvpAe HTTP/1.1" 200 2
200.118.64.109 - - [05/Dec/2022:03:23:45 -0500] "POST /forms/lservlet;jsessionid=ac16012b30d667e5580204fa415eaba1ead1445c9117.e3iSbxaKaheRe34QaxmPaNuMbNb0n6jAmljGr5XDqQLvpAe HTTP/1.1" 200 2
200.118.64.109 - - [05/Dec/2022:03:23:46 -0500] "POST /forms/lservlet;jsessionid=ac16012b30d667e5580204fa415eaba1ead1445c9117.e3iSbxaKaheRe34QaxmPaNuMbNb0n6jAmljGr5XDqQLvpAe HTTP/1.1" 200 14
200.118.64.109 - - [05/Dec/2022:03:23:47 -0500] "POST /forms/lservlet;jsessionid=ac16012b30d667e5580204fa415eaba1ead1445c9117.e3iSbxaKaheRe34QaxmPaNuMbNb0n6jAmljGr5XDqQLvpAe HTTP/1.1" 200 2925
200.118.64.109 - - [05/Dec/2022:03:23:47 -0500] "POST /forms/lservlet;jsessionid=ac16012b30d667e5580204fa415eaba1ead1445c9117.e3iSbxaKaheRe34QaxmPaNuMbNb0n6jAmljGr5XDqQLvpAe HTTP/1.1" 200 2
157.55.39.39 - - [05/Dec/2022:03:23:50 -0500] "GET /BLA/resoluciones/RESOLUCIONES%202001/2001%201000-1049.TIF HTTP/1.1" 200 6575946
200.118.64.109 - - [05/Dec/2022:03:23:54 -0500] "POST /forms/lservlet;jsessionid=ac16012b30d667e5580204fa415eaba1ead1445c9117.e3iSbxaKaheRe34QaxmPaNuMbNb0n6jAmljGr5XDqQLvpAe HTTP/1.1" 200 2
200.118.64.109 - - [05/Dec/2022:03:23:55 -0500] "POST /forms/lservlet;jsessionid=ac16012b30d667e5580204fa415eaba1ead1445c9117.e3iSbxaKaheRe34QaxmPaNuMbNb0n6jAmljGr5XDqQLvpAe HTTP/1.1" 200 14
200.118.64.109 - - [05/Dec/2022:03:23:56 -0500] "POST /forms/lservlet;jsessionid=ac16012b30d667e5580204fa415eaba1ead1445c9117.e3iSbxaKaheRe34QaxmPaNuMbNb0n6jAmljGr5XDqQLvpAe HTTP/1.1" 200 2679
200.118.64.109 - - [05/Dec/2022:03:23:56 -0500] "POST /forms/lservlet;jsessionid=ac16012b30d667e5580204fa415eaba1ead1445c9117.e3iSbxaKaheRe34QaxmPaNuMbNb0n6jAmljGr5XDqQLvpAe HTTP/1.1" 200 2
200.118.64.109 - - [05/Dec/2022:03:23:58 -0500] "POST /forms/lservlet;jsessionid=ac16012b30d667e5580204fa415eaba1ead1445c9117.e3iSbxaKaheRe34QaxmPaNuMbNb0n6jAmljGr5XDqQLvpAe HTTP/1.1" 200 2
200.118.64.109 - - [05/Dec/2022:03:23:58 -0500] "POST /forms/lservlet;jsessionid=ac16012b30d667e5580204fa415eaba1ead1445c9117.e3iSbxaKaheRe34QaxmPaNuMbNb0n6jAmljGr5XDqQLvpAe HTTP/1.1" 200 14
200.118.64.109 - - [05/Dec/2022:03:24:00 -0500] "POST /forms/lservlet;jsessionid=ac16012b30d667e5580204fa415eaba1ead1445c9117.e3iSbxaKaheRe34QaxmPaNuMbNb0n6jAmljGr5XDqQLvpAe HTTP/1.1" 200 2684
200.118.64.109 - - [05/Dec/2022:03:24:00 -0500] "POST /forms/lservlet;jsessionid=ac16012b30d667e5580204fa415eaba1ead1445c9117.e3iSbxaKaheRe34QaxmPaNuMbNb0n6jAmljGr5XDqQLvpAe HTTP/1.1" 200 2
200.118.64.109 - - [05/Dec/2022:03:24:02 -0500] "POST /forms/lservlet;jsessionid=ac16012b30d667e5580204fa415eaba1ead1445c9117.e3iSbxaKaheRe34QaxmPaNuMbNb0n6jAmljGr5XDqQLvpAe HTTP/1.1" 200 2
200.118.64.109 - - [05/Dec/2022:03:24:03 -0500] "POST /forms/lservlet;jsessionid=ac16012b30d667e5580204fa415eaba1ead1445c9117.e3iSbxaKaheRe34QaxmPaNuMbNb0n6jAmljGr5XDqQLvpAe HTTP/1.1" 200 2216
200.118.64.109 - - [05/Dec/2022:03:24:03 -0500] "POST /forms/lservlet;jsessionid=ac16012b30d667e5580204fa415eaba1ead1445c9117.e3iSbxaKaheRe34QaxmPaNuMbNb0n6jAmljGr5XDqQLvpAe HTTP/1.1" 200 10
200.118.64.109 - - [05/Dec/2022:03:24:48 -0500] "POST /forms/lservlet;jsessionid=ac16012b30d667e5580204fa415eaba1ead1445c9117.e3iSbxaKaheRe34QaxmPaNuMbNb0n6jAmljGr5XDqQLvpAe HTTP/1.1" 200 2
64.124.8.42 - - [05/Dec/2022:03:25:45 -0500] "GET /portaldeninos/parque-ecologico-distrital-humedal-santa-maria-del-lago/ HTTP/1.1" 200 90199
172.105.77.209 - - [05/Dec/2022:03:26:00 -0500] "\xba\xabd\xa1EZC\xdbM\x87\xee^\xfd\xbf\x159 X\xd4>\x12\x98\xc4<\xe0\x13\xcf" 400 226
216.245.221.92 - - [05/Dec/2022:03:26:33 -0500] "HEAD / HTTP/1.1" 200 -
172.22.2.4 - - [05/Dec/2022:03:24:56 -0500] "HEAD /BLA/boletinlegal/ HTTP/1.1" 200 -
200.118.64.109 - - [05/Dec/2022:03:26:51 -0500] "POST /forms/lservlet;jsessionid=ac16012b30d667e5580204fa415eaba1ead1445c9117.e3iSbxaKaheRe34QaxmPaNuMbNb0n6jAmljGr5XDqQLvpAe HTTP/1.1" 200 2
64.124.8.42 - - [05/Dec/2022:03:27:04 -0500] "GET /robots.txt HTTP/1.1" 404 1035
172.22.2.4 - - [05/Dec/2022:03:25:46 -0500] "GET /BLA/boletinlegal/ HTTP/1.1" 200 57192
201.245.192.253 - - [05/Dec/2022:03:27:46 -0500] "POST /kwsrmcab/Wsrmcab  HTTP/1.1" 200 43597
200.118.64.109 - - [05/Dec/2022:03:28:52 -0500] "POST /forms/lservlet;jsessionid=ac16012b30d667e5580204fa415eaba1ead1445c9117.e3iSbxaKaheRe34QaxmPaNuMbNb0n6jAmljGr5XDqQLvpAe HTTP/1.1" 200 2
200.118.64.109 - - [05/Dec/2022:03:30:52 -0500] "POST /forms/lservlet;jsessionid=ac16012b30d667e5580204fa415eaba1ead1445c9117.e3iSbxaKaheRe34QaxmPaNuMbNb0n6jAmljGr5XDqQLvpAe HTTP/1.1" 200 2
201.245.192.253 - - [05/Dec/2022:03:30:50 -0500] "POST /kwsrmcab/Wsrmcab HTTP/1.1" 200 43182
201.245.192.253 - - [05/Dec/2022:03:30:53 -0500] "POST /kwsrmcab/Wsrmcab HTTP/1.1" 200 41676
216.245.221.92 - - [05/Dec/2022:03:31:33 -0500] "HEAD / HTTP/1.1" 200 -
172.22.2.4 - - [05/Dec/2022:03:30:46 -0500] "HEAD /BLA/boletinlegal/ HTTP/1.1" 200 -
66.249.66.86 - - [05/Dec/2022:03:32:33 -0500] "GET /BLA/resoluciones/AUTOS%202016/0059.pdf HTTP/1.1" 200 596725
66.249.66.86 - - [05/Dec/2022:03:32:35 -0500] "GET /BLA/resoluciones/AUTOS%202017/2754.pdf HTTP/1.1" 200 274322
66.249.66.87 - - [05/Dec/2022:03:32:36 -0500] "GET /BLA/resoluciones/RESOLUCIONES%202008/0706.pdf HTTP/1.1" 200 285307
66.249.66.87 - - [05/Dec/2022:03:32:37 -0500] "GET /BLA/resoluciones/RESOLUCIONES%202010/6954.pdf HTTP/1.1" 200 381204
66.249.66.86 - - [05/Dec/2022:03:32:38 -0500] "GET /BLA/resoluciones/RESOLUCIONES%202018/1316.pdf HTTP/1.1" 200 559488
66.249.66.86 - - [05/Dec/2022:03:32:39 -0500] "GET /BLA/resoluciones/RESOLUCIONES%202010/3936.pdf HTTP/1.1" 200 447087
66.249.66.86 - - [05/Dec/2022:03:32:40 -0500] "GET /BLA/resoluciones/AUTOS%202017/2773.pdf HTTP/1.1" 200 352123
66.249.66.85 - - [05/Dec/2022:03:32:42 -0500] "GET /BLA/resoluciones/AUTOS%202014/2679.pdf HTTP/1.1" 200 628526
66.249.66.86 - - [05/Dec/2022:03:32:43 -0500] "GET /Publicaciones/2022EE286023.pdf HTTP/1.1" 404 228
201.245.192.253 - - [05/Dec/2022:03:32:44 -0500] "POST /kwsrmcab/Wsrmcab  HTTP/1.1" 200 43597
200.118.64.109 - - [05/Dec/2022:03:32:52 -0500] "POST /forms/lservlet;jsessionid=ac16012b30d667e5580204fa415eaba1ead1445c9117.e3iSbxaKaheRe34QaxmPaNuMbNb0n6jAmljGr5XDqQLvpAe HTTP/1.1" 200 2
172.22.2.4 - - [05/Dec/2022:03:31:36 -0500] "GET /BLA/boletinlegal/ HTTP/1.1" 200 57192
200.118.64.109 - - [05/Dec/2022:03:34:52 -0500] "POST /forms/lservlet;jsessionid=ac16012b30d667e5580204fa415eaba1ead1445c9117.e3iSbxaKaheRe34QaxmPaNuMbNb0n6jAmljGr5XDqQLvpAe HTTP/1.1" 200 2
185.119.81.99 - - [05/Dec/2022:03:35:29 -0500] "GET /portaldeninos/wp-login.php HTTP/1.1" 200 2592
185.119.81.99 - - [05/Dec/2022:03:35:31 -0500] "POST /portaldeninos/wp-login.php HTTP/1.1" 200 3650
185.119.81.99 - - [05/Dec/2022:03:36:22 -0500] "GET /portaldeninos/wp-login.php HTTP/1.1" 200 2592
185.119.81.99 - - [05/Dec/2022:03:36:23 -0500] "POST /portaldeninos/wp-login.php HTTP/1.1" 200 3605
216.245.221.92 - - [05/Dec/2022:03:36:45 -0500] "HEAD / HTTP/1.1" 200 -
200.118.64.109 - - [05/Dec/2022:03:36:52 -0500] "POST /forms/lservlet;jsessionid=ac16012b30d667e5580204fa415eaba1ead1445c9117.e3iSbxaKaheRe34QaxmPaNuMbNb0n6jAmljGr5XDqQLvpAe HTTP/1.1" 200 2
201.245.192.253 - - [05/Dec/2022:03:37:44 -0500] "POST /kwsrmcab/Wsrmcab  HTTP/1.1" 200 43597
172.22.2.4 - - [05/Dec/2022:03:36:36 -0500] "HEAD /BLA/boletinlegal/ HTTP/1.1" 200 -
200.118.64.109 - - [05/Dec/2022:03:38:53 -0500] "POST /forms/lservlet;jsessionid=ac16012b30d667e5580204fa415eaba1ead1445c9117.e3iSbxaKaheRe34QaxmPaNuMbNb0n6jAmljGr5XDqQLvpAe HTTP/1.1" 200 2
172.22.2.4 - - [05/Dec/2022:03:37:26 -0500] "GET /BLA/boletinlegal/ HTTP/1.1" 200 56825
201.245.192.253 - - [05/Dec/2022:03:40:49 -0500] "POST /kwsrmcab/Wsrmcab HTTP/1.1" 200 43182
200.118.64.109 - - [05/Dec/2022:03:40:53 -0500] "POST /forms/lservlet;jsessionid=ac16012b30d667e5580204fa415eaba1ead1445c9117.e3iSbxaKaheRe34QaxmPaNuMbNb0n6jAmljGr5XDqQLvpAe HTTP/1.1" 200 2
201.245.192.253 - - [05/Dec/2022:03:40:52 -0500] "POST /kwsrmcab/Wsrmcab HTTP/1.1" 200 41676
216.245.221.92 - - [05/Dec/2022:03:41:33 -0500] "HEAD / HTTP/1.1" 200 -
201.245.192.253 - - [05/Dec/2022:03:42:42 -0500] "POST /kwsrmcab/Wsrmcab  HTTP/1.1" 200 43597
200.118.64.109 - - [05/Dec/2022:03:42:53 -0500] "POST /forms/lservlet;jsessionid=ac16012b30d667e5580204fa415eaba1ead1445c9117.e3iSbxaKaheRe34QaxmPaNuMbNb0n6jAmljGr5XDqQLvpAe HTTP/1.1" 200 2
50.236.177.202 - - [05/Dec/2022:03:43:11 -0500] "GET /galeria/galeria/fotos/diaSC3Peq.jpg HTTP/1.1" 200 24913
172.22.2.4 - - [05/Dec/2022:03:42:26 -0500] "HEAD /BLA/boletinlegal/ HTTP/1.1" 200 -
200.118.64.109 - - [05/Dec/2022:03:44:53 -0500] "POST /forms/lservlet;jsessionid=ac16012b30d667e5580204fa415eaba1ead1445c9117.e3iSbxaKaheRe34QaxmPaNuMbNb0n6jAmljGr5XDqQLvpAe HTTP/1.1" 200 2
172.22.2.4 - - [05/Dec/2022:03:43:16 -0500] "GET /BLA/boletinlegal/ HTTP/1.1" 200 52453
157.55.39.39 - - [05/Dec/2022:03:44:57 -0500] "GET /BLA/resoluciones/index.php?dir=AUTOS+2019%2F HTTP/1.1" 200 349992
18.204.166.15 - - [05/Dec/2022:03:45:42 -0500] "GET /galeria/galeria/fotos/diaSC4Peq.jpg HTTP/1.1" 200 21008
216.245.221.92 - - [05/Dec/2022:03:46:33 -0500] "HEAD / HTTP/1.1" 200 -
200.118.64.109 - - [05/Dec/2022:03:46:53 -0500] "POST /forms/lservlet;jsessionid=ac16012b30d667e5580204fa415eaba1ead1445c9117.e3iSbxaKaheRe34QaxmPaNuMbNb0n6jAmljGr5XDqQLvpAe HTTP/1.1" 200 2
201.245.192.253 - - [05/Dec/2022:03:47:41 -0500] "POST /kwsrmcab/Wsrmcab  HTTP/1.1" 200 43597
200.118.64.109 - - [05/Dec/2022:03:48:54 -0500] "POST /forms/lservlet;jsessionid=ac16012b30d667e5580204fa415eaba1ead1445c9117.e3iSbxaKaheRe34QaxmPaNuMbNb0n6jAmljGr5XDqQLvpAe HTTP/1.1" 200 2
172.22.2.4 - - [05/Dec/2022:03:48:16 -0500] "HEAD /BLA/boletinlegal/ HTTP/1.1" 200 -
172.22.2.4 - - [05/Dec/2022:03:49:06 -0500] "GET /BLA/boletinlegal/ HTTP/1.1" 200 52453
200.118.64.109 - - [05/Dec/2022:03:50:54 -0500] "POST /forms/lservlet;jsessionid=ac16012b30d667e5580204fa415eaba1ead1445c9117.e3iSbxaKaheRe34QaxmPaNuMbNb0n6jAmljGr5XDqQLvpAe HTTP/1.1" 200 2
216.245.221.92 - - [05/Dec/2022:03:51:33 -0500] "HEAD / HTTP/1.1" 200 -
77.88.5.29 - - [05/Dec/2022:03:52:10 -0500] "-" 408 -
93.158.161.51 - - [05/Dec/2022:03:52:15 -0500] "-" 408 -
77.88.5.135 - - [05/Dec/2022:03:52:25 -0500] "-" 408 -
77.88.5.41 - - [05/Dec/2022:03:52:31 -0500] "-" 408 -
201.245.192.253 - - [05/Dec/2022:03:52:40 -0500] "POST /kwsrmcab/Wsrmcab  HTTP/1.1" 200 43597
77.88.5.40 - - [05/Dec/2022:03:52:46 -0500] "-" 408 -
77.88.5.244 - - [05/Dec/2022:03:53:01 -0500] "-" 408 -
200.118.64.109 - - [05/Dec/2022:03:53:03 -0500] "POST /forms/lservlet;jsessionid=ac16012b30d667e5580204fa415eaba1ead1445c9117.e3iSbxaKaheRe34QaxmPaNuMbNb0n6jAmljGr5XDqQLvpAe HTTP/1.1" 200 2
93.158.161.54 - - [05/Dec/2022:03:53:34 -0500] "-" 408 -
77.88.5.236 - - [05/Dec/2022:03:54:34 -0500] "-" 408 -
200.118.64.109 - - [05/Dec/2022:03:55:03 -0500] "POST /forms/lservlet;jsessionid=ac16012b30d667e5580204fa415eaba1ead1445c9117.e3iSbxaKaheRe34QaxmPaNuMbNb0n6jAmljGr5XDqQLvpAe HTTP/1.1" 200 2
172.22.2.4 - - [05/Dec/2022:03:54:06 -0500] "HEAD /BLA/boletinlegal/ HTTP/1.1" 200 -
172.22.2.4 - - [05/Dec/2022:03:54:56 -0500] "GET /BLA/boletinlegal/ HTTP/1.1" 200 56825
216.245.221.92 - - [05/Dec/2022:03:56:42 -0500] "HEAD / HTTP/1.1" 200 -
200.118.64.109 - - [05/Dec/2022:03:57:03 -0500] "POST /forms/lservlet;jsessionid=ac16012b30d667e5580204fa415eaba1ead1445c9117.e3iSbxaKaheRe34QaxmPaNuMbNb0n6jAmljGr5XDqQLvpAe HTTP/1.1" 200 2
201.245.192.253 - - [05/Dec/2022:03:57:39 -0500] "POST /kwsrmcab/Wsrmcab  HTTP/1.1" 502 1155
201.245.192.253 - - [05/Dec/2022:03:58:38 -0500] "POST /kwsrmcab/Wsrmcab  HTTP/1.1" 200 43597
200.118.64.109 - - [05/Dec/2022:03:59:04 -0500] "POST /forms/lservlet;jsessionid=ac16012b30d667e5580204fa415eaba1ead1445c9117.e3iSbxaKaheRe34QaxmPaNuMbNb0n6jAmljGr5XDqQLvpAe HTTP/1.1" 200 2
201.245.192.253 - - [05/Dec/2022:03:59:38 -0500] "POST /kwsrmcab/Wsrmcab  HTTP/1.1" 200 43597
157.55.39.39 - - [05/Dec/2022:03:59:38 -0500] "GET /BLA/resoluciones/index.php?dir=AUTOS+2018%2F HTTP/1.1" 200 442469
200.118.64.109 - - [05/Dec/2022:04:01:13 -0500] "POST /forms/lservlet;jsessionid=ac16012b30d667e5580204fa415eaba1ead1445c9117.e3iSbxaKaheRe34QaxmPaNuMbNb0n6jAmljGr5XDqQLvpAe HTTP/1.1" 200 2
216.245.221.92 - - [05/Dec/2022:04:01:33 -0500] "HEAD / HTTP/1.1" 200 -
172.22.2.4 - - [05/Dec/2022:03:59:56 -0500] "HEAD /BLA/boletinlegal/ HTTP/1.1" 200 -
172.22.2.4 - - [05/Dec/2022:04:00:46 -0500] "GET /BLA/boletinlegal/ HTTP/1.1" 200 53337
66.249.66.86 - - [05/Dec/2022:04:02:37 -0500] "GET /BLA/resoluciones/RESOLUCIONES%202016/1387.pdf HTTP/1.1" 200 776901
66.249.66.86 - - [05/Dec/2022:04:02:39 -0500] "GET /BLA/resoluciones/RESOLUCIONES%202007/RES%202007%202401%20AL%202500/RESOLUCION%202405%20DE%202007.pdf HTTP/1.1" 200 944120
66.249.66.85 - - [05/Dec/2022:04:02:42 -0500] "GET /BLA/resoluciones/AUTOS%202016/1789.pdf HTTP/1.1" 200 420861
66.249.66.86 - - [05/Dec/2022:04:02:44 -0500] "GET /BLA/resoluciones/RESOLUCIONES%202009/6700.pdf HTTP/1.1" 200 56698
66.249.66.86 - - [05/Dec/2022:04:02:48 -0500] "GET /BLA/resoluciones/AUTOS%202015/4793.pdf HTTP/1.1" 200 644264
66.249.66.85 - - [05/Dec/2022:04:02:53 -0500] "GET /BLA/resoluciones/Notificaciones/RESOLUCIONES%202022/03327.pdf HTTP/1.1" 200 461035
66.249.66.87 - - [05/Dec/2022:04:02:58 -0500] "GET /BLA/resoluciones/RESOLUCIONES%202007/RES%202007%202101%20AL%202200/RESOLUCION%202196%20DE%202007.pdf HTTP/1.1" 200 839769
66.249.66.85 - - [05/Dec/2022:04:03:03 -0500] "GET /Publicaciones/2020EE238128.pdf HTTP/1.1" 404 228
66.249.66.85 - - [05/Dec/2022:04:03:07 -0500] "GET /BLA/resoluciones/AUTOS%202018/5651.pdf HTTP/1.1" 200 320167
66.249.66.85 - - [05/Dec/2022:04:03:12 -0500] "GET /BLA/resoluciones/AUTOS%202014/6422.pdf HTTP/1.1" 200 845755
200.118.64.109 - - [05/Dec/2022:04:03:13 -0500] "POST /forms/lservlet;jsessionid=ac16012b30d667e5580204fa415eaba1ead1445c9117.e3iSbxaKaheRe34QaxmPaNuMbNb0n6jAmljGr5XDqQLvpAe HTTP/1.1" 200 2
66.249.66.85 - - [05/Dec/2022:04:03:16 -0500] "GET /Publicaciones/2022EE287565.pdf HTTP/1.1" 404 228
207.46.13.174 - - [05/Dec/2022:04:04:33 -0500] "GET /BLA/resoluciones/index.php?dir=RESOLUCIONES+2019%2F HTTP/1.1" 200 249154
201.245.192.253 - - [05/Dec/2022:04:04:37 -0500] "POST /kwsrmcab/Wsrmcab  HTTP/1.1" 200 43597
200.118.64.109 - - [05/Dec/2022:04:05:13 -0500] "POST /forms/lservlet;jsessionid=ac16012b30d667e5580204fa415eaba1ead1445c9117.e3iSbxaKaheRe34QaxmPaNuMbNb0n6jAmljGr5XDqQLvpAe HTTP/1.1" 200 2
216.245.221.92 - - [05/Dec/2022:04:06:33 -0500] "HEAD / HTTP/1.1" 200 -
200.118.64.109 - - [05/Dec/2022:04:07:14 -0500] "POST /forms/lservlet;jsessionid=ac16012b30d667e5580204fa415eaba1ead1445c9117.e3iSbxaKaheRe34QaxmPaNuMbNb0n6jAmljGr5XDqQLvpAe HTTP/1.1" 200 2
172.22.2.4 - - [05/Dec/2022:04:05:46 -0500] "HEAD /BLA/boletinlegal/ HTTP/1.1" 200 -
172.22.2.4 - - [05/Dec/2022:04:06:36 -0500] "GET /BLA/boletinlegal/ HTTP/1.1" 200 57192
200.118.64.109 - - [05/Dec/2022:04:09:14 -0500] "POST /forms/lservlet;jsessionid=ac16012b30d667e5580204fa415eaba1ead1445c9117.e3iSbxaKaheRe34QaxmPaNuMbNb0n6jAmljGr5XDqQLvpAe HTTP/1.1" 200 2
201.245.192.253 - - [05/Dec/2022:04:09:37 -0500] "POST /kwsrmcab/Wsrmcab  HTTP/1.1" 502 1155
201.245.192.253 - - [05/Dec/2022:04:10:36 -0500] "POST /kwsrmcab/Wsrmcab  HTTP/1.1" 200 43597
200.118.64.109 - - [05/Dec/2022:04:11:14 -0500] "POST /forms/lservlet;jsessionid=ac16012b30d667e5580204fa415eaba1ead1445c9117.e3iSbxaKaheRe34QaxmPaNuMbNb0n6jAmljGr5XDqQLvpAe HTTP/1.1" 200 2
216.245.221.92 - - [05/Dec/2022:04:11:33 -0500] "HEAD / HTTP/1.1" 200 -
201.245.192.253 - - [05/Dec/2022:04:11:38 -0500] "POST /kwsrmcab/Wsrmcab  HTTP/1.1" 200 43597
172.22.2.4 - - [05/Dec/2022:04:13:07 -0500] "GET /BLA/boletinlegal/actuator/health HTTP/1.1" 404 1018
200.118.64.109 - - [05/Dec/2022:04:13:15 -0500] "POST /forms/lservlet;jsessionid=ac16012b30d667e5580204fa415eaba1ead1445c9117.e3iSbxaKaheRe34QaxmPaNuMbNb0n6jAmljGr5XDqQLvpAe HTTP/1.1" 200 2
172.22.2.4 - - [05/Dec/2022:04:11:36 -0500] "HEAD /BLA/boletinlegal/ HTTP/1.1" 200 -
64.124.8.35 - - [05/Dec/2022:04:13:35 -0500] "GET /Residuos/metalmecanica/metalmecanica.html HTTP/1.1" 304 -
172.22.2.4 - - [05/Dec/2022:04:12:26 -0500] "GET /BLA/boletinlegal/ HTTP/1.1" 200 55272
64.124.8.35 - - [05/Dec/2022:04:14:55 -0500] "GET /robots.txt HTTP/1.1" 404 1018
200.118.64.109 - - [05/Dec/2022:04:15:24 -0500] "POST /forms/lservlet;jsessionid=ac16012b30d667e5580204fa415eaba1ead1445c9117.e3iSbxaKaheRe34QaxmPaNuMbNb0n6jAmljGr5XDqQLvpAe HTTP/1.1" 200 2
172.22.2.4 - - [05/Dec/2022:04:13:44 -0500] "GET /BLA/boletinlegal/ HTTP/1.1" 200 59779
216.245.221.92 - - [05/Dec/2022:04:16:42 -0500] "HEAD / HTTP/1.1" 200 -
201.245.192.253 - - [05/Dec/2022:04:16:46 -0500] "POST /kwsrmcab/Wsrmcab  HTTP/1.1" 200 14501
200.118.64.109 - - [05/Dec/2022:04:17:33 -0500] "POST /forms/lservlet;jsessionid=ac16012b30d667e5580204fa415eaba1ead1445c9117.e3iSbxaKaheRe34QaxmPaNuMbNb0n6jAmljGr5XDqQLvpAe HTTP/1.1" 200 2
201.245.192.253 - - [05/Dec/2022:04:17:46 -0500] "POST /kwsrmcab/Wsrmcab  HTTP/1.1" 200 43597
84.21.172.128 - - [05/Dec/2022:04:18:13 -0500] "POST /boaform/admin/formLogin HTTP/1.1" 404 1186
201.245.192.253 - - [05/Dec/2022:04:18:46 -0500] "POST /kwsrmcab/Wsrmcab  HTTP/1.1" 200 43597
172.22.2.4 - - [05/Dec/2022:04:17:26 -0500] "HEAD /BLA/boletinlegal/ HTTP/1.1" 200 -
200.118.64.109 - - [05/Dec/2022:04:19:42 -0500] "POST /forms/lservlet;jsessionid=ac16012b30d667e5580204fa415eaba1ead1445c9117.e3iSbxaKaheRe34QaxmPaNuMbNb0n6jAmljGr5XDqQLvpAe HTTP/1.1" 200 2
172.22.2.4 - - [05/Dec/2022:04:18:16 -0500] "GET /BLA/boletinlegal/ HTTP/1.1" 200 52079
201.245.192.253 - - [05/Dec/2022:04:20:50 -0500] "POST /kwsrmcab/Wsrmcab HTTP/1.1" 200 43182
201.245.192.253 - - [05/Dec/2022:04:20:53 -0500] "POST /kwsrmcab/Wsrmcab HTTP/1.1" 200 41693
216.245.221.92 - - [05/Dec/2022:04:21:33 -0500] "HEAD / HTTP/1.1" 200 -
207.46.13.174 - - [05/Dec/2022:04:21:36 -0500] "GET /BLA/resoluciones/00002136.tif HTTP/1.1" 404 1018
200.118.64.109 - - [05/Dec/2022:04:21:42 -0500] "POST /forms/lservlet;jsessionid=ac16012b30d667e5580204fa415eaba1ead1445c9117.e3iSbxaKaheRe34QaxmPaNuMbNb0n6jAmljGr5XDqQLvpAe HTTP/1.1" 200 2
207.46.13.174 - - [05/Dec/2022:04:22:16 -0500] "GET /BLA/boletinlegal/Circulares/2013/Circular%20No.%208%20del%201%20de%20Noviembre%20de%202013.pdf HTTP/1.1" 304 -
64.124.8.57 - - [05/Dec/2022:04:22:28 -0500] "-" 408 -
200.118.64.109 - - [05/Dec/2022:04:23:43 -0500] "POST /forms/lservlet;jsessionid=ac16012b30d667e5580204fa415eaba1ead1445c9117.e3iSbxaKaheRe34QaxmPaNuMbNb0n6jAmljGr5XDqQLvpAe HTTP/1.1" 200 2
201.245.192.253 - - [05/Dec/2022:04:23:45 -0500] "POST /kwsrmcab/Wsrmcab  HTTP/1.1" 200 43597
172.22.2.4 - - [05/Dec/2022:04:23:16 -0500] "HEAD /BLA/boletinlegal/ HTTP/1.1" 200 -
200.118.64.109 - - [05/Dec/2022:04:25:43 -0500] "POST /forms/lservlet;jsessionid=ac16012b30d667e5580204fa415eaba1ead1445c9117.e3iSbxaKaheRe34QaxmPaNuMbNb0n6jAmljGr5XDqQLvpAe HTTP/1.1" 200 2
172.22.2.4 - - [05/Dec/2022:04:24:06 -0500] "GET /BLA/boletinlegal/ HTTP/1.1" 200 52079
114.119.144.85 - - [05/Dec/2022:04:26:17 -0500] "GET /BLA/resoluciones/RESOLUCIONES%202017/2387.pdf HTTP/1.1" 200 11483042
216.245.221.92 - - [05/Dec/2022:04:26:33 -0500] "HEAD / HTTP/1.1" 200 -
64.124.8.24 - - [05/Dec/2022:04:27:06 -0500] "GET /portaldeninos/agua-y-estructura-ecologica-principal/ HTTP/1.1" 200 87488
64.124.8.24 - - [05/Dec/2022:04:27:42 -0500] "GET /robots.txt HTTP/1.1" 404 1035
200.118.64.109 - - [05/Dec/2022:04:27:43 -0500] "POST /forms/lservlet;jsessionid=ac16012b30d667e5580204fa415eaba1ead1445c9117.e3iSbxaKaheRe34QaxmPaNuMbNb0n6jAmljGr5XDqQLvpAe HTTP/1.1" 200 2
201.245.192.253 - - [05/Dec/2022:04:28:44 -0500] "POST /kwsrmcab/Wsrmcab  HTTP/1.1" 502 1155
200.118.64.109 - - [05/Dec/2022:04:29:43 -0500] "POST /forms/lservlet;jsessionid=ac16012b30d667e5580204fa415eaba1ead1445c9117.e3iSbxaKaheRe34QaxmPaNuMbNb0n6jAmljGr5XDqQLvpAe HTTP/1.1" 200 2
201.245.192.253 - - [05/Dec/2022:04:29:43 -0500] "POST /kwsrmcab/Wsrmcab  HTTP/1.1" 200 43597
172.22.2.4 - - [05/Dec/2022:04:29:06 -0500] "HEAD /BLA/boletinlegal/ HTTP/1.1" 200 -
201.245.192.253 - - [05/Dec/2022:04:30:44 -0500] "POST /kwsrmcab/Wsrmcab  HTTP/1.1" 200 43597
201.245.192.253 - - [05/Dec/2022:04:30:50 -0500] "POST /kwsrmcab/Wsrmcab HTTP/1.1" 200 43182
201.245.192.253 - - [05/Dec/2022:04:30:53 -0500] "POST /kwsrmcab/Wsrmcab HTTP/1.1" 200 41693
114.119.145.125 - - [05/Dec/2022:04:31:03 -0500] "GET /BLA/resoluciones/RESOLUCIONES%202010/3152.pdf HTTP/1.1" 200 349470
216.245.221.92 - - [05/Dec/2022:04:31:33 -0500] "HEAD / HTTP/1.1" 200 -
172.22.2.4 - - [05/Dec/2022:04:29:56 -0500] "GET /BLA/boletinlegal/ HTTP/1.1" 200 57192
114.119.136.44 - - [05/Dec/2022:04:31:43 -0500] "GET /BLA/resoluciones/Notificaciones/AUTOS%202014/5561.doc HTTP/1.1" 200 164864
200.118.64.109 - - [05/Dec/2022:04:31:43 -0500] "POST /forms/lservlet;jsessionid=ac16012b30d667e5580204fa415eaba1ead1445c9117.e3iSbxaKaheRe34QaxmPaNuMbNb0n6jAmljGr5XDqQLvpAe HTTP/1.1" 200 2
66.249.66.85 - - [05/Dec/2022:04:32:33 -0500] "GET /BLA/resoluciones/RESOLUCIONES%202007/RES%202007%203201%20AL%203300/RESOLUCION%203283%20DE%202007.pdf HTTP/1.1" 200 378959
66.249.66.87 - - [05/Dec/2022:04:32:34 -0500] "GET /BLA/resoluciones/AUTOS%202014/2136.pdf HTTP/1.1" 200 433866
66.249.66.87 - - [05/Dec/2022:04:32:35 -0500] "GET /BLA/resoluciones/AUTOS%202012/1308.pdf HTTP/1.1" 200 2162529
66.249.66.87 - - [05/Dec/2022:04:32:36 -0500] "GET /BLA/resoluciones/RESOLUCIONES%202008/1302.pdf HTTP/1.1" 200 1201199
66.249.66.86 - - [05/Dec/2022:04:32:37 -0500] "GET /BLA/resoluciones/AUTOS%202014/2739.pdf HTTP/1.1" 200 184335
66.249.66.85 - - [05/Dec/2022:04:32:38 -0500] "GET /BLA/boletinlegal/Circulares/2019/Circular%20No.%20006%20del%2008%20de%20Febrero%20de%202019.pdf HTTP/1.1" 200 674401
66.249.66.86 - - [05/Dec/2022:04:32:39 -0500] "GET /BLA/resoluciones/RESOLUCIONES%202010/7440.pdf HTTP/1.1" 200 442812
66.249.66.86 - - [05/Dec/2022:04:32:40 -0500] "GET /BLA/resoluciones/AUTOS%202008/0717.pdf HTTP/1.1" 200 157218
66.249.66.85 - - [05/Dec/2022:04:32:41 -0500] "GET /BLA/resoluciones/RESOLUCIONES%202009/0847.pdf HTTP/1.1" 200 292377
66.249.66.86 - - [05/Dec/2022:04:32:42 -0500] "GET /BLA/resoluciones/RESOLUCIONES%202010/4324.pdf HTTP/1.1" 200 51734
66.249.66.87 - - [05/Dec/2022:04:32:43 -0500] "GET /BLA/resoluciones/AUTOS%202013/3366.pdf HTTP/1.1" 200 464642
207.46.13.174 - - [05/Dec/2022:04:33:08 -0500] "GET /sipse/css/custom_css_sg_prime_login.css HTTP/1.1" 200 443
207.46.13.174 - - [05/Dec/2022:04:33:09 -0500] "GET /sipse/faces/javax.faces.resource/jquery/jquery-plugins.js;jsessionid=Wl1iI0cvGutSyCY3Vo6KsgZC.undefined?ln=primefaces&v=4.0 HTTP/1.1" 200 220526
114.119.139.84 - - [05/Dec/2022:04:33:10 -0500] "GET /BLA/resoluciones/AUTOS%202013/0715.pdf HTTP/1.1" 200 2882239
207.46.13.198 - - [05/Dec/2022:04:33:13 -0500] "GET /sipse/css/custom_css_sg.css HTTP/1.1" 200 9694
207.46.13.198 - - [05/Dec/2022:04:33:13 -0500] "GET /sipse/faces/javax.faces.resource/jquery/jquery.js;jsessionid=Wl1iI0cvGutSyCY3Vo6KsgZC.undefined?ln=primefaces&v=4.0 HTTP/1.1" 200 105384
207.46.13.194 - - [05/Dec/2022:04:33:19 -0500] "GET /sipse/faces/javax.faces.resource/theme.css?ln=primefaces-sipse HTTP/1.1" 200 50058
207.46.13.194 - - [05/Dec/2022:04:33:19 -0500] "GET /sipse/js/disable_browser_buttons.js HTTP/1.1" 200 3230
200.118.64.109 - - [05/Dec/2022:04:33:44 -0500] "POST /forms/lservlet;jsessionid=ac16012b30d667e5580204fa415eaba1ead1445c9117.e3iSbxaKaheRe34QaxmPaNuMbNb0n6jAmljGr5XDqQLvpAe HTTP/1.1" 200 2
157.55.39.39 - - [05/Dec/2022:04:34:11 -0500] "GET /sipse/js/funciones.js HTTP/1.1" 200 12592
157.55.39.39 - - [05/Dec/2022:04:34:12 -0500] "GET /BLA/resoluciones/index.php?dir=AUTOS+2019%2F HTTP/1.1" 200 349992
201.245.192.253 - - [05/Dec/2022:04:35:43 -0500] "POST /kwsrmcab/Wsrmcab  HTTP/1.1" 200 43597
200.118.64.109 - - [05/Dec/2022:04:35:44 -0500] "POST /forms/lservlet;jsessionid=ac16012b30d667e5580204fa415eaba1ead1445c9117.e3iSbxaKaheRe34QaxmPaNuMbNb0n6jAmljGr5XDqQLvpAe HTTP/1.1" 200 2
216.245.221.92 - - [05/Dec/2022:04:36:33 -0500] "HEAD / HTTP/1.1" 200 -
172.22.2.4 - - [05/Dec/2022:04:34:56 -0500] "HEAD /BLA/boletinlegal/ HTTP/1.1" 200 -
172.22.2.4 - - [05/Dec/2022:04:35:46 -0500] "GET /BLA/boletinlegal/ HTTP/1.1" 200 57192
200.118.64.109 - - [05/Dec/2022:04:38:02 -0500] "POST /forms/lservlet;jsessionid=ac16012b30d667e5580204fa415eaba1ead1445c9117.e3iSbxaKaheRe34QaxmPaNuMbNb0n6jAmljGr5XDqQLvpAe HTTP/1.1" 200 2
200.118.64.109 - - [05/Dec/2022:04:40:02 -0500] "POST /forms/lservlet;jsessionid=ac16012b30d667e5580204fa415eaba1ead1445c9117.e3iSbxaKaheRe34QaxmPaNuMbNb0n6jAmljGr5XDqQLvpAe HTTP/1.1" 200 2
201.245.192.253 - - [05/Dec/2022:04:40:43 -0500] "POST /kwsrmcab/Wsrmcab  HTTP/1.1" 200 43597
201.245.192.253 - - [05/Dec/2022:04:40:49 -0500] "POST /kwsrmcab/Wsrmcab HTTP/1.1" 200 43182
201.245.192.253 - - [05/Dec/2022:04:40:52 -0500] "POST /kwsrmcab/Wsrmcab HTTP/1.1" 200 41693
114.119.132.153 - - [05/Dec/2022:04:41:16 -0500] "GET /BLA/resoluciones/RESOLUCIONES%202007/RES%202007%202701%20AL%202800/RESOLUCION%202765%20DE%202007.pdf HTTP/1.1" 200 219405
216.245.221.92 - - [05/Dec/2022:04:41:33 -0500] "HEAD / HTTP/1.1" 200 -
40.77.167.14 - - [05/Dec/2022:04:41:54 -0500] "GET / HTTP/1.1" 200 319
200.118.64.109 - - [05/Dec/2022:04:42:03 -0500] "POST /forms/lservlet;jsessionid=ac16012b30d667e5580204fa415eaba1ead1445c9117.e3iSbxaKaheRe34QaxmPaNuMbNb0n6jAmljGr5XDqQLvpAe HTTP/1.1" 200 2
172.22.2.4 - - [05/Dec/2022:04:40:46 -0500] "HEAD /BLA/boletinlegal/ HTTP/1.1" 200 -
172.22.2.4 - - [05/Dec/2022:04:42:48 -0500] "GET /BLA/boletinlegal/robots.txt HTTP/1.1" 404 1038
172.22.2.4 - - [05/Dec/2022:04:41:36 -0500] "GET /BLA/boletinlegal/ HTTP/1.1" 200 49193
200.118.64.109 - - [05/Dec/2022:04:44:03 -0500] "POST /forms/lservlet;jsessionid=ac16012b30d667e5580204fa415eaba1ead1445c9117.e3iSbxaKaheRe34QaxmPaNuMbNb0n6jAmljGr5XDqQLvpAe HTTP/1.1" 200 2
172.22.2.4 - - [05/Dec/2022:04:42:49 -0500] "GET /BLA/boletinlegal/index.php HTTP/1.1" 200 59035
201.245.192.253 - - [05/Dec/2022:04:45:42 -0500] "POST /kwsrmcab/Wsrmcab  HTTP/1.1" 200 43597
200.118.64.109 - - [05/Dec/2022:04:46:03 -0500] "POST /forms/lservlet;jsessionid=ac16012b30d667e5580204fa415eaba1ead1445c9117.e3iSbxaKaheRe34QaxmPaNuMbNb0n6jAmljGr5XDqQLvpAe HTTP/1.1" 200 2
216.245.221.92 - - [05/Dec/2022:04:46:33 -0500] "HEAD / HTTP/1.1" 200 -
200.118.64.109 - - [05/Dec/2022:04:48:03 -0500] "POST /forms/lservlet;jsessionid=ac16012b30d667e5580204fa415eaba1ead1445c9117.e3iSbxaKaheRe34QaxmPaNuMbNb0n6jAmljGr5XDqQLvpAe HTTP/1.1" 200 2
64.124.8.36 - - [05/Dec/2022:04:48:05 -0500] "GET /BLA/boletinlegal/jurisprudencia/analisis/CUADRO%20SENTENCIA%20C-222%20DE%202011.doc HTTP/1.1" 304 -
172.22.2.4 - - [05/Dec/2022:04:46:36 -0500] "HEAD /BLA/boletinlegal/ HTTP/1.1" 200 -
40.77.188.191 - - [05/Dec/2022:04:49:02 -0500] "GET /sipse/faces/javax.faces.resource/layout/layout.css;jsessionid=Wl1iI0cvGutSyCY3Vo6KsgZC.undefined?ln=primefaces&v=4.0 HTTP/1.1" 200 542
40.77.188.191 - - [05/Dec/2022:04:49:02 -0500] "GET /sipse/faces/javax.faces.resource/primefaces.css;jsessionid=Wl1iI0cvGutSyCY3Vo6KsgZC.undefined?ln=primefaces&v=4.0 HTTP/1.1" 200 53295
40.77.188.191 - - [05/Dec/2022:04:49:02 -0500] "GET /sipse/faces/javax.faces.resource/layout/layout.js;jsessionid=Wl1iI0cvGutSyCY3Vo6KsgZC.undefined?ln=primefaces&v=4.0 HTTP/1.1" 200 87560
40.77.188.191 - - [05/Dec/2022:04:49:02 -0500] "GET /sipse/faces/javax.faces.resource/primefaces.js;jsessionid=Wl1iI0cvGutSyCY3Vo6KsgZC.undefined?ln=primefaces&v=4.0 HTTP/1.1" 200 276924
40.77.188.191 - - [05/Dec/2022:04:49:04 -0500] "GET /sipse/faces/faces/index.xhtml HTTP/1.1" 200 677
40.77.188.191 - - [05/Dec/2022:04:49:04 -0500] "GET /sipse/faces/faces/faces/autenticacion.xhtml HTTP/1.1" 200 12172
40.77.188.191 - - [05/Dec/2022:04:49:04 -0500] "GET /sipse/faces/javax.faces.resource/theme.css?ln=primefaces-sipse HTTP/1.1" 304 -
40.77.188.191 - - [05/Dec/2022:04:49:04 -0500] "GET /sipse/faces/javax.faces.resource/layout/layout.css?ln=primefaces&v=4.0 HTTP/1.1" 200 542
40.77.188.191 - - [05/Dec/2022:04:49:04 -0500] "GET /sipse/faces/javax.faces.resource/primefaces.css?ln=primefaces&v=4.0 HTTP/1.1" 200 53295
40.77.188.191 - - [05/Dec/2022:04:49:04 -0500] "GET /sipse/faces/javax.faces.resource/jquery/jquery-plugins.js?ln=primefaces&v=4.0 HTTP/1.1" 200 220526
40.77.188.191 - - [05/Dec/2022:04:49:04 -0500] "GET /sipse/faces/javax.faces.resource/jquery/jquery.js?ln=primefaces&v=4.0 HTTP/1.1" 200 105384
40.77.188.191 - - [05/Dec/2022:04:49:04 -0500] "GET /sipse/faces/javax.faces.resource/layout/layout.js?ln=primefaces&v=4.0 HTTP/1.1" 200 87560
40.77.188.191 - - [05/Dec/2022:04:49:04 -0500] "GET /sipse/faces/javax.faces.resource/primefaces.js?ln=primefaces&v=4.0 HTTP/1.1" 200 276924
40.77.188.191 - - [05/Dec/2022:04:49:06 -0500] "GET /sipse/faces/javax.faces.resource/images/ui-icons_898989_256x240.png?ln=primefaces-aristo HTTP/1.1" 200 5355
172.22.2.4 - - [05/Dec/2022:04:47:26 -0500] "GET /BLA/boletinlegal/ HTTP/1.1" 200 59035
200.118.64.109 - - [05/Dec/2022:04:50:03 -0500] "POST /forms/lservlet;jsessionid=ac16012b30d667e5580204fa415eaba1ead1445c9117.e3iSbxaKaheRe34QaxmPaNuMbNb0n6jAmljGr5XDqQLvpAe HTTP/1.1" 200 2
201.245.192.253 - - [05/Dec/2022:04:50:41 -0500] "POST /kwsrmcab/Wsrmcab  HTTP/1.1" 200 43597
114.119.136.72 - - [05/Dec/2022:04:51:28 -0500] "GET /BLA/resoluciones/AUTOS%202012/1503.pdf HTTP/1.1" 200 316007
216.245.221.92 - - [05/Dec/2022:04:51:33 -0500] "HEAD / HTTP/1.1" 200 -
200.118.64.109 - - [05/Dec/2022:04:52:04 -0500] "POST /forms/lservlet;jsessionid=ac16012b30d667e5580204fa415eaba1ead1445c9117.e3iSbxaKaheRe34QaxmPaNuMbNb0n6jAmljGr5XDqQLvpAe HTTP/1.1" 200 2
207.46.13.174 - - [05/Dec/2022:04:52:14 -0500] "GET /BLA/resoluciones/index.php?dir=RESOLUCIONES+2019%2F HTTP/1.1" 200 249154
200.118.64.109 - - [05/Dec/2022:04:54:04 -0500] "POST /forms/lservlet;jsessionid=ac16012b30d667e5580204fa415eaba1ead1445c9117.e3iSbxaKaheRe34QaxmPaNuMbNb0n6jAmljGr5XDqQLvpAe HTTP/1.1" 200 2
172.22.2.4 - - [05/Dec/2022:04:52:26 -0500] "HEAD /BLA/boletinlegal/ HTTP/1.1" 200 -
172.22.2.4 - - [05/Dec/2022:04:53:16 -0500] "GET /BLA/boletinlegal/ HTTP/1.1" 200 55680
201.245.192.253 - - [05/Dec/2022:04:55:40 -0500] "POST /kwsrmcab/Wsrmcab  HTTP/1.1" 200 43597
200.118.64.109 - - [05/Dec/2022:04:56:04 -0500] "POST /forms/lservlet;jsessionid=ac16012b30d667e5580204fa415eaba1ead1445c9117.e3iSbxaKaheRe34QaxmPaNuMbNb0n6jAmljGr5XDqQLvpAe HTTP/1.1" 200 2
216.245.221.92 - - [05/Dec/2022:04:56:33 -0500] "HEAD / HTTP/1.1" 200 -
162.55.37.179 - - [05/Dec/2022:04:56:38 -0500] "GET / HTTP/1.1" 200 319
162.55.173.23 - - [05/Dec/2022:04:56:40 -0500] "GET / HTTP/1.1" 200 319
200.118.64.109 - - [05/Dec/2022:04:58:04 -0500] "POST /forms/lservlet;jsessionid=ac16012b30d667e5580204fa415eaba1ead1445c9117.e3iSbxaKaheRe34QaxmPaNuMbNb0n6jAmljGr5XDqQLvpAe HTTP/1.1" 200 2
172.22.2.4 - - [05/Dec/2022:04:58:22 -0500] "GET /BLA/boletinlegal/Circulares/2012/Circular%20No.%202%20del%2014%20de%20Marzo%20de%202012.pdf HTTP/1.1" 304 -
172.22.2.4 - - [05/Dec/2022:04:58:16 -0500] "HEAD /BLA/boletinlegal/ HTTP/1.1" 200 -
200.118.64.109 - - [05/Dec/2022:05:00:05 -0500] "POST /forms/lservlet;jsessionid=ac16012b30d667e5580204fa415eaba1ead1445c9117.e3iSbxaKaheRe34QaxmPaNuMbNb0n6jAmljGr5XDqQLvpAe HTTP/1.1" 200 2
201.245.192.253 - - [05/Dec/2022:05:00:39 -0500] "POST /kwsrmcab/Wsrmcab  HTTP/1.1" 502 1155
172.22.2.4 - - [05/Dec/2022:04:59:06 -0500] "GET /BLA/boletinlegal/ HTTP/1.1" 200 57192
216.245.221.92 - - [05/Dec/2022:05:01:33 -0500] "HEAD / HTTP/1.1" 200 -
201.245.192.253 - - [05/Dec/2022:05:01:37 -0500] "POST /kwsrmcab/Wsrmcab  HTTP/1.1" 200 43597
200.118.64.109 - - [05/Dec/2022:05:02:05 -0500] "POST /forms/lservlet;jsessionid=ac16012b30d667e5580204fa415eaba1ead1445c9117.e3iSbxaKaheRe34QaxmPaNuMbNb0n6jAmljGr5XDqQLvpAe HTTP/1.1" 200 2
66.249.66.86 - - [05/Dec/2022:05:02:33 -0500] "GET /BLA/resoluciones/RESOLUCIONES%202007/RES%202007%20101%20AL%20200/RESOLUCION%200109%20DE%202007.pdf HTTP/1.1" 200 519305
66.249.66.85 - - [05/Dec/2022:05:02:35 -0500] "GET /BLA/resoluciones/RESOLUCIONES%202017/2507.pdf HTTP/1.1" 200 411215
66.249.66.85 - - [05/Dec/2022:05:02:36 -0500] "GET /BLA/resoluciones/RESOLUCIONES%202007/RES%202007%201001%20AL%201100/RESOLUCION%201062%20DE%202007.pdf HTTP/1.1" 200 76205
66.249.66.87 - - [05/Dec/2022:05:02:36 -0500] "GET /BLA/resoluciones/AUTOS%202013/0018.pdf HTTP/1.1" 200 1904322
66.249.66.86 - - [05/Dec/2022:05:02:37 -0500] "GET /BLA/resoluciones/RESOLUCIONES%202011/4789.pdf HTTP/1.1" 200 2786080
66.249.66.86 - - [05/Dec/2022:05:02:38 -0500] "GET /BLA/resoluciones/AUTOS%202015/4337.pdf HTTP/1.1" 200 500519
66.249.66.86 - - [05/Dec/2022:05:02:39 -0500] "GET /BLA/resoluciones/RESOLUCIONES%202007/RES%202007%204001%20AL%204100/RESOLUCION%204023%20DE%202007.pdf HTTP/1.1" 200 1163759
201.245.192.253 - - [05/Dec/2022:05:02:38 -0500] "POST /kwsrmcab/Wsrmcab  HTTP/1.1" 200 43597
66.249.66.86 - - [05/Dec/2022:05:02:41 -0500] "GET /Publicaciones/2020EE69824.pdf HTTP/1.1" 404 227
66.249.66.89 - - [05/Dec/2022:05:02:42 -0500] "GET /BLA/resoluciones/RESOLUCIONES%202007/RES%202007%201%20AL%20100/RESOLUCION%200034%20%20DE%202007.pdf HTTP/1.1" 200 51742
66.249.66.88 - - [05/Dec/2022:05:02:43 -0500] "GET /BLA/resoluciones/RESOLUCIONES%202010/0860.pdf HTTP/1.1" 200 106438
66.249.66.85 - - [05/Dec/2022:05:02:44 -0500] "GET /BLA/resoluciones/RESOLUCIONES%202010/7068.pdf HTTP/1.1" 200 72961
66.249.66.89 - - [05/Dec/2022:05:02:46 -0500] "GET /BLA/resoluciones/RESOLUCIONES%202010/1265.pdf HTTP/1.1" 200 130524
66.249.66.87 - - [05/Dec/2022:05:02:47 -0500] "GET /BLA/resoluciones/RESOLUCIONES%202014/1108.pdf HTTP/1.1" 200 2405491
66.249.66.89 - - [05/Dec/2022:05:02:48 -0500] "GET /BLA/resoluciones/RESOLUCIONES%202009/2485.pdf HTTP/1.1" 200 455135
66.249.66.90 - - [05/Dec/2022:05:02:59 -0500] "GET /BLA/resoluciones/RESOLUCIONES%202009/4519.pdf HTTP/1.1" 200 372338
66.249.66.87 - - [05/Dec/2022:05:03:00 -0500] "GET /BLA/resoluciones/AUTOS%202017/4818.pdf HTTP/1.1" 200 259078
66.249.66.89 - - [05/Dec/2022:05:03:00 -0500] "GET /BLA/resoluciones/RESOLUCIONES%202011/0725.pdf HTTP/1.1" 200 93693
66.249.66.86 - - [05/Dec/2022:05:03:01 -0500] "GET /BLA/resoluciones/AUTOS%202007/3070.pdf HTTP/1.1" 200 116011
66.249.66.86 - - [05/Dec/2022:05:03:02 -0500] "GET /BLA/resoluciones/Notificaciones/RESOLUCIONES%202022/2425.pdf HTTP/1.1" 200 443518
66.249.66.85 - - [05/Dec/2022:05:03:09 -0500] "GET /Publicaciones/2022EE284482.pdf HTTP/1.1" 404 228
66.249.66.85 - - [05/Dec/2022:05:03:10 -0500] "GET /BLA/resoluciones/RESOLUCIONES%202009/0904.pdf HTTP/1.1" 200 403713
66.249.66.87 - - [05/Dec/2022:05:03:10 -0500] "GET /BLA/resoluciones/RESOLUCIONES%202009/6139.pdf HTTP/1.1" 200 728912
66.249.66.85 - - [05/Dec/2022:05:03:12 -0500] "GET /BLA/resoluciones/RESOLUCIONES%202014/3881.pdf HTTP/1.1" 200 205212
66.249.66.88 - - [05/Dec/2022:05:03:13 -0500] "GET /BLA/resoluciones/RESOLUCIONES%202012/0823.pdf HTTP/1.1" 200 417485
66.249.66.85 - - [05/Dec/2022:05:03:14 -0500] "GET /BLA/resoluciones/AUTOS%202018/5544.pdf HTTP/1.1" 200 289287
66.249.66.87 - - [05/Dec/2022:05:03:16 -0500] "GET /BLA/resoluciones/AUTOS%202014/6534.pdf HTTP/1.1" 200 543978
66.249.66.85 - - [05/Dec/2022:05:03:17 -0500] "GET /BLA/resoluciones/RESOLUCIONES%202010/7023.pdf HTTP/1.1" 200 1299624
66.249.66.86 - - [05/Dec/2022:05:03:18 -0500] "GET /BLA/resoluciones/RESOLUCIONES%202011/2384.pdf HTTP/1.1" 200 476758
66.249.66.88 - - [05/Dec/2022:05:03:19 -0500] "GET /BLA/resoluciones/RESOLUCIONES%202009/4802.pdf HTTP/1.1" 200 262963
66.249.66.88 - - [05/Dec/2022:05:03:21 -0500] "GET /BLA/resoluciones/Notificaciones/AUTOS%202017/01361.pdf HTTP/1.1" 200 321543
66.249.66.86 - - [05/Dec/2022:05:03:22 -0500] "GET /BLA/resoluciones/RESOLUCIONES%202010/7631.pdf HTTP/1.1" 200 66185
114.119.136.251 - - [05/Dec/2022:05:03:30 -0500] "GET /autoliquidacion2020/Aceites-Residuos-Estaciones-/Aplicativo.html HTTP/1.1" 200 359
172.22.2.4 - - [05/Dec/2022:05:02:59 -0500] "GET /BLA/boletinlegal/ HTTP/1.1" 200 36811
185.119.81.107 - - [05/Dec/2022:05:03:52 -0500] "GET /portaldeninos/wp-login.php HTTP/1.1" 200 2592
185.119.81.107 - - [05/Dec/2022:05:03:53 -0500] "POST /portaldeninos/wp-login.php HTTP/1.1" 200 3605
200.118.64.109 - - [05/Dec/2022:05:04:05 -0500] "POST /forms/lservlet;jsessionid=ac16012b30d667e5580204fa415eaba1ead1445c9117.e3iSbxaKaheRe34QaxmPaNuMbNb0n6jAmljGr5XDqQLvpAe HTTP/1.1" 200 2
172.22.2.4 - - [05/Dec/2022:05:04:06 -0500] "HEAD /BLA/boletinlegal/ HTTP/1.1" 200 -
200.118.64.109 - - [05/Dec/2022:05:06:05 -0500] "POST /forms/lservlet;jsessionid=ac16012b30d667e5580204fa415eaba1ead1445c9117.e3iSbxaKaheRe34QaxmPaNuMbNb0n6jAmljGr5XDqQLvpAe HTTP/1.1" 200 2
216.245.221.92 - - [05/Dec/2022:05:06:33 -0500] "HEAD / HTTP/1.1" 200 -
172.22.2.4 - - [05/Dec/2022:05:04:56 -0500] "GET /BLA/boletinlegal/ HTTP/1.1" 200 59035
114.119.154.253 - - [05/Dec/2022:05:06:56 -0500] "GET /BLA/resoluciones/RESOLUCIONES%202010/0777.pdf HTTP/1.1" 200 129924
201.245.192.253 - - [05/Dec/2022:05:07:37 -0500] "POST /kwsrmcab/Wsrmcab  HTTP/1.1" 502 1155
200.118.64.109 - - [05/Dec/2022:05:08:05 -0500] "POST /forms/lservlet;jsessionid=ac16012b30d667e5580204fa415eaba1ead1445c9117.e3iSbxaKaheRe34QaxmPaNuMbNb0n6jAmljGr5XDqQLvpAe HTTP/1.1" 200 2
114.119.148.14 - - [05/Dec/2022:05:08:08 -0500] "GET /BLA/resoluciones/RESOLUCIONES%202010/0669.pdf HTTP/1.1" 200 404653
201.245.192.253 - - [05/Dec/2022:05:08:36 -0500] "POST /kwsrmcab/Wsrmcab  HTTP/1.1" 200 43597
185.119.81.107 - - [05/Dec/2022:05:09:06 -0500] "GET /portaldeninos/wp-login.php HTTP/1.1" 200 2592
185.119.81.107 - - [05/Dec/2022:05:09:07 -0500] "POST /portaldeninos/wp-login.php HTTP/1.1" 200 3605
201.245.192.253 - - [05/Dec/2022:05:09:46 -0500] "POST /kwsrmcab/Wsrmcab  HTTP/1.1" 200 14501
200.118.64.109 - - [05/Dec/2022:05:10:06 -0500] "POST /forms/lservlet;jsessionid=ac16012b30d667e5580204fa415eaba1ead1445c9117.e3iSbxaKaheRe34QaxmPaNuMbNb0n6jAmljGr5XDqQLvpAe HTTP/1.1" 200 2
201.245.192.253 - - [05/Dec/2022:05:10:44 -0500] "POST /kwsrmcab/Wsrmcab  HTTP/1.1" 200 43597
216.245.221.92 - - [05/Dec/2022:05:11:33 -0500] "HEAD / HTTP/1.1" 200 -
172.22.2.4 - - [05/Dec/2022:05:09:56 -0500] "HEAD /BLA/boletinlegal/ HTTP/1.1" 200 -
201.245.192.253 - - [05/Dec/2022:05:11:45 -0500] "POST /kwsrmcab/Wsrmcab  HTTP/1.1" 200 43597
200.118.64.109 - - [05/Dec/2022:05:12:06 -0500] "POST /forms/lservlet;jsessionid=ac16012b30d667e5580204fa415eaba1ead1445c9117.e3iSbxaKaheRe34QaxmPaNuMbNb0n6jAmljGr5XDqQLvpAe HTTP/1.1" 200 2
172.22.2.4 - - [05/Dec/2022:05:10:46 -0500] "GET /BLA/boletinlegal/ HTTP/1.1" 200 57192
200.118.64.109 - - [05/Dec/2022:05:14:06 -0500] "POST /forms/lservlet;jsessionid=ac16012b30d667e5580204fa415eaba1ead1445c9117.e3iSbxaKaheRe34QaxmPaNuMbNb0n6jAmljGr5XDqQLvpAe HTTP/1.1" 200 2
114.119.139.191 - - [05/Dec/2022:05:14:43 -0500] "GET /BLA/resoluciones/index.php?dir=AUTOS%2B2020/&sort=date&order=desc HTTP/1.1" 200 13278
200.118.64.109 - - [05/Dec/2022:05:16:07 -0500] "POST /forms/lservlet;jsessionid=ac16012b30d667e5580204fa415eaba1ead1445c9117.e3iSbxaKaheRe34QaxmPaNuMbNb0n6jAmljGr5XDqQLvpAe HTTP/1.1" 200 2
216.245.221.92 - - [05/Dec/2022:05:16:33 -0500] "HEAD / HTTP/1.1" 200 -
201.245.192.253 - - [05/Dec/2022:05:16:44 -0500] "POST /kwsrmcab/Wsrmcab  HTTP/1.1" 200 43597
172.22.2.4 - - [05/Dec/2022:05:15:46 -0500] "HEAD /BLA/boletinlegal/ HTTP/1.1" 200 -
200.118.64.109 - - [05/Dec/2022:05:17:43 -0500] "POST /forms/lservlet;jsessionid=ac16012b30d667e5580204fa415eaba1ead1445c9117.e3iSbxaKaheRe34QaxmPaNuMbNb0n6jAmljGr5XDqQLvpAe HTTP/1.1" 200 2
200.118.64.109 - - [05/Dec/2022:05:17:44 -0500] "POST /forms/lservlet;jsessionid=ac16012b30d667e5580204fa415eaba1ead1445c9117.e3iSbxaKaheRe34QaxmPaNuMbNb0n6jAmljGr5XDqQLvpAe HTTP/1.1" 200 688
200.118.64.109 - - [05/Dec/2022:05:17:44 -0500] "POST /forms/lservlet;jsessionid=ac16012b30d667e5580204fa415eaba1ead1445c9117.e3iSbxaKaheRe34QaxmPaNuMbNb0n6jAmljGr5XDqQLvpAe HTTP/1.1" 200 10
200.118.64.109 - - [05/Dec/2022:05:17:54 -0500] "POST /forms/lservlet;jsessionid=ac16012b30d667e5580204fa415eaba1ead1445c9117.e3iSbxaKaheRe34QaxmPaNuMbNb0n6jAmljGr5XDqQLvpAe HTTP/1.1" 200 24
200.118.64.109 - - [05/Dec/2022:05:17:54 -0500] "POST /forms/lservlet;jsessionid=ac16012b30d667e5580204fa415eaba1ead1445c9117.e3iSbxaKaheRe34QaxmPaNuMbNb0n6jAmljGr5XDqQLvpAe HTTP/1.1" 200 14
200.118.64.109 - - [05/Dec/2022:05:17:56 -0500] "POST /forms/lservlet;jsessionid=ac16012b30d667e5580204fa415eaba1ead1445c9117.e3iSbxaKaheRe34QaxmPaNuMbNb0n6jAmljGr5XDqQLvpAe HTTP/1.1" 200 14
200.118.64.109 - - [05/Dec/2022:05:17:57 -0500] "POST /forms/lservlet;jsessionid=ac16012b30d667e5580204fa415eaba1ead1445c9117.e3iSbxaKaheRe34QaxmPaNuMbNb0n6jAmljGr5XDqQLvpAe HTTP/1.1" 200 4715
200.118.64.109 - - [05/Dec/2022:05:17:58 -0500] "POST /forms/lservlet;jsessionid=ac16012b30d667e5580204fa415eaba1ead1445c9117.e3iSbxaKaheRe34QaxmPaNuMbNb0n6jAmljGr5XDqQLvpAe HTTP/1.1" 200 2
200.118.64.109 - - [05/Dec/2022:05:18:03 -0500] "POST /forms/lservlet;jsessionid=ac16012b30d667e5580204fa415eaba1ead1445c9117.e3iSbxaKaheRe34QaxmPaNuMbNb0n6jAmljGr5XDqQLvpAe HTTP/1.1" 200 2
200.118.64.109 - - [05/Dec/2022:05:18:03 -0500] "POST /forms/lservlet;jsessionid=ac16012b30d667e5580204fa415eaba1ead1445c9117.e3iSbxaKaheRe34QaxmPaNuMbNb0n6jAmljGr5XDqQLvpAe HTTP/1.1" 200 14
200.118.64.109 - - [05/Dec/2022:05:18:04 -0500] "POST /forms/lservlet;jsessionid=ac16012b30d667e5580204fa415eaba1ead1445c9117.e3iSbxaKaheRe34QaxmPaNuMbNb0n6jAmljGr5XDqQLvpAe HTTP/1.1" 200 14
200.118.64.109 - - [05/Dec/2022:05:18:06 -0500] "POST /forms/lservlet;jsessionid=ac16012b30d667e5580204fa415eaba1ead1445c9117.e3iSbxaKaheRe34QaxmPaNuMbNb0n6jAmljGr5XDqQLvpAe HTTP/1.1" 200 14
200.118.64.109 - - [05/Dec/2022:05:18:07 -0500] "POST /forms/lservlet;jsessionid=ac16012b30d667e5580204fa415eaba1ead1445c9117.e3iSbxaKaheRe34QaxmPaNuMbNb0n6jAmljGr5XDqQLvpAe HTTP/1.1" 200 14
200.118.64.109 - - [05/Dec/2022:05:18:10 -0500] "POST /forms/lservlet;jsessionid=ac16012b30d667e5580204fa415eaba1ead1445c9117.e3iSbxaKaheRe34QaxmPaNuMbNb0n6jAmljGr5XDqQLvpAe HTTP/1.1" 200 125
200.118.64.109 - - [05/Dec/2022:05:18:10 -0500] "POST /forms/lservlet;jsessionid=ac16012b30d667e5580204fa415eaba1ead1445c9117.e3iSbxaKaheRe34QaxmPaNuMbNb0n6jAmljGr5XDqQLvpAe HTTP/1.1" 200 2
200.118.64.109 - - [05/Dec/2022:05:18:10 -0500] "GET /reports/rwservlet/getjobid81788?server=repnomi HTTP/1.1" 200 69835
172.22.2.4 - - [05/Dec/2022:05:16:36 -0500] "GET /BLA/boletinlegal/ HTTP/1.1" 200 52453
66.220.149.2 - - [05/Dec/2022:05:19:52 -0500] "GET /images/cr\xc3\xb3nica-29-nov-1_optimized.jpeg HTTP/1.1" 404 1034
200.118.64.109 - - [05/Dec/2022:05:20:07 -0500] "POST /forms/lservlet;jsessionid=ac16012b30d667e5580204fa415eaba1ead1445c9117.e3iSbxaKaheRe34QaxmPaNuMbNb0n6jAmljGr5XDqQLvpAe HTTP/1.1" 200 2
201.245.192.253 - - [05/Dec/2022:05:20:50 -0500] "POST /kwsrmcab/Wsrmcab HTTP/1.1" 200 43195
201.245.192.253 - - [05/Dec/2022:05:20:53 -0500] "POST /kwsrmcab/Wsrmcab HTTP/1.1" 200 41686
216.245.221.92 - - [05/Dec/2022:05:21:33 -0500] "HEAD / HTTP/1.1" 200 -
201.245.192.253 - - [05/Dec/2022:05:21:43 -0500] "POST /kwsrmcab/Wsrmcab  HTTP/1.1" 200 43597
200.118.64.109 - - [05/Dec/2022:05:22:07 -0500] "POST /forms/lservlet;jsessionid=ac16012b30d667e5580204fa415eaba1ead1445c9117.e3iSbxaKaheRe34QaxmPaNuMbNb0n6jAmljGr5XDqQLvpAe HTTP/1.1" 200 2
114.119.153.208 - - [05/Dec/2022:05:22:08 -0500] "GET /BLA/resoluciones/index.php?dir=RESOLUCIONES%2B1996/ HTTP/1.1" 200 13300
172.22.2.4 - - [05/Dec/2022:05:22:50 -0500] "GET /BLA/boletinlegal/actos.php HTTP/1.1" 200 9566
172.22.2.4 - - [05/Dec/2022:05:22:50 -0500] "GET /BLA/boletinlegal/styles2.css HTTP/1.1" 200 1838
172.22.2.4 - - [05/Dec/2022:05:22:50 -0500] "GET /BLA/boletinlegal/js/ajax_actos.js HTTP/1.1" 200 1322
172.22.2.4 - - [05/Dec/2022:05:22:50 -0500] "GET /BLA/boletinlegal/niceforms-default.css HTTP/1.1" 200 6694
172.22.2.4 - - [05/Dec/2022:05:22:50 -0500] "GET /BLA/boletinlegal/style.css HTTP/1.1" 200 9406
172.22.2.4 - - [05/Dec/2022:05:22:50 -0500] "GET /BLA/boletinlegal/niceforms.js HTTP/1.1" 200 22876
172.22.2.4 - - [05/Dec/2022:05:22:50 -0500] "GET /BLA/boletinlegal/js/lib.js HTTP/1.1" 200 6474
172.22.2.4 - - [05/Dec/2022:05:22:50 -0500] "GET /BLA/boletinlegal/js/popup.js HTTP/1.1" 200 1270
172.22.2.4 - - [05/Dec/2022:05:22:50 -0500] "GET /BLA/boletinlegal/js/jquery1.js HTTP/1.1" 200 29846
172.22.2.4 - - [05/Dec/2022:05:22:51 -0500] "GET /BLA/boletinlegal/images/cabezote%20BLEGAL.jpg HTTP/1.1" 200 118164
172.22.2.4 - - [05/Dec/2022:05:22:51 -0500] "GET /BLA/boletinlegal/images/subscribe-icon-big.png HTTP/1.1" 200 47702
172.22.2.4 - - [05/Dec/2022:05:22:51 -0500] "GET /BLA/boletinlegal/images/historia.png HTTP/1.1" 200 52775
172.22.2.4 - - [05/Dec/2022:05:22:51 -0500] "GET /BLA/boletinlegal/images/green-yellow-blue-pink-th.png HTTP/1.1" 200 7394
172.22.2.4 - - [05/Dec/2022:05:22:51 -0500] "GET /BLA/boletinlegal/images/tel.png HTTP/1.1" 200 14477
172.22.2.4 - - [05/Dec/2022:05:22:51 -0500] "GET /BLA/boletinlegal/images/registro-usuarios.png HTTP/1.1" 200 8106
172.22.2.4 - - [05/Dec/2022:05:22:51 -0500] "GET /BLA/boletinlegal/images/icono-email.png HTTP/1.1" 200 5544
172.22.2.4 - - [05/Dec/2022:05:22:51 -0500] "GET /BLA/boletinlegal/images/body_bg.jpg HTTP/1.1" 200 1601
172.22.2.4 - - [05/Dec/2022:05:22:51 -0500] "GET /BLA/boletinlegal/images/text.jpg HTTP/1.1" 200 568
172.22.2.4 - - [05/Dec/2022:05:22:51 -0500] "GET /BLA/boletinlegal/images/footer_bg.jpg HTTP/1.1" 200 586
172.22.2.4 - - [05/Dec/2022:05:22:51 -0500] "GET /BLA/boletinlegal/images/menu_lft.gif HTTP/1.1" 200 1713
172.22.2.4 - - [05/Dec/2022:05:22:51 -0500] "GET /BLA/boletinlegal/images/menu_rght.gif HTTP/1.1" 200 1627
172.22.2.4 - - [05/Dec/2022:05:22:51 -0500] "GET /BLA/boletinlegal/images/bg_top.jpg HTTP/1.1" 200 522
172.22.2.4 - - [05/Dec/2022:05:22:51 -0500] "GET /BLA/boletinlegal/images/menu_bg.jpg HTTP/1.1" 200 620
172.22.2.4 - - [05/Dec/2022:05:22:51 -0500] "GET /BLA/boletinlegal/images/hover.jpg HTTP/1.1" 200 640
172.22.2.4 - - [05/Dec/2022:05:22:51 -0500] "GET /BLA/boletinlegal/images/footer_bg_l.jpg HTTP/1.1" 200 776
172.22.2.4 - - [05/Dec/2022:05:22:51 -0500] "GET /BLA/boletinlegal/img/0.png HTTP/1.1" 200 110
172.22.2.4 - - [05/Dec/2022:05:22:51 -0500] "GET /BLA/boletinlegal/img/select-left.png HTTP/1.1" 200 263
172.22.2.4 - - [05/Dec/2022:05:22:51 -0500] "GET /BLA/boletinlegal/img/select-right.png HTTP/1.1" 200 44019
172.22.2.4 - - [05/Dec/2022:05:22:51 -0500] "GET /BLA/boletinlegal/img/button-left.png HTTP/1.1" 200 57071
172.22.2.4 - - [05/Dec/2022:05:22:51 -0500] "GET /BLA/boletinlegal/img/button.png HTTP/1.1" 200 43241
172.22.2.4 - - [05/Dec/2022:05:22:51 -0500] "GET /BLA/boletinlegal/img/button-right.png HTTP/1.1" 200 57878
172.22.2.4 - - [05/Dec/2022:05:22:51 -0500] "GET /BLA/boletinlegal/favicon.ico HTTP/1.1" 404 1326
114.119.154.81 - - [05/Dec/2022:05:23:02 -0500] "GET /BLA/resoluciones/RESOLUCIONES%202010/6163.pdf HTTP/1.1" 200 562639
141.255.166.2 - - [05/Dec/2022:05:22:56 -0500] "POST /boaform/admin/formLogin HTTP/1.1" 404 1186
172.22.2.4 - - [05/Dec/2022:05:23:08 -0500] "GET /BLA/boletinlegal/consulta_actos.php?tipo=resoluciones&no=1962&usuario=&sector=&fecha=2020&resuelve= HTTP/1.1" 200 1119
172.22.2.4 - - [05/Dec/2022:05:23:08 -0500] "GET /BLA/boletinlegal/images/pdf.gif HTTP/1.1" 200 567
200.118.64.109 - - [05/Dec/2022:05:23:10 -0500] "GET /BLA/resoluciones/RESOLUCIONES%202020/1962.pdf HTTP/1.1" 200 487482
200.118.64.109 - - [05/Dec/2022:05:23:14 -0500] "GET /favicon.ico HTTP/1.1" 200 7782
172.22.2.4 - - [05/Dec/2022:05:23:15 -0500] "GET /BLA/boletinlegal/normativa.php HTTP/1.1" 200 8333
172.22.2.4 - - [05/Dec/2022:05:21:36 -0500] "HEAD /BLA/boletinlegal/ HTTP/1.1" 200 -
172.22.2.4 - - [05/Dec/2022:05:23:31 -0500] "GET /BLA/boletinlegal/js/ajax_normativa.js HTTP/1.1" 200 1154
172.22.2.4 - - [05/Dec/2022:05:23:31 -0500] "GET /BLA/boletinlegal/niceforms-default.css HTTP/1.1" 200 6694
172.22.2.4 - - [05/Dec/2022:05:23:31 -0500] "GET /BLA/boletinlegal/niceforms.js HTTP/1.1" 200 22876
172.22.2.4 - - [05/Dec/2022:05:22:26 -0500] "GET /BLA/boletinlegal/ HTTP/1.1" 200 52079
200.118.64.109 - - [05/Dec/2022:05:24:07 -0500] "POST /forms/lservlet;jsessionid=ac16012b30d667e5580204fa415eaba1ead1445c9117.e3iSbxaKaheRe34QaxmPaNuMbNb0n6jAmljGr5XDqQLvpAe HTTP/1.1" 200 2
