!C99Shell v. 1.0 pre-release build #13!

Software: Apache. PHP/5.5.15 

uname -a: Windows NT SVR-DMZ 6.1 build 7600 (Windows Server 2008 R2 Enterprise Edition) i586 

SYSTEM 

Safe-mode: OFF (not secure)

E:\nuevo\apache\logs\   drwxrwxrwx
Free 7.33 GB of 239.26 GB (3.07%)
Detected drives: [ a ] [ c ] [ d ] [ e ] [ f ]
Home    Back    Forward    UPDIR    Refresh    Search    Buffer    Encoder    Tools    Proc.    FTP brute    Sec.    SQL    PHP-code    Update    Feedback    Self remove    Logout    


Viewing file:     access.2022.12.05.log (2 MB)      -rw-rw-rw-
Select action/file-type:
(+) | (+) | (+) | Code (+) | Session (+) | (+) | SDB (+) | (+) | (+) | (+) | (+) | (+) |
216.245.221.92 - - [05/Dec/2022:00:01:45 -0500] "HEAD / HTTP/1.1" 200 -
172.22.2.4 - - [05/Dec/2022:00:00:46 -0500] "HEAD /BLA/boletinlegal/ HTTP/1.1" 200 -
66.249.66.86 - - [05/Dec/2022:00:02:31 -0500] "GET /BLA/resoluciones/RESOLUCIONES%202011/4308.pdf HTTP/1.1" 200 165747
66.249.66.86 - - [05/Dec/2022:00:02:32 -0500] "GET /Publicaciones/2020EE237789.pdf HTTP/1.1" 404 228
66.249.66.85 - - [05/Dec/2022:00:02:33 -0500] "GET /BLA/resoluciones/AUTOS%202007/0933.pdf HTTP/1.1" 200 29418
66.249.66.86 - - [05/Dec/2022:00:02:33 -0500] "GET /Publicaciones/2020EE80452.pdf HTTP/1.1" 404 227
66.249.66.87 - - [05/Dec/2022:00:02:34 -0500] "GET /BLA/resoluciones/AUTOS%202018/1620.pdf HTTP/1.1" 200 311289
66.249.66.85 - - [05/Dec/2022:00:02:35 -0500] "GET /BLA/resoluciones/AUTOS%202017/3193.pdf HTTP/1.1" 200 293900
66.249.66.86 - - [05/Dec/2022:00:02:37 -0500] "GET /BLA/resoluciones/RESOLUCIONES%202017/0142.pdf HTTP/1.1" 200 267915
66.249.66.85 - - [05/Dec/2022:00:02:37 -0500] "GET /BLA/resoluciones/AUTOS%202018/0632.pdf HTTP/1.1" 200 276360
157.55.39.39 - - [05/Dec/2022:00:02:36 -0500] "GET /BLA/resoluciones/index.php?dir=AUTOS+2018%2F HTTP/1.1" 200 442469
66.249.66.85 - - [05/Dec/2022:00:02:38 -0500] "GET /BLA/resoluciones/AUTOS%202011/0640.pdf HTTP/1.1" 200 302941
66.249.66.86 - - [05/Dec/2022:00:02:40 -0500] "GET /BLA/resoluciones/RESOLUCIONES%202009/4325.pdf HTTP/1.1" 200 4302457
66.249.66.86 - - [05/Dec/2022:00:02:42 -0500] "GET /BLA/resoluciones/RESOLUCIONES%202009/6336.pdf HTTP/1.1" 200 520651
66.249.66.86 - - [05/Dec/2022:00:02:43 -0500] "GET /BLA/resoluciones/Notificaciones/AUTOS%202017/1593.pdf HTTP/1.1" 200 337868
66.249.66.85 - - [05/Dec/2022:00:02:43 -0500] "GET /BLA/resoluciones/RESOLUCIONES%202008/4822.pdf HTTP/1.1" 200 30724
66.249.66.86 - - [05/Dec/2022:00:02:44 -0500] "GET /BLA/resoluciones/AUTOS%202018/2721.pdf HTTP/1.1" 200 336305
66.249.66.86 - - [05/Dec/2022:00:02:45 -0500] "GET /BLA/resoluciones/AUTOS%202014/1469.pdf HTTP/1.1" 200 157612
66.249.66.86 - - [05/Dec/2022:00:02:46 -0500] "GET /BLA/resoluciones/RESOLUCIONES%202011/4314.pdf HTTP/1.1" 200 437971
66.249.66.89 - - [05/Dec/2022:00:02:46 -0500] "GET /BLA/resoluciones/AUTOS%202011/0185.pdf HTTP/1.1" 200 131974
172.22.2.4 - - [05/Dec/2022:00:01:37 -0500] "GET /BLA/boletinlegal/ HTTP/1.1" 200 58185
114.119.154.156 - - [05/Dec/2022:00:03:36 -0500] "GET /BLA/resoluciones/RESOLUCIONES%202010/2291.pdf HTTP/1.1" 200 967534
201.245.192.253 - - [05/Dec/2022:00:03:52 -0500] "POST /kwsrmcab/Wsrmcab  HTTP/1.1" 200 213
172.22.2.4 - - [05/Dec/2022:00:04:18 -0500] "GET /BLA/boletinlegal/ HTTP/1.1" 200 24523
114.119.151.209 - - [05/Dec/2022:00:05:01 -0500] "GET /BLA/resoluciones/RESOLUCIONES%202010/2044.pdf HTTP/1.1" 200 111428
40.77.167.14 - - [05/Dec/2022:00:05:47 -0500] "GET /BLA/resoluciones/RESOLUCIONES%202004/RES%202004%202101-2150/00002135.tif HTTP/1.1" 200 271642
207.46.13.174 - - [05/Dec/2022:00:06:24 -0500] "GET /BLA/resoluciones/index.php?dir=RESOLUCIONES+2019%2F HTTP/1.1" 200 249154
216.245.221.92 - - [05/Dec/2022:00:06:33 -0500] "HEAD / HTTP/1.1" 200 -
114.119.148.165 - - [05/Dec/2022:00:06:40 -0500] "GET /BLA/resoluciones/RESOLUCIONES%202010/1630.pdf HTTP/1.1" 200 438683
66.220.149.18 - - [05/Dec/2022:00:06:41 -0500] "GET /images/negocios-verdes-mayo-2022.jpg HTTP/1.1" 200 48000
172.22.2.4 - - [05/Dec/2022:00:06:36 -0500] "HEAD /BLA/boletinlegal/ HTTP/1.1" 200 -
114.119.155.236 - - [05/Dec/2022:00:08:48 -0500] "GET /BLA/resoluciones/RESOLUCIONES%202010/1478.pdf HTTP/1.1" 200 157664
201.245.192.253 - - [05/Dec/2022:00:08:47 -0500] "POST /kwsrmcab/Wsrmcab  HTTP/1.1" 200 213
172.22.2.4 - - [05/Dec/2022:00:07:27 -0500] "GET /BLA/boletinlegal/ HTTP/1.1" 200 57192
114.119.155.54 - - [05/Dec/2022:00:10:23 -0500] "GET /BLA/resoluciones/RESOLUCIONES%202010/1359.pdf HTTP/1.1" 200 361308
199.59.150.181 - - [05/Dec/2022:00:10:25 -0500] "GET /images/actividades-dia-tierra-22-abril.jpg HTTP/1.1" 200 77276
40.77.167.14 - - [05/Dec/2022:00:10:48 -0500] "GET /BLA/resoluciones/RESOLUCIONES%202004/RES%202004%202101-2150/00002114.tif HTTP/1.1" 200 65664
64.124.8.33 - - [04/Dec/2022:22:31:03 -0500] "GET /robots.txt HTTP/1.1" 408 221
64.124.8.53 - - [05/Dec/2022:00:11:17 -0500] "GET /BLA/boletinlegal/jurisprudencia/analisis/AnalisisC-035-16.docx HTTP/1.1" 304 -
216.245.221.92 - - [05/Dec/2022:00:11:33 -0500] "HEAD / HTTP/1.1" 200 -
64.124.8.53 - - [05/Dec/2022:00:12:44 -0500] "GET /robots.txt HTTP/1.1" 404 1018
172.22.2.4 - - [05/Dec/2022:00:12:16 -0500] "GET /BLA/boletinlegal/index.php?s=/Index/\\think\\app/invokefunction&function=call_user_func_array&vars[0]=md5&vars[1][]=HelloThinkPHP21 HTTP/1.1" 200 36811
114.119.158.253 - - [05/Dec/2022:00:13:30 -0500] "GET /BLA/resoluciones/RESOLUCIONES%202010/1328.pdf HTTP/1.1" 200 96707
185.119.81.102 - - [05/Dec/2022:00:13:45 -0500] "GET /portaldeninos/wp-login.php HTTP/1.1" 200 2592
185.119.81.102 - - [05/Dec/2022:00:13:46 -0500] "POST /portaldeninos/wp-login.php HTTP/1.1" 200 3650
201.245.192.253 - - [05/Dec/2022:00:13:47 -0500] "POST /kwsrmcab/Wsrmcab  HTTP/1.1" 200 213
172.22.2.4 - - [05/Dec/2022:00:12:26 -0500] "HEAD /BLA/boletinlegal/ HTTP/1.1" 200 -
114.119.154.155 - - [05/Dec/2022:00:14:41 -0500] "GET /BLA/resoluciones/RESOLUCIONES%202010/1184.pdf HTTP/1.1" 200 96227
172.22.2.4 - - [05/Dec/2022:00:13:17 -0500] "GET /BLA/boletinlegal/ HTTP/1.1" 200 55272
79.124.62.106 - - [05/Dec/2022:00:16:11 -0500] "\x03" 400 226
114.119.143.250 - - [05/Dec/2022:00:16:11 -0500] "GET /BLA/resoluciones/RESOLUCIONES%202010/1141.pdf HTTP/1.1" 200 94681
216.245.221.92 - - [05/Dec/2022:00:16:33 -0500] "HEAD / HTTP/1.1" 200 -
157.55.39.39 - - [05/Dec/2022:00:18:17 -0500] "GET /BLA/resoluciones/AUTOS%202021/4099.pdf HTTP/1.1" 304 -
157.55.39.39 - - [05/Dec/2022:00:18:18 -0500] "GET /BLA/resoluciones/RESOLUCIONES%202004/RES%202004%202101-2150/00002144.tif HTTP/1.1" 200 224908
201.245.192.253 - - [05/Dec/2022:00:18:45 -0500] "POST /kwsrmcab/Wsrmcab  HTTP/1.1" 200 213
172.22.2.4 - - [05/Dec/2022:00:18:16 -0500] "HEAD /BLA/boletinlegal/ HTTP/1.1" 200 -
207.46.13.198 - - [05/Dec/2022:00:20:16 -0500] "GET /BLA/resoluciones/00002127.tif HTTP/1.1" 404 1018
172.22.2.4 - - [05/Dec/2022:00:19:07 -0500] "GET /BLA/boletinlegal/ HTTP/1.1" 200 57192
201.245.192.253 - - [05/Dec/2022:00:20:50 -0500] "POST /kwsrmcab/Wsrmcab HTTP/1.1" 200 42857
201.245.192.253 - - [05/Dec/2022:00:20:53 -0500] "POST /kwsrmcab/Wsrmcab HTTP/1.1" 200 41650
216.245.221.92 - - [05/Dec/2022:00:21:33 -0500] "HEAD / HTTP/1.1" 200 -
114.119.138.172 - - [05/Dec/2022:00:21:39 -0500] "GET /BLA/resoluciones/RESOLUCIONES%202010/1077.pdf HTTP/1.1" 200 113348
114.119.140.190 - - [05/Dec/2022:00:22:51 -0500] "GET /BLA/resoluciones/RESOLUCIONES%202010/0827.pdf HTTP/1.1" 200 96433
201.245.192.253 - - [05/Dec/2022:00:23:44 -0500] "POST /kwsrmcab/Wsrmcab  HTTP/1.1" 502 1155
193.47.61.149 - - [05/Dec/2022:00:25:25 -0500] "GET / HTTP/1.1" 200 319
172.22.2.4 - - [05/Dec/2022:00:24:06 -0500] "HEAD /BLA/boletinlegal/ HTTP/1.1" 200 -
172.22.2.4 - - [05/Dec/2022:00:26:06 -0500] "GET /BLA/boletinlegal/actos.php HTTP/1.1" 200 9566
216.245.221.92 - - [05/Dec/2022:00:26:33 -0500] "HEAD / HTTP/1.1" 200 -
172.22.2.4 - - [05/Dec/2022:00:24:57 -0500] "GET /BLA/boletinlegal/ HTTP/1.1" 200 52079
114.119.132.10 - - [05/Dec/2022:00:26:50 -0500] "GET /BLA/resoluciones/RESOLUCIONES%202010/0741.pdf HTTP/1.1" 200 443963
201.245.192.253 - - [05/Dec/2022:00:28:46 -0500] "POST /kwsrmcab/Wsrmcab  HTTP/1.1" 200 213
114.119.138.77 - - [05/Dec/2022:00:28:51 -0500] "GET /BLA/resoluciones/RESOLUCIONES%202010/0733.pdf HTTP/1.1" 200 107432
201.245.192.253 - - [05/Dec/2022:00:30:51 -0500] "POST /kwsrmcab/Wsrmcab HTTP/1.1" 200 42857
201.245.192.253 - - [05/Dec/2022:00:30:54 -0500] "POST /kwsrmcab/Wsrmcab HTTP/1.1" 200 41650
216.245.221.92 - - [05/Dec/2022:00:31:33 -0500] "HEAD / HTTP/1.1" 200 -
172.22.2.4 - - [05/Dec/2022:00:29:56 -0500] "HEAD /BLA/boletinlegal/ HTTP/1.1" 200 -
172.22.2.4 - - [05/Dec/2022:00:30:47 -0500] "GET /BLA/boletinlegal/ HTTP/1.1" 200 52079
66.249.66.86 - - [05/Dec/2022:00:32:32 -0500] "GET /Publicaciones/2022EE296549.pdf HTTP/1.1" 404 228
66.249.66.87 - - [05/Dec/2022:00:32:33 -0500] "GET /BLA/resoluciones/AUTOS%202014/0379.pdf HTTP/1.1" 200 500905
66.249.66.85 - - [05/Dec/2022:00:32:34 -0500] "GET /BLA/resoluciones/AUTOS%202013/3482.pdf HTTP/1.1" 200 646722
66.249.66.85 - - [05/Dec/2022:00:32:35 -0500] "GET /Publicaciones/2022EE295565.pdf HTTP/1.1" 404 228
66.249.66.85 - - [05/Dec/2022:00:32:36 -0500] "GET /BLA/resoluciones/RESOLUCIONES%202017/0355.pdf HTTP/1.1" 200 499176
66.249.66.85 - - [05/Dec/2022:00:32:36 -0500] "GET /BLA/resoluciones/AUTOS%202018/2120.pdf HTTP/1.1" 200 255370
66.249.66.85 - - [05/Dec/2022:00:32:37 -0500] "GET /BLA/resoluciones/Notificaciones/AUTOS%202022/5045.pdf HTTP/1.1" 200 392872
66.249.66.85 - - [05/Dec/2022:00:32:37 -0500] "GET /BLA/resoluciones/AUTOS%202018/1480.pdf HTTP/1.1" 200 306794
201.245.192.253 - - [05/Dec/2022:00:33:43 -0500] "POST /kwsrmcab/Wsrmcab  HTTP/1.1" 200 213
114.119.157.75 - - [05/Dec/2022:00:34:09 -0500] "GET /BLA/resoluciones/RESOLUCIONES%202010/0726.pdf HTTP/1.1" 200 129986
157.55.39.39 - - [05/Dec/2022:00:34:09 -0500] "GET /BLA/resoluciones/index.php?dir=AUTOS+2019%2F HTTP/1.1" 200 349992
173.252.107.5 - - [05/Dec/2022:00:35:59 -0500] "GET /cambios-en-atencion-a-la-ciudadania-por-dia-de-velitas.html HTTP/1.1" 206 957
173.252.107.13 - - [05/Dec/2022:00:35:59 -0500] "GET /images/atencion-ciudadano-cade-oficinaprincipalsda-7-diciembre.jpg HTTP/1.1" 200 32428
216.245.221.92 - - [05/Dec/2022:00:36:33 -0500] "HEAD / HTTP/1.1" 200 -
162.55.166.12 - - [05/Dec/2022:00:36:44 -0500] "GET / HTTP/1.1" 200 319
172.22.2.4 - - [05/Dec/2022:00:35:46 -0500] "HEAD /BLA/boletinlegal/ HTTP/1.1" 200 -
172.22.2.4 - - [05/Dec/2022:00:36:37 -0500] "GET /BLA/boletinlegal/ HTTP/1.1" 200 57192
201.245.192.253 - - [05/Dec/2022:00:38:42 -0500] "POST /kwsrmcab/Wsrmcab  HTTP/1.1" 200 213
114.119.138.249 - - [05/Dec/2022:00:39:33 -0500] "GET /BLA/resoluciones/RESOLUCIONES%202010/0691.pdf HTTP/1.1" 200 101058
199.16.157.180 - - [05/Dec/2022:00:39:52 -0500] "GET /crisis-climatica-distrito-firmo-alianza-para-preservar-la-seguridad-hidrica-de-bogota-y-la-region.html HTTP/1.1" 200 1075
199.16.157.181 - - [05/Dec/2022:00:39:53 -0500] "GET /images/cambio-climatico-principal.jpg HTTP/1.1" 200 110243
199.59.150.183 - - [05/Dec/2022:00:39:53 -0500] "GET /crisis-climatica-distrito-firmo-alianza-para-preservar-la-seguridad-hidrica-de-bogota-y-la-region.html HTTP/1.1" 200 1075
66.249.65.213 - - [05/Dec/2022:00:40:32 -0500] "GET /portaldeninos/residuos HTTP/1.1" 301 -
66.249.65.217 - - [05/Dec/2022:00:40:33 -0500] "GET /portaldeninos/residuos/ HTTP/1.1" 200 87443
201.245.192.253 - - [05/Dec/2022:00:40:51 -0500] "POST /kwsrmcab/Wsrmcab HTTP/1.1" 200 42857
201.245.192.253 - - [05/Dec/2022:00:40:54 -0500] "POST /kwsrmcab/Wsrmcab HTTP/1.1" 200 41650
186.102.10.173 - - [05/Dec/2022:00:41:11 -0500] "-" 408 -
216.245.221.92 - - [05/Dec/2022:00:41:33 -0500] "HEAD / HTTP/1.1" 200 -
66.249.66.86 - - [05/Dec/2022:00:41:57 -0500] "GET /galeria/galeria/fotos/mirador4G.jpg HTTP/1.1" 200 159827
114.119.144.80 - - [05/Dec/2022:00:42:16 -0500] "GET /BLA/resoluciones/RESOLUCIONES%202010/0546.pdf HTTP/1.1" 200 496537
66.249.66.87 - - [05/Dec/2022:00:42:31 -0500] "-" 408 -
172.22.2.4 - - [05/Dec/2022:00:41:36 -0500] "HEAD /BLA/boletinlegal/ HTTP/1.1" 200 -
201.245.192.253 - - [05/Dec/2022:00:43:41 -0500] "POST /kwsrmcab/Wsrmcab  HTTP/1.1" 200 213
114.119.139.48 - - [05/Dec/2022:00:43:54 -0500] "GET /BLA/resoluciones/RESOLUCIONES%202010/0405.pdf HTTP/1.1" 200 500097
172.22.2.4 - - [05/Dec/2022:00:42:27 -0500] "GET /BLA/boletinlegal/ HTTP/1.1" 200 53739
64.124.8.59 - - [05/Dec/2022:00:45:22 -0500] "-" 408 -
186.102.65.206 - - [05/Dec/2022:00:45:27 -0500] "GET /kwssiamovil/sm/acme/a?s=U2FsdGVkX18Vpu8yzORUSym9muWszT6Ek/lzp0kHSPAdBfs9tUKGwkLf+7rz7EegvoZONcHAoTk1Cpn6RZD3LKhnxe5v0Er+aTweS1TMQky+7bPJfNviiFI/SXMJAqMBv14Wu5B17OuuO8635Dh+PZPb+jQYthxpQTEfob6yt8fZan88LS55LPTjX6r/3nTH8kdDJA7uOiv/E2Gj5LZMgmn5noi277B6lnNJIE6gujp1RN4P5F/NxZ5eEYC/GCKKrdDVW14k96cwUhXLQ5WqOA==&u=U2FsdGVkX1+rCLpe+jO/0AxNEcZgRSlJZ3qfCTKXuak=&y=U2FsdGVkX1+j7q2zY3mKiniobZU6zeUaopSJeN0UUJCyj0kGQpuc9D0R+NhVTobp HTTP/1.1" 502 1342
207.46.13.198 - - [05/Dec/2022:00:45:39 -0500] "GET /sipse/faces/autenticacion.xhtml HTTP/1.1" 200 12494
216.245.221.92 - - [05/Dec/2022:00:46:33 -0500] "HEAD / HTTP/1.1" 200 -
114.119.159.123 - - [05/Dec/2022:00:48:06 -0500] "GET /BLA/resoluciones/RESOLUCIONES%202010/0339.pdf HTTP/1.1" 200 536723
201.245.192.253 - - [05/Dec/2022:00:48:40 -0500] "POST /kwsrmcab/Wsrmcab  HTTP/1.1" 502 1155
114.119.143.50 - - [05/Dec/2022:00:49:03 -0500] "GET /BLA/resoluciones/RESOLUCIONES%202010/0321.pdf HTTP/1.1" 200 98059
172.22.2.4 - - [05/Dec/2022:00:47:26 -0500] "HEAD /BLA/boletinlegal/ HTTP/1.1" 200 -
172.22.2.4 - - [05/Dec/2022:00:48:17 -0500] "GET /BLA/boletinlegal/ HTTP/1.1" 200 57824
157.55.39.39 - - [05/Dec/2022:00:50:32 -0500] "GET /BLA/resoluciones/index.php?dir=AUTOS+2018%2F HTTP/1.1" 200 442469
186.102.65.206 - - [05/Dec/2022:00:50:40 -0500] "GET /kwssiamovil/sm/acme/a?s=U2FsdGVkX1/B76n53LFVaTAWUwM30iDd7TGlEWA7icPLdFxByLk1/uGVa47Z+5d+oVhyAFW5jhG3lcZg+TNyHPjBZ+sSB/W3KEV3VGjWbZ4D7L8VE2mXUnk1F3jHsnwfa97ErZhMD6wtEo2+lN5xf6uWVyFNaU09WtdRmtycXEagEGKSIbTuDmdSaH5kwtySt/OTr+odVd/RTq/JCuLw9ifQBOrhwuN8w8F2O2vxINaMXPFNo9DgMlK5cayhRuALLx7q4p6U3vW4UPIBaKUSlg==&u=U2FsdGVkX1+rCLpe+jO/0AxNEcZgRSlJZ3qfCTKXuak=&y=U2FsdGVkX1+j7q2zY3mKiniobZU6zeUaopSJeN0UUJCyj0kGQpuc9D0R+NhVTobp HTTP/1.1" 200 26
186.102.65.206 - - [05/Dec/2022:00:50:41 -0500] "GET /kwssiamovil/sm/acme/a?s=U2FsdGVkX1+D9VeNrGgX85LEEDgd58c9LODhwAvR64dlAewUHWldH1SXfv1u4DS26f5x/mYcdDAP/aP93qt6mtUG7FPgDefZiZfLwbK+7XHNlwGguxD/xx1kBfxAVD2wwPpRzrL8m4w7ruUHnETT4vMicTCwXdtHWUVVEMWpMiv8Ka95amnmCQJLVnMU812HusebOMdXO+PMhKUUGYdhg/NlSSnwirg6bNbrugEo8r3G6i1KY8T+n9Sunz/2AztyKcTB3kpQY4yzu1dyM2cnRoboVhQd0hzSuOxYIl2Kg/L6JvL9ZLH/p3BqTdNzYL87zjJbf5dP9XAfECd3czL+vsWYWyZvbJXFsN8Zf4qAEH8kCeQPu1mAUVlLUGn0g51FrwwbF1gpsjqngVmS2h+WXD3UtR61vPtMI5wBvgLPFHi/NecjzGJ3M9vO8hz/yTeHxlMZkt4cM1A0WaAdXkGujuYa35ZGV3+6+jdzAemZAmbfIxbPBIgvSGPIa8mPbrE1PMGAe+EQO8ktPYIdvkaK3ct7UNz38H0j0wJz9jEn6EEElRzNabN2EyPk1XKckzfsgvzH7qqTur+ME1iyHYCU7d0a1f4rQlQA8+QqSJWi1wUEurHgiCtIRYokVF+41STIthrcEw0YrDpiHeU/BvHxb5B/jt96z87hXeGw5zavf0vqfU5zsZVr46LLC8Htx06ve7AqBnZqLsvfxKlkQ5gFFn5DpeUJ3hzba48EyT2nCo3614DpcJYngNgfwimkMCYhbQo/H7VZXcllfjfd6qaC1uYfwzLDfiU/OSAIPNVvQG/Ds3fdqjZJJZqWo+Aln4vxR+/ZELaJiDgddffqqgPfVHgKny9oY1YSyJscSnUEXWGrCc+erPo9aOllLXftZIMQ4bARbVBb27psdkDy06tCO0C4T9hD1ZhAaS8/MkxaIl0Nd1u4lsUHoMkPsG1LYfWQki/0fxMqLKCQD8+qi42mkdS0yR78BiA0RxmkJNUWI6gMnHXRIEOrMAbxTVsqx80YKPpoIdHXgmYOw8uKXck38WetVOre+ti110+MvJl8GeX7Gvu6j7BuyksZ6lafOPmDv8fz9Ft2QbiHqAGsGE5j/KEGcs+t4HbW01qD4ETyFX1dnj7jIyr2gSe1QHRlgJT0ss7Kh5HCJeQrLizTk+lPlIN6AHqoqToF0HYKvDU+BdsRV0ldSJABG+KcjogrlUVaLxcZzhoaKUojCjrIpH50fIlU4DFT8hsSmAwLDmw0nONk3TOo+GX6ic5KEb4xDsRQ1Ow9TGUkEf7TSUWLmUBSDJCCZ8hv1zpd6qXi55pelTKXsdTyjKoyLCBlR/fPIUzd5wJ+7T9KpioUWZlJkw2VomnQToKMigUzDC96XquCB140Lk9vpwRkVN3xOT9p6NA+GURB0oz8OBDtKS3Z85RaueUVkIXfKIFva94Wve/CDMhO+h2hsIV3+77rlntS/ARVK2TIS8KShCGz1X+5jHZYXcW8grboG4WMJwE5zHpZeBK/ywA6jnV6cMCL0ah+OanNEkplVBW/2YTiAr2fN6oPhmlp2Hq+3Mu8T3E/UvCdagJnZjB7GHd94r57bZpk58OmxgM7LW+k1dTqYdItOtYGpRwnay4j4KLf6kiCLl7on2M=&u=U2FsdGVkX1+rCLpe+jO/0AxNEcZgRSlJZ3qfCTKXuak=&y=U2FsdGVkX1+j7q2zY3mKiniobZU6zeUaopSJeN0UUJCyj0kGQpuc9D0R+NhVTobp HTTP/1.1" 200 26
186.102.65.206 - - [05/Dec/2022:00:50:41 -0500] "GET /kwssiamovil/sm/acme/a?s=U2FsdGVkX1+beSvv7Bbli+f+bBtGsgkwUdbKqZ04efDKdHVhpsWqnbWXPg29lwJ6RcrrB6xVx0XWWPCCPikLwjOAuVMFPcbO1b1K+k/oQsE0vG4By8e0UgPNWbN5dkcA0tZx3mPrY2PD002B2Ea7khCGEVoxK3nfM4OqMq48SzQ=&u=U2FsdGVkX1+rCLpe+jO/0AxNEcZgRSlJZ3qfCTKXuak=&y=U2FsdGVkX1+j7q2zY3mKiniobZU6zeUaopSJeN0UUJCyj0kGQpuc9D0R+NhVTobp HTTP/1.1" 200 26
186.102.65.206 - - [05/Dec/2022:00:50:41 -0500] "GET /kwssiamovil/sm/acme/a?s=U2FsdGVkX199BpeMMVf4RcEGhkaCm0g0LwXhYAxTyDpRB3ICnocYJ25TfE3SjUxfO5b/a8PObyMAR0l+6vozKFOjB8KVWpA2tumeX198mUB9grCBpeWn30spE1PLOQ6/cYj5vfrjhxdcMX+OiH19y+UrVw+kCmMZ2U9qOxhk1Rk=&u=U2FsdGVkX1+rCLpe+jO/0AxNEcZgRSlJZ3qfCTKXuak=&y=U2FsdGVkX1+j7q2zY3mKiniobZU6zeUaopSJeN0UUJCyj0kGQpuc9D0R+NhVTobp HTTP/1.1" 200 26
186.102.65.206 - - [05/Dec/2022:00:50:42 -0500] "GET /kwssiamovil/sm/acme/a?s=U2FsdGVkX1+T1Jrls5/Ra4MU3SVCTv2qrqxyyHQX2DqosrTNBkbJFSqXmrb4uVdYDRfQ2nlK4raCfU62JswjQf/Eqjj7QpimWsr+4Wfb0orWqlxCX+0ijiIzww0XEucmKKjDPOMzuIKBtykt9k4hRtq2cN16fvkNSspT3hiGbvI=&u=U2FsdGVkX1+rCLpe+jO/0AxNEcZgRSlJZ3qfCTKXuak=&y=U2FsdGVkX1+j7q2zY3mKiniobZU6zeUaopSJeN0UUJCyj0kGQpuc9D0R+NhVTobp HTTP/1.1" 200 26
186.102.65.206 - - [05/Dec/2022:00:50:42 -0500] "GET /kwssiamovil/sm/acme/a?s=U2FsdGVkX19ET/73e78Ns5daQdZ0pIsk1gQbU+WIyP8FJsF0C6eWUhe2OMRb/HIuUui2wo1NZzPN7Q3poPlNDhZhZCsh4nA5Fu/4nukm30xSlIDkJqYg/8SfXvYn9MwTvHswWAyyHW9nW1GynaWdTeTMPYsMZiXT34ja0G1EYSKfolgDPBxs7ePP3POlno0x&u=U2FsdGVkX1+rCLpe+jO/0AxNEcZgRSlJZ3qfCTKXuak=&y=U2FsdGVkX1+j7q2zY3mKiniobZU6zeUaopSJeN0UUJCyj0kGQpuc9D0R+NhVTobp HTTP/1.1" 200 26
114.119.154.113 - - [05/Dec/2022:00:51:17 -0500] "GET /BLA/resoluciones/RESOLUCIONES%202010/0146.pdf HTTP/1.1" 200 382572
216.245.221.92 - - [05/Dec/2022:00:51:33 -0500] "HEAD / HTTP/1.1" 200 -
114.119.152.64 - - [05/Dec/2022:00:52:17 -0500] "GET /BLA/resoluciones/RESOLUCIONES%202010/0077.pdf HTTP/1.1" 200 509817
40.77.167.14 - - [05/Dec/2022:00:53:11 -0500] "GET /BLA/resoluciones/20021952.tif HTTP/1.1" 404 1018
201.245.192.253 - - [05/Dec/2022:00:53:39 -0500] "POST /kwsrmcab/Wsrmcab  HTTP/1.1" 200 213
114.119.158.6 - - [05/Dec/2022:00:53:56 -0500] "GET /BLA/resoluciones/RESOLUCIONES%202010/0069.pdf HTTP/1.1" 200 505665
207.46.13.174 - - [05/Dec/2022:00:54:23 -0500] "GET /BLA/resoluciones/index.php?dir=RESOLUCIONES+2019%2F HTTP/1.1" 200 249154
114.119.144.84 - - [05/Dec/2022:00:54:33 -0500] "GET /BLA/resoluciones/RESOLUCIONES%202009/4799.pdf HTTP/1.1" 200 441366
172.22.2.4 - - [05/Dec/2022:00:53:16 -0500] "HEAD /BLA/boletinlegal/ HTTP/1.1" 200 -
172.22.2.4 - - [05/Dec/2022:00:54:07 -0500] "GET /BLA/boletinlegal/ HTTP/1.1" 200 52453
114.119.146.226 - - [05/Dec/2022:00:56:07 -0500] "GET /BLA/resoluciones/RESOLUCIONES%202009/3241.pdf HTTP/1.1" 200 475182
216.245.221.92 - - [05/Dec/2022:00:56:42 -0500] "HEAD / HTTP/1.1" 200 -
114.119.147.166 - - [05/Dec/2022:00:57:57 -0500] "GET /BLA/resoluciones/RESOLUCIONES%202009/1808.pdf HTTP/1.1" 200 1714525
201.245.192.253 - - [05/Dec/2022:00:58:39 -0500] "POST /kwsrmcab/Wsrmcab  HTTP/1.1" 200 213
114.119.151.9 - - [05/Dec/2022:00:58:55 -0500] "GET /BLA/resoluciones/RESOLUCIONES%202009/1374.pdf HTTP/1.1" 200 577790
172.22.2.4 - - [05/Dec/2022:00:59:06 -0500] "HEAD /BLA/boletinlegal/ HTTP/1.1" 200 -
201.245.192.253 - - [05/Dec/2022:01:01:23 -0500] "POST /kwsrmcab/Wsrmcab  HTTP/1.1" 200 213
216.245.221.92 - - [05/Dec/2022:01:01:33 -0500] "HEAD / HTTP/1.1" 200 -
172.22.2.4 - - [05/Dec/2022:00:59:57 -0500] "GET /BLA/boletinlegal/ HTTP/1.1" 200 57192
201.245.192.253 - - [05/Dec/2022:01:02:04 -0500] "POST /kwsrmcab/Wsrmcab  HTTP/1.1" 200 43597
201.245.192.253 - - [05/Dec/2022:01:02:23 -0500] "POST /kwsrmcab/Wsrmcab  HTTP/1.1" 200 43597
66.249.66.86 - - [05/Dec/2022:01:02:44 -0500] "GET /BLA/resoluciones/RESOLUCIONES%202011/1332.pdf HTTP/1.1" 200 77187
66.249.66.85 - - [05/Dec/2022:01:02:45 -0500] "GET /BLA/resoluciones/RESOLUCIONES%202010/6167.pdf HTTP/1.1" 200 964309
66.249.66.86 - - [05/Dec/2022:01:02:47 -0500] "GET /BLA/resoluciones/RESOLUCIONES%202009/5801.pdf HTTP/1.1" 200 495545
66.249.66.85 - - [05/Dec/2022:01:02:55 -0500] "GET /BLA/resoluciones/RESOLUCIONES%202008/3353.pdf HTTP/1.1" 200 343147
66.249.66.87 - - [05/Dec/2022:01:03:04 -0500] "GET /BLA/resoluciones/RESOLUCIONES%202018/0791.pdf HTTP/1.1" 200 1095616
66.249.66.86 - - [05/Dec/2022:01:03:14 -0500] "GET /BLA/resoluciones/RESOLUCIONES%202008/0629.pdf HTTP/1.1" 200 91218
66.249.66.85 - - [05/Dec/2022:01:03:23 -0500] "GET /BLA/resoluciones/AUTOS%202015/3252.pdf HTTP/1.1" 200 543159
114.119.142.126 - - [05/Dec/2022:01:03:26 -0500] "GET /BLA/resoluciones/RESOLUCIONES%202007/RES%202007%203801%20AL%203900/RESOLUCION%203820%20DE%202007.pdf HTTP/1.1" 200 8115359
2.153.156.129 - - [05/Dec/2022:01:03:27 -0500] "GET /feria-de-emprendimiento-mujeres-que-reverdecen-expusieron-sus-proyectos.html HTTP/1.1" 200 889
66.249.66.86 - - [05/Dec/2022:01:03:32 -0500] "GET /BLA/resoluciones/AUTOS%202007/0111.pdf HTTP/1.1" 200 47819
66.249.66.85 - - [05/Dec/2022:01:03:42 -0500] "GET /BLA/resoluciones/RESOLUCIONES%202009/6686.pdf HTTP/1.1" 200 407086
66.249.66.85 - - [05/Dec/2022:01:03:51 -0500] "GET /BLA/resoluciones/RESOLUCIONES%202012/1239.pdf HTTP/1.1" 200 474610
66.249.66.85 - - [05/Dec/2022:01:04:00 -0500] "GET /BLA/resoluciones/Notificaciones/AUTOS%202018/03437.pdf HTTP/1.1" 200 272908
66.249.66.85 - - [05/Dec/2022:01:04:09 -0500] "GET /BLA/resoluciones/AUTOS%202015/6003.pdf HTTP/1.1" 200 779653
114.119.130.213 - - [05/Dec/2022:01:04:16 -0500] "GET /BLA/resoluciones/RESOLUCIONES%202007/RES%202007%203701%20AL%203800/RESOLUCION%203716%20DE%202007.pdf HTTP/1.1" 200 698351
66.249.66.85 - - [05/Dec/2022:01:04:17 -0500] "GET /BLA/resoluciones/AUTOS%202015/1036.pdf HTTP/1.1" 200 758420
66.249.66.86 - - [05/Dec/2022:01:04:26 -0500] "GET /Publicaciones/2022EE249055.pdf HTTP/1.1" 404 228
185.119.81.99 - - [05/Dec/2022:01:05:50 -0500] "GET /portaldeninos/wp-login.php HTTP/1.1" 200 2592
185.119.81.99 - - [05/Dec/2022:01:05:51 -0500] "POST /portaldeninos/wp-login.php HTTP/1.1" 200 3650
216.245.221.92 - - [05/Dec/2022:01:06:33 -0500] "HEAD / HTTP/1.1" 200 -
172.22.2.4 - - [05/Dec/2022:01:04:56 -0500] "HEAD /BLA/boletinlegal/ HTTP/1.1" 200 -
114.119.128.129 - - [05/Dec/2022:01:07:23 -0500] "GET /BLA/resoluciones/RESOLUCIONES%202007/RES%202007%202601%20AL%202700/RESOLUCION%202671%20DE%202007.pdf HTTP/1.1" 200 1174086
201.245.192.253 - - [05/Dec/2022:01:07:24 -0500] "POST /kwsrmcab/Wsrmcab  HTTP/1.1" 200 43597
172.22.2.4 - - [05/Dec/2022:01:05:46 -0500] "GET /BLA/boletinlegal/ HTTP/1.1" 200 52453
185.119.81.102 - - [05/Dec/2022:01:08:13 -0500] "GET /portaldeninos/wp-login.php HTTP/1.1" 200 2592
185.119.81.102 - - [05/Dec/2022:01:08:14 -0500] "POST /portaldeninos/wp-login.php HTTP/1.1" 200 3605
114.119.147.239 - - [05/Dec/2022:01:10:58 -0500] "GET /BLA/resoluciones/Notificaciones/AUTOS%202017/02456.pdf HTTP/1.1" 200 278539
114.119.140.170 - - [05/Dec/2022:01:11:17 -0500] "GET /BLA/resoluciones/Decretos/Decreto%20721%20del%2020%20de%20Diciembre%20de%202017.pdf HTTP/1.1" 200 12076327
216.245.221.92 - - [05/Dec/2022:01:11:33 -0500] "HEAD / HTTP/1.1" 200 -
185.119.81.99 - - [05/Dec/2022:01:12:04 -0500] "GET /portaldeninos/wp-login.php HTTP/1.1" 200 2592
185.119.81.99 - - [05/Dec/2022:01:12:05 -0500] "POST /portaldeninos/wp-login.php HTTP/1.1" 200 3605
172.22.2.4 - - [05/Dec/2022:01:12:22 -0500] "GET /BLA/boletinlegal/actos.php HTTP/1.1" 200 9566
201.245.192.253 - - [05/Dec/2022:01:12:22 -0500] "POST /kwsrmcab/Wsrmcab  HTTP/1.1" 200 43597
172.22.2.4 - - [05/Dec/2022:01:10:46 -0500] "HEAD /BLA/boletinlegal/ HTTP/1.1" 200 -
172.22.2.4 - - [05/Dec/2022:01:11:37 -0500] "GET /BLA/boletinlegal/ HTTP/1.1" 200 56825
152.61.128.50 - - [05/Dec/2022:01:13:32 -0500] "GET / HTTP/1.1" 200 319
152.61.192.232 - - [05/Dec/2022:01:13:56 -0500] "GET / HTTP/1.1" 200 319
114.119.159.17 - - [05/Dec/2022:01:14:31 -0500] "GET /BLA/resoluciones/AUTOS%202019/0184.pdf HTTP/1.1" 200 4541619
216.245.221.92 - - [05/Dec/2022:01:16:33 -0500] "HEAD / HTTP/1.1" 200 -
114.119.149.65 - - [05/Dec/2022:01:16:41 -0500] "GET /BLA/resoluciones/Decretos/Decreto%20720%20del%2020%20de%20Diciembre%20de%202017.pdf HTTP/1.1" 200 2806577
157.55.39.105 - - [05/Dec/2022:01:16:44 -0500] "GET /portaldeninos/parque-ecologico-distrital-humedal-santa-maria-del-lago/ HTTP/1.1" 200 90199
186.29.180.103 - - [05/Dec/2022:01:17:05 -0500] "GET /sipse/faces/faces/faces/autenticacion.xhtml HTTP/1.1" 200 12494
186.29.180.103 - - [05/Dec/2022:01:17:06 -0500] "GET /sipse/faces/javax.faces.resource/theme.css?ln=primefaces-sipse HTTP/1.1" 304 -
186.29.180.103 - - [05/Dec/2022:01:17:06 -0500] "GET /sipse/faces/javax.faces.resource/layout/layout.css;jsessionid=hSsOgLr5MthqdZ86dbfD31Ms.undefined?ln=primefaces&v=4.0 HTTP/1.1" 200 542
186.29.180.103 - - [05/Dec/2022:01:17:06 -0500] "GET /sipse/js/disable_browser_buttons.js HTTP/1.1" 200 -
186.29.180.103 - - [05/Dec/2022:01:17:06 -0500] "GET /sipse/css/custom_css_sg.css HTTP/1.1" 200 9694
186.29.180.103 - - [05/Dec/2022:01:17:06 -0500] "GET /sipse/js/funciones.js HTTP/1.1" 200 12592
186.29.180.103 - - [05/Dec/2022:01:17:06 -0500] "GET /sipse/css/custom_css_sg_prime_login.css HTTP/1.1" 200 443
186.29.180.103 - - [05/Dec/2022:01:17:06 -0500] "GET /sipse/faces/javax.faces.resource/primefaces.css;jsessionid=hSsOgLr5MthqdZ86dbfD31Ms.undefined?ln=primefaces&v=4.0 HTTP/1.1" 200 53295
186.29.180.103 - - [05/Dec/2022:01:17:06 -0500] "GET /sipse/js/disable_browser_buttons.js HTTP/1.1" 200 3230
186.29.180.103 - - [05/Dec/2022:01:17:06 -0500] "GET /sipse/faces/javax.faces.resource/layout/layout.js;jsessionid=hSsOgLr5MthqdZ86dbfD31Ms.undefined?ln=primefaces&v=4.0 HTTP/1.1" 200 87560
186.29.180.103 - - [05/Dec/2022:01:17:06 -0500] "GET /sipse/faces/javax.faces.resource/primefaces.js;jsessionid=hSsOgLr5MthqdZ86dbfD31Ms.undefined?ln=primefaces&v=4.0 HTTP/1.1" 200 276924
186.29.180.103 - - [05/Dec/2022:01:17:06 -0500] "GET /sipse/faces/javax.faces.resource/jquery/jquery.js;jsessionid=hSsOgLr5MthqdZ86dbfD31Ms.undefined?ln=primefaces&v=4.0 HTTP/1.1" 200 105384
186.29.180.103 - - [05/Dec/2022:01:17:06 -0500] "GET /sipse/faces/javax.faces.resource/jquery/jquery-plugins.js;jsessionid=hSsOgLr5MthqdZ86dbfD31Ms.undefined?ln=primefaces&v=4.0 HTTP/1.1" 200 220526
186.29.180.103 - - [05/Dec/2022:01:17:08 -0500] "GET /sipse/faces/javax.faces.resource/images/ui-icons_898989_256x240.png?ln=primefaces-aristo HTTP/1.1" 200 5355
186.29.180.103 - - [05/Dec/2022:01:17:08 -0500] "GET /sipse/css/imagen/logoSDG.png HTTP/1.1" 200 53064
186.29.180.103 - - [05/Dec/2022:01:17:08 -0500] "GET /sipse/css/imagen/loginimg.png HTTP/1.1" 200 71635
186.29.180.103 - - [05/Dec/2022:01:17:13 -0500] "POST /sipse/faces/autenticacion.xhtml;jsessionid=hSsOgLr5MthqdZ86dbfD31Ms.undefined HTTP/1.1" 200 2220
186.29.180.103 - - [05/Dec/2022:01:17:19 -0500] "GET /sipse/faces/javax.faces.resource/messages/messages.png?ln=primefaces&v=4.0 HTTP/1.1" 200 27209
186.29.180.103 - - [05/Dec/2022:01:17:19 -0500] "POST /sipse/faces/autenticacion.xhtml;jsessionid=hSsOgLr5MthqdZ86dbfD31Ms.undefined HTTP/1.1" 200 16376
186.29.180.103 - - [05/Dec/2022:01:17:19 -0500] "GET /sipse/css/custom_css_sg_prime.css HTTP/1.1" 200 5201
186.29.180.103 - - [05/Dec/2022:01:17:19 -0500] "GET /sipse/faces/javax.faces.resource/layout/layout.css?ln=primefaces&v=4.0 HTTP/1.1" 200 542
186.29.180.103 - - [05/Dec/2022:01:17:19 -0500] "GET /sipse/faces/javax.faces.resource/primefaces.css?ln=primefaces&v=4.0 HTTP/1.1" 200 53295
186.29.180.103 - - [05/Dec/2022:01:17:21 -0500] "GET /sipse/js/jquery.min.js HTTP/1.1" 304 -
186.29.180.103 - - [05/Dec/2022:01:17:21 -0500] "GET /sipse/faces/javax.faces.resource/jquery/jquery.js?ln=primefaces&v=4.0 HTTP/1.1" 304 -
186.29.180.103 - - [05/Dec/2022:01:17:21 -0500] "GET /sipse/faces/javax.faces.resource/jquery/jquery-plugins.js?ln=primefaces&v=4.0 HTTP/1.1" 304 -
186.29.180.103 - - [05/Dec/2022:01:17:21 -0500] "GET /sipse/faces/javax.faces.resource/primefaces.js?ln=primefaces&v=4.0 HTTP/1.1" 304 -
186.29.180.103 - - [05/Dec/2022:01:17:21 -0500] "GET /sipse/faces/javax.faces.resource/layout/layout.js?ln=primefaces&v=4.0 HTTP/1.1" 304 -
186.29.180.103 - - [05/Dec/2022:01:17:22 -0500] "GET /sipse/imagenes/cargando.gif HTTP/1.1" 304 -
186.29.180.103 - - [05/Dec/2022:01:17:22 -0500] "GET /sipse/imagenes/logoAplicacion.jpg HTTP/1.1" 304 -
186.29.180.103 - - [05/Dec/2022:01:17:22 -0500] "GET /sipse/css/imagen/contrasena.png HTTP/1.1" 404 383
201.245.192.253 - - [05/Dec/2022:01:17:21 -0500] "POST /kwsrmcab/Wsrmcab  HTTP/1.1" 200 43597
186.29.180.103 - - [05/Dec/2022:01:17:25 -0500] "GET /sipse/faces/javax.faces.resource/images/ui-bg_flat_0_2d5972_40x100.png?ln=primefaces-aristo HTTP/1.1" 200 183
186.29.180.103 - - [05/Dec/2022:01:17:25 -0500] "POST /sipse/faces/bienvenido.xhtml HTTP/1.1" 200 2658
186.29.180.103 - - [05/Dec/2022:01:17:27 -0500] "POST /sipse/faces/bienvenido.xhtml HTTP/1.1" 200 33989
186.29.180.103 - - [05/Dec/2022:01:17:28 -0500] "GET /sipse/faces/javax.faces.resource/jquery/jquery.js?ln=primefaces&v=4.0 HTTP/1.1" 304 -
186.29.180.103 - - [05/Dec/2022:01:17:28 -0500] "GET /sipse/faces/javax.faces.resource/jquery/jquery-plugins.js?ln=primefaces&v=4.0 HTTP/1.1" 304 -
186.29.180.103 - - [05/Dec/2022:01:17:28 -0500] "GET /sipse/faces/javax.faces.resource/primefaces.js?ln=primefaces&v=4.0 HTTP/1.1" 304 -
186.29.180.103 - - [05/Dec/2022:01:17:28 -0500] "GET /sipse/faces/javax.faces.resource/layout/layout.js?ln=primefaces&v=4.0 HTTP/1.1" 304 -
185.119.81.102 - - [05/Dec/2022:01:17:37 -0500] "GET /portaldeninos/wp-login.php HTTP/1.1" 200 2592
185.119.81.102 - - [05/Dec/2022:01:17:38 -0500] "POST /portaldeninos/wp-login.php HTTP/1.1" 200 3650
172.22.2.4 - - [05/Dec/2022:01:16:36 -0500] "HEAD /BLA/boletinlegal/ HTTP/1.1" 200 -
114.119.144.184 - - [05/Dec/2022:01:18:53 -0500] "GET /BLA/resoluciones/AUTOS%202019/0097.pdf HTTP/1.1" 200 409655
35.80.18.132 - - [05/Dec/2022:01:18:54 -0500] "GET /galeria/galeria/fotos/Humedal-Tibanica2P.jpg HTTP/1.1" 200 29568
172.22.2.4 - - [05/Dec/2022:01:17:27 -0500] "GET /BLA/boletinlegal/ HTTP/1.1" 200 57192
172.22.2.4 - - [05/Dec/2022:01:19:25 -0500] "GET /BLA/boletinlegal/ HTTP/1.1" 200 20427
66.249.65.217 - - [05/Dec/2022:01:19:57 -0500] "GET /portaldeninos/wp-includes/js/jquery/ui/mouse.min.js?ver=1.11.4 HTTP/1.1" 200 3148
66.249.65.213 - - [05/Dec/2022:01:19:59 -0500] "GET /portaldeninos/wp-content/themes/betheme/css/shortcodes.css?ver=20.9.6 HTTP/1.1" 200 138889
66.249.65.215 - - [05/Dec/2022:01:20:08 -0500] "GET /portaldeninos/wp-content/themes/betheme/assets/animations/animations.min.js?ver=20.9.6 HTTP/1.1" 200 1896
201.245.192.253 - - [05/Dec/2022:01:20:51 -0500] "POST /kwsrmcab/Wsrmcab HTTP/1.1" 200 43322
201.245.192.253 - - [05/Dec/2022:01:20:54 -0500] "POST /kwsrmcab/Wsrmcab HTTP/1.1" 200 41513
114.119.131.71 - - [05/Dec/2022:01:21:17 -0500] "GET /BLA/resoluciones/AUTOS%202018/0420.pdf HTTP/1.1" 200 314657
216.245.221.92 - - [05/Dec/2022:01:21:33 -0500] "HEAD / HTTP/1.1" 200 -
207.46.13.174 - - [05/Dec/2022:01:21:50 -0500] "GET /BLA/resoluciones/RESOLUCIONES%202020/0342.pdf HTTP/1.1" 304 -
201.245.192.253 - - [05/Dec/2022:01:22:20 -0500] "POST /kwsrmcab/Wsrmcab  HTTP/1.1" 502 1155
114.119.141.103 - - [05/Dec/2022:01:22:38 -0500] "GET /BLA/resoluciones/AUTOS%202017/5134.pdf HTTP/1.1" 200 327145
201.245.192.253 - - [05/Dec/2022:01:23:17 -0500] "POST /kwsrmcab/Wsrmcab  HTTP/1.1" 200 43597
172.22.2.4 - - [05/Dec/2022:01:23:33 -0500] "GET /BLA/boletinlegal/Circulares/2022/CIRCULAR%20No.%2000009%20DEL%2010%20DE%20OCTUBRE%20DEL%202022.pdf HTTP/1.1" 200 292772
172.22.2.4 - - [05/Dec/2022:01:22:26 -0500] "HEAD /BLA/boletinlegal/ HTTP/1.1" 200 -
201.245.192.253 - - [05/Dec/2022:01:24:21 -0500] "POST /kwsrmcab/Wsrmcab  HTTP/1.1" 200 43597
172.22.2.4 - - [05/Dec/2022:01:23:16 -0500] "GET /BLA/boletinlegal/ HTTP/1.1" 200 52453
114.119.154.26 - - [05/Dec/2022:01:25:37 -0500] "GET /BLA/resoluciones/AUTOS%202017/0802.pdf HTTP/1.1" 200 538261
216.245.221.92 - - [05/Dec/2022:01:26:33 -0500] "HEAD / HTTP/1.1" 200 -
66.249.66.86 - - [05/Dec/2022:01:26:57 -0500] "GET /galeria/galeria/fotos/10.jpg HTTP/1.1" 200 301298
114.119.131.248 - - [05/Dec/2022:01:27:06 -0500] "GET /BLA/resoluciones/AUTOS%202016/2422.pdf HTTP/1.1" 200 527042
201.245.192.253 - - [05/Dec/2022:01:29:18 -0500] "POST /kwsrmcab/Wsrmcab  HTTP/1.1" 200 43597
172.22.2.4 - - [05/Dec/2022:01:28:16 -0500] "HEAD /BLA/boletinlegal/ HTTP/1.1" 200 -
114.119.137.28 - - [05/Dec/2022:01:30:01 -0500] "GET /BLA/resoluciones/AUTOS%202016/0775.pdf HTTP/1.1" 200 474330
172.22.2.4 - - [05/Dec/2022:01:29:06 -0500] "GET /BLA/boletinlegal/ HTTP/1.1" 200 57192
201.245.192.253 - - [05/Dec/2022:01:31:00 -0500] "POST /kwsrmcab/Wsrmcab HTTP/1.1" 200 43322
201.245.192.253 - - [05/Dec/2022:01:31:03 -0500] "POST /kwsrmcab/Wsrmcab HTTP/1.1" 200 41513
114.119.157.217 - - [05/Dec/2022:01:31:25 -0500] "GET /BLA/resoluciones/AUTOS%202015/6874.pdf HTTP/1.1" 200 535718
216.245.221.92 - - [05/Dec/2022:01:31:33 -0500] "HEAD / HTTP/1.1" 200 -
172.22.2.4 - - [05/Dec/2022:01:31:55 -0500] "GET /BLA/boletinlegal/robots.txt HTTP/1.1" 404 1038
66.249.66.87 - - [05/Dec/2022:01:32:32 -0500] "GET /BLA/resoluciones/AUTOS%202011/3095.pdf HTTP/1.1" 200 297567
66.249.66.87 - - [05/Dec/2022:01:32:33 -0500] "GET /BLA/resoluciones/RESOLUCIONES%202009/5367.pdf HTTP/1.1" 200 544075
66.249.66.86 - - [05/Dec/2022:01:32:34 -0500] "GET /BLA/resoluciones/RESOLUCIONES%202009/0384.pdf HTTP/1.1" 200 360052
64.124.8.48 - - [05/Dec/2022:01:32:44 -0500] "-" 408 -
114.119.139.134 - - [05/Dec/2022:01:33:27 -0500] "GET /BLA/resoluciones/AUTOS%202015/3280.pdf HTTP/1.1" 200 538581
172.22.2.4 - - [05/Dec/2022:01:31:56 -0500] "GET /BLA/boletinlegal/index.php HTTP/1.1" 200 62423
114.119.149.195 - - [05/Dec/2022:01:33:57 -0500] "GET /BLA/resoluciones/AUTOS%202015/5165.pdf HTTP/1.1" 200 495920
66.249.65.217 - - [05/Dec/2022:01:34:06 -0500] "GET /portaldeninos/biodiversidad HTTP/1.1" 301 -
66.249.65.213 - - [05/Dec/2022:01:34:07 -0500] "GET /portaldeninos/biodiversidad/ HTTP/1.1" 200 86633
201.245.192.253 - - [05/Dec/2022:01:34:16 -0500] "POST /kwsrmcab/Wsrmcab  HTTP/1.1" 200 43597
172.22.2.4 - - [05/Dec/2022:01:34:06 -0500] "HEAD /BLA/boletinlegal/ HTTP/1.1" 200 -
216.245.221.92 - - [05/Dec/2022:01:36:33 -0500] "HEAD / HTTP/1.1" 200 -
172.22.2.4 - - [05/Dec/2022:01:34:56 -0500] "GET /BLA/boletinlegal/ HTTP/1.1" 200 57192
114.119.143.135 - - [05/Dec/2022:01:37:04 -0500] "GET /BLA/resoluciones/AUTOS%202015/2247.pdf HTTP/1.1" 200 679590
103.170.191.68 - - [05/Dec/2022:01:37:20 -0500] "GET / HTTP/1.1" 200 319
173.252.127.23 - - [05/Dec/2022:01:37:30 -0500] "GET /images/Entrenubes%201%20(1)%20(1).jpeg HTTP/1.1" 200 70096
173.252.127.15 - - [05/Dec/2022:01:37:34 -0500] "GET /images/Musgo%20SDA%20(1)%20(1).png HTTP/1.1" 200 302122
173.252.127.118 - - [05/Dec/2022:01:37:38 -0500] "GET /images/Acuerdos%2001%20(1)%20(1).jpeg HTTP/1.1" 200 32884
173.252.127.18 - - [05/Dec/2022:01:37:41 -0500] "GET /images/Reciclaton%20Nov%202022%20(1)%20(1).jpeg HTTP/1.1" 200 53811
157.55.39.39 - - [05/Dec/2022:01:37:46 -0500] "GET /BLA/resoluciones/index.php?dir=AUTOS+2018%2F HTTP/1.1" 200 442469
185.119.81.99 - - [05/Dec/2022:01:37:56 -0500] "GET /portaldeninos/wp-login.php HTTP/1.1" 200 2592
185.119.81.99 - - [05/Dec/2022:01:37:57 -0500] "POST /portaldeninos/wp-login.php HTTP/1.1" 200 3605
207.46.13.120 - - [05/Dec/2022:01:38:19 -0500] "GET /si-tienes-ropa-y-calzado-que-ya-no-usas-aca-te-presentamos-seis-puntos-a-donde-los-puedes-llevar.html HTTP/1.1" 200 872
114.119.137.65 - - [05/Dec/2022:01:38:25 -0500] "GET /BLA/resoluciones/AUTOS%202015/0814.pdf HTTP/1.1" 200 556691
201.245.192.253 - - [05/Dec/2022:01:39:16 -0500] "POST /kwsrmcab/Wsrmcab  HTTP/1.1" 200 43597
40.77.167.14 - - [05/Dec/2022:01:40:05 -0500] "GET /galeria/galeria/fotos/Humedal-la-Isla2G.jpg HTTP/1.1" 200 207490
40.77.167.14 - - [05/Dec/2022:01:40:06 -0500] "GET /BLA/resoluciones/RESOLUCIONES%202005/00001099.tif HTTP/1.1" 200 362358
207.46.13.174 - - [05/Dec/2022:01:40:14 -0500] "GET /BLA/resoluciones/index.php?dir=RESOLUCIONES+2019%2F HTTP/1.1" 200 249154
114.119.145.174 - - [05/Dec/2022:01:40:26 -0500] "GET /BLA/resoluciones/AUTOS%202014/4206.pdf HTTP/1.1" 200 1360752
201.245.192.253 - - [05/Dec/2022:01:40:56 -0500] "POST /kwsrmcab/Wsrmcab HTTP/1.1" 200 43322
201.245.192.253 - - [05/Dec/2022:01:40:59 -0500] "POST /kwsrmcab/Wsrmcab HTTP/1.1" 200 41513
216.245.221.92 - - [05/Dec/2022:01:41:33 -0500] "HEAD / HTTP/1.1" 200 -
172.22.2.4 - - [05/Dec/2022:01:39:56 -0500] "HEAD /BLA/boletinlegal/ HTTP/1.1" 200 -
172.22.2.4 - - [05/Dec/2022:01:40:47 -0500] "GET /BLA/boletinlegal/ HTTP/1.1" 200 57192
185.119.81.102 - - [05/Dec/2022:01:42:38 -0500] "GET /portaldeninos/wp-login.php HTTP/1.1" 200 2592
114.119.154.211 - - [05/Dec/2022:01:43:44 -0500] "GET /BLA/resoluciones/AUTOS%202014/3803.pdf HTTP/1.1" 200 624129
201.245.192.253 - - [05/Dec/2022:01:44:14 -0500] "POST /kwsrmcab/Wsrmcab  HTTP/1.1" 200 43597
114.119.134.159 - - [05/Dec/2022:01:46:27 -0500] "GET /BLA/resoluciones/AUTOS%202013/2690.pdf HTTP/1.1" 200 1010695
172.22.2.4 - - [05/Dec/2022:01:45:22 -0500] "GET /BLA/boletinlegal/?XDEBUG_SESSION_START=phpstorm HTTP/1.1" 200 40907
216.245.221.92 - - [05/Dec/2022:01:46:33 -0500] "HEAD / HTTP/1.1" 200 -
35.87.128.7 - - [05/Dec/2022:01:47:07 -0500] "GET /galeria/galeria/fotos/Entrenube4P.jpg HTTP/1.1" 200 10881
172.22.2.4 - - [05/Dec/2022:01:45:46 -0500] "HEAD /BLA/boletinlegal/ HTTP/1.1" 200 -
172.22.2.4 - - [05/Dec/2022:01:47:34 -0500] "GET /BLA/boletinlegal/Circulares/2019/Circular%2000018%20del%2020%20de%20noviembre%20de%202019.pdf HTTP/1.1" 304 -
172.22.2.4 - - [05/Dec/2022:01:46:36 -0500] "GET /BLA/boletinlegal/ HTTP/1.1" 200 57192
114.119.132.101 - - [05/Dec/2022:01:49:09 -0500] "GET /BLA/resoluciones/AUTOS%202013/0927.pdf HTTP/1.1" 200 1700275
201.245.192.253 - - [05/Dec/2022:01:49:13 -0500] "POST /kwsrmcab/Wsrmcab  HTTP/1.1" 200 43597
114.119.143.207 - - [05/Dec/2022:01:51:32 -0500] "GET /BLA/resoluciones/AUTOS%202013/0723.pdf HTTP/1.1" 200 958764
216.245.221.92 - - [05/Dec/2022:01:51:33 -0500] "HEAD / HTTP/1.1" 200 -
64.124.8.54 - - [05/Dec/2022:01:51:40 -0500] "GET /BLA/boletinlegal/jurisprudencia/analisis/AnalisisT-693-12.docx HTTP/1.1" 304 -
64.124.8.54 - - [05/Dec/2022:01:52:17 -0500] "GET /robots.txt HTTP/1.1" 404 1018
172.22.2.4 - - [05/Dec/2022:01:51:36 -0500] "HEAD /BLA/boletinlegal/ HTTP/1.1" 200 -
172.22.2.4 - - [05/Dec/2022:01:52:26 -0500] "GET /BLA/boletinlegal/ HTTP/1.1" 200 57192
201.245.192.253 - - [05/Dec/2022:01:54:11 -0500] "POST /kwsrmcab/Wsrmcab  HTTP/1.1" 502 1155
207.46.13.174 - - [05/Dec/2022:01:54:27 -0500] "GET /autoliquidacion/index.php?dir=solicitudes+relacionadas+con+calidad+del+aire+auditiva+y+visual HTTP/1.1" 200 5748
201.245.192.253 - - [05/Dec/2022:01:55:11 -0500] "POST /kwsrmcab/Wsrmcab  HTTP/1.1" 200 43597
162.55.37.148 - - [05/Dec/2022:01:55:23 -0500] "GET / HTTP/1.1" 200 319
114.119.141.116 - - [05/Dec/2022:01:55:55 -0500] "GET /BLA/resoluciones/AUTOS%202012/2728.pdf HTTP/1.1" 200 788277
194.55.186.124 - - [05/Dec/2022:01:55:47 -0500] "POST /boaform/admin/formLogin HTTP/1.1" 404 1186
201.245.192.253 - - [05/Dec/2022:01:56:12 -0500] "POST /kwsrmcab/Wsrmcab  HTTP/1.1" 200 43597
216.245.221.92 - - [05/Dec/2022:01:56:33 -0500] "HEAD / HTTP/1.1" 200 -
114.119.133.192 - - [05/Dec/2022:01:58:19 -0500] "GET /BLA/resoluciones/AUTOS%202012/1209.pdf HTTP/1.1" 200 174136
172.22.2.4 - - [05/Dec/2022:01:57:26 -0500] "HEAD /BLA/boletinlegal/ HTTP/1.1" 200 -
172.22.2.4 - - [05/Dec/2022:01:58:16 -0500] "GET /BLA/boletinlegal/ HTTP/1.1" 200 57192
152.61.128.50 - - [05/Dec/2022:02:01:03 -0500] "GET /arcgis/services/Calidad_del_Agua_WQI/MapServer/WMSServer?request=GetCapabilities&service=WMS HTTP/1.1" 503 1020
152.61.128.50 - - [05/Dec/2022:02:01:04 -0500] "GET /arcgis/services/Calidad_del_Agua_WQI/MapServer/WMSServer?SERVICE=WMS&REQUEST=GetCapabilities HTTP/1.1" 503 1020
152.61.128.50 - - [05/Dec/2022:02:01:04 -0500] "GET /arcgis/services/Calidad_del_Agua_WQI/MapServer/WMSServer?WMTVER=1.0.0&REQUEST=capabilities HTTP/1.1" 503 1020
201.245.192.253 - - [05/Dec/2022:02:01:11 -0500] "POST /kwsrmcab/Wsrmcab  HTTP/1.1" 200 43597
114.119.150.114 - - [05/Dec/2022:02:01:15 -0500] "GET /BLA/resoluciones/AUTOS%202012/0437.pdf HTTP/1.1" 200 157868
216.245.221.92 - - [05/Dec/2022:02:01:33 -0500] "HEAD / HTTP/1.1" 200 -
66.249.66.85 - - [05/Dec/2022:02:02:36 -0500] "GET /Publicaciones/2018EE279327.pdf HTTP/1.1" 404 228
66.249.66.86 - - [05/Dec/2022:02:02:36 -0500] "GET /BLA/resoluciones/AUTOS%202013/5704.pdf HTTP/1.1" 200 1485735
66.249.66.85 - - [05/Dec/2022:02:02:36 -0500] "GET /BLA/resoluciones/RESOLUCIONES%202012/0900.pdf HTTP/1.1" 200 550948
66.249.66.86 - - [05/Dec/2022:02:02:39 -0500] "GET /BLA/resoluciones/RESOLUCIONES%202014/0715.pdf HTTP/1.1" 200 838203
66.249.66.85 - - [05/Dec/2022:02:02:42 -0500] "GET /BLA/resoluciones/RESOLUCIONES%202010/6294.pdf HTTP/1.1" 200 55447
66.249.66.85 - - [05/Dec/2022:02:02:45 -0500] "GET /Publicaciones/2022EE295613.pdf HTTP/1.1" 404 228
66.249.66.85 - - [05/Dec/2022:02:02:48 -0500] "GET /BLA/resoluciones/AUTOS%202014/0614.pdf HTTP/1.1" 200 1096560
66.249.66.85 - - [05/Dec/2022:02:02:51 -0500] "GET /BLA/resoluciones/RESOLUCIONES%202009/0427.pdf HTTP/1.1" 200 386574
114.119.153.172 - - [05/Dec/2022:02:03:10 -0500] "GET /BLA/resoluciones/AUTOS%202010/3142.pdf HTTP/1.1" 200 140541
114.119.150.65 - - [05/Dec/2022:02:04:20 -0500] "GET /BLA/resoluciones/AUTOS%202012/0110.pdf HTTP/1.1" 200 635657
172.22.2.4 - - [05/Dec/2022:02:03:16 -0500] "HEAD /BLA/boletinlegal/ HTTP/1.1" 200 -
172.22.2.4 - - [05/Dec/2022:02:04:06 -0500] "GET /BLA/boletinlegal/ HTTP/1.1" 200 57192
201.245.192.253 - - [05/Dec/2022:02:06:10 -0500] "POST /kwsrmcab/Wsrmcab  HTTP/1.1" 200 43597
114.119.130.99 - - [05/Dec/2022:02:06:16 -0500] "GET /BLA/resoluciones/AUTOS%202010/3125.pdf HTTP/1.1" 200 134640
216.245.221.92 - - [05/Dec/2022:02:06:33 -0500] "HEAD / HTTP/1.1" 200 -
152.61.192.232 - - [05/Dec/2022:02:07:47 -0500] "GET /arcgis/services/Calidad_del_Agua_WQI/MapServer/WMSServer?request=GetCapabilities&service=WMS HTTP/1.1" 503 1020
152.61.192.232 - - [05/Dec/2022:02:07:48 -0500] "GET /arcgis/services/Calidad_del_Agua_WQI/MapServer/WMSServer?SERVICE=WMS&REQUEST=GetCapabilities HTTP/1.1" 503 1020
152.61.192.232 - - [05/Dec/2022:02:07:48 -0500] "GET /arcgis/services/Calidad_del_Agua_WQI/MapServer/WMSServer?WMTVER=1.0.0&REQUEST=capabilities HTTP/1.1" 503 1020
114.119.157.75 - - [05/Dec/2022:02:08:14 -0500] "GET /BLA/resoluciones/AUTOS%202002/1544.pdf HTTP/1.1" 200 827699
114.119.135.245 - - [05/Dec/2022:02:08:55 -0500] "GET /BLA/normatividad.php?ordenar=mas HTTP/1.1" 404 1384
157.55.39.39 - - [05/Dec/2022:02:09:42 -0500] "GET /BLA/resoluciones/index.php?dir=AUTOS+2019%2F HTTP/1.1" 200 349992
207.46.13.174 - - [05/Dec/2022:02:09:43 -0500] "GET /forest/ HTTP/1.1" 200 12041
114.119.136.155 - - [05/Dec/2022:02:09:45 -0500] "GET /Autoliquidacion/index.php?dir=Solicitudes%2Brelacionadas%2Bcon%2Bocupaci%C3%83%C2%AF%C3%82%C2%BF%C3%82%C2%BDn%2Bde%2Bcauce/&sort=name&order=asc HTTP/1.1" 200 6958
172.22.2.4 - - [05/Dec/2022:02:09:06 -0500] "HEAD /BLA/boletinlegal/ HTTP/1.1" 200 -
201.245.192.253 - - [05/Dec/2022:02:11:08 -0500] "POST /kwsrmcab/Wsrmcab  HTTP/1.1" 200 43597
172.22.2.4 - - [05/Dec/2022:02:11:35 -0500] "GET /BLA/boletinlegal/owa/auth/logon.aspx?url=https%3a%2f%2f1%2fecp%2f HTTP/1.1" 404 1018
216.245.221.92 - - [05/Dec/2022:02:11:36 -0500] "HEAD / HTTP/1.1" 200 -
172.22.2.4 - - [05/Dec/2022:02:09:56 -0500] "GET /BLA/boletinlegal/ HTTP/1.1" 200 59404
114.119.153.154 - - [05/Dec/2022:02:11:37 -0500] "GET /Autoliquidacion/index.php?dir=Solicitud%2Bde%2BLicencia%2BAmbiental/&sort=size&order=desc HTTP/1.1" 200 6876
66.249.66.85 - - [05/Dec/2022:02:11:57 -0500] "GET /galeria/galeria/fotos/cusumbo4G.jpg HTTP/1.1" 200 292522
114.119.143.182 - - [05/Dec/2022:02:14:14 -0500] "GET /Autoliquidacion/index.php?dir=Solicitud%20de%20Clasificaci%C3%83%C2%AF%C3%82%C2%BF%C3%82%C2%BDn%20de%20Impacto%20Ambiental/&sort=date&order=asc HTTP/1.1" 200 6958
40.77.167.14 - - [05/Dec/2022:02:15:29 -0500] "GET /BLA/resoluciones/00002102.tif HTTP/1.1" 404 1018
201.245.192.253 - - [05/Dec/2022:02:16:07 -0500] "POST /kwsrmcab/Wsrmcab  HTTP/1.1" 502 1155
216.245.221.92 - - [05/Dec/2022:02:16:33 -0500] "HEAD / HTTP/1.1" 200 -
172.22.2.4 - - [05/Dec/2022:02:14:56 -0500] "HEAD /BLA/boletinlegal/ HTTP/1.1" 200 -
201.245.192.253 - - [05/Dec/2022:02:17:05 -0500] "POST /kwsrmcab/Wsrmcab  HTTP/1.1" 200 43597
172.22.2.4 - - [05/Dec/2022:02:15:46 -0500] "GET /BLA/boletinlegal/ HTTP/1.1" 200 52453
201.245.192.253 - - [05/Dec/2022:02:18:06 -0500] "POST /kwsrmcab/Wsrmcab  HTTP/1.1" 200 43597
114.119.148.233 - - [05/Dec/2022:02:18:19 -0500] "GET /Autoliquidacion/index.php?dir=Solicitud%20de%20Clasificaci%C3%83%C2%83%C3%82%C2%83%C3%83%C2%82%C3%82%C2%83%C3%83%C2%83%C3%82%C2%82%C3%83%C2%82%C3%82%C2%83%C3%83%C2%83%C3%82%C2%83%C3%83%C2%82%C3%82%C2%82%C3%83%C2%83%C3%82%C2%82%C3%83%C2%82%C3%82%C2%AF%C3%83%C2%83%C3%82%C2%83%C3%83%C2%82%C3%82%C2%83%C3%83%C2%83%C3%82%C2%82%C3%83%C2%82%C3%82%C2%82%C3%83%C2%83%C3%82%C2%83%C3%83%C2%82%C3%82%C2%82%C3%83%C2%83%C3%82%C2%82%C3%83%C2%82%C3%82%C2%BF%C3%83%C2%83%C3%82%C2%83%C3%83%C2%82%C3%82%C2%83%C3%83%C2%83%C3%82%C2%82%C3%83%C2%82%C3%82%C2%82%C3%83%C2%83%C3%82%C2%83%C3%83%C2%82%C3%82%C2%82%C3%83%C2%83%C3%82%C2%82%C3%83%C2%82%C3%82%C2%BDn%20de%20Impacto%20Ambiental/&sort=name&order=asc HTTP/1.1" 200 7498
185.119.81.107 - - [05/Dec/2022:02:19:08 -0500] "GET /portaldeninos/wp-login.php HTTP/1.1" 200 2592
185.119.81.107 - - [05/Dec/2022:02:19:09 -0500] "POST /portaldeninos/wp-login.php HTTP/1.1" 200 3670
172.22.2.4 - - [05/Dec/2022:02:19:30 -0500] "GET /BLA/boletinlegal/console/ HTTP/1.1" 404 1018
114.119.136.134 - - [05/Dec/2022:02:20:22 -0500] "GET /AFLUENTESYEFUENTES/files/res/other/search.txt HTTP/1.1" 200 217227
201.245.192.253 - - [05/Dec/2022:02:20:50 -0500] "POST /kwsrmcab/Wsrmcab HTTP/1.1" 200 43186
201.245.192.253 - - [05/Dec/2022:02:20:53 -0500] "POST /kwsrmcab/Wsrmcab HTTP/1.1" 200 41682
216.245.221.92 - - [05/Dec/2022:02:21:33 -0500] "HEAD / HTTP/1.1" 200 -
172.22.2.4 - - [05/Dec/2022:02:20:46 -0500] "HEAD /BLA/boletinlegal/ HTTP/1.1" 200 -
207.46.13.48 - - [05/Dec/2022:02:22:56 -0500] "GET /catalogoisis/imagenes/limpiar1.gif HTTP/1.1" 200 606
201.245.192.253 - - [05/Dec/2022:02:23:05 -0500] "POST /kwsrmcab/Wsrmcab  HTTP/1.1" 200 43597
172.22.2.4 - - [05/Dec/2022:02:21:36 -0500] "GET /BLA/boletinlegal/ HTTP/1.1" 200 58185
185.119.81.99 - - [05/Dec/2022:02:24:35 -0500] "GET /portaldeninos/wp-login.php HTTP/1.1" 200 2592
185.119.81.99 - - [05/Dec/2022:02:24:36 -0500] "POST /portaldeninos/wp-login.php HTTP/1.1" 200 3605
141.255.166.2 - - [05/Dec/2022:02:25:50 -0500] "POST /boaform/admin/formLogin HTTP/1.1" 404 1186
216.245.221.92 - - [05/Dec/2022:02:26:33 -0500] "HEAD / HTTP/1.1" 200 -
207.46.13.174 - - [05/Dec/2022:02:26:52 -0500] "GET /forest/ HTTP/1.1" 200 12041
201.245.192.253 - - [05/Dec/2022:02:28:04 -0500] "POST /kwsrmcab/Wsrmcab  HTTP/1.1" 200 43597
172.22.2.4 - - [05/Dec/2022:02:26:36 -0500] "HEAD /BLA/boletinlegal/ HTTP/1.1" 200 -
172.22.2.4 - - [05/Dec/2022:02:27:26 -0500] "GET /BLA/boletinlegal/ HTTP/1.1" 200 57192
18.204.166.15 - - [05/Dec/2022:02:29:45 -0500] "GET /galeria/galeria/fotos/Humedal-la-conejera3P.jpg HTTP/1.1" 200 31355
201.245.192.253 - - [05/Dec/2022:02:30:59 -0500] "POST /kwsrmcab/Wsrmcab HTTP/1.1" 200 43186
201.245.192.253 - - [05/Dec/2022:02:31:02 -0500] "POST /kwsrmcab/Wsrmcab HTTP/1.1" 200 41682
207.46.13.174 - - [05/Dec/2022:02:31:24 -0500] "GET /BLA/resoluciones/index.php?dir=RESOLUCIONES+2019%2F HTTP/1.1" 200 249154
216.245.221.92 - - [05/Dec/2022:02:31:33 -0500] "HEAD / HTTP/1.1" 200 -
66.249.66.85 - - [05/Dec/2022:02:32:33 -0500] "GET /BLA/resoluciones/RESOLUCIONES%202007/RES%202007%201601%20AL%201725/RESOLUCION%201602%20DE%202007.pdf HTTP/1.1" 200 576149
66.249.66.86 - - [05/Dec/2022:02:32:34 -0500] "GET /BLA/resoluciones/RESOLUCIONES%202008/1780.pdf HTTP/1.1" 200 256435
66.249.66.86 - - [05/Dec/2022:02:32:35 -0500] "GET /BLA/resoluciones/RESOLUCIONES%202010/1062.pdf HTTP/1.1" 200 94871
66.249.66.87 - - [05/Dec/2022:02:32:36 -0500] "GET /BLA/resoluciones/RESOLUCIONES%202010/1220.pdf HTTP/1.1" 200 110112
66.249.66.86 - - [05/Dec/2022:02:32:37 -0500] "GET /BLA/resoluciones/RESOLUCIONES%202009/1656.pdf HTTP/1.1" 200 426176
173.214.175.178 - - [05/Dec/2022:02:32:51 -0500] "CONNECT cloudflare.com:443 HTTP/1.1" 405 942
201.245.192.253 - - [05/Dec/2022:02:33:02 -0500] "POST /kwsrmcab/Wsrmcab  HTTP/1.1" 200 43597
172.22.2.4 - - [05/Dec/2022:02:32:26 -0500] "HEAD /BLA/boletinlegal/ HTTP/1.1" 200 -
172.22.2.4 - - [05/Dec/2022:02:33:16 -0500] "GET /BLA/boletinlegal/ HTTP/1.1" 200 57824
216.245.221.92 - - [05/Dec/2022:02:36:33 -0500] "HEAD / HTTP/1.1" 200 -
207.46.13.194 - - [05/Dec/2022:02:37:48 -0500] "GET /BLA/resoluciones/RESOLUCIONES%202000/2000%202850-2899.tif HTTP/1.1" 200 4291775
201.245.192.253 - - [05/Dec/2022:02:38:00 -0500] "POST /kwsrmcab/Wsrmcab  HTTP/1.1" 200 43597
172.22.2.4 - - [05/Dec/2022:02:38:16 -0500] "HEAD /BLA/boletinlegal/ HTTP/1.1" 200 -
172.22.2.4 - - [05/Dec/2022:02:39:06 -0500] "GET /BLA/boletinlegal/ HTTP/1.1" 200 52453
201.245.192.253 - - [05/Dec/2022:02:41:02 -0500] "POST /kwsrmcab/Wsrmcab HTTP/1.1" 200 43186
201.245.192.253 - - [05/Dec/2022:02:41:05 -0500] "POST /kwsrmcab/Wsrmcab HTTP/1.1" 200 41682
162.55.35.116 - - [05/Dec/2022:02:41:26 -0500] "GET / HTTP/1.1" 200 319
216.245.221.92 - - [05/Dec/2022:02:41:33 -0500] "HEAD / HTTP/1.1" 200 -
168.119.49.52 - - [05/Dec/2022:02:41:34 -0500] "GET / HTTP/1.1" 200 319
64.124.8.57 - - [05/Dec/2022:02:42:38 -0500] "GET /portaldeninos/parque-mirador-de-los-nevados/ HTTP/1.1" 200 89855
200.118.64.109 - - [05/Dec/2022:02:42:51 -0500] "GET /forms/frmservlet?config=sia HTTP/1.1" 200 4046
200.118.64.109 - - [05/Dec/2022:02:42:54 -0500] "GET /forms/frmservlet?config=sia HTTP/1.1" 200 4046
200.118.64.109 - - [05/Dec/2022:02:42:54 -0500] "GET /forms/java/frmall_jinit.jar HTTP/1.1" 304 -
