!C99Shell v. 1.0 pre-release build #13!

Software: Apache. PHP/5.5.15 

uname -a: Windows NT SVR-DMZ 6.1 build 7600 (Windows Server 2008 R2 Enterprise Edition) i586 

SYSTEM 

Safe-mode: OFF (not secure)

E:\nuevo\apache\logs\   drwxrwxrwx
Free 7.33 GB of 239.26 GB (3.07%)
Detected drives: [ a ] [ c ] [ d ] [ e ] [ f ]
Home    Back    Forward    UPDIR    Refresh    Search    Buffer    Encoder    Tools    Proc.    FTP brute    Sec.    SQL    PHP-code    Update    Feedback    Self remove    Logout    


Viewing file:     access.2022.12.07.log (2.26 MB)      -rw-rw-rw-
Select action/file-type:
(+) | (+) | (+) | Code (+) | Session (+) | (+) | SDB (+) | (+) | (+) | (+) | (+) | (+) |
201.245.192.253 - - [07/Dec/2022:00:01:40 -0500] "POST /kwsrmcab/Wsrmcab  HTTP/1.1" 200 43162
216.245.221.92 - - [07/Dec/2022:00:02:41 -0500] "HEAD / HTTP/1.1" 200 -
114.119.140.219 - - [07/Dec/2022:00:03:16 -0500] "GET /BLA/resoluciones/index.php?dir=AUTOS%2B2009/&sort=size&order=desc HTTP/1.1" 200 13278
172.22.2.4 - - [07/Dec/2022:00:02:09 -0500] "HEAD /BLA/boletinlegal/ HTTP/1.1" 200 -
173.252.111.3 - - [07/Dec/2022:00:04:22 -0500] "GET /images/cr\xc3\xb3nica-29-nov-1_optimized.jpeg HTTP/1.1" 404 1034
172.22.2.4 - - [07/Dec/2022:00:03:00 -0500] "GET /BLA/boletinlegal/ HTTP/1.1" 200 57192
69.171.249.18 - - [07/Dec/2022:00:04:47 -0500] "GET /images/Entrenubes%201%20(1)%20(1).jpeg HTTP/1.1" 200 70096
186.102.61.76 - - [07/Dec/2022:00:05:32 -0500] "GET /kwssiamovil/sm/acme/a?s=U2FsdGVkX18iFqqhMgrdR0HyFyb9MFCPsgFl9/bVtEH9Hva9DCh7Cn4gU0BI6fWKi4qitjQP+QiNfO7EnJB8Ettug/zXuSVGZh7WwP0W4WhpZsSaR3IYrla3W86bbtbDkSUVGJgGcUGg2G//VqegtGGIIh8i0rof75RxaUGrv3xGeg0v6AQFIXLHMnr2WTizRfkLX70fwzPEreTE1t437AdK8ftZWKLtxTU0j4zEKLIkUWDDkrSWrYNHpZNg8PQ22ii1U1EkDDRnD465+zGZ8g==&u=U2FsdGVkX1/H6l7qCcO07B7N0WoQ6iqTg/pbKcLSXuM=&y=U2FsdGVkX19YZe/U64pEXOyDFHxkprFQS3ZZdued7zK9Cr81TQMwaEsvqkklnF00 HTTP/1.1" 200 26
186.102.61.76 - - [07/Dec/2022:00:05:32 -0500] "GET /kwssiamovil/sm/acme/a?s=U2FsdGVkX1+5cO3C+kZjBmmywBNl1K1dAgn+OQqu6IQmVO0Bkobo25g6Z9DYPsNfU+LpBKn/y+p1YJHpbwELEHOoLEL/n7/ewY+QbL9RQ91S41w7RX+TRrr9uptbX2/5BtD9tygCVpeU751MqXhXPvgi60DCnyw96Bxm5gJ57y1RRPXZhDQLkMPQbm99i5+YSKOmIxM3HbBI9IiUcbIlD5slv9Sju+X7YT7R2yw7dgng6Fol/bXhBesyzHr0NntzzmwrEuY1piyA2oSvzAX+KRbeRcHjrNhHaZScGwiaOiv17InpFK1lUdT+nW053DXPssdnMOIJ6rORBzWocXqvfhx41cwspvHfbiJs8j4HO7Wo9AyWKq+GIFe7al03VUaYFsPWjx/zS2KzrDjzg1WV7HvRkDGnXoyIZ3O4aX6BW/MEAIWiC07IVAIqLtXxPifuUK0LWKWv6J4CUgEUL6lVHiAYJgsgLMENDwMGiAWvIA30XExXDleEzHlpEJM8sppLd1SRczmv2vp7qRGBbmtEFT/8O8ACaxu0QneXGxCeP29c3R/leEkGHzCX59HneM7W4YbTpQ/zdqjYNJfTjIR9XYioP5jAqykgdgN9jmzLc8NjHJYs05AMWVVbojri0Jvs8QBDa83qalQoq+q6XkrDsfMqLMLF5Cqldzm21ekYc86KCTFVzlg15Vl0SLHgrso4gRRp2sZ2ctIA723YxcosxvmiBEwBMamtpBYKfHVC7sDiV6rkB7boXAmNumG4vU6pfFF97zZuLTP3ZIJMdHgtfzcRwcyT/dCeINW37NKBniCgvs2U6hW7jBPh+mOn55KjldRYKvluYchByvADw/r2cB2T0jsws/5rD5EgsV8MNF1yvlCqaTd3zWYnvA/97Lp0ZUupHY9+NqTC92+KdqO0OZpXJJ3TJCPF9tjaW7P4MvzNv9PCt6DbkNhxIRH2IUqstDnuu7pPRhSoWfaFR5BUJK1JM6czX9GWdD6/ep9YCFThEy+JUDzf4tZNPDj7iOfMv7AM5+likVWJPN0iIIQa5EdynxBWnWeIvn7ixGioefbp4jcQh1JwT2f2qnDMT7FIIFCnFrXtyWeZGwQzNdnEUToC1++Fr+0fHW+C/0GDSreM/4cHCWFsFAmVUHe/1/v9iA3unc+MxXn8gfkyqcnU5raw2b17OhKBWY0hoOkNTuBIGmU7+u9N5/jLMileRkePVwaD2RPXPmqmXVoDnOiRNJUiCkMOQkIBrUKNtDLpJ0cDyUBs/tdGnj3SSpOtODALU7x3WopMFlwYHmhlxuY0ogCH3FBiuc7tbq4zX5UQq5GadhM93J2Cl1ogT9kwY62AEpW9vAh8VNo6H6C0CdNfdDBMA42XnQQt0yaquhET43o=&u=U2FsdGVkX1/H6l7qCcO07B7N0WoQ6iqTg/pbKcLSXuM=&y=U2FsdGVkX19YZe/U64pEXOyDFHxkprFQS3ZZdued7zK9Cr81TQMwaEsvqkklnF00 HTTP/1.1" 200 26
186.102.61.76 - - [07/Dec/2022:00:05:32 -0500] "GET /kwssiamovil/sm/acme/a?s=U2FsdGVkX1955l8ZoaQyut3lQxT4+Sq6wV9nJ/S3qN5cR8Sw8sP42Sn1lG/TyPwx0HOxN17pbc2J47QL4chcoKkbXXj3i+8vrfrx1VoYubO7NZ4t7sJmMf1SecO8g3T2jgn/5cuIsn2MXMckIdBrwrEjqwW7L3PZU+BcGI1Gl+Q=&u=U2FsdGVkX1/H6l7qCcO07B7N0WoQ6iqTg/pbKcLSXuM=&y=U2FsdGVkX19YZe/U64pEXOyDFHxkprFQS3ZZdued7zK9Cr81TQMwaEsvqkklnF00 HTTP/1.1" 200 26
186.102.61.76 - - [07/Dec/2022:00:05:33 -0500] "GET /kwssiamovil/sm/acme/a?s=U2FsdGVkX1/nKuPtAgQBfGcp9ewIjJlq79Cq1B9+Gn4L+EkYBKPlzEPcgkmDRy5ewqnmwkdtIS7VSnMdCIe1nw9s8ZyWH1w9W5FBIdRZDzDRNmsrdwYPSbrcWsSiL5yS5jM9KHOmW3aN5yWt9ubpm+qfI1cd9bQqF/4MzDEtDMg=&u=U2FsdGVkX1/H6l7qCcO07B7N0WoQ6iqTg/pbKcLSXuM=&y=U2FsdGVkX19YZe/U64pEXOyDFHxkprFQS3ZZdued7zK9Cr81TQMwaEsvqkklnF00 HTTP/1.1" 200 26
186.102.61.76 - - [07/Dec/2022:00:05:33 -0500] "GET /kwssiamovil/sm/acme/a?s=U2FsdGVkX184EA3bytQpM2VrJZ/AhPErZAPQ7Jvx92DrXmVmZE7N/ixGFRKF6zAjFEg4+4+AlO/8nb3JtM84iTMiaXmi0YVLjlqQn6Fvv5DTghXskCW7deIVuSQyA1D8/SAcQasoM2l+3ytpyymYQmdRYwJEBLjnDPZIk2t44BA=&u=U2FsdGVkX1/H6l7qCcO07B7N0WoQ6iqTg/pbKcLSXuM=&y=U2FsdGVkX19YZe/U64pEXOyDFHxkprFQS3ZZdued7zK9Cr81TQMwaEsvqkklnF00 HTTP/1.1" 200 26
186.102.61.76 - - [07/Dec/2022:00:05:33 -0500] "GET /kwssiamovil/sm/acme/a?s=U2FsdGVkX19fh7V8WEFHNTd53+E2PiNkkEFQRbBLSrAq0xbMqcx4qTLd+4jxAr4F00g0awLNJg2lyMhGrDZ4jZt6IABKij51c0xz4Qvycs4XFBEyehwLudeauLREvjrEcFeDNjt8z8ObzusM9uE2kQSAzdEp8IRFylTrXSsR6flS8AaIKJHX8sPy5ZRh4BcO&u=U2FsdGVkX1/H6l7qCcO07B7N0WoQ6iqTg/pbKcLSXuM=&y=U2FsdGVkX19YZe/U64pEXOyDFHxkprFQS3ZZdued7zK9Cr81TQMwaEsvqkklnF00 HTTP/1.1" 200 26
172.22.2.4 - - [07/Dec/2022:00:06:20 -0500] "GET /BLA/boletinlegal/favicon.ico HTTP/1.1" 404 1018
66.249.73.88 - - [07/Dec/2022:00:06:42 -0500] "-" 408 -
201.245.192.253 - - [07/Dec/2022:00:06:39 -0500] "POST /kwsrmcab/Wsrmcab  HTTP/1.1" 200 43162
172.22.2.4 - - [07/Dec/2022:00:06:05 -0500] "GET /BLA/boletinlegal/ HTTP/1.1" 200 20427
172.22.2.4 - - [07/Dec/2022:00:06:05 -0500] "GET /BLA/boletinlegal/ HTTP/1.1" 200 32715
216.245.221.92 - - [07/Dec/2022:00:07:41 -0500] "HEAD / HTTP/1.1" 200 -
35.209.180.53 - - [07/Dec/2022:00:08:11 -0500] "GET /galeria/galeria/fotos/GuaymaralTorca4P.jpg HTTP/1.1" 200 33981
172.22.2.4 - - [07/Dec/2022:00:07:59 -0500] "HEAD /BLA/boletinlegal/ HTTP/1.1" 200 -
172.22.2.4 - - [07/Dec/2022:00:08:49 -0500] "GET /BLA/boletinlegal/ HTTP/1.1" 200 58185
201.245.192.253 - - [07/Dec/2022:00:11:37 -0500] "POST /kwsrmcab/Wsrmcab  HTTP/1.1" 200 43162
157.55.39.39 - - [07/Dec/2022:00:12:29 -0500] "GET /BLA/resoluciones/RESOLUCIONES%202001/2001%20300-349.TIF HTTP/1.1" 200 9570664
216.245.221.92 - - [07/Dec/2022:00:12:42 -0500] "HEAD / HTTP/1.1" 200 -
207.46.13.174 - - [07/Dec/2022:00:12:43 -0500] "GET /BLA/resoluciones/index.php?dir=RESOLUCIONES+2019%2F HTTP/1.1" 200 249154
114.119.167.18 - - [07/Dec/2022:00:13:45 -0500] "GET /BLA/resoluciones/RESOLUCIONES%202018/1837.pdf HTTP/1.1" 200 2416599
172.22.2.4 - - [07/Dec/2022:00:13:49 -0500] "HEAD /BLA/boletinlegal/ HTTP/1.1" 200 -
114.119.129.110 - - [07/Dec/2022:00:15:43 -0500] "GET /BLA/resoluciones/RESOLUCIONES%202010/4864.pdf HTTP/1.1" 200 754419
172.22.2.4 - - [07/Dec/2022:00:14:40 -0500] "GET /BLA/boletinlegal/ HTTP/1.1" 200 58612
201.245.192.253 - - [07/Dec/2022:00:16:35 -0500] "POST /kwsrmcab/Wsrmcab  HTTP/1.1" 200 43162
216.245.221.92 - - [07/Dec/2022:00:17:41 -0500] "HEAD / HTTP/1.1" 200 -
201.245.192.253 - - [07/Dec/2022:00:20:41 -0500] "POST /kwsrmcab/Wsrmcab HTTP/1.1" 200 43779
201.245.192.253 - - [07/Dec/2022:00:20:44 -0500] "POST /kwsrmcab/Wsrmcab HTTP/1.1" 200 43795
40.77.167.13 - - [07/Dec/2022:00:21:09 -0500] "GET /BLA/resoluciones/00000342.tif HTTP/1.1" 404 1018
172.22.2.4 - - [07/Dec/2022:00:19:39 -0500] "HEAD /BLA/boletinlegal/ HTTP/1.1" 200 -
201.245.192.253 - - [07/Dec/2022:00:21:34 -0500] "POST /kwsrmcab/Wsrmcab  HTTP/1.1" 200 43162
168.119.253.13 - - [07/Dec/2022:00:22:02 -0500] "GET / HTTP/1.1" 200 319
172.22.2.4 - - [07/Dec/2022:00:20:30 -0500] "GET /BLA/boletinlegal/ HTTP/1.1" 200 57192
216.245.221.92 - - [07/Dec/2022:00:22:41 -0500] "HEAD / HTTP/1.1" 200 -
201.245.192.253 - - [07/Dec/2022:00:26:33 -0500] "POST /kwsrmcab/Wsrmcab  HTTP/1.1" 200 43162
172.22.2.4 - - [07/Dec/2022:00:25:29 -0500] "HEAD /BLA/boletinlegal/ HTTP/1.1" 200 -
216.245.221.92 - - [07/Dec/2022:00:27:41 -0500] "HEAD / HTTP/1.1" 200 -
172.22.2.4 - - [07/Dec/2022:00:27:44 -0500] "GET /BLA/boletinlegal/jurisprudencia/analisis/AnalisisT-146-16.docx HTTP/1.1" 304 -
172.22.2.4 - - [07/Dec/2022:00:26:20 -0500] "GET /BLA/boletinlegal/ HTTP/1.1" 200 57192
205.169.39.115 - - [07/Dec/2022:00:28:04 -0500] "GET /portaldeninos/wp-includes/js/wp-emoji-release.min.js?ver=4.9.8 HTTP/1.1" 200 12026
205.169.39.115 - - [07/Dec/2022:00:28:05 -0500] "GET /portaldeninos/wp-content/plugins/google-analytics-for-wordpress/assets/js/frontend-gtag.min.js?ver=8.5.0 HTTP/1.1" 200 11801
205.169.39.115 - - [07/Dec/2022:00:28:05 -0500] "GET /portaldeninos/wp-includes/js/jquery/jquery.js?ver=1.12.4 HTTP/1.1" 200 97184
205.169.39.115 - - [07/Dec/2022:00:28:06 -0500] "GET /portaldeninos/wp-includes/js/jquery/jquery-migrate.min.js?ver=1.4.1 HTTP/1.1" 200 10056
205.169.39.115 - - [07/Dec/2022:00:28:06 -0500] "GET /portaldeninos/wp-includes/js/jquery/ui/core.min.js?ver=1.11.4 HTTP/1.1" 200 4000
205.169.39.115 - - [07/Dec/2022:00:28:06 -0500] "GET /portaldeninos/wp-content/plugins/gallery-videos/JS/modernizr.custom.js?ver=4.9.8 HTTP/1.1" 200 9019
205.169.39.115 - - [07/Dec/2022:00:28:06 -0500] "GET /portaldeninos/wp-content/plugins/gallery-videos/JS/Total-Soft-Gallery-Video-Widget.js?ver=4.9.8 HTTP/1.1" 200 80264
205.169.39.115 - - [07/Dec/2022:00:28:07 -0500] "GET /portaldeninos/wp-includes/js/jquery/ui/widget.min.js?ver=1.11.4 HTTP/1.1" 200 6908
205.169.39.115 - - [07/Dec/2022:00:28:07 -0500] "GET /portaldeninos/wp-includes/js/jquery/ui/mouse.min.js?ver=1.11.4 HTTP/1.1" 200 3148
205.169.39.115 - - [07/Dec/2022:00:28:07 -0500] "GET /portaldeninos/wp-includes/js/jquery/ui/sortable.min.js?ver=1.11.4 HTTP/1.1" 200 24899
205.169.39.115 - - [07/Dec/2022:00:28:08 -0500] "GET /portaldeninos/wp-includes/js/jquery/ui/tabs.min.js?ver=1.11.4 HTTP/1.1" 200 12110
205.169.39.115 - - [07/Dec/2022:00:28:08 -0500] "GET /portaldeninos/wp-includes/js/jquery/ui/accordion.min.js?ver=1.11.4 HTTP/1.1" 200 8584
205.169.39.115 - - [07/Dec/2022:00:28:09 -0500] "GET /portaldeninos/wp-content/themes/betheme/js/plugins.js?ver=20.9.6 HTTP/1.1" 200 197151
205.169.39.115 - - [07/Dec/2022:00:28:10 -0500] "GET /portaldeninos/wp-content/themes/betheme/js/menu.js?ver=20.9.6 HTTP/1.1" 200 2449
205.169.39.115 - - [07/Dec/2022:00:28:10 -0500] "GET /portaldeninos/wp-content/themes/betheme/assets/animations/animations.min.js?ver=20.9.6 HTTP/1.1" 200 1896
205.169.39.115 - - [07/Dec/2022:00:28:10 -0500] "GET /portaldeninos/wp-content/themes/betheme/assets/jplayer/jplayer.min.js?ver=20.9.6 HTTP/1.1" 200 52702
40.77.167.13 - - [07/Dec/2022:00:28:10 -0500] "GET /sipse/faces/javax.faces.resource/jquery/jquery.js;jsessionid=po0eguxk9yl+99dgi0tuyfqx.undefined?ln=primefaces&v=4.0 HTTP/1.1" 200 105384
205.169.39.115 - - [07/Dec/2022:00:28:10 -0500] "GET /portaldeninos/wp-content/themes/betheme/js/scripts.js?ver=20.9.6 HTTP/1.1" 200 77162
205.169.39.115 - - [07/Dec/2022:00:28:11 -0500] "GET /portaldeninos/wp-includes/js/wp-embed.min.js?ver=4.9.8 HTTP/1.1" 200 1398
207.46.13.198 - - [07/Dec/2022:00:28:32 -0500] "GET /autoliquidacion2020 HTTP/1.1" 301 250
207.46.13.198 - - [07/Dec/2022:00:28:33 -0500] "GET /autoliquidacion2020/ HTTP/1.1" 200 6146
114.119.152.77 - - [07/Dec/2022:00:29:21 -0500] "GET /BLA/resoluciones/AUTOS%202007/1698.pdf HTTP/1.1" 200 163430
201.245.192.253 - - [07/Dec/2022:00:30:40 -0500] "POST /kwsrmcab/Wsrmcab HTTP/1.1" 200 43779
201.245.192.253 - - [07/Dec/2022:00:30:43 -0500] "POST /kwsrmcab/Wsrmcab HTTP/1.1" 200 43795
40.77.167.14 - - [07/Dec/2022:00:31:02 -0500] "GET /BLA/resoluciones/RESOLUCIONES%202001/2001%20850-899.TIF HTTP/1.1" 200 9964820
201.245.192.253 - - [07/Dec/2022:00:31:33 -0500] "POST /kwsrmcab/Wsrmcab  HTTP/1.1" 200 43162
152.89.196.211 - - [07/Dec/2022:00:31:51 -0500] "GET /actuator/gateway/routes HTTP/1.1" 404 1018
35.209.52.177 - - [07/Dec/2022:00:32:31 -0500] "GET /galeria/galeria/fotos/Humedal-Tibanica3P.jpg HTTP/1.1" 200 28016
216.245.221.92 - - [07/Dec/2022:00:32:41 -0500] "HEAD / HTTP/1.1" 200 -
172.22.2.4 - - [07/Dec/2022:00:31:19 -0500] "HEAD /BLA/boletinlegal/ HTTP/1.1" 200 -
172.22.2.4 - - [07/Dec/2022:00:32:10 -0500] "GET /BLA/boletinlegal/ HTTP/1.1" 200 54452
201.245.192.253 - - [07/Dec/2022:00:36:32 -0500] "POST /kwsrmcab/Wsrmcab  HTTP/1.1" 200 43162
186.102.30.76 - - [07/Dec/2022:00:36:36 -0500] "GET /kwssiamovil/sm/acme/a?s=U2FsdGVkX18X/EmosOh15r0X6MaTcl6ol9+iJpIc5FdMZyY6n2kkNn9KbtRxaKHcf5Y0cwmQCz3T+GPVgkg1yYpa+Boebje/I3hdsqOT9kNU+UIRhG1UGGPUboXE0Go+aVmioyvxJZ6OaxyEQesA4RAHs5AmQltvNFa0cKdm4wqovfqMVAkaZqLx0WlTLYVt/CTJglodBdGTCUmoZTWlY6Dw57VLLVgxDk89JW6jeWeJffRTBAJJ8GbwBx5899qpIbS36Bmd/lU+8ZG3nUQF7Q==&u=U2FsdGVkX1/H6l7qCcO07B7N0WoQ6iqTg/pbKcLSXuM=&y=U2FsdGVkX19YZe/U64pEXOyDFHxkprFQS3ZZdued7zK9Cr81TQMwaEsvqkklnF00 HTTP/1.1" 200 26
186.102.30.76 - - [07/Dec/2022:00:36:36 -0500] "GET /kwssiamovil/sm/acme/a?s=U2FsdGVkX1+aR7WOjxfVmNY9vU39nGouSXCMlxG/W4zkTpBB5RyCtgZLxrYalz7etCtEm73LZAB+CV6cKz0WsOToIhGB00b/QbW5/uvJBJI9NFfQ0cCBBNfdVRlGVuLhCrwb6m5ld1v/dmzaFNY+dM8dOz06vr8nnaGemPGxdq6SbvGCD1k6AWiIFkd78Vhjc4ylMtQfSE02SSuPR5yI0b2nEu62H/p3pTn12yBxsPsPGlnqrDEiGVzi20Kr3aE4xjTTs6ajFHigl17xlGDB2A3VO9FqC2iNLkr9raMh+lVAf2RzmBuEMV+oC0Y/QtbAEDpb1POx9QcK+sVZRRQohgGKVb98xvXxqdYLImROCxp0eBSVNdizREdk5sR7vqh7vVBhouXehSLZu2K0/OzwToxM+OTDyvmRb5Sw5SguzYr2M3d7VnhwpgRwyCRs7UJyVeytNtw6n5IO/DeCmeyinZbatfM3MFRKSIXciJiMoDWN4mx6PqDs9RnPRW/ErtW1FoPLCS7vHkQKh7sJdjUQo223/g+dqiAdZYaOFVlZK0woB7Wt7nrhZFAd1yZpgqi+0hIi/A3LgTfgkOdQihLBscsEjTlbgEFHK9Je0QMlqYDvtTNsSFHR/DNzLH7iZusZsgQXeXsYUVp/K6COZ+ZM6ch/x1F/TuUK9cOcYpHgRBZliIRwnSxZgxngEOxooagPtIvCFCBo3DAUR4qyil5+HmuQaJw+yNXn9I/OKGnKo4fgGeJ+twUvZ0r/cDZ9YOsRNpPJiyV2ap4HmOXkCRPsT7PMYNkre4zpMvUe5jNKUhiepdK9LZTZE0HvLtDAxuZEIemOYftxI+MB7JsDfvpbFyC3fhuljkMmNAaZggSeqoKpQlKmOxw5xTx5nQmAzrLNo8bgRuYviwhVlJ0ciHiaZoE5wG5Y6G8imabi3mJRsdt7qfjnQK3snvn3VZylgs2alUsrcKMict/qtY8phppQlvcOmOboVRI+urqehmCKMSBEhA/fgpwQ/Sk246p4globvdT9lwLBAQNdYy7qwTpkAY552Zk+ecXsOxt7V/xSI45qrp7mbv7bkye59czR4o2uQVxAVezVsocoqUIdkjjwsWK3MJrvTK+oNO4C/cHoEpdR0JgAo8xne/tmXa8l6+IAqLR6P8ESkpBrnZiIMzgz632AayKiofvpR0OVczncHhqaM2zWVlb59ixIrJbogr+7OIoWNxzCeXM8eSI66ykRW697Ecg38dZkM2xrxlJ94j56zBfEM79/6i4/jiwfKMvPW7v9udMwKk7jPbtWvc9Du5rMdCNgsK6eayX7kRJcaV+IvrgRnTY37iZyYxX8U8/LML97VzrrCT53dmB0S9ifrqO8u2gvcVfxIoqBq04Dysz3w2w+cPbgSwTBS58zhPEGp3+xVadae7b6r77AwSOaqaxZPwNOteIm97Lol3L/XcBGFoj1ZoPfzMiJsjENjSbGzdFjoUVbpUHgwqhBoZ3VT77u3lCtojK5Tcpx9aUGSHIdR8S5LpKyBbcawnjwkKZdbNjrxOivUw+owRnt3KIj50fe0E96VtlKxpWgU8uTo1hlbo54Tni5BxafA4pQzWCf&u=U2FsdGVkX1/H6l7qCcO07B7N0WoQ6iqTg/pbKcLSXuM=&y=U2FsdGVkX19YZe/U64pEXOyDFHxkprFQS3ZZdued7zK9Cr81TQMwaEsvqkklnF00 HTTP/1.1" 200 26
186.102.30.76 - - [07/Dec/2022:00:36:37 -0500] "GET /kwssiamovil/sm/acme/a?s=U2FsdGVkX1/RIX8yUWSiDK/bWfilpOdqiBGf2rEddg/1GA6EMVOBn1I7S+XWr5EojJvjms+o8qK/AAEAPv5su1qQezxx2vqzXxuUqYBZEUooKrw2OJHjyaTmWnoeHThf6gvapt1qBAYRvWoAMcKFUar1Uok/GNVIPYvgq9Iy7DU=&u=U2FsdGVkX1/H6l7qCcO07B7N0WoQ6iqTg/pbKcLSXuM=&y=U2FsdGVkX19YZe/U64pEXOyDFHxkprFQS3ZZdued7zK9Cr81TQMwaEsvqkklnF00 HTTP/1.1" 200 26
186.102.30.76 - - [07/Dec/2022:00:36:37 -0500] "GET /kwssiamovil/sm/acme/a?s=U2FsdGVkX194Q9v5gTxOvrcDQwGP/7rQz/U9BsIzXch78dyMitPIBKAjJIrLnYjs6DO/NZwH/rsmDx8fspvqP4j6MY6PZIRLH2RY1rnIkbBNzxUZDsYXqGlCMAZ59DbKpS2Tps14TM+VRw0l01efE9Mv4B2dP5VNtpoivEdFGtA=&u=U2FsdGVkX1/H6l7qCcO07B7N0WoQ6iqTg/pbKcLSXuM=&y=U2FsdGVkX19YZe/U64pEXOyDFHxkprFQS3ZZdued7zK9Cr81TQMwaEsvqkklnF00 HTTP/1.1" 200 26
186.102.30.76 - - [07/Dec/2022:00:36:37 -0500] "GET /kwssiamovil/sm/acme/a?s=U2FsdGVkX19o61vaJQQ/KdZ4UkWyvsl2jVtLeWe/kX/faXER6coV7ygwJ4nS2XVLED+ExYQlpTgo8V4dC5CEsG8hJF6X6OVmbYpkPMW/PXlSXzptX40n9xeEZArjyWo9dIUNuSgakTIkr7JRXvU6DjSyuGFUR6ZX5bMD4VwHK5Y=&u=U2FsdGVkX1/H6l7qCcO07B7N0WoQ6iqTg/pbKcLSXuM=&y=U2FsdGVkX19YZe/U64pEXOyDFHxkprFQS3ZZdued7zK9Cr81TQMwaEsvqkklnF00 HTTP/1.1" 200 26
186.102.30.76 - - [07/Dec/2022:00:36:37 -0500] "GET /kwssiamovil/sm/acme/a?s=U2FsdGVkX1+1Ce0cTwhwJdFzO8VQuf6OU/jr/Rtzs7Cpjdgv4DKxVhOiroprg7fva/8madanpBG47PD4vOH1tiSNcyhTOh1x/iYTDzVpei/orUTkI6Hm8ZafgCstJbHz/8hlw9QWHfJIF5vnWXZG08dsrzCN6sQxuRuEbE2ZfDCozhyNhfG3A7qNknykd3ex&u=U2FsdGVkX1/H6l7qCcO07B7N0WoQ6iqTg/pbKcLSXuM=&y=U2FsdGVkX19YZe/U64pEXOyDFHxkprFQS3ZZdued7zK9Cr81TQMwaEsvqkklnF00 HTTP/1.1" 200 26
157.55.39.39 - - [07/Dec/2022:00:37:35 -0500] "GET /BLA/resoluciones/RESOLUCIONES%202000/2000%202250-2299.tif HTTP/1.1" 200 4902444
216.245.221.92 - - [07/Dec/2022:00:37:41 -0500] "HEAD / HTTP/1.1" 200 -
185.119.81.102 - - [07/Dec/2022:00:38:03 -0500] "GET /portaldeninos/wp-login.php HTTP/1.1" 200 2592
185.119.81.102 - - [07/Dec/2022:00:38:04 -0500] "POST /portaldeninos/wp-login.php HTTP/1.1" 200 3650
172.22.2.4 - - [07/Dec/2022:00:37:09 -0500] "HEAD /BLA/boletinlegal/ HTTP/1.1" 200 -
172.22.2.4 - - [07/Dec/2022:00:38:00 -0500] "GET /BLA/boletinlegal/ HTTP/1.1" 200 52453
114.119.154.203 - - [07/Dec/2022:00:40:42 -0500] "GET /BLA/resoluciones/RESOLUCIONES%202010/4263.pdf HTTP/1.1" 200 627738
201.245.192.253 - - [07/Dec/2022:00:40:41 -0500] "POST /kwsrmcab/Wsrmcab HTTP/1.1" 200 43779
201.245.192.253 - - [07/Dec/2022:00:40:44 -0500] "POST /kwsrmcab/Wsrmcab HTTP/1.1" 200 43795
201.245.192.253 - - [07/Dec/2022:00:41:31 -0500] "POST /kwsrmcab/Wsrmcab  HTTP/1.1" 200 43162
168.119.253.48 - - [07/Dec/2022:00:42:09 -0500] "GET / HTTP/1.1" 200 319
216.245.221.92 - - [07/Dec/2022:00:42:41 -0500] "HEAD / HTTP/1.1" 200 -
40.77.167.13 - - [07/Dec/2022:00:43:30 -0500] "GET /BLA/resoluciones/RESOLUCIONES%202000/2000%202500-2549.tif HTTP/1.1" 200 4629212
172.22.2.4 - - [07/Dec/2022:00:42:59 -0500] "HEAD /BLA/boletinlegal/ HTTP/1.1" 200 -
172.22.2.4 - - [07/Dec/2022:00:43:49 -0500] "GET /BLA/boletinlegal/ HTTP/1.1" 200 57192
201.245.192.253 - - [07/Dec/2022:00:46:30 -0500] "POST /kwsrmcab/Wsrmcab  HTTP/1.1" 200 43162
216.245.221.92 - - [07/Dec/2022:00:47:41 -0500] "HEAD / HTTP/1.1" 200 -
116.203.250.97 - - [07/Dec/2022:00:47:52 -0500] "GET / HTTP/1.1" 200 319
168.119.253.6 - - [07/Dec/2022:00:48:01 -0500] "GET / HTTP/1.1" 200 319
35.209.211.141 - - [07/Dec/2022:00:49:57 -0500] "GET /galeria/galeria/fotos/Humedal-la-conejera3P.jpg HTTP/1.1" 200 31355
172.22.2.4 - - [07/Dec/2022:00:48:49 -0500] "HEAD /BLA/boletinlegal/ HTTP/1.1" 200 -
172.22.2.4 - - [07/Dec/2022:00:49:39 -0500] "GET /BLA/boletinlegal/ HTTP/1.1" 200 57192
201.245.192.253 - - [07/Dec/2022:00:51:29 -0500] "POST /kwsrmcab/Wsrmcab  HTTP/1.1" 200 43162
40.77.167.14 - - [07/Dec/2022:00:52:03 -0500] "GET /BLA/resoluciones/00000002.tif HTTP/1.1" 404 1018
216.245.221.92 - - [07/Dec/2022:00:52:41 -0500] "HEAD / HTTP/1.1" 200 -
172.22.2.4 - - [07/Dec/2022:00:54:34 -0500] "GET /BLA/boletinlegal/Circulares/2011/Circular%20No.%209%20del%2003%20de%20Noviembre%20de%202011.pdf HTTP/1.1" 200 54568
172.22.2.4 - - [07/Dec/2022:00:56:09 -0500] "GET /BLA/boletinlegal/robots.txt HTTP/1.1" 404 1038
172.22.2.4 - - [07/Dec/2022:00:56:10 -0500] "GET /BLA/boletinlegal/norma_menu.php HTTP/1.1" 200 6318
172.22.2.4 - - [07/Dec/2022:00:54:39 -0500] "HEAD /BLA/boletinlegal/ HTTP/1.1" 200 -
172.22.2.4 - - [07/Dec/2022:00:56:29 -0500] "GET /BLA/boletinlegal/robots.txt HTTP/1.1" 404 1038
201.245.192.253 - - [07/Dec/2022:00:56:28 -0500] "POST /kwsrmcab/Wsrmcab  HTTP/1.1" 200 43162
172.22.2.4 - - [07/Dec/2022:00:55:29 -0500] "GET /BLA/boletinlegal/ HTTP/1.1" 200 50495
216.245.221.92 - - [07/Dec/2022:00:57:41 -0500] "HEAD / HTTP/1.1" 200 -
192.109.145.231 - - [07/Dec/2022:00:57:47 -0500] "GET /galeria/nivo-slider/demo/images/Otorgamiento-excelencia-ambiental-Jos%C3%A9-Celestino-Mutis-2.jpg HTTP/1.1" 304 -
172.22.2.4 - - [07/Dec/2022:00:56:30 -0500] "GET /BLA/boletinlegal/index.php HTTP/1.1" 200 59779
186.102.7.35 - - [07/Dec/2022:01:00:04 -0500] "OPTIONS /kwssiamovil/sm/setfile/f? HTTP/1.1" 200 13
186.102.7.35 - - [07/Dec/2022:01:00:04 -0500] "POST /kwssiamovil/sm/setfile/f? HTTP/1.1" 200 381
186.102.7.35 - - [07/Dec/2022:01:00:28 -0500] "GET /kwssiamovil/sm/acme/a?s=U2FsdGVkX1+3SIFthSmd/WyXkUauy9IXh5AEYFIKFw2TVNcUYrCNk2O2RpBGUOnlPB0HMlA+s3u8qXKG26soepJGm55WzrrwjuTItngVATPo8B/eMr7AwfEsIyq/YTwoYW78NSDork/wILQDLGFSoNiWRt7cbw7AYTdUfZ66zb29tb5Hg9+MqsrA1GXZQExoPPnRerO6T/JMTzZqbAWxs/TSg1udGSMWOpld6MR9zoAQSMZFDrVufzq3dLnq8V1pw+Ys2/ejEeO7RqDxyWzj7w==&u=U2FsdGVkX1/dPOznbL7GCtXaR1rMtfZli6rDwyqactt2NA3ylQHExy09d/aos9tD&y=U2FsdGVkX1+PUGR2i1hv9sktARxYjnBWJrIsQguwD8yxYkyEtVVbw/dHvaFwg6D+ HTTP/1.1" 200 26
186.102.7.35 - - [07/Dec/2022:01:00:29 -0500] "GET /kwssiamovil/sm/acme/a?s=U2FsdGVkX1+DwqcbI6d0cv81eSK8wn+RW3/R1GyMJX72ZYlsgp+BYlQ5ceJLxT/IdLYCf4e9LE6kp15qlkOLRT0W2Kdp8Jk5eQBkDtr9cCMGTTdKCP91MnxJmCShMXGscYvdfpgZOk194ZzCG1OO+BxnjebCYz9iZmwL6i2iWm5+0Cch90OP0YxPURcSO5fc4WUgZUVcDJytnYAn51wn740d1i5G/VjRLR9pv8npuo3K7XkPn0DTLYAH9//ZgWI+L1APUBV5C8+Dmng2TFVBqoPHtslHY0IAEKQl/x+KtXdeBaLgwgeNmhAASmXoS6cqSpnchrU11NqVMwVyjNPCgalVNmZrrhFY2kyILG10PATiEI9e9l4umWtYW2U2qSRMXtR+Mqb+KqDo2rMVUQaUR8oIjGmsaJsXbxsk1VDghNyEMIwoDm1tw+c/TmXWu9oQjmDR12/2CCEQaZ4FZtDVoHV2bvJ8xNneW5ZDV/N60/vmFsFK1jGKTBhlXZqmRg7jCPqrbvU9sCsc7S/PMLG/Xnyy3zfGHu6yl44G1r9vfupoKUQTkS7d3FyXpKAjh+xjmVhUqulj5qi4CpTbmn5xLYQMFHcXbg4IBW5d70r91g4lYwL9vGIc/3BMwTmh7DrUZyvbgt/BwsK+5HMVNoGTlAdNASC+kmM2zL1Ksye6YpfsFI9gGU42Poeax67pTMltV7Nd9zAtt1ehu3uH39hucIiA7W0FxrN46iRH96eSB+Ll8xFtKRNr+j3ULz5JoKkV53FzQHU1MK24noqie6M9HualPhlWp8YZFe7TVmBni2PizzCem+NSRvNxtzC/CDa/zpdnOHKq/HfGUoJbrddsgUZB7EDnJaodpF3gBte00CfHSBuGAAbGpilv0B72PKbMAosf+Z+mYiW4gxPvzBq7Oon8XKssWJbYZJ0WLoIU7B1HW/FwcPwc3paVKqYvJxkQIviLAMLKmClWG83TvrUzISmqxIMCZiXeotnlpdL7P8Rwqz//K7n/AYrP+yhm1RzKfiNHFRNL3yasN0jjJzMPdkPQXIa2+ZqNABuLjkESMf3NBULGSccxb2HwUoTxIBSi76NG/9KfLUYP9TXq3+l+7Bb7SIje6x9Ybayu5WFdlektnrzexyuI1n+TS+0bK22bH98mfkcDtNexvDLTtdc6vxxU7pDiVlGCOcWgaAjUTT+7d/QvAKZ//A2jQsvqJGSNRSJGYfBf7PalcaHi9kw2ZSDYZmIkItLOUa9D7Y611RO4ZqnsEANVwxiasZKClCtBsvaHGUWyVoWa+ZekLf6LMxtEYG9UKfjNR4qQ6+GlRY4=&u=U2FsdGVkX1/dPOznbL7GCtXaR1rMtfZli6rDwyqactt2NA3ylQHExy09d/aos9tD&y=U2FsdGVkX1+PUGR2i1hv9sktARxYjnBWJrIsQguwD8yxYkyEtVVbw/dHvaFwg6D+ HTTP/1.1" 200 26
186.102.7.35 - - [07/Dec/2022:01:00:29 -0500] "GET /kwssiamovil/sm/acme/a?s=U2FsdGVkX1/LDvmC/S1zB5yt9uOEAf9aC0u1zdXlHqOBKYYvPph1XsnqgQX87dQUIc207gpABB2UNeIE7U9u6uL3mWynv1QhFwHUhAL84NxHGcgGS00U1yho1pXpCvP5ADZYb1pzvEKQ6lPIhaSaZypHvlI8/goWkjhWhWDKu68=&u=U2FsdGVkX1/dPOznbL7GCtXaR1rMtfZli6rDwyqactt2NA3ylQHExy09d/aos9tD&y=U2FsdGVkX1+PUGR2i1hv9sktARxYjnBWJrIsQguwD8yxYkyEtVVbw/dHvaFwg6D+ HTTP/1.1" 200 26
186.102.7.35 - - [07/Dec/2022:01:00:29 -0500] "GET /kwssiamovil/sm/acme/a?s=U2FsdGVkX19K+khcOWuk5/eEE2P4qtaUgFD7UGL82tPzy3OgGinUrrBn75kNv9po/k+k8gbzhEJVL0s8kpdLO3BSi9wvtwJc75Yh2dZB2u76Al/pW9sgxQFwwz+3U2nIrl+nsu2D5IvbIgVF82tFSyhZ3C595sJ0C7IVL6VPi4k=&u=U2FsdGVkX1/dPOznbL7GCtXaR1rMtfZli6rDwyqactt2NA3ylQHExy09d/aos9tD&y=U2FsdGVkX1+PUGR2i1hv9sktARxYjnBWJrIsQguwD8yxYkyEtVVbw/dHvaFwg6D+ HTTP/1.1" 200 26
186.102.7.35 - - [07/Dec/2022:01:00:30 -0500] "GET /kwssiamovil/sm/acme/a?s=U2FsdGVkX1+LLf/z00m55vZyptcE4Eg6lcWnRrg6rIltCiGt9nyCclAZyaXJy8PZ+kBQETyzbPeiMQWHUE9H9Uk+OGVeaHNDIxPrOmQLboTLwzlzzJL41Jgsj1wKLCfRCi7Kh2G++1S2IYBzzGIP6sGq4csO/67pf9sEKRIEWDo=&u=U2FsdGVkX1/dPOznbL7GCtXaR1rMtfZli6rDwyqactt2NA3ylQHExy09d/aos9tD&y=U2FsdGVkX1+PUGR2i1hv9sktARxYjnBWJrIsQguwD8yxYkyEtVVbw/dHvaFwg6D+ HTTP/1.1" 200 26
186.102.7.35 - - [07/Dec/2022:01:00:30 -0500] "GET /kwssiamovil/sm/acme/a?s=U2FsdGVkX18B9IiVUh+5LqMVKUVqsdfNiQpabDD4DQyoTQueohILzlow0TqE/WlrgNA2DqMNczQ+Uz/2TSDdcbAkTOB9wU7Yqu2jKz+kiE2LjT0rLukdneJKqIsdXp15tFyZPiOJo5uLtMLg9NgMWWUTDnzMk6e8yX0SrMNGQ5Gwym9pz6AF9wz4eNfw2jSPIlpVATcS63iIaWMKexr1Cg==&u=U2FsdGVkX1/dPOznbL7GCtXaR1rMtfZli6rDwyqactt2NA3ylQHExy09d/aos9tD&y=U2FsdGVkX1+PUGR2i1hv9sktARxYjnBWJrIsQguwD8yxYkyEtVVbw/dHvaFwg6D+ HTTP/1.1" 200 26
186.102.7.35 - - [07/Dec/2022:01:00:30 -0500] "GET /kwssiamovil/sm/acme/a?s=U2FsdGVkX19VuBkch72z5rmoYNOG5WklwzFX1joiJ+Zm29c/s4Ca5GSBdqN6NDgWbJcPK9g5wiUESlm426c69dyvpWCG+EKmrz+cLap0Ocaz33DZ1H5B3UKGUCqfH2W5yb1Q/vz0udFDZ3GRy0IMToXeyysiXlCxZNQjZTTfnmbs8q6ZCpPGiWgjN+W0VCp+CSnWVea27kKRsOrOMOhulQ==&u=U2FsdGVkX1/dPOznbL7GCtXaR1rMtfZli6rDwyqactt2NA3ylQHExy09d/aos9tD&y=U2FsdGVkX1+PUGR2i1hv9sktARxYjnBWJrIsQguwD8yxYkyEtVVbw/dHvaFwg6D+ HTTP/1.1" 200 25
186.102.7.35 - - [07/Dec/2022:01:00:30 -0500] "GET /kwssiamovil/sm/acme/a?s=U2FsdGVkX1/TJ4JiaD1HcMreOwzGHpP5B2htlYla5g4KIJZodB+UaM2DIgSeiXqflVmYh5YtMlgEeynveko/TlHjpPC/q6IhIwrkIIfJYxny4IkQXmtNnzW2tUE65yWab08+IBJwiBlaZSuKr/ODHCxfVvEdSlcB9mEzcO8lOyKCbqDPWOgUKoZJ65K6wCoc&u=U2FsdGVkX1/dPOznbL7GCtXaR1rMtfZli6rDwyqactt2NA3ylQHExy09d/aos9tD&y=U2FsdGVkX1+PUGR2i1hv9sktARxYjnBWJrIsQguwD8yxYkyEtVVbw/dHvaFwg6D+ HTTP/1.1" 200 26
172.22.2.4 - - [07/Dec/2022:01:00:52 -0500] "GET /BLA/boletinlegal/Directivas/2018/Directiva%20No.%2027%20del%2028%20de%20diciembre%20de%202018.pdf HTTP/1.1" 304 -
201.245.192.253 - - [07/Dec/2022:01:01:28 -0500] "POST /kwsrmcab/Wsrmcab  HTTP/1.1" 200 43162
207.46.13.174 - - [07/Dec/2022:01:02:06 -0500] "GET /BLA/resoluciones/RESOLUCIONES%202000/2000%20650-699.tif HTTP/1.1" 200 6223095
172.22.2.4 - - [07/Dec/2022:01:00:29 -0500] "HEAD /BLA/boletinlegal/ HTTP/1.1" 200 -
168.119.253.32 - - [07/Dec/2022:01:02:29 -0500] "GET / HTTP/1.1" 200 319
216.245.221.92 - - [07/Dec/2022:01:02:41 -0500] "HEAD / HTTP/1.1" 200 -
172.22.2.4 - - [07/Dec/2022:01:01:19 -0500] "GET /BLA/boletinlegal/ HTTP/1.1" 200 59404
185.119.81.102 - - [07/Dec/2022:01:04:11 -0500] "GET /portaldeninos/wp-login.php HTTP/1.1" 200 2592
185.119.81.102 - - [07/Dec/2022:01:04:12 -0500] "POST /portaldeninos/wp-login.php HTTP/1.1" 200 3605
35.208.235.51 - - [07/Dec/2022:01:04:29 -0500] "GET /galeria/galeria/fotos/Entrenube3P.jpg HTTP/1.1" 200 8487
172.22.2.4 - - [07/Dec/2022:01:04:56 -0500] "GET /BLA/boletinlegal/login HTTP/1.1" 404 1018
172.22.2.4 - - [07/Dec/2022:01:05:00 -0500] "GET /BLA/boletinlegal/ReportServer HTTP/1.1" 404 1018
205.169.39.243 - - [07/Dec/2022:01:05:57 -0500] "GET /portaldeninos/wp-includes/js/wp-emoji-release.min.js?ver=4.9.8 HTTP/1.1" 200 12026
205.169.39.243 - - [07/Dec/2022:01:05:57 -0500] "GET /portaldeninos/wp-content/plugins/google-analytics-for-wordpress/assets/js/frontend-gtag.min.js?ver=8.5.0 HTTP/1.1" 200 11801
205.169.39.243 - - [07/Dec/2022:01:05:58 -0500] "GET /portaldeninos/wp-includes/js/jquery/jquery.js?ver=1.12.4 HTTP/1.1" 200 97184
205.169.39.243 - - [07/Dec/2022:01:05:59 -0500] "GET /portaldeninos/wp-includes/js/jquery/jquery-migrate.min.js?ver=1.4.1 HTTP/1.1" 200 10056
205.169.39.243 - - [07/Dec/2022:01:05:59 -0500] "GET /portaldeninos/wp-includes/js/jquery/ui/core.min.js?ver=1.11.4 HTTP/1.1" 200 4000
205.169.39.243 - - [07/Dec/2022:01:06:00 -0500] "GET /portaldeninos/wp-content/plugins/gallery-videos/JS/modernizr.custom.js?ver=4.9.8 HTTP/1.1" 200 9019
205.169.39.243 - - [07/Dec/2022:01:06:00 -0500] "GET /portaldeninos/wp-content/plugins/gallery-videos/JS/Total-Soft-Gallery-Video-Widget.js?ver=4.9.8 HTTP/1.1" 200 80264
205.169.39.243 - - [07/Dec/2022:01:06:01 -0500] "GET /portaldeninos/wp-includes/js/jquery/ui/widget.min.js?ver=1.11.4 HTTP/1.1" 200 6908
205.169.39.243 - - [07/Dec/2022:01:06:01 -0500] "GET /portaldeninos/wp-includes/js/jquery/ui/mouse.min.js?ver=1.11.4 HTTP/1.1" 200 3148
205.169.39.243 - - [07/Dec/2022:01:06:02 -0500] "GET /portaldeninos/wp-includes/js/jquery/ui/sortable.min.js?ver=1.11.4 HTTP/1.1" 200 24899
205.169.39.243 - - [07/Dec/2022:01:06:03 -0500] "GET /portaldeninos/wp-includes/js/jquery/ui/tabs.min.js?ver=1.11.4 HTTP/1.1" 200 12110
205.169.39.243 - - [07/Dec/2022:01:06:04 -0500] "GET /portaldeninos/wp-includes/js/jquery/ui/accordion.min.js?ver=1.11.4 HTTP/1.1" 200 8584
205.169.39.243 - - [07/Dec/2022:01:06:04 -0500] "GET /portaldeninos/wp-content/themes/betheme/js/plugins.js?ver=20.9.6 HTTP/1.1" 200 197151
205.169.39.243 - - [07/Dec/2022:01:06:06 -0500] "GET /portaldeninos/wp-content/themes/betheme/js/menu.js?ver=20.9.6 HTTP/1.1" 200 2449
205.169.39.243 - - [07/Dec/2022:01:06:07 -0500] "GET /portaldeninos/wp-content/themes/betheme/assets/animations/animations.min.js?ver=20.9.6 HTTP/1.1" 200 1896
205.169.39.243 - - [07/Dec/2022:01:06:07 -0500] "GET /portaldeninos/wp-content/themes/betheme/assets/jplayer/jplayer.min.js?ver=20.9.6 HTTP/1.1" 200 52702
205.169.39.243 - - [07/Dec/2022:01:06:08 -0500] "GET /portaldeninos/wp-content/themes/betheme/js/scripts.js?ver=20.9.6 HTTP/1.1" 200 77162
205.169.39.243 - - [07/Dec/2022:01:06:09 -0500] "GET /portaldeninos/wp-includes/js/wp-embed.min.js?ver=4.9.8 HTTP/1.1" 200 1398
201.245.192.253 - - [07/Dec/2022:01:06:26 -0500] "POST /kwsrmcab/Wsrmcab  HTTP/1.1" 502 1155
207.46.13.194 - - [07/Dec/2022:01:06:46 -0500] "GET /bla/resoluciones/dlf/doc.gif HTTP/1.1" 200 1079
205.210.31.46 - - [07/Dec/2022:01:07:15 -0500] "GET / HTTP/1.0" 200 319
178.34.123.244 - - [07/Dec/2022:01:07:41 -0500] "GET /boaform/admin/formLogin?username=ec8&psd=ec8 HTTP/1.0" 404 1019
216.245.221.92 - - [07/Dec/2022:01:07:41 -0500] "HEAD / HTTP/1.1" 200 -
172.22.2.4 - - [07/Dec/2022:01:06:19 -0500] "HEAD /BLA/boletinlegal/ HTTP/1.1" 200 -
201.245.192.253 - - [07/Dec/2022:01:08:32 -0500] "POST /kwsrmcab/Wsrmcab  HTTP/1.1" 200 43162
172.22.2.4 - - [07/Dec/2022:01:07:09 -0500] "GET /BLA/boletinlegal/ HTTP/1.1" 200 57192
201.245.192.253 - - [07/Dec/2022:01:09:33 -0500] "POST /kwsrmcab/Wsrmcab  HTTP/1.1" 200 43162
168.119.48.175 - - [07/Dec/2022:01:11:38 -0500] "GET / HTTP/1.1" 200 319
168.119.49.52 - - [07/Dec/2022:01:11:48 -0500] "GET / HTTP/1.1" 200 319
216.245.221.92 - - [07/Dec/2022:01:12:41 -0500] "HEAD / HTTP/1.1" 200 -
172.22.2.4 - - [07/Dec/2022:01:12:09 -0500] "HEAD /BLA/boletinlegal/ HTTP/1.1" 200 -
152.61.128.50 - - [07/Dec/2022:01:13:51 -0500] "GET / HTTP/1.1" 200 319
44.234.71.29 - - [07/Dec/2022:01:13:54 -0500] "GET /galeria/galeria/fotos/Humedal-la-conejera2P.jpg HTTP/1.1" 200 31007
152.61.192.232 - - [07/Dec/2022:01:14:10 -0500] "GET / HTTP/1.1" 200 319
201.245.192.253 - - [07/Dec/2022:01:14:31 -0500] "POST /kwsrmcab/Wsrmcab  HTTP/1.1" 200 43162
172.22.2.4 - - [07/Dec/2022:01:12:59 -0500] "GET /BLA/boletinlegal/ HTTP/1.1" 200 57192
205.210.31.13 - - [07/Dec/2022:01:14:49 -0500] "GET / HTTP/1.1" 200 319
216.245.221.92 - - [07/Dec/2022:01:17:41 -0500] "HEAD / HTTP/1.1" 200 -
198.167.203.248 - - [07/Dec/2022:01:18:54 -0500] "GET /BLA/boletinlegal/admin/index.php HTTP/1.1" 200 2324
185.119.81.102 - - [07/Dec/2022:01:19:21 -0500] "GET /portaldeninos/wp-login.php HTTP/1.1" 200 2592
185.119.81.102 - - [07/Dec/2022:01:19:22 -0500] "POST /portaldeninos/wp-login.php HTTP/1.1" 200 3605
201.245.192.253 - - [07/Dec/2022:01:19:29 -0500] "POST /kwsrmcab/Wsrmcab  HTTP/1.1" 502 1155
172.22.2.4 - - [07/Dec/2022:01:17:59 -0500] "HEAD /BLA/boletinlegal/ HTTP/1.1" 200 -
172.22.2.4 - - [07/Dec/2022:01:18:49 -0500] "GET /BLA/boletinlegal/ HTTP/1.1" 200 57192
201.245.192.253 - - [07/Dec/2022:01:20:29 -0500] "POST /kwsrmcab/Wsrmcab  HTTP/1.1" 200 43162
201.245.192.253 - - [07/Dec/2022:01:20:41 -0500] "POST /kwsrmcab/Wsrmcab HTTP/1.1" 200 43594
201.245.192.253 - - [07/Dec/2022:01:20:44 -0500] "POST /kwsrmcab/Wsrmcab HTTP/1.1" 200 42881
201.245.192.253 - - [07/Dec/2022:01:21:29 -0500] "POST /kwsrmcab/Wsrmcab  HTTP/1.1" 200 43162
216.245.221.92 - - [07/Dec/2022:01:22:41 -0500] "HEAD / HTTP/1.1" 200 -
114.119.167.18 - - [07/Dec/2022:01:23:53 -0500] "GET /BLA/resoluciones/RESOLUCIONES%202010/0430.pdf HTTP/1.1" 200 350096
40.77.167.13 - - [07/Dec/2022:01:25:06 -0500] "GET /Publicaciones/2022EE28674.pdf HTTP/1.1" 404 227
172.22.2.4 - - [07/Dec/2022:01:23:49 -0500] "HEAD /BLA/boletinlegal/ HTTP/1.1" 200 -
168.119.251.242 - - [07/Dec/2022:01:25:37 -0500] "GET / HTTP/1.1" 200 319
172.22.2.4 - - [07/Dec/2022:01:24:40 -0500] "GET /BLA/boletinlegal/ HTTP/1.1" 200 59404
162.55.37.148 - - [07/Dec/2022:01:26:59 -0500] "GET / HTTP/1.1" 200 319
185.119.81.102 - - [07/Dec/2022:01:27:20 -0500] "GET /portaldeninos/wp-login.php HTTP/1.1" 200 2592
185.119.81.102 - - [07/Dec/2022:01:27:21 -0500] "POST /portaldeninos/wp-login.php HTTP/1.1" 200 3605
201.245.192.253 - - [07/Dec/2022:01:27:37 -0500] "POST /kwsrmcab/Wsrmcab  HTTP/1.1" 200 43162
216.245.221.92 - - [07/Dec/2022:01:27:41 -0500] "HEAD / HTTP/1.1" 200 -
201.245.192.253 - - [07/Dec/2022:01:28:38 -0500] "POST /kwsrmcab/Wsrmcab  HTTP/1.1" 200 43162
201.245.192.253 - - [07/Dec/2022:01:30:41 -0500] "POST /kwsrmcab/Wsrmcab HTTP/1.1" 200 43594
201.245.192.253 - - [07/Dec/2022:01:30:44 -0500] "POST /kwsrmcab/Wsrmcab HTTP/1.1" 200 42881
172.22.2.4 - - [07/Dec/2022:01:29:39 -0500] "HEAD /BLA/boletinlegal/ HTTP/1.1" 200 -
172.22.2.4 - - [07/Dec/2022:01:30:29 -0500] "GET /BLA/boletinlegal/ HTTP/1.1" 200 57192
216.245.221.92 - - [07/Dec/2022:01:32:41 -0500] "HEAD / HTTP/1.1" 200 -
201.245.192.253 - - [07/Dec/2022:01:33:37 -0500] "POST /kwsrmcab/Wsrmcab  HTTP/1.1" 200 43162
172.22.2.4 - - [07/Dec/2022:01:35:29 -0500] "HEAD /BLA/boletinlegal/ HTTP/1.1" 200 -
216.245.221.92 - - [07/Dec/2022:01:37:41 -0500] "HEAD / HTTP/1.1" 200 -
172.22.2.4 - - [07/Dec/2022:01:36:19 -0500] "GET /BLA/boletinlegal/ HTTP/1.1" 200 54816
201.245.192.253 - - [07/Dec/2022:01:38:35 -0500] "POST /kwsrmcab/Wsrmcab  HTTP/1.1" 502 1155
201.245.192.253 - - [07/Dec/2022:01:39:35 -0500] "POST /kwsrmcab/Wsrmcab  HTTP/1.1" 200 43162
201.245.192.253 - - [07/Dec/2022:01:40:36 -0500] "POST /kwsrmcab/Wsrmcab  HTTP/1.1" 200 43162
201.245.192.253 - - [07/Dec/2022:01:40:40 -0500] "POST /kwsrmcab/Wsrmcab HTTP/1.1" 200 43594
201.245.192.253 - - [07/Dec/2022:01:40:43 -0500] "POST /kwsrmcab/Wsrmcab HTTP/1.1" 200 42881
114.119.144.178 - - [07/Dec/2022:01:41:44 -0500] "GET /BLA/resoluciones/RESOLUCIONES%202015/0997.pdf HTTP/1.1" 200 518048
216.245.221.92 - - [07/Dec/2022:01:42:41 -0500] "HEAD / HTTP/1.1" 200 -
207.46.13.120 - - [07/Dec/2022:01:42:55 -0500] "GET /si-tienes-ropa-y-calzado-que-ya-no-usas-aca-te-presentamos-seis-puntos-a-donde-los-puedes-llevar.html HTTP/1.1" 200 872
172.22.2.4 - - [07/Dec/2022:01:41:19 -0500] "HEAD /BLA/boletinlegal/ HTTP/1.1" 200 -
172.22.2.4 - - [07/Dec/2022:01:42:09 -0500] "GET /BLA/boletinlegal/ HTTP/1.1" 200 57192
40.77.167.13 - - [07/Dec/2022:01:44:47 -0500] "GET /BLA/resoluciones/RESOLUCIONES%202000/2000%201850-1899.tif HTTP/1.1" 200 4512718
201.245.192.253 - - [07/Dec/2022:01:45:35 -0500] "POST /kwsrmcab/Wsrmcab  HTTP/1.1" 200 43162
159.69.179.16 - - [07/Dec/2022:01:47:10 -0500] "GET / HTTP/1.1" 200 319
216.245.221.92 - - [07/Dec/2022:01:47:41 -0500] "HEAD / HTTP/1.1" 200 -
172.22.2.4 - - [07/Dec/2022:01:47:09 -0500] "HEAD /BLA/boletinlegal/ HTTP/1.1" 200 -
172.22.2.4 - - [07/Dec/2022:01:47:59 -0500] "GET /BLA/boletinlegal/ HTTP/1.1" 200 57192
201.245.192.253 - - [07/Dec/2022:01:50:34 -0500] "POST /kwsrmcab/Wsrmcab  HTTP/1.1" 200 43162
40.77.167.13 - - [07/Dec/2022:01:51:58 -0500] "GET /portaldeninos/corresponsal-ambiental/ HTTP/1.1" 200 93768
185.119.81.102 - - [07/Dec/2022:01:52:05 -0500] "GET /portaldeninos/wp-login.php HTTP/1.1" 200 2592
185.119.81.102 - - [07/Dec/2022:01:52:06 -0500] "POST /portaldeninos/wp-login.php HTTP/1.1" 200 3670
172.22.2.4 - - [07/Dec/2022:01:51:41 -0500] "GET /BLA/boletinlegal/ HTTP/1.1" 200 24523
40.77.167.13 - - [07/Dec/2022:01:52:17 -0500] "GET /portaldeninos/wp-content/themes/betheme/js/menu.js?ver=20.9.6 HTTP/1.1" 200 2449
40.77.167.13 - - [07/Dec/2022:01:52:17 -0500] "GET /portaldeninos/wp-includes/js/jquery/ui/mouse.min.js?ver=1.11.4 HTTP/1.1" 200 3148
40.77.167.13 - - [07/Dec/2022:01:52:17 -0500] "GET /portaldeninos/wp-includes/js/jquery/ui/tabs.min.js?ver=1.11.4 HTTP/1.1" 200 12110
40.77.167.13 - - [07/Dec/2022:01:52:17 -0500] "GET /portaldeninos/wp-includes/js/jquery/ui/widget.min.js?ver=1.11.4 HTTP/1.1" 200 6908
216.245.221.92 - - [07/Dec/2022:01:52:41 -0500] "HEAD / HTTP/1.1" 200 -
172.22.2.4 - - [07/Dec/2022:01:52:59 -0500] "HEAD /BLA/boletinlegal/ HTTP/1.1" 200 -
172.22.2.4 - - [07/Dec/2022:01:53:49 -0500] "GET /BLA/boletinlegal/ HTTP/1.1" 200 50495
201.245.192.253 - - [07/Dec/2022:01:55:34 -0500] "POST /kwsrmcab/Wsrmcab  HTTP/1.1" 200 43162
152.61.192.232 - - [07/Dec/2022:01:56:08 -0500] "GET /arcgis/services/Calidad_del_Agua_WQI/MapServer/WMSServer?request=GetCapabilities&service=WMS HTTP/1.1" 503 1020
152.61.192.232 - - [07/Dec/2022:01:56:38 -0500] "GET /arcgis/services/Calidad_del_Agua_WQI/MapServer/WMSServer?SERVICE=WMS&REQUEST=GetCapabilities HTTP/1.1" 503 1020
152.61.192.232 - - [07/Dec/2022:01:56:38 -0500] "GET /arcgis/services/Calidad_del_Agua_WQI/MapServer/WMSServer?WMTVER=1.0.0&REQUEST=capabilities HTTP/1.1" 503 1020
216.245.221.92 - - [07/Dec/2022:01:57:41 -0500] "HEAD / HTTP/1.1" 200 -
40.77.167.14 - - [07/Dec/2022:01:59:19 -0500] "GET /BLA/resoluciones/00000881.tif HTTP/1.1" 404 1018
157.55.39.105 - - [07/Dec/2022:02:00:21 -0500] "GET /portaldeninos/wp-content/themes/betheme/assets/animations/animations.min.css?ver=20.9.6 HTTP/1.1" 200 58508
157.55.39.105 - - [07/Dec/2022:02:00:22 -0500] "GET /portaldeninos/wp-includes/js/jquery/ui/accordion.min.js?ver=1.11.4 HTTP/1.1" 200 8584
157.55.39.105 - - [07/Dec/2022:02:00:22 -0500] "GET /portaldeninos/wp-includes/js/wp-embed.min.js?ver=4.9.8 HTTP/1.1" 200 1398
172.22.2.4 - - [07/Dec/2022:01:58:49 -0500] "HEAD /BLA/boletinlegal/ HTTP/1.1" 200 -
172.22.2.4 - - [07/Dec/2022:01:59:39 -0500] "GET /BLA/boletinlegal/ HTTP/1.1" 200 52453
201.245.192.253 - - [07/Dec/2022:02:01:51 -0500] "POST /kwsrmcab/Wsrmcab  HTTP/1.1" 200 14501
40.77.167.56 - - [07/Dec/2022:02:02:39 -0500] "GET /portaldeninos/wp-content/plugins/gallery-videos/CSS/Total-Soft-Gallery-Video-Widget.css?ver=4.9.8 HTTP/1.1" 200 51554
40.77.167.56 - - [07/Dec/2022:02:02:39 -0500] "GET /portaldeninos/wp-content/plugins/gallery-videos/JS/modernizr.custom.js?ver=4.9.8 HTTP/1.1" 200 9019
40.77.167.56 - - [07/Dec/2022:02:02:39 -0500] "GET /portaldeninos/wp-content/themes/betheme/assets/jplayer/css/jplayer.blue.monday.css?ver=20.9.6 HTTP/1.1" 200 9834
40.77.167.56 - - [07/Dec/2022:02:02:40 -0500] "GET /portaldeninos/wp-content/themes/betheme/css/base.css?ver=20.9.6 HTTP/1.1" 200 57283
40.77.167.56 - - [07/Dec/2022:02:02:40 -0500] "GET /portaldeninos/wp-content/themes/betheme/css/responsive.css?ver=20.9.6 HTTP/1.1" 200 55740
40.77.167.56 - - [07/Dec/2022:02:02:40 -0500] "GET /portaldeninos/wp-includes/js/jquery/jquery-migrate.min.js?ver=1.4.1 HTTP/1.1" 200 10056
216.245.221.92 - - [07/Dec/2022:02:02:41 -0500] "HEAD / HTTP/1.1" 200 -
66.249.75.36 - - [07/Dec/2022:02:02:47 -0500] "GET /BLA/resoluciones/AUTOS%202009/0613.pdf HTTP/1.1" 200 121889
201.245.192.253 - - [07/Dec/2022:02:02:51 -0500] "POST /kwsrmcab/Wsrmcab  HTTP/1.1" 200 43162
207.46.13.120 - - [07/Dec/2022:02:03:06 -0500] "GET /portaldeninos/wp-content/themes/betheme/assets/jplayer/jplayer.min.js?ver=20.9.6 HTTP/1.1" 200 52702
207.46.13.120 - - [07/Dec/2022:02:03:07 -0500] "GET /portaldeninos/wp-content/themes/betheme/js/plugins.js?ver=20.9.6 HTTP/1.1" 200 197151
207.46.13.120 - - [07/Dec/2022:02:03:08 -0500] "GET /portaldeninos/wp-includes/js/jquery/ui/sortable.min.js?ver=1.11.4 HTTP/1.1" 200 24899
207.46.13.120 - - [07/Dec/2022:02:03:08 -0500] "GET /portaldeninos/wp-includes/js/wp-emoji-release.min.js?ver=4.9.8 HTTP/1.1" 200 12026
201.245.192.253 - - [07/Dec/2022:02:03:51 -0500] "POST /kwsrmcab/Wsrmcab  HTTP/1.1" 200 43162
207.46.13.56 - - [07/Dec/2022:02:05:10 -0500] "GET /portaldeninos/wp-content/plugins/gallery-videos/CSS/totalsoft.css?ver=4.9.8 HTTP/1.1" 200 40622
207.46.13.56 - - [07/Dec/2022:02:05:11 -0500] "GET /portaldeninos/wp-content/themes/betheme/assets/ui/jquery.ui.all.css?ver=20.9.6 HTTP/1.1" 200 18765
207.46.13.56 - - [07/Dec/2022:02:05:11 -0500] "GET /portaldeninos/wp-content/themes/betheme/css/layout.css?ver=20.9.6 HTTP/1.1" 200 116639
207.46.13.56 - - [07/Dec/2022:02:05:12 -0500] "GET /portaldeninos/wp-content/themes/betheme/js/scripts.js?ver=20.9.6 HTTP/1.1" 200 77162
207.46.13.56 - - [07/Dec/2022:02:05:12 -0500] "GET /portaldeninos/wp-content/uploads/useanyfont/uaf.css?ver=1589905315 HTTP/1.1" 200 408
207.46.13.56 - - [07/Dec/2022:02:05:12 -0500] "GET /portaldeninos/wp-includes/js/jquery/jquery.js?ver=1.12.4 HTTP/1.1" 200 97184
172.22.2.4 - - [07/Dec/2022:02:04:39 -0500] "HEAD /BLA/boletinlegal/ HTTP/1.1" 200 -
172.22.2.4 - - [07/Dec/2022:02:05:29 -0500] "GET /BLA/boletinlegal/ HTTP/1.1" 200 57192
216.245.221.92 - - [07/Dec/2022:02:07:41 -0500] "HEAD / HTTP/1.1" 200 -
40.77.202.95 - - [07/Dec/2022:02:08:09 -0500] "GET /portaldeninos/wp-content/themes/betheme/style.css?ver=20.9.6 HTTP/1.1" 200 287
40.77.202.95 - - [07/Dec/2022:02:08:09 -0500] "GET /portaldeninos/wp-includes/js/jquery/ui/core.min.js?ver=1.11.4 HTTP/1.1" 502 1239
40.77.202.95 - - [07/Dec/2022:02:08:09 -0500] "GET /portaldeninos/wp-content/themes/betheme/assets/animations/animations.min.js?ver=20.9.6 HTTP/1.1" 200 1896
40.77.202.95 - - [07/Dec/2022:02:08:09 -0500] "GET /portaldeninos/wp-content/themes/betheme/css/shortcodes.css?ver=20.9.6 HTTP/1.1" 200 138889
40.77.202.95 - - [07/Dec/2022:02:08:10 -0500] "GET /portaldeninos/wp-content/themes/betheme/fonts/mfn-icons.woff?93978679 HTTP/1.1" 200 80932
201.245.192.253 - - [07/Dec/2022:02:08:51 -0500] "POST /kwsrmcab/Wsrmcab  HTTP/1.1" 200 43162
40.77.167.14 - - [07/Dec/2022:02:11:40 -0500] "GET /BLA/resoluciones/00000881.tif HTTP/1.1" 404 1018
152.61.128.50 - - [07/Dec/2022:02:11:42 -0500] "GET /arcgis/services/Calidad_del_Agua_WQI/MapServer/WMSServer?request=GetCapabilities&service=WMS HTTP/1.1" 503 1020
152.61.128.50 - - [07/Dec/2022:02:11:43 -0500] "GET /arcgis/services/Calidad_del_Agua_WQI/MapServer/WMSServer?SERVICE=WMS&REQUEST=GetCapabilities HTTP/1.1" 503 1020
152.61.128.50 - - [07/Dec/2022:02:11:43 -0500] "GET /arcgis/services/Calidad_del_Agua_WQI/MapServer/WMSServer?WMTVER=1.0.0&REQUEST=capabilities HTTP/1.1" 503 1020
172.22.2.4 - - [07/Dec/2022:02:10:29 -0500] "HEAD /BLA/boletinlegal/ HTTP/1.1" 200 -
168.119.252.243 - - [07/Dec/2022:02:12:29 -0500] "GET / HTTP/1.1" 200 319
216.245.221.92 - - [07/Dec/2022:02:12:41 -0500] "HEAD / HTTP/1.1" 200 -
172.22.2.4 - - [07/Dec/2022:02:11:19 -0500] "GET /BLA/boletinlegal/ HTTP/1.1" 200 57824
172.22.2.4 - - [07/Dec/2022:02:13:00 -0500] "GET /BLA/boletinlegal/owa/auth/logon.aspx?url=https%3a%2f%2f1%2fecp%2f HTTP/1.1" 404 1018
201.245.192.253 - - [07/Dec/2022:02:13:50 -0500] "POST /kwsrmcab/Wsrmcab  HTTP/1.1" 200 43162
114.119.150.42 - - [07/Dec/2022:02:13:57 -0500] "GET /BLA/resoluciones/RESOLUCIONES%202010/1521.pdf HTTP/1.1" 200 886800
114.119.130.251 - - [07/Dec/2022:02:16:04 -0500] "GET /Autoliquidacion/index.php?dir&sort=size&order=asc HTTP/1.1" 200 6629
173.252.127.118 - - [07/Dec/2022:02:17:14 -0500] "GET /images/Entrenubes%201%20(1)%20(1).jpeg HTTP/1.1" 200 70096
173.252.127.15 - - [07/Dec/2022:02:17:22 -0500] "GET /images/Musgo%20SDA%20(1)%20(1).png HTTP/1.1" 200 302122
173.252.127.119 - - [07/Dec/2022:02:17:32 -0500] "GET /images/Acuerdos%2001%20(1)%20(1).jpeg HTTP/1.1" 200 32884
216.245.221.92 - - [07/Dec/2022:02:17:41 -0500] "HEAD / HTTP/1.1" 200 -
172.22.2.4 - - [07/Dec/2022:02:16:19 -0500] "HEAD /BLA/boletinlegal/ HTTP/1.1" 200 -
172.22.2.4 - - [07/Dec/2022:02:17:09 -0500] "GET /BLA/boletinlegal/ HTTP/1.1" 200 57824
201.245.192.253 - - [07/Dec/2022:02:18:49 -0500] "POST /kwsrmcab/Wsrmcab  HTTP/1.1" 200 43162
201.245.192.253 - - [07/Dec/2022:02:20:44 -0500] "POST /kwsrmcab/Wsrmcab HTTP/1.1" 200 43764
201.245.192.253 - - [07/Dec/2022:02:20:46 -0500] "POST /kwsrmcab/Wsrmcab HTTP/1.1" 200 43210
114.119.148.70 - - [07/Dec/2022:02:21:08 -0500] "GET /BLA/resoluciones/index.php?dir=AUTOS%2B2022/ HTTP/1.1" 200 13279
216.245.221.92 - - [07/Dec/2022:02:22:41 -0500] "HEAD / HTTP/1.1" 200 -
172.22.2.4 - - [07/Dec/2022:02:23:11 -0500] "GET /BLA/boletinlegal/robots.txt HTTP/1.1" 404 1140
114.119.147.113 - - [07/Dec/2022:02:23:16 -0500] "GET /BLA/resoluciones/RESOLUCIONES%202010/7616.pdf HTTP/1.1" 200 80553
172.22.2.4 - - [07/Dec/2022:02:22:09 -0500] "HEAD /BLA/boletinlegal/ HTTP/1.1" 200 -
114.119.131.68 - - [07/Dec/2022:02:23:49 -0500] "GET /BLA/resoluciones/RESOLUCIONES%202010/4851.pdf HTTP/1.1" 200 754273
201.245.192.253 - - [07/Dec/2022:02:23:48 -0500] "POST /kwsrmcab/Wsrmcab  HTTP/1.1" 200 43162
44.234.71.29 - - [07/Dec/2022:02:24:30 -0500] "GET /galeria/galeria/fotos/2CaminataP5.jpg HTTP/1.1" 200 28121
172.22.2.4 - - [07/Dec/2022:02:22:59 -0500] "GET /BLA/boletinlegal/ HTTP/1.1" 200 59404
172.22.2.4 - - [07/Dec/2022:02:25:10 -0500] "GET /BLA/boletinlegal/ HTTP/1.1" 200 32715
114.119.152.148 - - [07/Dec/2022:02:26:16 -0500] "GET /BLA/resoluciones/AUTOS%202015/0173.pdf HTTP/1.1" 200 560855
114.119.138.32 - - [07/Dec/2022:02:27:12 -0500] "GET /BLA/resoluciones/AUTOS%202010/2315.pdf HTTP/1.1" 200 1632260
216.245.221.92 - - [07/Dec/2022:02:27:41 -0500] "HEAD / HTTP/1.1" 200 -
69.171.249.17 - - [07/Dec/2022:02:28:55 -0500] "GET /images/cr\xc3\xb3nica-29-nov-1_optimized.jpeg HTTP/1.1" 404 1034
194.55.186.216 - - [07/Dec/2022:02:28:57 -0500] "POST /boaform/admin/formLogin HTTP/1.1" 404 1186
172.22.2.4 - - [07/Dec/2022:02:27:59 -0500] "HEAD /BLA/boletinlegal/ HTTP/1.1" 200 -
201.245.192.253 - - [07/Dec/2022:02:29:57 -0500] "POST /kwsrmcab/Wsrmcab  HTTP/1.1" 200 43162
172.22.2.4 - - [07/Dec/2022:02:28:49 -0500] "GET /BLA/boletinlegal/ HTTP/1.1" 200 54816
201.245.192.253 - - [07/Dec/2022:02:30:44 -0500] "POST /kwsrmcab/Wsrmcab HTTP/1.1" 200 43764
201.245.192.253 - - [07/Dec/2022:02:30:47 -0500] "POST /kwsrmcab/Wsrmcab HTTP/1.1" 200 43210
201.245.192.253 - - [07/Dec/2022:02:30:57 -0500] "POST /kwsrmcab/Wsrmcab  HTTP/1.1" 200 43162
216.245.221.92 - - [07/Dec/2022:02:32:41 -0500] "HEAD / HTTP/1.1" 200 -
40.77.167.13 - - [07/Dec/2022:02:33:41 -0500] "GET /BLA/resoluciones/RESOLUCIONES%202000/2000%201550-1599.tif HTTP/1.1" 200 4511112
168.119.252.242 - - [07/Dec/2022:02:34:21 -0500] "GET / HTTP/1.1" 200 319
168.119.253.61 - - [07/Dec/2022:02:34:29 -0500] "GET / HTTP/1.1" 200 319
172.22.2.4 - - [07/Dec/2022:02:33:49 -0500] "HEAD /BLA/boletinlegal/ HTTP/1.1" 200 -
201.245.192.253 - - [07/Dec/2022:02:35:56 -0500] "POST /kwsrmcab/Wsrmcab  HTTP/1.1" 200 43162
172.22.2.4 - - [07/Dec/2022:02:34:39 -0500] "GET /BLA/boletinlegal/ HTTP/1.1" 200 52453
157.55.39.39 - - [07/Dec/2022:02:36:53 -0500] "GET /BLA/resoluciones/RESOLUCIONES%202001/2001%20200-249.TIF HTTP/1.1" 200 8819186
216.245.221.92 - - [07/Dec/2022:02:37:41 -0500] "HEAD / HTTP/1.1" 200 -
207.46.13.174 - - [07/Dec/2022:02:40:18 -0500] "GET /galeria/galeria/fotos/mirador3G.jpg HTTP/1.1" 200 131992
172.22.2.4 - - [07/Dec/2022:02:38:43 -0500] "GET /BLA/boletinlegal/ HTTP/1.1" 200 59404
201.245.192.253 - - [07/Dec/2022:02:40:40 -0500] "POST /kwsrmcab/Wsrmcab HTTP/1.1" 200 43764
201.245.192.253 - - [07/Dec/2022:02:40:43 -0500] "POST /kwsrmcab/Wsrmcab HTTP/1.1" 200 43210
201.245.192.253 - - [07/Dec/2022:02:40:55 -0500] "POST /kwsrmcab/Wsrmcab  HTTP/1.1" 200 43162
172.22.2.4 - - [07/Dec/2022:02:39:39 -0500] "HEAD /BLA/boletinlegal/ HTTP/1.1" 200 -
172.22.2.4 - - [07/Dec/2022:02:40:29 -0500] "GET /BLA/boletinlegal/ HTTP/1.1" 200 52942
216.245.221.92 - - [07/Dec/2022:02:42:41 -0500] "HEAD / HTTP/1.1" 200 -
179.43.177.154 - - [07/Dec/2022:02:43:09 -0500] "\x16\x03\x01" 400 226
179.43.177.154 - - [07/Dec/2022:02:43:10 -0500] "GET /cgit HTTP/1.1" 404 1018
138.201.157.89 - - [07/Dec/2022:02:44:17 -0500] "GET / HTTP/1.1" 200 319
159.69.179.16 - - [07/Dec/2022:02:44:35 -0500] "GET / HTTP/1.1" 200 319
207.46.13.198 - - [07/Dec/2022:02:45:04 -0500] "GET /BLA/resoluciones/RESOLUCIONES%202000/2000%202100-2149.tif HTTP/1.1" 200 5864086
201.245.192.253 - - [07/Dec/2022:02:45:54 -0500] "POST /kwsrmcab/Wsrmcab  HTTP/1.1" 200 43162
199.16.157.180 - - [07/Dec/2022:02:46:09 -0500] "GET /images/cronica-mujer-biodiveridad-30-noviembre.jpg HTTP/1.1" 200 63270
172.22.2.4 - - [07/Dec/2022:02:45:29 -0500] "HEAD /BLA/boletinlegal/ HTTP/1.1" 200 -
216.245.221.92 - - [07/Dec/2022:02:47:41 -0500] "HEAD / HTTP/1.1" 200 -
172.22.2.4 - - [07/Dec/2022:02:46:19 -0500] "GET /BLA/boletinlegal/ HTTP/1.1" 200 59404
157.55.39.42 - - [07/Dec/2022:02:48:06 -0500] "GET /mas-de-34-000-tramites-y-servicios-ambientales-se-han-atendido-por-la-ventanilla-virtual.html HTTP/1.1" 200 875
207.46.13.194 - - [07/Dec/2022:02:50:36 -0500] "GET /BLA/resoluciones/RESOLUCIONES%202001/2001%201400-1449.tif HTTP/1.1" 200 8467759
201.245.192.253 - - [07/Dec/2022:02:50:57 -0500] "POST /kwsrmcab/Wsrmcab  HTTP/1.1" 502 1155
201.245.192.253 - - [07/Dec/2022:02:51:56 -0500] "POST /kwsrmcab/Wsrmcab  HTTP/1.1" 200 43162
216.245.221.92 - - [07/Dec/2022:02:52:41 -0500] "HEAD / HTTP/1.1" 200 -
172.22.2.4 - - [07/Dec/2022:02:51:19 -0500] "HEAD /BLA/boletinlegal/ HTTP/1.1" 200 -
201.245.192.253 - - [07/Dec/2022:02:52:57 -0500] "POST /kwsrmcab/Wsrmcab  HTTP/1.1" 200 43162
172.22.2.4 - - [07/Dec/2022:02:52:09 -0500] "GET /BLA/boletinlegal/ HTTP/1.1" 200 57192
114.119.147.203 - - [07/Dec/2022:02:55:12 -0500] "GET /BLA/resoluciones/RESOLUCIONES%202012/0805.pdf HTTP/1.1" 200 467689
114.119.148.56 - - [07/Dec/2022:02:57:00 -0500] "GET /BLA/resoluciones/AUTOS%202014/6950.pdf HTTP/1.1" 200 272952
128.14.133.58 - - [07/Dec/2022:02:57:08 -0500] "GET /admin/ HTTP/1.1" 404 1018
157.55.39.39 - - [07/Dec/2022:02:57:35 -0500] "GET /BLA/resoluciones/RESOLUCIONES%202001/2001%201200-1249.tif HTTP/1.1" 200 4262737
216.245.221.92 - - [07/Dec/2022:02:57:41 -0500] "HEAD / HTTP/1.1" 200 -
168.119.253.69 - - [07/Dec/2022:02:57:49 -0500] "GET / HTTP/1.1" 200 319
201.245.192.253 - - [07/Dec/2022:02:57:56 -0500] "POST /kwsrmcab/Wsrmcab  HTTP/1.1" 200 43162
114.119.148.103 - - [07/Dec/2022:02:58:33 -0500] "GET /BLA/resoluciones/RESOLUCIONES%202014/0029.pdf HTTP/1.1" 200 317073
172.22.2.4 - - [07/Dec/2022:02:57:09 -0500] "HEAD /BLA/boletinlegal/ HTTP/1.1" 200 -
40.77.167.14 - - [07/Dec/2022:02:58:55 -0500] "GET /galeria/galeria/fotos/Soratama4P.jpg HTTP/1.1" 200 10482
207.46.13.194 - - [07/Dec/2022:02:59:37 -0500] "GET /BLA/resoluciones/RESOLUCIONES%202001/2001%201550-1607.tif HTTP/1.1" 200 3610490
172.22.2.4 - - [07/Dec/2022:02:57:59 -0500] "GET /BLA/boletinlegal/ HTTP/1.1" 200 59404
114.119.131.200 - - [07/Dec/2022:03:01:43 -0500] "GET /BLA/resoluciones/RESOLUCIONES%202018/1699.pdf HTTP/1.1" 200 642368
114.119.146.19 - - [07/Dec/2022:03:02:06 -0500] "GET /BLA/resoluciones/RESOLUCIONES%202010/0953.pdf HTTP/1.1" 200 435983
207.46.13.198 - - [07/Dec/2022:03:03:06 -0500] "GET /BLA/resoluciones/RESOLUCIONES%202001/2001%20700-749.TIF HTTP/1.1" 200 8147392
201.245.192.253 - - [07/Dec/2022:03:03:05 -0500] "POST /kwsrmcab/Wsrmcab  HTTP/1.1" 200 14501
216.245.221.92 - - [07/Dec/2022:03:03:23 -0500] "HEAD / HTTP/1.1" 200 -
114.119.128.233 - - [07/Dec/2022:03:03:57 -0500] "GET /BLA/resoluciones/RESOLUCIONES%202010/3398.pdf HTTP/1.1" 200 317064
201.245.192.253 - - [07/Dec/2022:03:04:05 -0500] "POST /kwsrmcab/Wsrmcab  HTTP/1.1" 200 43162
114.119.158.181 - - [07/Dec/2022:03:05:02 -0500] "GET /BLA/resoluciones/RESOLUCIONES%202010/2822.pdf HTTP/1.1" 200 616185
