66.249.75.33 - - [07/Dec/2022:03:05:03 -0500] "GET /BLA/resoluciones/Notificaciones/AUTOS%202022/6323.pdf HTTP/1.1" 200 491379
201.245.192.253 - - [07/Dec/2022:03:05:06 -0500] "POST /kwsrmcab/Wsrmcab  HTTP/1.1" 200 43162
66.249.75.33 - - [07/Dec/2022:03:05:09 -0500] "GET /BLA/resoluciones/Notificaciones/AUTOS%202022/6314.pdf HTTP/1.1" 200 409551
66.249.75.63 - - [07/Dec/2022:03:05:23 -0500] "GET /BLA/resoluciones/RESOLUCIONES%202010/6041.pdf HTTP/1.1" 200 44165
172.105.77.209 - - [07/Dec/2022:03:05:33 -0500] "\xba\xabd\xa1EZC\xdbM\x87\xee^\xfd\xbf\x159 X\xd4>\x12\x98\xc4<\xe0\x13\xcf" 400 226
66.249.75.63 - - [07/Dec/2022:03:06:32 -0500] "GET /BLA/resoluciones/Notificaciones/AUTOS%202022/6573.pdf HTTP/1.1" 200 1144619
54.69.177.5 - - [07/Dec/2022:03:06:33 -0500] "GET /portaldeninos/wp-content/uploads/2020/06/mapa-humedales-de-bogot%C3%A1-1.jpg HTTP/1.1" 200 1170768
114.119.146.37 - - [07/Dec/2022:03:07:04 -0500] "GET /BLA/resoluciones/RESOLUCIONES%202010/1085.pdf HTTP/1.1" 200 118444
185.119.81.102 - - [07/Dec/2022:03:07:30 -0500] "GET /portaldeninos/wp-login.php HTTP/1.1" 200 2592
185.119.81.102 - - [07/Dec/2022:03:07:31 -0500] "POST /portaldeninos/wp-login.php HTTP/1.1" 200 3670
66.249.75.63 - - [07/Dec/2022:03:08:01 -0500] "GET /BLA/resoluciones/Notificaciones/AUTOS%202022/6311.pdf HTTP/1.1" 200 413303
114.119.134.67 - - [07/Dec/2022:03:08:02 -0500] "GET /BLA/resoluciones/AUTOS%202014/6519.pdf HTTP/1.1" 200 430771
216.245.221.92 - - [07/Dec/2022:03:08:29 -0500] "HEAD / HTTP/1.1" 200 -
172.22.2.4 - - [07/Dec/2022:03:08:19 -0500] "HEAD /BLA/boletinlegal/ HTTP/1.1" 200 -
201.245.192.253 - - [07/Dec/2022:03:10:05 -0500] "POST /kwsrmcab/Wsrmcab  HTTP/1.1" 200 43162
172.22.2.4 - - [07/Dec/2022:03:09:09 -0500] "GET /BLA/boletinlegal/ HTTP/1.1" 200 55680
172.22.2.4 - - [07/Dec/2022:03:11:23 -0500] "GET /BLA/boletinlegal/jurisprudencia/analisis/analisis%20C-595-2010.doc HTTP/1.1" 200 39424
66.249.75.36 - - [07/Dec/2022:03:12:01 -0500] "GET /BLA/resoluciones/RESOLUCIONES%202009/9841.pdf HTTP/1.1" 200 789547
216.245.221.92 - - [07/Dec/2022:03:13:22 -0500] "HEAD / HTTP/1.1" 200 -
157.55.39.39 - - [07/Dec/2022:03:13:55 -0500] "GET /sipse/faces/javax.faces.resource/primefaces.js;jsessionid=8j2uftawv0qugd8rmbtxmjix.undefined?ln=primefaces&amp;v=4.0 HTTP/1.1" 200 276924
66.249.75.36 - - [07/Dec/2022:03:14:12 -0500] "GET /BLA/resoluciones/AUTOS%202011/4529.pdf HTTP/1.1" 200 190734
201.245.192.253 - - [07/Dec/2022:03:15:04 -0500] "POST /kwsrmcab/Wsrmcab  HTTP/1.1" 200 43162
172.22.2.4 - - [07/Dec/2022:03:14:09 -0500] "HEAD /BLA/boletinlegal/ HTTP/1.1" 200 -
172.22.2.4 - - [07/Dec/2022:03:14:59 -0500] "GET /BLA/boletinlegal/ HTTP/1.1" 200 57824
216.245.221.92 - - [07/Dec/2022:03:19:15 -0500] "HEAD / HTTP/1.1" 200 -
201.245.192.253 - - [07/Dec/2022:03:20:04 -0500] "POST /kwsrmcab/Wsrmcab  HTTP/1.1" 200 43162
201.245.192.253 - - [07/Dec/2022:03:20:40 -0500] "POST /kwsrmcab/Wsrmcab HTTP/1.1" 200 43771
46.35.247.89 - - [07/Dec/2022:03:20:41 -0500] "GET /portaldeninos/ HTTP/1.1" 200 110197
192.186.186.53 - - [07/Dec/2022:03:20:44 -0500] "GET /portaldeninos/wp-admin/admin-ajax.php HTTP/1.1" 400 1
201.245.192.253 - - [07/Dec/2022:03:20:43 -0500] "POST /kwsrmcab/Wsrmcab HTTP/1.1" 200 43637
192.186.186.53 - - [07/Dec/2022:03:20:46 -0500] "GET /portaldeninos/wp-admin/admin-ajax.php?action=register HTTP/1.1" 400 1
66.249.75.63 - - [07/Dec/2022:03:22:22 -0500] "GET /BLA/resoluciones/RESOLUCIONES%202008/4510.pdf HTTP/1.1" 200 667846
172.22.2.4 - - [07/Dec/2022:03:21:05 -0500] "HEAD /BLA/boletinlegal/ HTTP/1.1" 200 -
168.119.253.21 - - [07/Dec/2022:03:23:33 -0500] "GET / HTTP/1.1" 200 319
172.22.2.4 - - [07/Dec/2022:03:21:55 -0500] "GET /BLA/boletinlegal/ HTTP/1.1" 200 56825
216.245.221.92 - - [07/Dec/2022:03:24:15 -0500] "HEAD / HTTP/1.1" 200 -
201.245.192.253 - - [07/Dec/2022:03:25:03 -0500] "POST /kwsrmcab/Wsrmcab  HTTP/1.1" 502 1155
201.245.192.253 - - [07/Dec/2022:03:26:02 -0500] "POST /kwsrmcab/Wsrmcab  HTTP/1.1" 200 43162
201.245.192.253 - - [07/Dec/2022:03:27:02 -0500] "POST /kwsrmcab/Wsrmcab  HTTP/1.1" 200 43162
66.249.75.36 - - [07/Dec/2022:03:27:21 -0500] "GET /BLA/resoluciones/Notificaciones/AUTOS%202022/6523.pdf HTTP/1.1" 200 424459
172.22.2.4 - - [07/Dec/2022:03:26:55 -0500] "HEAD /BLA/boletinlegal/ HTTP/1.1" 200 -
216.245.221.92 - - [07/Dec/2022:03:29:15 -0500] "HEAD / HTTP/1.1" 200 -
172.22.2.4 - - [07/Dec/2022:03:27:45 -0500] "GET /BLA/boletinlegal/ HTTP/1.1" 200 58185
201.245.192.253 - - [07/Dec/2022:03:30:43 -0500] "POST /kwsrmcab/Wsrmcab HTTP/1.1" 502 1155
66.249.75.63 - - [07/Dec/2022:03:30:44 -0500] "GET /BLA/resoluciones/Notificaciones/AUTOS%202022/5089.pdf HTTP/1.1" 200 1011126
201.245.192.253 - - [07/Dec/2022:03:30:43 -0500] "POST /kwsrmcab/Wsrmcab HTTP/1.1" 200 43637
66.249.75.63 - - [07/Dec/2022:03:30:57 -0500] "GET /BLA/resoluciones/Notificaciones/AUTOS%202022/6359.pdf HTTP/1.1" 200 397046
157.55.39.82 - - [07/Dec/2022:03:31:40 -0500] "-" 408 -
157.55.39.39 - - [07/Dec/2022:03:31:43 -0500] "GET /galeria/galeria/fotos/GuaymaralTorca4G.jpg HTTP/1.1" 200 373786
201.245.192.253 - - [07/Dec/2022:03:32:01 -0500] "POST /kwsrmcab/Wsrmcab  HTTP/1.1" 200 43162
172.22.2.4 - - [07/Dec/2022:03:32:58 -0500] "GET /BLA/boletinlegal/Directivas/2011/Directiva%20No.%201%20del%205%20de%20Abril%20de%202011.pdf HTTP/1.1" 304 -
216.245.221.92 - - [07/Dec/2022:03:34:15 -0500] "HEAD / HTTP/1.1" 200 -
172.22.2.4 - - [07/Dec/2022:03:32:45 -0500] "HEAD /BLA/boletinlegal/ HTTP/1.1" 200 -
207.46.13.174 - - [07/Dec/2022:03:34:55 -0500] "GET /galeria/galeria/fotos/mirador4G.jpg HTTP/1.1" 200 159827
172.22.2.4 - - [07/Dec/2022:03:33:35 -0500] "GET /BLA/boletinlegal/ HTTP/1.1" 200 58612
66.249.75.63 - - [07/Dec/2022:03:36:50 -0500] "GET /BLA/resoluciones/AUTOS%202011/7678.pdf HTTP/1.1" 200 160904
201.245.192.253 - - [07/Dec/2022:03:36:59 -0500] "POST /kwsrmcab/Wsrmcab  HTTP/1.1" 502 1155
201.245.192.253 - - [07/Dec/2022:03:37:59 -0500] "POST /kwsrmcab/Wsrmcab  HTTP/1.1" 200 43162
186.29.231.80 - - [07/Dec/2022:03:38:26 -0500] "GET /feria-de-emprendimiento-mujeres-que-reverdecen-expusieron-sus-proyectos.html HTTP/1.1" 200 889
172.22.2.4 - - [07/Dec/2022:03:38:40 -0500] "GET /BLA/boletinlegal/jurisprudencia/analisis/analisis%20C-595-2010.doc HTTP/1.1" 200 39424
201.245.192.253 - - [07/Dec/2022:03:38:59 -0500] "POST /kwsrmcab/Wsrmcab  HTTP/1.1" 200 43162
216.245.221.92 - - [07/Dec/2022:03:39:15 -0500] "HEAD / HTTP/1.1" 200 -
66.249.75.36 - - [07/Dec/2022:03:39:42 -0500] "GET /portel_dama/libreria/php/2006/restauracion/22_proye/xtras_in/2a.pdf HTTP/1.1" 404 1018
172.22.2.4 - - [07/Dec/2022:03:38:35 -0500] "HEAD /BLA/boletinlegal/ HTTP/1.1" 200 -
66.249.75.63 - - [07/Dec/2022:03:40:20 -0500] "GET /BLA/resoluciones/Notificaciones/AUTOS%202022/5994.pdf HTTP/1.1" 200 510638
66.249.75.63 - - [07/Dec/2022:03:40:30 -0500] "GET /BLA/resoluciones/Notificaciones/AUTOS%202022/6564.pdf HTTP/1.1" 200 415871
66.249.75.63 - - [07/Dec/2022:03:40:33 -0500] "GET /BLA/resoluciones/Notificaciones/AUTOS%202022/6517.pdf HTTP/1.1" 200 434613
201.245.192.253 - - [07/Dec/2022:03:40:40 -0500] "POST /kwsrmcab/Wsrmcab HTTP/1.1" 200 43771
201.245.192.253 - - [07/Dec/2022:03:40:43 -0500] "POST /kwsrmcab/Wsrmcab HTTP/1.1" 200 43637
172.22.2.4 - - [07/Dec/2022:03:39:25 -0500] "GET /BLA/boletinlegal/ HTTP/1.1" 200 59404
201.245.192.253 - - [07/Dec/2022:03:43:58 -0500] "POST /kwsrmcab/Wsrmcab  HTTP/1.1" 502 1155
201.245.192.253 - - [07/Dec/2022:03:44:57 -0500] "POST /kwsrmcab/Wsrmcab  HTTP/1.1" 200 43162
201.245.192.253 - - [07/Dec/2022:03:45:58 -0500] "POST /kwsrmcab/Wsrmcab  HTTP/1.1" 200 43162
185.119.81.102 - - [07/Dec/2022:03:46:18 -0500] "GET /portaldeninos/wp-login.php HTTP/1.1" 200 2592
185.119.81.102 - - [07/Dec/2022:03:46:19 -0500] "POST /portaldeninos/wp-login.php HTTP/1.1" 200 3650
216.245.221.92 - - [07/Dec/2022:03:47:48 -0500] "HEAD / HTTP/1.1" 200 -
162.55.165.184 - - [07/Dec/2022:03:48:23 -0500] "GET / HTTP/1.1" 200 319
185.119.81.102 - - [07/Dec/2022:03:49:21 -0500] "GET /portaldeninos/wp-login.php HTTP/1.1" 200 2592
185.119.81.102 - - [07/Dec/2022:03:49:22 -0500] "POST /portaldeninos/wp-login.php HTTP/1.1" 200 3605
66.249.75.33 - - [07/Dec/2022:03:49:35 -0500] "GET /BLA/resoluciones/AUTOS%202008/0401.pdf HTTP/1.1" 200 113228
66.249.75.63 - - [07/Dec/2022:03:49:57 -0500] "GET /BLA/resoluciones/RESOLUCIONES%202010/5234.pdf HTTP/1.1" 200 778733
66.249.75.33 - - [07/Dec/2022:03:50:15 -0500] "GET /BLA/resoluciones/RESOLUCIONES%202007/RES%202007%201%20AL%20100/RESOLUCION%200006%20DE%202007.pdf HTTP/1.1" 200 263078
66.249.75.63 - - [07/Dec/2022:03:50:24 -0500] "GET /BLA/resoluciones/Notificaciones/RESOLUCIONES%202022/3487.pdf HTTP/1.1" 200 464493
201.245.192.253 - - [07/Dec/2022:03:50:56 -0500] "POST /kwsrmcab/Wsrmcab  HTTP/1.1" 200 43162
207.46.13.174 - - [07/Dec/2022:03:51:08 -0500] "GET /BLA/resoluciones/AUTOS%202022/4067.pdf HTTP/1.1" 304 -
40.77.167.14 - - [07/Dec/2022:03:51:19 -0500] "GET /bla/resoluciones/resoluciones%201998/0517.pdf HTTP/1.1" 304 -
66.249.75.36 - - [07/Dec/2022:03:51:31 -0500] "GET /BLA/resoluciones/RESOLUCIONES%202009/8855.pdf HTTP/1.1" 200 186459
172.22.2.4 - - [07/Dec/2022:03:50:16 -0500] "HEAD /BLA/boletinlegal/ HTTP/1.1" 200 -
66.249.75.33 - - [07/Dec/2022:03:52:46 -0500] "GET /BLA/resoluciones/Notificaciones/AUTOS%202022/6026.pdf HTTP/1.1" 200 425637
172.22.2.4 - - [07/Dec/2022:03:51:06 -0500] "GET /BLA/boletinlegal/ HTTP/1.1" 200 59035
216.245.221.92 - - [07/Dec/2022:03:52:48 -0500] "HEAD / HTTP/1.1" 200 -
44.234.33.70 - - [07/Dec/2022:03:52:53 -0500] "GET /galeria/galeria/fotos/GuaymaralTorca4G.jpg HTTP/1.1" 200 373786
66.249.75.36 - - [07/Dec/2022:03:53:03 -0500] "GET /BLA/resoluciones/Notificaciones/AUTOS%202022/6340.pdf HTTP/1.1" 200 408317
40.77.167.13 - - [07/Dec/2022:03:54:18 -0500] "GET /BLA/resoluciones/RESOLUCIONES%202000/2000%20500-549.tif HTTP/1.1" 200 4589773
66.249.75.36 - - [07/Dec/2022:03:55:05 -0500] "GET /BLA/resoluciones/Notificaciones/AUTOS%202022/6371.pdf HTTP/1.1" 200 1499249
114.119.156.175 - - [07/Dec/2022:03:55:10 -0500] "GET /BLA/resoluciones/RESOLUCIONES%202010/7107.pdf HTTP/1.1" 200 64653
66.249.75.33 - - [07/Dec/2022:03:55:18 -0500] "GET /BLA/resoluciones/Notificaciones/AUTOS%202022/6389.pdf HTTP/1.1" 200 489579
66.249.75.33 - - [07/Dec/2022:03:55:31 -0500] "GET /BLA/resoluciones/RESOLUCIONES%202012/1038.pdf HTTP/1.1" 200 331960
66.249.75.33 - - [07/Dec/2022:03:55:33 -0500] "GET /BLA/resoluciones/Notificaciones/AUTOS%202022/6339.pdf HTTP/1.1" 200 406320
66.249.75.33 - - [07/Dec/2022:03:55:49 -0500] "GET /BLA/resoluciones/RESOLUCIONES%202013/1188.pdf HTTP/1.1" 200 427655
201.245.192.253 - - [07/Dec/2022:03:55:54 -0500] "POST /kwsrmcab/Wsrmcab  HTTP/1.1" 200 43162
66.249.75.36 - - [07/Dec/2022:03:56:05 -0500] "GET /BLA/resoluciones/Notificaciones/AUTOS%202022/6365.pdf HTTP/1.1" 200 393631
66.249.75.63 - - [07/Dec/2022:03:56:21 -0500] "GET /BLA/resoluciones/RESOLUCIONES%202011/3477.pdf HTTP/1.1" 200 534308
66.249.75.63 - - [07/Dec/2022:03:56:25 -0500] "GET /BLA/resoluciones/Notificaciones/AUTOS%202022/6251.pdf HTTP/1.1" 200 606474
66.249.75.33 - - [07/Dec/2022:03:56:35 -0500] "GET /BLA/resoluciones/AUTOS%202017/4260.pdf HTTP/1.1" 200 842843
66.249.75.33 - - [07/Dec/2022:03:56:38 -0500] "GET /BLA/resoluciones/Notificaciones/AUTOS%202022/2534.pdf HTTP/1.1" 200 365729
66.249.75.33 - - [07/Dec/2022:03:56:44 -0500] "GET /resoluciones/RESOLUCIONES%202009/3864.pdf HTTP/1.1" 404 1018
66.249.75.63 - - [07/Dec/2022:03:56:55 -0500] "GET /BLA/resoluciones/AUTOS%202008/3180.pdf HTTP/1.1" 200 205045
66.249.75.63 - - [07/Dec/2022:03:56:56 -0500] "GET /BLA/resoluciones/AUTOS%202012/2566.pdf HTTP/1.1" 200 505067
66.249.75.36 - - [07/Dec/2022:03:56:59 -0500] "GET /BLA/resoluciones/RESOLUCIONES%202011/0358.pdf HTTP/1.1" 200 91127
66.249.75.63 - - [07/Dec/2022:03:57:07 -0500] "GET /BLA/resoluciones/Notificaciones/AUTOS%202022/6333.pdf HTTP/1.1" 200 408893
66.249.75.33 - - [07/Dec/2022:03:57:09 -0500] "GET /BLA/resoluciones/AUTOS%202013/2294.pdf HTTP/1.1" 200 701595
66.249.75.63 - - [07/Dec/2022:03:57:11 -0500] "GET /BLA/resoluciones/RESOLUCIONES%202017/3002.pdf HTTP/1.1" 200 307060
66.249.75.63 - - [07/Dec/2022:03:57:20 -0500] "GET /BLA/resoluciones/Notificaciones/RESOLUCIONES%202022/2761.pdf HTTP/1.1" 200 413733
66.249.75.33 - - [07/Dec/2022:03:57:36 -0500] "GET /BLA/resoluciones/AUTOS%202015/3342.pdf HTTP/1.1" 200 462390
172.22.2.4 - - [07/Dec/2022:03:56:06 -0500] "HEAD /BLA/boletinlegal/ HTTP/1.1" 200 -
216.245.221.92 - - [07/Dec/2022:03:57:48 -0500] "HEAD / HTTP/1.1" 200 -
172.22.2.4 - - [07/Dec/2022:03:57:53 -0500] "GET /BLA/boletinlegal/Circulares/2022/CIRCULAR%20No.%2000009%20DEL%2010%20DE%20OCTUBRE%20DEL%202022.pdf HTTP/1.1" 200 292772
66.249.75.63 - - [07/Dec/2022:03:58:08 -0500] "GET /BLA/resoluciones/RESOLUCIONES%202017/1815.pdf HTTP/1.1" 200 327736
66.249.75.33 - - [07/Dec/2022:03:58:10 -0500] "GET /BLA/resoluciones/Notificaciones/AUTOS%202022/2536.pdf HTTP/1.1" 200 373114
66.249.75.33 - - [07/Dec/2022:03:58:23 -0500] "GET /BLA/resoluciones/Autos%202008/1972.pdf HTTP/1.1" 200 90468
172.22.2.4 - - [07/Dec/2022:03:56:56 -0500] "GET /BLA/boletinlegal/ HTTP/1.1" 200 59404
66.249.75.33 - - [07/Dec/2022:03:59:05 -0500] "GET /BLA/resoluciones/RESOLUCIONES%202009/3487.pdf HTTP/1.1" 200 682153
66.249.75.63 - - [07/Dec/2022:03:59:12 -0500] "GET /BLA/jurisprudencia/sentencias/C-703-10.rtf HTTP/1.1" 404 1018
66.249.75.63 - - [07/Dec/2022:03:59:17 -0500] "GET /portel_dama/libreria/php/2006/restauracion/22_proye/xtras_in/4.pdf HTTP/1.1" 404 1018
114.119.155.145 - - [07/Dec/2022:03:59:24 -0500] "GET /BLA/resoluciones/RESOLUCIONES%202010/5694.pdf HTTP/1.1" 200 107187
66.249.75.63 - - [07/Dec/2022:03:59:37 -0500] "GET /BLA/resoluciones/RESOLUCIONES%202008/3740.pdf HTTP/1.1" 200 242537
66.249.75.63 - - [07/Dec/2022:03:59:52 -0500] "GET /resoluciones/RESOLUCIONES%202008/3741.pdf HTTP/1.1" 404 1018
66.249.75.33 - - [07/Dec/2022:04:00:04 -0500] "GET /BLA/resoluciones/RESOLUCIONES%202008/0392.pdf HTTP/1.1" 200 273552
66.249.75.33 - - [07/Dec/2022:04:00:06 -0500] "GET /BLA/resoluciones/RESOLUCIONES%202010/5179.pdf HTTP/1.1" 200 1408332
66.249.75.33 - - [07/Dec/2022:04:00:07 -0500] "GET /Publicaciones/2021EE260694.pdf HTTP/1.1" 404 228
66.249.75.63 - - [07/Dec/2022:04:00:32 -0500] "GET /BLA/resoluciones/Notificaciones/AUTOS%202022/6334.pdf HTTP/1.1" 200 407481
201.245.192.253 - - [07/Dec/2022:04:00:53 -0500] "POST /kwsrmcab/Wsrmcab  HTTP/1.1" 502 1155
66.249.75.36 - - [07/Dec/2022:04:00:55 -0500] "GET /BLA/resoluciones/Notificaciones/RESOLUCIONES%202022/6023.pdf HTTP/1.1" 200 405027
66.249.75.33 - - [07/Dec/2022:04:01:08 -0500] "GET /BLA/resoluciones/RESOLUCIONES%202009/1148.pdf HTTP/1.1" 200 438707
66.249.75.63 - - [07/Dec/2022:04:01:20 -0500] "GET /BLA/resoluciones/RESOLUCIONES%202010/6026.pdf HTTP/1.1" 200 736523
201.245.192.253 - - [07/Dec/2022:04:01:52 -0500] "POST /kwsrmcab/Wsrmcab  HTTP/1.1" 200 43162
66.249.75.63 - - [07/Dec/2022:04:02:17 -0500] "GET /BLA/resoluciones/Notificaciones/AUTOS%202022/6372.pdf HTTP/1.1" 200 2253061
202.64.124.52 - - [07/Dec/2022:04:02:36 -0500] "GET /sql/webadmin/index.php?lang=en HTTP/1.1" 404 1018
202.64.124.52 - - [07/Dec/2022:04:02:37 -0500] "GET /administrator/pma/index.php?lang=en HTTP/1.1" 404 1018
202.64.124.52 - - [07/Dec/2022:04:02:37 -0500] "GET /phpmyadmin1/index.php?lang=en HTTP/1.1" 403 1165
202.64.124.52 - - [07/Dec/2022:04:02:37 -0500] "GET /MyAdmin/index.php?lang=en HTTP/1.1" 404 1018
202.64.124.52 - - [07/Dec/2022:04:02:38 -0500] "GET /db/myadmin/index.php?lang=en HTTP/1.1" 404 1018
202.64.124.52 - - [07/Dec/2022:04:02:38 -0500] "GET /phpMyAdmin-5.2.0/index.php?lang=en HTTP/1.1" 403 1165
202.64.124.52 - - [07/Dec/2022:04:02:38 -0500] "GET /phpMyAdmin-5.1.1/index.php?lang=en HTTP/1.1" 403 1165
202.64.124.52 - - [07/Dec/2022:04:02:38 -0500] "GET /shopdb/index.php?lang=en HTTP/1.1" 404 1018
202.64.124.52 - - [07/Dec/2022:04:02:39 -0500] "GET /_phpmyadmin_/index.php?lang=en HTTP/1.1" 404 1018
202.64.124.52 - - [07/Dec/2022:04:02:39 -0500] "GET /sql/webdb/index.php?lang=en HTTP/1.1" 404 1018
202.64.124.52 - - [07/Dec/2022:04:02:39 -0500] "GET /phpMyAdmin3/index.php?lang=en HTTP/1.1" 403 1165
202.64.124.52 - - [07/Dec/2022:04:02:40 -0500] "GET /phpmyadmin2022/index.php?lang=en HTTP/1.1" 403 1165
202.64.124.52 - - [07/Dec/2022:04:02:40 -0500] "GET /phpMyAdmin2/index.php?lang=en HTTP/1.1" 403 1165
202.64.124.52 - - [07/Dec/2022:04:02:40 -0500] "GET /phpmyadmin2/index.php?lang=en HTTP/1.1" 403 1165
202.64.124.52 - - [07/Dec/2022:04:02:40 -0500] "GET /administrator/db/index.php?lang=en HTTP/1.1" 404 1018
202.64.124.52 - - [07/Dec/2022:04:02:41 -0500] "GET /phpMyAdmin-latest-english/index.php?lang=en HTTP/1.1" 403 1165
202.64.124.52 - - [07/Dec/2022:04:02:41 -0500] "GET /phpmyadmin1/index.php?lang=en HTTP/1.1" 403 1165
202.64.124.52 - - [07/Dec/2022:04:02:41 -0500] "GET /phpMyAdmin-5.2.0/index.php?lang=en HTTP/1.1" 403 1165
202.64.124.52 - - [07/Dec/2022:04:02:41 -0500] "GET /mysql/mysqlmanager/index.php?lang=en HTTP/1.1" 404 1018
202.64.124.52 - - [07/Dec/2022:04:02:42 -0500] "GET /sql/phpMyAdmin2/index.php?lang=en HTTP/1.1" 404 1018
202.64.124.52 - - [07/Dec/2022:04:02:42 -0500] "GET /phpmyAdmin/index.php?lang=en HTTP/1.1" 403 1165
202.64.124.52 - - [07/Dec/2022:04:02:42 -0500] "GET /phpMyAdmin-5.3.0-all-languages/index.php?lang=en HTTP/1.1" 403 1165
202.64.124.52 - - [07/Dec/2022:04:02:43 -0500] "GET /sql/sqladmin/index.php?lang=en HTTP/1.1" 404 1018
202.64.124.52 - - [07/Dec/2022:04:02:43 -0500] "GET /phpmyadmin2022/index.php?lang=en HTTP/1.1" 403 1165
202.64.124.52 - - [07/Dec/2022:04:02:43 -0500] "GET /phpMyAdmin-5.1.3/index.php?lang=en HTTP/1.1" 403 1165
202.64.124.52 - - [07/Dec/2022:04:02:43 -0500] "GET /phpMyAdmin-5/index.php?lang=en HTTP/1.1" 403 1165
202.64.124.52 - - [07/Dec/2022:04:02:44 -0500] "GET /administrator/web/index.php?lang=en HTTP/1.1" 404 1018
202.64.124.52 - - [07/Dec/2022:04:02:44 -0500] "GET /phpMyAdmin5.1/index.php?lang=en HTTP/1.1" 403 1165
202.64.124.52 - - [07/Dec/2022:04:02:44 -0500] "GET /sql/sqlweb/index.php?lang=en HTTP/1.1" 404 1018
202.64.124.52 - - [07/Dec/2022:04:02:45 -0500] "GET /sql/sql-admin/index.php?lang=en HTTP/1.1" 404 1018
202.64.124.52 - - [07/Dec/2022:04:02:45 -0500] "GET /admin/db/index.php?lang=en HTTP/1.1" 404 1018
202.64.124.52 - - [07/Dec/2022:04:02:46 -0500] "GET /phpmyadmin2020/index.php?lang=en HTTP/1.1" 403 1165
202.64.124.52 - - [07/Dec/2022:04:02:46 -0500] "GET /index.php?lang=en HTTP/1.1" 404 1018
202.64.124.52 - - [07/Dec/2022:04:02:46 -0500] "GET /administrator/PMA/index.php?lang=en HTTP/1.1" 404 1018
202.64.124.52 - - [07/Dec/2022:04:02:46 -0500] "GET /phpmyadmin2019/index.php?lang=en HTTP/1.1" 403 1165
202.64.124.52 - - [07/Dec/2022:04:02:47 -0500] "GET /_phpmyadmin/index.php?lang=en HTTP/1.1" 404 1018
202.64.124.52 - - [07/Dec/2022:04:02:47 -0500] "GET /myadmin/index.php?lang=en HTTP/1.1" 404 1018
202.64.124.52 - - [07/Dec/2022:04:02:47 -0500] "GET /phpmyadmin2012/index.php?lang=en HTTP/1.1" 403 1165
202.64.124.52 - - [07/Dec/2022:04:02:47 -0500] "GET /sql/webadmin/index.php?lang=en HTTP/1.1" 404 1018
216.245.221.92 - - [07/Dec/2022:04:02:48 -0500] "HEAD / HTTP/1.1" 200 -
202.64.124.52 - - [07/Dec/2022:04:02:48 -0500] "GET /dbadmin/index.php?lang=en HTTP/1.1" 404 1018
202.64.124.52 - - [07/Dec/2022:04:02:48 -0500] "GET /phpMyAdmin-5.1.2/index.php?lang=en HTTP/1.1" 403 1165
202.64.124.52 - - [07/Dec/2022:04:02:48 -0500] "GET /__phpmyadmin/index.php?lang=en HTTP/1.1" 404 1018
202.64.124.52 - - [07/Dec/2022:04:02:49 -0500] "GET /db/webdb/index.php?lang=en HTTP/1.1" 404 1018
202.64.124.52 - - [07/Dec/2022:04:02:49 -0500] "GET /sql/phpmyadmin4/index.php?lang=en HTTP/1.1" 404 1018
202.64.124.52 - - [07/Dec/2022:04:02:49 -0500] "GET /phpmyadmin2014/index.php?lang=en HTTP/1.1" 403 1165
202.64.124.52 - - [07/Dec/2022:04:02:49 -0500] "GET /admin/phpmyadmin/index.php?lang=en HTTP/1.1" 404 1018
202.64.124.52 - - [07/Dec/2022:04:02:50 -0500] "GET /sql/phpmyadmin3/index.php?lang=en HTTP/1.1" 404 1018
202.64.124.52 - - [07/Dec/2022:04:02:50 -0500] "GET /phpMyAdmin5/index.php?lang=en HTTP/1.1" 403 1165
202.64.124.52 - - [07/Dec/2022:04:02:51 -0500] "GET /phpmyadmin/index.php?lang=en HTTP/1.1" 403 1165
202.64.124.52 - - [07/Dec/2022:04:02:51 -0500] "GET /sql/phpmyadmin5/index.php?lang=en HTTP/1.1" 404 1018
202.64.124.52 - - [07/Dec/2022:04:02:51 -0500] "GET /phpMyAdmin1/index.php?lang=en HTTP/1.1" 403 1165
202.64.124.52 - - [07/Dec/2022:04:02:52 -0500] "GET /phpmyadmin2/index.php?lang=en HTTP/1.1" 403 1165
202.64.124.52 - - [07/Dec/2022:04:02:52 -0500] "GET /mysqladmin/index.php?lang=en HTTP/1.1" 404 1018
202.64.124.52 - - [07/Dec/2022:04:02:52 -0500] "GET /php-myadmin/index.php?lang=en HTTP/1.1" 404 1018
202.64.124.52 - - [07/Dec/2022:04:02:52 -0500] "GET /db/index.php?lang=en HTTP/1.1" 404 1018
202.64.124.52 - - [07/Dec/2022:04:02:53 -0500] "GET /db/phpmyadmin5/index.php?lang=en HTTP/1.1" 404 1018
202.64.124.52 - - [07/Dec/2022:04:02:53 -0500] "GET /mysql/admin/index.php?lang=en HTTP/1.1" 404 1018
202.64.124.52 - - [07/Dec/2022:04:02:53 -0500] "GET /phpmyadmin2016/index.php?lang=en HTTP/1.1" 403 1165
202.64.124.52 - - [07/Dec/2022:04:02:54 -0500] "GET /phpMyAdmin-4.9.10-all-languages/index.php?lang=en HTTP/1.1" 403 1165
202.64.124.52 - - [07/Dec/2022:04:02:54 -0500] "GET /phpMyAdmin-4/index.php?lang=en HTTP/1.1" 403 1165
202.64.124.52 - - [07/Dec/2022:04:02:54 -0500] "GET /PMA/index.php?lang=en HTTP/1.1" 404 1018
201.245.192.253 - - [07/Dec/2022:04:02:53 -0500] "POST /kwsrmcab/Wsrmcab  HTTP/1.1" 200 43162
202.64.124.52 - - [07/Dec/2022:04:02:54 -0500] "GET /phpmyadmin2018/index.php?lang=en HTTP/1.1" 403 1165
202.64.124.52 - - [07/Dec/2022:04:02:55 -0500] "GET /phpmyadmin2011/index.php?lang=en HTTP/1.1" 403 1165
202.64.124.52 - - [07/Dec/2022:04:02:55 -0500] "GET /administrator/phpMyAdmin/index.php?lang=en HTTP/1.1" 404 1018
202.64.124.52 - - [07/Dec/2022:04:02:55 -0500] "GET /phpMyAdmin4/index.php?lang=en HTTP/1.1" 403 1165
202.64.124.52 - - [07/Dec/2022:04:02:55 -0500] "GET /mysql/mysqlmanager/index.php?lang=en HTTP/1.1" 404 1018
202.64.124.52 - - [07/Dec/2022:04:02:56 -0500] "GET /wp-content/plugins/portable-phpmyadmin/wp-pma-mod/index.php?lang=en HTTP/1.1" 404 1018
202.64.124.52 - - [07/Dec/2022:04:02:56 -0500] "GET /administrator/PMA/index.php?lang=en HTTP/1.1" 404 1018
202.64.124.52 - - [07/Dec/2022:04:02:56 -0500] "GET /php-myadmin/index.php?lang=en HTTP/1.1" 404 1018
202.64.124.52 - - [07/Dec/2022:04:02:57 -0500] "GET /dbadmin/index.php?lang=en HTTP/1.1" 404 1018
202.64.124.52 - - [07/Dec/2022:04:02:57 -0500] "GET /mysql/db/index.php?lang=en HTTP/1.1" 404 1018
202.64.124.52 - - [07/Dec/2022:04:02:57 -0500] "GET /db/phpmyadmin3/index.php?lang=en HTTP/1.1" 404 1018
202.64.124.52 - - [07/Dec/2022:04:02:57 -0500] "GET /administrator/phpMyAdmin/index.php?lang=en HTTP/1.1" 404 1018
202.64.124.52 - - [07/Dec/2022:04:02:58 -0500] "GET /phpMyAdmin5/index.php?lang=en HTTP/1.1" 403 1165
202.64.124.52 - - [07/Dec/2022:04:02:58 -0500] "GET /admin/sqladmin/index.php?lang=en HTTP/1.1" 404 1018
202.64.124.52 - - [07/Dec/2022:04:02:58 -0500] "GET /phpMyAdmin-5.2.0/index.php?lang=en HTTP/1.1" 403 1165
202.64.124.52 - - [07/Dec/2022:04:02:59 -0500] "GET /sql/sql-admin/index.php?lang=en HTTP/1.1" 404 1018
202.64.124.52 - - [07/Dec/2022:04:02:59 -0500] "GET /phpMyAdmin-3/index.php?lang=en HTTP/1.1" 403 1165
202.64.124.52 - - [07/Dec/2022:04:02:59 -0500] "GET /sql/phpmyadmin3/index.php?lang=en HTTP/1.1" 404 1018
202.64.124.52 - - [07/Dec/2022:04:02:59 -0500] "GET /php-my-admin/index.php?lang=en HTTP/1.1" 404 1018
202.64.124.52 - - [07/Dec/2022:04:03:00 -0500] "GET /phpmyadmin5/index.php?lang=en HTTP/1.1" 403 1165
202.64.124.52 - - [07/Dec/2022:04:03:00 -0500] "GET /sql/sqladmin/index.php?lang=en HTTP/1.1" 404 1018
202.64.124.52 - - [07/Dec/2022:04:03:00 -0500] "GET /db/phpMyAdmin-3/index.php?lang=en HTTP/1.1" 404 1018
202.64.124.52 - - [07/Dec/2022:04:03:01 -0500] "GET /phpmyadmin2020/index.php?lang=en HTTP/1.1" 403 1165
202.64.124.52 - - [07/Dec/2022:04:03:01 -0500] "GET /phpMyAdmin/index.php?lang=en HTTP/1.1" 403 1165
202.64.124.52 - - [07/Dec/2022:04:03:02 -0500] "GET /phpmyadmin2014/index.php?lang=en HTTP/1.1" 403 1165
202.64.124.52 - - [07/Dec/2022:04:03:02 -0500] "GET /sql/php-myadmin/index.php?lang=en HTTP/1.1" 404 1018
202.64.124.52 - - [07/Dec/2022:04:03:02 -0500] "GET /phpMyAdmin-5.1.0/index.php?lang=en HTTP/1.1" 403 1165
202.64.124.52 - - [07/Dec/2022:04:03:02 -0500] "GET /mysql/index.php?lang=en HTTP/1.1" 404 1018
202.64.124.52 - - [07/Dec/2022:04:03:03 -0500] "GET /admin/web/index.php?lang=en HTTP/1.1" 404 1018
202.64.124.52 - - [07/Dec/2022:04:03:03 -0500] "GET /phpMyAdmin-5.1.2/index.php?lang=en HTTP/1.1" 403 1165
202.64.124.52 - - [07/Dec/2022:04:03:04 -0500] "GET /phpMyAdmin2/index.php?lang=en HTTP/1.1" 403 1165
202.64.124.52 - - [07/Dec/2022:04:03:04 -0500] "GET /__phpmyadmin/index.php?lang=en HTTP/1.1" 404 1018
202.64.124.52 - - [07/Dec/2022:04:03:04 -0500] "GET /sql/phpmyadmin5/index.php?lang=en HTTP/1.1" 404 1018
202.64.124.52 - - [07/Dec/2022:04:03:05 -0500] "GET /phpMyAdmin-5/index.php?lang=en HTTP/1.1" 403 1165
202.64.124.52 - - [07/Dec/2022:04:03:05 -0500] "GET /2phpmyadmin/index.php?lang=en HTTP/1.1" 404 1018
202.64.124.52 - - [07/Dec/2022:04:03:05 -0500] "GET /phpMyAdmin1/index.php?lang=en HTTP/1.1" 403 1165
202.64.124.52 - - [07/Dec/2022:04:03:05 -0500] "GET /sql/webdb/index.php?lang=en HTTP/1.1" 404 1018
202.64.124.52 - - [07/Dec/2022:04:03:06 -0500] "GET /phpmyadmin2022/index.php?lang=en HTTP/1.1" 403 1165
202.64.124.52 - - [07/Dec/2022:04:03:06 -0500] "GET /phpMyAdmin4/index.php?lang=en HTTP/1.1" 403 1165
202.64.124.52 - - [07/Dec/2022:04:03:06 -0500] "GET /admin/phpmyadmin/index.php?lang=en HTTP/1.1" 404 1018
202.64.124.52 - - [07/Dec/2022:04:03:06 -0500] "GET /phpMyAdmin-5.3.0-all-languages/index.php?lang=en HTTP/1.1" 403 1165
202.64.124.52 - - [07/Dec/2022:04:03:07 -0500] "GET /admin/index.php?lang=en HTTP/1.1" 404 1018
202.64.124.52 - - [07/Dec/2022:04:03:07 -0500] "GET /sql/phpmy-admin/index.php?lang=en HTTP/1.1" 404 1018
202.64.124.52 - - [07/Dec/2022:04:03:07 -0500] "GET /phpMyAdmin-4.9.7/index.php?lang=en HTTP/1.1" 403 1165
202.64.124.52 - - [07/Dec/2022:04:03:08 -0500] "GET /mysql/dbadmin/index.php?lang=en HTTP/1.1" 404 1018
202.64.124.52 - - [07/Dec/2022:04:03:08 -0500] "GET /program/index.php?lang=en HTTP/1.1" 404 1018
202.64.124.52 - - [07/Dec/2022:04:03:08 -0500] "GET /phpmyadmin2016/index.php?lang=en HTTP/1.1" 403 1165
202.64.124.52 - - [07/Dec/2022:04:03:08 -0500] "GET /phpmyadmin4/index.php?lang=en HTTP/1.1" 403 1165
202.64.124.52 - - [07/Dec/2022:04:03:09 -0500] "GET /phpMyAdmin_/index.php?lang=en HTTP/1.1" 403 1165
202.64.124.52 - - [07/Dec/2022:04:03:09 -0500] "GET /phpMyAdmin-4/index.php?lang=en HTTP/1.1" 403 1165
202.64.124.52 - - [07/Dec/2022:04:03:09 -0500] "GET /database/index.php?lang=en HTTP/1.1" 404 1018
202.64.124.52 - - [07/Dec/2022:04:03:10 -0500] "GET /PMA/index.php?lang=en HTTP/1.1" 404 1018
202.64.124.52 - - [07/Dec/2022:04:03:10 -0500] "GET /phpMyAdmin-5.1.3/index.php?lang=en HTTP/1.1" 403 1165
202.64.124.52 - - [07/Dec/2022:04:03:10 -0500] "GET /administrator/pma/index.php?lang=en HTTP/1.1" 404 1018
202.64.124.52 - - [07/Dec/2022:04:03:10 -0500] "GET /index.php?lang=en HTTP/1.1" 404 1018
202.64.124.52 - - [07/Dec/2022:04:03:11 -0500] "GET /db/dbadmin/index.php?lang=en HTTP/1.1" 404 1018
202.64.124.52 - - [07/Dec/2022:04:03:11 -0500] "GET /administrator/admin/index.php?lang=en HTTP/1.1" 404 1018
202.64.124.52 - - [07/Dec/2022:04:03:11 -0500] "GET /administrator/web/index.php?lang=en HTTP/1.1" 404 1018
202.64.124.52 - - [07/Dec/2022:04:03:11 -0500] "GET /db/index.php?lang=en HTTP/1.1" 404 1018
202.64.124.52 - - [07/Dec/2022:04:03:12 -0500] "GET /db/websql/index.php?lang=en HTTP/1.1" 404 1018
202.64.124.52 - - [07/Dec/2022:04:03:12 -0500] "GET /phpmy-admin/index.php?lang=en HTTP/1.1" 404 1018
202.64.124.52 - - [07/Dec/2022:04:03:12 -0500] "GET /phpMyAdmin-latest-all-languages/index.php?lang=en HTTP/1.1" 403 1165
202.64.124.52 - - [07/Dec/2022:04:03:13 -0500] "GET /_phpmyadmin_/index.php?lang=en HTTP/1.1" 404 1018
202.64.124.52 - - [07/Dec/2022:04:03:13 -0500] "GET /sql/phpmyadmin4/index.php?lang=en HTTP/1.1" 404 1018
202.64.124.52 - - [07/Dec/2022:04:03:13 -0500] "GET /2phpmyadmin/index.php?lang=en HTTP/1.1" 404 1018
202.64.124.52 - - [07/Dec/2022:04:03:13 -0500] "GET /admin/sysadmin/index.php?lang=en HTTP/1.1" 404 1018
172.22.2.4 - - [07/Dec/2022:04:01:57 -0500] "HEAD /BLA/boletinlegal/ HTTP/1.1" 200 -
172.22.2.4 - - [07/Dec/2022:04:02:47 -0500] "GET /BLA/boletinlegal/ HTTP/1.1" 200 59404
114.119.159.58 - - [07/Dec/2022:04:04:57 -0500] "GET /BLA/resoluciones/RESOLUCIONES%202017/0258.pdf HTTP/1.1" 200 588887
66.249.75.36 - - [07/Dec/2022:04:05:14 -0500] "GET /BLA/resoluciones/RESOLUCIONES%202011/4308.pdf HTTP/1.1" 200 165747
66.249.75.63 - - [07/Dec/2022:04:06:40 -0500] "GET /BLA/resoluciones/AUTOS%202015/6477.pdf HTTP/1.1" 200 497414
114.119.141.146 - - [07/Dec/2022:04:07:37 -0500] "GET /BLA/resoluciones/RESOLUCIONES%202014/2734.pdf HTTP/1.1" 200 286873
201.245.192.253 - - [07/Dec/2022:04:07:51 -0500] "POST /kwsrmcab/Wsrmcab  HTTP/1.1" 200 43162
66.249.75.36 - - [07/Dec/2022:04:08:38 -0500] "GET /BLA/resoluciones/RESOLUCIONES%202010/6227.pdf HTTP/1.1" 200 571603
66.249.75.33 - - [07/Dec/2022:04:09:02 -0500] "GET /BLA/resoluciones/Notificaciones/AUTOS%202020/0299.pdf HTTP/1.1" 200 1769307
66.249.75.33 - - [07/Dec/2022:04:09:18 -0500] "GET /BLA/resoluciones/RESOLUCIONES%202011/1156.pdf HTTP/1.1" 200 461558
114.119.146.159 - - [07/Dec/2022:04:09:34 -0500] "GET /BLA/resoluciones/RESOLUCIONES%202010/5243.pdf HTTP/1.1" 200 780129
66.249.75.63 - - [07/Dec/2022:04:11:08 -0500] "GET /BLA/resoluciones/RESOLUCIONES%201999/RESOLUCION%20538%20DE%201999.pdf HTTP/1.1" 200 129149
66.249.75.63 - - [07/Dec/2022:04:11:17 -0500] "GET /BLA/resoluciones/Notificaciones/AUTOS%202022/6386.pdf HTTP/1.1" 200 501757
201.245.192.253 - - [07/Dec/2022:04:12:51 -0500] "POST /kwsrmcab/Wsrmcab  HTTP/1.1" 200 43162
168.119.253.11 - - [07/Dec/2022:04:13:25 -0500] "GET / HTTP/1.1" 200 319
114.119.150.154 - - [07/Dec/2022:04:14:05 -0500] "GET /BLA/resoluciones/RESOLUCIONES%202010/3514.pdf HTTP/1.1" 200 6250879
216.245.221.92 - - [07/Dec/2022:04:14:31 -0500] "HEAD / HTTP/1.1" 200 -
114.119.135.195 - - [07/Dec/2022:04:16:11 -0500] "GET /BLA/resoluciones/RESOLUCIONES%202011/6215.pdf HTTP/1.1" 200 4969152
66.249.75.36 - - [07/Dec/2022:04:16:13 -0500] "GET /BLA/resoluciones/RESOLUCIONES%202013/2464.pdf HTTP/1.1" 200 508754
172.22.2.4 - - [07/Dec/2022:04:14:39 -0500] "HEAD /BLA/boletinlegal/ HTTP/1.1" 200 -
66.249.75.63 - - [07/Dec/2022:04:16:49 -0500] "GET /BLA/resoluciones/Notificaciones/AUTOS%202021/1938.pdf HTTP/1.1" 200 345473
66.249.75.63 - - [07/Dec/2022:04:17:08 -0500] "GET /BLA/resoluciones/RESOLUCIONES%202015/1315.pdf HTTP/1.1" 200 728801
172.22.2.4 - - [07/Dec/2022:04:15:29 -0500] "GET /BLA/boletinlegal/ HTTP/1.1" 200 59404
66.249.75.63 - - [07/Dec/2022:04:17:19 -0500] "GET /BLA/resoluciones/Notificaciones/AUTOS%202022/6316.pdf HTTP/1.1" 200 405750
66.249.75.63 - - [07/Dec/2022:04:17:45 -0500] "GET /BLA/resoluciones/Notificaciones/AUTOS%202021/4396.pdf HTTP/1.1" 200 336838
201.245.192.253 - - [07/Dec/2022:04:17:49 -0500] "POST /kwsrmcab/Wsrmcab  HTTP/1.1" 200 43162
66.249.75.36 - - [07/Dec/2022:04:18:25 -0500] "GET /resoluciones/RESOLUCIONES%202008/2978.pdf HTTP/1.1" 404 1018
114.119.152.230 - - [07/Dec/2022:04:18:32 -0500] "GET /BLA/resoluciones/RESOLUCIONES%202010/2138.pdf HTTP/1.1" 200 777054
66.249.75.63 - - [07/Dec/2022:04:18:33 -0500] "GET /resoluciones/RESOLUCIONES%202007/RES%202007%20201%20AL%20300/RESOLUCION%200202%20DE%202007.pdf HTTP/1.1" 404 1018
66.249.75.63 - - [07/Dec/2022:04:18:40 -0500] "GET /BLA/resoluciones/Notificaciones/REGISTROS%202021/0626.pdf HTTP/1.1" 200 365657
66.249.75.33 - - [07/Dec/2022:04:19:04 -0500] "GET /BLA/resoluciones/RESOLUCIONES%202011/6170.pdf HTTP/1.1" 200 1705993
66.249.75.63 - - [07/Dec/2022:04:19:14 -0500] "GET /BLA/resoluciones/RESOLUCIONES%202011/1089.pdf HTTP/1.1" 200 264008
172.22.2.4 - - [07/Dec/2022:04:17:42 -0500] "GET /BLA/boletinlegal/ HTTP/1.1" 200 62423
216.245.221.92 - - [07/Dec/2022:04:19:30 -0500] "HEAD / HTTP/1.1" 200 -
114.119.132.38 - - [07/Dec/2022:04:20:38 -0500] "GET /BLA/resoluciones/RESOLUCIONES%202010/2068.pdf HTTP/1.1" 200 192111
66.249.75.36 - - [07/Dec/2022:04:20:41 -0500] "GET /BLA/resoluciones/RESOLUCIONES%202011/5576.pdf HTTP/1.1" 200 456847
201.245.192.253 - - [07/Dec/2022:04:20:40 -0500] "POST /kwsrmcab/Wsrmcab HTTP/1.1" 200 43454
201.245.192.253 - - [07/Dec/2022:04:20:43 -0500] "POST /kwsrmcab/Wsrmcab HTTP/1.1" 200 43652
66.249.75.33 - - [07/Dec/2022:04:20:59 -0500] "GET /BLA/resoluciones/RESOLUCIONES%202010/1710.pdf HTTP/1.1" 200 413304
66.249.75.63 - - [07/Dec/2022:04:21:15 -0500] "GET /BLA/resoluciones/AUTOS%202014/3794.pdf HTTP/1.1" 200 508665
66.249.75.63 - - [07/Dec/2022:04:21:20 -0500] "GET /BLA/resoluciones/AUTOS%202015/0457.pdf HTTP/1.1" 200 503836
66.249.75.63 - - [07/Dec/2022:04:21:40 -0500] "GET /BLA/resoluciones/RESOLUCIONES%202010/6313.pdf HTTP/1.1" 200 2490023
172.22.2.4 - - [07/Dec/2022:04:20:29 -0500] "HEAD /BLA/boletinlegal/ HTTP/1.1" 200 -
66.249.75.36 - - [07/Dec/2022:04:22:31 -0500] "GET /BLA/resoluciones/Notificaciones/AUTOS%202022/6533.pdf HTTP/1.1" 200 815425
66.249.75.63 - - [07/Dec/2022:04:22:39 -0500] "GET /BLA/resoluciones/Notificaciones/AUTOS%202022/6275.pdf HTTP/1.1" 200 425270
201.245.192.253 - - [07/Dec/2022:04:22:48 -0500] "POST /kwsrmcab/Wsrmcab  HTTP/1.1" 200 43162
172.22.2.4 - - [07/Dec/2022:04:22:53 -0500] "GET /BLA/boletinlegal/Circulares/2012/Circular%20No.%208%20del%2021%20de%20Agosto%20de%202012.pdf HTTP/1.1" 304 -
66.249.75.36 - - [07/Dec/2022:04:22:56 -0500] "GET /BLA/resoluciones/RESOLUCIONES%202009/4239.pdf HTTP/1.1" 200 412022
172.22.2.4 - - [07/Dec/2022:04:21:19 -0500] "GET /BLA/boletinlegal/ HTTP/1.1" 200 54816
66.249.65.217 - - [07/Dec/2022:04:23:04 -0500] "GET /robots.txt HTTP/1.1" 404 1035
66.249.65.213 - - [07/Dec/2022:04:23:04 -0500] "GET /portaldeninos/residuos HTTP/1.1" 301 -
66.249.65.213 - - [07/Dec/2022:04:23:05 -0500] "GET /portaldeninos/residuos/ HTTP/1.1" 200 87443
66.249.75.63 - - [07/Dec/2022:04:23:38 -0500] "GET /BLA/resoluciones/Notificaciones/AUTOS%202021/4861.pdf HTTP/1.1" 200 313350
172.22.2.4 - - [07/Dec/2022:04:23:52 -0500] "GET /BLA/boletinlegal/js/jquery.scrollShow.js HTTP/1.1" 200 4586
172.22.2.4 - - [07/Dec/2022:04:23:52 -0500] "GET /BLA/boletinlegal/js/jquery.scrollTo-min.js HTTP/1.1" 200 1150
114.119.148.60 - - [07/Dec/2022:04:24:25 -0500] "GET /BLA/resoluciones/RESOLUCIONES%202010/3828.pdf HTTP/1.1" 200 52140
216.245.221.92 - - [07/Dec/2022:04:24:30 -0500] "HEAD / HTTP/1.1" 200 -
66.249.75.33 - - [07/Dec/2022:04:24:41 -0500] "GET /BLA/resoluciones/RESOLUCIONES%202010/0516.pdf HTTP/1.1" 200 655898
66.249.75.33 - - [07/Dec/2022:04:24:55 -0500] "GET /BLA/resoluciones/RESOLUCIONES%202017/1888.pdf HTTP/1.1" 200 764804
66.249.75.33 - - [07/Dec/2022:04:25:09 -0500] "GET /BLA/resoluciones/RESOLUCIONES%202005/RESOLUCION%201195%20DE%202005.PDF HTTP/1.1" 200 842527
66.249.75.63 - - [07/Dec/2022:04:25:10 -0500] "GET /BLA/resoluciones/RESOLUCIONES%202018/2385.pdf HTTP/1.1" 200 287332
66.249.75.63 - - [07/Dec/2022:04:25:18 -0500] "GET /BLA/resoluciones/RESOLUCIONES%202007/RES%202007%20801%20AL%20900/RESOLUCION%200845%20DE%202007.pdf HTTP/1.1" 200 317681
66.249.75.33 - - [07/Dec/2022:04:25:51 -0500] "GET /BLA/resoluciones/Notificaciones/AUTOS%202021/2558.pdf HTTP/1.1" 200 325688
40.77.167.13 - - [07/Dec/2022:04:26:13 -0500] "GET /siipev/Diseno%20de%20Elementos%20de%20Mobiliario%20Urbano/Otros%20Elementos/PARTE%20B/Dise%C3%B1o%20de%20Elementos%20M-160.pdf HTTP/1.1" 304 -
66.249.75.63 - - [07/Dec/2022:04:26:21 -0500] "GET /BLA/resoluciones/Notificaciones/AUTOS%202018/01336.pdf HTTP/1.1" 200 302812
201.245.192.253 - - [07/Dec/2022:04:27:48 -0500] "POST /kwsrmcab/Wsrmcab  HTTP/1.1" 200 43162
66.249.75.36 - - [07/Dec/2022:04:27:51 -0500] "GET /BLA/resoluciones/RESOLUCIONES%202010/6074.pdf HTTP/1.1" 200 314070
172.22.2.4 - - [07/Dec/2022:04:26:19 -0500] "HEAD /BLA/boletinlegal/ HTTP/1.1" 200 -
66.249.75.63 - - [07/Dec/2022:04:28:05 -0500] "GET /BLA/resoluciones/AUTOS%202014/4183.pdf HTTP/1.1" 200 312829
66.249.75.63 - - [07/Dec/2022:04:28:33 -0500] "GET /BLA/resoluciones/Notificaciones/AUTOS%202021/1916.pdf HTTP/1.1" 200 344842
172.22.2.4 - - [07/Dec/2022:04:27:09 -0500] "GET /BLA/boletinlegal/ HTTP/1.1" 200 52942
66.249.75.63 - - [07/Dec/2022:04:29:00 -0500] "GET /BLA/resoluciones/AUTOS%202013/3376.pdf HTTP/1.1" 200 1339598
66.249.75.63 - - [07/Dec/2022:04:29:27 -0500] "GET /BLA/resoluciones/AUTOS%202015/3384.pdf HTTP/1.1" 200 629034
216.245.221.92 - - [07/Dec/2022:04:29:30 -0500] "HEAD / HTTP/1.1" 200 -
66.249.75.33 - - [07/Dec/2022:04:30:21 -0500] "GET /BLA/resoluciones/AUTOS%202012/1886.pdf HTTP/1.1" 200 340540
66.249.75.36 - - [07/Dec/2022:04:30:22 -0500] "GET /BLA/resoluciones/Notificaciones/AUTOS%202022/5965.pdf HTTP/1.1" 200 423103
114.119.151.206 - - [07/Dec/2022:04:30:33 -0500] "GET /BLA/resoluciones/RESOLUCIONES%202010/1713.pdf HTTP/1.1" 200 380330
66.249.75.33 - - [07/Dec/2022:04:30:41 -0500] "GET /BLA/resoluciones/AUTOS%202014/6306.pdf HTTP/1.1" 200 564464
201.245.192.253 - - [07/Dec/2022:04:30:40 -0500] "POST /kwsrmcab/Wsrmcab HTTP/1.1" 200 43454
201.245.192.253 - - [07/Dec/2022:04:30:42 -0500] "POST /kwsrmcab/Wsrmcab HTTP/1.1" 200 43652
173.252.79.17 - - [07/Dec/2022:04:30:55 -0500] "GET /images/pieza-mujeres-reverdecen-4-abril.jpg HTTP/1.1" 200 48916
173.252.107.5 - - [07/Dec/2022:04:31:04 -0500] "GET /calidad-del-aire-de-bogota-en-condiciones-moderadas-y-regulares.html HTTP/1.1" 206 898
173.252.79.24 - - [07/Dec/2022:04:31:04 -0500] "GET /images/pieza-calidad-aire-noche-4-febrero.jpg HTTP/1.1" 200 37476
185.119.81.102 - - [07/Dec/2022:04:31:05 -0500] "GET /portaldeninos/wp-login.php HTTP/1.1" 200 2592
185.119.81.102 - - [07/Dec/2022:04:31:06 -0500] "POST /portaldeninos/wp-login.php HTTP/1.1" 200 3605
66.249.75.36 - - [07/Dec/2022:04:31:15 -0500] "GET /BLA/resoluciones/AUTOS%202015/0804.pdf HTTP/1.1" 200 513218
66.249.65.217 - - [07/Dec/2022:04:31:19 -0500] "-" 408 -
66.249.75.63 - - [07/Dec/2022:04:31:21 -0500] "GET /BLA/resoluciones/RESOLUCIONES%202017/2053.pdf HTTP/1.1" 200 309223
173.252.107.16 - - [07/Dec/2022:04:31:24 -0500] "GET /secretaria-de-ambiente-realizara-mantenimiento-a-su-infraestructura-tecnologica.html HTTP/1.1" 206 988
173.252.107.21 - - [07/Dec/2022:04:31:24 -0500] "GET /secretaria-de-ambiente-estrena-podcast-ambientalmente.html HTTP/1.1" 206 865
69.63.184.120 - - [07/Dec/2022:04:31:24 -0500] "GET /distrito-entrego-certificado-de-reconocimiento-a-mas-de-600-mujeres-que-reverdecen-tras-seis-meses-de-formacion-teorica-y-practica.html HTTP/1.1" 206 1113
69.63.184.116 - - [07/Dec/2022:04:31:24 -0500] "GET /secretaria-de-ambiente-incrementa-evaluacion-y-seguimiento-al-arbolado-urbano.html HTTP/1.1" 206 933
69.63.184.117 - - [07/Dec/2022:04:31:24 -0500] "GET /alcaldesa-claudia-lopez-les-dio-la-bienvenida-a-las-sembradoras-por-la-reactivaccion.html HTTP/1.1" 206 1264
173.252.107.8 - - [07/Dec/2022:04:31:25 -0500] "GET /lo-que-estamos-proponiendo-es-un-pot-de-equilibrios-secretaria-de-ambiente-carolina-urrutia.html HTTP/1.1" 206 922
173.252.107.117 - - [07/Dec/2022:04:31:25 -0500] "GET /secretaria-de-ambiente-se-suma-a-la-tendencia-tik-tok.html HTTP/1.1" 206 1022
173.252.127.4 - - [07/Dec/2022:04:31:25 -0500] "GET /images/imagen-comunicado-podcast.jpg HTTP/1.1" 200 39765
173.252.83.1 - - [07/Dec/2022:04:31:25 -0500] "GET /images/SECRETARIA-AMBIENTE-FACHADA-5-NOV.jpg HTTP/1.1" 200 250889
173.252.127.19 - - [07/Dec/2022:04:31:25 -0500] "GET /images/tik-tok-red-social%20secretaria-ambiente-30-octubre.jpg HTTP/1.1" 200 23521
66.220.149.16 - - [07/Dec/2022:04:31:25 -0500] "GET /images/POT%20ciudad%20bol\xc3\xadvar-6%20octubre.jpg HTTP/1.1" 404 1034
66.249.75.36 - - [07/Dec/2022:04:31:56 -0500] "GET /BLA/resoluciones/AUTOS%202017/2689.pdf HTTP/1.1" 200 312674
66.249.75.33 - - [07/Dec/2022:04:32:08 -0500] "GET /resoluciones/AUTOS%202007/3731.pdf HTTP/1.1" 404 1018
40.77.167.14 - - [07/Dec/2022:04:32:34 -0500] "GET / HTTP/1.1" 200 319
114.119.150.168 - - [07/Dec/2022:04:32:40 -0500] "GET /BLA/resoluciones/RESOLUCIONES%202010/1491.pdf HTTP/1.1" 200 518423
201.245.192.253 - - [07/Dec/2022:04:32:47 -0500] "POST /kwsrmcab/Wsrmcab  HTTP/1.1" 200 43162
216.245.221.92 - - [07/Dec/2022:04:33:15 -0500] "HEAD / HTTP/1.1" 200 -
172.22.2.4 - - [07/Dec/2022:04:32:09 -0500] "HEAD /BLA/boletinlegal/ HTTP/1.1" 200 -
172.22.2.4 - - [07/Dec/2022:04:32:59 -0500] "GET /BLA/boletinlegal/ HTTP/1.1" 200 56825
66.249.75.33 - - [07/Dec/2022:04:34:48 -0500] "GET /BLA/resoluciones/Notificaciones/RESOLUCIONES%202021/3212.pdf HTTP/1.1" 200 517049
66.249.75.63 - - [07/Dec/2022:04:34:54 -0500] "GET /BLA/resoluciones/AUTOS%202017/2914.pdf HTTP/1.1" 200 256996
114.119.156.154 - - [07/Dec/2022:04:34:55 -0500] "GET /BLA/resoluciones/RESOLUCIONES%202010/1383.pdf HTTP/1.1" 200 352088
66.249.75.63 - - [07/Dec/2022:04:35:20 -0500] "GET /BLA/resoluciones/Autos%202008/1577.pdf HTTP/1.1" 200 132354
172.22.2.4 - - [07/Dec/2022:04:35:34 -0500] "GET /BLA/boletinlegal/style.css HTTP/1.1" 200 9406
172.22.2.4 - - [07/Dec/2022:04:35:34 -0500] "GET /BLA/boletinlegal/styles2.css HTTP/1.1" 200 1838
172.22.2.4 - - [07/Dec/2022:04:35:34 -0500] "GET /BLA/boletinlegal/js/jquery.js HTTP/1.1" 200 57254
66.249.75.63 - - [07/Dec/2022:04:35:50 -0500] "GET /BLA/resoluciones/AUTOS%202017/0042.pdf HTTP/1.1" 200 314925
66.249.75.36 - - [07/Dec/2022:04:35:59 -0500] "GET /BLA/resoluciones/Notificaciones/AUTOS%202021/4398.pdf HTTP/1.1" 200 330845
114.119.151.0 - - [07/Dec/2022:04:36:21 -0500] "GET /BLA/resoluciones/RESOLUCIONES%202011/7003.pdf HTTP/1.1" 200 1351072
66.249.75.33 - - [07/Dec/2022:04:37:00 -0500] "GET /portel_dama/libreria/php/2006/ECOSISTEMAS%20FINAL%20web_mz27/xxxxx%20incendios/sitio/xtras/2.pdf HTTP/1.1" 404 1018
66.249.75.33 - - [07/Dec/2022:04:37:21 -0500] "GET /BLA/resoluciones/RESOLUCIONES%202007/RES%202007%202501%20AL%202600/RESOLUCION%202532%20%20DE%202007.pdf HTTP/1.1" 200 73912
66.249.75.63 - - [07/Dec/2022:04:37:25 -0500] "GET /BLA/resoluciones/AUTOS%202015/1832.pdf HTTP/1.1" 200 504301
66.249.75.63 - - [07/Dec/2022:04:37:37 -0500] "GET /BLA/resoluciones/RESOLUCIONES%202008/2523.pdf HTTP/1.1" 200 424388
69.171.249.10 - - [07/Dec/2022:04:37:42 -0500] "GET /images/cr\xc3\xb3nica-29-nov-1_optimized.jpeg HTTP/1.1" 404 1034
201.245.192.253 - - [07/Dec/2022:04:37:46 -0500] "POST /kwsrmcab/Wsrmcab  HTTP/1.1" 502 1155
216.245.221.92 - - [07/Dec/2022:04:38:12 -0500] "HEAD / HTTP/1.1" 200 -
114.119.145.93 - - [07/Dec/2022:04:38:39 -0500] "GET /BLA/resoluciones/index.php?dir=AUTOS%2B2007/&sort=size&order=desc HTTP/1.1" 200 13278
201.245.192.253 - - [07/Dec/2022:04:38:45 -0500] "POST /kwsrmcab/Wsrmcab  HTTP/1.1" 200 43162
185.119.81.102 - - [07/Dec/2022:04:38:46 -0500] "GET /portaldeninos/wp-login.php HTTP/1.1" 200 2592
185.119.81.102 - - [07/Dec/2022:04:38:47 -0500] "POST /portaldeninos/wp-login.php HTTP/1.1" 200 3605
168.119.253.48 - - [07/Dec/2022:04:38:58 -0500] "GET / HTTP/1.1" 200 319
66.249.75.63 - - [07/Dec/2022:04:38:59 -0500] "GET /BLA/resoluciones/RESOLUCIONES%202003/RESOLUCION%202006%20DE%202003.PDF HTTP/1.1" 200 4221940
207.46.13.174 - - [07/Dec/2022:04:39:02 -0500] "GET /BLA/resoluciones/00000883.tif HTTP/1.1" 404 1018
66.249.75.33 - - [07/Dec/2022:04:39:33 -0500] "GET /BLA/resoluciones/Notificaciones/AUTOS%202021/3327.pdf HTTP/1.1" 200 368043
172.22.2.4 - - [07/Dec/2022:04:37:59 -0500] "HEAD /BLA/boletinlegal/ HTTP/1.1" 200 -
66.249.75.36 - - [07/Dec/2022:04:39:40 -0500] "GET /BLA/resoluciones/Autos%202008/1169.pdf HTTP/1.1" 200 141887
66.249.75.33 - - [07/Dec/2022:04:39:45 -0500] "GET /BLA/resoluciones/AUTOS%202009/2019.pdf HTTP/1.1" 200 100465
201.245.192.253 - - [07/Dec/2022:04:39:46 -0500] "POST /kwsrmcab/Wsrmcab  HTTP/1.1" 200 43162
172.22.2.4 - - [07/Dec/2022:04:38:49 -0500] "GET /BLA/boletinlegal/ HTTP/1.1" 200 57192
168.119.252.253 - - [07/Dec/2022:04:40:42 -0500] "GET / HTTP/1.1" 200 319
201.245.192.253 - - [07/Dec/2022:04:40:40 -0500] "POST /kwsrmcab/Wsrmcab HTTP/1.1" 200 43454
114.119.149.150 - - [07/Dec/2022:04:40:43 -0500] "GET /BLA/resoluciones/RESOLUCIONES%202010/2489.pdf HTTP/1.1" 200 408054
201.245.192.253 - - [07/Dec/2022:04:40:43 -0500] "POST /kwsrmcab/Wsrmcab HTTP/1.1" 200 43652
66.249.75.33 - - [07/Dec/2022:04:41:01 -0500] "GET /resoluciones/RESOLUCIONES%202010/2029.pdf HTTP/1.1" 404 1018
66.249.75.63 - - [07/Dec/2022:04:41:32 -0500] "GET /BLA/resoluciones/RESOLUCIONES%202010/5516.pdf HTTP/1.1" 200 2816787
66.249.75.33 - - [07/Dec/2022:04:41:35 -0500] "GET /BLA/resoluciones/Notificaciones/AUTOS%202020/4783.pdf HTTP/1.1" 200 371582
114.119.136.160 - - [07/Dec/2022:04:42:31 -0500] "GET /BLA/resoluciones/RESOLUCIONES%202010/1033.pdf HTTP/1.1" 200 633430
207.46.13.194 - - [07/Dec/2022:04:42:46 -0500] "GET /BLA/resoluciones/RESOLUCIONES%202001/2001%20750-799.TIF HTTP/1.1" 200 8805346
216.245.221.92 - - [07/Dec/2022:04:43:12 -0500] "HEAD / HTTP/1.1" 200 -
66.249.75.33 - - [07/Dec/2022:04:43:52 -0500] "GET /BLA/resoluciones/AUTOS%202015/5373.pdf HTTP/1.1" 200 527507
66.249.75.63 - - [07/Dec/2022:04:44:30 -0500] "GET /BLA/resoluciones/Notificaciones/RESOLUCIONES%202021/4009.pdf HTTP/1.1" 200 412082
201.245.192.253 - - [07/Dec/2022:04:44:45 -0500] "POST /kwsrmcab/Wsrmcab  HTTP/1.1" 200 43162
66.249.75.63 - - [07/Dec/2022:04:45:19 -0500] "GET /BLA/resoluciones/Notificaciones/RESOLUCIONES%202021/3308.pdf HTTP/1.1" 200 868301
172.22.2.4 - - [07/Dec/2022:04:43:49 -0500] "HEAD /BLA/boletinlegal/ HTTP/1.1" 200 -
172.22.2.4 - - [07/Dec/2022:04:44:39 -0500] "GET /BLA/boletinlegal/ HTTP/1.1" 200 59779
66.249.75.63 - - [07/Dec/2022:04:46:33 -0500] "GET /BLA/resoluciones/AUTOS%202016/0078.pdf HTTP/1.1" 200 613743
114.119.146.16 - - [07/Dec/2022:04:46:41 -0500] "GET /BLA/resoluciones/RESOLUCIONES%202010/0084.pdf HTTP/1.1" 200 538631
18.208.166.26 - - [07/Dec/2022:04:46:47 -0500] "HEAD /BLA/resoluciones/RESOLUCIONES%202002/1039.pdf HTTP/1.1" 200 -
18.208.166.26 - - [07/Dec/2022:04:46:47 -0500] "HEAD /BLA/resoluciones/RESOLUCIONES%202002/1039.pdf HTTP/1.1" 200 -
18.208.166.26 - - [07/Dec/2022:04:46:48 -0500] "HEAD /BLA/resoluciones/RESOLUCIONES%202002/1039.pdf HTTP/1.1" 200 -
18.208.166.26 - - [07/Dec/2022:04:46:48 -0500] "HEAD /BLA/resoluciones/RESOLUCIONES%202009/9382.pdf HTTP/1.1" 200 -
18.208.166.26 - - [07/Dec/2022:04:46:48 -0500] "HEAD /BLA/resoluciones/RESOLUCIONES%202009/9382.pdf HTTP/1.1" 200 -
18.208.166.26 - - [07/Dec/2022:04:46:48 -0500] "HEAD /BLA/resoluciones/RESOLUCIONES%202009/9382.pdf HTTP/1.1" 200 -
18.208.166.26 - - [07/Dec/2022:04:46:48 -0500] "HEAD /BLA/resoluciones/RESOLUCIONES%202009/5453.pdf HTTP/1.1" 200 -
18.208.166.26 - - [07/Dec/2022:04:46:48 -0500] "HEAD /BLA/resoluciones/RESOLUCIONES%202009/5453.pdf HTTP/1.1" 200 -
18.208.166.26 - - [07/Dec/2022:04:46:49 -0500] "HEAD /BLA/resoluciones/RESOLUCIONES%202009/5453.pdf HTTP/1.1" 200 -
18.208.166.26 - - [07/Dec/2022:04:46:49 -0500] "HEAD /BLA/resoluciones/RESOLUCIONES%202011/2962.pdf HTTP/1.1" 200 -
18.208.166.26 - - [07/Dec/2022:04:46:49 -0500] "HEAD /BLA/resoluciones/RESOLUCIONES%202011/2962.pdf HTTP/1.1" 200 -
18.208.166.26 - - [07/Dec/2022:04:46:49 -0500] "HEAD /BLA/resoluciones/RESOLUCIONES%202011/2962.pdf HTTP/1.1" 200 -
18.208.166.26 - - [07/Dec/2022:04:46:49 -0500] "HEAD /BLA/resoluciones/RESOLUCIONES%202012/0288.pdf HTTP/1.1" 200 -
18.208.166.26 - - [07/Dec/2022:04:46:49 -0500] "HEAD /BLA/resoluciones/RESOLUCIONES%202012/0288.pdf HTTP/1.1" 200 -
18.208.166.26 - - [07/Dec/2022:04:46:50 -0500] "HEAD /BLA/resoluciones/RESOLUCIONES%202012/0288.pdf HTTP/1.1" 200 -
18.208.166.26 - - [07/Dec/2022:04:46:50 -0500] "HEAD /BLA/resoluciones/RESOLUCIONES%202014/1016.pdf HTTP/1.1" 200 -
18.208.166.26 - - [07/Dec/2022:04:46:50 -0500] "HEAD /BLA/resoluciones/RESOLUCIONES%202014/1016.pdf HTTP/1.1" 200 -
18.208.166.26 - - [07/Dec/2022:04:46:50 -0500] "HEAD /BLA/resoluciones/RESOLUCIONES%202014/1016.pdf HTTP/1.1" 200 -
18.208.166.26 - - [07/Dec/2022:04:46:50 -0500] "HEAD /BLA/resoluciones/RESOLUCIONES%202018/2215.pdf HTTP/1.1" 200 -
18.208.166.26 - - [07/Dec/2022:04:46:50 -0500] "HEAD /BLA/resoluciones/RESOLUCIONES%202018/2215.pdf HTTP/1.1" 200 -
18.208.166.26 - - [07/Dec/2022:04:46:51 -0500] "HEAD /BLA/resoluciones/RESOLUCIONES%202018/2215.pdf HTTP/1.1" 200 -
18.208.166.26 - - [07/Dec/2022:04:46:51 -0500] "HEAD /BLA/resoluciones/RESOLUCIONES%202018/1072.pdf HTTP/1.1" 200 -
18.208.166.26 - - [07/Dec/2022:04:46:51 -0500] "HEAD /BLA/resoluciones/RESOLUCIONES%202018/1072.pdf HTTP/1.1" 200 -
18.208.166.26 - - [07/Dec/2022:04:46:51 -0500] "HEAD /BLA/resoluciones/RESOLUCIONES%202018/1072.pdf HTTP/1.1" 200 -
18.208.166.26 - - [07/Dec/2022:04:46:51 -0500] "HEAD /BLA/resoluciones/RESOLUCIONES%202019/0209.pdf HTTP/1.1" 200 -
18.208.166.26 - - [07/Dec/2022:04:46:51 -0500] "HEAD /BLA/resoluciones/RESOLUCIONES%202019/0209.pdf HTTP/1.1" 200 -
18.208.166.26 - - [07/Dec/2022:04:46:52 -0500] "HEAD /BLA/resoluciones/RESOLUCIONES%202019/0209.pdf HTTP/1.1" 200 -
18.208.166.26 - - [07/Dec/2022:04:46:52 -0500] "HEAD /BLA/resoluciones/RESOLUCIONES%202021/0506.pdf HTTP/1.1" 200 -
18.208.166.26 - - [07/Dec/2022:04:46:52 -0500] "HEAD /BLA/resoluciones/RESOLUCIONES%202021/0506.pdf HTTP/1.1" 200 -
18.208.166.26 - - [07/Dec/2022:04:46:52 -0500] "HEAD /BLA/resoluciones/RESOLUCIONES%202021/0506.pdf HTTP/1.1" 200 -
66.249.75.63 - - [07/Dec/2022:04:46:55 -0500] "GET /BLA/resoluciones/RESOLUCIONES%202017/0308.pdf HTTP/1.1" 200 409256
216.245.221.92 - - [07/Dec/2022:04:48:12 -0500] "HEAD / HTTP/1.1" 200 -
114.119.135.143 - - [07/Dec/2022:04:48:25 -0500] "GET /BLA/resoluciones/RESOLUCIONES%202009/4022.pdf HTTP/1.1" 200 524425
66.249.75.63 - - [07/Dec/2022:04:48:57 -0500] "GET /BLA/resoluciones/RESOLUCIONES%202008/1410.pdf HTTP/1.1" 200 222665
201.245.192.253 - - [07/Dec/2022:04:49:44 -0500] "POST /kwsrmcab/Wsrmcab  HTTP/1.1" 200 43162
