186.102.47.244 - - [12/Dec/2022:06:36:03 -0500] "GET /kwssiamovil/sm/acme/a?s=U2FsdGVkX1/R/XeZpATffxM7R2zpkIQWnZbFNR2QnIL5csv5X/vCg+kb58p3ON92wJc4aIat5YEA7GapV94FMhLrJqx679EbxjVyMT0lA0s9j2QywLOI8ta/it8mdrlz0A6exH3nXitvhWVb4vPBVBvSQI08HnP+79k4yQI1dIEsdCl3pNcwUuZp/LAZdu5ryuT9ST/6sEsbN+PSVFWyi0+6RwO2uO+gCWioSAwMxduUhLfonAKbzyh9afJ/zjImJJftbBRmtboDuOr+IpC2Kw==&u=U2FsdGVkX18k4eGN3M0j2agDSn9+h3LPlQwRaRdHrRmyXC1AQGnlPrJLRJJo4Vrp&y=U2FsdGVkX19dRwCVqzDFsU1+G+12sDgsUPIvhT+DBvcneZpYVfhMOFBYKWqjqoso HTTP/1.1" 200 26
186.102.47.244 - - [12/Dec/2022:06:36:03 -0500] "GET /kwssiamovil/sm/acme/a?s=U2FsdGVkX19R02CVFjiNmGmWVDx0mjq/YLc37zY+lbxixU+lYLOMUZamwWJR9/CP9j6OOZIflKn9LOEilyMKluY6wLh/3VRCuwS9yU+3DbczL3/fyb1Kpc/kqQ5EyN0PNqa3v1IV0j4iKtAT9Rvd4XQhQx0/XZTKNJGHNSb/pEOKHkUEaa6UiJ2Ruh5G1OkD6oeOgGplsSszSCVZTSQ9OqfQD5XZXbplJ5XuhA37m3oeOXIjepE1FDy1Khm17qco9tudJbvJFuvVRfIJojChYY8pKpn2JMCVkn3e4yTDuWEbknI1YZRKzF7BVnefoPGEg874XomHCURqam/IEvyVipOzB4Zmr4yqoSyudah0R+WgiIMJL3tcddWWNSLYEgNPf5oVsyy0aF+EjJNLOk3r0F2O/PpOimgMDQjkCkXPm46mB9irxI0m0gDBP1Jve438T8XsHd2RnDMuWDu+7xs4vJwgnLmC6Kn2WXiU3mRdJb9KAPw0bEQHjOPp6/XpLmicQiscB1FC/tKHfNpcwh9eDDii+otYQ9G8R67AsgZzcUY6LCboSn54yUFxQhrbnC0Xi1X9+bkQRx/3jqQWRKHz6+QFNsF+x7HZEOax/EU8y9+xjVt90Q/4td58Qa1Rai+bnhtc75gRLx1Js3k/2IL31Gfe0Czf0WtHHCpg6eMpjaKWWh0fs83B94BLmxBkQZEutnkVn3fJ3p5etI/FpPyae1ehG2m8hrZ1MCwk7DtwkA4jxHdRp6H9Bg+gcxopLFTOdSqzBLIMFK6cARlM9MRoRXNwtBn91biLo6LxpmccsQcrk4yCz7ccVw/bpzhUpFltgex40EYlhwsXHYI/QB0ueeRmxLzDzfM4MlaJUePZqg3YSY0kM+IAgrJg4U1HGqNeEGm7OXJOeC/hjx+BmStyvwGcr7RqjLehCAsv5mqdzeGnahLCt4UfCq+dquJuPu4/NZt6NO85e5RBJO1y1jvCg4pWJqKWyrMHz9U4C/2dZBOQbC4LXC+yVCjBt1qxKSAkZoeehWAtRRxQC7qUQ1jfyF5OfYgcYHP9Mj6jp+7Hwc0ozn+4uVTJ3cOj+hKrAfA7G4KEXioM8WNeclludh6PYhDPEaj3QH/PNVbj1pMTGbC1JkCZCJLLNXnRfJONXw4HvH7WaRfzVnb4yHwpQvm1kDxPtUSCKbCMRepckJHbX8gDjy4IG4SyXYqHYItV4X1KNQRDKxh6wSxsMbYMGp0v4615LZs/+62kgBFDw8wdKY5xg9OT95R+zY++ZoeeYc/2eB0BI4H1DBThYymilGvr3aqrAaufgK+zxuibHvIJGWSRgjXBjLyvdxI9mZPyQSr3gN9Jrr9HOyqHhND3BDFQeuaSptlOY52ZAH8AYP52oVzJDo7wHYfG5P/7fU2s4foX+ao+P7rdl/XIgfnBsXhjDcYWifa4MBDW/+yg7DLcLOm4UJ25kxq8OILcT3X0VfpNlAKYFIdNebrkU//6fwLeSZP5mzk4vTvEQdIDbHE6TwWAVuwpWdq5w5kD7/dxrG8nMDbV4HC327OvhiGmSfaKu2C6sn+9o7/ti3f361eQ9UDxqoBjmVXz8qUvy11njZ4Kk/YjGsdWxT5dbJ4397C9dg==&u=U2FsdGVkX18k4eGN3M0j2agDSn9+h3LPlQwRaRdHrRmyXC1AQGnlPrJLRJJo4Vrp&y=U2FsdGVkX19dRwCVqzDFsU1+G+12sDgsUPIvhT+DBvcneZpYVfhMOFBYKWqjqoso HTTP/1.1" 200 26
186.102.47.244 - - [12/Dec/2022:06:36:03 -0500] "GET /kwssiamovil/sm/acme/a?s=U2FsdGVkX1+G3hWuryI97mCVYeG3BDHNU9tsqzuZQI2aluLwzVYO1aVbSvG0bdmhsQMwiPVf7tdl4RnM0Y0zjQS3URjZQsLzKceBPCht1PegaLbeU7lOXCuG0MDn5L2wFrUMdjxMxWti0TK+nCCQ2avj0E3qNdxaJQihZ8dOSwY=&u=U2FsdGVkX18k4eGN3M0j2agDSn9+h3LPlQwRaRdHrRmyXC1AQGnlPrJLRJJo4Vrp&y=U2FsdGVkX19dRwCVqzDFsU1+G+12sDgsUPIvhT+DBvcneZpYVfhMOFBYKWqjqoso HTTP/1.1" 200 26
186.102.47.244 - - [12/Dec/2022:06:36:03 -0500] "GET /kwssiamovil/sm/acme/a?s=U2FsdGVkX1/lrMOES8gTuf7etDzY6rFurI8/kDAK6LZby1PvRLPwrQl87RTblGbCmso+Hyp6GYE/TIjAL8ftzkJyn7hpw+sUKobn4Ryr+eTTA+lzOkN7pFFBMXAOZkK5A/8nAaNKrG7Og0zXrL2a66x2MM0+gQjFd1MLjAxRB3A=&u=U2FsdGVkX18k4eGN3M0j2agDSn9+h3LPlQwRaRdHrRmyXC1AQGnlPrJLRJJo4Vrp&y=U2FsdGVkX19dRwCVqzDFsU1+G+12sDgsUPIvhT+DBvcneZpYVfhMOFBYKWqjqoso HTTP/1.1" 200 26
186.102.47.244 - - [12/Dec/2022:06:36:04 -0500] "GET /kwssiamovil/sm/acme/a?s=U2FsdGVkX18mmqNSIp8phtybNMKJu/Z+Mas2fVSQZLCChPVQzsFiNv1O3Jkqj7dvX6KcT0WpO8eAB5Iap75vdTdrCMYtE4eqiCOCRwn6Bqw0Xor/8tBCCYpyuTOAzflsdVBw7ztPpeOhgbj7J5huVrvyCg7478e6Om5381LJFYg=&u=U2FsdGVkX18k4eGN3M0j2agDSn9+h3LPlQwRaRdHrRmyXC1AQGnlPrJLRJJo4Vrp&y=U2FsdGVkX19dRwCVqzDFsU1+G+12sDgsUPIvhT+DBvcneZpYVfhMOFBYKWqjqoso HTTP/1.1" 200 26
186.102.47.244 - - [12/Dec/2022:06:36:04 -0500] "GET /kwssiamovil/sm/acme/a?s=U2FsdGVkX1+Cyglx1qZz2ywLtYt12P4ZLuTfO2YUnZcnn8jhHVG2no2NUzMPMM+mEQ1qQoCWZInClsKdqssr3MpkkhHaCpqYyTUFzwYrl9jRr9UtCjYIwKmuBpgtwQ9C63c8Xffx9EEJWrmJSaMUIAYywWGSbuaMJKgerbJJAGb5jzaNODEMTYj568vfCQav5EoCtQB1jDMK5/lLz4tLzQ==&u=U2FsdGVkX18k4eGN3M0j2agDSn9+h3LPlQwRaRdHrRmyXC1AQGnlPrJLRJJo4Vrp&y=U2FsdGVkX19dRwCVqzDFsU1+G+12sDgsUPIvhT+DBvcneZpYVfhMOFBYKWqjqoso HTTP/1.1" 200 26
173.252.95.21 - - [12/Dec/2022:06:37:16 -0500] "GET /images/cr\xc3\xb3nica-29-nov-1_optimized.jpeg HTTP/1.1" 404 1034
201.245.192.253 - - [12/Dec/2022:06:37:50 -0500] "POST /kwsrmcab/Wsrmcab  HTTP/1.1" 200 43162
162.55.173.23 - - [12/Dec/2022:06:38:05 -0500] "GET / HTTP/1.1" 200 319
191.95.53.153 - - [12/Dec/2022:06:39:45 -0500] "GET /kwssiamovil/sm/acme/a?s=U2FsdGVkX1/9crBm7Y7coCcPUHHOZenD50xX1959hKIuFKy+7tAziu0KZ6tF27vFot0VhE2TIPIGNHs982gHp/eN+8+6M7fRw3qr2hYF+G5qk2d5EKoW15f/Q4YKpBXI/bBZ+8+WnDjDuC6tQHd0ylFAIJ4LUnjYDUyuizwjspoH3HXHvaE1h1axze1OsRF+fOegvHzB41FCXnllr5lO7C54hEnBggupLxlfxvJHG/kEmVN+bAA6YZG4isbsZVEPv7DQZJlaXcAhyeGef9EQOA==&u=U2FsdGVkX19eHlsgt+soe9gaZvzDrgOrzne9g/n8lW+mx58qMlUvGjFOnpO9D+PP&y=U2FsdGVkX1+VYoEjBUY3EDjWdWwmEXx2oEALMWJ++jQI/L6D4QaUHd20tfwzpoLa HTTP/1.1" 200 26
191.95.53.153 - - [12/Dec/2022:06:39:46 -0500] "GET /kwssiamovil/sm/acme/a?s=U2FsdGVkX18k5Ymex3tnOTBEZLXf75PRn8IYWffDEVBz25VyPzI/mbAcEKTJcfor35FAE1lUmFwDgNHtbHCOiL6FUNp74apwPPZk9qfgXaHaZlDnMnMKdn7e/yfg9iBupFL9M6Pq9oGNNlBU1+Vkpl4KxLP8vYPn1MuHNuuRjJd/MOOCJ/j8vSPWPDJd2275y0oKPawP1ya9+QlWSCxuE/7ZOHUUTnGJCF15LRfZ/B0AH6GxlXqhoARto3lvRiB2y650ONW3TeJS0SGzlpToEe4IVnCoGxv+ImIH0FI4MdlL0BvTkFezzBJBfmDdmOi52Rj3bQAyYXTQppck2z+2Yr+LermaFP1Vq0MObV/FiE1Kq92YU5lQIsCkNH92owiuH57fe+QmvUzGwwmEUYXN/9boK9VgJPAjpUtuhzGAQWi6oNyR8ZiJUOsoRyXt/zHcHtPiMgnwtekAzkHnMfHv0kmjjKm80+Zt5jbgsxXm0YUzDjoX74cTnF7q5XLXOVTcFsJM1G8QZF3TQjENQ9V6L+f2/v/H+WwSv+fInX2jXoewLjb+BrvI9h32dUDN72kLUcRlwwCdUQX420x8qsoCrcWhd9Zu1gs+8qlumyWznqoSflY3n/NKLEuH71SHDu2bjBltEv4mZxioiLyrRYPOnUSRPuP/WTIgGcNNgzWDZ5kKhKUpzKSWmhZV4WHuybSBQ0MMsMERFKcJnhHonnBDHTxVvVaetQyZSx0kpWVUcILGKhLK7E9kzuwbOCM9zIyXibv4i7YxgkXKfMAD0LG1tsqh3DVYWsyBOTCheTldeZPlXNhwa0FiM0hJ1biBIKpSy9Rq5xtRaF/E8/wbId63mHFOuxGzMpGwT14oyujHC2Rxwld7/awRlVJR2+xD6zsWGqKb8klL3JR6u7mXJmM4h04ccArmdlSBsP8PIYFsZdlQSRJGAVRlAbIHJsOq4rTOjIPBWIQIfoF6yn1/0G9eu7dhqYjhodMCxfqWekXUd/v0o4dcWRSmktXgBzHreH7b+GPfJ0SnDSbYQL5ZMO6rmKMGIPVGqZOekEpLGVe2i7GnDrxkPBQqTG7YsZ+R1xs/ijas+phUgZHWLB8461Aa2ASmc9ugkwlVxLygCQcp8Pq5TIdHl50U0UOUS7GvI0u1SCiZ52HbYlKlSFJ00Df1j5M5TgJMTrxCydxU5mjLrKcdpo9HNY11KAJbwxez5nQMXh83wXp1zCJd5tXAM6ilQvYPFFdFv2T62iN6ayJLNejvXidpDktUQoMEY26Z/VihRFeVV8oQThVeGfkeFOQVRa0i8TEw1FGUWmC9Tvh87NQIv2VQsMliLqd8DUHBUFo0Vfa9l7/VAQ/jcQv+bq9wXgaClV4wxy9TmySol7AfndH/hiFDrr4BgbCmXP38DXzToRMHG+/V3y89uJ+KZ1eZRv9+D9fxcxzDmwIoCJZ66XP9CGPZKvP2CTtsTElpLegfqYybe96hLWBubd0OBudkYz7Q+DqJDo6aODpvrXCfdw0D8P5iIQSsIOS9c50b0s9l33k+HkooGPaSYpwP3qnye77QZ2aaw6dyKokRJazWOfWnuSzJiXPdMbcE6jUqqk40QXy9T/5M9i1achKJszNPDCC18LUGf6RK+RH7+gWn5fLpnuzQcF5ZtYMMK5F3PslvWfZ+/CCGbnC0NWK84zt9jcqbkauFYYp9ITtw4v1QcWjnAruU/0cXt2dNHK/oCbt5gvcifmsDZEtQQ0V/GiCdbBQjTUCffTx9czJu2TnlsctxQaXYXz5eSIA+SJNnod6WiSdoKgNwsADRYag7hP36f93zLoHgaF5Mw8KFOr21pv2n/MiGZhwI6dSXZ6ZHyIw4AXIAdmAi8EV5jFKPK09PSvLUhWcPB3ZS27f0GU1GtIkZ9hp4s8qP2MMoYm8a3T3EWUgsRQJYDe3y+w28EnRn1kPo3D5VHX4IyDFYEjJ36dMNHuvpK5fDP53eLJk5/rAlM6g1SJmz3dgO9oZbTobL8DBXirlAQkHSKVaeyFEaKKLRt6PTxBcaf7+X3vhPhGK/gLw/6OSjPnsrtQnjsH9ckRnh7hevjlRtMcH1aZjdbH1rDe6FxwEHggNKdkStTBOooDrrwTkCYtSMk8DM9JuRCbUMvAJanOBXfJuzu29GlNxaasvz5mvdA7zRuUW0MJTy&u=U2FsdGVkX19eHlsgt+soe9gaZvzDrgOrzne9g/n8lW+mx58qMlUvGjFOnpO9D+PP&y=U2FsdGVkX1+VYoEjBUY3EDjWdWwmEXx2oEALMWJ++jQI/L6D4QaUHd20tfwzpoLa HTTP/1.1" 200 26
191.95.53.153 - - [12/Dec/2022:06:39:46 -0500] "GET /kwssiamovil/sm/acme/a?s=U2FsdGVkX18TdhDOxZik+PJ8bCt5h6UglfKWCapMNYGSYOlbh4hdnAgZXZThoDbqdx1xKUk3FENquwdKX3+gmhADtLFs1dIr3+eUBQEY/hd5N+vnzRUytdd+Y44wvMafpUIGYABhKhVYzPmlZTqYUYrRr1yvY8awuJhjytwNMRk=&u=U2FsdGVkX19eHlsgt+soe9gaZvzDrgOrzne9g/n8lW+mx58qMlUvGjFOnpO9D+PP&y=U2FsdGVkX1+VYoEjBUY3EDjWdWwmEXx2oEALMWJ++jQI/L6D4QaUHd20tfwzpoLa HTTP/1.1" 200 26
191.95.53.153 - - [12/Dec/2022:06:39:47 -0500] "GET /kwssiamovil/sm/acme/a?s=U2FsdGVkX19w/B/fIkRg2KRVnKAgNy5cIZyd7GYLK89V1S+wxN370g5VRYMfqeKoq82pOCG6L0IhnZD0DxjrwCbmLMnR9dlWjJuzF/RuNOxGY6Lnvnb61TfLcuSUanlxVG2w8dtW1p1B4eJWQhs4fyW8usx4O4P2IJwfP948Jl0=&u=U2FsdGVkX19eHlsgt+soe9gaZvzDrgOrzne9g/n8lW+mx58qMlUvGjFOnpO9D+PP&y=U2FsdGVkX1+VYoEjBUY3EDjWdWwmEXx2oEALMWJ++jQI/L6D4QaUHd20tfwzpoLa HTTP/1.1" 200 26
191.95.53.153 - - [12/Dec/2022:06:39:47 -0500] "GET /kwssiamovil/sm/acme/a?s=U2FsdGVkX19Oi9XLvznvtzFOTA2KM9YH5YmelY0V/fERN2EeVT2uUCToLjYSpmV89xJcrb1e4H/s4WMx4Gv+PTIuA3x2oXdqbu2x4iE7RRMSV3usuR9se2T6YdqFcFxblqfsGzAbO7lRzrisdKLcsTXzijpOsVG124mASnLqJ9g=&u=U2FsdGVkX19eHlsgt+soe9gaZvzDrgOrzne9g/n8lW+mx58qMlUvGjFOnpO9D+PP&y=U2FsdGVkX1+VYoEjBUY3EDjWdWwmEXx2oEALMWJ++jQI/L6D4QaUHd20tfwzpoLa HTTP/1.1" 200 26
191.95.53.153 - - [12/Dec/2022:06:39:47 -0500] "GET /kwssiamovil/sm/acme/a?s=U2FsdGVkX1+DdhOxg4Eu9xEbEYS0cZO57sRLqJPT0g2SQm8hC8rsIEShRZqrW6Zku3M1OhHMAlOQ1sogglSX+X07dxx5O6zzll+OfJnTNAGRq9bfwpYwciqp5UCLn9pBr2JMAzNsfMUvrIojaWTrPDwTIbuS8gS3F82rTZHWRhWBER2EJQEqXYUbL3NvCSQyb144dZBj+qklnz7BYCD7Vg==&u=U2FsdGVkX19eHlsgt+soe9gaZvzDrgOrzne9g/n8lW+mx58qMlUvGjFOnpO9D+PP&y=U2FsdGVkX1+VYoEjBUY3EDjWdWwmEXx2oEALMWJ++jQI/L6D4QaUHd20tfwzpoLa HTTP/1.1" 200 26
172.22.2.4 - - [12/Dec/2022:06:38:15 -0500] "HEAD /BLA/boletinlegal/ HTTP/1.1" 200 -
216.245.221.92 - - [12/Dec/2022:06:40:04 -0500] "HEAD / HTTP/1.1" 200 -
201.245.192.253 - - [12/Dec/2022:06:40:15 -0500] "POST /kwsrmcab/Wsrmcab HTTP/1.1" 200 44093
201.245.192.253 - - [12/Dec/2022:06:40:18 -0500] "POST /kwsrmcab/Wsrmcab HTTP/1.1" 200 43938
172.22.2.4 - - [12/Dec/2022:06:39:05 -0500] "GET /BLA/boletinlegal/ HTTP/1.1" 200 57824
191.95.53.153 - - [12/Dec/2022:06:42:34 -0500] "GET /kwssiamovil/sm/acme/a?s=U2FsdGVkX1+OgFiiIFzkYxoy+Cko0cbnqWBT3xQYFZ69Q9DyE6PtnzL7zMcE8o7VDiqu2uCr9bP6PHMfPOh7WdnzvtfV/TRfc4AvmvSuiOpE+jAik+4pWQLA/Uyr0s+ZGBxJ6PZ/ixheXxIo4guwwsBSj3fbm0G4t0kE+WrPKbXTjqlI1f1wMnb5uEf9hfD+EVIJ5pxqYek+J1UtzSbqsOlo8XAUOKBlWqgp3oT1lwefgSfVMiRu9eDiTmGVwQ8m9GEOYmcl7zPBD9OBjkj+fA==&u=U2FsdGVkX19eHlsgt+soe9gaZvzDrgOrzne9g/n8lW+mx58qMlUvGjFOnpO9D+PP&y=U2FsdGVkX1+VYoEjBUY3EDjWdWwmEXx2oEALMWJ++jQI/L6D4QaUHd20tfwzpoLa HTTP/1.1" 200 26
191.95.53.153 - - [12/Dec/2022:06:42:34 -0500] "GET /kwssiamovil/sm/acme/a?s=U2FsdGVkX18nKVSmY32GiG+bKzfVRe4YbVdH9XS062pQQjbvyHEP2AyVMz2Nbtw53TnMiNsDYPtDggkYld0JIh6+F39vbf2M/3gREl0+Whiaz20zsBb1MLrRxxEbmHdnPEa2rct1ARy92O6MOh2Ky8L6/WJ9fGCkTzlD8j/dNFxRJb/W/tkuT136ML7XZ73SwCU/hSPDGOjp7LeFpoQSc65f9pyiUo+LuN6FTMaa7abwQWXOszao/dHnXfIpcdmAm+J4mqOCzl593cDicaRqWXvy4CBYsTvCrTaVB4ZznH1Ta8K1P63XD/jB/P8HTKvpDzEt0JLoChKGYzMQXxk22Ms1WGhknXsYEpvFv0BQhgd3AZUhDw7oP/TSseogrHg/1U7jN38bJbCyB5l9Mt+9aaNfrUnvooCrA4o3nkh/Ujk36Iqnw0fx9lT/kN0tHsl+3oNxoTpULORtJqplH9YZvcFbkRZha9By1ULRZ8salFyPkHojCpYur1VCriewGCzSxpK7beHGLiiRAdV/B723IM7D3EjVVj25IlWVZ72mkqfhFiaR9Mj8YBgP1A7ZAgQ9EHwgM++XKKwGniYBgshl2nLdurK9oHb9C/Ro/gQDKZFMOPtABsc/3wkSbZzfk9ZQelAj7RyZw5q6JvB6ro+sKCCzlnHJ85LlUkro/slxFzKhOYyZVpCZQdvwf6qXiN1R7EM3v0aw4jDeZXEz82Ipxbv/0UJQ+Y2ku7n1iqx3BT3fxf8LLWi1Gbm4Krau0IQvukM3U/GXYb1+3d8KyGBEB2v2n39ltNQ/p/EC3EdinoSgXauF3Vt1EsTqQSaxahK8aucYhrRfHkYGIXyZ7g6txXOtZWpWQl/BQewTjx8/+CCG2fXhn8qd9mWuknKWb4L5oPeraAC7tfMDog/Oz1aabvkTdYSPc1qk4kowV8zYSqPv34wCO7sSxO5PUVyZdgfVxCWMI9Mpb7OdIq3hEe2iwoa/P3eg9XBymB2svIyv5hItmFUdcx30sLubHNaMdRzaIai+zXeIjOVWg9LQkjNFWzKQhFhD6ayVX/y6iOxfW+P2FOXAsUP/RHdS1s/MLVOE120D1kY1ctNk02rX43RBsGZYtKgT0F6lCA0aM/V3jQAsChlJV+EtESk6Dvh92IcmJvYNIaGmEkLzH6nXzxQk5AqoKZ8xO7GVEj9sj5Wg//avaLUur6avFltag4gwR4o5JpPRTrniFGJ0Z1xAT4GNRqSWqPma8WAkWkPnGHylbbjDsiFr8m2pjNkpzOU3LqVxE2Qkkjc39KqzcLJ/klBzp5NgbraZ73L+RaYAiuntpVf3Re5+N57gn6UxImnhpF0aHzFSsZzYinUt4RFBrWsPdQqlLcaFostiDMPUUvx4KQj9cUZp+rDV5l9ZVzadE+yGqDgIydSXsqbJfqHmibe7hkxyv0tQEfFxhRzHQxUEmotJFZhuERHxVJeHUQn5yqtmurxxl1oJlBvNa4pFnB9eipb1LbdJ8PA3JqD+iEsUZn+wNHK5/hFDhfIjsWTqYhX6GpmUUqb2wkwBHaskiXSMH2el8Kb1X9rhOL5C/cto6XLveqqenkAQR5XjPlHgUBWbUCqgZvsg0y4YDKEdK8NZU0KAH+rIoEfxTMdhsiZUwUqktopiQu/9iVAcCuQqaTij1eV2l7HhPuRubUfHRTA/ix44OfeLbdrmJS6MnejaQlhloCO/G2TbWj+grro2mQwAFL5kXLPDPAucL3BiXC/BWI17EpFGfbz4PF89imvfdBQN+vKzxTSjqfmpUITIYe5IB79+I7ocBOdnY8WU05/GMcELzG1gKpTlw4qCqc9bTcjM3ix9RhbGOqoI92nPfCb/w9B2Z+3v5kFb806Lxq4lZBl7JRKSEaOkUsW8LSeHMCZdyi6/VleOllkLqIYpH5bPW1cEvSjmvwx3Cbd7PrljE2V8+DunOKJoXT1uxCiV9PluoD7KYuX1HvJg7i4pvor61OzNEMEfcu+B+8LFVngt8+IXM/rZCe/YHtyzMHJYe8mfMgEtRkf6U1WzOS717dcyn5kvdEiZ2Sd/Zd/9UOJTaQ0SEPBl7HDtm1s8YGRM1wD7R6bVBDjDdBss00tf+vA0DJzFTglT9PrVNbWqzfmVh1Q3Aot4DDKwgBsQrkfVGGd23X3yQ1iKYHW3JuNpKndM&u=U2FsdGVkX19eHlsgt+soe9gaZvzDrgOrzne9g/n8lW+mx58qMlUvGjFOnpO9D+PP&y=U2FsdGVkX1+VYoEjBUY3EDjWdWwmEXx2oEALMWJ++jQI/L6D4QaUHd20tfwzpoLa HTTP/1.1" 200 26
191.95.53.153 - - [12/Dec/2022:06:42:34 -0500] "GET /kwssiamovil/sm/acme/a?s=U2FsdGVkX1+enzngRdsMjcNTKWjvNlnDd8g26tH5jp2CldtDsnMCK9KVgUZ+Ua6nx0wTiW06a98fAtelsayKQIfNOPARAF/tRirEMx27l/jStN0b0o04TjAKQe49u5/D3hiFLkoih8q+8DkMtmGQXKozGe2y268l6A1LogmwsSY=&u=U2FsdGVkX19eHlsgt+soe9gaZvzDrgOrzne9g/n8lW+mx58qMlUvGjFOnpO9D+PP&y=U2FsdGVkX1+VYoEjBUY3EDjWdWwmEXx2oEALMWJ++jQI/L6D4QaUHd20tfwzpoLa HTTP/1.1" 200 26
191.95.53.153 - - [12/Dec/2022:06:42:35 -0500] "GET /kwssiamovil/sm/acme/a?s=U2FsdGVkX18WrtdD72RPAVpysRuJSZoGU/RzmBVYTEh/YzqnpwvOj9wTEPis3AwRYU3usvCPGCAHZm+0sbYUIZvDUK8GM8ea2GDxjC1nUc43mnwjnIvEZwaA5YnRktJEtYEutAn34TaPx8xXNNm3oDzRBiXjO+wOm56A7n21FKs=&u=U2FsdGVkX19eHlsgt+soe9gaZvzDrgOrzne9g/n8lW+mx58qMlUvGjFOnpO9D+PP&y=U2FsdGVkX1+VYoEjBUY3EDjWdWwmEXx2oEALMWJ++jQI/L6D4QaUHd20tfwzpoLa HTTP/1.1" 200 26
191.95.53.153 - - [12/Dec/2022:06:42:35 -0500] "GET /kwssiamovil/sm/acme/a?s=U2FsdGVkX1/s/WlH4WZz1XxgUnaNoSjiUT9IeKSbp4QcgE2APYLkt06+oGCNG6AJ1Z5wFGAz3yLYsOp8CH3N3HB54T/K5JK2JZb5MNLm0+e9aMYAWc1ycgXOcPB0XUZ02iRXPyvATVrIKfw6j/xweQCvpzDRyhXGXuel9ywWdww=&u=U2FsdGVkX19eHlsgt+soe9gaZvzDrgOrzne9g/n8lW+mx58qMlUvGjFOnpO9D+PP&y=U2FsdGVkX1+VYoEjBUY3EDjWdWwmEXx2oEALMWJ++jQI/L6D4QaUHd20tfwzpoLa HTTP/1.1" 200 26
191.95.53.153 - - [12/Dec/2022:06:42:35 -0500] "GET /kwssiamovil/sm/acme/a?s=U2FsdGVkX19bwRzQW6Q1F4vwK2d9vtdAvqXxDaYSTttm/SZ1OauutG+vDDAsvm1694+3a5H13DCwgYX6J9pza3jrMvhPQjVuWB2L5ahDGP1DH31lg2EktuxriOpVO3s98eK+FPYibbxdP7NBHrwETiuXqatUNcK8t8ZlrI9EgQ/Lt7JoiGWuGjVF+Uia62QYSjCVwzOaejvfQSY4nGEaKA==&u=U2FsdGVkX19eHlsgt+soe9gaZvzDrgOrzne9g/n8lW+mx58qMlUvGjFOnpO9D+PP&y=U2FsdGVkX1+VYoEjBUY3EDjWdWwmEXx2oEALMWJ++jQI/L6D4QaUHd20tfwzpoLa HTTP/1.1" 200 26
201.245.192.253 - - [12/Dec/2022:06:42:49 -0500] "POST /kwsrmcab/Wsrmcab  HTTP/1.1" 502 1155
201.245.192.253 - - [12/Dec/2022:06:43:48 -0500] "POST /kwsrmcab/Wsrmcab  HTTP/1.1" 200 43162
201.245.192.253 - - [12/Dec/2022:06:44:48 -0500] "POST /kwsrmcab/Wsrmcab  HTTP/1.1" 200 43162
216.245.221.92 - - [12/Dec/2022:06:45:05 -0500] "HEAD / HTTP/1.1" 200 -
40.77.167.77 - - [12/Dec/2022:06:45:43 -0500] "GET /BLA/resoluciones/RESOLUCIONES%202021/3710.pdf HTTP/1.1" 304 -
172.22.2.4 - - [12/Dec/2022:06:44:05 -0500] "HEAD /BLA/boletinlegal/ HTTP/1.1" 200 -
172.22.2.4 - - [12/Dec/2022:06:44:55 -0500] "GET /BLA/boletinlegal/ HTTP/1.1" 200 58612
71.6.232.28 - - [12/Dec/2022:06:48:24 -0500] "GET / HTTP/1.1" 200 319
186.31.144.80 - - [12/Dec/2022:06:48:39 -0500] "GET /galeria/galeria/jquery.fancybox.css?v=2.1.5 HTTP/1.1" 200 4895
186.31.144.80 - - [12/Dec/2022:06:48:39 -0500] "GET /BLA/boletinlegal/js/jquery.scrollShow.js HTTP/1.1" 200 4586
186.31.144.80 - - [12/Dec/2022:06:48:39 -0500] "GET /galeria/galeria/jquery.fancybox.js?v=2.1.5 HTTP/1.1" 200 48706
201.245.192.253 - - [12/Dec/2022:06:49:47 -0500] "POST /kwsrmcab/Wsrmcab  HTTP/1.1" 200 43162
216.245.221.92 - - [12/Dec/2022:06:50:04 -0500] "HEAD / HTTP/1.1" 200 -
95.217.144.248 - - [12/Dec/2022:06:50:12 -0500] "GET /robots.txt HTTP/1.1" 404 1034
95.217.144.245 - - [12/Dec/2022:06:50:12 -0500] "GET /robots.txt HTTP/1.1" 404 1034
95.217.144.245 - - [12/Dec/2022:06:50:13 -0500] "GET /robots.txt HTTP/1.1" 404 1034
95.217.144.156 - - [12/Dec/2022:06:50:29 -0500] "GET /robots.txt HTTP/1.1" 404 1034
172.22.2.4 - - [12/Dec/2022:06:49:55 -0500] "HEAD /BLA/boletinlegal/ HTTP/1.1" 200 -
95.217.144.247 - - [12/Dec/2022:06:52:25 -0500] "GET /robots.txt HTTP/1.1" 404 1034
172.22.2.4 - - [12/Dec/2022:06:50:45 -0500] "GET /BLA/boletinlegal/ HTTP/1.1" 200 57192
95.217.144.247 - - [12/Dec/2022:06:52:27 -0500] "GET /robots.txt HTTP/1.1" 404 1034
201.245.192.253 - - [12/Dec/2022:06:54:46 -0500] "POST /kwsrmcab/Wsrmcab  HTTP/1.1" 200 43162
216.245.221.92 - - [12/Dec/2022:06:55:04 -0500] "HEAD / HTTP/1.1" 200 -
173.252.87.119 - - [12/Dec/2022:06:55:33 -0500] "GET /images/cr\xc3\xb3nica-29-nov-1_optimized.jpeg HTTP/1.1" 404 1034
172.22.2.4 - - [12/Dec/2022:06:55:45 -0500] "HEAD /BLA/boletinlegal/ HTTP/1.1" 200 -
172.22.2.4 - - [12/Dec/2022:06:56:35 -0500] "GET /BLA/boletinlegal/ HTTP/1.1" 200 57824
201.245.192.253 - - [12/Dec/2022:06:59:45 -0500] "POST /kwsrmcab/Wsrmcab  HTTP/1.1" 200 43162
216.245.221.92 - - [12/Dec/2022:07:00:04 -0500] "HEAD / HTTP/1.1" 200 -
173.252.83.15 - - [12/Dec/2022:07:02:17 -0500] "GET /images/reunion-planta-termovalorizacion-11-mayo.jpg HTTP/1.1" 200 34782
172.22.2.4 - - [12/Dec/2022:07:01:35 -0500] "HEAD /BLA/boletinlegal/ HTTP/1.1" 200 -
172.22.2.4 - - [12/Dec/2022:07:02:25 -0500] "GET /BLA/boletinlegal/ HTTP/1.1" 200 58185
201.245.192.253 - - [12/Dec/2022:07:04:44 -0500] "POST /kwsrmcab/Wsrmcab  HTTP/1.1" 200 43162
216.245.221.92 - - [12/Dec/2022:07:05:04 -0500] "HEAD / HTTP/1.1" 200 -
173.252.107.12 - - [12/Dec/2022:07:05:20 -0500] "GET /images/cr\xc3\xb3nica-29-nov-1_optimized.jpeg HTTP/1.1" 404 1034
139.59.6.156 - - [12/Dec/2022:07:05:48 -0500] "\x16\x03\x01" 400 226
139.59.6.156 - - [12/Dec/2022:07:05:48 -0500] "\x16\x03\x01" 400 226
139.59.6.156 - - [12/Dec/2022:07:05:49 -0500] "GET / HTTP/1.1" 200 319
183.136.225.32 - - [12/Dec/2022:07:08:18 -0500] "-" 408 -
186.154.163.245 - - [12/Dec/2022:07:08:20 -0500] "GET /BLA/resoluciones/index.php?dir= HTTP/1.1" 200 13093
186.154.163.245 - - [12/Dec/2022:07:08:28 -0500] "GET /BLA/resoluciones/index.php?dir=AUTOS+2019%2F HTTP/1.1" 200 350807
186.154.163.245 - - [12/Dec/2022:07:08:45 -0500] "GET /BLA/resoluciones/AUTOS%202019/1788.pdf HTTP/1.1" 200 247484
172.22.2.4 - - [12/Dec/2022:07:07:25 -0500] "HEAD /BLA/boletinlegal/ HTTP/1.1" 200 -
201.245.192.253 - - [12/Dec/2022:07:09:43 -0500] "POST /kwsrmcab/Wsrmcab  HTTP/1.1" 200 43162
172.22.2.4 - - [12/Dec/2022:07:08:15 -0500] "GET /BLA/boletinlegal/ HTTP/1.1" 200 58185
216.245.221.92 - - [12/Dec/2022:07:10:04 -0500] "HEAD / HTTP/1.1" 200 -
173.252.83.24 - - [12/Dec/2022:07:13:07 -0500] "GET /images/humedal-agua-lluvias-bogota-18-marzo.jpg HTTP/1.1" 200 146923
173.252.107.20 - - [12/Dec/2022:07:13:34 -0500] "GET /humedales-por-que-son-importantes-en-epoca-de-lluvia.html HTTP/1.1" 206 793
201.245.192.253 - - [12/Dec/2022:07:14:42 -0500] "POST /kwsrmcab/Wsrmcab  HTTP/1.1" 200 43162
173.252.79.24 - - [12/Dec/2022:07:14:49 -0500] "GET /images/cr\xc3\xb3nica-29-nov-1_optimized.jpeg HTTP/1.1" 404 1034
172.22.2.4 - - [12/Dec/2022:07:13:15 -0500] "HEAD /BLA/boletinlegal/ HTTP/1.1" 200 -
216.245.221.92 - - [12/Dec/2022:07:15:04 -0500] "HEAD / HTTP/1.1" 200 -
172.22.2.4 - - [12/Dec/2022:07:14:05 -0500] "GET /BLA/boletinlegal/ HTTP/1.1" 200 59404
157.55.39.1 - - [12/Dec/2022:07:16:58 -0500] "GET /secretaria-de-ambiente-reconoce-15-entidades-distritales-por-su-desempeno-ambiental.html HTTP/1.1" 200 978
186.154.163.245 - - [12/Dec/2022:07:17:17 -0500] "GET /BLA/resoluciones/index.php?dir= HTTP/1.1" 200 13093
186.154.163.245 - - [12/Dec/2022:07:17:21 -0500] "GET /BLA/resoluciones/index.php?dir=AUTOS+2017%2F HTTP/1.1" 200 460813
201.245.192.253 - - [12/Dec/2022:07:19:41 -0500] "POST /kwsrmcab/Wsrmcab  HTTP/1.1" 200 43162
216.245.221.92 - - [12/Dec/2022:07:20:04 -0500] "HEAD / HTTP/1.1" 200 -
201.245.192.253 - - [12/Dec/2022:07:20:16 -0500] "POST /kwsrmcab/Wsrmcab HTTP/1.1" 200 44111
201.245.192.253 - - [12/Dec/2022:07:20:18 -0500] "POST /kwsrmcab/Wsrmcab HTTP/1.1" 200 43794
172.22.2.4 - - [12/Dec/2022:07:19:04 -0500] "HEAD /BLA/boletinlegal/ HTTP/1.1" 200 -
172.22.2.4 - - [12/Dec/2022:07:19:55 -0500] "GET /BLA/boletinlegal/ HTTP/1.1" 200 57192
201.245.192.253 - - [12/Dec/2022:07:22:46 -0500] "GET /appsia/controlador HTTP/1.1" 200 4799
201.245.192.253 - - [12/Dec/2022:07:22:46 -0500] "GET /appsia/css/estilos.css HTTP/1.1" 200 4804
201.245.192.253 - - [12/Dec/2022:07:22:46 -0500] "GET /appsia/scripts/validarIngreso.js HTTP/1.1" 200 851
201.245.192.253 - - [12/Dec/2022:07:22:46 -0500] "GET /appsia/images/logo_bogota_p.png HTTP/1.1" 200 14951
201.245.192.253 - - [12/Dec/2022:07:22:46 -0500] "GET /appsia/images/cabezoteHojaVida.png HTTP/1.1" 200 32493
201.245.192.253 - - [12/Dec/2022:07:22:46 -0500] "GET /favicon.ico HTTP/1.1" 200 7782
201.245.192.253 - - [12/Dec/2022:07:22:49 -0500] "POST /appsia/controlador HTTP/1.1" 200 5437
201.245.192.253 - - [12/Dec/2022:07:22:50 -0500] "POST /appsia/controlador HTTP/1.1" 200 13588
201.245.192.253 - - [12/Dec/2022:07:22:51 -0500] "GET /appsia/images/logo_escudo.png HTTP/1.1" 200 36965
172.22.2.4 - - [12/Dec/2022:07:24:28 -0500] "GET /BLA/boletinlegal/actos.php HTTP/1.1" 200 9566
201.245.192.253 - - [12/Dec/2022:07:24:40 -0500] "POST /kwsrmcab/Wsrmcab  HTTP/1.1" 200 43162
216.245.221.92 - - [12/Dec/2022:07:25:04 -0500] "HEAD / HTTP/1.1" 200 -
172.22.2.4 - - [12/Dec/2022:07:24:55 -0500] "HEAD /BLA/boletinlegal/ HTTP/1.1" 200 -
172.22.2.4 - - [12/Dec/2022:07:25:45 -0500] "GET /BLA/boletinlegal/ HTTP/1.1" 200 59404
172.22.2.4 - - [12/Dec/2022:07:28:55 -0500] "GET /BLA/boletinlegal/.env HTTP/1.1" 404 1018
201.245.192.253 - - [12/Dec/2022:07:29:38 -0500] "POST /kwsrmcab/Wsrmcab  HTTP/1.1" 200 43162
201.245.192.253 - - [12/Dec/2022:07:29:44 -0500] "GET /appsia/controlador HTTP/1.1" 200 4799
201.245.192.253 - - [12/Dec/2022:07:29:44 -0500] "GET /appsia/css/estilos.css HTTP/1.1" 200 4804
201.245.192.253 - - [12/Dec/2022:07:29:44 -0500] "GET /appsia/scripts/validarIngreso.js HTTP/1.1" 200 851
201.245.192.253 - - [12/Dec/2022:07:29:44 -0500] "GET /appsia/images/logo_bogota_p.png HTTP/1.1" 200 14951
201.245.192.253 - - [12/Dec/2022:07:29:44 -0500] "GET /appsia/images/cabezoteHojaVida.png HTTP/1.1" 200 32493
201.245.192.253 - - [12/Dec/2022:07:29:44 -0500] "GET /favicon.ico HTTP/1.1" 200 7782
201.245.192.253 - - [12/Dec/2022:07:29:49 -0500] "POST /appsia/controlador HTTP/1.1" 200 5437
201.245.192.253 - - [12/Dec/2022:07:29:53 -0500] "GET /appsia/images/logo_escudo.png HTTP/1.1" 200 36965
201.245.192.253 - - [12/Dec/2022:07:29:52 -0500] "POST /appsia/controlador HTTP/1.1" 200 429068
216.245.221.92 - - [12/Dec/2022:07:30:04 -0500] "HEAD / HTTP/1.1" 200 -
201.245.192.253 - - [12/Dec/2022:07:30:15 -0500] "POST /kwsrmcab/Wsrmcab HTTP/1.1" 200 44111
201.245.192.253 - - [12/Dec/2022:07:30:18 -0500] "POST /kwsrmcab/Wsrmcab HTTP/1.1" 200 43794
186.81.240.141 - - [12/Dec/2022:07:31:48 -0500] "GET /BLA/boletinlegal/js/jquery.scrollShow.js HTTP/1.1" 200 4586
186.81.240.141 - - [12/Dec/2022:07:31:48 -0500] "GET /galeria/galeria/jquery.fancybox.js?v=2.1.5 HTTP/1.1" 200 48706
186.81.240.141 - - [12/Dec/2022:07:31:48 -0500] "GET /galeria/galeria/jquery.fancybox.css?v=2.1.5 HTTP/1.1" 200 4895
172.22.2.4 - - [12/Dec/2022:07:30:45 -0500] "HEAD /BLA/boletinlegal/ HTTP/1.1" 200 -
172.22.2.4 - - [12/Dec/2022:07:31:35 -0500] "GET /BLA/boletinlegal/ HTTP/1.1" 200 57192
201.245.192.253 - - [12/Dec/2022:07:34:23 -0500] "GET /sipse/faces/faces/faces/autenticacion.xhtml HTTP/1.1" 200 12503
201.245.192.253 - - [12/Dec/2022:07:34:28 -0500] "GET /sipse/js/disable_browser_buttons.js HTTP/1.1" 304 -
201.245.192.253 - - [12/Dec/2022:07:34:28 -0500] "GET /sipse/js/funciones.js HTTP/1.1" 304 -
201.245.192.253 - - [12/Dec/2022:07:34:28 -0500] "GET /sipse/css/custom_css_sg.css HTTP/1.1" 304 -
201.245.192.253 - - [12/Dec/2022:07:34:28 -0500] "GET /sipse/faces/javax.faces.resource/theme.css?ln=primefaces-sipse HTTP/1.1" 304 -
201.245.192.253 - - [12/Dec/2022:07:34:28 -0500] "GET /sipse/css/custom_css_sg_prime_login.css HTTP/1.1" 304 -
201.245.192.253 - - [12/Dec/2022:07:34:28 -0500] "GET /sipse/faces/javax.faces.resource/primefaces.css;jsessionid=LiftK2CilkwiJS+xQzeDNqe3.undefined?ln=primefaces&v=4.0 HTTP/1.1" 200 53295
201.245.192.253 - - [12/Dec/2022:07:34:28 -0500] "GET /sipse/faces/javax.faces.resource/layout/layout.css;jsessionid=LiftK2CilkwiJS+xQzeDNqe3.undefined?ln=primefaces&v=4.0 HTTP/1.1" 200 542
201.245.192.253 - - [12/Dec/2022:07:34:28 -0500] "GET /sipse/faces/javax.faces.resource/layout/layout.js;jsessionid=LiftK2CilkwiJS+xQzeDNqe3.undefined?ln=primefaces&v=4.0 HTTP/1.1" 200 87560
201.245.192.253 - - [12/Dec/2022:07:34:28 -0500] "GET /sipse/faces/javax.faces.resource/primefaces.js;jsessionid=LiftK2CilkwiJS+xQzeDNqe3.undefined?ln=primefaces&v=4.0 HTTP/1.1" 200 276924
201.245.192.253 - - [12/Dec/2022:07:34:28 -0500] "GET /sipse/faces/javax.faces.resource/jquery/jquery-plugins.js;jsessionid=LiftK2CilkwiJS+xQzeDNqe3.undefined?ln=primefaces&v=4.0 HTTP/1.1" 200 220526
201.245.192.253 - - [12/Dec/2022:07:34:28 -0500] "GET /sipse/faces/javax.faces.resource/jquery/jquery.js;jsessionid=LiftK2CilkwiJS+xQzeDNqe3.undefined?ln=primefaces&v=4.0 HTTP/1.1" 200 105384
201.245.192.253 - - [12/Dec/2022:07:34:28 -0500] "GET /sipse/css/imagen/logoSDG.png HTTP/1.1" 200 53064
201.245.192.253 - - [12/Dec/2022:07:34:28 -0500] "GET /sipse/faces/javax.faces.resource/images/ui-icons_898989_256x240.png?ln=primefaces-aristo HTTP/1.1" 200 5355
201.245.192.253 - - [12/Dec/2022:07:34:28 -0500] "GET /sipse/css/imagen/loginimg.png HTTP/1.1" 200 71635
201.245.192.253 - - [12/Dec/2022:07:34:28 -0500] "GET /favicon.ico HTTP/1.1" 200 7782
201.245.192.253 - - [12/Dec/2022:07:34:28 -0500] "GET /sipse/faces/faces/faces/index.xhtml HTTP/1.1" 200 677
201.245.192.253 - - [12/Dec/2022:07:34:28 -0500] "GET /sipse/faces/javax.faces.resource/theme.css?ln=primefaces-sipse HTTP/1.1" 304 -
201.245.192.253 - - [12/Dec/2022:07:34:29 -0500] "GET /sipse/faces/faces/faces/faces/autenticacion.xhtml HTTP/1.1" 200 12181
201.245.192.253 - - [12/Dec/2022:07:34:29 -0500] "GET /sipse/faces/javax.faces.resource/theme.css?ln=primefaces-sipse HTTP/1.1" 304 -
201.245.192.253 - - [12/Dec/2022:07:34:29 -0500] "GET /sipse/faces/javax.faces.resource/layout/layout.css?ln=primefaces&v=4.0 HTTP/1.1" 200 542
201.245.192.253 - - [12/Dec/2022:07:34:29 -0500] "GET /sipse/faces/javax.faces.resource/primefaces.css?ln=primefaces&v=4.0 HTTP/1.1" 200 53295
201.245.192.253 - - [12/Dec/2022:07:34:29 -0500] "GET /sipse/faces/javax.faces.resource/jquery/jquery.js?ln=primefaces&v=4.0 HTTP/1.1" 304 -
201.245.192.253 - - [12/Dec/2022:07:34:29 -0500] "GET /sipse/faces/javax.faces.resource/jquery/jquery-plugins.js?ln=primefaces&v=4.0 HTTP/1.1" 304 -
201.245.192.253 - - [12/Dec/2022:07:34:29 -0500] "GET /sipse/faces/javax.faces.resource/primefaces.js?ln=primefaces&v=4.0 HTTP/1.1" 304 -
201.245.192.253 - - [12/Dec/2022:07:34:29 -0500] "GET /sipse/faces/javax.faces.resource/layout/layout.js?ln=primefaces&v=4.0 HTTP/1.1" 304 -
201.245.192.253 - - [12/Dec/2022:07:34:29 -0500] "GET /sipse/faces/javax.faces.resource/images/ui-icons_898989_256x240.png?ln=primefaces-aristo HTTP/1.1" 304 -
201.245.192.253 - - [12/Dec/2022:07:34:37 -0500] "POST /kwsrmcab/Wsrmcab  HTTP/1.1" 200 43162
201.245.192.253 - - [12/Dec/2022:07:34:50 -0500] "POST /sipse/faces/autenticacion.xhtml HTTP/1.1" 200 11167
201.245.192.253 - - [12/Dec/2022:07:34:50 -0500] "GET /sipse/css/custom_css_sg_prime.css HTTP/1.1" 200 5201
201.245.192.253 - - [12/Dec/2022:07:34:50 -0500] "GET /sipse/faces/javax.faces.resource/jquery/jquery.js?ln=primefaces&v=4.0 HTTP/1.1" 304 -
201.245.192.253 - - [12/Dec/2022:07:34:50 -0500] "GET /sipse/faces/javax.faces.resource/jquery/jquery-plugins.js?ln=primefaces&v=4.0 HTTP/1.1" 304 -
201.245.192.253 - - [12/Dec/2022:07:34:50 -0500] "GET /sipse/faces/javax.faces.resource/primefaces.js?ln=primefaces&v=4.0 HTTP/1.1" 304 -
201.245.192.253 - - [12/Dec/2022:07:34:50 -0500] "GET /sipse/faces/javax.faces.resource/layout/layout.js?ln=primefaces&v=4.0 HTTP/1.1" 304 -
201.245.192.253 - - [12/Dec/2022:07:34:50 -0500] "GET /sipse/faces/javax.faces.resource/messages/messages.png?ln=primefaces&v=4.0 HTTP/1.1" 200 27209
181.129.8.13 - - [12/Dec/2022:07:34:53 -0500] "GET /galeria/galeria/jquery.fancybox.css?v=2.1.5 HTTP/1.1" 200 4895
181.129.8.13 - - [12/Dec/2022:07:34:54 -0500] "GET /BLA/boletinlegal/js/jquery.scrollShow.js HTTP/1.1" 200 4586
181.129.8.13 - - [12/Dec/2022:07:34:54 -0500] "GET /galeria/galeria/jquery.fancybox.js?v=2.1.5 HTTP/1.1" 200 48706
201.245.192.253 - - [12/Dec/2022:07:34:55 -0500] "POST /sipse/faces/presentacion/sistema/seguridad/seleccionRol.xhtml HTTP/1.1" 200 1687
201.245.192.253 - - [12/Dec/2022:07:34:58 -0500] "POST /sipse/faces/presentacion/sistema/seguridad/seleccionRol.xhtml HTTP/1.1" 200 5600
201.245.192.253 - - [12/Dec/2022:07:34:59 -0500] "POST /sipse/faces/presentacion/sistema/seguridad/seleccionRol.xhtml HTTP/1.1" 200 17512
201.245.192.253 - - [12/Dec/2022:07:34:59 -0500] "GET /sipse/js/jquery.min.js HTTP/1.1" 304 -
201.245.192.253 - - [12/Dec/2022:07:34:59 -0500] "GET /sipse/faces/javax.faces.resource/jquery/jquery.js?ln=primefaces&v=4.0 HTTP/1.1" 304 -
201.245.192.253 - - [12/Dec/2022:07:34:59 -0500] "GET /sipse/faces/javax.faces.resource/jquery/jquery-plugins.js?ln=primefaces&v=4.0 HTTP/1.1" 304 -
201.245.192.253 - - [12/Dec/2022:07:34:59 -0500] "GET /sipse/faces/javax.faces.resource/primefaces.js?ln=primefaces&v=4.0 HTTP/1.1" 304 -
201.245.192.253 - - [12/Dec/2022:07:34:59 -0500] "GET /sipse/faces/javax.faces.resource/layout/layout.js?ln=primefaces&v=4.0 HTTP/1.1" 304 -
201.245.192.253 - - [12/Dec/2022:07:35:00 -0500] "GET /sipse/imagenes/cargando.gif HTTP/1.1" 200 36959
201.245.192.253 - - [12/Dec/2022:07:35:00 -0500] "GET /sipse/css/imagen/contrasena.png HTTP/1.1" 404 383
201.245.192.253 - - [12/Dec/2022:07:35:00 -0500] "GET /sipse/imagenes/logoAplicacion.jpg HTTP/1.1" 200 155084
201.245.192.253 - - [12/Dec/2022:07:35:01 -0500] "GET /sipse/faces/javax.faces.resource/images/ui-bg_flat_0_2d5972_40x100.png?ln=primefaces-aristo HTTP/1.1" 200 183
201.245.192.253 - - [12/Dec/2022:07:35:01 -0500] "POST /sipse/faces/bienvenido.xhtml HTTP/1.1" 200 3843
201.245.192.253 - - [12/Dec/2022:07:35:03 -0500] "POST /sipse/faces/bienvenido.xhtml HTTP/1.1" 200 38528
201.245.192.253 - - [12/Dec/2022:07:35:03 -0500] "GET /sipse/faces/javax.faces.resource/jquery/jquery.js?ln=primefaces&v=4.0 HTTP/1.1" 304 -
201.245.192.253 - - [12/Dec/2022:07:35:03 -0500] "GET /sipse/faces/javax.faces.resource/jquery/jquery-plugins.js?ln=primefaces&v=4.0 HTTP/1.1" 304 -
201.245.192.253 - - [12/Dec/2022:07:35:03 -0500] "GET /sipse/faces/javax.faces.resource/primefaces.js?ln=primefaces&v=4.0 HTTP/1.1" 304 -
201.245.192.253 - - [12/Dec/2022:07:35:03 -0500] "GET /sipse/faces/javax.faces.resource/layout/layout.js?ln=primefaces&v=4.0 HTTP/1.1" 304 -
201.245.192.253 - - [12/Dec/2022:07:35:04 -0500] "POST /sipse/faces/presentacion/financiero/solicitudProceso/listarSolicitudProceso.xhtml HTTP/1.1" 200 1392
216.245.221.92 - - [12/Dec/2022:07:35:04 -0500] "HEAD / HTTP/1.1" 200 -
201.245.192.253 - - [12/Dec/2022:07:35:08 -0500] "POST /sipse/faces/presentacion/financiero/solicitudProceso/listarSolicitudProceso.xhtml HTTP/1.1" 200 114273
201.245.192.253 - - [12/Dec/2022:07:35:08 -0500] "GET /sipse/faces/javax.faces.resource/jquery/jquery.js?ln=primefaces&v=4.0 HTTP/1.1" 304 -
201.245.192.253 - - [12/Dec/2022:07:35:08 -0500] "GET /sipse/faces/javax.faces.resource/jquery/jquery-plugins.js?ln=primefaces&v=4.0 HTTP/1.1" 304 -
201.245.192.253 - - [12/Dec/2022:07:35:08 -0500] "GET /sipse/faces/javax.faces.resource/primefaces.js?ln=primefaces&v=4.0 HTTP/1.1" 304 -
201.245.192.253 - - [12/Dec/2022:07:35:08 -0500] "GET /sipse/faces/javax.faces.resource/layout/layout.js?ln=primefaces&v=4.0 HTTP/1.1" 304 -
172.22.2.4 - - [12/Dec/2022:07:36:21 -0500] "GET /BLA/boletinlegal/actos.php HTTP/1.1" 200 9566
172.22.2.4 - - [12/Dec/2022:07:36:21 -0500] "GET /BLA/boletinlegal/styles2.css HTTP/1.1" 200 1838
172.22.2.4 - - [12/Dec/2022:07:36:21 -0500] "GET /BLA/boletinlegal/js/ajax_actos.js HTTP/1.1" 200 1322
172.22.2.4 - - [12/Dec/2022:07:36:21 -0500] "GET /BLA/boletinlegal/niceforms-default.css HTTP/1.1" 200 6694
172.22.2.4 - - [12/Dec/2022:07:36:21 -0500] "GET /BLA/boletinlegal/style.css HTTP/1.1" 200 9406
172.22.2.4 - - [12/Dec/2022:07:36:21 -0500] "GET /BLA/boletinlegal/js/popup.js HTTP/1.1" 200 1270
172.22.2.4 - - [12/Dec/2022:07:36:21 -0500] "GET /BLA/boletinlegal/niceforms.js HTTP/1.1" 200 22876
172.22.2.4 - - [12/Dec/2022:07:36:21 -0500] "GET /BLA/boletinlegal/js/lib.js HTTP/1.1" 200 6474
172.22.2.4 - - [12/Dec/2022:07:36:21 -0500] "GET /BLA/boletinlegal/js/jquery1.js HTTP/1.1" 200 29846
172.22.2.4 - - [12/Dec/2022:07:36:21 -0500] "GET /BLA/boletinlegal/images/cabezote%20BLEGAL.jpg HTTP/1.1" 200 118164
172.22.2.4 - - [12/Dec/2022:07:36:21 -0500] "GET /BLA/boletinlegal/images/subscribe-icon-big.png HTTP/1.1" 200 47702
172.22.2.4 - - [12/Dec/2022:07:36:21 -0500] "GET /BLA/boletinlegal/images/historia.png HTTP/1.1" 200 52775
172.22.2.4 - - [12/Dec/2022:07:36:21 -0500] "GET /BLA/boletinlegal/images/registro-usuarios.png HTTP/1.1" 200 8106
172.22.2.4 - - [12/Dec/2022:07:36:21 -0500] "GET /BLA/boletinlegal/images/green-yellow-blue-pink-th.png HTTP/1.1" 200 7394
172.22.2.4 - - [12/Dec/2022:07:36:21 -0500] "GET /BLA/boletinlegal/images/tel.png HTTP/1.1" 200 14477
172.22.2.4 - - [12/Dec/2022:07:36:21 -0500] "GET /BLA/boletinlegal/images/body_bg.jpg HTTP/1.1" 200 1601
172.22.2.4 - - [12/Dec/2022:07:36:21 -0500] "GET /BLA/boletinlegal/images/icono-email.png HTTP/1.1" 200 5544
172.22.2.4 - - [12/Dec/2022:07:36:21 -0500] "GET /BLA/boletinlegal/images/menu_lft.gif HTTP/1.1" 200 1713
172.22.2.4 - - [12/Dec/2022:07:36:21 -0500] "GET /BLA/boletinlegal/images/menu_rght.gif HTTP/1.1" 200 1627
172.22.2.4 - - [12/Dec/2022:07:36:21 -0500] "GET /BLA/boletinlegal/images/bg_top.jpg HTTP/1.1" 200 522
172.22.2.4 - - [12/Dec/2022:07:36:21 -0500] "GET /BLA/boletinlegal/images/text.jpg HTTP/1.1" 200 568
172.22.2.4 - - [12/Dec/2022:07:36:21 -0500] "GET /BLA/boletinlegal/images/hover.jpg HTTP/1.1" 200 640
172.22.2.4 - - [12/Dec/2022:07:36:21 -0500] "GET /BLA/boletinlegal/images/menu_bg.jpg HTTP/1.1" 200 620
172.22.2.4 - - [12/Dec/2022:07:36:21 -0500] "GET /BLA/boletinlegal/images/footer_bg.jpg HTTP/1.1" 200 586
172.22.2.4 - - [12/Dec/2022:07:36:21 -0500] "GET /BLA/boletinlegal/images/footer_bg_l.jpg HTTP/1.1" 200 776
172.22.2.4 - - [12/Dec/2022:07:36:21 -0500] "GET /BLA/boletinlegal/img/select-left.png HTTP/1.1" 200 263
172.22.2.4 - - [12/Dec/2022:07:36:21 -0500] "GET /BLA/boletinlegal/img/0.png HTTP/1.1" 200 110
172.22.2.4 - - [12/Dec/2022:07:36:21 -0500] "GET /BLA/boletinlegal/img/button-right.png HTTP/1.1" 200 57878
172.22.2.4 - - [12/Dec/2022:07:36:21 -0500] "GET /BLA/boletinlegal/img/button-left.png HTTP/1.1" 200 57071
172.22.2.4 - - [12/Dec/2022:07:36:21 -0500] "GET /BLA/boletinlegal/img/button.png HTTP/1.1" 200 43241
172.22.2.4 - - [12/Dec/2022:07:36:21 -0500] "GET /BLA/boletinlegal/img/select-right.png HTTP/1.1" 200 44019
172.22.2.4 - - [12/Dec/2022:07:36:21 -0500] "GET /BLA/boletinlegal/favicon.ico HTTP/1.1" 404 1326
172.22.2.4 - - [12/Dec/2022:07:36:48 -0500] "GET /BLA/boletinlegal/consulta_actos.php?tipo=resoluciones&no=&usuario=&sector=PEV&fecha=2022&resuelve=RECHAZA%20RECURSO HTTP/1.1" 200 626
172.22.2.4 - - [12/Dec/2022:07:36:54 -0500] "GET /BLA/boletinlegal/consulta_actos.php?tipo=resoluciones&no=&usuario=&sector=PEV&fecha=2020&resuelve=RECHAZA%20RECURSO HTTP/1.1" 200 626
173.252.83.24 - - [12/Dec/2022:07:36:56 -0500] "GET /images/cr\xc3\xb3nica-29-nov-1_optimized.jpeg HTTP/1.1" 404 1034
172.22.2.4 - - [12/Dec/2022:07:36:56 -0500] "GET /BLA/boletinlegal/consulta_actos.php?tipo=resoluciones&no=&usuario=&sector=PEV&fecha=2020&resuelve=RECHAZA%20RECURSO HTTP/1.1" 200 626
54.90.154.253 - - [12/Dec/2022:07:36:57 -0500] "GET /BLA/boletinlegal/js/jquery.scrollShow.js HTTP/1.1" 200 4586
172.22.2.4 - - [12/Dec/2022:07:37:01 -0500] "GET /BLA/boletinlegal/actos.php HTTP/1.1" 200 9566
172.22.2.4 - - [12/Dec/2022:07:37:11 -0500] "GET /BLA/boletinlegal/consulta_actos.php?tipo=resoluciones&no=&usuario=&sector=&fecha=2019&resuelve=RECHAZA%20RECURSO HTTP/1.1" 200 626
172.22.2.4 - - [12/Dec/2022:07:37:18 -0500] "GET /BLA/boletinlegal/consulta_actos.php?tipo=resoluciones&no=&usuario=&sector=&fecha=2019&resuelve=RECHAZA%20RECURSO HTTP/1.1" 200 626
172.22.2.4 - - [12/Dec/2022:07:37:23 -0500] "GET /BLA/boletinlegal/consulta_actos.php?tipo=resoluciones&no=&usuario=&sector=&fecha=2017&resuelve=RECHAZA%20RECURSO HTTP/1.1" 200 626
172.22.2.4 - - [12/Dec/2022:07:37:23 -0500] "GET /BLA/boletinlegal/consulta_actos.php?tipo=resoluciones&no=&usuario=&sector=&fecha=2017&resuelve=RECHAZA%20RECURSO HTTP/1.1" 200 626
172.22.2.4 - - [12/Dec/2022:07:37:24 -0500] "GET /BLA/boletinlegal/consulta_actos.php?tipo=resoluciones&no=&usuario=&sector=&fecha=2017&resuelve=RECHAZA%20RECURSO HTTP/1.1" 200 626
172.22.2.4 - - [12/Dec/2022:07:37:25 -0500] "GET /BLA/boletinlegal/actos.php HTTP/1.1" 200 9566
172.22.2.4 - - [12/Dec/2022:07:37:36 -0500] "GET /BLA/boletinlegal/consulta_actos.php?tipo=resoluciones&no=&usuario=&sector=&fecha=2018&resuelve=RECURSO HTTP/1.1" 200 71363
172.22.2.4 - - [12/Dec/2022:07:37:37 -0500] "GET /BLA/boletinlegal/images/pdf.gif HTTP/1.1" 200 567
172.22.2.4 - - [12/Dec/2022:07:37:37 -0500] "GET /BLA/boletinlegal/images/background.gif HTTP/1.1" 200 -
181.32.4.76 - - [12/Dec/2022:07:37:51 -0500] "GET /BLA/resoluciones/RESOLUCIONES%202018/4194.pdf HTTP/1.1" 200 7618466
172.22.2.4 - - [12/Dec/2022:07:36:34 -0500] "HEAD /BLA/boletinlegal/ HTTP/1.1" 200 -
172.22.2.4 - - [12/Dec/2022:07:37:25 -0500] "GET /BLA/boletinlegal/ HTTP/1.1" 200 57192
181.32.4.76 - - [12/Dec/2022:07:39:21 -0500] "GET /BLA/resoluciones/RESOLUCIONES%202018/3466.pdf HTTP/1.1" 200 339791
201.245.192.253 - - [12/Dec/2022:07:39:35 -0500] "POST /kwsrmcab/Wsrmcab  HTTP/1.1" 200 43162
181.32.4.76 - - [12/Dec/2022:07:39:45 -0500] "GET /BLA/resoluciones/RESOLUCIONES%202018/3026.pdf HTTP/1.1" 200 3612655
181.32.4.76 - - [12/Dec/2022:07:39:47 -0500] "GET /BLA/resoluciones/RESOLUCIONES%202018/3026.pdf HTTP/1.1" 304 -
181.32.4.76 - - [12/Dec/2022:07:39:47 -0500] "GET /favicon.ico HTTP/1.1" 200 7782
181.32.4.76 - - [12/Dec/2022:07:39:48 -0500] "GET /BLA/resoluciones/RESOLUCIONES%202018/3026.pdf HTTP/1.1" 304 -
181.32.4.76 - - [12/Dec/2022:07:39:51 -0500] "GET /BLA/resoluciones/RESOLUCIONES%202018/2982.pdf HTTP/1.1" 200 7895820
181.32.4.76 - - [12/Dec/2022:07:39:55 -0500] "GET /BLA/resoluciones/RESOLUCIONES%202018/2982.pdf HTTP/1.1" 304 -
181.32.4.76 - - [12/Dec/2022:07:40:02 -0500] "GET /BLA/resoluciones/RESOLUCIONES%202018/2630.pdf HTTP/1.1" 200 253496
216.245.221.92 - - [12/Dec/2022:07:40:04 -0500] "HEAD / HTTP/1.1" 200 -
201.245.192.253 - - [12/Dec/2022:07:40:15 -0500] "POST /kwsrmcab/Wsrmcab HTTP/1.1" 200 44111
201.245.192.253 - - [12/Dec/2022:07:40:17 -0500] "POST /kwsrmcab/Wsrmcab HTTP/1.1" 200 43794
186.102.17.54 - - [12/Dec/2022:07:40:46 -0500] "GET /kwssiamovil/sm/ldap/au?x=U2FsdGVkX1/LIRRsxuYP6jbk6HGHWMDb+7vfiO0RB42wDXiJUk9YYJr+M90ZKfnd&y=U2FsdGVkX1+sUKVVoL0cFUOsaJd6ggqxazqwBmsJC3M= HTTP/1.1" 200 30
186.102.17.54 - - [12/Dec/2022:07:40:46 -0500] "GET /kwssiamovil/sm/acme/s?s=U2FsdGVkX1+Psp5lBpfTONPX6HtDZAgUjioovjuoK7ZRm8u2eiOSVKTCrh895xHKXf9FVs/PQSEGcyzo3N58eaqeO2dWNdNmcbcjVad6SkY=&u=U2FsdGVkX1+oCAAnGMIsNrYBm10k659esJlMGmFJNrc=&y=U2FsdGVkX1+sUKVVoL0cFUOsaJd6ggqxazqwBmsJC3M= HTTP/1.1" 200 97
186.102.17.54 - - [12/Dec/2022:07:40:46 -0500] "GET /kwssiamovil/sm/acme/s?s=U2FsdGVkX1+bqL8WeEUBCtYRjSLEFD6sJLkIctm4H9uKPwvKmxHwzhwfmT3WlemgSFLGwKO5676NPlQaSNvjWA6kgeTr6urIahmzfZ1HETxOuO1gh4I714QxX1De/ytgml/ZBoyVYpVCUUfhjXui3va75+Ei76OKcaylbv/zC2t5JolNGcW0gDVaD/gfP6n8bTgCRbhHeqSoonZ0nS33RU1gilF7EJ/UyQkWGUMMoUxf4+3zs7r3wQZuVUKpWl+I6FafePF6HEl5befUH/3YrXIbCauRoN451pl/oGyA3q6m9Cz3OGOxGXJSd834itnfLWjAYn1Ur+ARnUCdOBFlvrGtdnjL2Qd26Gq8V69OX1R0KGmFhu+0WFzOGtUGUyi8xitFrXoeuIAan/4jRrRZDB8E7GZYAo9qKWQimL5OH1gKFv+naHpWbU5But7JihH7dt8WuFGhofJrfa4wFoWAevCAoJ7l36HZv9tznm5D9xj7MaoGMaB/nwZhaWdqennURJXyQzeeOlagxqh6cYxTdOtIjPcaTYXgco0uGFrXXMQq+t1ZlzjiZy5n6XdsTGmgQql7dOwWacrhubNDrpyE66Xoog07/Uf/itIEa17NZw7ZDVCKjahmmSsO2w6XdAwvhszIEktYYfb7ynVF9ci7vQCSv/K2cAlfFaFupyIkdcwzCZJOeqlne6PwsuJSLhqfhmWbF8XGRFw4qZoI7CxdB9U52opTu3Br7xO5iM0AME9SSxVYGrH6fFDLfhfCmgUop/rwwDRxw9h3FJfwPeSg9SnARI8tDYpxqj0qcN0OJ3tpxqn9hsrIIGd056zV/v2bCFA2B40Yi4bF9vIppXLNlMV0JNdjpFUXsUgpGLGzLeAD5TofRp061/rbzWHGGPGpnMcyW66Yky82NK+HggzLVuD11VxHaSj0f5r3qds598XvlaIsilrgiSDsG3sPOeuzEpnjnB1z9SB0BEgV55sTxew3axzAd//kGfak+n+HoH/ODiPtOHYA5IMmG7Fs0KQ38XkDMdwx+EAQTq7x0Lh8HLalWQQDz9Qv5n6QiC0vNFdVziZPZ8ZaLTWKWQ7PF/+OdKpssG1ONgT771Iclo/oiid3M8waOA1EjTQ6/ON8tZGGw2L0fzFRuXDqn2huCHxfE93WWmGrp+SaIMi6vK+k0+K45/pBvbbLnlIFoZ6VU1Xm1S82RLl6lGPYETy9XHZRjY9DbQAwnse9fWcfQUyhNTQUOJCSNZ6Z2emNB9pEQGxVOAG7e1i/oUbcEOv3d7e4F3XluynjqbYRCCL0cBVEvXtBfQRpcHmwZmjgvulmwhM/UfT0uX9iXBQM5z34RKg5Dk4pcmSXTfa5SpO9OPpcuhF8vnMcigS8hOzMOTncnVh4CwWqbR0yhqhorm+AqB2YNVsa/etEIKOIMBe/c/QIVf0BGQnJgSBF88CBuAOZ5sM=&u=U2FsdGVkX1+oCAAnGMIsNrYBm10k659esJlMGmFJNrc=&y=U2FsdGVkX1+sUKVVoL0cFUOsaJd6ggqxazqwBmsJC3M= HTTP/1.1" 200 1369
186.102.17.54 - - [12/Dec/2022:07:40:47 -0500] "GET /kwssiamovil/sm/acme/s?s=U2FsdGVkX18aGbgl2SAev9pKOy7rgUM9SAQByUrpRaPrWeMeNImP0A3lGKJ1aao3RSMjebGs9Bhi9fzqEiwBmzH4O+YVxJdacbBBjS3qqNq876sR1j2u/jZtajuTWKBjpXWxD8WzQlYMQ8raNHXnnevGc2SbENT5DXBhU5KuuWZvI4h3Q3XbqvSFGIRGnQH4Y76Zoh3Imgnk5/Y+fcJe/6lc/iDELqNx6ngLiYOlps3ioXwUDgaKSsvhAmT3MiLxFXeht+JRZffhTk5tI08SgS5mIzNrpzstfPbMPRLXg/y3XKxkUIc9oCEckohn12x6+ejnOYhRF44kgbuD2uwYLw==&u=U2FsdGVkX1+oCAAnGMIsNrYBm10k659esJlMGmFJNrc=&y=U2FsdGVkX1+sUKVVoL0cFUOsaJd6ggqxazqwBmsJC3M= HTTP/1.1" 200 327
186.102.17.54 - - [12/Dec/2022:07:40:47 -0500] "GET /kwssiamovil/sm/cjson/pre?f=9&x=U2FsdGVkX1/LIRRsxuYP6jbk6HGHWMDb+7vfiO0RB42wDXiJUk9YYJr+M90ZKfnd HTTP/1.1" 200 25142
186.102.17.54 - - [12/Dec/2022:07:40:47 -0500] "GET /kwssiamovil/sm/cjson/pre?f=18&x=U2FsdGVkX1/LIRRsxuYP6jbk6HGHWMDb+7vfiO0RB42wDXiJUk9YYJr+M90ZKfnd HTTP/1.1" 200 32849
181.32.4.76 - - [12/Dec/2022:07:40:49 -0500] "GET /BLA/resoluciones/RESOLUCIONES%202018/0259.pdf HTTP/1.1" 200 262452
201.245.192.253 - - [12/Dec/2022:07:41:18 -0500] "POST /sipse/faces/presentacion/financiero/solicitudProceso/consultarSolicitudProceso.xhtml HTTP/1.1" 200 26655
201.245.192.253 - - [12/Dec/2022:07:41:18 -0500] "GET /sipse/faces/javax.faces.resource/theme.css?ln=primefaces-sipse HTTP/1.1" 304 -
201.245.192.253 - - [12/Dec/2022:07:41:18 -0500] "GET /sipse/faces/javax.faces.resource/primefaces.css?ln=primefaces&v=4.0 HTTP/1.1" 304 -
201.245.192.253 - - [12/Dec/2022:07:41:18 -0500] "GET /sipse/faces/javax.faces.resource/jquery/jquery.js?ln=primefaces&v=4.0 HTTP/1.1" 304 -
201.245.192.253 - - [12/Dec/2022:07:41:18 -0500] "GET /sipse/faces/javax.faces.resource/layout/layout.css?ln=primefaces&v=4.0 HTTP/1.1" 304 -
201.245.192.253 - - [12/Dec/2022:07:41:18 -0500] "GET /sipse/faces/javax.faces.resource/jquery/jquery-plugins.js?ln=primefaces&v=4.0 HTTP/1.1" 304 -
201.245.192.253 - - [12/Dec/2022:07:41:18 -0500] "GET /sipse/faces/javax.faces.resource/layout/layout.js?ln=primefaces&v=4.0 HTTP/1.1" 304 -
201.245.192.253 - - [12/Dec/2022:07:41:18 -0500] "GET /sipse/faces/javax.faces.resource/primefaces.js?ln=primefaces&v=4.0 HTTP/1.1" 304 -
201.245.192.253 - - [12/Dec/2022:07:41:18 -0500] "GET /sipse/faces/javax.faces.resource/images/ui-icons_898989_256x240.png?ln=primefaces-aristo HTTP/1.1" 304 -
172.22.2.4 - - [12/Dec/2022:07:41:29 -0500] "GET /BLA/boletinlegal/consulta_actos.php?tipo=resoluciones&no=&usuario=&sector=&fecha=2019&resuelve=RECURSO HTTP/1.1" 200 100120
181.32.4.76 - - [12/Dec/2022:07:41:34 -0500] "GET /BLA/resoluciones/RESOLUCIONES%202019/3737.pdf HTTP/1.1" 200 223097
201.245.192.253 - - [12/Dec/2022:07:42:05 -0500] "GET /sipse/faces/javax.faces.resource/images/ui-bg_flat_0_2d5972_40x100.png?ln=primefaces-aristo HTTP/1.1" 304 -
201.245.192.253 - - [12/Dec/2022:07:42:05 -0500] "POST /sipse/faces/presentacion/financiero/solicitudProceso/registrarAnotacion.xhtml HTTP/1.1" 200 114273
201.245.192.253 - - [12/Dec/2022:07:42:05 -0500] "GET /sipse/faces/javax.faces.resource/jquery/jquery.js?ln=primefaces&v=4.0 HTTP/1.1" 304 -
201.245.192.253 - - [12/Dec/2022:07:42:05 -0500] "GET /sipse/faces/javax.faces.resource/jquery/jquery-plugins.js?ln=primefaces&v=4.0 HTTP/1.1" 304 -
201.245.192.253 - - [12/Dec/2022:07:42:05 -0500] "GET /sipse/faces/javax.faces.resource/primefaces.js?ln=primefaces&v=4.0 HTTP/1.1" 304 -
201.245.192.253 - - [12/Dec/2022:07:42:05 -0500] "GET /sipse/faces/javax.faces.resource/layout/layout.js?ln=primefaces&v=4.0 HTTP/1.1" 304 -
201.245.192.253 - - [12/Dec/2022:07:42:29 -0500] "POST /sipse/faces/presentacion/financiero/solicitudProceso/consultarSolicitudProceso.xhtml HTTP/1.1" 200 8165
172.22.2.4 - - [12/Dec/2022:07:42:29 -0500] "GET /BLA/boletinlegal/consulta_actos.php?tipo=resoluciones&no=&usuario=&sector=&fecha=2020&resuelve=RECURSO HTTP/1.1" 200 322565
201.245.192.253 - - [12/Dec/2022:07:42:30 -0500] "POST /sipse/faces/presentacion/financiero/solicitudProceso/consultarSolicitudProceso.xhtml HTTP/1.1" 200 46148
201.245.192.253 - - [12/Dec/2022:07:42:30 -0500] "GET /sipse/faces/javax.faces.resource/jquery/jquery.js?ln=primefaces&v=4.0 HTTP/1.1" 304 -
201.245.192.253 - - [12/Dec/2022:07:42:30 -0500] "GET /sipse/faces/javax.faces.resource/jquery/jquery-plugins.js?ln=primefaces&v=4.0 HTTP/1.1" 304 -
201.245.192.253 - - [12/Dec/2022:07:42:31 -0500] "GET /sipse/faces/javax.faces.resource/primefaces.js?ln=primefaces&v=4.0 HTTP/1.1" 304 -
201.245.192.253 - - [12/Dec/2022:07:42:31 -0500] "GET /sipse/faces/javax.faces.resource/layout/layout.js?ln=primefaces&v=4.0 HTTP/1.1" 304 -
201.245.192.253 - - [12/Dec/2022:07:42:31 -0500] "POST /sipse/faces/presentacion/financiero/solicitudProceso/consultar.xhtml HTTP/1.1" 200 39521
181.32.4.76 - - [12/Dec/2022:07:42:34 -0500] "GET /BLA/resoluciones/RESOLUCIONES%202020/2561.pdf HTTP/1.1" 200 379917
201.245.192.253 - - [12/Dec/2022:07:42:34 -0500] "POST /sipse/faces/presentacion/financiero/solicitudProceso/consultar.xhtml HTTP/1.1" 200 184
201.245.192.253 - - [12/Dec/2022:07:42:34 -0500] "GET /sipse/faces/presentacion/financiero/solicitudAnulacion/solicitudAnulacion.xhtml HTTP/1.1" 200 38233
201.245.192.253 - - [12/Dec/2022:07:42:34 -0500] "GET /sipse/faces/javax.faces.resource/theme.css?ln=primefaces-sipse HTTP/1.1" 304 -
201.245.192.253 - - [12/Dec/2022:07:42:34 -0500] "GET /sipse/faces/javax.faces.resource/jquery/jquery.js?ln=primefaces&v=4.0 HTTP/1.1" 304 -
201.245.192.253 - - [12/Dec/2022:07:42:34 -0500] "GET /sipse/faces/javax.faces.resource/primefaces.js?ln=primefaces&v=4.0 HTTP/1.1" 304 -
201.245.192.253 - - [12/Dec/2022:07:42:43 -0500] "GET /sipse/faces/javax.faces.resource/jquery/jquery-plugins.js?ln=primefaces&v=4.0 HTTP/1.1" 304 -
201.245.192.253 - - [12/Dec/2022:07:42:43 -0500] "GET /sipse/faces/javax.faces.resource/primefaces.css?ln=primefaces&v=4.0 HTTP/1.1" 304 -
201.245.192.253 - - [12/Dec/2022:07:42:43 -0500] "GET /sipse/faces/javax.faces.resource/layout/layout.js?ln=primefaces&v=4.0 HTTP/1.1" 304 -
201.245.192.253 - - [12/Dec/2022:07:42:43 -0500] "GET /sipse/faces/javax.faces.resource/layout/layout.css?ln=primefaces&v=4.0 HTTP/1.1" 304 -
201.245.192.253 - - [12/Dec/2022:07:42:43 -0500] "GET /sipse/faces/javax.faces.resource/images/ui-icons_898989_256x240.png?ln=primefaces-aristo HTTP/1.1" 304 -
201.245.192.253 - - [12/Dec/2022:07:42:43 -0500] "GET /sipse/faces/javax.faces.resource/images/ui-bg_flat_0_2d5972_40x100.png?ln=primefaces-aristo HTTP/1.1" 304 -
201.245.192.253 - - [12/Dec/2022:07:42:43 -0500] "POST /sipse/faces/presentacion/financiero/solicitudAnulacion/solicitudAnulacion.xhtml HTTP/1.1" 200 10464
201.245.192.253 - - [12/Dec/2022:07:42:43 -0500] "GET /sipse/faces/javax.faces.resource/messages/messages.png?ln=primefaces&v=4.0 HTTP/1.1" 304 -
201.245.192.253 - - [12/Dec/2022:07:42:44 -0500] "POST /sipse/faces/presentacion/financiero/solicitudAnulacion/solicitudAnulacion.xhtml HTTP/1.1" 200 42657
201.245.192.253 - - [12/Dec/2022:07:42:45 -0500] "GET /sipse/faces/javax.faces.resource/jquery/jquery.js?ln=primefaces&v=4.0 HTTP/1.1" 304 -
201.245.192.253 - - [12/Dec/2022:07:42:45 -0500] "GET /sipse/faces/javax.faces.resource/jquery/jquery-plugins.js?ln=primefaces&v=4.0 HTTP/1.1" 304 -
201.245.192.253 - - [12/Dec/2022:07:42:45 -0500] "GET /sipse/faces/javax.faces.resource/primefaces.js?ln=primefaces&v=4.0 HTTP/1.1" 304 -
201.245.192.253 - - [12/Dec/2022:07:42:45 -0500] "GET /sipse/faces/javax.faces.resource/layout/layout.js?ln=primefaces&v=4.0 HTTP/1.1" 304 -
201.245.192.253 - - [12/Dec/2022:07:42:45 -0500] "POST /sipse/faces/presentacion/financiero/solicitudProceso/listarSolicitudProceso.xhtml HTTP/1.1" 200 1392
201.245.192.253 - - [12/Dec/2022:07:43:30 -0500] "GET /sipse/faces/faces/faces/faces/index.xhtml HTTP/1.1" 200 677
201.245.192.253 - - [12/Dec/2022:07:43:30 -0500] "GET /sipse/faces/javax.faces.resource/theme.css?ln=primefaces-sipse HTTP/1.1" 200 50058
201.245.192.253 - - [12/Dec/2022:07:43:31 -0500] "GET /sipse/faces/faces/faces/faces/faces/autenticacion.xhtml HTTP/1.1" 200 12181
201.245.192.253 - - [12/Dec/2022:07:43:31 -0500] "GET /favicon.ico HTTP/1.1" 200 7782
201.245.192.253 - - [12/Dec/2022:07:43:31 -0500] "GET /sipse/js/disable_browser_buttons.js HTTP/1.1" 200 3230
201.245.192.253 - - [12/Dec/2022:07:43:31 -0500] "GET /sipse/css/custom_css_sg_prime_login.css HTTP/1.1" 200 443
201.245.192.253 - - [12/Dec/2022:07:43:31 -0500] "GET /sipse/js/funciones.js HTTP/1.1" 200 12592
201.245.192.253 - - [12/Dec/2022:07:43:31 -0500] "GET /sipse/css/custom_css_sg.css HTTP/1.1" 200 9694
201.245.192.253 - - [12/Dec/2022:07:43:31 -0500] "GET /sipse/faces/javax.faces.resource/layout/layout.css?ln=primefaces&v=4.0 HTTP/1.1" 200 542
201.245.192.253 - - [12/Dec/2022:07:43:31 -0500] "GET /sipse/faces/javax.faces.resource/theme.css?ln=primefaces-sipse HTTP/1.1" 304 -
201.245.192.253 - - [12/Dec/2022:07:43:31 -0500] "GET /sipse/faces/javax.faces.resource/jquery/jquery.js?ln=primefaces&v=4.0 HTTP/1.1" 200 105384
201.245.192.253 - - [12/Dec/2022:07:43:31 -0500] "GET /sipse/faces/javax.faces.resource/jquery/jquery-plugins.js?ln=primefaces&v=4.0 HTTP/1.1" 200 220526
201.245.192.253 - - [12/Dec/2022:07:43:31 -0500] "GET /sipse/faces/javax.faces.resource/primefaces.css?ln=primefaces&v=4.0 HTTP/1.1" 200 53295
201.245.192.253 - - [12/Dec/2022:07:43:31 -0500] "GET /sipse/faces/javax.faces.resource/layout/layout.js?ln=primefaces&v=4.0 HTTP/1.1" 200 87560
201.245.192.253 - - [12/Dec/2022:07:43:31 -0500] "GET /sipse/faces/javax.faces.resource/primefaces.js?ln=primefaces&v=4.0 HTTP/1.1" 200 276924
