201.245.192.253 - - [13/Dec/2022:05:40:01 -0500] "POST /kwsrmcab/Wsrmcab  HTTP/1.1" 200 43162
201.245.192.253 - - [13/Dec/2022:05:40:11 -0500] "POST /kwsrmcab/Wsrmcab HTTP/1.1" 200 44085
201.245.192.253 - - [13/Dec/2022:05:40:14 -0500] "POST /kwsrmcab/Wsrmcab HTTP/1.1" 200 44231
114.119.141.146 - - [13/Dec/2022:05:41:12 -0500] "GET /BLA/resoluciones/RESOLUCIONES%202010/3328.pdf HTTP/1.1" 200 750584
114.119.151.84 - - [13/Dec/2022:05:41:30 -0500] "GET /BLA/resoluciones/RESOLUCIONES%202010/3362.pdf HTTP/1.1" 200 521343
34.77.127.183 - - [13/Dec/2022:05:41:56 -0500] "GET / HTTP/1.1" 200 319
87.250.224.93 - - [13/Dec/2022:05:42:02 -0500] "-" 408 -
207.46.13.194 - - [13/Dec/2022:05:42:12 -0500] "GET /bla/resoluciones/notificaciones/registros%202020/0063.pdf HTTP/1.1" 304 -
172.22.2.4 - - [13/Dec/2022:05:40:41 -0500] "HEAD /BLA/boletinlegal/ HTTP/1.1" 200 -
216.245.221.92 - - [13/Dec/2022:05:42:50 -0500] "HEAD / HTTP/1.1" 200 -
172.22.2.4 - - [13/Dec/2022:05:41:31 -0500] "GET /BLA/boletinlegal/ HTTP/1.1" 200 57192
114.119.141.201 - - [13/Dec/2022:05:43:37 -0500] "GET /BLA/resoluciones/RESOLUCIONES%202010/3175.pdf HTTP/1.1" 200 502371
207.46.13.194 - - [13/Dec/2022:05:44:11 -0500] "GET /BLA/resoluciones/index.php?dir=RESOLUCIONES+2022%2F HTTP/1.1" 200 251912
207.46.13.198 - - [13/Dec/2022:05:44:41 -0500] "GET /BLA/resoluciones/dlf/styles.css HTTP/1.1" 200 3049
114.119.134.75 - - [13/Dec/2022:05:45:01 -0500] "GET /BLA/resoluciones/RESOLUCIONES%202010/3104.pdf HTTP/1.1" 200 498977
201.245.192.253 - - [13/Dec/2022:05:45:00 -0500] "POST /kwsrmcab/Wsrmcab  HTTP/1.1" 200 43162
157.55.39.152 - - [13/Dec/2022:05:45:08 -0500] "GET /BLA/resoluciones/RESOLUCIONES%202001/2001%20450-499.TIF HTTP/1.1" 200 9011146
5.255.253.111 - - [13/Dec/2022:05:45:55 -0500] "-" 408 -
114.119.149.195 - - [13/Dec/2022:05:46:25 -0500] "GET /BLA/resoluciones/RESOLUCIONES%202010/3000.pdf HTTP/1.1" 200 664653
162.55.37.179 - - [13/Dec/2022:05:47:10 -0500] "GET / HTTP/1.1" 200 319
216.245.221.92 - - [13/Dec/2022:05:47:50 -0500] "HEAD / HTTP/1.1" 200 -
172.22.2.4 - - [13/Dec/2022:05:46:31 -0500] "HEAD /BLA/boletinlegal/ HTTP/1.1" 200 -
172.22.2.4 - - [13/Dec/2022:05:47:21 -0500] "GET /BLA/boletinlegal/ HTTP/1.1" 200 56825
185.119.81.104 - - [13/Dec/2022:05:49:06 -0500] "GET /portaldeninos/wp-login.php HTTP/1.1" 200 2592
185.119.81.104 - - [13/Dec/2022:05:49:07 -0500] "POST /portaldeninos/wp-login.php HTTP/1.1" 200 3650
201.245.192.253 - - [13/Dec/2022:05:50:00 -0500] "POST /kwsrmcab/Wsrmcab  HTTP/1.1" 200 43162
5.255.253.104 - - [13/Dec/2022:05:50:55 -0500] "-" 408 -
172.22.2.4 - - [13/Dec/2022:05:51:18 -0500] "GET /BLA/boletinlegal/robots.txt HTTP/1.1" 404 1140
114.119.148.184 - - [13/Dec/2022:05:52:06 -0500] "GET /BLA/resoluciones/RESOLUCIONES%202010/2779.pdf HTTP/1.1" 200 1634272
216.245.221.92 - - [13/Dec/2022:05:52:50 -0500] "HEAD / HTTP/1.1" 200 -
114.119.155.205 - - [13/Dec/2022:05:53:29 -0500] "GET /BLA/resoluciones/RESOLUCIONES%202010/2716.pdf HTTP/1.1" 200 386000
172.22.2.4 - - [13/Dec/2022:05:52:52 -0500] "GET /BLA/boletinlegal/ HTTP/1.1" 200 24523
172.22.2.4 - - [13/Dec/2022:05:52:21 -0500] "HEAD /BLA/boletinlegal/ HTTP/1.1" 200 -
172.22.2.4 - - [13/Dec/2022:05:53:11 -0500] "GET /BLA/boletinlegal/ HTTP/1.1" 200 56474
201.245.192.253 - - [13/Dec/2022:05:54:59 -0500] "POST /kwsrmcab/Wsrmcab  HTTP/1.1" 200 43162
114.119.148.109 - - [13/Dec/2022:05:56:21 -0500] "GET /BLA/resoluciones/RESOLUCIONES%202010/2667.pdf HTTP/1.1" 200 384848
114.119.137.105 - - [13/Dec/2022:05:57:12 -0500] "GET /BLA/resoluciones/RESOLUCIONES%202010/2650.pdf HTTP/1.1" 200 337790
216.245.221.92 - - [13/Dec/2022:05:57:50 -0500] "HEAD / HTTP/1.1" 200 -
87.250.224.151 - - [13/Dec/2022:05:58:55 -0500] "-" 408 -
172.22.2.4 - - [13/Dec/2022:05:58:11 -0500] "HEAD /BLA/boletinlegal/ HTTP/1.1" 200 -
201.245.192.253 - - [13/Dec/2022:05:59:57 -0500] "POST /kwsrmcab/Wsrmcab  HTTP/1.1" 200 43162
114.119.151.152 - - [13/Dec/2022:06:00:28 -0500] "GET /BLA/resoluciones/RESOLUCIONES%202010/2588.pdf HTTP/1.1" 200 845846
172.22.2.4 - - [13/Dec/2022:05:59:01 -0500] "GET /BLA/boletinlegal/ HTTP/1.1" 200 57824
185.119.81.102 - - [13/Dec/2022:06:02:34 -0500] "GET /portaldeninos/wp-login.php HTTP/1.1" 200 2592
185.119.81.102 - - [13/Dec/2022:06:02:35 -0500] "POST /portaldeninos/wp-login.php HTTP/1.1" 200 3605
114.119.140.131 - - [13/Dec/2022:06:02:45 -0500] "GET /BLA/resoluciones/RESOLUCIONES%202010/2558.pdf HTTP/1.1" 200 532827
207.46.13.174 - - [13/Dec/2022:06:02:49 -0500] "GET /forest/ HTTP/1.1" 200 12041
216.245.221.92 - - [13/Dec/2022:06:02:50 -0500] "HEAD / HTTP/1.1" 200 -
201.245.192.253 - - [13/Dec/2022:06:04:56 -0500] "POST /kwsrmcab/Wsrmcab  HTTP/1.1" 200 43162
172.22.2.4 - - [13/Dec/2022:06:04:01 -0500] "HEAD /BLA/boletinlegal/ HTTP/1.1" 200 -
172.22.2.4 - - [13/Dec/2022:06:04:52 -0500] "GET /BLA/boletinlegal/ HTTP/1.1" 200 57192
114.119.148.237 - - [13/Dec/2022:06:06:57 -0500] "GET /BLA/resoluciones/RESOLUCIONES%202010/2530.pdf HTTP/1.1" 200 490846
216.245.221.92 - - [13/Dec/2022:06:07:50 -0500] "HEAD / HTTP/1.1" 200 -
114.119.129.2 - - [13/Dec/2022:06:08:38 -0500] "GET /BLA/resoluciones/RESOLUCIONES%202010/2519.pdf HTTP/1.1" 200 388682
5.45.207.66 - - [13/Dec/2022:06:08:55 -0500] "-" 408 -
201.245.192.253 - - [13/Dec/2022:06:09:55 -0500] "POST /kwsrmcab/Wsrmcab  HTTP/1.1" 200 43162
114.119.159.197 - - [13/Dec/2022:06:10:36 -0500] "GET /BLA/resoluciones/RESOLUCIONES%202010/2409.pdf HTTP/1.1" 200 552253
172.22.2.4 - - [13/Dec/2022:06:09:51 -0500] "HEAD /BLA/boletinlegal/ HTTP/1.1" 200 -
157.55.39.152 - - [13/Dec/2022:06:11:41 -0500] "GET /BLA/resoluciones/AUTOS%202022/1333.pdf HTTP/1.1" 304 -
66.220.149.19 - - [13/Dec/2022:06:11:50 -0500] "GET /images/cr\xc3\xb3nica-29-nov-1_optimized.jpeg HTTP/1.1" 404 1034
114.119.150.133 - - [13/Dec/2022:06:12:02 -0500] "GET /BLA/resoluciones/RESOLUCIONES%202010/2397.pdf HTTP/1.1" 200 510344
172.22.2.4 - - [13/Dec/2022:06:10:41 -0500] "GET /BLA/boletinlegal/ HTTP/1.1" 200 57824
216.245.221.92 - - [13/Dec/2022:06:12:50 -0500] "HEAD / HTTP/1.1" 200 -
114.119.143.123 - - [13/Dec/2022:06:13:15 -0500] "GET /BLA/resoluciones/RESOLUCIONES%202010/2341.pdf HTTP/1.1" 200 520437
201.245.192.253 - - [13/Dec/2022:06:14:54 -0500] "POST /kwsrmcab/Wsrmcab  HTTP/1.1" 200 43162
114.119.160.84 - - [13/Dec/2022:06:14:57 -0500] "GET /BLA/resoluciones/RESOLUCIONES%202010/2238.pdf HTTP/1.1" 200 341990
114.119.155.38 - - [13/Dec/2022:06:16:28 -0500] "GET /BLA/resoluciones/RESOLUCIONES%202010/2231.pdf HTTP/1.1" 200 517382
172.22.2.4 - - [13/Dec/2022:06:16:39 -0500] "GET /BLA/boletinlegal/Circulares/2011/Circular%20No.%205%20del%2014%20de%20Julio%20de%202011.pdf HTTP/1.1" 304 -
172.22.2.4 - - [13/Dec/2022:06:15:41 -0500] "HEAD /BLA/boletinlegal/ HTTP/1.1" 200 -
207.46.13.194 - - [13/Dec/2022:06:17:26 -0500] "GET /BLA/resoluciones/AUTOS%202021/5108.pdf HTTP/1.1" 304 -
207.46.13.198 - - [13/Dec/2022:06:17:34 -0500] "GET /BLA/resoluciones/AUTOS%202022/4836.pdf HTTP/1.1" 200 371431
185.119.81.99 - - [13/Dec/2022:06:17:38 -0500] "GET /portaldeninos/wp-login.php HTTP/1.1" 200 2592
185.119.81.99 - - [13/Dec/2022:06:17:39 -0500] "POST /portaldeninos/wp-login.php HTTP/1.1" 200 3605
216.245.221.92 - - [13/Dec/2022:06:17:50 -0500] "HEAD / HTTP/1.1" 200 -
172.22.2.4 - - [13/Dec/2022:06:16:31 -0500] "GET /BLA/boletinlegal/ HTTP/1.1" 200 59404
192.241.206.58 - - [13/Dec/2022:06:18:31 -0500] "GET /manager/text/list HTTP/1.1" 404 1018
114.119.156.17 - - [13/Dec/2022:06:18:52 -0500] "GET /BLA/resoluciones/RESOLUCIONES%202010/2222.pdf HTTP/1.1" 200 513104
201.245.192.253 - - [13/Dec/2022:06:19:53 -0500] "POST /kwsrmcab/Wsrmcab  HTTP/1.1" 200 43162
201.245.192.253 - - [13/Dec/2022:06:20:11 -0500] "POST /kwsrmcab/Wsrmcab HTTP/1.1" 200 44105
201.245.192.253 - - [13/Dec/2022:06:20:14 -0500] "POST /kwsrmcab/Wsrmcab HTTP/1.1" 200 44261
213.180.203.5 - - [13/Dec/2022:06:20:23 -0500] "-" 408 -
114.119.132.250 - - [13/Dec/2022:06:20:55 -0500] "GET /BLA/resoluciones/RESOLUCIONES%202010/2174.pdf HTTP/1.1" 200 490467
95.217.144.156 - - [13/Dec/2022:06:21:48 -0500] "-" 408 -
114.119.159.121 - - [13/Dec/2022:06:21:58 -0500] "GET /BLA/resoluciones/RESOLUCIONES%202010/2150.pdf HTTP/1.1" 200 514781
95.217.145.62 - - [13/Dec/2022:06:21:59 -0500] "-" 408 -
95.217.145.62 - - [13/Dec/2022:06:21:59 -0500] "-" 408 -
95.217.145.62 - - [13/Dec/2022:06:21:59 -0500] "-" 408 -
95.217.145.62 - - [13/Dec/2022:06:21:59 -0500] "-" 408 -
95.217.144.245 - - [13/Dec/2022:06:22:06 -0500] "-" 408 -
95.217.144.245 - - [13/Dec/2022:06:22:09 -0500] "-" 408 -
95.217.144.245 - - [13/Dec/2022:06:22:09 -0500] "-" 408 -
95.217.144.247 - - [13/Dec/2022:06:22:23 -0500] "-" 408 -
216.245.221.92 - - [13/Dec/2022:06:22:50 -0500] "HEAD / HTTP/1.1" 200 -
172.22.2.4 - - [13/Dec/2022:06:21:31 -0500] "HEAD /BLA/boletinlegal/ HTTP/1.1" 200 -
172.22.2.4 - - [13/Dec/2022:06:22:21 -0500] "GET /BLA/boletinlegal/ HTTP/1.1" 200 59404
114.119.133.63 - - [13/Dec/2022:06:24:53 -0500] "GET /BLA/resoluciones/RESOLUCIONES%202010/2110.pdf HTTP/1.1" 200 351516
201.245.192.253 - - [13/Dec/2022:06:24:52 -0500] "POST /kwsrmcab/Wsrmcab  HTTP/1.1" 200 43162
216.245.221.92 - - [13/Dec/2022:06:27:50 -0500] "HEAD / HTTP/1.1" 200 -
114.119.145.121 - - [13/Dec/2022:06:28:47 -0500] "GET /BLA/resoluciones/RESOLUCIONES%202010/2086.pdf HTTP/1.1" 200 207735
172.22.2.4 - - [13/Dec/2022:06:27:21 -0500] "HEAD /BLA/boletinlegal/ HTTP/1.1" 200 -
114.119.152.69 - - [13/Dec/2022:06:29:04 -0500] "GET /BLA/resoluciones/RESOLUCIONES%202010/1993.pdf HTTP/1.1" 200 335556
172.22.2.4 - - [13/Dec/2022:06:28:12 -0500] "GET /BLA/boletinlegal/ HTTP/1.1" 200 59404
201.245.192.253 - - [13/Dec/2022:06:29:51 -0500] "POST /kwsrmcab/Wsrmcab  HTTP/1.1" 200 43162
92.118.39.29 - - [13/Dec/2022:06:30:09 -0500] "GET / HTTP/1.1" 200 319
201.245.192.253 - - [13/Dec/2022:06:30:10 -0500] "POST /kwsrmcab/Wsrmcab HTTP/1.1" 200 44105
201.245.192.253 - - [13/Dec/2022:06:30:13 -0500] "POST /kwsrmcab/Wsrmcab HTTP/1.1" 200 44261
5.255.253.119 - - [13/Dec/2022:06:32:04 -0500] "-" 408 -
193.35.18.140 - - [13/Dec/2022:06:32:27 -0500] "POST /cgi-bin/.%%%%32%%65/.%%%%32%%65/.%%%%32%%65/.%%%%32%%65/.%%%%32%%65/bin/sh HTTP/1.1" 400 945
114.119.155.14 - - [13/Dec/2022:06:32:38 -0500] "GET /BLA/resoluciones/RESOLUCIONES%202010/1955.pdf HTTP/1.1" 200 342308
216.245.221.92 - - [13/Dec/2022:06:32:50 -0500] "HEAD / HTTP/1.1" 200 -
172.22.2.4 - - [13/Dec/2022:06:31:23 -0500] "GET /BLA/boletinlegal/ HTTP/1.1" 200 62840
172.22.2.4 - - [13/Dec/2022:06:33:11 -0500] "HEAD /BLA/boletinlegal/ HTTP/1.1" 200 -
201.245.192.253 - - [13/Dec/2022:06:34:50 -0500] "POST /kwsrmcab/Wsrmcab  HTTP/1.1" 200 43162
172.22.2.4 - - [13/Dec/2022:06:34:01 -0500] "GET /BLA/boletinlegal/ HTTP/1.1" 200 59779
114.119.159.76 - - [13/Dec/2022:06:35:58 -0500] "GET /BLA/resoluciones/RESOLUCIONES%202010/1947.pdf HTTP/1.1" 200 37590
172.22.2.4 - - [13/Dec/2022:06:36:16 -0500] "GET /BLA/boletinlegal/actos.php HTTP/1.1" 200 9566
186.116.223.119 - - [13/Dec/2022:06:36:24 -0500] "GET /appsia/controlador HTTP/1.1" 200 4799
186.116.223.119 - - [13/Dec/2022:06:36:25 -0500] "GET /appsia/css/estilos.css HTTP/1.1" 200 4804
186.116.223.119 - - [13/Dec/2022:06:36:25 -0500] "GET /appsia/scripts/validarIngreso.js HTTP/1.1" 200 851
186.116.223.119 - - [13/Dec/2022:06:36:25 -0500] "GET /appsia/images/cabezoteHojaVida.png HTTP/1.1" 200 32493
186.116.223.119 - - [13/Dec/2022:06:36:25 -0500] "GET /appsia/images/logo_bogota_p.png HTTP/1.1" 200 14951
186.116.223.119 - - [13/Dec/2022:06:36:25 -0500] "GET /favicon.ico HTTP/1.1" 200 7782
186.116.223.119 - - [13/Dec/2022:06:36:32 -0500] "POST /appsia/controlador HTTP/1.1" 200 4621
186.116.223.119 - - [13/Dec/2022:06:36:35 -0500] "GET /appsia/images/logo_escudo.png HTTP/1.1" 200 36965
186.116.223.119 - - [13/Dec/2022:06:36:35 -0500] "POST /appsia/controlador HTTP/1.1" 200 99683
172.22.2.4 - - [13/Dec/2022:06:36:47 -0500] "GET /BLA/boletinlegal/consulta_actos.php?tipo=autos&no=2360&usuario=&sector=&fecha=2015&resuelve= HTTP/1.1" 200 1030
166.0.218.23 - - [13/Dec/2022:06:37:38 -0500] "GET / HTTP/1.1" 200 319
216.245.221.92 - - [13/Dec/2022:06:37:50 -0500] "HEAD / HTTP/1.1" 200 -
172.22.2.4 - - [13/Dec/2022:06:36:15 -0500] "GET /BLA/boletinlegal/ HTTP/1.1" 200 62840
114.119.146.114 - - [13/Dec/2022:06:37:58 -0500] "GET /BLA/resoluciones/RESOLUCIONES%202010/1935.pdf HTTP/1.1" 200 795764
190.66.255.179 - - [13/Dec/2022:06:38:58 -0500] "GET /BLA/resoluciones/ HTTP/1.1" 200 13093
190.66.255.179 - - [13/Dec/2022:06:39:03 -0500] "GET /BLA/resoluciones/index.php?dir=AUTOS+2015%2F HTTP/1.1" 200 578137
173.252.83.3 - - [13/Dec/2022:06:39:04 -0500] "GET /images/cr\xc3\xb3nica-29-nov-1_optimized.jpeg HTTP/1.1" 404 1034
201.245.192.253 - - [13/Dec/2022:06:39:48 -0500] "POST /kwsrmcab/Wsrmcab  HTTP/1.1" 200 43162
190.253.169.70 - - [13/Dec/2022:06:39:54 -0500] "GET /appsia/controlador HTTP/1.1" 200 4799
190.253.169.70 - - [13/Dec/2022:06:39:54 -0500] "GET /appsia/css/estilos.css HTTP/1.1" 200 4804
190.253.169.70 - - [13/Dec/2022:06:39:54 -0500] "GET /appsia/scripts/validarIngreso.js HTTP/1.1" 200 851
190.253.169.70 - - [13/Dec/2022:06:39:54 -0500] "GET /appsia/images/cabezoteHojaVida.png HTTP/1.1" 200 32493
190.253.169.70 - - [13/Dec/2022:06:39:54 -0500] "GET /appsia/images/logo_bogota_p.png HTTP/1.1" 200 14951
190.253.169.70 - - [13/Dec/2022:06:40:02 -0500] "POST /appsia/controlador HTTP/1.1" 200 5437
190.253.169.70 - - [13/Dec/2022:06:40:07 -0500] "POST /appsia/controlador HTTP/1.1" 200 7793
201.245.192.253 - - [13/Dec/2022:06:40:11 -0500] "POST /kwsrmcab/Wsrmcab HTTP/1.1" 200 44105
201.245.192.253 - - [13/Dec/2022:06:40:14 -0500] "POST /kwsrmcab/Wsrmcab HTTP/1.1" 200 44261
190.253.169.70 - - [13/Dec/2022:06:40:18 -0500] "POST /appsia/controlador HTTP/1.1" 200 6658
190.253.169.70 - - [13/Dec/2022:06:40:27 -0500] "POST /appsia/controlador HTTP/1.1" 200 12435
172.22.2.4 - - [13/Dec/2022:06:39:01 -0500] "HEAD /BLA/boletinlegal/ HTTP/1.1" 200 -
114.119.136.95 - - [13/Dec/2022:06:40:46 -0500] "GET /BLA/resoluciones/RESOLUCIONES%202010/1860.pdf HTTP/1.1" 200 404320
172.22.2.4 - - [13/Dec/2022:06:40:57 -0500] "GET /BLA/boletinlegal/consulta_actos.php?tipo=resoluciones&no=2360&usuario=&sector=&fecha=2015&resuelve= HTTP/1.1" 200 1225
190.66.255.179 - - [13/Dec/2022:06:41:12 -0500] "GET /BLA/resoluciones/index.php?dir=RESOLUCIONES+2015%2F HTTP/1.1" 200 130562
190.253.169.70 - - [13/Dec/2022:06:41:30 -0500] "POST /appsia/controlador HTTP/1.1" 200 5437
172.22.2.4 - - [13/Dec/2022:06:39:51 -0500] "GET /BLA/boletinlegal/ HTTP/1.1" 200 54100
168.119.76.238 - - [13/Dec/2022:06:42:23 -0500] "GET /cinco-entidades-distritales-fueron-exaltadas-por-sus-buenas-practicas-ambientales.html HTTP/1.1" 200 985
114.119.135.215 - - [13/Dec/2022:06:42:38 -0500] "GET /BLA/resoluciones/RESOLUCIONES%202010/1675.pdf HTTP/1.1" 200 282301
216.245.221.92 - - [13/Dec/2022:06:42:50 -0500] "HEAD / HTTP/1.1" 200 -
185.119.81.104 - - [13/Dec/2022:06:42:56 -0500] "GET /portaldeninos/wp-login.php HTTP/1.1" 200 2592
185.119.81.104 - - [13/Dec/2022:06:42:57 -0500] "POST /portaldeninos/wp-login.php HTTP/1.1" 200 3670
172.22.2.4 - - [13/Dec/2022:06:43:07 -0500] "GET /BLA/boletinlegal/consulta_actos.php?tipo=resoluciones&no=1622&usuario=&sector=&fecha=2015&resuelve= HTTP/1.1" 200 626
192.168.171.214 - - [13/Dec/2022:06:43:11 -0500] "GET /BLA/boletinlegal/js/jquery.scrollShow.js HTTP/1.1" 200 4586
192.168.171.214 - - [13/Dec/2022:06:43:11 -0500] "GET /BLA/boletinlegal/js/jquery.scrollTo-min.js HTTP/1.1" 200 1150
192.168.171.214 - - [13/Dec/2022:06:43:11 -0500] "GET /BLA/boletinlegal/styles2.css HTTP/1.1" 200 1838
192.168.171.214 - - [13/Dec/2022:06:43:11 -0500] "GET /BLA/boletinlegal/style.css HTTP/1.1" 200 9406
192.168.171.214 - - [13/Dec/2022:06:43:11 -0500] "GET /BLA/boletinlegal/js/jquery.js HTTP/1.1" 200 57254
192.168.171.214 - - [13/Dec/2022:06:43:11 -0500] "GET /BLA/boletinlegal/images/cabezote%20BLEGAL.jpg HTTP/1.1" 200 118164
192.168.171.214 - - [13/Dec/2022:06:43:11 -0500] "GET /BLA/boletinlegal/images/subscribe-icon-big.png HTTP/1.1" 200 47702
192.168.171.214 - - [13/Dec/2022:06:43:11 -0500] "GET /BLA/boletinlegal/images/historia.png HTTP/1.1" 200 52775
192.168.171.214 - - [13/Dec/2022:06:43:11 -0500] "GET /BLA/boletinlegal/images/registro-usuarios.png HTTP/1.1" 200 8106
192.168.171.214 - - [13/Dec/2022:06:43:11 -0500] "GET /BLA/boletinlegal/images/arr_l.jpg HTTP/1.1" 200 1979
192.168.171.214 - - [13/Dec/2022:06:43:11 -0500] "GET /BLA/boletinlegal/images/screen_1.png HTTP/1.1" 200 202547
192.168.171.214 - - [13/Dec/2022:06:43:11 -0500] "GET /BLA/boletinlegal/images/menu_bg.jpg HTTP/1.1" 200 620
192.168.171.214 - - [13/Dec/2022:06:43:11 -0500] "GET /BLA/boletinlegal/images/text.jpg HTTP/1.1" 200 568
192.168.171.214 - - [13/Dec/2022:06:43:11 -0500] "GET /BLA/boletinlegal/images/hover.jpg HTTP/1.1" 200 640
192.168.171.214 - - [13/Dec/2022:06:43:11 -0500] "GET /BLA/boletinlegal/images/menu_rght.gif HTTP/1.1" 200 1627
192.168.171.214 - - [13/Dec/2022:06:43:11 -0500] "GET /BLA/boletinlegal/images/body_bg.jpg HTTP/1.1" 200 1601
192.168.171.214 - - [13/Dec/2022:06:43:11 -0500] "GET /BLA/boletinlegal/images/menu_lft.gif HTTP/1.1" 200 1713
192.168.171.214 - - [13/Dec/2022:06:43:11 -0500] "GET /BLA/boletinlegal/images/bg_top.jpg HTTP/1.1" 200 522
192.168.171.214 - - [13/Dec/2022:06:43:11 -0500] "GET /BLA/boletinlegal/images/launch.jpg HTTP/1.1" 200 14577
192.168.171.214 - - [13/Dec/2022:06:43:16 -0500] "GET /BLA/boletinlegal/actos.php HTTP/1.1" 200 9566
192.168.171.214 - - [13/Dec/2022:06:43:16 -0500] "GET /BLA/boletinlegal/niceforms.js HTTP/1.1" 200 22876
192.168.171.214 - - [13/Dec/2022:06:43:16 -0500] "GET /BLA/boletinlegal/niceforms-default.css HTTP/1.1" 200 6694
192.168.171.214 - - [13/Dec/2022:06:43:16 -0500] "GET /BLA/boletinlegal/js/lib.js HTTP/1.1" 200 6474
192.168.171.214 - - [13/Dec/2022:06:43:16 -0500] "GET /BLA/boletinlegal/js/ajax_actos.js HTTP/1.1" 200 1322
192.168.171.214 - - [13/Dec/2022:06:43:16 -0500] "GET /BLA/boletinlegal/js/popup.js HTTP/1.1" 200 1270
192.168.171.214 - - [13/Dec/2022:06:43:16 -0500] "GET /BLA/boletinlegal/js/jquery1.js HTTP/1.1" 200 29846
192.168.171.214 - - [13/Dec/2022:06:43:16 -0500] "GET /BLA/boletinlegal/images/green-yellow-blue-pink-th.png HTTP/1.1" 200 7394
192.168.171.214 - - [13/Dec/2022:06:43:16 -0500] "GET /BLA/boletinlegal/images/tel.png HTTP/1.1" 200 14477
192.168.171.214 - - [13/Dec/2022:06:43:16 -0500] "GET /BLA/boletinlegal/images/footer_bg.jpg HTTP/1.1" 200 586
192.168.171.214 - - [13/Dec/2022:06:43:16 -0500] "GET /BLA/boletinlegal/images/footer_bg_l.jpg HTTP/1.1" 200 776
192.168.171.214 - - [13/Dec/2022:06:43:16 -0500] "GET /BLA/boletinlegal/images/icono-email.png HTTP/1.1" 200 5544
192.168.171.214 - - [13/Dec/2022:06:43:16 -0500] "GET /BLA/boletinlegal/img/0.png HTTP/1.1" 200 110
192.168.171.214 - - [13/Dec/2022:06:43:17 -0500] "GET /BLA/boletinlegal/img/select-left.png HTTP/1.1" 200 263
192.168.171.214 - - [13/Dec/2022:06:43:17 -0500] "GET /BLA/boletinlegal/img/select-right.png HTTP/1.1" 200 44019
192.168.171.214 - - [13/Dec/2022:06:43:17 -0500] "GET /BLA/boletinlegal/img/button-left.png HTTP/1.1" 200 57071
192.168.171.214 - - [13/Dec/2022:06:43:17 -0500] "GET /BLA/boletinlegal/img/button.png HTTP/1.1" 200 43241
192.168.171.214 - - [13/Dec/2022:06:43:17 -0500] "GET /BLA/boletinlegal/img/button-right.png HTTP/1.1" 200 57878
192.168.171.214 - - [13/Dec/2022:06:43:17 -0500] "GET /favicon.ico HTTP/1.1" 200 7782
201.245.192.253 - - [13/Dec/2022:06:43:24 -0500] "GET /BLA/resoluciones/ HTTP/1.1" 200 13093
201.245.192.253 - - [13/Dec/2022:06:43:24 -0500] "GET /BLA/resoluciones/dlf/styles.css HTTP/1.1" 200 3049
201.245.192.253 - - [13/Dec/2022:06:43:24 -0500] "GET /BLA/resoluciones/dlf/folder.png HTTP/1.1" 200 410
201.245.192.253 - - [13/Dec/2022:06:43:24 -0500] "GET /BLA/resoluciones/dlf/bg.gif HTTP/1.1" 200 54
201.245.192.253 - - [13/Dec/2022:06:43:24 -0500] "GET /favicon.ico HTTP/1.1" 200 7782
192.168.171.214 - - [13/Dec/2022:06:43:10 -0500] "GET /BLA/boletinlegal/index.php HTTP/1.1" 200 16331
201.245.192.253 - - [13/Dec/2022:06:43:27 -0500] "GET /BLA/resoluciones/dlf/dirup.png HTTP/1.1" 200 644
201.245.192.253 - - [13/Dec/2022:06:43:27 -0500] "GET /BLA/resoluciones/dlf/pdf.gif HTTP/1.1" 200 272
201.245.192.253 - - [13/Dec/2022:06:43:27 -0500] "GET /BLA/resoluciones/index.php?dir=RESOLUCIONES+2021%2F HTTP/1.1" 200 435222
173.252.79.11 - - [13/Dec/2022:06:43:30 -0500] "GET /images/cr\xc3\xb3nica-29-nov-1_optimized.jpeg HTTP/1.1" 404 1034
201.245.192.253 - - [13/Dec/2022:06:43:34 -0500] "GET /BLA/resoluciones/RESOLUCIONES%202021/1865.pdf HTTP/1.1" 200 466582
5.255.253.158 - - [13/Dec/2022:06:43:43 -0500] "-" 408 -
201.245.192.253 - - [13/Dec/2022:06:44:47 -0500] "POST /kwsrmcab/Wsrmcab  HTTP/1.1" 200 43162
114.119.139.185 - - [13/Dec/2022:06:46:26 -0500] "GET /BLA/resoluciones/RESOLUCIONES%202010/1586.pdf HTTP/1.1" 200 454991
172.22.2.4 - - [13/Dec/2022:06:44:51 -0500] "HEAD /BLA/boletinlegal/ HTTP/1.1" 200 -
172.22.2.4 - - [13/Dec/2022:06:45:41 -0500] "GET /BLA/boletinlegal/ HTTP/1.1" 200 59035
114.119.153.186 - - [13/Dec/2022:06:47:45 -0500] "GET /BLA/resoluciones/RESOLUCIONES%202010/1562.pdf HTTP/1.1" 200 685928
216.245.221.92 - - [13/Dec/2022:06:47:50 -0500] "HEAD / HTTP/1.1" 200 -
199.16.157.182 - - [13/Dec/2022:06:48:17 -0500] "GET /images/acuerdos-1_optimized.jpeg HTTP/1.1" 200 79514
185.119.81.104 - - [13/Dec/2022:06:49:13 -0500] "GET /portaldeninos/wp-login.php HTTP/1.1" 200 2592
185.119.81.104 - - [13/Dec/2022:06:49:14 -0500] "POST /portaldeninos/wp-login.php HTTP/1.1" 200 3605
201.245.192.253 - - [13/Dec/2022:06:49:47 -0500] "POST /kwsrmcab/Wsrmcab  HTTP/1.1" 200 43162
114.119.156.138 - - [13/Dec/2022:06:50:43 -0500] "GET /BLA/resoluciones/RESOLUCIONES%202010/1555.pdf HTTP/1.1" 200 398825
172.22.2.4 - - [13/Dec/2022:06:50:41 -0500] "HEAD /BLA/boletinlegal/ HTTP/1.1" 200 -
216.245.221.92 - - [13/Dec/2022:06:52:50 -0500] "HEAD / HTTP/1.1" 200 -
172.22.2.4 - - [13/Dec/2022:06:51:31 -0500] "GET /BLA/boletinlegal/ HTTP/1.1" 200 54452
114.119.136.254 - - [13/Dec/2022:06:54:09 -0500] "GET /BLA/resoluciones/RESOLUCIONES%202010/1545.pdf HTTP/1.1" 200 82905
201.245.192.253 - - [13/Dec/2022:06:54:40 -0500] "GET /appsia/controlador HTTP/1.1" 200 4799
64.85.173.196 - - [13/Dec/2022:06:54:41 -0500] "GET /.env HTTP/1.1" 404 1018
64.85.173.196 - - [13/Dec/2022:06:54:41 -0500] "POST / HTTP/1.1" 200 319
201.245.192.253 - - [13/Dec/2022:06:54:45 -0500] "POST /kwsrmcab/Wsrmcab  HTTP/1.1" 200 43162
201.245.192.253 - - [13/Dec/2022:06:54:47 -0500] "POST /appsia/controlador HTTP/1.1" 200 5437
201.245.192.253 - - [13/Dec/2022:06:54:54 -0500] "POST /appsia/controlador HTTP/1.1" 200 7781
201.245.192.253 - - [13/Dec/2022:06:54:56 -0500] "POST /appsia/controlador HTTP/1.1" 200 5240
201.245.192.253 - - [13/Dec/2022:06:54:57 -0500] "GET /appsia/controlador?comando=ingresarMenuPrincipal&id=79693072&funcionario=JOHN+JAIRO+JIMENEZ+LONDONO&desde=79693072&hasta=79693072&version=79693072&accion=Regresar HTTP/1.1" 200 5437
5.255.253.167 - - [13/Dec/2022:06:55:06 -0500] "-" 408 -
114.119.155.217 - - [13/Dec/2022:06:56:59 -0500] "GET /BLA/resoluciones/RESOLUCIONES%202010/1489.pdf HTTP/1.1" 200 516617
216.245.221.92 - - [13/Dec/2022:06:57:50 -0500] "HEAD / HTTP/1.1" 200 -
172.22.2.4 - - [13/Dec/2022:06:56:31 -0500] "HEAD /BLA/boletinlegal/ HTTP/1.1" 200 -
69.171.251.3 - - [13/Dec/2022:06:58:57 -0500] "GET /images/reunion-planta-termovalorizacion-11-mayo.jpg HTTP/1.1" 200 34782
172.22.2.4 - - [13/Dec/2022:06:57:22 -0500] "GET /BLA/boletinlegal/ HTTP/1.1" 200 59404
201.245.192.253 - - [13/Dec/2022:06:59:44 -0500] "POST /kwsrmcab/Wsrmcab  HTTP/1.1" 200 43162
192.241.204.6 - - [13/Dec/2022:06:59:53 -0500] "GET /manager/html HTTP/1.1" 404 1018
216.245.221.92 - - [13/Dec/2022:07:02:50 -0500] "HEAD / HTTP/1.1" 200 -
114.119.159.15 - - [13/Dec/2022:07:03:13 -0500] "GET /BLA/resoluciones/RESOLUCIONES%202010/1447.pdf HTTP/1.1" 200 640187
172.22.2.4 - - [13/Dec/2022:07:02:21 -0500] "HEAD /BLA/boletinlegal/ HTTP/1.1" 200 -
201.245.192.253 - - [13/Dec/2022:07:04:43 -0500] "POST /kwsrmcab/Wsrmcab  HTTP/1.1" 200 43162
172.22.2.4 - - [13/Dec/2022:07:03:11 -0500] "GET /BLA/boletinlegal/ HTTP/1.1" 200 47659
173.252.127.17 - - [13/Dec/2022:07:05:01 -0500] "GET /images/Entrenubes%201%20(1)%20(1).jpeg HTTP/1.1" 200 70096
173.252.127.13 - - [13/Dec/2022:07:05:13 -0500] "GET /images/Acuerdos%2001%20(1)%20(1).jpeg HTTP/1.1" 200 32884
173.252.127.15 - - [13/Dec/2022:07:05:13 -0500] "GET /images/Musgo%20SDA%20(1)%20(1).png HTTP/1.1" 200 302122
95.108.213.56 - - [13/Dec/2022:07:06:33 -0500] "-" 408 -
114.119.129.36 - - [13/Dec/2022:07:07:06 -0500] "GET /BLA/resoluciones/RESOLUCIONES%202010/1415.pdf HTTP/1.1" 200 92451
216.245.221.92 - - [13/Dec/2022:07:07:50 -0500] "HEAD / HTTP/1.1" 200 -
201.245.192.253 - - [13/Dec/2022:07:09:42 -0500] "POST /kwsrmcab/Wsrmcab  HTTP/1.1" 200 43162
172.22.2.4 - - [13/Dec/2022:07:08:11 -0500] "HEAD /BLA/boletinlegal/ HTTP/1.1" 200 -
172.22.2.4 - - [13/Dec/2022:07:09:01 -0500] "GET /BLA/boletinlegal/ HTTP/1.1" 200 57824
114.119.152.32 - - [13/Dec/2022:07:10:59 -0500] "GET /BLA/resoluciones/RESOLUCIONES%202010/1359.pdf HTTP/1.1" 200 361308
186.102.88.120 - - [13/Dec/2022:07:12:00 -0500] "GET /galeria/galeria/jquery.fancybox.css?v=2.1.5 HTTP/1.1" 200 4895
186.102.88.120 - - [13/Dec/2022:07:12:00 -0500] "GET /galeria/galeria/jquery.fancybox.js?v=2.1.5 HTTP/1.1" 200 48706
186.102.88.120 - - [13/Dec/2022:07:12:00 -0500] "GET /BLA/boletinlegal/js/jquery.scrollShow.js HTTP/1.1" 200 4586
216.245.221.92 - - [13/Dec/2022:07:12:50 -0500] "HEAD / HTTP/1.1" 200 -
114.119.157.142 - - [13/Dec/2022:07:13:24 -0500] "GET /BLA/resoluciones/RESOLUCIONES%202010/1311.pdf HTTP/1.1" 200 109536
207.46.13.174 - - [13/Dec/2022:07:14:40 -0500] "GET /bla/resoluciones/notificaciones/autos%202020/0102.pdf HTTP/1.1" 304 -
201.245.192.253 - - [13/Dec/2022:07:14:41 -0500] "POST /kwsrmcab/Wsrmcab  HTTP/1.1" 200 43162
69.171.249.15 - - [13/Dec/2022:07:15:13 -0500] "GET /dale-una-nueva-oportunidad-a-tu-ropa-usada-se-trasladan-dos-puntos-para-llevarla.html HTTP/1.1" 206 913
172.22.2.4 - - [13/Dec/2022:07:14:01 -0500] "HEAD /BLA/boletinlegal/ HTTP/1.1" 200 -
157.55.39.39 - - [13/Dec/2022:07:16:17 -0500] "GET /bla/resoluciones/notificaciones/autos%202019/4430.pdf HTTP/1.1" 304 -
172.22.2.4 - - [13/Dec/2022:07:14:51 -0500] "GET /BLA/boletinlegal/ HTTP/1.1" 200 59404
172.22.2.4 - - [13/Dec/2022:07:17:26 -0500] "GET /BLA/boletinlegal/normativa.php HTTP/1.1" 200 8333
172.22.2.4 - - [13/Dec/2022:07:17:27 -0500] "GET /BLA/boletinlegal/styles2.css HTTP/1.1" 200 1838
172.22.2.4 - - [13/Dec/2022:07:17:27 -0500] "GET /BLA/boletinlegal/js/ajax_normativa.js HTTP/1.1" 200 1154
172.22.2.4 - - [13/Dec/2022:07:17:27 -0500] "GET /BLA/boletinlegal/niceforms-default.css HTTP/1.1" 200 6694
172.22.2.4 - - [13/Dec/2022:07:17:27 -0500] "GET /BLA/boletinlegal/style.css HTTP/1.1" 200 9406
172.22.2.4 - - [13/Dec/2022:07:17:27 -0500] "GET /BLA/boletinlegal/niceforms.js HTTP/1.1" 200 22876
172.22.2.4 - - [13/Dec/2022:07:17:27 -0500] "GET /BLA/boletinlegal/images/cabezote%20BLEGAL.jpg HTTP/1.1" 200 118164
172.22.2.4 - - [13/Dec/2022:07:17:27 -0500] "GET /BLA/boletinlegal/images/subscribe-icon-big.png HTTP/1.1" 200 47702
172.22.2.4 - - [13/Dec/2022:07:17:27 -0500] "GET /BLA/boletinlegal/images/tel.png HTTP/1.1" 200 14477
172.22.2.4 - - [13/Dec/2022:07:17:27 -0500] "GET /BLA/boletinlegal/images/historia.png HTTP/1.1" 200 52775
172.22.2.4 - - [13/Dec/2022:07:17:27 -0500] "GET /BLA/boletinlegal/images/registro-usuarios.png HTTP/1.1" 200 8106
172.22.2.4 - - [13/Dec/2022:07:17:27 -0500] "GET /BLA/boletinlegal/images/icono-email.png HTTP/1.1" 200 5544
172.22.2.4 - - [13/Dec/2022:07:17:27 -0500] "GET /BLA/boletinlegal/images/body_bg.jpg HTTP/1.1" 200 1601
172.22.2.4 - - [13/Dec/2022:07:17:27 -0500] "GET /BLA/boletinlegal/images/menu_lft.gif HTTP/1.1" 200 1713
172.22.2.4 - - [13/Dec/2022:07:17:27 -0500] "GET /BLA/boletinlegal/images/menu_rght.gif HTTP/1.1" 200 1627
172.22.2.4 - - [13/Dec/2022:07:17:27 -0500] "GET /BLA/boletinlegal/images/bg_top.jpg HTTP/1.1" 200 522
172.22.2.4 - - [13/Dec/2022:07:17:27 -0500] "GET /BLA/boletinlegal/images/menu_bg.jpg HTTP/1.1" 200 620
172.22.2.4 - - [13/Dec/2022:07:17:27 -0500] "GET /BLA/boletinlegal/images/hover.jpg HTTP/1.1" 200 640
172.22.2.4 - - [13/Dec/2022:07:17:27 -0500] "GET /BLA/boletinlegal/images/text.jpg HTTP/1.1" 200 568
172.22.2.4 - - [13/Dec/2022:07:17:27 -0500] "GET /BLA/boletinlegal/images/footer_bg.jpg HTTP/1.1" 200 586
172.22.2.4 - - [13/Dec/2022:07:17:27 -0500] "GET /BLA/boletinlegal/images/footer_bg_l.jpg HTTP/1.1" 200 776
172.22.2.4 - - [13/Dec/2022:07:17:28 -0500] "GET /BLA/boletinlegal/img/0.png HTTP/1.1" 200 110
172.22.2.4 - - [13/Dec/2022:07:17:28 -0500] "GET /BLA/boletinlegal/img/select-left.png HTTP/1.1" 200 263
172.22.2.4 - - [13/Dec/2022:07:17:28 -0500] "GET /BLA/boletinlegal/img/select-right.png HTTP/1.1" 200 44019
172.22.2.4 - - [13/Dec/2022:07:17:28 -0500] "GET /BLA/boletinlegal/img/button-right.png HTTP/1.1" 200 57878
172.22.2.4 - - [13/Dec/2022:07:17:28 -0500] "GET /BLA/boletinlegal/img/button-left.png HTTP/1.1" 200 57071
172.22.2.4 - - [13/Dec/2022:07:17:28 -0500] "GET /BLA/boletinlegal/img/button.png HTTP/1.1" 200 43241
172.22.2.4 - - [13/Dec/2022:07:17:28 -0500] "GET /BLA/boletinlegal/favicon.ico HTTP/1.1" 404 1334
114.119.151.209 - - [13/Dec/2022:07:17:28 -0500] "GET /BLA/resoluciones/RESOLUCIONES%202010/1246.pdf HTTP/1.1" 200 104564
216.245.221.92 - - [13/Dec/2022:07:17:50 -0500] "HEAD / HTTP/1.1" 200 -
87.250.224.172 - - [13/Dec/2022:07:18:06 -0500] "-" 408 -
185.119.81.102 - - [13/Dec/2022:07:18:43 -0500] "GET /portaldeninos/wp-login.php HTTP/1.1" 200 2592
185.119.81.102 - - [13/Dec/2022:07:18:44 -0500] "POST /portaldeninos/wp-login.php HTTP/1.1" 200 3605
201.245.192.253 - - [13/Dec/2022:07:19:40 -0500] "POST /kwsrmcab/Wsrmcab  HTTP/1.1" 200 43162
201.245.192.253 - - [13/Dec/2022:07:20:10 -0500] "POST /kwsrmcab/Wsrmcab HTTP/1.1" 200 44124
201.245.192.253 - - [13/Dec/2022:07:20:13 -0500] "POST /kwsrmcab/Wsrmcab HTTP/1.1" 200 44267
114.119.142.232 - - [13/Dec/2022:07:20:47 -0500] "GET /BLA/resoluciones/RESOLUCIONES%202010/1210.pdf HTTP/1.1" 200 97865
69.171.251.3 - - [13/Dec/2022:07:20:52 -0500] "GET /images/Acuerdos%2001%20(1)%20(1).jpeg HTTP/1.1" 200 32884
69.171.249.14 - - [13/Dec/2022:07:20:53 -0500] "GET /images/jardines-verticales-plantas-24-mayo.jpg HTTP/1.1" 200 148288
172.22.2.4 - - [13/Dec/2022:07:19:51 -0500] "HEAD /BLA/boletinlegal/ HTTP/1.1" 200 -
172.22.2.4 - - [13/Dec/2022:07:20:41 -0500] "GET /BLA/boletinlegal/ HTTP/1.1" 200 56474
216.245.221.92 - - [13/Dec/2022:07:22:50 -0500] "HEAD / HTTP/1.1" 200 -
201.245.192.253 - - [13/Dec/2022:07:24:39 -0500] "POST /kwsrmcab/Wsrmcab  HTTP/1.1" 200 43162
172.22.2.4 - - [13/Dec/2022:07:25:42 -0500] "HEAD /BLA/boletinlegal/ HTTP/1.1" 200 -
172.22.2.4 - - [13/Dec/2022:07:27:31 -0500] "GET /BLA/boletinlegal/console/ HTTP/1.1" 404 1018
216.245.221.92 - - [13/Dec/2022:07:27:50 -0500] "HEAD / HTTP/1.1" 200 -
172.22.2.4 - - [13/Dec/2022:07:26:31 -0500] "GET /BLA/boletinlegal/ HTTP/1.1" 200 57824
5.255.253.162 - - [13/Dec/2022:07:29:34 -0500] "-" 408 -
201.245.192.253 - - [13/Dec/2022:07:29:38 -0500] "POST /kwsrmcab/Wsrmcab  HTTP/1.1" 200 43162
201.245.192.253 - - [13/Dec/2022:07:30:10 -0500] "POST /kwsrmcab/Wsrmcab HTTP/1.1" 200 44124
201.245.192.253 - - [13/Dec/2022:07:30:13 -0500] "POST /kwsrmcab/Wsrmcab HTTP/1.1" 200 44267
114.119.132.159 - - [13/Dec/2022:07:30:47 -0500] "GET /BLA/resoluciones/RESOLUCIONES%202010/1135.pdf HTTP/1.1" 200 107166
216.245.221.92 - - [13/Dec/2022:07:32:50 -0500] "HEAD / HTTP/1.1" 200 -
172.22.2.4 - - [13/Dec/2022:07:31:31 -0500] "HEAD /BLA/boletinlegal/ HTTP/1.1" 200 -
172.22.2.4 - - [13/Dec/2022:07:32:21 -0500] "GET /BLA/boletinlegal/ HTTP/1.1" 200 59404
172.22.2.4 - - [13/Dec/2022:07:34:22 -0500] "GET /BLA/boletinlegal/actos.php HTTP/1.1" 200 9566
40.77.167.77 - - [13/Dec/2022:07:34:29 -0500] "GET /bla/resoluciones/notificaciones/autos%202018/01914.pdf HTTP/1.1" 304 -
186.112.49.68 - - [13/Dec/2022:07:34:37 -0500] "GET /cinco-entidades-distritales-fueron-exaltadas-por-sus-buenas-practicas-ambientales.html HTTP/1.1" 200 985
201.245.192.253 - - [13/Dec/2022:07:34:36 -0500] "POST /kwsrmcab/Wsrmcab  HTTP/1.1" 200 43162
172.22.2.4 - - [13/Dec/2022:07:34:40 -0500] "GET /BLA/boletinlegal/js/popup.js HTTP/1.1" 200 1270
172.22.2.4 - - [13/Dec/2022:07:35:16 -0500] "GET /BLA/boletinlegal/js/ajax_actos.js HTTP/1.1" 200 1322
186.112.49.68 - - [13/Dec/2022:07:35:39 -0500] "GET /cinco-entidades-distritales-fueron-exaltadas-por-sus-buenas-practicas-ambientales.html HTTP/1.1" 200 985
186.112.49.68 - - [13/Dec/2022:07:35:39 -0500] "GET /images/entidades-ambientales-1_optimized.jpeg HTTP/1.1" 200 163345
186.30.158.226 - - [13/Dec/2022:07:35:55 -0500] "GET /cinco-entidades-distritales-fueron-exaltadas-por-sus-buenas-practicas-ambientales.html HTTP/1.1" 200 985
186.155.14.247 - - [13/Dec/2022:07:35:57 -0500] "GET /cinco-entidades-distritales-fueron-exaltadas-por-sus-buenas-practicas-ambientales.html HTTP/1.1" 200 985
114.119.145.163 - - [13/Dec/2022:07:35:58 -0500] "GET /BLA/resoluciones/RESOLUCIONES%202010/1027.pdf HTTP/1.1" 200 118804
186.102.63.190 - - [13/Dec/2022:07:36:51 -0500] "GET /cinco-entidades-distritales-fueron-exaltadas-por-sus-buenas-practicas-ambientales.html HTTP/1.1" 200 985
216.245.221.92 - - [13/Dec/2022:07:37:50 -0500] "HEAD / HTTP/1.1" 200 -
190.252.129.127 - - [13/Dec/2022:07:38:00 -0500] "GET /sipse/faces/presentacion/sistema/anexos/cargarAnexoSolicitudProceso.xhtml HTTP/1.1" 302 -
190.252.129.127 - - [13/Dec/2022:07:38:00 -0500] "GET /sipse/faces/autenticacion.xhtml HTTP/1.1" 200 12182
190.252.129.127 - - [13/Dec/2022:07:38:01 -0500] "GET /sipse/js/disable_browser_buttons.js HTTP/1.1" 304 -
190.252.129.127 - - [13/Dec/2022:07:38:01 -0500] "GET /sipse/js/funciones.js HTTP/1.1" 304 -
190.252.129.127 - - [13/Dec/2022:07:38:01 -0500] "GET /sipse/css/custom_css_sg.css HTTP/1.1" 304 -
190.252.129.127 - - [13/Dec/2022:07:38:01 -0500] "GET /sipse/css/custom_css_sg_prime_login.css HTTP/1.1" 304 -
190.252.129.127 - - [13/Dec/2022:07:38:01 -0500] "GET /sipse/faces/javax.faces.resource/theme.css?ln=primefaces-sipse HTTP/1.1" 304 -
190.252.129.127 - - [13/Dec/2022:07:38:01 -0500] "GET /sipse/faces/javax.faces.resource/primefaces.css?ln=primefaces&v=4.0 HTTP/1.1" 304 -
190.252.129.127 - - [13/Dec/2022:07:38:01 -0500] "GET /sipse/faces/javax.faces.resource/layout/layout.css?ln=primefaces&v=4.0 HTTP/1.1" 304 -
190.252.129.127 - - [13/Dec/2022:07:38:01 -0500] "GET /sipse/faces/javax.faces.resource/jquery/jquery.js?ln=primefaces&v=4.0 HTTP/1.1" 304 -
190.252.129.127 - - [13/Dec/2022:07:38:01 -0500] "GET /sipse/faces/javax.faces.resource/jquery/jquery-plugins.js?ln=primefaces&v=4.0 HTTP/1.1" 304 -
190.252.129.127 - - [13/Dec/2022:07:38:01 -0500] "GET /sipse/faces/javax.faces.resource/primefaces.js?ln=primefaces&v=4.0 HTTP/1.1" 304 -
190.252.129.127 - - [13/Dec/2022:07:38:01 -0500] "GET /sipse/faces/javax.faces.resource/layout/layout.js?ln=primefaces&v=4.0 HTTP/1.1" 304 -
190.252.129.127 - - [13/Dec/2022:07:38:02 -0500] "GET /sipse/css/imagen/logoSDG.png HTTP/1.1" 304 -
190.252.129.127 - - [13/Dec/2022:07:38:02 -0500] "GET /sipse/css/imagen/loginimg.png HTTP/1.1" 304 -
190.252.129.127 - - [13/Dec/2022:07:38:02 -0500] "GET /sipse/faces/javax.faces.resource/images/ui-icons_898989_256x240.png?ln=primefaces-aristo HTTP/1.1" 304 -
190.252.129.127 - - [13/Dec/2022:07:38:02 -0500] "GET /sipse/faces/index.xhtml HTTP/1.1" 200 677
190.252.129.127 - - [13/Dec/2022:07:38:03 -0500] "GET /sipse/faces/javax.faces.resource/theme.css?ln=primefaces-sipse HTTP/1.1" 304 -
190.252.129.127 - - [13/Dec/2022:07:38:04 -0500] "GET /sipse/faces/faces/autenticacion.xhtml HTTP/1.1" 200 12182
190.252.129.127 - - [13/Dec/2022:07:38:04 -0500] "GET /sipse/faces/javax.faces.resource/theme.css?ln=primefaces-sipse HTTP/1.1" 304 -
190.252.129.127 - - [13/Dec/2022:07:38:04 -0500] "GET /sipse/faces/javax.faces.resource/primefaces.css?ln=primefaces&v=4.0 HTTP/1.1" 304 -
190.252.129.127 - - [13/Dec/2022:07:38:04 -0500] "GET /sipse/faces/javax.faces.resource/layout/layout.css?ln=primefaces&v=4.0 HTTP/1.1" 304 -
190.252.129.127 - - [13/Dec/2022:07:38:04 -0500] "GET /sipse/faces/javax.faces.resource/jquery/jquery.js?ln=primefaces&v=4.0 HTTP/1.1" 304 -
190.252.129.127 - - [13/Dec/2022:07:38:04 -0500] "GET /sipse/faces/javax.faces.resource/jquery/jquery-plugins.js?ln=primefaces&v=4.0 HTTP/1.1" 304 -
190.252.129.127 - - [13/Dec/2022:07:38:04 -0500] "GET /sipse/faces/javax.faces.resource/primefaces.js?ln=primefaces&v=4.0 HTTP/1.1" 304 -
190.252.129.127 - - [13/Dec/2022:07:38:04 -0500] "GET /sipse/faces/javax.faces.resource/layout/layout.js?ln=primefaces&v=4.0 HTTP/1.1" 304 -
190.252.129.127 - - [13/Dec/2022:07:38:17 -0500] "POST /sipse/faces/autenticacion.xhtml HTTP/1.1" 200 2224
190.252.129.127 - - [13/Dec/2022:07:38:18 -0500] "GET /sipse/faces/javax.faces.resource/messages/messages.png?ln=primefaces&v=4.0 HTTP/1.1" 304 -
190.252.129.127 - - [13/Dec/2022:07:38:18 -0500] "POST /sipse/faces/autenticacion.xhtml HTTP/1.1" 200 2228
190.252.129.127 - - [13/Dec/2022:07:38:19 -0500] "GET /sipse/faces/javax.faces.resource/images/ui-icons_898989_256x240.png?ln=primefaces-aristo HTTP/1.1" 304 -
190.252.129.127 - - [13/Dec/2022:07:38:20 -0500] "POST /sipse/faces/autenticacion.xhtml HTTP/1.1" 200 16309
190.252.129.127 - - [13/Dec/2022:07:38:20 -0500] "GET /sipse/css/custom_css_sg_prime.css HTTP/1.1" 304 -
190.252.129.127 - - [13/Dec/2022:07:38:20 -0500] "GET /sipse/faces/javax.faces.resource/theme.css?ln=primefaces-sipse HTTP/1.1" 304 -
190.252.129.127 - - [13/Dec/2022:07:38:20 -0500] "GET /sipse/faces/javax.faces.resource/primefaces.css?ln=primefaces&v=4.0 HTTP/1.1" 304 -
190.252.129.127 - - [13/Dec/2022:07:38:20 -0500] "GET /sipse/faces/javax.faces.resource/layout/layout.css?ln=primefaces&v=4.0 HTTP/1.1" 304 -
190.252.129.127 - - [13/Dec/2022:07:38:20 -0500] "GET /sipse/js/jquery.min.js HTTP/1.1" 304 -
190.252.129.127 - - [13/Dec/2022:07:38:21 -0500] "GET /sipse/faces/javax.faces.resource/jquery/jquery.js?ln=primefaces&v=4.0 HTTP/1.1" 304 -
190.252.129.127 - - [13/Dec/2022:07:38:21 -0500] "GET /sipse/faces/javax.faces.resource/jquery/jquery-plugins.js?ln=primefaces&v=4.0 HTTP/1.1" 304 -
190.252.129.127 - - [13/Dec/2022:07:38:21 -0500] "GET /sipse/faces/javax.faces.resource/primefaces.js?ln=primefaces&v=4.0 HTTP/1.1" 304 -
190.252.129.127 - - [13/Dec/2022:07:38:21 -0500] "GET /sipse/faces/javax.faces.resource/layout/layout.js?ln=primefaces&v=4.0 HTTP/1.1" 304 -
190.252.129.127 - - [13/Dec/2022:07:38:21 -0500] "GET /sipse/imagenes/cargando.gif HTTP/1.1" 304 -
190.252.129.127 - - [13/Dec/2022:07:38:21 -0500] "GET /sipse/imagenes/logoAplicacion.jpg HTTP/1.1" 304 -
190.252.129.127 - - [13/Dec/2022:07:38:21 -0500] "GET /sipse/css/imagen/contrasena.png HTTP/1.1" 404 383
190.252.129.127 - - [13/Dec/2022:07:38:33 -0500] "POST /sipse/faces/bienvenido.xhtml HTTP/1.1" 200 2658
190.252.129.127 - - [13/Dec/2022:07:38:33 -0500] "GET /sipse/faces/javax.faces.resource/images/ui-bg_flat_0_2d5972_40x100.png?ln=primefaces-aristo HTTP/1.1" 304 -
190.252.129.127 - - [13/Dec/2022:07:38:34 -0500] "POST /sipse/faces/bienvenido.xhtml HTTP/1.1" 200 65061
190.252.129.127 - - [13/Dec/2022:07:38:37 -0500] "GET /sipse/faces/javax.faces.resource/theme.css?ln=primefaces-sipse HTTP/1.1" 304 -
190.252.129.127 - - [13/Dec/2022:07:38:37 -0500] "GET /sipse/faces/javax.faces.resource/jquery/jquery.js?ln=primefaces&v=4.0 HTTP/1.1" 304 -
190.252.129.127 - - [13/Dec/2022:07:38:37 -0500] "GET /sipse/faces/javax.faces.resource/primefaces.css?ln=primefaces&v=4.0 HTTP/1.1" 304 -
190.252.129.127 - - [13/Dec/2022:07:38:37 -0500] "GET /sipse/faces/javax.faces.resource/layout/layout.css?ln=primefaces&v=4.0 HTTP/1.1" 304 -
190.252.129.127 - - [13/Dec/2022:07:38:37 -0500] "GET /sipse/faces/javax.faces.resource/jquery/jquery-plugins.js?ln=primefaces&v=4.0 HTTP/1.1" 304 -
190.252.129.127 - - [13/Dec/2022:07:38:38 -0500] "GET /sipse/faces/javax.faces.resource/primefaces.js?ln=primefaces&v=4.0 HTTP/1.1" 304 -
190.252.129.127 - - [13/Dec/2022:07:38:38 -0500] "GET /sipse/faces/javax.faces.resource/layout/layout.js?ln=primefaces&v=4.0 HTTP/1.1" 304 -
190.252.129.127 - - [13/Dec/2022:07:38:38 -0500] "POST /sipse/faces/presentacion/financiero/solicitudProceso/listarSolicitudProceso.xhtml HTTP/1.1" 200 1552
190.252.129.127 - - [13/Dec/2022:07:38:52 -0500] "POST /sipse/faces/presentacion/financiero/solicitudProceso/listarSolicitudProceso.xhtml HTTP/1.1" 200 40525
190.252.129.127 - - [13/Dec/2022:07:38:54 -0500] "POST /sipse/faces/presentacion/financiero/solicitudProceso/listarSolicitudProceso.xhtml HTTP/1.1" 200 40664
190.252.129.127 - - [13/Dec/2022:07:38:56 -0500] "POST /sipse/faces/presentacion/financiero/solicitudProceso/listarSolicitudProceso.xhtml HTTP/1.1" 200 13830
172.22.2.4 - - [13/Dec/2022:07:37:21 -0500] "HEAD /BLA/boletinlegal/ HTTP/1.1" 200 -
190.252.129.127 - - [13/Dec/2022:07:39:06 -0500] "POST /sipse/faces/presentacion/financiero/solicitudProceso/listarSolicitudProceso.xhtml HTTP/1.1" 200 123553
190.252.129.127 - - [13/Dec/2022:07:39:07 -0500] "GET /sipse/faces/javax.faces.resource/theme.css?ln=primefaces-sipse HTTP/1.1" 304 -
190.252.129.127 - - [13/Dec/2022:07:39:07 -0500] "GET /sipse/faces/javax.faces.resource/primefaces.css?ln=primefaces&v=4.0 HTTP/1.1" 304 -
190.252.129.127 - - [13/Dec/2022:07:39:07 -0500] "GET /sipse/faces/javax.faces.resource/layout/layout.css?ln=primefaces&v=4.0 HTTP/1.1" 304 -
190.252.129.127 - - [13/Dec/2022:07:39:07 -0500] "GET /sipse/faces/javax.faces.resource/jquery/jquery.js?ln=primefaces&v=4.0 HTTP/1.1" 304 -
190.252.129.127 - - [13/Dec/2022:07:39:07 -0500] "GET /sipse/faces/javax.faces.resource/jquery/jquery-plugins.js?ln=primefaces&v=4.0 HTTP/1.1" 304 -
190.252.129.127 - - [13/Dec/2022:07:39:07 -0500] "GET /sipse/faces/javax.faces.resource/primefaces.js?ln=primefaces&v=4.0 HTTP/1.1" 304 -
190.252.129.127 - - [13/Dec/2022:07:39:07 -0500] "GET /sipse/faces/javax.faces.resource/layout/layout.js?ln=primefaces&v=4.0 HTTP/1.1" 304 -
186.102.47.216 - - [13/Dec/2022:07:39:28 -0500] "GET /secretaria-de-ambiente-reconocio-las-234-empresas-y-entidades-con-mejores-estrategias-de-gestion-ambiental.html HTTP/1.1" 304 -
190.252.129.127 - - [13/Dec/2022:07:39:36 -0500] "POST /sipse/faces/presentacion/financiero/solicitudProceso/consultarSolicitudProceso.xhtml HTTP/1.1" 200 21173
190.252.129.127 - - [13/Dec/2022:07:39:37 -0500] "GET /sipse/faces/javax.faces.resource/theme.css?ln=primefaces-sipse HTTP/1.1" 304 -
190.252.129.127 - - [13/Dec/2022:07:39:37 -0500] "GET /sipse/faces/javax.faces.resource/primefaces.css?ln=primefaces&v=4.0 HTTP/1.1" 304 -
190.252.129.127 - - [13/Dec/2022:07:39:37 -0500] "GET /sipse/faces/javax.faces.resource/fileupload/fileupload.css?ln=primefaces&v=4.0 HTTP/1.1" 200 1330
190.252.129.127 - - [13/Dec/2022:07:39:37 -0500] "GET /sipse/faces/javax.faces.resource/layout/layout.css?ln=primefaces&v=4.0 HTTP/1.1" 304 -
190.252.129.127 - - [13/Dec/2022:07:39:37 -0500] "GET /sipse/faces/javax.faces.resource/jquery/jquery.js?ln=primefaces&v=4.0 HTTP/1.1" 304 -
190.252.129.127 - - [13/Dec/2022:07:39:37 -0500] "GET /sipse/faces/javax.faces.resource/jquery/jquery-plugins.js?ln=primefaces&v=4.0 HTTP/1.1" 304 -
190.252.129.127 - - [13/Dec/2022:07:39:37 -0500] "GET /sipse/faces/javax.faces.resource/primefaces.js?ln=primefaces&v=4.0 HTTP/1.1" 304 -
190.252.129.127 - - [13/Dec/2022:07:39:37 -0500] "GET /sipse/faces/javax.faces.resource/layout/layout.js?ln=primefaces&v=4.0 HTTP/1.1" 304 -
201.245.192.253 - - [13/Dec/2022:07:39:35 -0500] "POST /kwsrmcab/Wsrmcab  HTTP/1.1" 200 43162
190.252.129.127 - - [13/Dec/2022:07:39:37 -0500] "GET /sipse/faces/javax.faces.resource/fileupload/fileupload.js?ln=primefaces&v=4.0 HTTP/1.1" 200 28091
172.22.2.4 - - [13/Dec/2022:07:38:11 -0500] "GET /BLA/boletinlegal/ HTTP/1.1" 200 59779
191.95.52.48 - - [13/Dec/2022:07:40:07 -0500] "GET /cinco-entidades-distritales-fueron-exaltadas-por-sus-buenas-practicas-ambientales.html HTTP/1.1" 200 985
191.95.52.48 - - [13/Dec/2022:07:40:08 -0500] "GET /cinco-entidades-distritales-fueron-exaltadas-por-sus-buenas-practicas-ambientales.html HTTP/1.1" 200 985
191.95.52.48 - - [13/Dec/2022:07:40:08 -0500] "GET /apple-touch-icon-120x120-precomposed.png HTTP/1.1" 404 1136
191.95.52.48 - - [13/Dec/2022:07:40:08 -0500] "GET /apple-touch-icon-120x120.png HTTP/1.1" 404 1136
191.95.52.48 - - [13/Dec/2022:07:40:08 -0500] "GET /apple-touch-icon-precomposed.png HTTP/1.1" 404 1136
191.95.52.48 - - [13/Dec/2022:07:40:08 -0500] "GET /apple-touch-icon.png HTTP/1.1" 404 1136
191.95.52.48 - - [13/Dec/2022:07:40:08 -0500] "GET /favicon.ico HTTP/1.1" 404 1136
191.95.52.48 - - [13/Dec/2022:07:40:08 -0500] "GET /apple-touch-icon-120x120-precomposed.png HTTP/1.1" 404 1136
191.95.52.48 - - [13/Dec/2022:07:40:08 -0500] "GET /apple-touch-icon-120x120.png HTTP/1.1" 404 1136
191.95.52.48 - - [13/Dec/2022:07:40:08 -0500] "GET /apple-touch-icon-precomposed.png HTTP/1.1" 404 1136
191.95.52.48 - - [13/Dec/2022:07:40:08 -0500] "GET /apple-touch-icon.png HTTP/1.1" 404 1136
191.95.52.48 - - [13/Dec/2022:07:40:09 -0500] "GET /favicon.ico HTTP/1.1" 404 1136
201.245.192.253 - - [13/Dec/2022:07:40:10 -0500] "POST /kwsrmcab/Wsrmcab HTTP/1.1" 200 44124
201.245.192.253 - - [13/Dec/2022:07:40:12 -0500] "POST /kwsrmcab/Wsrmcab HTTP/1.1" 200 44267
190.252.129.127 - - [13/Dec/2022:07:40:15 -0500] "POST /sipse/faces/presentacion/sistema/anexos/cargarAnexoSolicitudProceso.xhtml HTTP/1.1" 200 171317
190.252.129.127 - - [13/Dec/2022:07:40:17 -0500] "GET /sipse/faces/javax.faces.resource/theme.css?ln=primefaces-sipse HTTP/1.1" 304 -
190.252.129.127 - - [13/Dec/2022:07:40:17 -0500] "GET /sipse/faces/javax.faces.resource/primefaces.css?ln=primefaces&v=4.0 HTTP/1.1" 304 -
190.252.129.127 - - [13/Dec/2022:07:40:17 -0500] "GET /sipse/faces/javax.faces.resource/layout/layout.css?ln=primefaces&v=4.0 HTTP/1.1" 304 -
190.252.129.127 - - [13/Dec/2022:07:40:17 -0500] "GET /sipse/faces/javax.faces.resource/jquery/jquery.js?ln=primefaces&v=4.0 HTTP/1.1" 304 -
190.252.129.127 - - [13/Dec/2022:07:40:17 -0500] "GET /sipse/faces/javax.faces.resource/jquery/jquery-plugins.js?ln=primefaces&v=4.0 HTTP/1.1" 304 -
190.252.129.127 - - [13/Dec/2022:07:40:17 -0500] "GET /sipse/faces/javax.faces.resource/primefaces.js?ln=primefaces&v=4.0 HTTP/1.1" 304 -
190.252.129.127 - - [13/Dec/2022:07:40:17 -0500] "GET /sipse/faces/javax.faces.resource/layout/layout.js?ln=primefaces&v=4.0 HTTP/1.1" 304 -
191.156.229.201 - - [13/Dec/2022:07:40:22 -0500] "GET /cinco-entidades-distritales-fueron-exaltadas-por-sus-buenas-practicas-ambientales.html HTTP/1.1" 200 985
191.95.56.244 - - [13/Dec/2022:07:40:24 -0500] "GET /cinco-entidades-distritales-fueron-exaltadas-por-sus-buenas-practicas-ambientales.html HTTP/1.1" 200 985
5.255.231.119 - - [13/Dec/2022:07:40:48 -0500] "-" 408 -
186.102.88.120 - - [13/Dec/2022:07:40:48 -0500] "GET /BLA/boletinlegal/js/jquery.scrollShow.js HTTP/1.1" 200 4586
190.24.56.113 - - [13/Dec/2022:07:41:01 -0500] "GET /cinco-entidades-distritales-fueron-exaltadas-por-sus-buenas-practicas-ambientales.html HTTP/1.1" 200 985
207.46.13.120 - - [13/Dec/2022:07:41:25 -0500] "GET /portaldeninos/parque-mirador-de-los-nevados/ HTTP/1.1" 200 89855
190.252.129.127 - - [13/Dec/2022:07:42:02 -0500] "POST /sipse/faces/presentacion/financiero/solicitudProceso/consultarSolicitudProceso.xhtml HTTP/1.1" 200 6768
190.252.129.127 - - [13/Dec/2022:07:42:09 -0500] "POST /sipse/faces/presentacion/financiero/solicitudProceso/consultarSolicitudProceso.xhtml HTTP/1.1" 200 37985
190.252.129.127 - - [13/Dec/2022:07:42:13 -0500] "GET /sipse/faces/javax.faces.resource/theme.css?ln=primefaces-sipse HTTP/1.1" 304 -
190.252.129.127 - - [13/Dec/2022:07:42:13 -0500] "GET /sipse/faces/javax.faces.resource/primefaces.css?ln=primefaces&v=4.0 HTTP/1.1" 304 -
190.252.129.127 - - [13/Dec/2022:07:42:13 -0500] "GET /sipse/faces/javax.faces.resource/layout/layout.css?ln=primefaces&v=4.0 HTTP/1.1" 304 -
190.252.129.127 - - [13/Dec/2022:07:42:13 -0500] "GET /sipse/faces/javax.faces.resource/jquery/jquery.js?ln=primefaces&v=4.0 HTTP/1.1" 304 -
190.252.129.127 - - [13/Dec/2022:07:42:13 -0500] "GET /sipse/faces/javax.faces.resource/jquery/jquery-plugins.js?ln=primefaces&v=4.0 HTTP/1.1" 304 -
190.252.129.127 - - [13/Dec/2022:07:42:14 -0500] "GET /sipse/faces/javax.faces.resource/primefaces.js?ln=primefaces&v=4.0 HTTP/1.1" 304 -
190.252.129.127 - - [13/Dec/2022:07:42:15 -0500] "GET /sipse/faces/javax.faces.resource/layout/layout.js?ln=primefaces&v=4.0 HTTP/1.1" 304 -
190.252.129.127 - - [13/Dec/2022:07:42:15 -0500] "POST /sipse/faces/presentacion/financiero/solicitudProceso/listarSolicitudProceso.xhtml HTTP/1.1" 200 1392
191.156.225.152 - - [13/Dec/2022:07:42:18 -0500] "GET /cinco-entidades-distritales-fueron-exaltadas-por-sus-buenas-practicas-ambientales.html HTTP/1.1" 200 985
190.252.129.127 - - [13/Dec/2022:07:42:24 -0500] "POST /sipse/faces/presentacion/financiero/solicitudProceso/listarSolicitudProceso.xhtml HTTP/1.1" 200 40482
190.252.129.127 - - [13/Dec/2022:07:42:25 -0500] "POST /sipse/faces/presentacion/financiero/solicitudProceso/listarSolicitudProceso.xhtml HTTP/1.1" 200 40486
190.252.129.127 - - [13/Dec/2022:07:42:28 -0500] "POST /sipse/faces/presentacion/financiero/solicitudProceso/listarSolicitudProceso.xhtml HTTP/1.1" 200 40617
190.252.129.127 - - [13/Dec/2022:07:42:29 -0500] "POST /sipse/faces/presentacion/financiero/solicitudProceso/listarSolicitudProceso.xhtml HTTP/1.1" 200 13826
190.252.129.127 - - [13/Dec/2022:07:42:35 -0500] "POST /sipse/faces/presentacion/financiero/solicitudProceso/listarSolicitudProceso.xhtml HTTP/1.1" 200 123623
190.252.129.127 - - [13/Dec/2022:07:42:36 -0500] "GET /sipse/faces/javax.faces.resource/theme.css?ln=primefaces-sipse HTTP/1.1" 304 -
190.252.129.127 - - [13/Dec/2022:07:42:36 -0500] "GET /sipse/faces/javax.faces.resource/primefaces.css?ln=primefaces&v=4.0 HTTP/1.1" 304 -
190.252.129.127 - - [13/Dec/2022:07:42:36 -0500] "GET /sipse/faces/javax.faces.resource/layout/layout.css?ln=primefaces&v=4.0 HTTP/1.1" 304 -
