191.109.92.48 - - [06/Jan/2023:13:14:22 -0500] "GET /sipse/faces/javax.faces.resource/images/ui-icons_898989_256x240.png?ln=primefaces-aristo HTTP/1.1" 304 -
191.109.92.48 - - [06/Jan/2023:13:14:27 -0500] "GET /sipse/faces/index.xhtml HTTP/1.1" 200 677
191.109.92.48 - - [06/Jan/2023:13:14:27 -0500] "GET /sipse/faces/javax.faces.resource/theme.css?ln=primefaces-sipse HTTP/1.1" 304 -
191.109.92.48 - - [06/Jan/2023:13:14:27 -0500] "GET /sipse/faces/faces/autenticacion.xhtml HTTP/1.1" 200 12178
191.109.92.48 - - [06/Jan/2023:13:14:27 -0500] "GET /sipse/faces/javax.faces.resource/theme.css?ln=primefaces-sipse HTTP/1.1" 304 -
191.109.92.48 - - [06/Jan/2023:13:14:27 -0500] "GET /sipse/faces/javax.faces.resource/primefaces.css?ln=primefaces&v=4.0 HTTP/1.1" 304 -
191.109.92.48 - - [06/Jan/2023:13:14:27 -0500] "GET /sipse/faces/javax.faces.resource/layout/layout.css?ln=primefaces&v=4.0 HTTP/1.1" 304 -
191.109.92.48 - - [06/Jan/2023:13:14:27 -0500] "GET /sipse/faces/javax.faces.resource/jquery/jquery.js?ln=primefaces&v=4.0 HTTP/1.1" 304 -
191.109.92.48 - - [06/Jan/2023:13:14:27 -0500] "GET /sipse/faces/javax.faces.resource/jquery/jquery-plugins.js?ln=primefaces&v=4.0 HTTP/1.1" 304 -
191.109.92.48 - - [06/Jan/2023:13:14:27 -0500] "GET /sipse/faces/javax.faces.resource/primefaces.js?ln=primefaces&v=4.0 HTTP/1.1" 304 -
191.109.92.48 - - [06/Jan/2023:13:14:28 -0500] "GET /sipse/faces/javax.faces.resource/layout/layout.js?ln=primefaces&v=4.0 HTTP/1.1" 304 -
191.109.92.48 - - [06/Jan/2023:13:14:37 -0500] "POST /sipse/faces/autenticacion.xhtml HTTP/1.1" 200 2225
191.109.92.48 - - [06/Jan/2023:13:14:37 -0500] "GET /sipse/faces/javax.faces.resource/messages/messages.png?ln=primefaces&v=4.0 HTTP/1.1" 304 -
191.109.92.48 - - [06/Jan/2023:13:14:39 -0500] "GET /sipse/faces/javax.faces.resource/images/ui-icons_898989_256x240.png?ln=primefaces-aristo HTTP/1.1" 304 -
191.156.153.71 - - [06/Jan/2023:11:34:38 -0500] "POST /sipse/faces/presentacion/financiero/solicitudProceso/consultarSolicitudProceso.xhtml HTTP/1.1" 400 1022
191.109.92.48 - - [06/Jan/2023:13:14:39 -0500] "POST /sipse/faces/autenticacion.xhtml HTTP/1.1" 200 16281
173.252.95.21 - - [06/Jan/2023:13:14:39 -0500] "GET /images/cr\xc3\xb3nica-29-nov-1_optimized.jpeg HTTP/1.1" 404 1034
191.109.92.48 - - [06/Jan/2023:13:14:39 -0500] "GET /sipse/faces/javax.faces.resource/theme.css?ln=primefaces-sipse HTTP/1.1" 304 -
191.109.92.48 - - [06/Jan/2023:13:14:39 -0500] "GET /sipse/faces/javax.faces.resource/primefaces.css?ln=primefaces&v=4.0 HTTP/1.1" 304 -
191.109.92.48 - - [06/Jan/2023:13:14:39 -0500] "GET /sipse/css/custom_css_sg_prime.css HTTP/1.1" 304 -
191.109.92.48 - - [06/Jan/2023:13:14:39 -0500] "GET /sipse/faces/javax.faces.resource/layout/layout.css?ln=primefaces&v=4.0 HTTP/1.1" 304 -
191.109.92.48 - - [06/Jan/2023:13:14:39 -0500] "GET /sipse/js/jquery.min.js HTTP/1.1" 304 -
191.109.92.48 - - [06/Jan/2023:13:14:39 -0500] "GET /sipse/faces/javax.faces.resource/jquery/jquery.js?ln=primefaces&v=4.0 HTTP/1.1" 304 -
191.109.92.48 - - [06/Jan/2023:13:14:40 -0500] "GET /sipse/faces/javax.faces.resource/jquery/jquery-plugins.js?ln=primefaces&v=4.0 HTTP/1.1" 304 -
191.109.92.48 - - [06/Jan/2023:13:14:40 -0500] "GET /sipse/faces/javax.faces.resource/primefaces.js?ln=primefaces&v=4.0 HTTP/1.1" 304 -
191.109.92.48 - - [06/Jan/2023:13:14:40 -0500] "GET /sipse/faces/javax.faces.resource/layout/layout.js?ln=primefaces&v=4.0 HTTP/1.1" 304 -
191.109.92.48 - - [06/Jan/2023:13:14:40 -0500] "GET /sipse/css/imagen/contrasena.png HTTP/1.1" 404 383
191.109.92.48 - - [06/Jan/2023:13:14:40 -0500] "GET /sipse/imagenes/cargando.gif HTTP/1.1" 304 -
191.109.92.48 - - [06/Jan/2023:13:14:40 -0500] "GET /sipse/imagenes/logoAplicacion.jpg HTTP/1.1" 304 -
191.109.92.48 - - [06/Jan/2023:13:14:43 -0500] "GET /sipse/faces/javax.faces.resource/images/ui-bg_flat_0_2d5972_40x100.png?ln=primefaces-aristo HTTP/1.1" 304 -
191.109.92.48 - - [06/Jan/2023:13:14:43 -0500] "POST /sipse/faces/bienvenido.xhtml HTTP/1.1" 200 9754
191.109.92.48 - - [06/Jan/2023:13:14:44 -0500] "POST /sipse/faces/bienvenido.xhtml HTTP/1.1" 200 2658
191.109.92.48 - - [06/Jan/2023:13:14:46 -0500] "POST /sipse/faces/bienvenido.xhtml HTTP/1.1" 200 65327
191.109.92.48 - - [06/Jan/2023:13:14:47 -0500] "GET /sipse/faces/javax.faces.resource/theme.css?ln=primefaces-sipse HTTP/1.1" 304 -
191.109.92.48 - - [06/Jan/2023:13:14:47 -0500] "GET /sipse/faces/javax.faces.resource/primefaces.css?ln=primefaces&v=4.0 HTTP/1.1" 304 -
191.109.92.48 - - [06/Jan/2023:13:14:47 -0500] "GET /sipse/faces/javax.faces.resource/layout/layout.css?ln=primefaces&v=4.0 HTTP/1.1" 304 -
191.109.92.48 - - [06/Jan/2023:13:14:48 -0500] "GET /sipse/faces/javax.faces.resource/jquery/jquery.js?ln=primefaces&v=4.0 HTTP/1.1" 304 -
191.109.92.48 - - [06/Jan/2023:13:14:48 -0500] "GET /sipse/faces/javax.faces.resource/jquery/jquery-plugins.js?ln=primefaces&v=4.0 HTTP/1.1" 304 -
191.109.92.48 - - [06/Jan/2023:13:14:48 -0500] "GET /sipse/faces/javax.faces.resource/primefaces.js?ln=primefaces&v=4.0 HTTP/1.1" 304 -
191.109.92.48 - - [06/Jan/2023:13:14:48 -0500] "GET /sipse/faces/javax.faces.resource/layout/layout.js?ln=primefaces&v=4.0 HTTP/1.1" 304 -
191.109.92.48 - - [06/Jan/2023:13:14:49 -0500] "POST /sipse/faces/presentacion/financiero/solicitudProceso/listarSolicitudProceso.xhtml HTTP/1.1" 200 1560
201.245.192.253 - - [06/Jan/2023:13:15:40 -0500] "POST /kwsrmcab/Wsrmcab  HTTP/1.1" 200 43926
216.245.221.92 - - [06/Jan/2023:13:16:14 -0500] "HEAD / HTTP/1.1" 200 -
109.111.136.134 - - [06/Jan/2023:13:18:10 -0500] "GET / HTTP/1.1" 200 319
172.22.2.4 - - [06/Jan/2023:13:16:43 -0500] "HEAD /BLA/boletinlegal/ HTTP/1.1" 200 -
114.119.147.113 - - [06/Jan/2023:13:19:04 -0500] "GET /BLA/resoluciones/index.php?dir=Notificaciones/RESOLUCIONES%2B2015/&sort=size&order=desc HTTP/1.1" 200 13770
173.252.83.17 - - [06/Jan/2023:13:19:08 -0500] "GET /images/mercados-campesinos-5-mayo.jpg HTTP/1.1" 200 95848
172.22.2.4 - - [06/Jan/2023:13:17:34 -0500] "GET /BLA/boletinlegal/ HTTP/1.1" 200 57192
201.245.192.253 - - [06/Jan/2023:13:19:13 -0500] "POST /kwsrmcab/Wsrmcab HTTP/1.1" 200 44085
201.245.192.253 - - [06/Jan/2023:13:19:17 -0500] "POST /kwsrmcab/Wsrmcab HTTP/1.1" 200 43131
114.119.154.156 - - [06/Jan/2023:13:20:24 -0500] "GET /BLA/resoluciones/RESOLUCIONES%202017/1584.pdf HTTP/1.1" 200 582411
201.245.192.253 - - [06/Jan/2023:13:20:38 -0500] "POST /kwsrmcab/Wsrmcab  HTTP/1.1" 200 43926
216.245.221.92 - - [06/Jan/2023:13:21:14 -0500] "HEAD / HTTP/1.1" 200 -
186.102.10.157 - - [06/Jan/2023:13:21:41 -0500] "GET /kwssiamovil/sm/ldap/au?x=U2FsdGVkX1/iv0i+RGIawhPev95WUEkroj1GhL8a5ewhtyzdVPJ4fjgmQDo37xwk&y=U2FsdGVkX1+5TF4jCCxk/tOulEQqwCsYyw/bMinpRq8= HTTP/1.1" 200 30
186.102.10.157 - - [06/Jan/2023:13:21:41 -0500] "GET /kwssiamovil/sm/acme/s?s=U2FsdGVkX1+VhkOTw+zIKuJB9Fm+F8jH4B6Ysr/sdaFLP9vMWRA4H0Q4Afcwea8qMqFHAaxWBvfMlSOO7UxQP38Yhp6DtOOWBtlWfylXU7I=&u=U2FsdGVkX1+WrYk3M4T7XyRlbNkMjXf42B2CnnBlmjQ=&y=U2FsdGVkX1+5TF4jCCxk/tOulEQqwCsYyw/bMinpRq8= HTTP/1.1" 200 97
186.102.10.157 - - [06/Jan/2023:13:21:41 -0500] "GET /kwssiamovil/sm/acme/s?s=U2FsdGVkX19Vx+B7Ngqo6LHDqtvnOpW95QyOybkAck4OkDbJ96P+k3p+gTYY7+WugpM1FO6V8DLZ4c1jdPA3ur6crow6l10KKctGGp/K0J+f79HrI+M08etWAhBl3sF55fq659zUMJXv0TY3ML+DoKLyh2mT05BYAhDuWrrBY/OnGUydoXLGiMbjma5VqZmaNvVjUWXUPk1pQYsBHLZLYCXFJKyru703JQ9Ih7CVqDhREyEwQx0UcdwtbssRJlF3oRxnCPQL81kI/uXE9V+iCVUPHal8UCukf22ph5RJ9C84C00CFlFG1X8aOpJgNHa6QQsp2d5mP8lu7vr9S0oWkvMRXym1sQl2xVz7eLfm58OKj3I9NCYiSqZpyaTO14d08ZBCIVn+G7/fKK0utTSi8AJ8yxLLrK5Ju2pYAA+Dv5pA0t/lhUhF2daxbS04PDZFipufBsBDt3Bx+mi7iX7wmyjUcc4hG29wEibPM+OlVJrW6Ooa4jLBnk6UaVhxweJRnB7QLUyJkuJ4f+h8DstkH2nHI0q81X1LIbscNDONaY4ITZN/KCghPsLyAcbt+hU1P6U6jajhkY58egcWhulWR6f5aauD4jUh7x+NrbfX9BuSKF2RlfFFoQNw7xxaWxhceIGH1qlgI9NEh8wd3HN1HHEpc88tcr5arKevsukZjW4urD9pgWoUrfGKXmTYjb3sJqVeWvk0L660tV6bETU5FE8BcG3Qj4/xvMmFmzZVjF4J7c6gcDJ1c0i54L32lDV6A1AQHXsQ9dlScPCFhH9blzeKylT/4GpuLid10W5v82Zao/2A4GBXIpzpp0ACNJDNV5nuu25Dt9jWXxyUdI4Sab0b6gi//sJyrm2KX8XFYK2GK3/BLFAe6km0dYj6MjScAsCSBxaTU012Tx3RB0WzJfY1Pr0lmIJjOEDtERSINupHapJCdoSQWwI8+rlm0luYPS5Oq24JeykKswL4MZ2CoNwAhA2hLJypce7Nx6CdZLvqsZUzfwBhE8UKADD8JB7nuaHxHRBQ763Zoyc8TDUA6AMXKFAk7tgb1co9A/s2lGgXzCo0gJPNoie4/UYcTSRT6cjWB8PE9LpWz8BS2Cz3dtnFpciO7MjFPztqWWXaCvN/reuyiyGsyHPvu5CgJdXpE21YNYrKVaxpXQ6GyT2B+f/pSOi/5Z8qcnLO97rPgMZ2IDXB9+LCfn4Ls/cywpWWE2XVOKhnW3IzpCwVgVz80H+A1Exj20ugIOiFrgpUrXZQ/VRuxcBWK/gjnY/2DH558H5dehB9AZIpJQCWxC3DHj2yyJmOG5GzBUD9/LdlfvyzdcPSVE/lmsBUnMVFXpNSH7BtYhaJFMLOpVJcGLd3eYU1IGo2kBJQau5OQKBaCWNAJ5jCsdSJZaXeonanSoNuXU/7kQcTlJhF0FhzUywEJgPuasQ59Y6y6WvWKZ+r38g=&u=U2FsdGVkX1+WrYk3M4T7XyRlbNkMjXf42B2CnnBlmjQ=&y=U2FsdGVkX1+5TF4jCCxk/tOulEQqwCsYyw/bMinpRq8= HTTP/1.1" 200 683
186.102.10.157 - - [06/Jan/2023:13:21:41 -0500] "GET /kwssiamovil/sm/acme/s?s=U2FsdGVkX1984+grXSKm6C7CvLtAYPe8vHCKi1f/nsb64nkys1jUeb3KgmttBZsthPUZhABN20KMN1mNIcrwnT3QayjmxAuH2rOzrW2+LRSoyqayNS3W4uiA1TI8JKEFfj6vdmKkhRGJ5uJhxbrxDpb7Yabfpw7LfIFFX4Gsda5xv0ssZtMGPN5tBzsM5CVXXHTUwlnaGLj4Ini5g7Y6uWkN9iCjdJWGnBDByRK2kqdXzrecFE52gCkkswK34050aT5BjJAoFkS6lAj8U6s9vv0nLk5ZC2Y9Jjz/JntZAld6COXan1rh4OwZ9LllRxGkEu1p07HKbn7w3TZf/GGdig==&u=U2FsdGVkX1+WrYk3M4T7XyRlbNkMjXf42B2CnnBlmjQ=&y=U2FsdGVkX1+5TF4jCCxk/tOulEQqwCsYyw/bMinpRq8= HTTP/1.1" 200 196
186.102.10.157 - - [06/Jan/2023:13:21:41 -0500] "GET /kwssiamovil/sm/cjson/pre?f=1&x=U2FsdGVkX1/iv0i+RGIawhPev95WUEkroj1GhL8a5ewhtyzdVPJ4fjgmQDo37xwk HTTP/1.1" 200 31032
114.119.165.5 - - [06/Jan/2023:13:21:57 -0500] "GET /BLA/resoluciones/RESOLUCIONES%202010/5993.pdf HTTP/1.1" 200 218309
114.119.134.106 - - [06/Jan/2023:13:23:33 -0500] "GET /BLA/resoluciones/RESOLUCIONES%202010/4589.pdf HTTP/1.1" 200 1124034
172.22.2.4 - - [06/Jan/2023:13:22:33 -0500] "HEAD /BLA/boletinlegal/ HTTP/1.1" 200 -
114.119.153.208 - - [06/Jan/2023:13:24:52 -0500] "GET /BLA/resoluciones/RESOLUCIONES%202010/2293.pdf HTTP/1.1" 200 375970
172.22.2.4 - - [06/Jan/2023:13:23:24 -0500] "GET /BLA/boletinlegal/ HTTP/1.1" 200 53337
172.22.2.1 - - [06/Jan/2023:13:25:33 -0500] "GET /reportes_sipse/sdg/ServletViabilidad?reporte=memo_viabilidad&solicitud=20542 HTTP/1.1" 200 1538
201.245.192.253 - - [06/Jan/2023:13:25:37 -0500] "POST /kwsrmcab/Wsrmcab  HTTP/1.1" 200 43926
207.46.13.3 - - [06/Jan/2023:13:25:43 -0500] "GET /sipse/faces/autenticacion.xhtml HTTP/1.1" 200 12500
172.22.2.1 - - [06/Jan/2023:13:25:54 -0500] "GET /reportes_sipse/sdg/ServletViabilidad?reporte=memo_viabilidad&solicitud=20399 HTTP/1.1" 200 1538
40.77.167.33 - - [06/Jan/2023:13:25:58 -0500] "GET /sipse/js/funciones.js HTTP/1.1" 200 12592
207.46.13.139 - - [06/Jan/2023:13:26:01 -0500] "GET /sipse/css/custom_css_sg_prime_login.css HTTP/1.1" 200 443
207.46.13.192 - - [06/Jan/2023:13:26:00 -0500] "GET /sipse/faces/javax.faces.resource/jquery/jquery.js;jsessionid=PskHBkuEcsGMo5mrvWL73v2e.undefined?ln=primefaces&v=4.0 HTTP/1.1" 200 105384
40.77.167.12 - - [06/Jan/2023:13:26:04 -0500] "GET /sipse/faces/javax.faces.resource/jquery/jquery-plugins.js;jsessionid=PskHBkuEcsGMo5mrvWL73v2e.undefined?ln=primefaces&v=4.0 HTTP/1.1" 200 220526
207.46.13.3 - - [06/Jan/2023:13:26:06 -0500] "GET /sipse/css/custom_css_sg.css HTTP/1.1" 200 9694
172.22.2.1 - - [06/Jan/2023:13:26:07 -0500] "GET /reportes_sipse/sdg/ServletViabilidad?reporte=memo_viabilidad&solicitud=20396 HTTP/1.1" 200 1538
114.119.133.253 - - [06/Jan/2023:13:26:13 -0500] "GET /BLA/resoluciones/RESOLUCIONES%202009/0049.pdf HTTP/1.1" 200 192322
40.77.167.12 - - [06/Jan/2023:13:26:14 -0500] "GET /sipse/faces/javax.faces.resource/theme.css?ln=primefaces-sipse HTTP/1.1" 200 50058
216.245.221.92 - - [06/Jan/2023:13:26:14 -0500] "HEAD / HTTP/1.1" 200 -
40.77.167.12 - - [06/Jan/2023:13:26:14 -0500] "GET /sipse/js/disable_browser_buttons.js HTTP/1.1" 200 3230
172.22.2.1 - - [06/Jan/2023:13:26:21 -0500] "GET /reportes_sipse/sdg/ServletViabilidad?reporte=memo_viabilidad&solicitud=20544 HTTP/1.1" 200 1538
161.18.180.77 - - [06/Jan/2023:13:26:25 -0500] "GET /BLA/resoluciones/index.php?dir=AUTOS+2015%2F HTTP/1.1" 200 579441
172.22.2.1 - - [06/Jan/2023:13:26:38 -0500] "GET /reportes_sipse/sdg/ServletViabilidad?reporte=memo_viabilidad&solicitud=20376 HTTP/1.1" 200 1538
172.22.2.4 - - [06/Jan/2023:13:26:44 -0500] "GET /BLA/boletinlegal/jurisprudencia/analisis/Analisis%20jurisprudencial%20Sentencia%20C-366-11.doc HTTP/1.1" 200 59392
172.22.2.1 - - [06/Jan/2023:13:26:59 -0500] "GET /reportes_sipse/sdg/ServletViabilidad?reporte=memo_viabilidad&solicitud=20543 HTTP/1.1" 200 1538
172.22.2.1 - - [06/Jan/2023:13:27:23 -0500] "GET /reportes_sipse/sdg/ServletViabilidad?reporte=memo_viabilidad&solicitud=20391 HTTP/1.1" 200 1538
172.22.2.4 - - [06/Jan/2023:13:27:36 -0500] "GET /BLA/boletinlegal/style.css HTTP/1.1" 200 9406
172.22.2.4 - - [06/Jan/2023:13:27:36 -0500] "GET /BLA/boletinlegal/styles2.css HTTP/1.1" 200 1838
172.22.2.4 - - [06/Jan/2023:13:27:36 -0500] "GET /BLA/boletinlegal/js/jquery.js HTTP/1.1" 200 57254
172.22.2.4 - - [06/Jan/2023:13:27:36 -0500] "GET /BLA/boletinlegal/js/jquery.scrollTo-min.js HTTP/1.1" 200 1150
172.22.2.4 - - [06/Jan/2023:13:27:36 -0500] "GET /BLA/boletinlegal/js/jquery.scrollShow.js HTTP/1.1" 200 4586
172.22.2.4 - - [06/Jan/2023:13:27:36 -0500] "GET /BLA/boletinlegal/images/cabezote%20BLEGAL.jpg HTTP/1.1" 200 118164
172.22.2.4 - - [06/Jan/2023:13:27:36 -0500] "GET /BLA/boletinlegal/images/subscribe-icon-big.png HTTP/1.1" 200 47702
172.22.2.4 - - [06/Jan/2023:13:27:36 -0500] "GET /BLA/boletinlegal/images/historia.png HTTP/1.1" 200 52775
172.22.2.4 - - [06/Jan/2023:13:27:36 -0500] "GET /BLA/boletinlegal/images/registro-usuarios.png HTTP/1.1" 200 8106
172.22.2.4 - - [06/Jan/2023:13:27:36 -0500] "GET /BLA/boletinlegal/images/arr_l.jpg HTTP/1.1" 200 1979
172.22.2.4 - - [06/Jan/2023:13:27:36 -0500] "GET /BLA/boletinlegal/images/screen_1.png HTTP/1.1" 200 202547
172.22.2.4 - - [06/Jan/2023:13:27:36 -0500] "GET /BLA/boletinlegal/images/launch.jpg HTTP/1.1" 200 14577
172.22.2.4 - - [06/Jan/2023:13:27:36 -0500] "GET /BLA/boletinlegal/images/body_bg.jpg HTTP/1.1" 200 1601
172.22.2.4 - - [06/Jan/2023:13:27:36 -0500] "GET /BLA/boletinlegal/images/menu_lft.gif HTTP/1.1" 200 1713
172.22.2.4 - - [06/Jan/2023:13:27:36 -0500] "GET /BLA/boletinlegal/images/menu_rght.gif HTTP/1.1" 200 1627
172.22.2.4 - - [06/Jan/2023:13:27:36 -0500] "GET /BLA/boletinlegal/images/bg_top.jpg HTTP/1.1" 200 522
172.22.2.4 - - [06/Jan/2023:13:27:36 -0500] "GET /BLA/boletinlegal/images/menu_bg.jpg HTTP/1.1" 200 620
172.22.2.4 - - [06/Jan/2023:13:27:36 -0500] "GET /BLA/boletinlegal/images/text.jpg HTTP/1.1" 200 568
172.22.2.4 - - [06/Jan/2023:13:27:36 -0500] "GET /BLA/boletinlegal/images/hover.jpg HTTP/1.1" 200 640
172.22.2.4 - - [06/Jan/2023:13:27:38 -0500] "GET /BLA/boletinlegal/images/screen_2.png HTTP/1.1" 200 362502
172.22.2.4 - - [06/Jan/2023:13:27:38 -0500] "GET /BLA/boletinlegal/images/screen_3.png HTTP/1.1" 200 210620
172.22.2.4 - - [06/Jan/2023:13:27:38 -0500] "GET /BLA/boletinlegal/images/screen_5.png HTTP/1.1" 200 368876
172.22.2.4 - - [06/Jan/2023:13:27:38 -0500] "GET /BLA/boletinlegal/images/arr_r.jpg HTTP/1.1" 200 1998
172.22.2.4 - - [06/Jan/2023:13:27:38 -0500] "GET /BLA/boletinlegal/images/footer_bg.jpg HTTP/1.1" 200 586
172.22.2.1 - - [06/Jan/2023:13:27:38 -0500] "GET /reportes_sipse/sdg/ServletViabilidad?reporte=memo_viabilidad&solicitud=20442 HTTP/1.1" 200 1538
172.22.2.4 - - [06/Jan/2023:13:27:47 -0500] "GET /BLA/boletinlegal/images/pdf.gif HTTP/1.1" 200 567
114.119.149.140 - - [06/Jan/2023:13:28:04 -0500] "GET /BLA/resoluciones/AUTOS%202018/1021.pdf HTTP/1.1" 200 296738
207.46.13.139 - - [06/Jan/2023:13:28:19 -0500] "GET /forest/ HTTP/1.1" 200 12041
172.22.2.4 - - [06/Jan/2023:13:27:31 -0500] "GET /BLA/boletinlegal/ HTTP/1.1" 200 45003
201.245.192.253 - - [06/Jan/2023:13:29:13 -0500] "POST /kwsrmcab/Wsrmcab HTTP/1.1" 200 44085
201.245.192.253 - - [06/Jan/2023:13:29:16 -0500] "POST /kwsrmcab/Wsrmcab HTTP/1.1" 200 43131
114.119.153.11 - - [06/Jan/2023:13:29:46 -0500] "GET /BLA/resoluciones/RESOLUCIONES%202010/5972.pdf HTTP/1.1" 200 248553
191.156.146.233 - - [06/Jan/2023:11:49:52 -0500] "POST /sipse/faces/presentacion/financiero/solicitudProceso/crearModificarSolicitudProceso.xhtml HTTP/1.1" 400 1022
172.22.2.4 - - [06/Jan/2023:13:28:24 -0500] "HEAD /BLA/boletinlegal/ HTTP/1.1" 200 -
157.55.39.172 - - [06/Jan/2023:13:30:32 -0500] "GET /sipse/faces/faces/autenticacion.xhtml HTTP/1.1" 200 12500
201.245.192.253 - - [06/Jan/2023:13:30:35 -0500] "POST /kwsrmcab/Wsrmcab  HTTP/1.1" 200 43926
172.22.2.4 - - [06/Jan/2023:13:29:14 -0500] "GET /BLA/boletinlegal/ HTTP/1.1" 200 59404
114.119.136.32 - - [06/Jan/2023:13:31:10 -0500] "GET /BLA/resoluciones/AUTOS%202017/3712.pdf HTTP/1.1" 200 283892
216.245.221.92 - - [06/Jan/2023:13:31:14 -0500] "HEAD / HTTP/1.1" 200 -
66.249.73.100 - - [06/Jan/2023:13:34:38 -0500] "-" 408 -
181.50.142.205 - - [06/Jan/2023:13:35:09 -0500] "GET /sipse/faces/faces/faces/index.xhtml HTTP/1.1" 200 677
181.50.142.205 - - [06/Jan/2023:13:35:09 -0500] "GET /apple-touch-icon-precomposed.png HTTP/1.1" 404 1120
181.50.142.205 - - [06/Jan/2023:13:35:09 -0500] "GET /apple-touch-icon.png HTTP/1.1" 404 1120
181.50.142.205 - - [06/Jan/2023:13:35:09 -0500] "GET /favicon.ico HTTP/1.1" 200 7782
181.50.142.205 - - [06/Jan/2023:13:35:09 -0500] "GET /sipse/faces/faces/faces/index.xhtml HTTP/1.1" 200 677
181.50.142.205 - - [06/Jan/2023:13:35:09 -0500] "GET /apple-touch-icon-precomposed.png HTTP/1.1" 404 1120
181.50.142.205 - - [06/Jan/2023:13:35:09 -0500] "GET /apple-touch-icon.png HTTP/1.1" 404 1120
200.118.62.150 - - [06/Jan/2023:13:35:17 -0500] "GET /appsia/controlador HTTP/1.1" 200 4799
200.118.62.150 - - [06/Jan/2023:13:35:18 -0500] "GET /favicon.ico HTTP/1.1" 200 7782
201.245.192.253 - - [06/Jan/2023:13:35:34 -0500] "POST /kwsrmcab/Wsrmcab  HTTP/1.1" 200 43926
162.55.37.148 - - [06/Jan/2023:13:35:43 -0500] "GET / HTTP/1.1" 200 319
172.22.2.4 - - [06/Jan/2023:13:34:13 -0500] "HEAD /BLA/boletinlegal/ HTTP/1.1" 200 -
216.245.221.92 - - [06/Jan/2023:13:36:14 -0500] "HEAD / HTTP/1.1" 200 -
200.118.62.150 - - [06/Jan/2023:13:36:23 -0500] "POST /appsia/controlador HTTP/1.1" 200 4621
200.118.62.150 - - [06/Jan/2023:13:36:26 -0500] "POST /appsia/controlador HTTP/1.1" 200 7730
172.22.2.4 - - [06/Jan/2023:13:35:04 -0500] "GET /BLA/boletinlegal/ HTTP/1.1" 200 57824
181.50.142.205 - - [06/Jan/2023:13:36:57 -0500] "GET /sipse/faces/faces/faces/index.xhtml HTTP/1.1" 200 677
181.50.142.205 - - [06/Jan/2023:13:36:57 -0500] "GET /sipse/faces/javax.faces.resource/theme.css?ln=primefaces-sipse HTTP/1.1" 304 -
181.50.142.205 - - [06/Jan/2023:13:36:57 -0500] "GET /sipse/faces/javax.faces.resource/theme.css?ln=primefaces-sipse HTTP/1.1" 304 -
181.50.142.205 - - [06/Jan/2023:13:36:57 -0500] "GET /apple-touch-icon-precomposed.png HTTP/1.1" 404 1120
181.50.142.205 - - [06/Jan/2023:13:36:57 -0500] "GET /apple-touch-icon.png HTTP/1.1" 404 1120
181.50.142.205 - - [06/Jan/2023:13:36:57 -0500] "GET /sipse/faces/faces/faces/faces/autenticacion.xhtml HTTP/1.1" 200 12178
181.50.142.205 - - [06/Jan/2023:13:36:57 -0500] "GET /sipse/faces/javax.faces.resource/theme.css?ln=primefaces-sipse HTTP/1.1" 304 -
181.50.142.205 - - [06/Jan/2023:13:36:57 -0500] "GET /sipse/js/disable_browser_buttons.js HTTP/1.1" 304 -
181.50.142.205 - - [06/Jan/2023:13:36:57 -0500] "GET /sipse/css/custom_css_sg.css HTTP/1.1" 304 -
181.50.142.205 - - [06/Jan/2023:13:36:57 -0500] "GET /sipse/css/custom_css_sg_prime_login.css HTTP/1.1" 304 -
181.50.142.205 - - [06/Jan/2023:13:36:57 -0500] "GET /sipse/faces/javax.faces.resource/layout/layout.css?ln=primefaces&v=4.0 HTTP/1.1" 304 -
181.50.142.205 - - [06/Jan/2023:13:36:57 -0500] "GET /sipse/faces/javax.faces.resource/primefaces.css?ln=primefaces&v=4.0 HTTP/1.1" 304 -
181.50.142.205 - - [06/Jan/2023:13:36:57 -0500] "GET /sipse/faces/javax.faces.resource/jquery/jquery-plugins.js?ln=primefaces&v=4.0 HTTP/1.1" 304 -
181.50.142.205 - - [06/Jan/2023:13:36:57 -0500] "GET /sipse/js/funciones.js HTTP/1.1" 304 -
181.50.142.205 - - [06/Jan/2023:13:36:57 -0500] "GET /sipse/faces/javax.faces.resource/layout/layout.js?ln=primefaces&v=4.0 HTTP/1.1" 304 -
181.50.142.205 - - [06/Jan/2023:13:36:57 -0500] "GET /sipse/faces/javax.faces.resource/jquery/jquery.js?ln=primefaces&v=4.0 HTTP/1.1" 304 -
181.50.142.205 - - [06/Jan/2023:13:36:57 -0500] "GET /sipse/faces/javax.faces.resource/primefaces.js?ln=primefaces&v=4.0 HTTP/1.1" 304 -
181.50.142.205 - - [06/Jan/2023:13:36:57 -0500] "GET /sipse/css/imagen/loginimg.png HTTP/1.1" 304 -
181.50.142.205 - - [06/Jan/2023:13:36:57 -0500] "GET /sipse/css/imagen/logoSDG.png HTTP/1.1" 304 -
181.50.142.205 - - [06/Jan/2023:13:36:57 -0500] "GET /sipse/faces/javax.faces.resource/images/ui-icons_898989_256x240.png?ln=primefaces-aristo HTTP/1.1" 304 -
181.50.142.205 - - [06/Jan/2023:13:36:59 -0500] "POST /sipse/faces/autenticacion.xhtml HTTP/1.1" 200 2228
181.50.142.205 - - [06/Jan/2023:13:36:59 -0500] "GET /sipse/faces/javax.faces.resource/messages/messages.png?ln=primefaces&v=4.0 HTTP/1.1" 304 -
181.50.142.205 - - [06/Jan/2023:13:37:01 -0500] "POST /sipse/faces/autenticacion.xhtml HTTP/1.1" 200 16301
181.50.142.205 - - [06/Jan/2023:13:37:01 -0500] "GET /sipse/css/custom_css_sg_prime.css HTTP/1.1" 304 -
181.50.142.205 - - [06/Jan/2023:13:37:01 -0500] "GET /sipse/faces/javax.faces.resource/theme.css?ln=primefaces-sipse HTTP/1.1" 304 -
181.50.142.205 - - [06/Jan/2023:13:37:01 -0500] "GET /sipse/faces/javax.faces.resource/layout/layout.css?ln=primefaces&v=4.0 HTTP/1.1" 304 -
181.50.142.205 - - [06/Jan/2023:13:37:01 -0500] "GET /sipse/faces/javax.faces.resource/primefaces.css?ln=primefaces&v=4.0 HTTP/1.1" 304 -
181.50.142.205 - - [06/Jan/2023:13:37:01 -0500] "GET /sipse/js/jquery.min.js HTTP/1.1" 304 -
181.50.142.205 - - [06/Jan/2023:13:37:01 -0500] "GET /sipse/faces/javax.faces.resource/jquery/jquery.js?ln=primefaces&v=4.0 HTTP/1.1" 304 -
181.50.142.205 - - [06/Jan/2023:13:37:01 -0500] "GET /sipse/faces/javax.faces.resource/jquery/jquery-plugins.js?ln=primefaces&v=4.0 HTTP/1.1" 304 -
181.50.142.205 - - [06/Jan/2023:13:37:01 -0500] "GET /sipse/faces/javax.faces.resource/primefaces.js?ln=primefaces&v=4.0 HTTP/1.1" 304 -
181.50.142.205 - - [06/Jan/2023:13:37:01 -0500] "GET /sipse/faces/javax.faces.resource/layout/layout.js?ln=primefaces&v=4.0 HTTP/1.1" 304 -
181.50.142.205 - - [06/Jan/2023:13:37:01 -0500] "GET /sipse/imagenes/cargando.gif HTTP/1.1" 304 -
181.50.142.205 - - [06/Jan/2023:13:37:01 -0500] "GET /sipse/imagenes/logoAplicacion.jpg HTTP/1.1" 304 -
181.50.142.205 - - [06/Jan/2023:13:37:01 -0500] "GET /sipse/css/imagen/contrasena.png HTTP/1.1" 304 -
181.50.142.205 - - [06/Jan/2023:13:37:03 -0500] "GET /sipse/faces/javax.faces.resource/images/ui-bg_flat_0_2d5972_40x100.png?ln=primefaces-aristo HTTP/1.1" 304 -
181.50.142.205 - - [06/Jan/2023:13:37:03 -0500] "POST /sipse/faces/bienvenido.xhtml HTTP/1.1" 200 2658
181.50.142.205 - - [06/Jan/2023:13:37:05 -0500] "POST /sipse/faces/bienvenido.xhtml HTTP/1.1" 200 36269
181.50.142.205 - - [06/Jan/2023:13:37:05 -0500] "GET /sipse/faces/javax.faces.resource/layout/layout.css?ln=primefaces&v=4.0 HTTP/1.1" 304 -
181.50.142.205 - - [06/Jan/2023:13:37:05 -0500] "GET /sipse/faces/javax.faces.resource/primefaces.css?ln=primefaces&v=4.0 HTTP/1.1" 304 -
181.50.142.205 - - [06/Jan/2023:13:37:05 -0500] "GET /sipse/faces/javax.faces.resource/theme.css?ln=primefaces-sipse HTTP/1.1" 304 -
181.50.142.205 - - [06/Jan/2023:13:37:05 -0500] "GET /sipse/faces/javax.faces.resource/jquery/jquery.js?ln=primefaces&v=4.0 HTTP/1.1" 304 -
181.50.142.205 - - [06/Jan/2023:13:37:05 -0500] "GET /sipse/faces/javax.faces.resource/jquery/jquery-plugins.js?ln=primefaces&v=4.0 HTTP/1.1" 304 -
181.50.142.205 - - [06/Jan/2023:13:37:05 -0500] "GET /sipse/faces/javax.faces.resource/primefaces.js?ln=primefaces&v=4.0 HTTP/1.1" 304 -
181.50.142.205 - - [06/Jan/2023:13:37:05 -0500] "GET /sipse/faces/javax.faces.resource/layout/layout.js?ln=primefaces&v=4.0 HTTP/1.1" 304 -
181.50.142.205 - - [06/Jan/2023:13:37:05 -0500] "POST /sipse/faces/presentacion/financiero/solicitudProceso/listarSolicitudProceso.xhtml HTTP/1.1" 200 1396
181.50.142.205 - - [06/Jan/2023:13:37:11 -0500] "POST /sipse/faces/presentacion/financiero/solicitudProceso/listarSolicitudProceso.xhtml HTTP/1.1" 200 123478
181.50.142.205 - - [06/Jan/2023:13:37:11 -0500] "GET /sipse/faces/javax.faces.resource/primefaces.css?ln=primefaces&v=4.0 HTTP/1.1" 304 -
181.50.142.205 - - [06/Jan/2023:13:37:11 -0500] "GET /sipse/faces/javax.faces.resource/layout/layout.css?ln=primefaces&v=4.0 HTTP/1.1" 304 -
181.50.142.205 - - [06/Jan/2023:13:37:11 -0500] "GET /sipse/faces/javax.faces.resource/theme.css?ln=primefaces-sipse HTTP/1.1" 304 -
181.50.142.205 - - [06/Jan/2023:13:37:11 -0500] "GET /sipse/faces/javax.faces.resource/jquery/jquery.js?ln=primefaces&v=4.0 HTTP/1.1" 304 -
181.50.142.205 - - [06/Jan/2023:13:37:11 -0500] "GET /sipse/faces/javax.faces.resource/jquery/jquery-plugins.js?ln=primefaces&v=4.0 HTTP/1.1" 304 -
181.50.142.205 - - [06/Jan/2023:13:37:11 -0500] "GET /sipse/faces/javax.faces.resource/primefaces.js?ln=primefaces&v=4.0 HTTP/1.1" 304 -
181.50.142.205 - - [06/Jan/2023:13:37:11 -0500] "GET /sipse/faces/javax.faces.resource/layout/layout.js?ln=primefaces&v=4.0 HTTP/1.1" 304 -
190.71.146.2 - - [06/Jan/2023:13:37:13 -0500] "POST /sipse/faces/presentacion/financiero/solicitudProceso/consultarSolicitudProceso.xhtml HTTP/1.1" 200 66665
190.71.146.2 - - [06/Jan/2023:13:37:15 -0500] "GET /sipse/faces/javax.faces.resource/layout/layout.css?ln=primefaces&v=4.0 HTTP/1.1" 304 -
190.71.146.2 - - [06/Jan/2023:13:37:15 -0500] "GET /sipse/faces/javax.faces.resource/theme.css?ln=primefaces-sipse HTTP/1.1" 304 -
190.71.146.2 - - [06/Jan/2023:13:37:15 -0500] "GET /sipse/faces/javax.faces.resource/primefaces.css?ln=primefaces&v=4.0 HTTP/1.1" 304 -
190.71.146.2 - - [06/Jan/2023:13:37:15 -0500] "GET /sipse/faces/javax.faces.resource/jquery/jquery.js?ln=primefaces&v=4.0 HTTP/1.1" 304 -
190.71.146.2 - - [06/Jan/2023:13:37:15 -0500] "GET /sipse/faces/javax.faces.resource/jquery/jquery-plugins.js?ln=primefaces&v=4.0 HTTP/1.1" 304 -
190.71.146.2 - - [06/Jan/2023:13:37:16 -0500] "GET /sipse/faces/javax.faces.resource/primefaces.js?ln=primefaces&v=4.0 HTTP/1.1" 304 -
190.71.146.2 - - [06/Jan/2023:13:37:16 -0500] "GET /sipse/faces/javax.faces.resource/layout/layout.js?ln=primefaces&v=4.0 HTTP/1.1" 304 -
190.71.146.2 - - [06/Jan/2023:13:37:16 -0500] "POST /sipse/faces/presentacion/financiero/solicitudProceso/listarSolicitudProceso.xhtml HTTP/1.1" 200 60012
190.71.146.2 - - [06/Jan/2023:13:37:17 -0500] "POST /sipse/faces/presentacion/financiero/solicitudProceso/listarSolicitudProceso.xhtml HTTP/1.1" 200 60012
190.71.146.2 - - [06/Jan/2023:13:37:17 -0500] "POST /sipse/faces/presentacion/financiero/solicitudProceso/listarSolicitudProceso.xhtml HTTP/1.1" 200 60012
190.71.146.2 - - [06/Jan/2023:13:37:17 -0500] "POST /sipse/faces/presentacion/financiero/solicitudProceso/listarSolicitudProceso.xhtml HTTP/1.1" 200 1560
190.71.146.2 - - [06/Jan/2023:13:37:18 -0500] "POST /sipse/faces/presentacion/financiero/solicitudProceso/listarSolicitudProceso.xhtml HTTP/1.1" 200 1552
190.71.146.2 - - [06/Jan/2023:13:37:18 -0500] "POST /sipse/faces/presentacion/financiero/solicitudProceso/listarSolicitudProceso.xhtml HTTP/1.1" 200 1568
190.71.146.2 - - [06/Jan/2023:13:37:18 -0500] "POST /sipse/faces/presentacion/financiero/solicitudProceso/listarSolicitudProceso.xhtml HTTP/1.1" 200 1556
181.50.142.205 - - [06/Jan/2023:13:37:22 -0500] "POST /sipse/faces/presentacion/financiero/solicitudProceso/consultarSolicitudProceso.xhtml HTTP/1.1" 200 83671
181.50.142.205 - - [06/Jan/2023:13:37:22 -0500] "GET /sipse/faces/javax.faces.resource/theme.css?ln=primefaces-sipse HTTP/1.1" 304 -
181.50.142.205 - - [06/Jan/2023:13:37:22 -0500] "GET /sipse/faces/javax.faces.resource/layout/layout.css?ln=primefaces&v=4.0 HTTP/1.1" 304 -
181.50.142.205 - - [06/Jan/2023:13:37:22 -0500] "GET /sipse/faces/javax.faces.resource/primefaces.css?ln=primefaces&v=4.0 HTTP/1.1" 304 -
181.50.142.205 - - [06/Jan/2023:13:37:22 -0500] "GET /sipse/faces/javax.faces.resource/jquery/jquery.js?ln=primefaces&v=4.0 HTTP/1.1" 304 -
181.50.142.205 - - [06/Jan/2023:13:37:22 -0500] "GET /sipse/faces/javax.faces.resource/jquery/jquery-plugins.js?ln=primefaces&v=4.0 HTTP/1.1" 304 -
181.50.142.205 - - [06/Jan/2023:13:37:22 -0500] "GET /sipse/faces/javax.faces.resource/primefaces.js?ln=primefaces&v=4.0 HTTP/1.1" 304 -
181.50.142.205 - - [06/Jan/2023:13:37:22 -0500] "GET /sipse/faces/javax.faces.resource/layout/layout.js?ln=primefaces&v=4.0 HTTP/1.1" 304 -
190.71.146.2 - - [06/Jan/2023:13:37:30 -0500] "POST /sipse/faces/presentacion/financiero/solicitudProceso/listarSolicitudProceso.xhtml HTTP/1.1" 200 911
181.50.142.205 - - [06/Jan/2023:13:37:32 -0500] "POST /sipse/faces/presentacion/financiero/solicitudProceso/crearModificarSolicitudProceso.xhtml HTTP/1.1" 200 7615
181.50.142.205 - - [06/Jan/2023:13:37:33 -0500] "POST /sipse/faces/presentacion/financiero/solicitudProceso/crearModificarSolicitudProceso.xhtml HTTP/1.1" 200 21165
181.50.142.205 - - [06/Jan/2023:13:37:34 -0500] "GET /sipse/js/jquery.min.js HTTP/1.1" 304 -
181.50.142.205 - - [06/Jan/2023:13:37:34 -0500] "GET /sipse/faces/javax.faces.resource/layout/layout.css?ln=primefaces&v=4.0 HTTP/1.1" 304 -
181.50.142.205 - - [06/Jan/2023:13:37:34 -0500] "GET /sipse/faces/javax.faces.resource/jquery/jquery.js?ln=primefaces&v=4.0 HTTP/1.1" 304 -
181.50.142.205 - - [06/Jan/2023:13:37:34 -0500] "GET /sipse/faces/javax.faces.resource/jquery/jquery-plugins.js?ln=primefaces&v=4.0 HTTP/1.1" 304 -
181.50.142.205 - - [06/Jan/2023:13:37:34 -0500] "GET /sipse/faces/javax.faces.resource/theme.css?ln=primefaces-sipse HTTP/1.1" 304 -
181.50.142.205 - - [06/Jan/2023:13:37:34 -0500] "GET /sipse/faces/javax.faces.resource/primefaces.js?ln=primefaces&v=4.0 HTTP/1.1" 304 -
181.50.142.205 - - [06/Jan/2023:13:37:34 -0500] "GET /sipse/faces/javax.faces.resource/layout/layout.js?ln=primefaces&v=4.0 HTTP/1.1" 304 -
181.50.142.205 - - [06/Jan/2023:13:37:34 -0500] "GET /sipse/faces/javax.faces.resource/fileupload/fileupload.js?ln=primefaces&v=4.0 HTTP/1.1" 304 -
181.50.142.205 - - [06/Jan/2023:13:37:34 -0500] "GET /sipse/faces/javax.faces.resource/fileupload/fileupload.css?ln=primefaces&v=4.0 HTTP/1.1" 304 -
181.50.142.205 - - [06/Jan/2023:13:37:34 -0500] "GET /sipse/faces/javax.faces.resource/primefaces.css?ln=primefaces&v=4.0 HTTP/1.1" 304 -
181.50.142.205 - - [06/Jan/2023:13:37:34 -0500] "GET /sipse/faces/javax.faces.resource/images/ui-icons_898989_256x240.png?ln=primefaces-aristo HTTP/1.1" 304 -
181.50.142.205 - - [06/Jan/2023:13:37:52 -0500] "GET /sipse/faces/javax.faces.resource/layout/layout.js?ln=primefaces&v=4.0 HTTP/1.1" 304 -
181.50.142.205 - - [06/Jan/2023:13:37:52 -0500] "GET /sipse/faces/javax.faces.resource/primefaces.css?ln=primefaces&v=4.0 HTTP/1.1" 304 -
181.50.142.205 - - [06/Jan/2023:13:37:52 -0500] "GET /sipse/faces/javax.faces.resource/layout/layout.css?ln=primefaces&v=4.0 HTTP/1.1" 304 -
181.50.142.205 - - [06/Jan/2023:13:37:52 -0500] "GET /sipse/faces/javax.faces.resource/theme.css?ln=primefaces-sipse HTTP/1.1" 304 -
181.50.142.205 - - [06/Jan/2023:13:37:52 -0500] "GET /sipse/faces/javax.faces.resource/jquery/jquery.js?ln=primefaces&v=4.0 HTTP/1.1" 304 -
181.50.142.205 - - [06/Jan/2023:13:37:52 -0500] "GET /sipse/faces/javax.faces.resource/jquery/jquery-plugins.js?ln=primefaces&v=4.0 HTTP/1.1" 304 -
181.50.142.205 - - [06/Jan/2023:13:37:52 -0500] "GET /sipse/faces/javax.faces.resource/primefaces.js?ln=primefaces&v=4.0 HTTP/1.1" 304 -
181.50.142.205 - - [06/Jan/2023:13:37:52 -0500] "GET /sipse/faces/javax.faces.resource/images/ui-icons_898989_256x240.png?ln=primefaces-aristo HTTP/1.1" 304 -
181.50.142.205 - - [06/Jan/2023:13:37:52 -0500] "POST /sipse/faces/presentacion/sistema/anexos/cargarAnexoSolicitudProceso.xhtml HTTP/1.1" 200 87134
181.50.142.205 - - [06/Jan/2023:13:38:03 -0500] "GET /sipse/faces/javax.faces.resource/images/ui-icons_898989_256x240.png?ln=primefaces-aristo HTTP/1.1" 304 -
181.50.142.205 - - [06/Jan/2023:13:38:06 -0500] "GET /sipse/faces/javax.faces.resource/images/ui-icons_898989_256x240.png?ln=primefaces-aristo HTTP/1.1" 304 -
181.50.142.205 - - [06/Jan/2023:13:38:06 -0500] "GET /sipse/faces/javax.faces.resource/images/ui-bg_flat_0_2d5972_40x100.png?ln=primefaces-aristo HTTP/1.1" 304 -
181.50.142.205 - - [06/Jan/2023:13:38:06 -0500] "POST /sipse/faces/presentacion/financiero/solicitudProceso/crearModificarSolicitudProceso.xhtml HTTP/1.1" 200 123966
181.50.142.205 - - [06/Jan/2023:13:38:06 -0500] "GET /sipse/faces/javax.faces.resource/theme.css?ln=primefaces-sipse HTTP/1.1" 304 -
181.50.142.205 - - [06/Jan/2023:13:38:06 -0500] "GET /sipse/faces/javax.faces.resource/layout/layout.css?ln=primefaces&v=4.0 HTTP/1.1" 304 -
181.50.142.205 - - [06/Jan/2023:13:38:06 -0500] "GET /sipse/faces/javax.faces.resource/primefaces.css?ln=primefaces&v=4.0 HTTP/1.1" 304 -
181.50.142.205 - - [06/Jan/2023:13:38:06 -0500] "GET /sipse/faces/javax.faces.resource/jquery/jquery.js?ln=primefaces&v=4.0 HTTP/1.1" 304 -
181.50.142.205 - - [06/Jan/2023:13:38:06 -0500] "GET /sipse/faces/javax.faces.resource/jquery/jquery-plugins.js?ln=primefaces&v=4.0 HTTP/1.1" 304 -
181.50.142.205 - - [06/Jan/2023:13:38:06 -0500] "GET /sipse/faces/javax.faces.resource/primefaces.js?ln=primefaces&v=4.0 HTTP/1.1" 304 -
181.50.142.205 - - [06/Jan/2023:13:38:07 -0500] "GET /sipse/faces/javax.faces.resource/layout/layout.js?ln=primefaces&v=4.0 HTTP/1.1" 304 -
181.50.142.205 - - [06/Jan/2023:13:38:07 -0500] "GET /sipse/faces/javax.faces.resource/images/ui-icons_898989_256x240.png?ln=primefaces-aristo HTTP/1.1" 304 -
181.50.142.205 - - [06/Jan/2023:13:38:07 -0500] "GET /sipse/faces/javax.faces.resource/messages/messages.png?ln=primefaces&v=4.0 HTTP/1.1" 304 -
181.50.142.205 - - [06/Jan/2023:13:38:09 -0500] "GET /sipse/faces/javax.faces.resource/images/ui-bg_flat_0_2d5972_40x100.png?ln=primefaces-aristo HTTP/1.1" 304 -
181.50.142.205 - - [06/Jan/2023:13:38:09 -0500] "POST /sipse/faces/presentacion/financiero/solicitudProceso/consultarSolicitudProceso.xhtml HTTP/1.1" 200 36269
181.50.142.205 - - [06/Jan/2023:13:38:10 -0500] "GET /sipse/faces/javax.faces.resource/theme.css?ln=primefaces-sipse HTTP/1.1" 304 -
181.50.142.205 - - [06/Jan/2023:13:38:10 -0500] "GET /sipse/faces/javax.faces.resource/layout/layout.css?ln=primefaces&v=4.0 HTTP/1.1" 304 -
181.50.142.205 - - [06/Jan/2023:13:38:10 -0500] "GET /sipse/faces/javax.faces.resource/primefaces.css?ln=primefaces&v=4.0 HTTP/1.1" 304 -
181.50.142.205 - - [06/Jan/2023:13:38:10 -0500] "GET /sipse/faces/javax.faces.resource/jquery/jquery.js?ln=primefaces&v=4.0 HTTP/1.1" 304 -
181.50.142.205 - - [06/Jan/2023:13:38:10 -0500] "GET /sipse/faces/javax.faces.resource/jquery/jquery-plugins.js?ln=primefaces&v=4.0 HTTP/1.1" 304 -
181.50.142.205 - - [06/Jan/2023:13:38:10 -0500] "GET /sipse/faces/javax.faces.resource/primefaces.js?ln=primefaces&v=4.0 HTTP/1.1" 304 -
181.50.142.205 - - [06/Jan/2023:13:38:10 -0500] "GET /sipse/faces/javax.faces.resource/layout/layout.js?ln=primefaces&v=4.0 HTTP/1.1" 304 -
201.245.192.253 - - [06/Jan/2023:13:39:13 -0500] "POST /kwsrmcab/Wsrmcab HTTP/1.1" 200 44085
201.245.192.253 - - [06/Jan/2023:13:39:16 -0500] "POST /kwsrmcab/Wsrmcab HTTP/1.1" 200 43131
64.124.8.52 - - [06/Jan/2023:13:40:08 -0500] "GET /galeria/galeria/fotos/Entrenube3P.jpg HTTP/1.1" 200 8487
64.124.8.52 - - [06/Jan/2023:13:40:08 -0500] "GET /galeria/galeria/fotos/Entrenube2P.jpg HTTP/1.1" 200 8416
64.124.8.52 - - [06/Jan/2023:13:40:11 -0500] "GET /galeria/galeria/fotos/Humedal-Tibanica3P.jpg HTTP/1.1" 200 28016
64.124.8.52 - - [06/Jan/2023:13:40:11 -0500] "GET /galeria/galeria/fotos/1humedal-Burro1G.jpg HTTP/1.1" 200 132804
64.124.8.52 - - [06/Jan/2023:13:40:11 -0500] "GET /galeria/galeria/fotos/Humedal-Vaca3G.jpg HTTP/1.1" 200 540039
64.124.8.52 - - [06/Jan/2023:13:40:12 -0500] "GET /galeria/galeria/fotos/mirador4G.jpg HTTP/1.1" 200 159827
64.124.8.52 - - [06/Jan/2023:13:40:12 -0500] "GET /galeria/galeria/fotos/GuaymaralTorca4P.jpg HTTP/1.1" 200 33981
64.124.8.52 - - [06/Jan/2023:13:40:13 -0500] "GET /galeria/galeria/fotos/Humedal-Santa-Mar%C3%ADa-del-Lago2G.jpg HTTP/1.1" 200 313606
157.55.39.100 - - [06/Jan/2023:13:40:15 -0500] "GET / HTTP/1.1" 200 4720
64.124.8.52 - - [06/Jan/2023:13:40:16 -0500] "GET /galeria/galeria/fotos/Humedal-Santa-Mar%C3%ADa-del-Lago1G.jpg HTTP/1.1" 200 290867
201.245.192.253 - - [06/Jan/2023:13:40:33 -0500] "POST /kwsrmcab/Wsrmcab  HTTP/1.1" 200 43926
216.245.221.92 - - [06/Jan/2023:13:41:14 -0500] "HEAD / HTTP/1.1" 200 -
172.105.133.220 - - [06/Jan/2023:13:41:19 -0500] "GET / HTTP/1.1" 200 319
172.22.2.4 - - [06/Jan/2023:13:40:03 -0500] "HEAD /BLA/boletinlegal/ HTTP/1.1" 200 -
40.77.190.7 - - [06/Jan/2023:13:41:57 -0500] "GET /sipse/faces/javax.faces.resource/layout/layout.css;jsessionid=PskHBkuEcsGMo5mrvWL73v2e.undefined?ln=primefaces&v=4.0 HTTP/1.1" 200 542
40.77.190.7 - - [06/Jan/2023:13:41:57 -0500] "GET /sipse/faces/javax.faces.resource/primefaces.css;jsessionid=PskHBkuEcsGMo5mrvWL73v2e.undefined?ln=primefaces&v=4.0 HTTP/1.1" 200 53295
40.77.190.7 - - [06/Jan/2023:13:41:57 -0500] "GET /sipse/faces/javax.faces.resource/layout/layout.js;jsessionid=PskHBkuEcsGMo5mrvWL73v2e.undefined?ln=primefaces&v=4.0 HTTP/1.1" 200 87560
40.77.190.7 - - [06/Jan/2023:13:41:57 -0500] "GET /sipse/faces/javax.faces.resource/primefaces.js;jsessionid=PskHBkuEcsGMo5mrvWL73v2e.undefined?ln=primefaces&v=4.0 HTTP/1.1" 200 276924
40.77.190.7 - - [06/Jan/2023:13:41:59 -0500] "GET /sipse/faces/index.xhtml HTTP/1.1" 200 677
40.77.190.7 - - [06/Jan/2023:13:41:59 -0500] "GET /sipse/faces/faces/autenticacion.xhtml HTTP/1.1" 200 12178
40.77.190.7 - - [06/Jan/2023:13:41:59 -0500] "GET /sipse/faces/javax.faces.resource/theme.css?ln=primefaces-sipse HTTP/1.1" 304 -
40.77.190.7 - - [06/Jan/2023:13:41:59 -0500] "GET /sipse/faces/javax.faces.resource/layout/layout.css?ln=primefaces&v=4.0 HTTP/1.1" 200 542
40.77.190.7 - - [06/Jan/2023:13:41:59 -0500] "GET /sipse/faces/javax.faces.resource/primefaces.css?ln=primefaces&v=4.0 HTTP/1.1" 200 53295
40.77.190.7 - - [06/Jan/2023:13:41:59 -0500] "GET /sipse/faces/javax.faces.resource/jquery/jquery.js?ln=primefaces&v=4.0 HTTP/1.1" 200 105384
40.77.190.7 - - [06/Jan/2023:13:41:59 -0500] "GET /sipse/faces/javax.faces.resource/primefaces.js?ln=primefaces&v=4.0 HTTP/1.1" 200 276924
40.77.190.7 - - [06/Jan/2023:13:41:59 -0500] "GET /sipse/faces/javax.faces.resource/layout/layout.js?ln=primefaces&v=4.0 HTTP/1.1" 200 87560
40.77.190.7 - - [06/Jan/2023:13:41:59 -0500] "GET /sipse/faces/javax.faces.resource/jquery/jquery-plugins.js?ln=primefaces&v=4.0 HTTP/1.1" 200 220526
40.77.190.7 - - [06/Jan/2023:13:42:00 -0500] "GET /sipse/faces/javax.faces.resource/images/ui-icons_898989_256x240.png?ln=primefaces-aristo HTTP/1.1" 200 5355
172.22.2.4 - - [06/Jan/2023:13:40:54 -0500] "GET /BLA/boletinlegal/ HTTP/1.1" 200 57192
173.252.95.3 - - [06/Jan/2023:13:43:34 -0500] "GET /images/cr\xc3\xb3nica-29-nov-1_optimized.jpeg HTTP/1.1" 404 1034
205.185.118.237 - - [06/Jan/2023:13:44:23 -0500] "POST /boaform/admin/formLogin HTTP/1.1" 404 1186
201.245.192.253 - - [06/Jan/2023:13:45:32 -0500] "POST /kwsrmcab/Wsrmcab  HTTP/1.1" 200 43926
216.245.221.92 - - [06/Jan/2023:13:46:14 -0500] "HEAD / HTTP/1.1" 200 -
172.22.2.4 - - [06/Jan/2023:13:45:53 -0500] "HEAD /BLA/boletinlegal/ HTTP/1.1" 200 -
172.22.2.4 - - [06/Jan/2023:13:46:44 -0500] "GET /BLA/boletinlegal/ HTTP/1.1" 200 58612
201.245.192.253 - - [06/Jan/2023:13:50:31 -0500] "POST /kwsrmcab/Wsrmcab  HTTP/1.1" 200 43926
216.245.221.92 - - [06/Jan/2023:13:51:14 -0500] "HEAD / HTTP/1.1" 200 -
114.119.167.129 - - [06/Jan/2023:13:52:13 -0500] "GET /BLA/resoluciones/RESOLUCIONES%202010/6371.pdf HTTP/1.1" 200 555229
186.102.4.110 - - [06/Jan/2023:13:52:29 -0500] "GET /kwssiamovil/sm/acme/a?s=U2FsdGVkX181Kcn6Ilz5G49kKI9cwHFGFjqi/AUuhS9LPHK9Rrkj1oYQdZABIcvE4Dudbi8uHr0CJ8S6Kmo3cBXkCCiFmtGNo3JEV8PGkTj99Mq/sKvAC6hP2h27YI56n9KhB3+7LN9TcfI9obF2tNlTGmfw6qAyaxQ9lPTKCxmSTjFGPgXCkAG9bXjaWAxWw2PSbm3lQXOYE0qW1t+q8uDU7YpgzjPkxWXLwh290hRCH0H4e6h48cLE976hC5/zESdOCoUeNmvhEOwNIUhbVA==&u=U2FsdGVkX1+FbtolVC/zmO5m8wi29dG4nEz686mpeU3mveWnlEnaoVeVvCTpRezg&y=U2FsdGVkX19ps+etmvg2dUAYfFP3D3Y1BdX0ufk4+SOEhrQizU4hedzz0Jf1SKbp HTTP/1.1" 200 26
186.102.4.110 - - [06/Jan/2023:13:52:30 -0500] "GET /kwssiamovil/sm/acme/a?s=U2FsdGVkX1+Y6TsijySuKvtknlrRZnTcHM3W/2oPjjMlEgJSePxoZFJ5ew/pWiLrM9FOqyAdeFV0ui12uNeUB7mssy/FUOEzXlVbrSfgHR6TZwIGcNHot+fzbEzdyaLR9DL+9dYePssvWscgbrSAOaHBM3E2aPPTCPnz2Xc/VOAWDL2CSzokbaNDQ3ftSubMKaLjwqngw0OjOIbLxsMGIdheduBnHztK3sO6hrI9K65mUc6tiP/kE7h2hw6g9++CubjNfPQS8Afd6FqJzHlAi9lw6lKL4c42/F7KEZT6KKGpPFlkYbLfAPcwdVDc/MTCq3+DJff/mEMRjmTSlMYgWkiC6s0RPZtli58jCVijWMxZQY5cOwYr/MO1S1livbhC5/k08pFOIkumcI3USnFq/qP0/faVkm1bA2GlGWhdHigf5Qhi+DubbC9nw3E6AYQzpkCodraQ2csMMtmhOzgvjlA18Yj1wT254DTM6ChIcsNryQabvZHLA+O2B4E20+zI/KkMZtDIRKRk41KE9Sa1j5L1QHApFaJowheXGMLaWD8aVOHB2MMV738iPW01oFr5vP4HuNEQosoukgI7SPrRQyC0pCm61Ux7cfpAFtP8uyr9Wxh2DFm4XsE3oMe4a9gvKz27fmVVOdVgFQeMzFnIJY58HEp1a5v5uo0e0olY33SN5xiECaHIOjMuHxhXAECldeX8NTwSXW1yxM3dROPpO9T1DtFhOv8Q1a9ZhMuBR/uD0laNzZDCeiH8l5zyDwdZIKK0931vBN9MJrDL92/XiO5bdmAmV4/4rzimSfFWcpdG0q8p3c+4LwMkk2Xp31qbnEVFwF1igJLi6jSg9DIqIHI2aZB4QCDqvXb2NOP80jWk6vNDlieVsb6qh9DnrkxvRfXi9bBvyTdjnFa6fp8nSh9Zz7Oy7VFPff9BKw0UWg58eroj80d0XdCoZdfIdWgCxMuqnKvlxfNSUMSzNbvrakIn0britJbq+rCTJKY8oS+n5eGkPsIiF5eANpwSXQND6aPRAyUIbl0PScRvwN57kyzJ1FoOCcgW7YeEo6Oy76YBY2h9bL0bSKxZUiPBhxHvUpy7hN07mjxBkWLh9/ySyTCxkSNkdMQr1aPiNqW84dLXxDnHryLE2WhdBee/xJf0tcEnl6brjdr3DSOHd5zaPJsR59C7X74LbwqN+YymRnhhxBwj6SNUVKu2B6e7cGxCxRDjCy/8JAcXYSVhYQtLuc1BBZx5xCHhHzZRaa4i6EFWWRWuJaNPrYEZavQXR6MWNAIOKsyJ3eu2VnX4r0AevfXdjgOEJOOpHvS5UAqomz6rqhD84f4UYoRQOHVjw0QeTa16uf7doJEjXWkbhFYkZQZjUD9bOwMZfXuM0A/LWTo6B2+0zxG4gR3rAC58eyMH9i/DX+wegeDSSD9UKGfyOqp5gusYkC9maj8LO9jWrtFJnOuwNn/2NRwR0tQpXGcnJdPgfThA3kNPvhwTxY/9XkDyGQtT1RtZAAdVUYVXhTg+WYdHFL3ghbwMZApsSzo1CUX+s3eDoDZV6ZAxoPzlPwJZzcDAHF9bEZDuj1u0+a9aOCz6OIxbN+q/ZXSscXIcMX+npSPhWhgCuGvevGzuCA==&u=U2FsdGVkX1+FbtolVC/zmO5m8wi29dG4nEz686mpeU3mveWnlEnaoVeVvCTpRezg&y=U2FsdGVkX19ps+etmvg2dUAYfFP3D3Y1BdX0ufk4+SOEhrQizU4hedzz0Jf1SKbp HTTP/1.1" 200 26
186.102.4.110 - - [06/Jan/2023:13:52:30 -0500] "GET /kwssiamovil/sm/acme/a?s=U2FsdGVkX19fl9aOAp26YXf/CjvtzjF2rBVoIhyoNcxQGUnh9sEyzTRo64bpCUnQmlaFUE63b0K+q/8U5jJj1OD3tdkIVqPhN5zuK80c35M5RbM1sooQSyvLwMF1LWkrOaigMU0i6IQMbLLCU5qFxxonLakkj8CfSUJ9iWCv9Ow=&u=U2FsdGVkX1+FbtolVC/zmO5m8wi29dG4nEz686mpeU3mveWnlEnaoVeVvCTpRezg&y=U2FsdGVkX19ps+etmvg2dUAYfFP3D3Y1BdX0ufk4+SOEhrQizU4hedzz0Jf1SKbp HTTP/1.1" 200 26
186.102.4.110 - - [06/Jan/2023:13:52:30 -0500] "GET /kwssiamovil/sm/acme/a?s=U2FsdGVkX19mcplLQU0r1I86YPElkNCAhZYTMs3McG1VlPdqHfVjyxaRjx60PsBmbSRNq4hSa5x5ra1JYHA3VD1Unb24gkIr14CG39fOvVPi8oD9mqorYm+YF+Jl8mo3rDjt3MP10RtQ0SH4dEo7CVR3meM88LdBYdbnVTW2Zqg=&u=U2FsdGVkX1+FbtolVC/zmO5m8wi29dG4nEz686mpeU3mveWnlEnaoVeVvCTpRezg&y=U2FsdGVkX19ps+etmvg2dUAYfFP3D3Y1BdX0ufk4+SOEhrQizU4hedzz0Jf1SKbp HTTP/1.1" 200 26
186.102.4.110 - - [06/Jan/2023:13:52:31 -0500] "GET /kwssiamovil/sm/acme/a?s=U2FsdGVkX1+zyUztNsnyjFAiacfpbhM/9KzBkdDHOL7g0ZyLZ4DfD0loRXanmigBWYjEf0zhbJ66DauGjjGxtUEJFQnPWjx8tIGxyxQqg0x6fAL2jyz6FPjOSytiwXk2ZTe/vYiJl2tdxHvX6RHrLgyQAByjZElzjbunhz3h0jw=&u=U2FsdGVkX1+FbtolVC/zmO5m8wi29dG4nEz686mpeU3mveWnlEnaoVeVvCTpRezg&y=U2FsdGVkX19ps+etmvg2dUAYfFP3D3Y1BdX0ufk4+SOEhrQizU4hedzz0Jf1SKbp HTTP/1.1" 200 26
186.102.4.110 - - [06/Jan/2023:13:52:31 -0500] "GET /kwssiamovil/sm/acme/a?s=U2FsdGVkX1/4OhNYp1ywOagckp1PcttbIpvxytE0bsMHifycxJiICyop9KENkq64tNj1nm/UmuCe4cyyMRNIJVDezpX7Qwow6Ps7JFKz8WJsPUuYj622JPFUMb8VLJOLkyveqT8QObD0ky4bNXYl2kyuC8iQCH6/S9CcxjD4yRKtsKwobSDhOGez4rmBWtyfd/NI8mgrctZloBvohhGn/g==&u=U2FsdGVkX1+FbtolVC/zmO5m8wi29dG4nEz686mpeU3mveWnlEnaoVeVvCTpRezg&y=U2FsdGVkX19ps+etmvg2dUAYfFP3D3Y1BdX0ufk4+SOEhrQizU4hedzz0Jf1SKbp HTTP/1.1" 200 26
192.5.86.237 - - [06/Jan/2023:13:52:35 -0500] "GET /BLA/boletinlegal/js/jquery.scrollShow.js HTTP/1.1" 200 4586
192.5.86.237 - - [06/Jan/2023:13:52:35 -0500] "GET /galeria/galeria/jquery.fancybox.js?v=2.1.5 HTTP/1.1" 200 48706
172.22.2.4 - - [06/Jan/2023:13:51:43 -0500] "HEAD /BLA/boletinlegal/ HTTP/1.1" 200 -
114.119.152.246 - - [06/Jan/2023:13:53:35 -0500] "GET /BLA/resoluciones/RESOLUCIONES%202010/5552.pdf HTTP/1.1" 200 339753
199.16.157.183 - - [06/Jan/2023:13:53:46 -0500] "GET /images/Acuerdos%2001%20(1)%20(1).jpeg HTTP/1.1" 200 32884
172.22.2.4 - - [06/Jan/2023:13:52:34 -0500] "GET /BLA/boletinlegal/ HTTP/1.1" 200 52942
157.55.39.150 - - [06/Jan/2023:13:54:26 -0500] "GET /portaldeninos/2021/06/05/celebracion-del-dia-mundial-del-medio-ambiente-comenzo-desde-uno-de-los-pulmones-de-bogota/ HTTP/1.1" 200 104357
114.119.144.233 - - [06/Jan/2023:13:55:10 -0500] "GET /BLA/resoluciones/AUTOS%202011/3028.pdf HTTP/1.1" 200 160600
199.16.157.183 - - [06/Jan/2023:13:55:20 -0500] "GET /images/Acuerdos%2001%20(1)%20(1).jpeg HTTP/1.1" 200 32884
201.245.192.253 - - [06/Jan/2023:13:55:30 -0500] "POST /kwsrmcab/Wsrmcab  HTTP/1.1" 200 43926
216.245.221.92 - - [06/Jan/2023:13:56:14 -0500] "HEAD / HTTP/1.1" 200 -
114.119.128.34 - - [06/Jan/2023:13:57:34 -0500] "GET /BLA/resoluciones/RESOLUCIONES%202014/0412.pdf HTTP/1.1" 200 566653
172.22.2.4 - - [06/Jan/2023:13:57:33 -0500] "HEAD /BLA/boletinlegal/ HTTP/1.1" 200 -
114.119.139.172 - - [06/Jan/2023:13:59:41 -0500] "GET /BLA/resoluciones/AUTOS%202017/2805.pdf HTTP/1.1" 200 316388
172.22.2.4 - - [06/Jan/2023:13:58:24 -0500] "GET /BLA/boletinlegal/ HTTP/1.1" 200 57192
152.203.199.53 - - [06/Jan/2023:14:00:06 -0500] "OPTIONS /kwssiamovil/sm/setfile/f? HTTP/1.1" 200 13
152.203.199.53 - - [06/Jan/2023:14:00:06 -0500] "POST /kwssiamovil/sm/setfile/f? HTTP/1.1" 200 381
152.203.199.53 - - [06/Jan/2023:14:00:07 -0500] "OPTIONS /kwssiamovil/sm/setfile/f? HTTP/1.1" 200 13
152.203.199.53 - - [06/Jan/2023:14:00:08 -0500] "POST /kwssiamovil/sm/setfile/f? HTTP/1.1" 200 381
152.203.199.53 - - [06/Jan/2023:14:00:10 -0500] "OPTIONS /kwssiamovil/sm/setfile/f? HTTP/1.1" 200 13
152.203.199.53 - - [06/Jan/2023:14:00:11 -0500] "POST /kwssiamovil/sm/setfile/f? HTTP/1.1" 200 381
152.203.199.53 - - [06/Jan/2023:14:00:13 -0500] "OPTIONS /kwssiamovil/sm/setfile/f? HTTP/1.1" 200 13
152.203.199.53 - - [06/Jan/2023:14:00:13 -0500] "POST /kwssiamovil/sm/setfile/f? HTTP/1.1" 200 381
152.203.199.53 - - [06/Jan/2023:14:00:15 -0500] "OPTIONS /kwssiamovil/sm/setfile/f? HTTP/1.1" 200 13
152.203.199.53 - - [06/Jan/2023:14:00:15 -0500] "POST /kwssiamovil/sm/setfile/f? HTTP/1.1" 200 381
152.203.199.53 - - [06/Jan/2023:14:00:25 -0500] "GET /kwssiamovil/sm/acme/a?s=U2FsdGVkX1+hlslHPJVBBvY/+OIgi2eQudalehgcAVPOJOlqS3592zRKVYemJ2Mrn3EvfWFm2SgUA4wU1jx6YFpECMnxdf/Ejdof8JwDAX0Ox3L+wdJ4MB4RDDkBR2/yiLvJu1aqXNfkDoqDhmGbtxutfmmOp5hSbrzz9iL347fK03ppvH/Q0EmNY2qABlrby4CSVdDlLK33jtEtVfxZ1y7K9m1ZqkXoQz3c3XAIloKKRGxey6FCbouKJtsjAZr/0LT0OvE0VqQGCmFFZ4C7UA==&u=U2FsdGVkX1/9voSZCLWsK+7XrD2pgshrJX7UafQC21hHt0ZvvNuXbhf0ol/G5uL2&y=U2FsdGVkX1+QY5fQUvNTS/v6XH/j1Ydg4Gk1NHpA/u9BGkJs9NQVPopVGk3I6orb HTTP/1.1" 200 26
152.203.199.53 - - [06/Jan/2023:14:00:26 -0500] "GET /kwssiamovil/sm/acme/a?s=U2FsdGVkX1/oTwUWCm7dj0SFmkrW6OuJIil6rAOwmlrqM6X6yTQTlUuc3HCBREbg8sksMrccU8JA2OK1zOM4I9/QDrZY1GHPNZQxMBzBlJ4SPlvTnrnFN5xk5oMX/ABI1EEGr5iIPqQrRiEiwhflfCuYh1M49Jb9NG/+LiXBz8PoeRA9AwXaaxU+wWm0qZEeTrwDx4dYCKSdanAdKKSkxb4KzwpIkkwOADySMEXef1dftQ3yxQbbkncSvGks2rRb4siAPpaNCF36U39Kt4p3vFTGMbHxLXwiIhB6DqCUypecT301pyp5rl4VSbqGEAxAbHC5G/yXJ7f6hx+D0y7Q08aLSne4d+PAmpfYE3rHoP7rwejEIpol+fYNf3GTqG2XxPK/83g9GHk4jg19vlGO30lTIb+Gg+mlMM/OejeZsN3A7rve/yEONYfYAVR/KfHkS/GMLyzP4aFXbki/4z1KjfTjc+xiUObd5gNu5bCIrcB6TBC/3xGRRrZmg18GiUJY4dAcrC8vQSW8wGgMyPZx7Gr6FxqIWI/5kw2BQtMKfsJlYjKXTytZ5fj40a7Kl+TdzTjmZye4JNKchzDLyFwoEcmHWJdfe8PHsQ//sobnTxyGHjeJHS6+opIgGgfLvWaoMocqVDSFidWkP1fuqbQTJFZ94OIjBnmKmke2eRRfEceqb2pvJ1yNARdHZULuIFtDpAQpUH5pz30q//5VWnk3GsrVkSX1aNTIkI/ylkxuhOTFgYsdbt1A/2vhSwrrRt25oVCjrHL6yUB3akpGeA9Hkq/sNwKU2dcjXnEajnC0npd9qm69CsEoScBy8U7sAPzFc02Bigc4P1x8W+kCW5UdkmZCx/bA5joqlZZPAQ8Exzq3cXZjjB4NpgCc/IROc7qzrEAOpivsgcVwbvTlA1/prOqCxe5RDk8nn7b9qGwjWYg9moMXKIw/F05plm+waL2lMpcUCEM+E4bMXHXcv8tvCap+QPlZss+OgdB9rkupM3sgrneRv4PPD6VcW42wEZqZVJtmnc2kQAhHVg8nmTZCTZQ+813hB4nQPWlyNgLFE2SqLBgBd2/IfZjdbQZK0cyvpM34KFaAIAZWd5Eyugo1im+J7ZnR32nmR6HJ6icJCZ1F+PVbyOuN5Or2nFDUKYIJKaby8E4ac+z3y1erzNit/KTQNV8pUO0xZW26bOkaJGgGydNDT4hoHS+Av7zPB8A+nw4KJ0EBroe1U/agD8NMGd4EgsK7nXU7JptSHQb5BRJjrZWb9oEPhk0NBKH7ubJmjuSgOEKVlzguzoUotgP4tecBy157kc00lypUa4FafKzugXAYLcc7vpXQo/hpXIZhzrhsjXyQ1Fjv21W/TIRWNxRkavFNcmvVadS+mOYCqLU=&u=U2FsdGVkX1/9voSZCLWsK+7XrD2pgshrJX7UafQC21hHt0ZvvNuXbhf0ol/G5uL2&y=U2FsdGVkX1+QY5fQUvNTS/v6XH/j1Ydg4Gk1NHpA/u9BGkJs9NQVPopVGk3I6orb HTTP/1.1" 200 26
152.203.199.53 - - [06/Jan/2023:14:00:26 -0500] "GET /kwssiamovil/sm/acme/a?s=U2FsdGVkX1+JExoFt9xJ4CQqWWdYUb/WgCOjp7EdmeAN5rs5T2xsHCYu/imM0cVVSnMyXVbv5NNHmdfOKes8ZlnkjCAhH8W79K4WHXYyMc6b82h8HXitP76Hqxj5eN2kv61v1hGhv03qfaSR9wGt+phcU9oGEihMoS8LnE4HfUI=&u=U2FsdGVkX1/9voSZCLWsK+7XrD2pgshrJX7UafQC21hHt0ZvvNuXbhf0ol/G5uL2&y=U2FsdGVkX1+QY5fQUvNTS/v6XH/j1Ydg4Gk1NHpA/u9BGkJs9NQVPopVGk3I6orb HTTP/1.1" 200 26
152.203.199.53 - - [06/Jan/2023:14:00:26 -0500] "GET /kwssiamovil/sm/acme/a?s=U2FsdGVkX1/KlEpPzWqdbkdFeAb9pN7d7hUcPJ5O+H3bx9JGhkG1YY8oR2rTmXNGYPyozrI0YcRGm+39xnUD690kTaJKdXtlcCpaNPiE07zcQnl7YsNe0ybCSQhyaUf0HtdRvo7lZ9N3rSYbsjngb24aOYh0Md33/ZGcL8bq+UE=&u=U2FsdGVkX1/9voSZCLWsK+7XrD2pgshrJX7UafQC21hHt0ZvvNuXbhf0ol/G5uL2&y=U2FsdGVkX1+QY5fQUvNTS/v6XH/j1Ydg4Gk1NHpA/u9BGkJs9NQVPopVGk3I6orb HTTP/1.1" 200 26
152.203.199.53 - - [06/Jan/2023:14:00:26 -0500] "GET /kwssiamovil/sm/acme/a?s=U2FsdGVkX19giwh/AWHJsNi4HdD4kGlnjbNua2QrGAOChQIP5Uli4yXUjSTCcwPfiCRCuyyXlDh1acwJYnYn6t3ed9PsqU6O9vezlYQuZNbRIVAvBz48WplpMAcsaTWgnmgTgursuck9wBD/O/BUaPaxpxXqtJSc5mdYPWpXAjQ=&u=U2FsdGVkX1/9voSZCLWsK+7XrD2pgshrJX7UafQC21hHt0ZvvNuXbhf0ol/G5uL2&y=U2FsdGVkX1+QY5fQUvNTS/v6XH/j1Ydg4Gk1NHpA/u9BGkJs9NQVPopVGk3I6orb HTTP/1.1" 200 26
152.203.199.53 - - [06/Jan/2023:14:00:26 -0500] "GET /kwssiamovil/sm/acme/a?s=U2FsdGVkX18tx1B3fKB8GuFLZVAOH8udHD567XwWkILkLPbdeaxo/frTdim5ywGcysaUamivl3ZqkpqECf+X+5ipBqHQYe1n/8dYlImrIrLtPho8M1fBz7A6ZTsraIyu3yjk7oFwGJa5AkYyPVaCEDwQJYfEjxsfTKVhSd7IQU1gHlsh0L2DjnCKshu4yJnGGKTpvIsoXmZQBZUIipV7Mg==&u=U2FsdGVkX1/9voSZCLWsK+7XrD2pgshrJX7UafQC21hHt0ZvvNuXbhf0ol/G5uL2&y=U2FsdGVkX1+QY5fQUvNTS/v6XH/j1Ydg4Gk1NHpA/u9BGkJs9NQVPopVGk3I6orb HTTP/1.1" 200 26
