191.156.144.18 - - [08/Jan/2023:10:16:34 -0500] "GET /sipse/imagenes/cargando.gif HTTP/1.1" 200 36959
191.156.148.48 - - [08/Jan/2023:10:16:34 -0500] "GET /sipse/imagenes/logoAplicacion.jpg HTTP/1.1" 200 155084
191.156.148.48 - - [08/Jan/2023:10:16:37 -0500] "POST /sipse/faces/bienvenido.xhtml HTTP/1.1" 200 2658
191.156.144.18 - - [08/Jan/2023:10:16:37 -0500] "GET /sipse/faces/javax.faces.resource/images/ui-bg_flat_0_2d5972_40x100.png?ln=primefaces-aristo HTTP/1.1" 304 -
172.22.2.4 - - [08/Jan/2023:10:15:01 -0500] "GET /BLA/boletinlegal/ HTTP/1.1" 200 52942
191.156.144.18 - - [08/Jan/2023:10:16:42 -0500] "POST /sipse/faces/bienvenido.xhtml HTTP/1.1" 200 65747
191.156.144.18 - - [08/Jan/2023:10:16:44 -0500] "GET /sipse/faces/javax.faces.resource/theme.css?ln=primefaces-sipse HTTP/1.1" 304 -
191.156.148.48 - - [08/Jan/2023:10:16:44 -0500] "GET /sipse/faces/javax.faces.resource/primefaces.css?ln=primefaces&v=4.0 HTTP/1.1" 304 -
191.156.144.18 - - [08/Jan/2023:10:16:44 -0500] "GET /sipse/faces/javax.faces.resource/layout/layout.css?ln=primefaces&v=4.0 HTTP/1.1" 304 -
191.156.150.177 - - [08/Jan/2023:10:16:44 -0500] "GET /sipse/faces/javax.faces.resource/jquery/jquery.js?ln=primefaces&v=4.0 HTTP/1.1" 304 -
191.156.150.177 - - [08/Jan/2023:10:16:44 -0500] "GET /sipse/faces/javax.faces.resource/jquery/jquery-plugins.js?ln=primefaces&v=4.0 HTTP/1.1" 304 -
191.156.150.177 - - [08/Jan/2023:10:16:44 -0500] "GET /sipse/faces/javax.faces.resource/primefaces.js?ln=primefaces&v=4.0 HTTP/1.1" 304 -
191.156.150.177 - - [08/Jan/2023:10:16:44 -0500] "GET /sipse/faces/javax.faces.resource/layout/layout.js?ln=primefaces&v=4.0 HTTP/1.1" 304 -
191.156.150.177 - - [08/Jan/2023:10:16:45 -0500] "POST /sipse/faces/presentacion/financiero/solicitudProceso/listarSolicitudProceso.xhtml HTTP/1.1" 200 1560
66.220.149.9 - - [08/Jan/2023:10:17:10 -0500] "GET /images/cr\xc3\xb3nica-29-nov-1_optimized.jpeg HTTP/1.1" 404 1034
191.156.158.11 - - [08/Jan/2023:10:17:31 -0500] "POST /sipse/faces/presentacion/financiero/solicitudProceso/listarSolicitudProceso.xhtml HTTP/1.1" 200 13786
191.156.158.11 - - [08/Jan/2023:10:17:35 -0500] "POST /sipse/faces/presentacion/financiero/solicitudProceso/listarSolicitudProceso.xhtml HTTP/1.1" 200 156510
191.156.158.11 - - [08/Jan/2023:10:17:36 -0500] "GET /sipse/faces/javax.faces.resource/theme.css?ln=primefaces-sipse HTTP/1.1" 304 -
191.156.151.161 - - [08/Jan/2023:10:17:36 -0500] "GET /sipse/faces/javax.faces.resource/primefaces.css?ln=primefaces&v=4.0 HTTP/1.1" 304 -
191.156.144.18 - - [08/Jan/2023:10:17:36 -0500] "GET /sipse/faces/javax.faces.resource/layout/layout.css?ln=primefaces&v=4.0 HTTP/1.1" 304 -
191.156.158.11 - - [08/Jan/2023:10:17:36 -0500] "GET /sipse/faces/javax.faces.resource/jquery/jquery.js?ln=primefaces&v=4.0 HTTP/1.1" 304 -
191.156.158.11 - - [08/Jan/2023:10:17:36 -0500] "GET /sipse/faces/javax.faces.resource/jquery/jquery-plugins.js?ln=primefaces&v=4.0 HTTP/1.1" 304 -
191.156.158.11 - - [08/Jan/2023:10:17:36 -0500] "GET /sipse/faces/javax.faces.resource/primefaces.js?ln=primefaces&v=4.0 HTTP/1.1" 304 -
191.156.158.11 - - [08/Jan/2023:10:17:36 -0500] "GET /sipse/faces/javax.faces.resource/layout/layout.js?ln=primefaces&v=4.0 HTTP/1.1" 304 -
191.156.158.11 - - [08/Jan/2023:10:17:48 -0500] "POST /sipse/faces/presentacion/financiero/solicitudProceso/consultarSolicitudProceso.xhtml HTTP/1.1" 200 48788
191.156.144.18 - - [08/Jan/2023:10:17:49 -0500] "GET /sipse/faces/javax.faces.resource/theme.css?ln=primefaces-sipse HTTP/1.1" 304 -
191.156.151.161 - - [08/Jan/2023:10:17:49 -0500] "GET /sipse/faces/javax.faces.resource/primefaces.css?ln=primefaces&v=4.0 HTTP/1.1" 304 -
191.156.158.11 - - [08/Jan/2023:10:17:49 -0500] "GET /sipse/faces/javax.faces.resource/layout/layout.css?ln=primefaces&v=4.0 HTTP/1.1" 304 -
191.156.151.161 - - [08/Jan/2023:10:17:49 -0500] "GET /sipse/faces/javax.faces.resource/jquery/jquery.js?ln=primefaces&v=4.0 HTTP/1.1" 304 -
191.156.146.78 - - [08/Jan/2023:10:17:49 -0500] "GET /sipse/faces/javax.faces.resource/jquery/jquery-plugins.js?ln=primefaces&v=4.0 HTTP/1.1" 304 -
191.156.146.78 - - [08/Jan/2023:10:17:49 -0500] "GET /sipse/faces/javax.faces.resource/primefaces.js?ln=primefaces&v=4.0 HTTP/1.1" 304 -
191.156.144.18 - - [08/Jan/2023:10:17:49 -0500] "GET /sipse/faces/javax.faces.resource/layout/layout.js?ln=primefaces&v=4.0 HTTP/1.1" 304 -
191.156.146.78 - - [08/Jan/2023:10:17:49 -0500] "GET /sipse/css/imagen/contrasena.png HTTP/1.1" 404 383
191.156.144.18 - - [08/Jan/2023:10:17:49 -0500] "GET /sipse/faces/javax.faces.resource/images/ui-icons_898989_256x240.png?ln=primefaces-aristo HTTP/1.1" 304 -
119.91.65.203 - - [08/Jan/2023:10:18:29 -0500] "GET /xmlrpc.php HTTP/1.1" 404 1035
172.22.2.4 - - [08/Jan/2023:10:18:57 -0500] "GET /BLA/boletinlegal/apple-touch-icon-precomposed.png HTTP/1.1" 404 1140
172.22.2.4 - - [08/Jan/2023:10:18:57 -0500] "GET /BLA/boletinlegal/apple-touch-icon.png HTTP/1.1" 404 1140
172.22.2.4 - - [08/Jan/2023:10:18:57 -0500] "GET /BLA/boletinlegal/favicon.ico HTTP/1.1" 404 1140
201.245.192.253 - - [08/Jan/2023:10:19:04 -0500] "POST /kwsrmcab/Wsrmcab HTTP/1.1" 200 43023
201.245.192.253 - - [08/Jan/2023:10:19:07 -0500] "POST /kwsrmcab/Wsrmcab HTTP/1.1" 200 44113
191.156.144.18 - - [08/Jan/2023:10:19:21 -0500] "GET /sipse/faces/javax.faces.resource/theme.css?ln=primefaces-sipse HTTP/1.1" 304 -
191.156.151.161 - - [08/Jan/2023:10:19:22 -0500] "GET /sipse/faces/javax.faces.resource/primefaces.css?ln=primefaces&v=4.0 HTTP/1.1" 304 -
191.156.144.18 - - [08/Jan/2023:10:19:22 -0500] "GET /sipse/faces/javax.faces.resource/primefaces.js?ln=primefaces&v=4.0 HTTP/1.1" 304 -
191.156.157.109 - - [08/Jan/2023:10:19:22 -0500] "GET /sipse/faces/javax.faces.resource/jquery/jquery-plugins.js?ln=primefaces&v=4.0 HTTP/1.1" 304 -
191.156.158.11 - - [08/Jan/2023:10:19:22 -0500] "GET /sipse/faces/javax.faces.resource/jquery/jquery.js?ln=primefaces&v=4.0 HTTP/1.1" 304 -
191.156.157.109 - - [08/Jan/2023:10:19:22 -0500] "GET /sipse/faces/javax.faces.resource/layout/layout.css?ln=primefaces&v=4.0 HTTP/1.1" 304 -
191.156.151.161 - - [08/Jan/2023:10:19:22 -0500] "GET /sipse/faces/javax.faces.resource/layout/layout.js?ln=primefaces&v=4.0 HTTP/1.1" 304 -
191.156.151.161 - - [08/Jan/2023:10:19:22 -0500] "GET /sipse/css/imagen/contrasena.png HTTP/1.1" 404 383
191.156.157.109 - - [08/Jan/2023:10:19:21 -0500] "POST /sipse/faces/presentacion/financiero/solicitudProceso/consultarHistorialSolProceso.xhtml HTTP/1.1" 200 202592
191.156.157.109 - - [08/Jan/2023:10:19:22 -0500] "GET /sipse/faces/javax.faces.resource/images/ui-icons_898989_256x240.png?ln=primefaces-aristo HTTP/1.1" 304 -
172.22.2.4 - - [08/Jan/2023:10:18:28 -0500] "GET /BLA/boletinlegal/ HTTP/1.1" 200 50495
172.22.2.4 - - [08/Jan/2023:10:18:57 -0500] "GET /BLA/boletinlegal/ HTTP/1.1" 200 48283
216.245.221.92 - - [08/Jan/2023:10:21:08 -0500] "HEAD / HTTP/1.1" 200 -
201.245.192.253 - - [08/Jan/2023:10:21:12 -0500] "POST /kwsrmcab/Wsrmcab  HTTP/1.1" 200 43926
172.22.2.4 - - [08/Jan/2023:10:20:01 -0500] "HEAD /BLA/boletinlegal/ HTTP/1.1" 200 -
172.22.2.4 - - [08/Jan/2023:10:20:51 -0500] "GET /BLA/boletinlegal/ HTTP/1.1" 200 57192
216.245.221.92 - - [08/Jan/2023:10:26:08 -0500] "HEAD / HTTP/1.1" 200 -
201.245.192.253 - - [08/Jan/2023:10:26:11 -0500] "POST /kwsrmcab/Wsrmcab  HTTP/1.1" 200 43926
66.249.73.127 - - [08/Jan/2023:10:26:54 -0500] "-" 408 -
172.22.2.4 - - [08/Jan/2023:10:25:51 -0500] "HEAD /BLA/boletinlegal/ HTTP/1.1" 200 -
157.55.39.83 - - [08/Jan/2023:10:27:34 -0500] "GET /con-la-apertura-de-la-exposicion-polinizando-bogota-encendio-desde-el-jardin-botanico-la-navidad-2022.html HTTP/1.1" 200 927
64.62.243.165 - - [08/Jan/2023:10:28:00 -0500] "GET / HTTP/1.1" 200 319
172.22.2.4 - - [08/Jan/2023:10:26:41 -0500] "GET /BLA/boletinlegal/ HTTP/1.1" 200 52942
201.245.192.253 - - [08/Jan/2023:10:29:04 -0500] "POST /kwsrmcab/Wsrmcab HTTP/1.1" 200 43023
201.245.192.253 - - [08/Jan/2023:10:29:07 -0500] "POST /kwsrmcab/Wsrmcab HTTP/1.1" 200 44113
216.245.221.92 - - [08/Jan/2023:10:31:08 -0500] "HEAD / HTTP/1.1" 200 -
201.245.192.253 - - [08/Jan/2023:10:31:10 -0500] "POST /kwsrmcab/Wsrmcab  HTTP/1.1" 200 43926
172.22.2.4 - - [08/Jan/2023:10:31:41 -0500] "HEAD /BLA/boletinlegal/ HTTP/1.1" 200 -
172.22.2.4 - - [08/Jan/2023:10:32:31 -0500] "GET /BLA/boletinlegal/ HTTP/1.1" 200 55680
216.245.221.92 - - [08/Jan/2023:10:36:08 -0500] "HEAD / HTTP/1.1" 200 -
201.245.192.253 - - [08/Jan/2023:10:36:09 -0500] "POST /kwsrmcab/Wsrmcab  HTTP/1.1" 200 43926
44.197.114.17 - - [08/Jan/2023:10:37:28 -0500] "GET /BLA/boletinlegal/Directivas/2019/Directiva%20008%20del%2001%20de%20noviembre%20de%202019.pdf HTTP/1.1" 200 1382642
201.245.192.253 - - [08/Jan/2023:10:39:04 -0500] "POST /kwsrmcab/Wsrmcab HTTP/1.1" 200 43023
201.245.192.253 - - [08/Jan/2023:10:39:07 -0500] "POST /kwsrmcab/Wsrmcab HTTP/1.1" 200 44113
172.22.2.4 - - [08/Jan/2023:10:37:31 -0500] "HEAD /BLA/boletinlegal/ HTTP/1.1" 200 -
172.22.2.4 - - [08/Jan/2023:10:38:21 -0500] "GET /BLA/boletinlegal/ HTTP/1.1" 200 59404
216.245.221.92 - - [08/Jan/2023:10:41:08 -0500] "HEAD / HTTP/1.1" 200 -
201.245.192.253 - - [08/Jan/2023:10:41:08 -0500] "POST /kwsrmcab/Wsrmcab  HTTP/1.1" 200 43926
162.55.38.160 - - [08/Jan/2023:10:41:35 -0500] "GET / HTTP/1.1" 200 319
199.16.157.180 - - [08/Jan/2023:10:41:52 -0500] "GET /images/cronica-amanda-rodriguez-30-abril.jpg HTTP/1.1" 200 26304
35.210.130.240 - - [08/Jan/2023:10:44:38 -0500] "-" 408 -
172.22.2.4 - - [08/Jan/2023:10:43:21 -0500] "HEAD /BLA/boletinlegal/ HTTP/1.1" 200 -
172.22.2.4 - - [08/Jan/2023:10:44:11 -0500] "GET /BLA/boletinlegal/ HTTP/1.1" 200 52079
216.245.221.92 - - [08/Jan/2023:10:46:08 -0500] "HEAD / HTTP/1.1" 200 -
201.245.192.253 - - [08/Jan/2023:10:46:07 -0500] "POST /kwsrmcab/Wsrmcab  HTTP/1.1" 200 43926
172.22.2.4 - - [08/Jan/2023:10:49:11 -0500] "HEAD /BLA/boletinlegal/ HTTP/1.1" 200 -
216.245.221.92 - - [08/Jan/2023:10:51:08 -0500] "HEAD / HTTP/1.1" 200 -
201.245.192.253 - - [08/Jan/2023:10:51:06 -0500] "POST /kwsrmcab/Wsrmcab  HTTP/1.1" 200 43926
20.51.230.92 - - [08/Jan/2023:10:51:27 -0500] "GET /.env HTTP/1.1" 404 1018
20.51.230.92 - - [08/Jan/2023:10:51:27 -0500] "POST / HTTP/1.1" 200 319
172.22.2.4 - - [08/Jan/2023:10:50:01 -0500] "GET /BLA/boletinlegal/ HTTP/1.1" 200 56079
185.119.81.101 - - [08/Jan/2023:10:54:14 -0500] "GET /portaldeninos/wp-login.php HTTP/1.1" 200 2592
185.119.81.101 - - [08/Jan/2023:10:54:14 -0500] "POST /portaldeninos/wp-login.php HTTP/1.1" 200 3605
172.22.2.4 - - [08/Jan/2023:10:54:58 -0500] "GET /BLA/boletinlegal/doctrina.php HTTP/1.1" 200 5604
201.245.192.253 - - [08/Jan/2023:10:56:04 -0500] "POST /kwsrmcab/Wsrmcab  HTTP/1.1" 200 43926
216.245.221.92 - - [08/Jan/2023:10:56:08 -0500] "HEAD / HTTP/1.1" 200 -
172.22.2.4 - - [08/Jan/2023:10:55:01 -0500] "HEAD /BLA/boletinlegal/ HTTP/1.1" 200 -
172.22.2.4 - - [08/Jan/2023:10:55:52 -0500] "GET /BLA/boletinlegal/ HTTP/1.1" 200 52453
66.249.73.100 - - [08/Jan/2023:10:57:43 -0500] "-" 408 -
40.77.167.86 - - [08/Jan/2023:11:00:11 -0500] "-" 408 -
201.245.192.253 - - [08/Jan/2023:11:01:03 -0500] "POST /kwsrmcab/Wsrmcab  HTTP/1.1" 200 43926
216.245.221.92 - - [08/Jan/2023:11:01:08 -0500] "HEAD / HTTP/1.1" 200 -
172.22.2.4 - - [08/Jan/2023:11:01:02 -0500] "GET /BLA/boletinlegal/ HTTP/1.1" 200 36811
172.22.2.4 - - [08/Jan/2023:11:00:51 -0500] "HEAD /BLA/boletinlegal/ HTTP/1.1" 200 -
64.62.197.17 - - [08/Jan/2023:11:02:53 -0500] "GET /favicon.ico HTTP/1.1" 200 7782
172.22.2.4 - - [08/Jan/2023:11:01:41 -0500] "GET /BLA/boletinlegal/ HTTP/1.1" 200 55272
201.245.192.253 - - [08/Jan/2023:11:06:02 -0500] "POST /kwsrmcab/Wsrmcab  HTTP/1.1" 200 43926
216.245.221.92 - - [08/Jan/2023:11:06:08 -0500] "HEAD / HTTP/1.1" 200 -
172.22.2.4 - - [08/Jan/2023:11:06:41 -0500] "HEAD /BLA/boletinlegal/ HTTP/1.1" 200 -
172.22.2.4 - - [08/Jan/2023:11:07:31 -0500] "GET /BLA/boletinlegal/ HTTP/1.1" 200 59404
172.22.2.4 - - [08/Jan/2023:11:10:18 -0500] "GET /BLA/boletinlegal/actos.php HTTP/1.1" 200 9566
172.22.2.4 - - [08/Jan/2023:11:10:20 -0500] "GET /BLA/boletinlegal/favicon.ico HTTP/1.1" 404 1326
172.22.2.4 - - [08/Jan/2023:11:10:38 -0500] "GET /BLA/boletinlegal/consulta_actos.php?tipo=resoluciones&no=0961&usuario=&sector=&fecha=2017&resuelve= HTTP/1.1" 200 1104
201.245.192.253 - - [08/Jan/2023:11:11:01 -0500] "POST /kwsrmcab/Wsrmcab  HTTP/1.1" 200 43926
216.245.221.92 - - [08/Jan/2023:11:11:08 -0500] "HEAD / HTTP/1.1" 200 -
40.77.167.70 - - [08/Jan/2023:11:12:07 -0500] "GET / HTTP/1.1" 200 4720
172.22.2.4 - - [08/Jan/2023:11:11:33 -0500] "GET /BLA/boletinlegal/ HTTP/1.1" 200 36811
172.22.2.4 - - [08/Jan/2023:11:12:31 -0500] "HEAD /BLA/boletinlegal/ HTTP/1.1" 200 -
172.22.2.4 - - [08/Jan/2023:11:13:21 -0500] "GET /BLA/boletinlegal/ HTTP/1.1" 200 59404
201.245.192.253 - - [08/Jan/2023:11:16:00 -0500] "POST /kwsrmcab/Wsrmcab  HTTP/1.1" 200 43926
216.245.221.92 - - [08/Jan/2023:11:16:08 -0500] "HEAD / HTTP/1.1" 200 -
201.245.192.253 - - [08/Jan/2023:11:19:04 -0500] "POST /kwsrmcab/Wsrmcab HTTP/1.1" 200 43314
201.245.192.253 - - [08/Jan/2023:11:19:07 -0500] "POST /kwsrmcab/Wsrmcab HTTP/1.1" 200 44252
172.22.2.4 - - [08/Jan/2023:11:18:21 -0500] "HEAD /BLA/boletinlegal/ HTTP/1.1" 200 -
172.22.2.4 - - [08/Jan/2023:11:19:11 -0500] "GET /BLA/boletinlegal/ HTTP/1.1" 200 52453
201.245.192.253 - - [08/Jan/2023:11:20:59 -0500] "POST /kwsrmcab/Wsrmcab  HTTP/1.1" 200 43926
216.245.221.92 - - [08/Jan/2023:11:21:08 -0500] "HEAD / HTTP/1.1" 200 -
161.35.117.141 - - [08/Jan/2023:11:21:10 -0500] "\x16\x03\x01" 400 226
161.35.117.141 - - [08/Jan/2023:11:21:10 -0500] "\x16\x03\x01" 400 226
161.35.117.141 - - [08/Jan/2023:11:21:11 -0500] "GET / HTTP/1.1" 200 319
172.22.2.4 - - [08/Jan/2023:11:24:11 -0500] "HEAD /BLA/boletinlegal/ HTTP/1.1" 200 -
157.55.39.179 - - [08/Jan/2023:11:25:58 -0500] "GET /galeria/bibloteca/contentflow.js HTTP/1.1" 200 42804
201.245.192.253 - - [08/Jan/2023:11:25:57 -0500] "POST /kwsrmcab/Wsrmcab  HTTP/1.1" 200 43926
216.245.221.92 - - [08/Jan/2023:11:26:08 -0500] "HEAD / HTTP/1.1" 200 -
172.22.2.4 - - [08/Jan/2023:11:25:01 -0500] "GET /BLA/boletinlegal/ HTTP/1.1" 200 57192
201.245.192.253 - - [08/Jan/2023:11:29:04 -0500] "POST /kwsrmcab/Wsrmcab HTTP/1.1" 200 43314
201.245.192.253 - - [08/Jan/2023:11:29:07 -0500] "POST /kwsrmcab/Wsrmcab HTTP/1.1" 200 44252
35.208.187.63 - - [08/Jan/2023:11:29:31 -0500] "HEAD /BLA/resoluciones/RESOLUCIONES%202017/0520.pdf HTTP/1.1" 200 -
201.245.192.253 - - [08/Jan/2023:11:30:57 -0500] "POST /kwsrmcab/Wsrmcab  HTTP/1.1" 200 43926
216.245.221.92 - - [08/Jan/2023:11:31:08 -0500] "HEAD / HTTP/1.1" 200 -
172.22.2.4 - - [08/Jan/2023:11:30:01 -0500] "HEAD /BLA/boletinlegal/ HTTP/1.1" 200 -
172.22.2.4 - - [08/Jan/2023:11:30:51 -0500] "GET /BLA/boletinlegal/ HTTP/1.1" 200 58185
207.46.13.93 - - [08/Jan/2023:11:33:18 -0500] "GET /BLA/resoluciones/AUTOS%202022/4553.pdf HTTP/1.1" 200 415769
207.46.13.139 - - [08/Jan/2023:11:34:58 -0500] "GET /BLA/resoluciones/AUTOS%202022/3614.pdf HTTP/1.1" 200 1360016
201.245.192.253 - - [08/Jan/2023:11:35:56 -0500] "POST /kwsrmcab/Wsrmcab  HTTP/1.1" 200 43926
216.245.221.92 - - [08/Jan/2023:11:36:08 -0500] "HEAD / HTTP/1.1" 200 -
186.84.21.183 - - [08/Jan/2023:11:36:15 -0500] "GET /sipse/faces/presentacion/financiero/solicitudProceso/consultarSolicitudProceso.xhtml HTTP/1.1" 302 -
186.84.21.183 - - [08/Jan/2023:11:36:15 -0500] "GET /sipse/faces/autenticacion.xhtml HTTP/1.1" 200 12178
186.84.21.183 - - [08/Jan/2023:11:36:15 -0500] "GET /sipse/js/disable_browser_buttons.js HTTP/1.1" 304 -
186.84.21.183 - - [08/Jan/2023:11:36:15 -0500] "GET /sipse/css/custom_css_sg.css HTTP/1.1" 304 -
186.84.21.183 - - [08/Jan/2023:11:36:15 -0500] "GET /sipse/css/custom_css_sg_prime_login.css HTTP/1.1" 304 -
186.84.21.183 - - [08/Jan/2023:11:36:15 -0500] "GET /sipse/faces/javax.faces.resource/primefaces.css?ln=primefaces&v=4.0 HTTP/1.1" 304 -
186.84.21.183 - - [08/Jan/2023:11:36:15 -0500] "GET /sipse/faces/javax.faces.resource/theme.css?ln=primefaces-sipse HTTP/1.1" 304 -
186.84.21.183 - - [08/Jan/2023:11:36:15 -0500] "GET /sipse/faces/javax.faces.resource/layout/layout.css?ln=primefaces&v=4.0 HTTP/1.1" 304 -
186.84.21.183 - - [08/Jan/2023:11:36:15 -0500] "GET /sipse/js/funciones.js HTTP/1.1" 304 -
186.84.21.183 - - [08/Jan/2023:11:36:15 -0500] "GET /sipse/faces/javax.faces.resource/jquery/jquery.js?ln=primefaces&v=4.0 HTTP/1.1" 304 -
186.84.21.183 - - [08/Jan/2023:11:36:15 -0500] "GET /sipse/faces/javax.faces.resource/jquery/jquery-plugins.js?ln=primefaces&v=4.0 HTTP/1.1" 304 -
186.84.21.183 - - [08/Jan/2023:11:36:15 -0500] "GET /sipse/faces/javax.faces.resource/primefaces.js?ln=primefaces&v=4.0 HTTP/1.1" 304 -
186.84.21.183 - - [08/Jan/2023:11:36:15 -0500] "GET /sipse/faces/javax.faces.resource/layout/layout.js?ln=primefaces&v=4.0 HTTP/1.1" 304 -
186.84.21.183 - - [08/Jan/2023:11:36:16 -0500] "GET /sipse/css/imagen/logoSDG.png HTTP/1.1" 304 -
186.84.21.183 - - [08/Jan/2023:11:36:16 -0500] "GET /sipse/css/imagen/loginimg.png HTTP/1.1" 304 -
186.84.21.183 - - [08/Jan/2023:11:36:16 -0500] "GET /sipse/faces/javax.faces.resource/images/ui-icons_898989_256x240.png?ln=primefaces-aristo HTTP/1.1" 304 -
186.84.21.183 - - [08/Jan/2023:11:36:16 -0500] "GET /sipse/faces/index.xhtml HTTP/1.1" 200 677
186.84.21.183 - - [08/Jan/2023:11:36:16 -0500] "GET /sipse/faces/javax.faces.resource/theme.css?ln=primefaces-sipse HTTP/1.1" 304 -
186.84.21.183 - - [08/Jan/2023:11:36:16 -0500] "GET /sipse/faces/faces/autenticacion.xhtml HTTP/1.1" 200 12178
186.84.21.183 - - [08/Jan/2023:11:36:17 -0500] "GET /sipse/faces/javax.faces.resource/theme.css?ln=primefaces-sipse HTTP/1.1" 304 -
186.84.21.183 - - [08/Jan/2023:11:36:17 -0500] "GET /sipse/faces/javax.faces.resource/primefaces.css?ln=primefaces&v=4.0 HTTP/1.1" 304 -
186.84.21.183 - - [08/Jan/2023:11:36:17 -0500] "GET /sipse/faces/javax.faces.resource/layout/layout.css?ln=primefaces&v=4.0 HTTP/1.1" 304 -
186.84.21.183 - - [08/Jan/2023:11:36:17 -0500] "GET /sipse/faces/javax.faces.resource/jquery/jquery.js?ln=primefaces&v=4.0 HTTP/1.1" 304 -
186.84.21.183 - - [08/Jan/2023:11:36:17 -0500] "GET /sipse/faces/javax.faces.resource/primefaces.js?ln=primefaces&v=4.0 HTTP/1.1" 304 -
186.84.21.183 - - [08/Jan/2023:11:36:17 -0500] "GET /sipse/faces/javax.faces.resource/jquery/jquery-plugins.js?ln=primefaces&v=4.0 HTTP/1.1" 304 -
186.84.21.183 - - [08/Jan/2023:11:36:17 -0500] "GET /sipse/faces/javax.faces.resource/layout/layout.js?ln=primefaces&v=4.0 HTTP/1.1" 304 -
186.84.21.183 - - [08/Jan/2023:11:36:24 -0500] "POST /sipse/faces/autenticacion.xhtml HTTP/1.1" 200 11157
186.84.21.183 - - [08/Jan/2023:11:36:24 -0500] "GET /sipse/faces/javax.faces.resource/theme.css?ln=primefaces-sipse HTTP/1.1" 304 -
186.84.21.183 - - [08/Jan/2023:11:36:24 -0500] "GET /sipse/css/custom_css_sg_prime.css HTTP/1.1" 304 -
186.84.21.183 - - [08/Jan/2023:11:36:24 -0500] "GET /sipse/faces/javax.faces.resource/layout/layout.css?ln=primefaces&v=4.0 HTTP/1.1" 304 -
186.84.21.183 - - [08/Jan/2023:11:36:24 -0500] "GET /sipse/faces/javax.faces.resource/primefaces.css?ln=primefaces&v=4.0 HTTP/1.1" 304 -
186.84.21.183 - - [08/Jan/2023:11:36:24 -0500] "GET /sipse/faces/javax.faces.resource/jquery/jquery.js?ln=primefaces&v=4.0 HTTP/1.1" 304 -
186.84.21.183 - - [08/Jan/2023:11:36:24 -0500] "GET /sipse/faces/javax.faces.resource/jquery/jquery-plugins.js?ln=primefaces&v=4.0 HTTP/1.1" 304 -
186.84.21.183 - - [08/Jan/2023:11:36:24 -0500] "GET /sipse/faces/javax.faces.resource/primefaces.js?ln=primefaces&v=4.0 HTTP/1.1" 304 -
186.84.21.183 - - [08/Jan/2023:11:36:24 -0500] "GET /sipse/faces/javax.faces.resource/layout/layout.js?ln=primefaces&v=4.0 HTTP/1.1" 304 -
186.84.21.183 - - [08/Jan/2023:11:36:24 -0500] "GET /sipse/faces/javax.faces.resource/messages/messages.png?ln=primefaces&v=4.0 HTTP/1.1" 304 -
186.84.21.183 - - [08/Jan/2023:11:36:26 -0500] "GET /sipse/faces/javax.faces.resource/images/ui-icons_898989_256x240.png?ln=primefaces-aristo HTTP/1.1" 304 -
186.84.21.183 - - [08/Jan/2023:11:36:28 -0500] "POST /sipse/faces/presentacion/sistema/seguridad/seleccionRol.xhtml HTTP/1.1" 200 5865
186.84.21.183 - - [08/Jan/2023:11:36:29 -0500] "GET /sipse/faces/javax.faces.resource/images/ui-bg_flat_0_2d5972_40x100.png?ln=primefaces-aristo HTTP/1.1" 304 -
186.84.21.183 - - [08/Jan/2023:11:36:31 -0500] "POST /sipse/faces/presentacion/sistema/seguridad/seleccionRol.xhtml HTTP/1.1" 200 16306
186.84.21.183 - - [08/Jan/2023:11:36:31 -0500] "GET /sipse/faces/javax.faces.resource/primefaces.css?ln=primefaces&v=4.0 HTTP/1.1" 304 -
186.84.21.183 - - [08/Jan/2023:11:36:31 -0500] "GET /sipse/faces/javax.faces.resource/theme.css?ln=primefaces-sipse HTTP/1.1" 304 -
186.84.21.183 - - [08/Jan/2023:11:36:31 -0500] "GET /sipse/faces/javax.faces.resource/layout/layout.css?ln=primefaces&v=4.0 HTTP/1.1" 304 -
186.84.21.183 - - [08/Jan/2023:11:36:31 -0500] "GET /sipse/js/jquery.min.js HTTP/1.1" 304 -
186.84.21.183 - - [08/Jan/2023:11:36:31 -0500] "GET /sipse/faces/javax.faces.resource/jquery/jquery.js?ln=primefaces&v=4.0 HTTP/1.1" 304 -
186.84.21.183 - - [08/Jan/2023:11:36:31 -0500] "GET /sipse/faces/javax.faces.resource/jquery/jquery-plugins.js?ln=primefaces&v=4.0 HTTP/1.1" 304 -
186.84.21.183 - - [08/Jan/2023:11:36:31 -0500] "GET /sipse/faces/javax.faces.resource/primefaces.js?ln=primefaces&v=4.0 HTTP/1.1" 304 -
186.84.21.183 - - [08/Jan/2023:11:36:31 -0500] "GET /sipse/faces/javax.faces.resource/layout/layout.js?ln=primefaces&v=4.0 HTTP/1.1" 304 -
186.84.21.183 - - [08/Jan/2023:11:36:31 -0500] "GET /sipse/imagenes/cargando.gif HTTP/1.1" 304 -
186.84.21.183 - - [08/Jan/2023:11:36:31 -0500] "GET /sipse/css/imagen/contrasena.png HTTP/1.1" 404 383
186.84.21.183 - - [08/Jan/2023:11:36:31 -0500] "GET /sipse/imagenes/logoAplicacion.jpg HTTP/1.1" 304 -
186.84.21.183 - - [08/Jan/2023:11:36:38 -0500] "POST /sipse/faces/bienvenido.xhtml HTTP/1.1" 200 2073
186.84.21.183 - - [08/Jan/2023:11:36:39 -0500] "POST /sipse/faces/bienvenido.xhtml HTTP/1.1" 200 39043
186.84.21.183 - - [08/Jan/2023:11:36:39 -0500] "GET /sipse/faces/javax.faces.resource/theme.css?ln=primefaces-sipse HTTP/1.1" 304 -
186.84.21.183 - - [08/Jan/2023:11:36:39 -0500] "GET /sipse/faces/javax.faces.resource/primefaces.css?ln=primefaces&v=4.0 HTTP/1.1" 304 -
186.84.21.183 - - [08/Jan/2023:11:36:39 -0500] "GET /sipse/faces/javax.faces.resource/layout/layout.css?ln=primefaces&v=4.0 HTTP/1.1" 304 -
186.84.21.183 - - [08/Jan/2023:11:36:39 -0500] "GET /sipse/faces/javax.faces.resource/jquery/jquery.js?ln=primefaces&v=4.0 HTTP/1.1" 304 -
186.84.21.183 - - [08/Jan/2023:11:36:39 -0500] "GET /sipse/faces/javax.faces.resource/jquery/jquery-plugins.js?ln=primefaces&v=4.0 HTTP/1.1" 304 -
186.84.21.183 - - [08/Jan/2023:11:36:39 -0500] "GET /sipse/faces/javax.faces.resource/primefaces.js?ln=primefaces&v=4.0 HTTP/1.1" 304 -
186.84.21.183 - - [08/Jan/2023:11:36:39 -0500] "GET /sipse/faces/javax.faces.resource/layout/layout.js?ln=primefaces&v=4.0 HTTP/1.1" 304 -
186.84.21.183 - - [08/Jan/2023:11:36:43 -0500] "POST /sipse/faces/presentacion/financiero/solicitudProceso/consultar.xhtml HTTP/1.1" 200 12808
186.84.21.183 - - [08/Jan/2023:11:36:46 -0500] "POST /sipse/faces/presentacion/financiero/solicitudProceso/consultar.xhtml HTTP/1.1" 200 154355
186.84.21.183 - - [08/Jan/2023:11:36:48 -0500] "GET /sipse/faces/javax.faces.resource/theme.css?ln=primefaces-sipse HTTP/1.1" 304 -
186.84.21.183 - - [08/Jan/2023:11:36:48 -0500] "GET /sipse/faces/javax.faces.resource/primefaces.css?ln=primefaces&v=4.0 HTTP/1.1" 304 -
186.84.21.183 - - [08/Jan/2023:11:36:48 -0500] "GET /sipse/faces/javax.faces.resource/layout/layout.css?ln=primefaces&v=4.0 HTTP/1.1" 304 -
186.84.21.183 - - [08/Jan/2023:11:36:48 -0500] "GET /sipse/faces/javax.faces.resource/jquery/jquery.js?ln=primefaces&v=4.0 HTTP/1.1" 304 -
186.84.21.183 - - [08/Jan/2023:11:36:48 -0500] "GET /sipse/faces/javax.faces.resource/jquery/jquery-plugins.js?ln=primefaces&v=4.0 HTTP/1.1" 304 -
186.84.21.183 - - [08/Jan/2023:11:36:48 -0500] "GET /sipse/faces/javax.faces.resource/primefaces.js?ln=primefaces&v=4.0 HTTP/1.1" 304 -
186.84.21.183 - - [08/Jan/2023:11:36:48 -0500] "GET /sipse/faces/javax.faces.resource/layout/layout.js?ln=primefaces&v=4.0 HTTP/1.1" 304 -
186.84.21.183 - - [08/Jan/2023:11:36:55 -0500] "POST /sipse/faces/presentacion/financiero/solicitudProceso/consultarSolicitudProceso.xhtml HTTP/1.1" 200 45662
186.84.21.183 - - [08/Jan/2023:11:36:55 -0500] "GET /sipse/faces/javax.faces.resource/theme.css?ln=primefaces-sipse HTTP/1.1" 304 -
186.84.21.183 - - [08/Jan/2023:11:36:55 -0500] "GET /sipse/faces/javax.faces.resource/primefaces.css?ln=primefaces&v=4.0 HTTP/1.1" 304 -
186.84.21.183 - - [08/Jan/2023:11:36:55 -0500] "GET /sipse/faces/javax.faces.resource/layout/layout.css?ln=primefaces&v=4.0 HTTP/1.1" 304 -
186.84.21.183 - - [08/Jan/2023:11:36:55 -0500] "GET /sipse/faces/javax.faces.resource/jquery/jquery.js?ln=primefaces&v=4.0 HTTP/1.1" 304 -
186.84.21.183 - - [08/Jan/2023:11:36:55 -0500] "GET /sipse/faces/javax.faces.resource/primefaces.js?ln=primefaces&v=4.0 HTTP/1.1" 304 -
186.84.21.183 - - [08/Jan/2023:11:36:55 -0500] "GET /sipse/faces/javax.faces.resource/jquery/jquery-plugins.js?ln=primefaces&v=4.0 HTTP/1.1" 304 -
186.84.21.183 - - [08/Jan/2023:11:36:55 -0500] "GET /sipse/faces/javax.faces.resource/layout/layout.js?ln=primefaces&v=4.0 HTTP/1.1" 304 -
186.84.21.183 - - [08/Jan/2023:11:36:55 -0500] "GET /sipse/faces/javax.faces.resource/images/ui-icons_898989_256x240.png?ln=primefaces-aristo HTTP/1.1" 304 -
172.22.2.4 - - [08/Jan/2023:11:35:51 -0500] "HEAD /BLA/boletinlegal/ HTTP/1.1" 200 -
172.22.2.4 - - [08/Jan/2023:11:36:41 -0500] "GET /BLA/boletinlegal/ HTTP/1.1" 200 57192
201.245.192.253 - - [08/Jan/2023:11:39:04 -0500] "POST /kwsrmcab/Wsrmcab HTTP/1.1" 200 43314
201.245.192.253 - - [08/Jan/2023:11:39:07 -0500] "POST /kwsrmcab/Wsrmcab HTTP/1.1" 200 44252
201.245.192.253 - - [08/Jan/2023:11:40:55 -0500] "POST /kwsrmcab/Wsrmcab  HTTP/1.1" 200 43926
216.245.221.92 - - [08/Jan/2023:11:41:08 -0500] "HEAD / HTTP/1.1" 200 -
172.22.2.4 - - [08/Jan/2023:11:41:41 -0500] "HEAD /BLA/boletinlegal/ HTTP/1.1" 200 -
190.69.235.242 - - [08/Jan/2023:11:43:46 -0500] "GET /BLA/resoluciones/index.php?dir=AUTOS+2015%2F HTTP/1.1" 200 579441
190.69.235.242 - - [08/Jan/2023:11:43:51 -0500] "GET /BLA/resoluciones/AUTOS%202015/0913.pdf HTTP/1.1" 200 509197
172.22.2.4 - - [08/Jan/2023:11:42:31 -0500] "GET /BLA/boletinlegal/ HTTP/1.1" 200 57192
201.245.192.253 - - [08/Jan/2023:11:45:53 -0500] "POST /kwsrmcab/Wsrmcab  HTTP/1.1" 200 43926
216.245.221.92 - - [08/Jan/2023:11:46:08 -0500] "HEAD / HTTP/1.1" 200 -
66.249.73.97 - - [08/Jan/2023:11:47:03 -0500] "-" 408 -
172.22.2.4 - - [08/Jan/2023:11:47:31 -0500] "HEAD /BLA/boletinlegal/ HTTP/1.1" 200 -
172.22.2.4 - - [08/Jan/2023:11:48:21 -0500] "GET /BLA/boletinlegal/ HTTP/1.1" 200 54100
201.245.192.253 - - [08/Jan/2023:11:50:53 -0500] "POST /kwsrmcab/Wsrmcab  HTTP/1.1" 200 43926
216.245.221.92 - - [08/Jan/2023:11:51:08 -0500] "HEAD / HTTP/1.1" 200 -
207.46.13.41 - - [08/Jan/2023:11:51:09 -0500] "GET /sipse/faces/faces/autenticacion.xhtml HTTP/1.1" 200 12500
40.77.167.60 - - [08/Jan/2023:11:51:14 -0500] "GET /sipse/faces/autenticacion.xhtml HTTP/1.1" 200 12500
108.174.5.112 - - [08/Jan/2023:11:52:40 -0500] "GET /mis-de-740-irboles-han-sido-plantados-en-los-%C3%83%C2%BAltimos-d%C3%83%C2%ADas-en-bogoti.html HTTP/1.1" 206 909
172.22.2.4 - - [08/Jan/2023:11:54:58 -0500] "GET /BLA/boletinlegal/consulta_actos.php?tipo=resoluciones&no=&usuario=&sector=&fecha=2022&resuelve=ICO%20VALLAS%20SAS HTTP/1.1" 200 626
172.22.2.4 - - [08/Jan/2023:11:55:00 -0500] "GET /BLA/boletinlegal/consulta_actos.php?tipo=resoluciones&no=&usuario=&sector=&fecha=2022&resuelve=ICO%20VALLAS%20SAS HTTP/1.1" 200 626
172.22.2.4 - - [08/Jan/2023:11:53:21 -0500] "HEAD /BLA/boletinlegal/ HTTP/1.1" 200 -
172.22.2.4 - - [08/Jan/2023:11:55:06 -0500] "GET /BLA/boletinlegal/consulta_actos.php?tipo=resoluciones&no=&usuario=&sector=PEV&fecha=2022&resuelve=ICO%20VALLAS%20SAS HTTP/1.1" 200 626
172.22.2.4 - - [08/Jan/2023:11:55:21 -0500] "GET /BLA/boletinlegal/consulta_actos.php?tipo=resoluciones&no=&usuario=&sector=PEV&fecha=2022&resuelve=CESION HTTP/1.1" 200 1638
186.84.89.224 - - [08/Jan/2023:11:55:28 -0500] "GET /BLA/resoluciones/RESOLUCIONES%202022/3156.pdf HTTP/1.1" 200 1532644
172.22.2.4 - - [08/Jan/2023:11:54:11 -0500] "GET /BLA/boletinlegal/ HTTP/1.1" 200 57192
172.22.2.4 - - [08/Jan/2023:11:55:53 -0500] "GET /BLA/boletinlegal/consulta_actos.php?tipo=resoluciones&no=&usuario=&sector=PEV&fecha=2021&resuelve=CESION HTTP/1.1" 200 4250
172.22.2.4 - - [08/Jan/2023:11:55:53 -0500] "GET /BLA/boletinlegal/images/background.gif HTTP/1.1" 200 -
201.245.192.253 - - [08/Jan/2023:11:55:53 -0500] "POST /kwsrmcab/Wsrmcab  HTTP/1.1" 200 43926
216.245.221.92 - - [08/Jan/2023:11:56:08 -0500] "HEAD / HTTP/1.1" 200 -
172.22.2.4 - - [08/Jan/2023:11:56:09 -0500] "GET /BLA/boletinlegal/consulta_actos.php?tipo=resoluciones&no=&usuario=ICO%20VALLAS&sector=PEV&fecha=2021&resuelve=CESION HTTP/1.1" 200 626
172.22.2.4 - - [08/Jan/2023:11:56:14 -0500] "GET /BLA/boletinlegal/consulta_actos.php?tipo=resoluciones&no=&usuario=&sector=PEV&fecha=2021&resuelve=CESION HTTP/1.1" 200 4250
172.22.2.4 - - [08/Jan/2023:11:56:24 -0500] "GET /BLA/boletinlegal/consulta_actos.php?tipo=resoluciones&no=&usuario=&sector=PEV&fecha=2022&resuelve=CESION HTTP/1.1" 200 1638
172.22.2.4 - - [08/Jan/2023:11:56:33 -0500] "GET /BLA/boletinlegal/consulta_actos.php?tipo=resoluciones&no=&usuario=&sector=PEV&fecha=2020&resuelve=CESION HTTP/1.1" 200 626
172.22.2.4 - - [08/Jan/2023:11:56:36 -0500] "GET /BLA/boletinlegal/consulta_actos.php?tipo=resoluciones&no=&usuario=&sector=PEV&fecha=2021&resuelve=CESION HTTP/1.1" 200 4250
172.22.2.4 - - [08/Jan/2023:11:56:43 -0500] "GET /BLA/boletinlegal/consulta_actos.php?tipo=resoluciones&no=&usuario=&sector=PEV&fecha=2022&resuelve=CESION HTTP/1.1" 200 1638
185.119.81.101 - - [08/Jan/2023:11:59:24 -0500] "GET /portaldeninos/wp-login.php HTTP/1.1" 200 2592
185.119.81.101 - - [08/Jan/2023:11:59:25 -0500] "POST /portaldeninos/wp-login.php HTTP/1.1" 200 3650
172.22.2.4 - - [08/Jan/2023:11:59:11 -0500] "HEAD /BLA/boletinlegal/ HTTP/1.1" 200 -
201.245.192.253 - - [08/Jan/2023:12:00:52 -0500] "POST /kwsrmcab/Wsrmcab  HTTP/1.1" 200 43926
216.245.221.92 - - [08/Jan/2023:12:01:08 -0500] "HEAD / HTTP/1.1" 200 -
190.69.235.242 - - [08/Jan/2023:12:01:12 -0500] "GET /BLA/resoluciones/AUTOS%202015/0535.pdf HTTP/1.1" 200 521490
172.22.2.4 - - [08/Jan/2023:12:00:01 -0500] "GET /BLA/boletinlegal/ HTTP/1.1" 200 56825
201.245.192.253 - - [08/Jan/2023:12:05:51 -0500] "POST /kwsrmcab/Wsrmcab  HTTP/1.1" 200 43926
190.84.37.253 - - [08/Jan/2023:12:05:55 -0500] "GET /BLA/boletinlegal/js/jquery.scrollShow.js HTTP/1.1" 200 4586
190.84.37.253 - - [08/Jan/2023:12:05:55 -0500] "GET /galeria/galeria/jquery.fancybox.css?v=2.1.5 HTTP/1.1" 200 4895
190.84.37.253 - - [08/Jan/2023:12:05:55 -0500] "GET /galeria/galeria/jquery.fancybox.js?v=2.1.5 HTTP/1.1" 200 48706
190.84.37.253 - - [08/Jan/2023:12:05:56 -0500] "GET /galeria/carrusel/Carrusel/jquery.thumbnailScroller.css HTTP/1.1" 200 2066
190.84.37.253 - - [08/Jan/2023:12:05:56 -0500] "GET /galeria/carrusel/Carrusel/jquery-ui-1.8.13.custom.min.js HTTP/1.1" 200 10800
190.84.37.253 - - [08/Jan/2023:12:05:56 -0500] "GET /galeria/carrusel/Carrusel/jquery.thumbnailScroller.js HTTP/1.1" 200 8157
190.84.37.253 - - [08/Jan/2023:12:05:56 -0500] "GET /galeria/nivo-slider/demo/banner.html HTTP/1.1" 200 5446
190.84.37.253 - - [08/Jan/2023:12:05:57 -0500] "GET /galeria/nivo-slider/themes/default/default.css HTTP/1.1" 200 1569
190.84.37.253 - - [08/Jan/2023:12:05:57 -0500] "GET /galeria/nivo-slider/themes/orman/orman.css HTTP/1.1" 200 2152
190.84.37.253 - - [08/Jan/2023:12:05:57 -0500] "GET /galeria/nivo-slider/themes/pascal/pascal.css HTTP/1.1" 200 2258
190.84.37.253 - - [08/Jan/2023:12:05:57 -0500] "GET /galeria/nivo-slider/nivo-slider.css HTTP/1.1" 200 1507
190.84.37.253 - - [08/Jan/2023:12:05:57 -0500] "GET /galeria/nivo-slider/demo/style.css HTTP/1.1" 200 2222
190.84.37.253 - - [08/Jan/2023:12:05:57 -0500] "GET /galeria/nivo-slider/demo/scripts/jquery-1.7.1.min.js HTTP/1.1" 200 93868
190.84.37.253 - - [08/Jan/2023:12:05:57 -0500] "GET /galeria/nivo-slider/jquery.nivo.slider.pack.js HTTP/1.1" 200 11561
190.84.37.253 - - [08/Jan/2023:12:05:57 -0500] "GET /galeria/nivo-slider/demo/images/bannertortuga_optimized.jpg HTTP/1.1" 200 39066
190.84.37.253 - - [08/Jan/2023:12:05:57 -0500] "GET /galeria/nivo-slider/demo/images/Bannermujeresquereverdecen.jpg HTTP/1.1" 200 46558
190.84.37.253 - - [08/Jan/2023:12:05:57 -0500] "GET /galeria/nivo-slider/demo/images/Bannersedeelectronica.jpg HTTP/1.1" 200 40383
190.84.37.253 - - [08/Jan/2023:12:05:57 -0500] "GET /galeria/nivo-slider/demo/images/bannerclases2021.jpg HTTP/1.1" 200 68230
190.84.37.253 - - [08/Jan/2023:12:05:57 -0500] "GET /galeria/nivo-slider/demo/images/banneraire2021.jpg HTTP/1.1" 200 265101
190.84.37.253 - - [08/Jan/2023:12:05:57 -0500] "GET /galeria/nivo-slider/demo/images/Bannervirtualescanales.jpg HTTP/1.1" 200 174544
190.84.37.253 - - [08/Jan/2023:12:05:57 -0500] "GET /galeria/nivo-slider/demo/images/bannertrafico_optimized.jpg HTTP/1.1" 200 42578
190.84.37.253 - - [08/Jan/2023:12:05:57 -0500] "GET /galeria/nivo-slider/demo/images/banneraccionpopular.jpeg HTTP/1.1" 200 41707
190.84.37.253 - - [08/Jan/2023:12:05:57 -0500] "GET /galeria/nivo-slider/demo/images/bannerrutaesperanza.jpg HTTP/1.1" 200 55560
190.84.37.253 - - [08/Jan/2023:12:05:57 -0500] "GET /galeria/nivo-slider/demo/images/Bannerplasticosseptiembre.jpg HTTP/1.1" 200 45633
190.84.37.253 - - [08/Jan/2023:12:05:57 -0500] "GET /galeria/nivo-slider/demo/images/Bannerenvases.jpg HTTP/1.1" 200 37316
190.84.37.253 - - [08/Jan/2023:12:05:57 -0500] "GET /galeria/nivo-slider/demo/images/bannercapacitacionesbogota.jpg HTTP/1.1" 200 42416
190.84.37.253 - - [08/Jan/2023:12:05:57 -0500] "GET /galeria/nivo-slider/demo/images/bannerresiduoshospitalariosagosto.jpg HTTP/1.1" 200 36499
190.84.37.253 - - [08/Jan/2023:12:05:57 -0500] "GET /galeria/nivo-slider/demo/images/banneraccionpopularcrr68.jpg HTTP/1.1" 200 51887
190.84.37.253 - - [08/Jan/2023:12:05:57 -0500] "GET /galeria/nivo-slider/themes/default/loading.gif HTTP/1.1" 200 1737
190.84.37.253 - - [08/Jan/2023:12:05:57 -0500] "GET /galeria/nivo-slider/demo/images/4Simple_Slider.png HTTP/1.1" 200 11722
190.84.37.253 - - [08/Jan/2023:12:05:58 -0500] "GET /galeria/nivo-slider/themes/default/bullets.png HTTP/1.1" 200 1281
190.84.37.253 - - [08/Jan/2023:12:05:58 -0500] "GET /galeria/nivo-slider/themes/default/arrows.png HTTP/1.1" 200 824
216.245.221.92 - - [08/Jan/2023:12:06:07 -0500] "HEAD / HTTP/1.1" 200 -
172.22.2.4 - - [08/Jan/2023:12:05:01 -0500] "HEAD /BLA/boletinlegal/ HTTP/1.1" 200 -
185.119.81.99 - - [08/Jan/2023:12:07:05 -0500] "GET /portaldeninos/wp-login.php HTTP/1.1" 200 2592
185.119.81.99 - - [08/Jan/2023:12:07:07 -0500] "POST /portaldeninos/wp-login.php HTTP/1.1" 200 3670
172.22.2.4 - - [08/Jan/2023:12:05:51 -0500] "GET /BLA/boletinlegal/ HTTP/1.1" 200 58612
201.245.192.253 - - [08/Jan/2023:12:10:49 -0500] "POST /kwsrmcab/Wsrmcab  HTTP/1.1" 200 43926
216.245.221.92 - - [08/Jan/2023:12:11:07 -0500] "HEAD / HTTP/1.1" 200 -
172.22.2.4 - - [08/Jan/2023:12:10:51 -0500] "HEAD /BLA/boletinlegal/ HTTP/1.1" 200 -
172.22.2.4 - - [08/Jan/2023:12:11:41 -0500] "GET /BLA/boletinlegal/ HTTP/1.1" 200 59404
201.245.192.253 - - [08/Jan/2023:12:15:49 -0500] "POST /kwsrmcab/Wsrmcab  HTTP/1.1" 200 43926
216.245.221.92 - - [08/Jan/2023:12:16:07 -0500] "HEAD / HTTP/1.1" 200 -
190.69.235.242 - - [08/Jan/2023:12:16:48 -0500] "GET /BLA/resoluciones/index.php?dir=AUTOS+2015%2F HTTP/1.1" 200 579441
172.22.2.4 - - [08/Jan/2023:12:16:41 -0500] "HEAD /BLA/boletinlegal/ HTTP/1.1" 200 -
201.245.192.253 - - [08/Jan/2023:12:19:04 -0500] "POST /kwsrmcab/Wsrmcab HTTP/1.1" 200 42931
201.245.192.253 - - [08/Jan/2023:12:19:07 -0500] "POST /kwsrmcab/Wsrmcab HTTP/1.1" 200 44103
172.22.2.4 - - [08/Jan/2023:12:17:31 -0500] "GET /BLA/boletinlegal/ HTTP/1.1" 200 52942
190.69.235.242 - - [08/Jan/2023:12:19:46 -0500] "GET /BLA/resoluciones/AUTOS%202015/6538.pdf HTTP/1.1" 200 283858
190.69.235.242 - - [08/Jan/2023:12:20:18 -0500] "GET /BLA/resoluciones/index.php?dir=AUTOS+2014%2F HTTP/1.1" 200 886125
190.69.235.242 - - [08/Jan/2023:12:20:25 -0500] "GET /BLA/resoluciones/AUTOS%202014/6538.pdf HTTP/1.1" 200 565995
181.237.246.97 - - [08/Jan/2023:12:20:42 -0500] "GET /sipse/faces/index.xhtml HTTP/1.1" 200 677
181.237.246.97 - - [08/Jan/2023:12:20:42 -0500] "GET /sipse/faces/javax.faces.resource/theme.css?ln=primefaces-sipse HTTP/1.1" 304 -
181.237.246.97 - - [08/Jan/2023:12:20:42 -0500] "GET /sipse/faces/faces/autenticacion.xhtml HTTP/1.1" 200 12178
181.237.246.97 - - [08/Jan/2023:12:20:42 -0500] "GET /sipse/js/disable_browser_buttons.js HTTP/1.1" 304 -
181.237.246.97 - - [08/Jan/2023:12:20:42 -0500] "GET /sipse/css/custom_css_sg.css HTTP/1.1" 304 -
181.237.246.97 - - [08/Jan/2023:12:20:42 -0500] "GET /sipse/js/funciones.js HTTP/1.1" 304 -
181.237.246.97 - - [08/Jan/2023:12:20:42 -0500] "GET /sipse/faces/javax.faces.resource/jquery/jquery.js?ln=primefaces&v=4.0 HTTP/1.1" 304 -
181.237.246.97 - - [08/Jan/2023:12:20:42 -0500] "GET /sipse/faces/javax.faces.resource/jquery/jquery-plugins.js?ln=primefaces&v=4.0 HTTP/1.1" 304 -
181.237.246.97 - - [08/Jan/2023:12:20:42 -0500] "GET /sipse/faces/javax.faces.resource/theme.css?ln=primefaces-sipse HTTP/1.1" 304 -
181.237.246.97 - - [08/Jan/2023:12:20:42 -0500] "GET /sipse/css/custom_css_sg_prime_login.css HTTP/1.1" 304 -
181.237.246.97 - - [08/Jan/2023:12:20:42 -0500] "GET /sipse/faces/javax.faces.resource/primefaces.css?ln=primefaces&v=4.0 HTTP/1.1" 304 -
181.237.246.97 - - [08/Jan/2023:12:20:42 -0500] "GET /sipse/faces/javax.faces.resource/layout/layout.css?ln=primefaces&v=4.0 HTTP/1.1" 304 -
181.237.246.97 - - [08/Jan/2023:12:20:42 -0500] "GET /sipse/faces/javax.faces.resource/primefaces.js?ln=primefaces&v=4.0 HTTP/1.1" 304 -
181.237.246.97 - - [08/Jan/2023:12:20:42 -0500] "GET /sipse/faces/javax.faces.resource/layout/layout.js?ln=primefaces&v=4.0 HTTP/1.1" 304 -
181.237.246.97 - - [08/Jan/2023:12:20:42 -0500] "GET /sipse/css/imagen/logoSDG.png HTTP/1.1" 304 -
181.237.246.97 - - [08/Jan/2023:12:20:42 -0500] "GET /sipse/css/imagen/loginimg.png HTTP/1.1" 304 -
181.237.246.97 - - [08/Jan/2023:12:20:42 -0500] "GET /sipse/faces/javax.faces.resource/images/ui-icons_898989_256x240.png?ln=primefaces-aristo HTTP/1.1" 304 -
181.237.246.97 - - [08/Jan/2023:12:20:48 -0500] "POST /sipse/faces/autenticacion.xhtml HTTP/1.1" 200 2227
181.237.246.97 - - [08/Jan/2023:12:20:48 -0500] "GET /sipse/faces/javax.faces.resource/messages/messages.png?ln=primefaces&v=4.0 HTTP/1.1" 304 -
201.245.192.253 - - [08/Jan/2023:12:20:48 -0500] "POST /kwsrmcab/Wsrmcab  HTTP/1.1" 200 43926
181.237.246.97 - - [08/Jan/2023:12:20:50 -0500] "POST /sipse/faces/autenticacion.xhtml HTTP/1.1" 200 16293
181.237.246.97 - - [08/Jan/2023:12:20:50 -0500] "GET /sipse/css/custom_css_sg_prime.css HTTP/1.1" 304 -
181.237.246.97 - - [08/Jan/2023:12:20:50 -0500] "GET /sipse/js/jquery.min.js HTTP/1.1" 304 -
181.237.246.97 - - [08/Jan/2023:12:20:50 -0500] "GET /sipse/faces/javax.faces.resource/theme.css?ln=primefaces-sipse HTTP/1.1" 304 -
181.237.246.97 - - [08/Jan/2023:12:20:50 -0500] "GET /sipse/faces/javax.faces.resource/layout/layout.css?ln=primefaces&v=4.0 HTTP/1.1" 304 -
181.237.246.97 - - [08/Jan/2023:12:20:50 -0500] "GET /sipse/faces/javax.faces.resource/primefaces.css?ln=primefaces&v=4.0 HTTP/1.1" 304 -
181.237.246.97 - - [08/Jan/2023:12:20:50 -0500] "GET /sipse/faces/javax.faces.resource/jquery/jquery.js?ln=primefaces&v=4.0 HTTP/1.1" 304 -
181.237.246.97 - - [08/Jan/2023:12:20:50 -0500] "GET /sipse/faces/javax.faces.resource/jquery/jquery-plugins.js?ln=primefaces&v=4.0 HTTP/1.1" 304 -
181.237.246.97 - - [08/Jan/2023:12:20:50 -0500] "GET /sipse/faces/javax.faces.resource/primefaces.js?ln=primefaces&v=4.0 HTTP/1.1" 304 -
181.237.246.97 - - [08/Jan/2023:12:20:50 -0500] "GET /sipse/faces/javax.faces.resource/layout/layout.js?ln=primefaces&v=4.0 HTTP/1.1" 304 -
181.237.246.97 - - [08/Jan/2023:12:20:50 -0500] "GET /sipse/imagenes/logoAplicacion.jpg HTTP/1.1" 304 -
181.237.246.97 - - [08/Jan/2023:12:20:50 -0500] "GET /sipse/imagenes/cargando.gif HTTP/1.1" 304 -
181.237.246.97 - - [08/Jan/2023:12:20:50 -0500] "GET /sipse/css/imagen/contrasena.png HTTP/1.1" 404 383
181.237.246.97 - - [08/Jan/2023:12:20:52 -0500] "GET /sipse/faces/javax.faces.resource/images/ui-bg_flat_0_2d5972_40x100.png?ln=primefaces-aristo HTTP/1.1" 304 -
181.237.246.97 - - [08/Jan/2023:12:20:52 -0500] "POST /sipse/faces/bienvenido.xhtml HTTP/1.1" 200 2073
181.237.246.97 - - [08/Jan/2023:12:20:53 -0500] "POST /sipse/faces/bienvenido.xhtml HTTP/1.1" 200 39030
181.237.246.97 - - [08/Jan/2023:12:20:53 -0500] "GET /sipse/faces/javax.faces.resource/theme.css?ln=primefaces-sipse HTTP/1.1" 304 -
181.237.246.97 - - [08/Jan/2023:12:20:53 -0500] "GET /sipse/faces/javax.faces.resource/primefaces.css?ln=primefaces&v=4.0 HTTP/1.1" 304 -
181.237.246.97 - - [08/Jan/2023:12:20:53 -0500] "GET /sipse/faces/javax.faces.resource/layout/layout.css?ln=primefaces&v=4.0 HTTP/1.1" 304 -
181.237.246.97 - - [08/Jan/2023:12:20:53 -0500] "GET /sipse/faces/javax.faces.resource/jquery/jquery.js?ln=primefaces&v=4.0 HTTP/1.1" 304 -
181.237.246.97 - - [08/Jan/2023:12:20:53 -0500] "GET /sipse/faces/javax.faces.resource/jquery/jquery-plugins.js?ln=primefaces&v=4.0 HTTP/1.1" 304 -
181.237.246.97 - - [08/Jan/2023:12:20:53 -0500] "GET /sipse/faces/javax.faces.resource/primefaces.js?ln=primefaces&v=4.0 HTTP/1.1" 304 -
181.237.246.97 - - [08/Jan/2023:12:20:53 -0500] "GET /sipse/faces/javax.faces.resource/layout/layout.js?ln=primefaces&v=4.0 HTTP/1.1" 304 -
179.43.155.157 - - [08/Jan/2023:12:20:57 -0500] "POST /boaform/admin/formLogin HTTP/1.1" 404 1186
216.245.221.92 - - [08/Jan/2023:12:21:07 -0500] "HEAD / HTTP/1.1" 200 -
181.237.246.97 - - [08/Jan/2023:12:21:20 -0500] "POST /sipse/faces/presentacion/financiero/solicitudProceso/consultar.xhtml HTTP/1.1" 200 12974
181.237.246.97 - - [08/Jan/2023:12:21:43 -0500] "POST /sipse/faces/presentacion/financiero/solicitudProceso/consultar.xhtml HTTP/1.1" 200 13014
172.22.2.4 - - [08/Jan/2023:12:22:31 -0500] "HEAD /BLA/boletinlegal/ HTTP/1.1" 200 -
172.22.2.4 - - [08/Jan/2023:12:23:21 -0500] "GET /BLA/boletinlegal/ HTTP/1.1" 200 55272
201.245.192.253 - - [08/Jan/2023:12:25:46 -0500] "POST /kwsrmcab/Wsrmcab  HTTP/1.1" 200 43926
216.245.221.92 - - [08/Jan/2023:12:26:07 -0500] "HEAD / HTTP/1.1" 200 -
172.22.2.4 - - [08/Jan/2023:12:28:08 -0500] "GET /BLA/boletinlegal/ HTTP/1.1" 200 36811
201.245.192.253 - - [08/Jan/2023:12:29:04 -0500] "POST /kwsrmcab/Wsrmcab HTTP/1.1" 200 42931
201.245.192.253 - - [08/Jan/2023:12:29:07 -0500] "POST /kwsrmcab/Wsrmcab HTTP/1.1" 200 44103
172.22.2.4 - - [08/Jan/2023:12:28:21 -0500] "HEAD /BLA/boletinlegal/ HTTP/1.1" 200 -
201.245.192.253 - - [08/Jan/2023:12:30:45 -0500] "POST /kwsrmcab/Wsrmcab  HTTP/1.1" 200 43926
172.22.2.4 - - [08/Jan/2023:12:29:11 -0500] "GET /BLA/boletinlegal/ HTTP/1.1" 200 58612
216.245.221.92 - - [08/Jan/2023:12:31:07 -0500] "HEAD / HTTP/1.1" 200 -
191.156.61.183 - - [08/Jan/2023:12:33:57 -0500] "GET / HTTP/1.1" 200 4720
191.156.48.63 - - [08/Jan/2023:12:33:57 -0500] "GET /js/url.js HTTP/1.1" 404 1294
191.156.61.183 - - [08/Jan/2023:12:33:57 -0500] "GET /css/bootstrap.min.css HTTP/1.1" 200 178212
191.156.62.93 - - [08/Jan/2023:12:33:57 -0500] "GET /css/style.css HTTP/1.1" 200 3473
191.156.55.110 - - [08/Jan/2023:12:33:57 -0500] "GET /fonts/icomoon/style.css HTTP/1.1" 200 79820
191.156.61.183 - - [08/Jan/2023:12:34:39 -0500] "GET / HTTP/1.1" 200 4720
191.156.61.183 - - [08/Jan/2023:12:34:40 -0500] "GET /css/style.css HTTP/1.1" 200 3473
191.156.56.9 - - [08/Jan/2023:12:34:40 -0500] "GET /fonts/icomoon/style.css HTTP/1.1" 200 79820
191.156.60.130 - - [08/Jan/2023:12:34:40 -0500] "GET /css/bootstrap.min.css HTTP/1.1" 200 178212
191.156.55.110 - - [08/Jan/2023:12:34:40 -0500] "GET /js/url.js HTTP/1.1" 404 1294
201.245.192.253 - - [08/Jan/2023:12:35:45 -0500] "POST /kwsrmcab/Wsrmcab  HTTP/1.1" 200 43926
172.22.2.4 - - [08/Jan/2023:12:34:11 -0500] "HEAD /BLA/boletinlegal/ HTTP/1.1" 200 -
216.245.221.92 - - [08/Jan/2023:12:36:07 -0500] "HEAD / HTTP/1.1" 200 -
172.22.2.4 - - [08/Jan/2023:12:35:01 -0500] "GET /BLA/boletinlegal/ HTTP/1.1" 200 56825
66.220.149.22 - - [08/Jan/2023:12:37:09 -0500] "GET /images/cr\xc3\xb3nica-29-nov-1_optimized.jpeg HTTP/1.1" 404 1034
201.245.192.253 - - [08/Jan/2023:12:39:04 -0500] "POST /kwsrmcab/Wsrmcab HTTP/1.1" 200 42931
201.245.192.253 - - [08/Jan/2023:12:39:06 -0500] "POST /kwsrmcab/Wsrmcab HTTP/1.1" 200 44103
185.119.81.101 - - [08/Jan/2023:12:39:35 -0500] "GET /portaldeninos/wp-login.php HTTP/1.1" 200 2592
185.119.81.101 - - [08/Jan/2023:12:39:37 -0500] "POST /portaldeninos/wp-login.php HTTP/1.1" 200 3605
201.245.192.253 - - [08/Jan/2023:12:40:44 -0500] "POST /kwsrmcab/Wsrmcab  HTTP/1.1" 200 43926
216.245.221.92 - - [08/Jan/2023:12:41:07 -0500] "HEAD / HTTP/1.1" 200 -
172.22.2.4 - - [08/Jan/2023:12:40:01 -0500] "HEAD /BLA/boletinlegal/ HTTP/1.1" 200 -
172.22.2.4 - - [08/Jan/2023:12:40:51 -0500] "GET /BLA/boletinlegal/ HTTP/1.1" 200 57824
172.22.2.4 - - [08/Jan/2023:12:43:42 -0500] "GET /BLA/boletinlegal/jurisprudencia/analisis/AnalisisT-606-15.docx HTTP/1.1" 200 26698
172.22.2.4 - - [08/Jan/2023:12:43:43 -0500] "GET /BLA/boletinlegal/apple-touch-icon-120x120-precomposed.png HTTP/1.1" 404 1140
172.22.2.4 - - [08/Jan/2023:12:43:43 -0500] "GET /BLA/boletinlegal/apple-touch-icon-120x120.png HTTP/1.1" 404 1140
172.22.2.4 - - [08/Jan/2023:12:43:43 -0500] "GET /BLA/boletinlegal/apple-touch-icon-precomposed.png HTTP/1.1" 404 1140
172.22.2.4 - - [08/Jan/2023:12:43:43 -0500] "GET /BLA/boletinlegal/apple-touch-icon.png HTTP/1.1" 404 1140
172.22.2.4 - - [08/Jan/2023:12:43:43 -0500] "GET /BLA/boletinlegal/favicon.ico HTTP/1.1" 404 1140
172.22.2.4 - - [08/Jan/2023:12:43:43 -0500] "GET /BLA/boletinlegal/apple-touch-icon-120x120-precomposed.png HTTP/1.1" 404 1140
172.22.2.4 - - [08/Jan/2023:12:43:43 -0500] "GET /BLA/boletinlegal/apple-touch-icon-120x120.png HTTP/1.1" 404 1140
172.22.2.4 - - [08/Jan/2023:12:43:43 -0500] "GET /BLA/boletinlegal/apple-touch-icon-precomposed.png HTTP/1.1" 404 1140
172.22.2.4 - - [08/Jan/2023:12:43:43 -0500] "GET /BLA/boletinlegal/apple-touch-icon.png HTTP/1.1" 404 1140
172.22.2.4 - - [08/Jan/2023:12:43:43 -0500] "GET /BLA/boletinlegal/favicon.ico HTTP/1.1" 404 1140
172.22.2.4 - - [08/Jan/2023:12:44:01 -0500] "GET /BLA/boletinlegal/ HTTP/1.1" 200 20427
201.245.192.253 - - [08/Jan/2023:12:45:43 -0500] "POST /kwsrmcab/Wsrmcab  HTTP/1.1" 200 43926
216.245.221.92 - - [08/Jan/2023:12:46:07 -0500] "HEAD / HTTP/1.1" 200 -
172.22.2.4 - - [08/Jan/2023:12:45:50 -0500] "HEAD /BLA/boletinlegal/ HTTP/1.1" 200 -
172.22.2.4 - - [08/Jan/2023:12:46:41 -0500] "GET /BLA/boletinlegal/ HTTP/1.1" 200 59404
201.245.192.253 - - [08/Jan/2023:12:50:41 -0500] "POST /kwsrmcab/Wsrmcab  HTTP/1.1" 200 43926
216.245.221.92 - - [08/Jan/2023:12:51:07 -0500] "HEAD / HTTP/1.1" 200 -
162.55.41.96 - - [08/Jan/2023:12:52:55 -0500] "GET / HTTP/1.1" 200 319
172.22.2.4 - - [08/Jan/2023:12:51:40 -0500] "HEAD /BLA/boletinlegal/ HTTP/1.1" 200 -
172.22.2.4 - - [08/Jan/2023:12:52:31 -0500] "GET /BLA/boletinlegal/ HTTP/1.1" 200 59404
201.245.192.253 - - [08/Jan/2023:12:55:40 -0500] "POST /kwsrmcab/Wsrmcab  HTTP/1.1" 200 43926
216.245.221.92 - - [08/Jan/2023:12:56:07 -0500] "HEAD / HTTP/1.1" 200 -
186.29.210.5 - - [08/Jan/2023:12:56:30 -0500] "GET /appsia/controlador HTTP/1.1" 200 4799
186.29.210.5 - - [08/Jan/2023:12:56:30 -0500] "GET /appsia/css/estilos.css HTTP/1.1" 200 4804
186.29.210.5 - - [08/Jan/2023:12:56:30 -0500] "GET /appsia/scripts/validarIngreso.js HTTP/1.1" 200 851
186.29.210.5 - - [08/Jan/2023:12:56:30 -0500] "GET /appsia/images/logo_bogota_p.png HTTP/1.1" 200 14951
186.29.210.5 - - [08/Jan/2023:12:56:30 -0500] "GET /appsia/images/cabezoteHojaVida.png HTTP/1.1" 200 32493
186.29.210.5 - - [08/Jan/2023:12:56:30 -0500] "GET /favicon.ico HTTP/1.1" 200 7782
172.22.2.4 - - [08/Jan/2023:12:57:30 -0500] "HEAD /BLA/boletinlegal/ HTTP/1.1" 200 -
172.22.2.4 - - [08/Jan/2023:12:58:21 -0500] "GET /BLA/boletinlegal/ HTTP/1.1" 200 57824
201.245.192.253 - - [08/Jan/2023:13:00:39 -0500] "POST /kwsrmcab/Wsrmcab  HTTP/1.1" 200 43926
216.245.221.92 - - [08/Jan/2023:13:01:07 -0500] "HEAD / HTTP/1.1" 200 -
82.151.125.168 - - [08/Jan/2023:13:02:27 -0500] "GET /boaform/admin/formLogin?username=adminisp&psd=adminisp HTTP/1.0" 404 1019
172.22.2.4 - - [08/Jan/2023:13:03:20 -0500] "HEAD /BLA/boletinlegal/ HTTP/1.1" 200 -
201.245.192.253 - - [08/Jan/2023:13:05:38 -0500] "POST /kwsrmcab/Wsrmcab  HTTP/1.1" 200 43926
186.29.210.5 - - [08/Jan/2023:13:05:47 -0500] "GET /appsia/controlador HTTP/1.1" 200 4799
186.29.210.5 - - [08/Jan/2023:13:05:47 -0500] "GET /appsia/css/estilos.css HTTP/1.1" 200 4804
186.29.210.5 - - [08/Jan/2023:13:05:47 -0500] "GET /appsia/scripts/validarIngreso.js HTTP/1.1" 200 851
186.29.210.5 - - [08/Jan/2023:13:05:47 -0500] "GET /appsia/images/logo_bogota_p.png HTTP/1.1" 200 14951
186.29.210.5 - - [08/Jan/2023:13:05:47 -0500] "GET /appsia/images/cabezoteHojaVida.png HTTP/1.1" 200 32493
186.29.210.5 - - [08/Jan/2023:13:05:47 -0500] "GET /favicon.ico HTTP/1.1" 200 7782
172.22.2.4 - - [08/Jan/2023:13:04:11 -0500] "GET /BLA/boletinlegal/ HTTP/1.1" 200 58612
216.245.221.92 - - [08/Jan/2023:13:06:07 -0500] "HEAD / HTTP/1.1" 200 -
186.29.210.5 - - [08/Jan/2023:13:10:34 -0500] "POST /appsia/controlador HTTP/1.1" 200 4621
181.49.187.134 - - [08/Jan/2023:13:10:37 -0500] "GET /appsia/controlador HTTP/1.1" 200 4799
181.49.187.134 - - [08/Jan/2023:13:10:37 -0500] "GET /appsia/css/estilos.css HTTP/1.1" 200 4804
181.49.187.134 - - [08/Jan/2023:13:10:38 -0500] "GET /appsia/scripts/validarIngreso.js HTTP/1.1" 200 851
181.49.187.134 - - [08/Jan/2023:13:10:38 -0500] "GET /appsia/images/cabezoteHojaVida.png HTTP/1.1" 200 32493
181.49.187.134 - - [08/Jan/2023:13:10:38 -0500] "GET /appsia/images/logo_bogota_p.png HTTP/1.1" 200 14951
