65.21.35.195 - - [08/Jan/2023:15:35:50 -0500] "GET /portaldeninos/wp-content/plugins/gallery-videos/JS/Total-Soft-Gallery-Video-Widget.js?ver=4.9.8 HTTP/1.1" 200 80264
65.21.35.195 - - [08/Jan/2023:15:35:50 -0500] "GET /portaldeninos/wp-includes/js/jquery/ui/sortable.min.js?ver=1.11.4 HTTP/1.1" 200 24899
65.21.35.195 - - [08/Jan/2023:15:35:51 -0500] "GET /portaldeninos/wp-content/themes/betheme/assets/animations/animations.min.js?ver=20.9.6 HTTP/1.1" 200 1896
65.21.35.195 - - [08/Jan/2023:15:35:51 -0500] "GET /portaldeninos/wp-includes/js/wp-embed.min.js?ver=4.9.8 HTTP/1.1" 200 1398
65.21.35.195 - - [08/Jan/2023:15:35:51 -0500] "GET /portaldeninos/wp-content/themes/betheme/assets/jplayer/jplayer.min.js?ver=20.9.6 HTTP/1.1" 200 52702
65.21.35.195 - - [08/Jan/2023:15:35:51 -0500] "GET /portaldeninos/wp-content/themes/betheme/js/scripts.js?ver=20.9.6 HTTP/1.1" 200 77162
65.21.35.195 - - [08/Jan/2023:15:35:51 -0500] "GET /portaldeninos/wp-content/themes/betheme/js/plugins.js?ver=20.9.6 HTTP/1.1" 200 197151
65.21.35.195 - - [08/Jan/2023:15:36:01 -0500] "GET /portaldeninos/wp-includes/js/jquery/jquery-migrate.min.js?ver=1.4.1 HTTP/1.1" 200 10056
65.21.35.195 - - [08/Jan/2023:15:36:01 -0500] "GET /portaldeninos/wp-includes/js/jquery/ui/core.min.js?ver=1.11.4 HTTP/1.1" 200 4000
65.21.35.195 - - [08/Jan/2023:15:36:01 -0500] "GET /portaldeninos/wp-content/plugins/gallery-videos/JS/modernizr.custom.js?ver=4.9.8 HTTP/1.1" 200 9019
65.21.35.195 - - [08/Jan/2023:15:36:01 -0500] "GET /portaldeninos/wp-content/plugins/google-analytics-for-wordpress/assets/js/frontend-gtag.min.js?ver=8.5.0 HTTP/1.1" 200 11801
65.21.35.195 - - [08/Jan/2023:15:36:02 -0500] "GET /portaldeninos/wp-includes/js/jquery/ui/widget.min.js?ver=1.11.4 HTTP/1.1" 200 6908
65.21.35.195 - - [08/Jan/2023:15:36:02 -0500] "GET /portaldeninos/wp-includes/js/jquery/ui/mouse.min.js?ver=1.11.4 HTTP/1.1" 200 3148
65.21.35.195 - - [08/Jan/2023:15:36:02 -0500] "GET /portaldeninos/wp-includes/js/jquery/ui/accordion.min.js?ver=1.11.4 HTTP/1.1" 200 8584
65.21.35.195 - - [08/Jan/2023:15:36:01 -0500] "GET /portaldeninos/wp-content/plugins/gallery-videos/JS/Total-Soft-Gallery-Video-Widget.js?ver=4.9.8 HTTP/1.1" 200 80264
65.21.35.195 - - [08/Jan/2023:15:36:02 -0500] "GET /portaldeninos/wp-includes/js/jquery/ui/tabs.min.js?ver=1.11.4 HTTP/1.1" 200 12110
65.21.35.195 - - [08/Jan/2023:15:36:02 -0500] "GET /portaldeninos/wp-content/themes/betheme/js/menu.js?ver=20.9.6 HTTP/1.1" 200 2449
65.21.35.195 - - [08/Jan/2023:15:36:02 -0500] "GET /portaldeninos/wp-includes/js/jquery/ui/sortable.min.js?ver=1.11.4 HTTP/1.1" 200 24899
65.21.35.195 - - [08/Jan/2023:15:36:02 -0500] "GET /portaldeninos/wp-content/themes/betheme/assets/animations/animations.min.js?ver=20.9.6 HTTP/1.1" 200 1896
65.21.35.195 - - [08/Jan/2023:15:36:03 -0500] "GET /portaldeninos/wp-includes/js/wp-embed.min.js?ver=4.9.8 HTTP/1.1" 200 1398
65.21.35.195 - - [08/Jan/2023:15:36:01 -0500] "GET /portaldeninos/wp-includes/js/jquery/jquery.js?ver=1.12.4 HTTP/1.1" 200 97184
65.21.35.195 - - [08/Jan/2023:15:36:03 -0500] "GET /portaldeninos/wp-includes/js/wp-emoji-release.min.js?ver=4.9.8 HTTP/1.1" 200 12026
65.21.35.195 - - [08/Jan/2023:15:36:02 -0500] "GET /portaldeninos/wp-content/themes/betheme/assets/jplayer/jplayer.min.js?ver=20.9.6 HTTP/1.1" 200 52702
65.21.35.195 - - [08/Jan/2023:15:36:03 -0500] "GET /portaldeninos/wp-content/themes/betheme/js/scripts.js?ver=20.9.6 HTTP/1.1" 200 77162
65.21.35.195 - - [08/Jan/2023:15:36:02 -0500] "GET /portaldeninos/wp-content/themes/betheme/js/plugins.js?ver=20.9.6 HTTP/1.1" 200 197151
216.245.221.92 - - [08/Jan/2023:15:36:07 -0500] "HEAD / HTTP/1.1" 200 -
172.22.2.4 - - [08/Jan/2023:15:35:00 -0500] "HEAD /BLA/boletinlegal/ HTTP/1.1" 200 -
172.22.2.4 - - [08/Jan/2023:15:37:18 -0500] "GET /BLA/boletinlegal/Circulares/2019/.pdf HTTP/1.1" 404 1218
172.22.2.4 - - [08/Jan/2023:15:37:27 -0500] "GET /BLA/boletinlegal/Circulares/2012/Circular%20No.%2010%20del%2026%20de%20Enero%20de%202012.pdf HTTP/1.1" 404 1218
172.22.2.4 - - [08/Jan/2023:15:35:50 -0500] "GET /BLA/boletinlegal/ HTTP/1.1" 200 57824
191.156.190.150 - - [08/Jan/2023:15:38:52 -0500] "GET /galeria/galeria/jquery.fancybox.css?v=2.1.5 HTTP/1.1" 200 4895
191.156.190.150 - - [08/Jan/2023:15:38:52 -0500] "GET /galeria/galeria/jquery.fancybox.js?v=2.1.5 HTTP/1.1" 200 48706
191.156.187.197 - - [08/Jan/2023:15:38:52 -0500] "GET /BLA/boletinlegal/js/jquery.scrollShow.js HTTP/1.1" 200 4586
201.245.192.253 - - [08/Jan/2023:15:39:03 -0500] "POST /kwsrmcab/Wsrmcab HTTP/1.1" 200 43652
201.245.192.253 - - [08/Jan/2023:15:39:06 -0500] "POST /kwsrmcab/Wsrmcab HTTP/1.1" 200 44258
186.80.198.53 - - [08/Jan/2023:15:39:23 -0500] "GET /BLA/resoluciones/RESOLUCIONES%202018/2418.pdf HTTP/1.1" 200 249141
201.245.192.253 - - [08/Jan/2023:15:40:08 -0500] "POST /kwsrmcab/Wsrmcab  HTTP/1.1" 200 43926
216.245.221.92 - - [08/Jan/2023:15:41:07 -0500] "HEAD / HTTP/1.1" 200 -
220.181.108.84 - - [08/Jan/2023:15:41:57 -0500] "GET /galeria/galeria/fotos/diaSC7Peq.jpg HTTP/1.1" 200 18357
172.22.2.4 - - [08/Jan/2023:15:40:50 -0500] "HEAD /BLA/boletinlegal/ HTTP/1.1" 200 -
172.22.2.4 - - [08/Jan/2023:15:41:40 -0500] "GET /BLA/boletinlegal/ HTTP/1.1" 200 57824
183.136.225.32 - - [08/Jan/2023:15:43:29 -0500] "-" 408 -
190.102.126.66 - - [08/Jan/2023:15:44:59 -0500] "GET /BLA/resoluciones/AUTOS%202014/4357.pdf HTTP/1.1" 200 524449
201.245.192.253 - - [08/Jan/2023:15:45:07 -0500] "POST /kwsrmcab/Wsrmcab  HTTP/1.1" 200 43926
40.77.167.60 - - [08/Jan/2023:15:45:14 -0500] "GET /Residuos/lavanderias/files/guia_lavanderias.pdf HTTP/1.1" 304 -
216.245.221.92 - - [08/Jan/2023:15:46:07 -0500] "HEAD / HTTP/1.1" 200 -
190.145.240.68 - - [08/Jan/2023:15:46:51 -0500] "GET /kwssiamovil/sm/ldap/au?x=U2FsdGVkX19G48hHtXj3XoI9I3fnwQLp/xAlw3k1DrLC/4tlZYVlnolwdDdnApHh&y=U2FsdGVkX1+Uj5+rwIDfh09qeWqLCS6ZI+pNgkZvF47i7WjIbg2N1kyee2e6eUdz HTTP/1.1" 200 30
190.145.240.68 - - [08/Jan/2023:15:46:51 -0500] "GET /kwssiamovil/sm/acme/s?s=U2FsdGVkX1/9g6N9JbuvYSwEDJsD/bEDNPjm26V/1DnXiT8103fuN7cveJy71qED8g/A4NqrzyRCvOFpbUa206Rzqk2Lyz+o6MXiyklGNHA=&u=U2FsdGVkX1+fmJsKR0tpNcDxbDLNNLZK1BmDUJkNMCU=&y=U2FsdGVkX1+Uj5+rwIDfh09qeWqLCS6ZI+pNgkZvF47i7WjIbg2N1kyee2e6eUdz HTTP/1.1" 200 97
190.145.240.68 - - [08/Jan/2023:15:46:52 -0500] "GET /kwssiamovil/sm/acme/s?s=U2FsdGVkX1+fOvpwVPSQH07B0/wYuPdS4t2JVDBdWXbtd86Rp+B8vlwEx7hLZwW2hpmI1BbL9QBbDaGmWqdSNJOxdhYjvsrCah2nEI1MantckvwhDPH/S8ciZO8gd0i8gaOGtUpeQli83UKs4IfF/qSus+QiuZTvuCIp51Baw7esNpVCNP7FGhAmgxlyZTT3/x5if1IesZuhWYudv97F6mfB7B1Sn4CVkxwjUbGETR0Cj2X3THQy9bomyluX4noxu0bW55Cm3mL+BPS787ZT0dfwP3z6nltPjS7PnnmAxLN62jkEu8SJKJQr2hHkwhpHL68EvApEmRFUf0X3/jxHvjK2+P+QbP/GAk/9cGb9qTQbQipV6ER/WD49nAIr9oTJoxj/6ff8IA+ruOIhO0lafXMlAovpjkt/7Bsug9Yen/hMya/9/sLh1bjVosm+mCf8X+zVOxS0rU4AcNLq5TjTYXkKxFv2RvIn4AmCXn56WZtP6EkMvLm10Z9hVBoQz4T+c4abfYk8et8xN7/D5OD+QqYZEsJUamKjZ7goptRFceZbyu4SUTwqE5/285fqPgd1ZTjMKIf374hQ9yAnG7RZSiZ6Ty4kbn1XvZFXQJ4Fs7q/MyS27WKSBgbCYBSIMRgnQhyOrlLHgqQIIcUSAtvqCI/VcOKZzP2tZ9L97kzsZFIlZuuegwxzAY3E5kTuE7hNY9m7tJE5SlSX0k+pSvzBJPx6jGU4mwTPkDTeJGCYwdzDOOxMCoBfhNHHv4ONXA06C9PFSgtQYpadtUsgAizl4e4bzu/6VifknHWAN0nIduSqqmGQ0qONhmvqDjozP6MKbyfHTLmzDS+T7cRMT0sFOdahiIJpRhkCTJ57gHkm0DEgpZ0XdeYGQq0qIwiOq3o2dVmDGYZuUPDpj4XmFPpiYIvUwygYITb7e+lfXfKdk/CFYfr1pWU51+l2o5+I3cfpf7L9PW/DqaEqEfQPwPRcQD7mH9N+cjm9viiDZdZ9K8ajVgQ4msqWYhy279LmEs6Z4eJQkFcq5pyIIxgOZFsu2FWAAbF0NjcA5o19F+1QU8Us3SnjQMUWkLsojIugtISyZGq3267SDlPhp2ggtAAvZxHDzaGxqwEwhZM27M82YtAR7FyPl4yn//hLBss9j6rdJzLT0B8xqCyBW832ZJAEJfRQgxqnKM83ygSm5VrJUlLsZY0ZHMeVJ1goVghsOqNBHW2xdMxfny3/thuySP8sx1UHNCpDrpUXztdSIjbtDCwOfZhMP7Lkfa5k3Bs1PGsaqOzmSxbdbNUuvsvfqDh+phRayR0o/u3/oETfCO4nThH9FdwQ+wB347NhclH4HxWNmPuo13+X2XOQiSW8xOMhJduimie0MPSIN+cW7NudntF66+8PuHKSVi4M+143RYElePa8lStwenBCe9Zh++FSWINoMTVVQDZ7kxGnWcfte+4=&u=U2FsdGVkX1+fmJsKR0tpNcDxbDLNNLZK1BmDUJkNMCU=&y=U2FsdGVkX1+Uj5+rwIDfh09qeWqLCS6ZI+pNgkZvF47i7WjIbg2N1kyee2e6eUdz HTTP/1.1" 200 373
190.145.240.68 - - [08/Jan/2023:15:46:52 -0500] "GET /kwssiamovil/sm/acme/s?s=U2FsdGVkX1/pfbYKLsgqBD6UUe4wLW+0j7jVMCcKebckczPtTChRlCmwJi8cyAefyYL7UdjSaArF09kyZA5sU3WLbx719hwyaA2s/rKhdFnbv65tppeYl2+9BV0HXHet5Mk0GHV0YGMjIGSgbUwkmKYQUuDeb8fpADpvSJtH6JBJQ4h7AZiR2IF5T1btmZRoxw7+iMPUNqCW0vJUGIb3CsTeN+FWntC0AIB+IrPYFmBFGmeV3EujUB3ojQI9r2GF5YAxQRZX16ATpxyB0UH/wd9dGcPexj41w7+6dJMJAfHXtACB6LZXNN1ivICmUzkdxn9OeK07jdbuyDewm0o2aA==&u=U2FsdGVkX1+fmJsKR0tpNcDxbDLNNLZK1BmDUJkNMCU=&y=U2FsdGVkX1+Uj5+rwIDfh09qeWqLCS6ZI+pNgkZvF47i7WjIbg2N1kyee2e6eUdz HTTP/1.1" 200 196
190.145.240.68 - - [08/Jan/2023:15:46:52 -0500] "GET /kwssiamovil/sm/cjson/pre?f=1&x=U2FsdGVkX19G48hHtXj3XoI9I3fnwQLp/xAlw3k1DrLC/4tlZYVlnolwdDdnApHh HTTP/1.1" 200 31032
172.22.2.4 - - [08/Jan/2023:15:46:40 -0500] "HEAD /BLA/boletinlegal/ HTTP/1.1" 200 -
172.22.2.4 - - [08/Jan/2023:15:48:44 -0500] "GET /BLA/boletinlegal/robots.txt HTTP/1.1" 404 1037
172.22.2.4 - - [08/Jan/2023:15:48:44 -0500] "GET /BLA/boletinlegal/robots.txt HTTP/1.1" 404 1037
172.22.2.4 - - [08/Jan/2023:15:47:30 -0500] "GET /BLA/boletinlegal/ HTTP/1.1" 200 54100
185.119.81.101 - - [08/Jan/2023:15:50:07 -0500] "GET /portaldeninos/wp-login.php HTTP/1.1" 200 2592
185.119.81.101 - - [08/Jan/2023:15:50:08 -0500] "POST /portaldeninos/wp-login.php HTTP/1.1" 200 3670
201.245.192.253 - - [08/Jan/2023:15:50:06 -0500] "POST /kwsrmcab/Wsrmcab  HTTP/1.1" 200 43926
172.22.2.4 - - [08/Jan/2023:15:48:52 -0500] "GET /BLA/boletinlegal/ HTTP/1.1" 200 61323
216.245.221.92 - - [08/Jan/2023:15:51:07 -0500] "HEAD / HTTP/1.1" 200 -
162.55.175.24 - - [08/Jan/2023:15:52:49 -0500] "GET / HTTP/1.1" 200 319
172.22.2.4 - - [08/Jan/2023:15:52:30 -0500] "HEAD /BLA/boletinlegal/ HTTP/1.1" 200 -
172.22.2.4 - - [08/Jan/2023:15:53:20 -0500] "GET /BLA/boletinlegal/ HTTP/1.1" 200 55272
201.245.192.253 - - [08/Jan/2023:15:55:05 -0500] "POST /kwsrmcab/Wsrmcab  HTTP/1.1" 200 43926
216.245.221.92 - - [08/Jan/2023:15:56:07 -0500] "HEAD / HTTP/1.1" 200 -
202.162.213.254 - - [08/Jan/2023:15:56:59 -0500] "GET / HTTP/1.1" 200 319
172.22.2.4 - - [08/Jan/2023:15:58:20 -0500] "HEAD /BLA/boletinlegal/ HTTP/1.1" 200 -
201.245.192.253 - - [08/Jan/2023:16:00:05 -0500] "POST /kwsrmcab/Wsrmcab  HTTP/1.1" 200 43926
172.22.2.4 - - [08/Jan/2023:15:59:10 -0500] "GET /BLA/boletinlegal/ HTTP/1.1" 200 57192
216.245.221.92 - - [08/Jan/2023:16:01:07 -0500] "HEAD / HTTP/1.1" 200 -
172.22.2.4 - - [08/Jan/2023:16:01:41 -0500] "GET /BLA/boletinlegal/Circulares/2022/DIRECTIVA%20No.%2000005%20DEL%2030%20DE%20JUNIO%20DEL%202022.pdf HTTP/1.1" 304 -
201.245.192.253 - - [08/Jan/2023:16:05:03 -0500] "POST /kwsrmcab/Wsrmcab  HTTP/1.1" 200 43926
172.22.2.4 - - [08/Jan/2023:16:04:10 -0500] "HEAD /BLA/boletinlegal/ HTTP/1.1" 200 -
216.245.221.92 - - [08/Jan/2023:16:06:07 -0500] "HEAD / HTTP/1.1" 200 -
172.22.2.4 - - [08/Jan/2023:16:05:00 -0500] "GET /BLA/boletinlegal/ HTTP/1.1" 200 59404
40.77.167.60 - - [08/Jan/2023:16:07:27 -0500] "GET /BLA/resoluciones/AUTOS%202022/4903.pdf HTTP/1.1" 304 -
201.245.192.253 - - [08/Jan/2023:16:10:03 -0500] "POST /kwsrmcab/Wsrmcab  HTTP/1.1" 200 43926
216.245.221.92 - - [08/Jan/2023:16:11:07 -0500] "HEAD / HTTP/1.1" 200 -
172.22.2.4 - - [08/Jan/2023:16:10:50 -0500] "GET /BLA/boletinlegal/ HTTP/1.1" 200 24523
172.22.2.4 - - [08/Jan/2023:16:10:00 -0500] "HEAD /BLA/boletinlegal/ HTTP/1.1" 200 -
172.22.2.4 - - [08/Jan/2023:16:10:50 -0500] "GET /BLA/boletinlegal/ HTTP/1.1" 200 54816
173.252.95.18 - - [08/Jan/2023:16:14:11 -0500] "GET /humedales-por-que-son-importantes-en-epoca-de-lluvia.html HTTP/1.1" 206 793
173.252.87.120 - - [08/Jan/2023:16:14:13 -0500] "GET /images/humedal-agua-lluvias-bogota-18-marzo.jpg HTTP/1.1" 200 146923
201.245.192.253 - - [08/Jan/2023:16:15:02 -0500] "POST /kwsrmcab/Wsrmcab  HTTP/1.1" 200 43926
216.245.221.92 - - [08/Jan/2023:16:16:07 -0500] "HEAD / HTTP/1.1" 200 -
172.22.2.4 - - [08/Jan/2023:16:15:50 -0500] "HEAD /BLA/boletinlegal/ HTTP/1.1" 200 -
172.22.2.4 - - [08/Jan/2023:16:16:40 -0500] "GET /BLA/boletinlegal/ HTTP/1.1" 200 59035
201.245.192.253 - - [08/Jan/2023:16:19:03 -0500] "POST /kwsrmcab/Wsrmcab HTTP/1.1" 200 44070
201.245.192.253 - - [08/Jan/2023:16:19:06 -0500] "POST /kwsrmcab/Wsrmcab HTTP/1.1" 200 44257
201.245.192.253 - - [08/Jan/2023:16:20:00 -0500] "POST /kwsrmcab/Wsrmcab  HTTP/1.1" 200 43926
216.245.221.92 - - [08/Jan/2023:16:21:07 -0500] "HEAD / HTTP/1.1" 200 -
190.145.240.68 - - [08/Jan/2023:16:21:18 -0500] "GET /kwssiamovil/sm/acme/a?s=U2FsdGVkX19zLuG5cAipWpAOGIN8nhDfa0ekuH7Y8mDAXw+4sCSIOF+VIsYBfO0mDdNQNpWWHxraM5l428+etiSc3JDg+uRmuFUtkkSFrU96j0557qkdWxd659B7SZYuU9+lhDIgaSj4hGKzZp/LB+HjjdNwHHC21hXTRCzfBSr0WopF4iALjgX2tVWdZHbxTtFMS9nR7tiA8G956xrI5Qkpy3tSWHfrPLUyVGaUh4GmuBDKbbk0pDFjoLMVf82QA0Nq+e0q+fYob5YF6JuNUQ==&u=U2FsdGVkX1+fmJsKR0tpNcDxbDLNNLZK1BmDUJkNMCU=&y=U2FsdGVkX1+Uj5+rwIDfh09qeWqLCS6ZI+pNgkZvF47i7WjIbg2N1kyee2e6eUdz HTTP/1.1" 200 26
190.145.240.68 - - [08/Jan/2023:16:21:18 -0500] "GET /kwssiamovil/sm/acme/a?s=U2FsdGVkX1/TlMW3M+lPoBu+Gxfl/gqCIY94bH9/FYEJqwPb3jxgMxIMwyPSmgvKQ+2LPdQutufaDf/x3Vaano72q2MDd027ij0TwL67Y02sLnFfSwWTnnDzwbhwwW2tkTDiRnTiWldDVsNkp3Ujo7CtU9brRcmtwk+QJaUjgtShxdXhkHBL5ZVJKL71X22Uv5Ty3DftmY0LgkxU8ktPJaICDHRnEdI27y3U/N+KmTVvwo0hCf3L0BlxvUjB2p7iQQpmrTTVVY1yTr88p06cOsKtM6ogybwRT20wQkm5Cz9jujBQaD7Mh9ohGGwN4jWisfW0MoX/OlFwK8vg4yuECZPlcNKjj51LecoTxbaBcvuBSyzzLMKTT9aep1nJHaIvsp74OqzdsalS9j7wcZP+HMgiCspCBgD9L6EReVDjQjUCmlAPdR/sumYCk31248xkA4a6xe/ExubOKStmVJaYIReM7JCKWb8tDt8DBh2xAb/KO7EpX6WWgjkB1hFyVRaS1opjhDKCD1OBa7eRxMFuFafBmKTW3EFEoojJjKKUVl48Vk1QpC9Jy1QpI79FuKka7cs8x9AGQZLRG9oHaxvg8eCW9CDt7VgVPIcquUxQT0ze4Gze/v74OoRNLB57jvWyp0Ncofx2jcQrOZ0J6f9oxTXnyhePM51uSPPi8ySh6oXVq8qA77FdBQQs1vZB9lmZzRWlF/Jnfxv2FL37zmv2Mon1p9TIME2rsOqnVuy/70KWTdkxbLyqtDFswukMd05VEP/RfwybC7Y5ylfl/oSNyl5RSLnskf8uwjj5oat6/tNmyoVbW43TB1KrHKt36vzk513ar3MNPICEMWHtE+QDdD9leFhuPEP9EHvMjPPVEF6zP+0LQamYOR5lUIALDr+32IP8vwXoTBW/oUSX/MtR1EK5jTEyU8sO1RbE5t0JoVcMM2VxU5o4zomS/xOTZ6TCn0sp/g1K8wxvCND0haVbrAZD+RJ48gUg9tSyb/zZVoRvv8WPauNP9ysbTrrInXVXtG2qiBhgeDWE8ZFWUlLtpX52skWdJ+tt/AmQCHryqlyB+eJmIB7hU8zg5EkzgjYPMzBR9sDlI7xPXBGmns5htGW0UFp5I4y6ELia0PmO6r3z/aDyfEMnQ1Gz5bHasYS304sA3jz+Bu4WE29i41lTP5HQFmU1fet0oFx7VBC5xR41PXCvByoFAQg5cQ59EtJMoGPZvJrME0lSSCANoM3+Aiqis4Ry5njmk/ikCV3hIHxbOPya33H6aOw7ma36RW1c9ppQfSRvTqzVzvMD7Zs1GtqJAHgqpo5yM9JEyTvkfIMODHOVDmcxDAyoBF/CP/wSBWKiu9fJPmrH6KSKp3s8BM4Y+ODEyKnYg+V8MoqkMU1IWqOjrJpcxTzvGuePuhlGKKl0ZKfbhXq9EOvPKyGOPvm3WggFouxkC34OzBx3MiHQV/OQ1iKG/9HSDYaQOxM2HfJy+xKwt+WkUQ2hRWBsYx76M/NQgGDrxzvA0XVKP8q+qqbeRvSBwckIDFTRSzUn3R0vyzvWtAvmlv+KCQrm2Of2GfkbaLoqWEWnbz5nZxZ64lJ/4lWyf/tnZR2Z/E8vjp7NZvWSWqWeXOYiKHmkAhqWQj5vtxwr76H7vdXO76d5OwWeuV8u2DQqM791nVCmx4gycmpxXuubIe9f6c5eKstfR7nqr2BjkUODlz7n+3vcX7fZ+umN7XoGDBht0888YG84NUtCDMhSPDdSf/123zlaDhQZ5ME/DUg+KSvDX7kIRvss5vU9sUsPl/L/Hj0ZuLpAAZ/vORlrPlF+5cx1oWMg+IS2Pn89eaOt94En6QGbShEHKyRBcaKD5hwNnJKUAYyFG41blLDCxGGVb66d4ilqDYRDYu5mZqVvNcsdPq1HG0c5S8ePhvmlW/0gTf0kSvZl8xC1HuJuhv7Dg28i6pYialE3BNQyKeB4QfIXHDHx+AlWWQYu+CafJDOHgcel+wQm/qciePSQADjtaS4FKi63pu3HU7z7jCuOkVJ/IxDUxGT1v2HsGvAYY29L92tEAYovfG8mIfgZJrswuNM2Vvcb2jSxPMC65x3d9tX+qFXYU8wnfIaJ8PF9EFRmj3F0/0wYoCVfpGu97yc6J9jXfp8iYI2FyZGUU5ZvN5xq61XOPv5TDulaAfoTZXJesWw50bfUZbbumima5ImJkTxWI2Ow5uchjRTH0AInTCW/ZMgF4yc6H9LOf+T9RWG2gt5+r4IW5k2Cozpu3yK0A3vSdpjoaILf49U/QNNCItHCT1YqD6A0k3ENyMRMLpSvLNERplihj1VnXJXhwkAQtaQgz4F7fus5/I/Cafl9+02gOKq/GlDfxEELvEJQhox//b/iisPZ0q67q1NvM9QiXX0JrjIpZC7JzENJNzL/TWH9yfEaswwOll+YN912cLi5/ONQlkAq+kRM7iSLGW4vQZzpFrx4gi/CK5nvpKANGEjAN0n0Ot09GcXI6UaRhcewPH2WViInzl4ARoB+CrGn3FBy5OwRlhS2npr7g6mg0lFPHij49m4JdBbGNfE57L2Ggwv8ypNRt5+GBaQZI7d5t+P6++hhg0A1iL9JRXhzQxlA6Q7qg7gWONsYqi4cioiai/ZWxzgsi/A2pQG22fVPn+JwpXcqOs0FQ5oI4nbJpbmpZVO1+ETqK9fdzy+bEp8sCpeJtW0g+re/IXoRAEvMhlvNNVetreiXUAZKXlOgrsMXyZqCPJaPbwLoP2qKHBhueBFxSJIuBFn9hqkXZcn8ui0hmoNApiObA6KMDhInPkbZwSx+iZy73eEtX2L7KFc0r1gobVfaP3jDMhK0ywP00i4JXMFScAiOFOBSo2lYEN7Tw5qENO5J/WfISlelluTnWPoUtu8qaEH9wfK50kKhbFrrJSWpmQCdf31kKH8k/+UNmCwTgrFq7z0QrgAcxItDJaELMZGwfAuDZCvIpWYuSTRuKXi3V79ez1VdSmSlHrbh7mluMHXsWu4UqV09gvGqXiFApPdctLGQTzjVuKbaI2baF8W7jZtgQIUVGMcCp6j9I16Fu8YWFNpPDqaah1roNHUu45hFuED/vv/RBYn4tBE05r5I8Nm8EVdA9U/jVmddDlo/wC0vxjPPRAahVY0pWZCoLRm9i5Fprb7lfRgw0OxVLaFyyHcNVfVTb0+7jBef0xng7qKyi8tWlkhk4GDRff8VkUkpvNk01/whFKxZDkfVjRJBedz4nXBDXLc7lww+z4u9OEhXh+SOM602xMq0nIl2ep7ESPiSxmxpCwCsg0uHxSa8CNicpcpU9oZR9TYfJVORIv5i5CvHI4Vg6UAFhgh+jaDYVDL9u10RQFMHc+f5YTC4q9vZLnOMJArnrKKcQZkZ0rCxnmmT3mBY+VuwH6daxUExCjPZZoseR6TPtLCb6lL0AxgGGz+DdeCttoewONGEK8HwC+rAto+3qUvXce7X7LC35BgW0GNpfjdjcTFZfzmgrgrejTG3x/zJ9JcMfRFonvqJvdckDgOyObopPeItx3qlPlD5xAYqEyTLKrxmuvfYxuwLv6OjMmjd0gZlRWpvmdDPZrMVe3JXrd03uz7Xo1oEuD3LGjf9jyyd7jkJ5nRIx6FO0BMw+JhtSwKPKuGfX6RPfDfhr4DPaq0GeGXIKjspq6RN0440JoVHBfMiqw==&u=U2FsdGVkX1+fmJsKR0tpNcDxbDLNNLZK1BmDUJkNMCU=&y=U2FsdGVkX1+Uj5+rwIDfh09qeWqLCS6ZI+pNgkZvF47i7WjIbg2N1kyee2e6eUdz HTTP/1.1" 200 26
190.145.240.68 - - [08/Jan/2023:16:21:18 -0500] "GET /kwssiamovil/sm/acme/a?s=U2FsdGVkX19mwk69I1sBmTZXXt8J+zADbT6qamYVNj36uX5JMKxxYF4CG2CS3xrRxjF/HHzGdZ6/n6uq+/vsT/Z39OtcU28q271w0m3T+ygfp2a9dOf1IIr467aWvMeAGOWRj2AHELl8MREdZbUuahLLd5rXoy+kaxTUocrLVSk=&u=U2FsdGVkX1+fmJsKR0tpNcDxbDLNNLZK1BmDUJkNMCU=&y=U2FsdGVkX1+Uj5+rwIDfh09qeWqLCS6ZI+pNgkZvF47i7WjIbg2N1kyee2e6eUdz HTTP/1.1" 200 26
190.145.240.68 - - [08/Jan/2023:16:21:19 -0500] "GET /kwssiamovil/sm/acme/a?s=U2FsdGVkX1+nr6G1suV21xRoQxrHMaFINb1eh67+NQSyTc9wHGi+JNNMYoRaoXi+i6WlQtql39mMxt64+Yp8hLYGV8f4c/l5tKjfrrzd76JCHlvNEH7vkj2sYqrZvMNUhatbHQBmFo6PPDPiOSC83rPCP5rHQeDBWU75nH6o2C0=&u=U2FsdGVkX1+fmJsKR0tpNcDxbDLNNLZK1BmDUJkNMCU=&y=U2FsdGVkX1+Uj5+rwIDfh09qeWqLCS6ZI+pNgkZvF47i7WjIbg2N1kyee2e6eUdz HTTP/1.1" 200 26
190.145.240.68 - - [08/Jan/2023:16:21:19 -0500] "GET /kwssiamovil/sm/acme/a?s=U2FsdGVkX19FWuy5rgMo7/eP4v2PGmrEQ712MdS5w+WWnaVDeg8oIjrLmivOX3q20PKnHZ2hpIbiL0MRYssPqS5aWKhhYhbxw+rbu+6pQyCFCCSB8ONxI4MH4glN3vhh5Km9KpOg8KHjS03ogckVJyCU0ZzV33sCFD3LlQam2e8=&u=U2FsdGVkX1+fmJsKR0tpNcDxbDLNNLZK1BmDUJkNMCU=&y=U2FsdGVkX1+Uj5+rwIDfh09qeWqLCS6ZI+pNgkZvF47i7WjIbg2N1kyee2e6eUdz HTTP/1.1" 200 26
190.145.240.68 - - [08/Jan/2023:16:21:19 -0500] "GET /kwssiamovil/sm/acme/a?s=U2FsdGVkX19nq3Vou2YYuHLfDDFceaBxnMil8P6XBzr2KhJCWt1v1gmu8p788Eca8QW300eMML11V+lFn6gl4Gn3rtL2XdL38G3Z6KCdoC3JBsqUOTrkQfnLvoMqAg7IIu0Oe8erU3SwKfDP7QOVIX5d8b0Md0sp5YQ3HW9SZrW2mbREfOzKV3fGUH6KhLlx&u=U2FsdGVkX1+fmJsKR0tpNcDxbDLNNLZK1BmDUJkNMCU=&y=U2FsdGVkX1+Uj5+rwIDfh09qeWqLCS6ZI+pNgkZvF47i7WjIbg2N1kyee2e6eUdz HTTP/1.1" 200 26
172.22.2.4 - - [08/Jan/2023:16:21:40 -0500] "HEAD /BLA/boletinlegal/ HTTP/1.1" 200 -
172.22.2.4 - - [08/Jan/2023:16:22:30 -0500] "GET /BLA/boletinlegal/ HTTP/1.1" 200 57192
201.245.192.253 - - [08/Jan/2023:16:24:59 -0500] "POST /kwsrmcab/Wsrmcab  HTTP/1.1" 200 43926
216.245.221.92 - - [08/Jan/2023:16:26:07 -0500] "HEAD / HTTP/1.1" 200 -
172.22.2.4 - - [08/Jan/2023:16:26:09 -0500] "GET /BLA/boletinlegal/ HTTP/1.1" 200 32715
69.171.251.6 - - [08/Jan/2023:16:27:20 -0500] "GET /images/cr\xc3\xb3nica-29-nov-1_optimized.jpeg HTTP/1.1" 404 1034
66.249.66.128 - - [08/Jan/2023:16:28:52 -0500] "-" 408 -
201.245.192.253 - - [08/Jan/2023:16:29:03 -0500] "GET /kwsrmcab/Wsrmcab?wsdl HTTP/1.1" 200 6948
201.245.192.253 - - [08/Jan/2023:16:29:03 -0500] "POST /kwsrmcab/Wsrmcab HTTP/1.1" 200 44070
201.245.192.253 - - [08/Jan/2023:16:29:06 -0500] "POST /kwsrmcab/Wsrmcab HTTP/1.1" 200 44257
172.22.2.4 - - [08/Jan/2023:16:27:30 -0500] "HEAD /BLA/boletinlegal/ HTTP/1.1" 200 -
8.218.166.147 - - [08/Jan/2023:16:29:17 -0500] "GET /galeria/galeria/fotos/Humedal-la-conejera4P.jpg HTTP/1.1" 200 33365
193.169.209.115 - - [08/Jan/2023:16:29:23 -0500] "GET / HTTP/1.1" 200 319
191.95.53.21 - - [08/Jan/2023:16:29:48 -0500] "GET /appsia/controlador HTTP/1.1" 200 4799
191.95.53.21 - - [08/Jan/2023:16:29:48 -0500] "GET /appsia/css/estilos.css HTTP/1.1" 200 4804
191.95.53.21 - - [08/Jan/2023:16:29:48 -0500] "GET /appsia/scripts/validarIngreso.js HTTP/1.1" 200 851
191.95.53.21 - - [08/Jan/2023:16:29:49 -0500] "GET /appsia/images/cabezoteHojaVida.png HTTP/1.1" 200 32493
191.95.53.21 - - [08/Jan/2023:16:29:49 -0500] "GET /appsia/images/logo_bogota_p.png HTTP/1.1" 200 14951
191.95.53.21 - - [08/Jan/2023:16:29:49 -0500] "GET /favicon.ico HTTP/1.1" 200 7782
201.245.192.253 - - [08/Jan/2023:16:29:58 -0500] "POST /kwsrmcab/Wsrmcab  HTTP/1.1" 200 43926
172.22.2.4 - - [08/Jan/2023:16:28:20 -0500] "GET /BLA/boletinlegal/ HTTP/1.1" 200 51248
191.95.53.21 - - [08/Jan/2023:16:30:06 -0500] "POST /appsia/controlador HTTP/1.1" 200 4621
191.95.53.21 - - [08/Jan/2023:16:30:18 -0500] "POST /appsia/controlador HTTP/1.1" 200 7732
191.95.53.21 - - [08/Jan/2023:16:30:18 -0500] "GET /appsia/images/logo_escudo.png HTTP/1.1" 200 36965
191.95.53.21 - - [08/Jan/2023:16:30:47 -0500] "POST /appsia/controlador HTTP/1.1" 200 4621
216.245.221.92 - - [08/Jan/2023:16:31:07 -0500] "HEAD / HTTP/1.1" 200 -
201.245.192.253 - - [08/Jan/2023:16:34:58 -0500] "POST /kwsrmcab/Wsrmcab  HTTP/1.1" 200 43926
172.22.2.4 - - [08/Jan/2023:16:33:20 -0500] "HEAD /BLA/boletinlegal/ HTTP/1.1" 200 -
172.22.2.4 - - [08/Jan/2023:16:34:10 -0500] "GET /BLA/boletinlegal/ HTTP/1.1" 200 51248
172.22.2.4 - - [08/Jan/2023:16:34:12 -0500] "GET /BLA/boletinlegal/ HTTP/1.1" 200 51248
172.22.2.4 - - [08/Jan/2023:16:36:03 -0500] "GET /BLA/boletinlegal/actos.php HTTP/1.1" 200 9566
172.22.2.4 - - [08/Jan/2023:16:36:05 -0500] "GET /BLA/boletinlegal/js/popup.js HTTP/1.1" 200 1270
172.22.2.4 - - [08/Jan/2023:16:36:05 -0500] "GET /BLA/boletinlegal/js/lib.js HTTP/1.1" 200 6474
172.22.2.4 - - [08/Jan/2023:16:36:06 -0500] "GET /BLA/boletinlegal/js/jquery1.js HTTP/1.1" 200 29846
216.245.221.92 - - [08/Jan/2023:16:36:07 -0500] "HEAD / HTTP/1.1" 200 -
173.252.111.5 - - [08/Jan/2023:16:36:20 -0500] "GET /images/reunion-planta-termovalorizacion-11-mayo.jpg HTTP/1.1" 200 34782
207.46.13.170 - - [08/Jan/2023:16:37:48 -0500] "GET /portaldeninos/parque-mirador-de-los-nevados/ HTTP/1.1" 200 89855
172.22.2.4 - - [08/Jan/2023:16:38:05 -0500] "GET /BLA/boletinlegal/Circulares/2019/.pdf HTTP/1.1" 404 1218
201.245.192.253 - - [08/Jan/2023:16:39:03 -0500] "POST /kwsrmcab/Wsrmcab HTTP/1.1" 200 44070
201.245.192.253 - - [08/Jan/2023:16:39:06 -0500] "POST /kwsrmcab/Wsrmcab HTTP/1.1" 200 44257
201.245.192.253 - - [08/Jan/2023:16:39:57 -0500] "POST /kwsrmcab/Wsrmcab  HTTP/1.1" 200 43926
172.22.2.4 - - [08/Jan/2023:16:39:10 -0500] "HEAD /BLA/boletinlegal/ HTTP/1.1" 200 -
216.245.221.92 - - [08/Jan/2023:16:41:07 -0500] "HEAD / HTTP/1.1" 200 -
168.119.253.69 - - [08/Jan/2023:16:41:25 -0500] "GET / HTTP/1.1" 200 319
172.22.2.4 - - [08/Jan/2023:16:40:00 -0500] "GET /BLA/boletinlegal/ HTTP/1.1" 200 59404
190.102.126.66 - - [08/Jan/2023:16:43:35 -0500] "GET /BLA/resoluciones/AUTOS%202014/3794.pdf HTTP/1.1" 200 508665
207.46.13.170 - - [08/Jan/2023:16:44:38 -0500] "GET /portaldeninos/parque-mirador-de-los-nevados/ HTTP/1.1" 200 89855
201.245.192.253 - - [08/Jan/2023:16:44:55 -0500] "POST /kwsrmcab/Wsrmcab  HTTP/1.1" 200 43926
216.245.221.92 - - [08/Jan/2023:16:46:07 -0500] "HEAD / HTTP/1.1" 200 -
172.22.2.4 - - [08/Jan/2023:16:45:00 -0500] "HEAD /BLA/boletinlegal/ HTTP/1.1" 200 -
172.22.2.4 - - [08/Jan/2023:16:45:50 -0500] "GET /BLA/boletinlegal/ HTTP/1.1" 200 55680
207.46.13.170 - - [08/Jan/2023:16:48:29 -0500] "GET /portaldeninos/parque-mirador-de-los-nevados/ HTTP/1.1" 200 89855
207.46.13.170 - - [08/Jan/2023:16:48:39 -0500] "GET /portaldeninos/parque-mirador-de-los-nevados/ HTTP/1.1" 200 89855
201.245.192.253 - - [08/Jan/2023:16:49:54 -0500] "POST /kwsrmcab/Wsrmcab  HTTP/1.1" 200 43926
78.22.35.53 - - [08/Jan/2023:16:50:46 -0500] "GET / HTTP/1.1" 200 319
69.171.249.4 - - [08/Jan/2023:16:51:04 -0500] "GET /images/prueba3.jpeg HTTP/1.1" 200 88955
216.245.221.92 - - [08/Jan/2023:16:51:07 -0500] "HEAD / HTTP/1.1" 200 -
172.22.2.4 - - [08/Jan/2023:16:50:50 -0500] "HEAD /BLA/boletinlegal/ HTTP/1.1" 200 -
172.22.2.4 - - [08/Jan/2023:16:51:40 -0500] "GET /BLA/boletinlegal/ HTTP/1.1" 200 53337
204.76.203.6 - - [08/Jan/2023:16:53:37 -0500] "CONNECT google.com:443 HTTP/1.1" 405 938
173.252.95.15 - - [08/Jan/2023:16:53:49 -0500] "GET /la-forma-en-la-que-estamos-definiendo-la-estructura-ecologica-principal-esta-pensada-para-enfrentar-la-emergencia-climatica-secretaria-de-ambiente-carolina-urrutia.html HTTP/1.1" 206 1164
173.252.95.7 - - [08/Jan/2023:16:53:50 -0500] "GET /images/Cabildo1.jpeg HTTP/1.1" 200 32341
173.252.107.10 - - [08/Jan/2023:16:53:50 -0500] "GET /images/pieza-grafica-noviembre-17.jpg HTTP/1.1" 200 48558
173.252.87.3 - - [08/Jan/2023:16:53:50 -0500] "GET /images/Cabildo1.jpeg HTTP/1.1" 200 32341
201.245.192.253 - - [08/Jan/2023:16:54:53 -0500] "POST /kwsrmcab/Wsrmcab  HTTP/1.1" 200 43926
193.118.53.210 - - [08/Jan/2023:16:55:13 -0500] "GET /portaldeninos/ HTTP/1.1" 200 110197
216.245.221.92 - - [08/Jan/2023:16:56:07 -0500] "HEAD / HTTP/1.1" 200 -
172.22.2.4 - - [08/Jan/2023:16:56:40 -0500] "HEAD /BLA/boletinlegal/ HTTP/1.1" 200 -
172.22.2.4 - - [08/Jan/2023:16:57:30 -0500] "GET /BLA/boletinlegal/ HTTP/1.1" 200 57824
84.39.179.219 - - [08/Jan/2023:16:59:13 -0500] "GET /BLA/boletinlegal/js/jquery.scrollShow.js HTTP/1.1" 200 4586
84.39.179.219 - - [08/Jan/2023:16:59:13 -0500] "GET /galeria/galeria/jquery.fancybox.js?v=2.1.5 HTTP/1.1" 200 48706
84.39.179.219 - - [08/Jan/2023:16:59:13 -0500] "GET /galeria/galeria/jquery.fancybox.css?v=2.1.5 HTTP/1.1" 200 4895
201.245.192.253 - - [08/Jan/2023:16:59:53 -0500] "POST /kwsrmcab/Wsrmcab  HTTP/1.1" 200 43926
207.46.13.93 - - [08/Jan/2023:17:00:29 -0500] "GET /BLA/resoluciones/RESOLUCIONES%202014/2593.pdf HTTP/1.1" 304 -
216.245.221.92 - - [08/Jan/2023:17:01:07 -0500] "HEAD / HTTP/1.1" 200 -
69.171.251.15 - - [08/Jan/2023:17:01:13 -0500] "GET /images/Aire%20Reyes%20(1)%20(1).jpeg HTTP/1.1" 200 59709
172.22.2.4 - - [08/Jan/2023:17:01:59 -0500] "GET /BLA/boletinlegal/jurisprudencia/analisis/AnalisisC-035-16.docx HTTP/1.1" 304 -
172.22.2.4 - - [08/Jan/2023:17:02:30 -0500] "HEAD /BLA/boletinlegal/ HTTP/1.1" 200 -
201.245.192.253 - - [08/Jan/2023:17:04:51 -0500] "POST /kwsrmcab/Wsrmcab  HTTP/1.1" 200 43926
172.22.2.4 - - [08/Jan/2023:17:03:20 -0500] "GET /BLA/boletinlegal/ HTTP/1.1" 200 53337
216.245.221.92 - - [08/Jan/2023:17:06:07 -0500] "HEAD / HTTP/1.1" 200 -
128.1.248.26 - - [08/Jan/2023:17:08:31 -0500] "GET / HTTP/1.1" 200 319
201.245.192.253 - - [08/Jan/2023:17:09:50 -0500] "POST /kwsrmcab/Wsrmcab  HTTP/1.1" 200 43926
172.22.2.4 - - [08/Jan/2023:17:08:20 -0500] "HEAD /BLA/boletinlegal/ HTTP/1.1" 200 -
172.22.2.4 - - [08/Jan/2023:17:09:10 -0500] "GET /BLA/boletinlegal/ HTTP/1.1" 200 56825
216.245.221.92 - - [08/Jan/2023:17:11:07 -0500] "HEAD / HTTP/1.1" 200 -
172.22.2.4 - - [08/Jan/2023:17:10:38 -0500] "GET /BLA/boletinlegal/ HTTP/1.1" 200 36811
186.102.56.106 - - [08/Jan/2023:17:12:07 -0500] "GET /kwssiamovil/sm/acme/a?s=U2FsdGVkX192Mc53pjkBMjr6vz+6b0W4hHFamEZHqaLEi+sIvFDNQ0RwZH8l/c5L6EjUx48kyhiiMqvRNwBFk2s8A99Us97JL3OGGerMpbrFWnUdCmawKzvZdlANullnMd094AXOZlKabe4ejkt99ficFo/0mrLfGkVjPWHc2pBU0QR2YCGdCHEtL2cCbONU2BFnTUsGjltmsXIXbGhsUXS5NhuSinvoX2v3wyQrO+7vxKu/BSAgimxlrKFyBhGcoK3sI7XzsK2td7QGc3sIPA==&u=U2FsdGVkX1+FbtolVC/zmO5m8wi29dG4nEz686mpeU3mveWnlEnaoVeVvCTpRezg&y=U2FsdGVkX19ps+etmvg2dUAYfFP3D3Y1BdX0ufk4+SOEhrQizU4hedzz0Jf1SKbp HTTP/1.1" 200 26
186.102.56.106 - - [08/Jan/2023:17:12:08 -0500] "GET /kwssiamovil/sm/acme/a?s=U2FsdGVkX1/UDkmMJ7IqH5isksS0K/zYwpo7ILI3lvan24V+Tc1FgYxVbi2aS1RrhdmlguhMBEXQ3DaPmIOskd8Du0pxYVwV1NqKh5N6i37l7qoBIDP3g6w6AGsYS7a6HtMUn0BLvllPABgUwgIBaIklTtvkFXiaTEn6434zci0ZyJsOGktF16Ai8ZjC3W7PzkrVhwuVSvO/BPho1/FwA+fFRNcsitaP8KoRwLYSj8EcQCXQ0H+uJntlPUUHZqs9YdEi86RNjAzN8nPyu0ycOEKKtsbkKoFnUgBHcjL4CLowDzTX70eF0aUrRGJqSufxBRF+AsQRSoQzRF03tqxF+u9RqkF798lgtqYFiNgeACZzGTW06Ix5kfjdf/ckS41NeXaHiydZtfQpXiefP2EL4CsPOduFuKPOueW52ZygajutcX0TdgD0cIc60p449OAx2B+ZxIngb1QObD4JLr3wbVP5Ot18CQvxZ08FIlaX0aFV8gRs+sOWcVlwSXr/zAGvo/EAZpXcwLONqKsLC6mdMXWOnZY85AZC3Qm9KE8TBKRKKXWYu8pDcCgZhK95hjwy8PhUh5YDDs2pXU0p4xe2mQ+Hc2PwLUljI6zjtPdDOsz6NBjAl1cA+5xdTJFFZE2D3v+jbU/wprbC1+U6jueOsmLXs6F7pNnhCh5RzZNTlr6GuHFf4l+PgpBXtxR9zA0wym5ys2CyDYuYSJ3sT02RU/06VyZpNOCPgCA7rqX5JofBEtYXjECPJDT+wFXeGyaO6jcMa3/bHPwH6rCJSbaTuofyGmZqU6iLUpwY6pg9B1gF7iBlEnms8MK1uCWLLdnoiU0NSbTywh1apKcoNzpTyawK0ZQGST9GxXR5ZokeAIJ1jvYRubcd7zsV7tq4zd6EVLo91/AbsS2NlGwGDh9gtT022/id7VJdMaA6FRxzun3TvhrajJEcm2UKvl5foq0yRdKLCPwBooGKpua73G9MyIEoMCxbPIsLhxa7gCCgFDqhc4BBoK56K4UClylFvJdrpCqBHOPWIFbKkV/PyqHYg7eoL3xph8e+wdluWL0KbHk8AOhNsY3wdgN6I3igm6wg8iCIAW2HaK8B+ptUwBm1Sg0s69f6D57GHpb7b1A3ov9dKL7A2dFzjvTgukLZ7VUDNHZkdwmSugHGoWvaTnr+9hHjRKT+WhhvwfTOFhYHq9ij8/aQOimzjANNf8FhbEzULRxjfBB1VyKQOFS6nWJ6/v3LXbiyaPmWatg+/Rn5fgWWq3B8TQNdDG/W2jcApyddvYxRIpBCuKyAwqSIp+ZaXi27HpBr49W8hTZ0cLge4XYD0//9PGMQIxpo2xKc4E5exJL63ZibiPjZbO0FQR6Bv4l7XXyLuUOvs+a6vL84PBDcir04etBBH1H5eymtrXADmTsDHV6NrcPc8D9tqchRgkl71zBM/vWU8xB7bdKetG5SJZzEkAdBt/6kUmqw/+nl&u=U2FsdGVkX1+FbtolVC/zmO5m8wi29dG4nEz686mpeU3mveWnlEnaoVeVvCTpRezg&y=U2FsdGVkX19ps+etmvg2dUAYfFP3D3Y1BdX0ufk4+SOEhrQizU4hedzz0Jf1SKbp HTTP/1.1" 200 26
186.102.56.106 - - [08/Jan/2023:17:12:08 -0500] "GET /kwssiamovil/sm/acme/a?s=U2FsdGVkX18fqEMOWj8IRtM+Bg/VB0Zkb7RRA5t+x+YOUNJFgLXC6y1TlBpmXsfG5XZ4BUybqvUZXWW5+aU0dy6M7peDwS5UrdrChiA7U+pjCWHtkrgw0J7tARi32Ce6RvNcnVWKkgeuLGfmALS5sRjgERz1vHOOfglLYftljc0=&u=U2FsdGVkX1+FbtolVC/zmO5m8wi29dG4nEz686mpeU3mveWnlEnaoVeVvCTpRezg&y=U2FsdGVkX19ps+etmvg2dUAYfFP3D3Y1BdX0ufk4+SOEhrQizU4hedzz0Jf1SKbp HTTP/1.1" 200 26
186.102.56.106 - - [08/Jan/2023:17:12:08 -0500] "GET /kwssiamovil/sm/acme/a?s=U2FsdGVkX187dT20+D/FG3SQ3/LDXc2GXaExlCK596Mkijkrq6hy6y0g1C1tzdpN6421npxX3b5YVxn2dBwMyeF93DryBB5V2eHp8bYliupTDeRoWDXbqxjv2u0LNvH2kY3sy+K22vI0eCfeUDUNFli7ZzInjm3uWbSZRm2AFEg=&u=U2FsdGVkX1+FbtolVC/zmO5m8wi29dG4nEz686mpeU3mveWnlEnaoVeVvCTpRezg&y=U2FsdGVkX19ps+etmvg2dUAYfFP3D3Y1BdX0ufk4+SOEhrQizU4hedzz0Jf1SKbp HTTP/1.1" 200 26
186.102.56.106 - - [08/Jan/2023:17:12:09 -0500] "GET /kwssiamovil/sm/acme/a?s=U2FsdGVkX1+tlJwBFlo2rQpsnnnItqx5dZ7hi7YFsdYisQbRnJF/tvq+d2AJyXF21cZhzDssghmNYk9b5UxpF6RrWok1VqRBpoGTFIFFy755UNInDAQwM6lqfiMH7+QjZYBO++zQ+d2vUrndJ0VVqWYJkQufu3/uQ0JR/lSY6vo=&u=U2FsdGVkX1+FbtolVC/zmO5m8wi29dG4nEz686mpeU3mveWnlEnaoVeVvCTpRezg&y=U2FsdGVkX19ps+etmvg2dUAYfFP3D3Y1BdX0ufk4+SOEhrQizU4hedzz0Jf1SKbp HTTP/1.1" 200 26
186.102.56.106 - - [08/Jan/2023:17:12:09 -0500] "GET /kwssiamovil/sm/acme/a?s=U2FsdGVkX1/cJek9t5tqgOJT2JsNIO9vNK0ouXfQzV1x0ULqsJptJ3aACxpLgQrt6dkDaVTZ/9CjXPR7swcsxoHzZgLlWDTlAeyfTDbfigZlI4Ct346f+iADQQWnC/4phwHS72eTSJikh0y1VezaKhxeWxodfB2ya9YdbJRDY65D6nQ5S8VqBpckdazxlZs1sAqg2x+33IpO18t+31U3FQ==&u=U2FsdGVkX1+FbtolVC/zmO5m8wi29dG4nEz686mpeU3mveWnlEnaoVeVvCTpRezg&y=U2FsdGVkX19ps+etmvg2dUAYfFP3D3Y1BdX0ufk4+SOEhrQizU4hedzz0Jf1SKbp HTTP/1.1" 200 26
201.245.192.253 - - [08/Jan/2023:17:14:50 -0500] "POST /kwsrmcab/Wsrmcab  HTTP/1.1" 200 43926
172.22.2.4 - - [08/Jan/2023:17:14:10 -0500] "HEAD /BLA/boletinlegal/ HTTP/1.1" 200 -
216.245.221.92 - - [08/Jan/2023:17:16:07 -0500] "HEAD / HTTP/1.1" 200 -
173.252.83.19 - - [08/Jan/2023:17:16:32 -0500] "GET /images/negocios-verdes-mayo-2022.jpg HTTP/1.1" 200 48000
172.22.2.4 - - [08/Jan/2023:17:15:00 -0500] "GET /BLA/boletinlegal/ HTTP/1.1" 200 59035
31.17.169.169 - - [08/Jan/2023:17:17:17 -0500] "GET / HTTP/1.1" 200 319
201.245.192.253 - - [08/Jan/2023:17:19:03 -0500] "POST /kwsrmcab/Wsrmcab HTTP/1.1" 200 44078
201.245.192.253 - - [08/Jan/2023:17:19:05 -0500] "POST /kwsrmcab/Wsrmcab HTTP/1.1" 200 44262
201.245.192.253 - - [08/Jan/2023:17:19:48 -0500] "POST /kwsrmcab/Wsrmcab  HTTP/1.1" 200 43926
216.245.221.92 - - [08/Jan/2023:17:21:07 -0500] "HEAD / HTTP/1.1" 200 -
172.22.2.4 - - [08/Jan/2023:17:20:00 -0500] "HEAD /BLA/boletinlegal/ HTTP/1.1" 200 -
172.22.2.4 - - [08/Jan/2023:17:20:50 -0500] "GET /BLA/boletinlegal/ HTTP/1.1" 200 59404
192.241.200.24 - - [08/Jan/2023:17:24:22 -0500] "GET /portal/redlion HTTP/1.1" 404 1018
201.245.192.253 - - [08/Jan/2023:17:24:48 -0500] "POST /kwsrmcab/Wsrmcab  HTTP/1.1" 200 43926
190.102.126.66 - - [08/Jan/2023:17:24:58 -0500] "GET /BLA/resoluciones/AUTOS%202014/3483.pdf HTTP/1.1" 200 546603
216.245.221.92 - - [08/Jan/2023:17:26:07 -0500] "HEAD / HTTP/1.1" 200 -
172.22.2.4 - - [08/Jan/2023:17:25:50 -0500] "HEAD /BLA/boletinlegal/ HTTP/1.1" 200 -
172.22.2.4 - - [08/Jan/2023:17:26:40 -0500] "GET /BLA/boletinlegal/ HTTP/1.1" 200 57192
40.77.167.17 - - [08/Jan/2023:17:28:39 -0500] "GET /BLA/resoluciones/RESOLUCIONES%202021/5502.pdf HTTP/1.1" 304 -
201.245.192.253 - - [08/Jan/2023:17:29:02 -0500] "POST /kwsrmcab/Wsrmcab HTTP/1.1" 200 44078
201.245.192.253 - - [08/Jan/2023:17:29:05 -0500] "POST /kwsrmcab/Wsrmcab HTTP/1.1" 200 44262
201.245.192.253 - - [08/Jan/2023:17:29:47 -0500] "POST /kwsrmcab/Wsrmcab  HTTP/1.1" 200 43926
66.249.66.88 - - [08/Jan/2023:17:30:31 -0500] "-" 408 -
216.245.221.92 - - [08/Jan/2023:17:31:07 -0500] "HEAD / HTTP/1.1" 200 -
172.22.2.4 - - [08/Jan/2023:17:31:40 -0500] "HEAD /BLA/boletinlegal/ HTTP/1.1" 200 -
167.248.133.63 - - [08/Jan/2023:17:33:23 -0500] "GET / HTTP/1.1" 200 319
167.248.133.63 - - [08/Jan/2023:17:33:24 -0500] "GET / HTTP/1.1" 200 319
167.248.133.63 - - [08/Jan/2023:17:33:24 -0500] "PRI * HTTP/2.0" 400 946
167.248.133.63 - - [08/Jan/2023:17:33:24 -0500] "GET /favicon.ico HTTP/1.1" 200 7782
172.22.2.4 - - [08/Jan/2023:17:32:30 -0500] "GET /BLA/boletinlegal/ HTTP/1.1" 200 54452
201.245.192.253 - - [08/Jan/2023:17:34:45 -0500] "POST /kwsrmcab/Wsrmcab  HTTP/1.1" 200 43926
172.22.2.4 - - [08/Jan/2023:17:33:38 -0500] "GET /BLA/boletinlegal/ HTTP/1.1" 200 59035
216.245.221.92 - - [08/Jan/2023:17:36:07 -0500] "HEAD / HTTP/1.1" 200 -
172.22.2.4 - - [08/Jan/2023:17:37:28 -0500] "GET /BLA/boletinlegal/Circulares/2019/.pdf HTTP/1.1" 404 1218
172.22.2.4 - - [08/Jan/2023:17:37:38 -0500] "GET /BLA/boletinlegal/Circulares/2012/Circular%20No.%2010%20del%2026%20de%20Enero%20de%202012.pdf HTTP/1.1" 404 1218
201.245.192.253 - - [08/Jan/2023:17:39:03 -0500] "POST /kwsrmcab/Wsrmcab HTTP/1.1" 200 44078
201.245.192.253 - - [08/Jan/2023:17:39:06 -0500] "POST /kwsrmcab/Wsrmcab HTTP/1.1" 200 44262
172.22.2.4 - - [08/Jan/2023:17:37:30 -0500] "HEAD /BLA/boletinlegal/ HTTP/1.1" 200 -
201.245.192.253 - - [08/Jan/2023:17:39:45 -0500] "POST /kwsrmcab/Wsrmcab  HTTP/1.1" 200 43926
172.22.2.4 - - [08/Jan/2023:17:38:20 -0500] "GET /BLA/boletinlegal/ HTTP/1.1" 200 52453
179.15.161.184 - - [08/Jan/2023:17:40:23 -0500] "GET /piloto-de-etiquetado-herramienta-para-clasificar-ambientalmente-los-vehiculos-segun-cuanto-emiten.html HTTP/1.1" 200 985
216.245.221.92 - - [08/Jan/2023:17:41:07 -0500] "HEAD / HTTP/1.1" 200 -
201.245.192.253 - - [08/Jan/2023:17:44:44 -0500] "POST /kwsrmcab/Wsrmcab  HTTP/1.1" 200 43926
172.22.2.4 - - [08/Jan/2023:17:43:20 -0500] "HEAD /BLA/boletinlegal/ HTTP/1.1" 200 -
172.22.2.4 - - [08/Jan/2023:17:44:10 -0500] "GET /BLA/boletinlegal/ HTTP/1.1" 200 52453
216.245.221.92 - - [08/Jan/2023:17:46:07 -0500] "HEAD / HTTP/1.1" 200 -
40.77.167.60 - - [08/Jan/2023:17:46:57 -0500] "GET /sipse/faces/autenticacion.xhtml HTTP/1.1" 200 12500
172.22.2.4 - - [08/Jan/2023:17:48:25 -0500] "GET /BLA/boletinlegal/actas/466-2017.pdf HTTP/1.1" 304 -
201.245.192.253 - - [08/Jan/2023:17:49:43 -0500] "POST /kwsrmcab/Wsrmcab  HTTP/1.1" 200 43926
172.22.2.4 - - [08/Jan/2023:17:49:10 -0500] "HEAD /BLA/boletinlegal/ HTTP/1.1" 200 -
216.245.221.92 - - [08/Jan/2023:17:51:07 -0500] "HEAD / HTTP/1.1" 200 -
173.252.95.16 - - [08/Jan/2023:17:51:28 -0500] "GET /si-tienes-ropa-y-calzado-que-ya-no-usas-aca-te-presentamos-seis-puntos-a-donde-los-puedes-llevar.html HTTP/1.1" 206 872
173.252.95.10 - - [08/Jan/2023:17:51:29 -0500] "GET /images/prendas-1_optimized.jpeg HTTP/1.1" 200 65869
172.22.2.4 - - [08/Jan/2023:17:50:00 -0500] "GET /BLA/boletinlegal/ HTTP/1.1" 200 58185
50.236.177.202 - - [08/Jan/2023:17:53:08 -0500] "GET /galeria/galeria/fotos/juan-amarillo2P.jpg HTTP/1.1" 200 32696
185.119.81.99 - - [08/Jan/2023:17:53:57 -0500] "GET /portaldeninos/wp-login.php HTTP/1.1" 200 2592
185.119.81.99 - - [08/Jan/2023:17:53:58 -0500] "POST /portaldeninos/wp-login.php HTTP/1.1" 200 3605
201.245.192.253 - - [08/Jan/2023:17:54:42 -0500] "POST /kwsrmcab/Wsrmcab  HTTP/1.1" 200 43926
216.245.221.92 - - [08/Jan/2023:17:56:07 -0500] "HEAD / HTTP/1.1" 200 -
172.22.2.4 - - [08/Jan/2023:17:55:00 -0500] "HEAD /BLA/boletinlegal/ HTTP/1.1" 200 -
207.46.13.41 - - [08/Jan/2023:17:57:12 -0500] "GET /BLA/resoluciones/RESOLUCIONES%202014/3398.pdf HTTP/1.1" 304 -
172.22.2.4 - - [08/Jan/2023:17:55:50 -0500] "GET /BLA/boletinlegal/ HTTP/1.1" 200 57824
201.245.192.253 - - [08/Jan/2023:17:59:41 -0500] "POST /kwsrmcab/Wsrmcab  HTTP/1.1" 200 43926
185.119.81.99 - - [08/Jan/2023:18:00:02 -0500] "GET /portaldeninos/wp-login.php HTTP/1.1" 200 2592
185.119.81.99 - - [08/Jan/2023:18:00:03 -0500] "POST /portaldeninos/wp-login.php HTTP/1.1" 200 3605
207.46.13.41 - - [08/Jan/2023:18:00:04 -0500] "GET /Publicaciones/2022EE84488.pdf HTTP/1.1" 404 227
216.245.221.92 - - [08/Jan/2023:18:01:07 -0500] "HEAD / HTTP/1.1" 200 -
172.22.2.4 - - [08/Jan/2023:18:00:50 -0500] "HEAD /BLA/boletinlegal/ HTTP/1.1" 200 -
172.22.2.4 - - [08/Jan/2023:18:01:40 -0500] "GET /BLA/boletinlegal/ HTTP/1.1" 200 52942
201.245.192.253 - - [08/Jan/2023:18:04:40 -0500] "POST /kwsrmcab/Wsrmcab  HTTP/1.1" 200 43926
216.245.221.92 - - [08/Jan/2023:18:06:07 -0500] "HEAD / HTTP/1.1" 200 -
172.22.2.4 - - [08/Jan/2023:18:06:48 -0500] "GET /BLA/boletinlegal/Circulares/2019/Circular%20No.%200003%20del%2031%20de%20Enero%20de%202019.pdf HTTP/1.1" 304 -
172.22.2.4 - - [08/Jan/2023:18:06:40 -0500] "HEAD /BLA/boletinlegal/ HTTP/1.1" 200 -
172.22.2.4 - - [08/Jan/2023:18:07:30 -0500] "GET /BLA/boletinlegal/ HTTP/1.1" 200 52453
185.119.81.106 - - [08/Jan/2023:18:09:14 -0500] "GET /portaldeninos/wp-login.php HTTP/1.1" 200 2592
185.119.81.106 - - [08/Jan/2023:18:09:15 -0500] "POST /portaldeninos/wp-login.php HTTP/1.1" 200 3670
201.245.192.253 - - [08/Jan/2023:18:09:40 -0500] "POST /kwsrmcab/Wsrmcab  HTTP/1.1" 200 43926
216.245.221.92 - - [08/Jan/2023:18:11:07 -0500] "HEAD / HTTP/1.1" 200 -
172.22.2.4 - - [08/Jan/2023:18:12:30 -0500] "HEAD /BLA/boletinlegal/ HTTP/1.1" 200 -
201.245.192.253 - - [08/Jan/2023:18:14:39 -0500] "POST /kwsrmcab/Wsrmcab  HTTP/1.1" 200 43926
172.22.2.4 - - [08/Jan/2023:18:13:20 -0500] "GET /BLA/boletinlegal/ HTTP/1.1" 200 58612
216.245.221.92 - - [08/Jan/2023:18:16:07 -0500] "HEAD / HTTP/1.1" 200 -
172.22.2.4 - - [08/Jan/2023:18:17:49 -0500] "GET /BLA/boletinlegal/ HTTP/1.1" 200 36811
162.55.167.166 - - [08/Jan/2023:18:18:55 -0500] "GET / HTTP/1.1" 200 319
185.119.81.99 - - [08/Jan/2023:18:19:02 -0500] "GET /portaldeninos/wp-login.php HTTP/1.1" 200 2592
185.119.81.99 - - [08/Jan/2023:18:19:03 -0500] "POST /portaldeninos/wp-login.php HTTP/1.1" 200 3605
201.245.192.253 - - [08/Jan/2023:18:19:03 -0500] "POST /kwsrmcab/Wsrmcab HTTP/1.1" 200 44073
201.245.192.253 - - [08/Jan/2023:18:19:06 -0500] "POST /kwsrmcab/Wsrmcab HTTP/1.1" 200 44260
201.245.192.253 - - [08/Jan/2023:18:19:37 -0500] "POST /kwsrmcab/Wsrmcab  HTTP/1.1" 200 43926
172.22.2.4 - - [08/Jan/2023:18:18:20 -0500] "HEAD /BLA/boletinlegal/ HTTP/1.1" 200 -
172.22.2.4 - - [08/Jan/2023:18:19:10 -0500] "GET /BLA/boletinlegal/ HTTP/1.1" 200 57192
216.245.221.92 - - [08/Jan/2023:18:21:07 -0500] "HEAD / HTTP/1.1" 200 -
181.237.226.180 - - [08/Jan/2023:18:21:40 -0500] "GET /sipse/faces/index.xhtml HTTP/1.1" 200 677
181.237.226.180 - - [08/Jan/2023:18:21:40 -0500] "GET /sipse/faces/javax.faces.resource/theme.css?ln=primefaces-sipse HTTP/1.1" 304 -
181.237.226.180 - - [08/Jan/2023:18:21:40 -0500] "GET /sipse/faces/faces/autenticacion.xhtml HTTP/1.1" 200 12178
181.237.226.180 - - [08/Jan/2023:18:21:40 -0500] "GET /sipse/js/disable_browser_buttons.js HTTP/1.1" 304 -
181.237.226.180 - - [08/Jan/2023:18:21:40 -0500] "GET /sipse/js/funciones.js HTTP/1.1" 304 -
181.237.226.180 - - [08/Jan/2023:18:21:40 -0500] "GET /sipse/css/custom_css_sg.css HTTP/1.1" 304 -
181.237.226.180 - - [08/Jan/2023:18:21:40 -0500] "GET /sipse/faces/javax.faces.resource/layout/layout.js?ln=primefaces&v=4.0 HTTP/1.1" 304 -
181.237.226.180 - - [08/Jan/2023:18:21:40 -0500] "GET /sipse/faces/javax.faces.resource/jquery/jquery-plugins.js?ln=primefaces&v=4.0 HTTP/1.1" 304 -
181.237.226.180 - - [08/Jan/2023:18:21:40 -0500] "GET /sipse/css/custom_css_sg_prime_login.css HTTP/1.1" 304 -
181.237.226.180 - - [08/Jan/2023:18:21:40 -0500] "GET /sipse/faces/javax.faces.resource/theme.css?ln=primefaces-sipse HTTP/1.1" 304 -
181.237.226.180 - - [08/Jan/2023:18:21:40 -0500] "GET /sipse/faces/javax.faces.resource/layout/layout.css?ln=primefaces&v=4.0 HTTP/1.1" 304 -
181.237.226.180 - - [08/Jan/2023:18:21:40 -0500] "GET /sipse/faces/javax.faces.resource/primefaces.css?ln=primefaces&v=4.0 HTTP/1.1" 304 -
181.237.226.180 - - [08/Jan/2023:18:21:40 -0500] "GET /sipse/faces/javax.faces.resource/jquery/jquery.js?ln=primefaces&v=4.0 HTTP/1.1" 304 -
181.237.226.180 - - [08/Jan/2023:18:21:40 -0500] "GET /sipse/faces/javax.faces.resource/primefaces.js?ln=primefaces&v=4.0 HTTP/1.1" 304 -
181.237.226.180 - - [08/Jan/2023:18:21:40 -0500] "GET /sipse/css/imagen/logoSDG.png HTTP/1.1" 304 -
181.237.226.180 - - [08/Jan/2023:18:21:40 -0500] "GET /sipse/css/imagen/loginimg.png HTTP/1.1" 304 -
181.237.226.180 - - [08/Jan/2023:18:21:40 -0500] "GET /sipse/faces/javax.faces.resource/images/ui-icons_898989_256x240.png?ln=primefaces-aristo HTTP/1.1" 304 -
181.237.226.180 - - [08/Jan/2023:18:21:48 -0500] "POST /sipse/faces/autenticacion.xhtml HTTP/1.1" 200 11366
181.237.226.180 - - [08/Jan/2023:18:21:48 -0500] "GET /sipse/css/custom_css_sg_prime.css HTTP/1.1" 304 -
181.237.226.180 - - [08/Jan/2023:18:21:48 -0500] "GET /sipse/faces/javax.faces.resource/layout/layout.css?ln=primefaces&v=4.0 HTTP/1.1" 304 -
181.237.226.180 - - [08/Jan/2023:18:21:48 -0500] "GET /sipse/faces/javax.faces.resource/jquery/jquery.js?ln=primefaces&v=4.0 HTTP/1.1" 304 -
181.237.226.180 - - [08/Jan/2023:18:21:48 -0500] "GET /sipse/faces/javax.faces.resource/theme.css?ln=primefaces-sipse HTTP/1.1" 304 -
181.237.226.180 - - [08/Jan/2023:18:21:48 -0500] "GET /sipse/faces/javax.faces.resource/primefaces.css?ln=primefaces&v=4.0 HTTP/1.1" 304 -
181.237.226.180 - - [08/Jan/2023:18:21:48 -0500] "GET /sipse/faces/javax.faces.resource/jquery/jquery-plugins.js?ln=primefaces&v=4.0 HTTP/1.1" 304 -
181.237.226.180 - - [08/Jan/2023:18:21:49 -0500] "GET /sipse/faces/javax.faces.resource/primefaces.js?ln=primefaces&v=4.0 HTTP/1.1" 304 -
181.237.226.180 - - [08/Jan/2023:18:21:49 -0500] "GET /sipse/faces/javax.faces.resource/layout/layout.js?ln=primefaces&v=4.0 HTTP/1.1" 304 -
181.237.226.180 - - [08/Jan/2023:18:21:49 -0500] "GET /sipse/faces/javax.faces.resource/messages/messages.png?ln=primefaces&v=4.0 HTTP/1.1" 304 -
181.237.226.180 - - [08/Jan/2023:18:21:55 -0500] "POST /sipse/faces/presentacion/sistema/seguridad/seleccionRol.xhtml HTTP/1.1" 200 5801
181.237.226.180 - - [08/Jan/2023:18:21:56 -0500] "POST /sipse/faces/presentacion/sistema/seguridad/seleccionRol.xhtml HTTP/1.1" 200 16292
181.237.226.180 - - [08/Jan/2023:18:21:57 -0500] "GET /sipse/js/jquery.min.js HTTP/1.1" 304 -
181.237.226.180 - - [08/Jan/2023:18:21:57 -0500] "GET /sipse/faces/javax.faces.resource/theme.css?ln=primefaces-sipse HTTP/1.1" 304 -
181.237.226.180 - - [08/Jan/2023:18:21:57 -0500] "GET /sipse/faces/javax.faces.resource/layout/layout.css?ln=primefaces&v=4.0 HTTP/1.1" 304 -
181.237.226.180 - - [08/Jan/2023:18:21:57 -0500] "GET /sipse/faces/javax.faces.resource/primefaces.css?ln=primefaces&v=4.0 HTTP/1.1" 304 -
181.237.226.180 - - [08/Jan/2023:18:21:57 -0500] "GET /sipse/faces/javax.faces.resource/jquery/jquery.js?ln=primefaces&v=4.0 HTTP/1.1" 304 -
181.237.226.180 - - [08/Jan/2023:18:21:57 -0500] "GET /sipse/faces/javax.faces.resource/jquery/jquery-plugins.js?ln=primefaces&v=4.0 HTTP/1.1" 304 -
181.237.226.180 - - [08/Jan/2023:18:21:57 -0500] "GET /sipse/faces/javax.faces.resource/primefaces.js?ln=primefaces&v=4.0 HTTP/1.1" 304 -
181.237.226.180 - - [08/Jan/2023:18:21:57 -0500] "GET /sipse/faces/javax.faces.resource/layout/layout.js?ln=primefaces&v=4.0 HTTP/1.1" 304 -
181.237.226.180 - - [08/Jan/2023:18:21:57 -0500] "GET /sipse/imagenes/logoAplicacion.jpg HTTP/1.1" 304 -
181.237.226.180 - - [08/Jan/2023:18:21:57 -0500] "GET /sipse/imagenes/cargando.gif HTTP/1.1" 304 -
181.237.226.180 - - [08/Jan/2023:18:21:57 -0500] "GET /sipse/css/imagen/contrasena.png HTTP/1.1" 404 383
207.46.13.93 - - [08/Jan/2023:18:21:57 -0500] "GET /sipse/faces/presentacion/sistema/anexos/cargarAnexoSolicitudProceso.xhtml HTTP/1.1" 302 -
207.46.13.93 - - [08/Jan/2023:18:21:58 -0500] "GET /sipse/faces/autenticacion.xhtml HTTP/1.1" 200 12178
181.237.226.180 - - [08/Jan/2023:18:22:00 -0500] "GET /sipse/faces/javax.faces.resource/images/ui-bg_flat_0_2d5972_40x100.png?ln=primefaces-aristo HTTP/1.1" 304 -
181.237.226.180 - - [08/Jan/2023:18:22:00 -0500] "POST /sipse/faces/bienvenido.xhtml HTTP/1.1" 200 1471
181.237.226.180 - - [08/Jan/2023:18:22:01 -0500] "POST /sipse/faces/bienvenido.xhtml HTTP/1.1" 200 62161
181.237.226.180 - - [08/Jan/2023:18:22:02 -0500] "GET /sipse/faces/javax.faces.resource/theme.css?ln=primefaces-sipse HTTP/1.1" 304 -
181.237.226.180 - - [08/Jan/2023:18:22:02 -0500] "GET /sipse/faces/javax.faces.resource/layout/layout.css?ln=primefaces&v=4.0 HTTP/1.1" 304 -
181.237.226.180 - - [08/Jan/2023:18:22:02 -0500] "GET /sipse/faces/javax.faces.resource/primefaces.css?ln=primefaces&v=4.0 HTTP/1.1" 304 -
181.237.226.180 - - [08/Jan/2023:18:22:02 -0500] "GET /sipse/faces/javax.faces.resource/jquery/jquery.js?ln=primefaces&v=4.0 HTTP/1.1" 304 -
181.237.226.180 - - [08/Jan/2023:18:22:02 -0500] "GET /sipse/faces/javax.faces.resource/jquery/jquery-plugins.js?ln=primefaces&v=4.0 HTTP/1.1" 304 -
181.237.226.180 - - [08/Jan/2023:18:22:02 -0500] "GET /sipse/faces/javax.faces.resource/primefaces.js?ln=primefaces&v=4.0 HTTP/1.1" 304 -
181.237.226.180 - - [08/Jan/2023:18:22:02 -0500] "GET /sipse/faces/javax.faces.resource/layout/layout.js?ln=primefaces&v=4.0 HTTP/1.1" 304 -
181.237.226.180 - - [08/Jan/2023:18:22:03 -0500] "POST /sipse/faces/presentacion/financiero/solicitudProceso/listarSolicitudProceso.xhtml HTTP/1.1" 200 1560
181.237.226.180 - - [08/Jan/2023:18:23:03 -0500] "POST /sipse/faces/presentacion/financiero/solicitudProceso/listarSolicitudProceso.xhtml HTTP/1.1" 200 114924
181.237.226.180 - - [08/Jan/2023:18:23:04 -0500] "GET /sipse/faces/javax.faces.resource/theme.css?ln=primefaces-sipse HTTP/1.1" 304 -
181.237.226.180 - - [08/Jan/2023:18:23:04 -0500] "GET /sipse/faces/javax.faces.resource/layout/layout.css?ln=primefaces&v=4.0 HTTP/1.1" 304 -
181.237.226.180 - - [08/Jan/2023:18:23:04 -0500] "GET /sipse/faces/javax.faces.resource/primefaces.css?ln=primefaces&v=4.0 HTTP/1.1" 304 -
181.237.226.180 - - [08/Jan/2023:18:23:04 -0500] "GET /sipse/faces/javax.faces.resource/jquery/jquery.js?ln=primefaces&v=4.0 HTTP/1.1" 304 -
181.237.226.180 - - [08/Jan/2023:18:23:04 -0500] "GET /sipse/faces/javax.faces.resource/jquery/jquery-plugins.js?ln=primefaces&v=4.0 HTTP/1.1" 304 -
181.237.226.180 - - [08/Jan/2023:18:23:04 -0500] "GET /sipse/faces/javax.faces.resource/primefaces.js?ln=primefaces&v=4.0 HTTP/1.1" 304 -
181.237.226.180 - - [08/Jan/2023:18:23:04 -0500] "GET /sipse/faces/javax.faces.resource/layout/layout.js?ln=primefaces&v=4.0 HTTP/1.1" 304 -
181.237.226.180 - - [08/Jan/2023:18:23:13 -0500] "POST /sipse/faces/presentacion/financiero/solicitudProceso/consultarSolicitudProceso.xhtml HTTP/1.1" 200 312602
181.237.226.180 - - [08/Jan/2023:18:23:20 -0500] "POST /sipse/faces/presentacion/financiero/solicitudProceso/consultarSolicitudProceso.xhtml HTTP/1.1" 200 324007
181.237.226.180 - - [08/Jan/2023:18:23:24 -0500] "POST /sipse/faces/presentacion/financiero/solicitudProceso/consultarSolicitudProceso.xhtml HTTP/1.1" 200 40412
181.237.226.180 - - [08/Jan/2023:18:23:25 -0500] "GET /sipse/faces/javax.faces.resource/theme.css?ln=primefaces-sipse HTTP/1.1" 304 -
181.237.226.180 - - [08/Jan/2023:18:23:25 -0500] "GET /sipse/faces/javax.faces.resource/primefaces.css?ln=primefaces&v=4.0 HTTP/1.1" 304 -
181.237.226.180 - - [08/Jan/2023:18:23:25 -0500] "GET /sipse/faces/javax.faces.resource/layout/layout.css?ln=primefaces&v=4.0 HTTP/1.1" 304 -
181.237.226.180 - - [08/Jan/2023:18:23:25 -0500] "GET /sipse/faces/javax.faces.resource/jquery/jquery.js?ln=primefaces&v=4.0 HTTP/1.1" 304 -
181.237.226.180 - - [08/Jan/2023:18:23:25 -0500] "GET /sipse/faces/javax.faces.resource/jquery/jquery-plugins.js?ln=primefaces&v=4.0 HTTP/1.1" 304 -
181.237.226.180 - - [08/Jan/2023:18:23:25 -0500] "GET /sipse/faces/javax.faces.resource/primefaces.js?ln=primefaces&v=4.0 HTTP/1.1" 304 -
181.237.226.180 - - [08/Jan/2023:18:23:25 -0500] "GET /sipse/faces/javax.faces.resource/layout/layout.js?ln=primefaces&v=4.0 HTTP/1.1" 304 -
201.245.192.253 - - [08/Jan/2023:18:24:35 -0500] "POST /kwsrmcab/Wsrmcab  HTTP/1.1" 200 43926
172.22.2.4 - - [08/Jan/2023:18:24:40 -0500] "GET /BLA/boletinlegal/robots.txt HTTP/1.1" 404 1038
172.22.2.4 - - [08/Jan/2023:18:24:43 -0500] "GET /BLA/boletinlegal/Circulares/2012/Circular%20No.%2011%20del%2027%20de%20Agosto%20de%202012.pdf HTTP/1.1" 200 526945
181.237.226.180 - - [08/Jan/2023:18:25:20 -0500] "POST /sipse/faces/presentacion/financiero/modificacionContrato/cargarModifiacion.xhtml HTTP/1.1" 200 5347
172.22.2.4 - - [08/Jan/2023:18:24:10 -0500] "HEAD /BLA/boletinlegal/ HTTP/1.1" 200 -
216.245.221.92 - - [08/Jan/2023:18:26:07 -0500] "HEAD / HTTP/1.1" 200 -
172.22.2.4 - - [08/Jan/2023:18:25:00 -0500] "GET /BLA/boletinlegal/ HTTP/1.1" 200 56825
172.22.2.4 - - [08/Jan/2023:18:26:52 -0500] "GET /BLA/boletinlegal/jurisprudencia/analisis/CUADRO%20SENTENCIA%20C-222%20DE%202011.doc HTTP/1.1" 304 -
181.237.226.180 - - [08/Jan/2023:18:27:10 -0500] "POST /sipse/faces/presentacion/financiero/modificacionContrato/cargarModifiacion.xhtml HTTP/1.1" 200 5419
69.171.231.1 - - [08/Jan/2023:18:28:34 -0500] "GET /se-abre-convocatoria-a-organizaciones-ambientales-para-generar-1-070-empleos-verdes-dirigidos-a-mujeres.html HTTP/1.1" 206 1128
201.245.192.253 - - [08/Jan/2023:18:29:03 -0500] "POST /kwsrmcab/Wsrmcab HTTP/1.1" 200 44073
201.245.192.253 - - [08/Jan/2023:18:29:05 -0500] "POST /kwsrmcab/Wsrmcab HTTP/1.1" 200 44260
181.237.226.180 - - [08/Jan/2023:18:29:33 -0500] "POST /sipse/faces/presentacion/financiero/modificacionContrato/cargarModifiacion.xhtml HTTP/1.1" 200 118071
181.237.226.180 - - [08/Jan/2023:18:29:34 -0500] "GET /sipse/faces/javax.faces.resource/theme.css?ln=primefaces-sipse HTTP/1.1" 304 -
