201.245.192.253 - - [08/Jan/2023:05:47:08 -0500] "POST /kwsrmcab/Wsrmcab  HTTP/1.1" 200 43926
172.22.2.4 - - [08/Jan/2023:05:45:52 -0500] "HEAD /BLA/boletinlegal/ HTTP/1.1" 200 -
172.22.2.4 - - [08/Jan/2023:05:46:42 -0500] "GET /BLA/boletinlegal/ HTTP/1.1" 200 58612
40.77.167.60 - - [08/Jan/2023:05:50:31 -0500] "GET /sipse/faces/autenticacion.xhtml HTTP/1.1" 200 12500
66.249.73.127 - - [08/Jan/2023:05:50:59 -0500] "-" 408 -
216.245.221.92 - - [08/Jan/2023:05:51:08 -0500] "HEAD / HTTP/1.1" 200 -
201.245.192.253 - - [08/Jan/2023:05:52:07 -0500] "POST /kwsrmcab/Wsrmcab  HTTP/1.1" 200 43926
172.22.2.4 - - [08/Jan/2023:05:53:13 -0500] "GET /BLA/boletinlegal/favicon.ico HTTP/1.1" 404 1018
172.22.2.4 - - [08/Jan/2023:05:51:41 -0500] "HEAD /BLA/boletinlegal/ HTTP/1.1" 200 -
172.22.2.4 - - [08/Jan/2023:05:52:57 -0500] "GET /BLA/boletinlegal/ HTTP/1.1" 200 20427
172.22.2.4 - - [08/Jan/2023:05:52:58 -0500] "GET /BLA/boletinlegal/ HTTP/1.1" 200 32715
172.22.2.4 - - [08/Jan/2023:05:52:32 -0500] "GET /BLA/boletinlegal/ HTTP/1.1" 200 52942
216.245.221.92 - - [08/Jan/2023:05:56:08 -0500] "HEAD / HTTP/1.1" 200 -
172.22.2.4 - - [08/Jan/2023:05:56:11 -0500] "GET /BLA/boletinlegal/.DS_Store HTTP/1.1" 404 1018
172.22.2.4 - - [08/Jan/2023:05:56:11 -0500] "GET /BLA/boletinlegal/idx_config/ HTTP/1.1" 404 1018
172.22.2.4 - - [08/Jan/2023:05:56:12 -0500] "GET /BLA/boletinlegal/telescope/requests HTTP/1.1" 404 1018
172.22.2.4 - - [08/Jan/2023:05:56:13 -0500] "GET /BLA/boletinlegal/info.php HTTP/1.1" 404 1018
172.22.2.4 - - [08/Jan/2023:05:56:14 -0500] "GET /BLA/boletinlegal/.git/config HTTP/1.1" 404 1018
172.22.2.4 - - [08/Jan/2023:05:56:15 -0500] "GET /BLA/boletinlegal/config.json HTTP/1.1" 404 1018
172.22.2.4 - - [08/Jan/2023:05:56:16 -0500] "GET /BLA/boletinlegal/.env HTTP/1.1" 404 1018
172.22.2.4 - - [08/Jan/2023:05:56:03 -0500] "GET /BLA/boletinlegal/ HTTP/1.1" 200 20427
80.94.92.57 - - [08/Jan/2023:05:56:29 -0500] "GET / HTTP/1.1" 200 319
201.245.192.253 - - [08/Jan/2023:05:57:05 -0500] "POST /kwsrmcab/Wsrmcab  HTTP/1.1" 200 43926
172.22.2.4 - - [08/Jan/2023:05:57:32 -0500] "HEAD /BLA/boletinlegal/ HTTP/1.1" 200 -
172.22.2.4 - - [08/Jan/2023:05:58:22 -0500] "GET /BLA/boletinlegal/ HTTP/1.1" 200 57192
66.249.73.127 - - [08/Jan/2023:06:00:50 -0500] "-" 408 -
216.245.221.92 - - [08/Jan/2023:06:01:08 -0500] "HEAD / HTTP/1.1" 200 -
195.154.77.190 - - [08/Jan/2023:06:01:32 -0500] "POST /boaform/admin/formLogin HTTP/1.1" 404 1186
201.245.192.253 - - [08/Jan/2023:06:02:04 -0500] "POST /kwsrmcab/Wsrmcab  HTTP/1.1" 200 43926
172.22.2.4 - - [08/Jan/2023:06:03:21 -0500] "HEAD /BLA/boletinlegal/ HTTP/1.1" 200 -
172.22.2.4 - - [08/Jan/2023:06:04:12 -0500] "GET /BLA/boletinlegal/ HTTP/1.1" 200 57192
216.245.221.92 - - [08/Jan/2023:06:06:08 -0500] "HEAD / HTTP/1.1" 200 -
66.249.73.127 - - [08/Jan/2023:06:06:28 -0500] "-" 408 -
201.245.192.253 - - [08/Jan/2023:06:07:02 -0500] "POST /kwsrmcab/Wsrmcab  HTTP/1.1" 200 43926
69.171.251.17 - - [08/Jan/2023:06:07:55 -0500] "GET /images/cr\xc3\xb3nica-29-nov-1_optimized.jpeg HTTP/1.1" 404 1034
172.22.2.4 - - [08/Jan/2023:06:09:12 -0500] "HEAD /BLA/boletinlegal/ HTTP/1.1" 200 -
216.245.221.92 - - [08/Jan/2023:06:11:08 -0500] "HEAD / HTTP/1.1" 200 -
185.119.81.100 - - [08/Jan/2023:06:11:40 -0500] "GET /portaldeninos/wp-login.php HTTP/1.1" 200 2592
185.119.81.100 - - [08/Jan/2023:06:11:41 -0500] "POST /portaldeninos/wp-login.php HTTP/1.1" 200 3605
172.22.2.4 - - [08/Jan/2023:06:10:02 -0500] "GET /BLA/boletinlegal/ HTTP/1.1" 200 57824
201.245.192.253 - - [08/Jan/2023:06:12:01 -0500] "POST /kwsrmcab/Wsrmcab  HTTP/1.1" 200 43926
66.249.73.127 - - [08/Jan/2023:06:12:39 -0500] "-" 408 -
207.46.13.41 - - [08/Jan/2023:06:13:07 -0500] "GET /BLA/resoluciones/AUTOS%202022/5729.pdf HTTP/1.1" 200 411617
143.47.184.251 - - [08/Jan/2023:06:13:57 -0500] "GET /.env HTTP/1.1" 404 1018
143.47.184.251 - - [08/Jan/2023:06:13:58 -0500] "GET /.env.example HTTP/1.1" 404 1018
143.47.184.251 - - [08/Jan/2023:06:13:59 -0500] "GET /blog/.env HTTP/1.1" 404 1018
143.47.184.251 - - [08/Jan/2023:06:14:00 -0500] "GET /api/.env HTTP/1.1" 404 1018
143.47.184.251 - - [08/Jan/2023:06:14:02 -0500] "GET /laravel/.env HTTP/1.1" 404 1018
143.47.184.251 - - [08/Jan/2023:06:14:03 -0500] "GET /docs/.env HTTP/1.1" 404 1018
143.47.184.251 - - [08/Jan/2023:06:14:04 -0500] "GET /_profiler/phpinfo HTTP/1.1" 404 1018
216.245.221.92 - - [08/Jan/2023:06:16:08 -0500] "HEAD / HTTP/1.1" 200 -
172.22.2.4 - - [08/Jan/2023:06:15:01 -0500] "HEAD /BLA/boletinlegal/ HTTP/1.1" 200 -
201.245.192.253 - - [08/Jan/2023:06:17:00 -0500] "POST /kwsrmcab/Wsrmcab  HTTP/1.1" 200 43926
172.22.2.4 - - [08/Jan/2023:06:15:52 -0500] "GET /BLA/boletinlegal/ HTTP/1.1" 200 57824
207.46.13.139 - - [08/Jan/2023:06:17:37 -0500] "GET /BLA/resoluciones/AUTOS%202014/3154.pdf HTTP/1.1" 304 -
186.28.131.127 - - [08/Jan/2023:06:17:53 -0500] "GET /sipse/faces/index.xhtml HTTP/1.1" 200 677
186.28.131.127 - - [08/Jan/2023:06:17:53 -0500] "GET /sipse/faces/javax.faces.resource/theme.css?ln=primefaces-sipse HTTP/1.1" 200 50058
186.28.131.127 - - [08/Jan/2023:06:17:53 -0500] "GET /sipse/faces/faces/autenticacion.xhtml HTTP/1.1" 200 12178
186.28.131.127 - - [08/Jan/2023:06:17:54 -0500] "GET /favicon.ico HTTP/1.1" 200 7782
186.28.131.127 - - [08/Jan/2023:06:17:54 -0500] "GET /sipse/js/disable_browser_buttons.js HTTP/1.1" 200 3230
186.28.131.127 - - [08/Jan/2023:06:17:54 -0500] "GET /sipse/css/custom_css_sg.css HTTP/1.1" 200 9694
186.28.131.127 - - [08/Jan/2023:06:17:54 -0500] "GET /sipse/css/custom_css_sg_prime_login.css HTTP/1.1" 200 443
186.28.131.127 - - [08/Jan/2023:06:17:54 -0500] "GET /sipse/js/funciones.js HTTP/1.1" 200 12592
186.28.131.127 - - [08/Jan/2023:06:17:54 -0500] "GET /sipse/faces/javax.faces.resource/primefaces.css?ln=primefaces&v=4.0 HTTP/1.1" 200 53295
186.28.131.127 - - [08/Jan/2023:06:17:54 -0500] "GET /sipse/faces/javax.faces.resource/theme.css?ln=primefaces-sipse HTTP/1.1" 304 -
186.28.131.127 - - [08/Jan/2023:06:17:54 -0500] "GET /sipse/faces/javax.faces.resource/layout/layout.css?ln=primefaces&v=4.0 HTTP/1.1" 200 542
186.28.131.127 - - [08/Jan/2023:06:17:54 -0500] "GET /sipse/faces/javax.faces.resource/jquery/jquery.js?ln=primefaces&v=4.0 HTTP/1.1" 200 105384
186.28.131.127 - - [08/Jan/2023:06:17:54 -0500] "GET /sipse/faces/javax.faces.resource/layout/layout.js?ln=primefaces&v=4.0 HTTP/1.1" 200 87560
186.28.131.127 - - [08/Jan/2023:06:17:54 -0500] "GET /sipse/faces/javax.faces.resource/jquery/jquery-plugins.js?ln=primefaces&v=4.0 HTTP/1.1" 200 220526
186.28.131.127 - - [08/Jan/2023:06:17:54 -0500] "GET /sipse/faces/javax.faces.resource/primefaces.js?ln=primefaces&v=4.0 HTTP/1.1" 200 276924
186.28.131.127 - - [08/Jan/2023:06:17:54 -0500] "GET /sipse/css/imagen/logoSDG.png HTTP/1.1" 200 53064
186.28.131.127 - - [08/Jan/2023:06:17:54 -0500] "GET /sipse/css/imagen/loginimg.png HTTP/1.1" 200 71635
186.28.131.127 - - [08/Jan/2023:06:17:54 -0500] "GET /sipse/faces/javax.faces.resource/images/ui-icons_898989_256x240.png?ln=primefaces-aristo HTTP/1.1" 200 5355
186.28.131.127 - - [08/Jan/2023:06:17:58 -0500] "POST /sipse/faces/autenticacion.xhtml HTTP/1.1" 200 16120
186.28.131.127 - - [08/Jan/2023:06:17:58 -0500] "GET /sipse/css/custom_css_sg_prime.css HTTP/1.1" 200 5201
186.28.131.127 - - [08/Jan/2023:06:17:58 -0500] "GET /sipse/faces/javax.faces.resource/theme.css?ln=primefaces-sipse HTTP/1.1" 304 -
186.28.131.127 - - [08/Jan/2023:06:17:58 -0500] "GET /sipse/faces/javax.faces.resource/primefaces.css?ln=primefaces&v=4.0 HTTP/1.1" 304 -
186.28.131.127 - - [08/Jan/2023:06:17:58 -0500] "GET /sipse/faces/javax.faces.resource/layout/layout.css?ln=primefaces&v=4.0 HTTP/1.1" 304 -
186.28.131.127 - - [08/Jan/2023:06:17:58 -0500] "GET /sipse/js/jquery.min.js HTTP/1.1" 200 85582
186.28.131.127 - - [08/Jan/2023:06:17:59 -0500] "GET /sipse/faces/javax.faces.resource/jquery/jquery.js?ln=primefaces&v=4.0 HTTP/1.1" 304 -
186.28.131.127 - - [08/Jan/2023:06:17:59 -0500] "GET /sipse/faces/javax.faces.resource/jquery/jquery-plugins.js?ln=primefaces&v=4.0 HTTP/1.1" 304 -
186.28.131.127 - - [08/Jan/2023:06:17:59 -0500] "GET /sipse/faces/javax.faces.resource/primefaces.js?ln=primefaces&v=4.0 HTTP/1.1" 304 -
186.28.131.127 - - [08/Jan/2023:06:17:59 -0500] "GET /sipse/faces/javax.faces.resource/layout/layout.js?ln=primefaces&v=4.0 HTTP/1.1" 304 -
186.28.131.127 - - [08/Jan/2023:06:17:59 -0500] "GET /sipse/css/imagen/contrasena.png HTTP/1.1" 404 383
186.28.131.127 - - [08/Jan/2023:06:17:59 -0500] "GET /sipse/imagenes/cargando.gif HTTP/1.1" 200 36959
186.28.131.127 - - [08/Jan/2023:06:17:59 -0500] "GET /sipse/imagenes/logoAplicacion.jpg HTTP/1.1" 200 155084
186.28.131.127 - - [08/Jan/2023:06:17:59 -0500] "GET /sipse/faces/javax.faces.resource/messages/messages.png?ln=primefaces&v=4.0 HTTP/1.1" 200 27209
186.28.131.127 - - [08/Jan/2023:06:18:02 -0500] "GET /sipse/faces/javax.faces.resource/images/ui-bg_flat_0_2d5972_40x100.png?ln=primefaces-aristo HTTP/1.1" 200 183
186.28.131.127 - - [08/Jan/2023:06:18:02 -0500] "POST /sipse/faces/bienvenido.xhtml HTTP/1.1" 200 1471
186.28.131.127 - - [08/Jan/2023:06:18:03 -0500] "POST /sipse/faces/bienvenido.xhtml HTTP/1.1" 200 31282
186.28.131.127 - - [08/Jan/2023:06:18:03 -0500] "GET /sipse/faces/javax.faces.resource/theme.css?ln=primefaces-sipse HTTP/1.1" 304 -
186.28.131.127 - - [08/Jan/2023:06:18:03 -0500] "GET /sipse/faces/javax.faces.resource/primefaces.css?ln=primefaces&v=4.0 HTTP/1.1" 304 -
186.28.131.127 - - [08/Jan/2023:06:18:03 -0500] "GET /sipse/faces/javax.faces.resource/layout/layout.css?ln=primefaces&v=4.0 HTTP/1.1" 304 -
186.28.131.127 - - [08/Jan/2023:06:18:04 -0500] "GET /sipse/faces/javax.faces.resource/jquery/jquery.js?ln=primefaces&v=4.0 HTTP/1.1" 304 -
186.28.131.127 - - [08/Jan/2023:06:18:04 -0500] "GET /sipse/faces/javax.faces.resource/jquery/jquery-plugins.js?ln=primefaces&v=4.0 HTTP/1.1" 304 -
186.28.131.127 - - [08/Jan/2023:06:18:04 -0500] "GET /sipse/faces/javax.faces.resource/primefaces.js?ln=primefaces&v=4.0 HTTP/1.1" 304 -
186.28.131.127 - - [08/Jan/2023:06:18:04 -0500] "GET /sipse/faces/javax.faces.resource/layout/layout.js?ln=primefaces&v=4.0 HTTP/1.1" 304 -
186.28.131.127 - - [08/Jan/2023:06:18:04 -0500] "POST /sipse/faces/presentacion/financiero/solicitudProceso/listarSolicitudProceso.xhtml HTTP/1.1" 200 1372
186.28.131.127 - - [08/Jan/2023:06:18:08 -0500] "POST /sipse/faces/presentacion/financiero/solicitudProceso/listarSolicitudProceso.xhtml HTTP/1.1" 200 2081
186.28.131.127 - - [08/Jan/2023:06:18:10 -0500] "POST /sipse/faces/presentacion/financiero/solicitudProceso/listarSolicitudProceso.xhtml HTTP/1.1" 200 38387
186.28.131.127 - - [08/Jan/2023:06:18:11 -0500] "GET /sipse/faces/javax.faces.resource/primefaces.css?ln=primefaces&v=4.0 HTTP/1.1" 304 -
186.28.131.127 - - [08/Jan/2023:06:18:11 -0500] "GET /sipse/faces/javax.faces.resource/theme.css?ln=primefaces-sipse HTTP/1.1" 304 -
186.28.131.127 - - [08/Jan/2023:06:18:11 -0500] "GET /sipse/faces/javax.faces.resource/layout/layout.css?ln=primefaces&v=4.0 HTTP/1.1" 304 -
186.28.131.127 - - [08/Jan/2023:06:18:11 -0500] "GET /sipse/faces/javax.faces.resource/jquery/jquery.js?ln=primefaces&v=4.0 HTTP/1.1" 304 -
186.28.131.127 - - [08/Jan/2023:06:18:11 -0500] "GET /sipse/faces/javax.faces.resource/jquery/jquery-plugins.js?ln=primefaces&v=4.0 HTTP/1.1" 304 -
186.28.131.127 - - [08/Jan/2023:06:18:11 -0500] "GET /sipse/faces/javax.faces.resource/primefaces.js?ln=primefaces&v=4.0 HTTP/1.1" 304 -
186.28.131.127 - - [08/Jan/2023:06:18:11 -0500] "GET /sipse/faces/javax.faces.resource/layout/layout.js?ln=primefaces&v=4.0 HTTP/1.1" 304 -
186.28.131.127 - - [08/Jan/2023:06:18:11 -0500] "POST /sipse/faces/presentacion/financiero/solicitudProceso/consultar.xhtml HTTP/1.1" 200 31753
186.28.131.127 - - [08/Jan/2023:06:18:28 -0500] "POST /sipse/faces/presentacion/financiero/solicitudProceso/consultar.xhtml HTTP/1.1" 200 12843
185.119.81.101 - - [08/Jan/2023:06:18:46 -0500] "GET /portaldeninos/wp-login.php HTTP/1.1" 200 2592
185.119.81.101 - - [08/Jan/2023:06:18:47 -0500] "POST /portaldeninos/wp-login.php HTTP/1.1" 200 3605
201.245.192.253 - - [08/Jan/2023:06:19:05 -0500] "POST /kwsrmcab/Wsrmcab HTTP/1.1" 200 43924
201.245.192.253 - - [08/Jan/2023:06:19:08 -0500] "POST /kwsrmcab/Wsrmcab HTTP/1.1" 200 43980
189.14.8.136 - - [08/Jan/2023:06:19:44 -0500] "GET / HTTP/1.1" 200 319
190.217.28.44 - - [08/Jan/2023:06:20:11 -0500] "GET /como-ayudar-a-mantener-una-buena-calidad-del-aire-en-bogota.html HTTP/1.1" 200 914
216.245.221.92 - - [08/Jan/2023:06:21:08 -0500] "HEAD / HTTP/1.1" 200 -
172.22.2.4 - - [08/Jan/2023:06:20:54 -0500] "GET /BLA/boletinlegal/ HTTP/1.1" 200 24523
66.249.73.127 - - [08/Jan/2023:06:21:38 -0500] "-" 408 -
201.245.192.253 - - [08/Jan/2023:06:21:59 -0500] "POST /kwsrmcab/Wsrmcab  HTTP/1.1" 200 43926
172.22.2.4 - - [08/Jan/2023:06:20:51 -0500] "HEAD /BLA/boletinlegal/ HTTP/1.1" 200 -
172.22.2.4 - - [08/Jan/2023:06:21:42 -0500] "GET /BLA/boletinlegal/ HTTP/1.1" 200 57192
216.245.221.92 - - [08/Jan/2023:06:26:08 -0500] "HEAD / HTTP/1.1" 200 -
185.119.81.99 - - [08/Jan/2023:06:26:12 -0500] "GET /portaldeninos/wp-login.php HTTP/1.1" 200 2592
185.119.81.99 - - [08/Jan/2023:06:26:13 -0500] "POST /portaldeninos/wp-login.php HTTP/1.1" 200 3670
201.245.192.253 - - [08/Jan/2023:06:26:58 -0500] "POST /kwsrmcab/Wsrmcab  HTTP/1.1" 200 43926
172.22.2.4 - - [08/Jan/2023:06:26:41 -0500] "HEAD /BLA/boletinlegal/ HTTP/1.1" 200 -
201.245.192.253 - - [08/Jan/2023:06:29:05 -0500] "POST /kwsrmcab/Wsrmcab HTTP/1.1" 200 43924
201.245.192.253 - - [08/Jan/2023:06:29:08 -0500] "POST /kwsrmcab/Wsrmcab HTTP/1.1" 200 43980
172.22.2.4 - - [08/Jan/2023:06:27:32 -0500] "GET /BLA/boletinlegal/ HTTP/1.1" 200 49193
172.22.2.4 - - [08/Jan/2023:06:27:39 -0500] "GET /BLA/boletinlegal/ HTTP/1.1" 200 50495
216.245.221.92 - - [08/Jan/2023:06:31:08 -0500] "HEAD / HTTP/1.1" 200 -
201.245.192.253 - - [08/Jan/2023:06:31:57 -0500] "POST /kwsrmcab/Wsrmcab  HTTP/1.1" 200 43926
172.22.2.4 - - [08/Jan/2023:06:32:31 -0500] "HEAD /BLA/boletinlegal/ HTTP/1.1" 200 -
172.22.2.4 - - [08/Jan/2023:06:33:22 -0500] "GET /BLA/boletinlegal/ HTTP/1.1" 200 57824
216.245.221.92 - - [08/Jan/2023:06:36:08 -0500] "HEAD / HTTP/1.1" 200 -
201.245.192.253 - - [08/Jan/2023:06:36:56 -0500] "POST /kwsrmcab/Wsrmcab  HTTP/1.1" 200 43926
172.22.2.4 - - [08/Jan/2023:06:37:10 -0500] "GET /BLA/boletinlegal/Directivas/2016/Directiva%20No.%2001%20del%2012%20de%20Abril%20de%202016.pdf HTTP/1.1" 304 -
201.245.192.253 - - [08/Jan/2023:06:39:05 -0500] "POST /kwsrmcab/Wsrmcab HTTP/1.1" 200 43924
201.245.192.253 - - [08/Jan/2023:06:39:08 -0500] "POST /kwsrmcab/Wsrmcab HTTP/1.1" 200 43980
183.136.225.32 - - [08/Jan/2023:06:39:20 -0500] "GET / HTTP/1.1" 200 319
172.22.2.4 - - [08/Jan/2023:06:38:21 -0500] "HEAD /BLA/boletinlegal/ HTTP/1.1" 200 -
172.22.2.4 - - [08/Jan/2023:06:39:12 -0500] "GET /BLA/boletinlegal/ HTTP/1.1" 200 59404
216.245.221.92 - - [08/Jan/2023:06:41:08 -0500] "HEAD / HTTP/1.1" 200 -
40.77.167.17 - - [08/Jan/2023:06:41:30 -0500] "GET /BLA/resoluciones/RESOLUCIONES%202001/2001%20950-999.TIF HTTP/1.1" 200 8193358
201.245.192.253 - - [08/Jan/2023:06:41:55 -0500] "POST /kwsrmcab/Wsrmcab  HTTP/1.1" 200 43926
220.181.108.80 - - [08/Jan/2023:06:42:43 -0500] "GET /galeria/galeria/fotos/GuaymaralTorca4G.jpg HTTP/1.1" 200 373786
40.77.167.60 - - [08/Jan/2023:06:42:45 -0500] "GET /BLA/resoluciones/index.php?dir=RESOLUCIONES+2021%2F HTTP/1.1" 200 436754
40.77.167.17 - - [08/Jan/2023:06:41:35 -0500] "GET /BLA/boletinlegal/index.php HTTP/1.1" 200 62423
207.46.13.41 - - [08/Jan/2023:06:43:20 -0500] "GET /sipse/faces/faces/autenticacion.xhtml HTTP/1.1" 200 12500
207.46.13.139 - - [08/Jan/2023:06:43:39 -0500] "GET /sipse/css/custom_css_sg_prime_login.css HTTP/1.1" 200 443
207.46.13.93 - - [08/Jan/2023:06:43:44 -0500] "GET /sipse/faces/javax.faces.resource/jquery/jquery-plugins.js;jsessionid=hIR-i4ZK5GSVd3IZbWyRV57T.undefined?ln=primefaces&v=4.0 HTTP/1.1" 200 220526
207.46.13.93 - - [08/Jan/2023:06:43:45 -0500] "GET /sipse/faces/javax.faces.resource/jquery/jquery.js;jsessionid=hIR-i4ZK5GSVd3IZbWyRV57T.undefined?ln=primefaces&v=4.0 HTTP/1.1" 200 105384
207.46.13.93 - - [08/Jan/2023:06:43:45 -0500] "GET /sipse/js/funciones.js HTTP/1.1" 200 12592
183.136.225.32 - - [08/Jan/2023:06:44:55 -0500] "GET / HTTP/1.1" 200 319
183.136.225.32 - - [08/Jan/2023:06:44:56 -0500] "GET /favicon.ico HTTP/1.1" 200 7782
172.22.2.4 - - [08/Jan/2023:06:44:11 -0500] "HEAD /BLA/boletinlegal/ HTTP/1.1" 200 -
216.245.221.92 - - [08/Jan/2023:06:46:08 -0500] "HEAD / HTTP/1.1" 200 -
172.22.2.4 - - [08/Jan/2023:06:45:02 -0500] "GET /BLA/boletinlegal/ HTTP/1.1" 200 56825
201.245.192.253 - - [08/Jan/2023:06:46:54 -0500] "POST /kwsrmcab/Wsrmcab  HTTP/1.1" 200 43926
87.250.224.100 - - [08/Jan/2023:06:48:48 -0500] "-" 408 -
5.45.207.143 - - [08/Jan/2023:06:48:53 -0500] "-" 408 -
87.250.224.196 - - [08/Jan/2023:06:48:58 -0500] "-" 408 -
87.250.224.146 - - [08/Jan/2023:06:49:04 -0500] "-" 408 -
5.45.207.95 - - [08/Jan/2023:06:49:19 -0500] "-" 408 -
5.45.207.108 - - [08/Jan/2023:06:49:34 -0500] "-" 408 -
207.46.13.170 - - [08/Jan/2023:06:49:43 -0500] "GET /secretaria-de-ambiente-hace-seguimiento-a-la-calidad-del-aire-producto-de-incendio-a-las-afueras-de-bogota.html HTTP/1.1" 200 922
207.46.13.93 - - [08/Jan/2023:06:50:01 -0500] "GET /Publicaciones/2022EE134389.pdf HTTP/1.1" 404 228
87.250.224.120 - - [08/Jan/2023:06:50:04 -0500] "-" 408 -
87.250.224.77 - - [08/Jan/2023:06:51:04 -0500] "-" 408 -
216.245.221.92 - - [08/Jan/2023:06:51:08 -0500] "HEAD / HTTP/1.1" 200 -
172.22.2.4 - - [08/Jan/2023:06:50:01 -0500] "HEAD /BLA/boletinlegal/ HTTP/1.1" 200 -
201.245.192.253 - - [08/Jan/2023:06:51:53 -0500] "POST /kwsrmcab/Wsrmcab  HTTP/1.1" 200 43926
5.45.207.135 - - [08/Jan/2023:06:52:04 -0500] "-" 408 -
172.22.2.4 - - [08/Jan/2023:06:50:52 -0500] "GET /BLA/boletinlegal/ HTTP/1.1" 200 57192
36.234.72.149 - - [08/Jan/2023:06:54:24 -0500] "GET / HTTP/1.1" 200 319
216.245.221.92 - - [08/Jan/2023:06:56:08 -0500] "HEAD / HTTP/1.1" 200 -
201.245.192.253 - - [08/Jan/2023:06:56:53 -0500] "POST /kwsrmcab/Wsrmcab  HTTP/1.1" 200 43926
173.252.107.24 - - [08/Jan/2023:06:57:30 -0500] "GET /images/mantener-calidad-del-aire_optimized.jpeg HTTP/1.1" 200 67646
172.22.2.4 - - [08/Jan/2023:06:55:51 -0500] "HEAD /BLA/boletinlegal/ HTTP/1.1" 200 -
172.22.2.4 - - [08/Jan/2023:06:56:42 -0500] "GET /BLA/boletinlegal/ HTTP/1.1" 200 55272
40.77.188.145 - - [08/Jan/2023:06:59:31 -0500] "GET /sipse/js/disable_browser_buttons.js HTTP/1.1" 200 3230
40.77.189.230 - - [08/Jan/2023:06:59:31 -0500] "GET /sipse/css/custom_css_sg.css HTTP/1.1" 200 9694
40.77.189.210 - - [08/Jan/2023:06:59:31 -0500] "GET /sipse/faces/javax.faces.resource/theme.css?ln=primefaces-sipse HTTP/1.1" 200 50058
40.77.188.145 - - [08/Jan/2023:06:59:31 -0500] "GET /sipse/faces/javax.faces.resource/layout/layout.css;jsessionid=hIR-i4ZK5GSVd3IZbWyRV57T.undefined?ln=primefaces&v=4.0 HTTP/1.1" 200 542
40.77.189.151 - - [08/Jan/2023:06:59:31 -0500] "GET /sipse/faces/javax.faces.resource/primefaces.css;jsessionid=hIR-i4ZK5GSVd3IZbWyRV57T.undefined?ln=primefaces&v=4.0 HTTP/1.1" 200 53295
40.77.188.35 - - [08/Jan/2023:06:59:32 -0500] "GET /sipse/faces/javax.faces.resource/layout/layout.js;jsessionid=hIR-i4ZK5GSVd3IZbWyRV57T.undefined?ln=primefaces&v=4.0 HTTP/1.1" 200 87560
40.77.188.193 - - [08/Jan/2023:06:59:32 -0500] "GET /sipse/faces/javax.faces.resource/primefaces.js;jsessionid=hIR-i4ZK5GSVd3IZbWyRV57T.undefined?ln=primefaces&v=4.0 HTTP/1.1" 200 276924
40.77.188.193 - - [08/Jan/2023:06:59:33 -0500] "GET /sipse/faces/faces/index.xhtml HTTP/1.1" 200 677
185.119.81.99 - - [08/Jan/2023:07:00:30 -0500] "GET /portaldeninos/wp-login.php HTTP/1.1" 200 2592
185.119.81.99 - - [08/Jan/2023:07:00:31 -0500] "POST /portaldeninos/wp-login.php HTTP/1.1" 200 3650
157.55.39.212 - - [08/Jan/2023:07:00:37 -0500] "GET /portaldeninos/wp-content/uploads/2020/06/tw.jpg HTTP/1.1" 200 11056
216.245.221.92 - - [08/Jan/2023:07:01:08 -0500] "HEAD / HTTP/1.1" 200 -
201.245.192.253 - - [08/Jan/2023:07:01:52 -0500] "POST /kwsrmcab/Wsrmcab  HTTP/1.1" 200 43926
172.22.2.4 - - [08/Jan/2023:07:01:41 -0500] "HEAD /BLA/boletinlegal/ HTTP/1.1" 200 -
172.22.2.4 - - [08/Jan/2023:07:02:32 -0500] "GET /BLA/boletinlegal/ HTTP/1.1" 200 57192
216.245.221.92 - - [08/Jan/2023:07:06:08 -0500] "HEAD / HTTP/1.1" 200 -
142.93.149.206 - - [08/Jan/2023:07:06:16 -0500] "GET /portaldeninos/ HTTP/1.1" 200 110197
201.245.192.253 - - [08/Jan/2023:07:06:51 -0500] "POST /kwsrmcab/Wsrmcab  HTTP/1.1" 200 43926
172.22.2.4 - - [08/Jan/2023:07:07:31 -0500] "HEAD /BLA/boletinlegal/ HTTP/1.1" 200 -
172.22.2.4 - - [08/Jan/2023:07:08:22 -0500] "GET /BLA/boletinlegal/ HTTP/1.1" 200 58612
216.245.221.92 - - [08/Jan/2023:07:11:08 -0500] "HEAD / HTTP/1.1" 200 -
172.22.2.4 - - [08/Jan/2023:07:11:18 -0500] "GET /BLA/boletinlegal/robots.txt HTTP/1.1" 404 1038
172.22.2.4 - - [08/Jan/2023:07:11:21 -0500] "GET /BLA/boletinlegal/Circulares/2011/Circular%20No.%203%20del%2016%20de%20Junio%20de%202011.pdf HTTP/1.1" 200 346378
201.245.192.253 - - [08/Jan/2023:07:11:49 -0500] "POST /kwsrmcab/Wsrmcab  HTTP/1.1" 200 43926
172.22.2.4 - - [08/Jan/2023:07:13:21 -0500] "HEAD /BLA/boletinlegal/ HTTP/1.1" 200 -
172.22.2.4 - - [08/Jan/2023:07:14:12 -0500] "GET /BLA/boletinlegal/ HTTP/1.1" 200 57192
216.245.221.92 - - [08/Jan/2023:07:16:08 -0500] "HEAD / HTTP/1.1" 200 -
201.245.192.253 - - [08/Jan/2023:07:16:48 -0500] "POST /kwsrmcab/Wsrmcab  HTTP/1.1" 200 43926
172.22.2.4 - - [08/Jan/2023:07:18:00 -0500] "GET /BLA/boletinlegal/Directivas/2018/Directiva%20No.%2026%20del%2028%20de%20diciembre%20de%202018.pdf HTTP/1.1" 304 -
66.249.73.127 - - [08/Jan/2023:07:18:07 -0500] "-" 408 -
181.237.226.180 - - [08/Jan/2023:07:18:37 -0500] "GET /sipse/faces/index.xhtml HTTP/1.1" 200 677
181.237.226.180 - - [08/Jan/2023:07:18:37 -0500] "GET /sipse/faces/javax.faces.resource/theme.css?ln=primefaces-sipse HTTP/1.1" 200 50058
181.237.226.180 - - [08/Jan/2023:07:18:37 -0500] "GET /favicon.ico HTTP/1.1" 200 7782
181.237.226.180 - - [08/Jan/2023:07:18:57 -0500] "GET /sipse/faces/index.xhtml HTTP/1.1" 200 677
181.237.226.180 - - [08/Jan/2023:07:18:57 -0500] "GET /sipse/faces/javax.faces.resource/theme.css?ln=primefaces-sipse HTTP/1.1" 304 -
207.46.13.41 - - [08/Jan/2023:07:19:04 -0500] "GET /BLA/resoluciones/AUTOS%202022/3681.pdf HTTP/1.1" 200 414221
114.119.148.191 - - [08/Jan/2023:07:19:06 -0500] "-" 408 -
201.245.192.253 - - [08/Jan/2023:07:19:05 -0500] "POST /kwsrmcab/Wsrmcab HTTP/1.1" 200 43807
201.245.192.253 - - [08/Jan/2023:07:19:07 -0500] "POST /kwsrmcab/Wsrmcab HTTP/1.1" 200 43983
181.237.226.180 - - [08/Jan/2023:07:19:16 -0500] "GET /sipse/faces/index.xhtml HTTP/1.1" 200 677
181.237.226.180 - - [08/Jan/2023:07:19:16 -0500] "GET /sipse/faces/javax.faces.resource/theme.css?ln=primefaces-sipse HTTP/1.1" 304 -
181.237.226.180 - - [08/Jan/2023:07:19:16 -0500] "GET /sipse/faces/faces/autenticacion.xhtml HTTP/1.1" 200 12178
181.237.226.180 - - [08/Jan/2023:07:19:17 -0500] "GET /sipse/js/disable_browser_buttons.js HTTP/1.1" 200 3230
181.237.226.180 - - [08/Jan/2023:07:19:17 -0500] "GET /sipse/js/funciones.js HTTP/1.1" 200 12592
181.237.226.180 - - [08/Jan/2023:07:19:17 -0500] "GET /sipse/css/custom_css_sg.css HTTP/1.1" 200 9694
181.237.226.180 - - [08/Jan/2023:07:19:17 -0500] "GET /sipse/css/custom_css_sg_prime_login.css HTTP/1.1" 200 443
181.237.226.180 - - [08/Jan/2023:07:19:17 -0500] "GET /sipse/faces/javax.faces.resource/layout/layout.css?ln=primefaces&v=4.0 HTTP/1.1" 200 542
181.237.226.180 - - [08/Jan/2023:07:19:17 -0500] "GET /sipse/faces/javax.faces.resource/theme.css?ln=primefaces-sipse HTTP/1.1" 304 -
181.237.226.180 - - [08/Jan/2023:07:19:17 -0500] "GET /sipse/faces/javax.faces.resource/primefaces.css?ln=primefaces&v=4.0 HTTP/1.1" 200 53295
181.237.226.180 - - [08/Jan/2023:07:19:17 -0500] "GET /sipse/faces/javax.faces.resource/layout/layout.js?ln=primefaces&v=4.0 HTTP/1.1" 200 87560
181.237.226.180 - - [08/Jan/2023:07:19:17 -0500] "GET /sipse/faces/javax.faces.resource/jquery/jquery-plugins.js?ln=primefaces&v=4.0 HTTP/1.1" 200 220526
181.237.226.180 - - [08/Jan/2023:07:19:17 -0500] "GET /sipse/faces/javax.faces.resource/jquery/jquery.js?ln=primefaces&v=4.0 HTTP/1.1" 200 105384
181.237.226.180 - - [08/Jan/2023:07:19:17 -0500] "GET /sipse/faces/javax.faces.resource/primefaces.js?ln=primefaces&v=4.0 HTTP/1.1" 200 276924
181.237.226.180 - - [08/Jan/2023:07:19:17 -0500] "GET /sipse/faces/javax.faces.resource/images/ui-icons_898989_256x240.png?ln=primefaces-aristo HTTP/1.1" 200 5355
181.237.226.180 - - [08/Jan/2023:07:19:17 -0500] "GET /sipse/css/imagen/loginimg.png HTTP/1.1" 200 71635
181.237.226.180 - - [08/Jan/2023:07:19:17 -0500] "GET /sipse/css/imagen/logoSDG.png HTTP/1.1" 200 53064
191.156.236.251 - - [08/Jan/2023:07:19:47 -0500] "GET /sipse/faces/faces/faces/faces/autenticacion.xhtml HTTP/1.1" 200 12178
191.156.236.251 - - [08/Jan/2023:07:19:49 -0500] "GET /sipse/js/disable_browser_buttons.js HTTP/1.1" 304 -
191.156.236.251 - - [08/Jan/2023:07:19:49 -0500] "GET /sipse/css/custom_css_sg.css HTTP/1.1" 304 -
191.156.236.251 - - [08/Jan/2023:07:19:49 -0500] "GET /sipse/css/custom_css_sg_prime_login.css HTTP/1.1" 304 -
191.156.236.251 - - [08/Jan/2023:07:19:49 -0500] "GET /sipse/faces/javax.faces.resource/theme.css?ln=primefaces-sipse HTTP/1.1" 304 -
191.156.236.251 - - [08/Jan/2023:07:19:49 -0500] "GET /sipse/faces/javax.faces.resource/primefaces.css?ln=primefaces&v=4.0 HTTP/1.1" 304 -
191.156.236.251 - - [08/Jan/2023:07:19:50 -0500] "GET /sipse/faces/javax.faces.resource/layout/layout.css?ln=primefaces&v=4.0 HTTP/1.1" 304 -
191.156.236.251 - - [08/Jan/2023:07:19:51 -0500] "GET /sipse/js/funciones.js HTTP/1.1" 304 -
191.156.236.251 - - [08/Jan/2023:07:19:52 -0500] "GET /sipse/faces/javax.faces.resource/jquery/jquery.js?ln=primefaces&v=4.0 HTTP/1.1" 304 -
191.156.236.251 - - [08/Jan/2023:07:19:52 -0500] "GET /sipse/faces/javax.faces.resource/jquery/jquery-plugins.js?ln=primefaces&v=4.0 HTTP/1.1" 304 -
191.156.236.251 - - [08/Jan/2023:07:19:52 -0500] "GET /sipse/faces/javax.faces.resource/primefaces.js?ln=primefaces&v=4.0 HTTP/1.1" 304 -
191.102.224.196 - - [08/Jan/2023:07:19:53 -0500] "GET /sipse/faces/faces/autenticacion.xhtml HTTP/1.1" 200 12500
191.156.236.251 - - [08/Jan/2023:07:19:53 -0500] "GET /sipse/faces/javax.faces.resource/layout/layout.js?ln=primefaces&v=4.0 HTTP/1.1" 304 -
191.102.224.196 - - [08/Jan/2023:07:19:53 -0500] "GET /sipse/css/custom_css_sg.css HTTP/1.1" 200 9694
191.102.224.196 - - [08/Jan/2023:07:19:54 -0500] "GET /sipse/js/disable_browser_buttons.js HTTP/1.1" 200 3230
191.102.224.196 - - [08/Jan/2023:07:19:53 -0500] "GET /sipse/faces/javax.faces.resource/primefaces.css;jsessionid=AjYGpVAAceorbWwMSkBsZ8aa.undefined?ln=primefaces&v=4.0 HTTP/1.1" 200 53295
191.102.224.196 - - [08/Jan/2023:07:19:53 -0500] "GET /sipse/faces/javax.faces.resource/theme.css?ln=primefaces-sipse HTTP/1.1" 200 50058
181.237.226.180 - - [08/Jan/2023:07:19:54 -0500] "POST /sipse/faces/autenticacion.xhtml HTTP/1.1" 200 11366
181.237.226.180 - - [08/Jan/2023:07:19:54 -0500] "GET /sipse/css/custom_css_sg_prime.css HTTP/1.1" 200 5201
181.237.226.180 - - [08/Jan/2023:07:19:54 -0500] "GET /sipse/faces/javax.faces.resource/jquery/jquery.js?ln=primefaces&v=4.0 HTTP/1.1" 304 -
181.237.226.180 - - [08/Jan/2023:07:19:54 -0500] "GET /sipse/faces/javax.faces.resource/primefaces.css?ln=primefaces&v=4.0 HTTP/1.1" 304 -
181.237.226.180 - - [08/Jan/2023:07:19:54 -0500] "GET /sipse/faces/javax.faces.resource/layout/layout.css?ln=primefaces&v=4.0 HTTP/1.1" 304 -
181.237.226.180 - - [08/Jan/2023:07:19:54 -0500] "GET /sipse/faces/javax.faces.resource/theme.css?ln=primefaces-sipse HTTP/1.1" 304 -
181.237.226.180 - - [08/Jan/2023:07:19:54 -0500] "GET /sipse/faces/javax.faces.resource/jquery/jquery-plugins.js?ln=primefaces&v=4.0 HTTP/1.1" 304 -
181.237.226.180 - - [08/Jan/2023:07:19:54 -0500] "GET /sipse/faces/javax.faces.resource/primefaces.js?ln=primefaces&v=4.0 HTTP/1.1" 304 -
181.237.226.180 - - [08/Jan/2023:07:19:54 -0500] "GET /sipse/faces/javax.faces.resource/layout/layout.js?ln=primefaces&v=4.0 HTTP/1.1" 304 -
191.102.224.196 - - [08/Jan/2023:07:19:54 -0500] "GET /sipse/faces/javax.faces.resource/layout/layout.css;jsessionid=AjYGpVAAceorbWwMSkBsZ8aa.undefined?ln=primefaces&v=4.0 HTTP/1.1" 200 542
181.237.226.180 - - [08/Jan/2023:07:19:54 -0500] "GET /sipse/faces/javax.faces.resource/messages/messages.png?ln=primefaces&v=4.0 HTTP/1.1" 200 27209
191.102.224.196 - - [08/Jan/2023:07:19:54 -0500] "GET /sipse/faces/javax.faces.resource/jquery/jquery.js;jsessionid=AjYGpVAAceorbWwMSkBsZ8aa.undefined?ln=primefaces&v=4.0 HTTP/1.1" 200 105384
191.102.224.196 - - [08/Jan/2023:07:19:55 -0500] "GET /sipse/js/funciones.js HTTP/1.1" 200 12592
191.102.224.196 - - [08/Jan/2023:07:19:54 -0500] "GET /sipse/faces/javax.faces.resource/primefaces.js;jsessionid=AjYGpVAAceorbWwMSkBsZ8aa.undefined?ln=primefaces&v=4.0 HTTP/1.1" 200 276924
191.102.224.196 - - [08/Jan/2023:07:19:54 -0500] "GET /sipse/faces/javax.faces.resource/jquery/jquery-plugins.js;jsessionid=AjYGpVAAceorbWwMSkBsZ8aa.undefined?ln=primefaces&v=4.0 HTTP/1.1" 200 220526
191.102.224.196 - - [08/Jan/2023:07:19:55 -0500] "GET /sipse/faces/javax.faces.resource/layout/layout.js;jsessionid=AjYGpVAAceorbWwMSkBsZ8aa.undefined?ln=primefaces&v=4.0 HTTP/1.1" 200 87560
191.102.224.196 - - [08/Jan/2023:07:19:57 -0500] "GET /sipse/css/custom_css_sg_prime_login.css HTTP/1.1" 200 443
191.156.236.251 - - [08/Jan/2023:07:19:57 -0500] "GET /sipse/css/imagen/logoSDG.png HTTP/1.1" 304 -
191.156.236.251 - - [08/Jan/2023:07:19:57 -0500] "GET /sipse/css/imagen/loginimg.png HTTP/1.1" 304 -
191.102.224.196 - - [08/Jan/2023:07:19:58 -0500] "GET /sipse/faces/javax.faces.resource/images/ui-icons_898989_256x240.png?ln=primefaces-aristo HTTP/1.1" 200 5355
191.156.236.251 - - [08/Jan/2023:07:19:58 -0500] "GET /sipse/faces/javax.faces.resource/images/ui-icons_898989_256x240.png?ln=primefaces-aristo HTTP/1.1" 304 -
191.102.224.196 - - [08/Jan/2023:07:19:58 -0500] "GET /sipse/css/imagen/loginimg.png HTTP/1.1" 200 71635
191.102.224.196 - - [08/Jan/2023:07:19:59 -0500] "GET /sipse/css/imagen/logoSDG.png HTTP/1.1" 200 53064
191.102.224.196 - - [08/Jan/2023:07:19:59 -0500] "GET /sipse/faces/faces/index.xhtml HTTP/1.1" 200 677
191.102.224.196 - - [08/Jan/2023:07:20:00 -0500] "GET /sipse/faces/faces/faces/autenticacion.xhtml HTTP/1.1" 200 12178
191.102.224.196 - - [08/Jan/2023:07:20:00 -0500] "GET /sipse/faces/javax.faces.resource/layout/layout.css?ln=primefaces&v=4.0 HTTP/1.1" 200 542
191.102.224.196 - - [08/Jan/2023:07:20:00 -0500] "GET /sipse/faces/javax.faces.resource/primefaces.css?ln=primefaces&v=4.0 HTTP/1.1" 200 53295
191.102.224.196 - - [08/Jan/2023:07:20:00 -0500] "GET /sipse/faces/javax.faces.resource/layout/layout.js?ln=primefaces&v=4.0 HTTP/1.1" 200 87560
191.102.224.196 - - [08/Jan/2023:07:20:01 -0500] "GET /sipse/faces/javax.faces.resource/jquery/jquery.js?ln=primefaces&v=4.0 HTTP/1.1" 200 105384
191.102.224.196 - - [08/Jan/2023:07:20:00 -0500] "GET /sipse/faces/javax.faces.resource/jquery/jquery-plugins.js?ln=primefaces&v=4.0 HTTP/1.1" 200 220526
191.102.224.196 - - [08/Jan/2023:07:20:01 -0500] "GET /sipse/faces/javax.faces.resource/primefaces.js?ln=primefaces&v=4.0 HTTP/1.1" 200 276924
191.102.224.196 - - [08/Jan/2023:07:20:02 -0500] "GET /sipse/faces/faces/faces/index.xhtml HTTP/1.1" 200 677
191.102.224.196 - - [08/Jan/2023:07:20:02 -0500] "GET /sipse/faces/faces/faces/faces/autenticacion.xhtml HTTP/1.1" 200 12178
191.102.224.196 - - [08/Jan/2023:07:20:03 -0500] "GET /sipse/faces/faces/faces/faces/index.xhtml HTTP/1.1" 200 677
191.102.224.196 - - [08/Jan/2023:07:20:04 -0500] "GET /sipse/faces/faces/faces/faces/faces/autenticacion.xhtml HTTP/1.1" 200 12178
191.102.224.196 - - [08/Jan/2023:07:20:04 -0500] "GET /sipse/faces/faces/faces/faces/faces/index.xhtml HTTP/1.1" 200 677
191.102.224.196 - - [08/Jan/2023:07:20:05 -0500] "GET /sipse/faces/faces/faces/faces/faces/faces/autenticacion.xhtml HTTP/1.1" 200 12178
191.102.224.196 - - [08/Jan/2023:07:20:06 -0500] "GET /sipse/faces/faces/faces/faces/faces/faces/index.xhtml HTTP/1.1" 200 677
191.102.224.196 - - [08/Jan/2023:07:20:06 -0500] "GET /sipse/faces/faces/faces/faces/faces/faces/faces/autenticacion.xhtml HTTP/1.1" 200 12178
191.102.224.196 - - [08/Jan/2023:07:20:07 -0500] "GET /sipse/faces/faces/faces/faces/faces/faces/faces/index.xhtml HTTP/1.1" 200 677
191.102.224.196 - - [08/Jan/2023:07:20:07 -0500] "GET /sipse/faces/faces/faces/faces/faces/faces/faces/faces/autenticacion.xhtml HTTP/1.1" 200 12178
191.102.224.196 - - [08/Jan/2023:07:20:08 -0500] "GET /sipse/faces/faces/faces/faces/faces/faces/faces/faces/index.xhtml HTTP/1.1" 200 677
191.102.224.196 - - [08/Jan/2023:07:20:09 -0500] "GET /sipse/faces/faces/faces/faces/faces/faces/faces/faces/faces/autenticacion.xhtml HTTP/1.1" 200 12178
191.102.224.196 - - [08/Jan/2023:07:20:10 -0500] "GET /sipse/faces/faces/faces/faces/faces/faces/faces/faces/faces/index.xhtml HTTP/1.1" 200 677
191.102.224.196 - - [08/Jan/2023:07:20:10 -0500] "GET /sipse/faces/faces/faces/faces/faces/faces/faces/faces/faces/faces/autenticacion.xhtml HTTP/1.1" 200 12178
191.102.224.196 - - [08/Jan/2023:07:20:11 -0500] "GET /sipse/faces/faces/faces/faces/faces/faces/faces/faces/faces/faces/index.xhtml HTTP/1.1" 200 677
191.102.224.196 - - [08/Jan/2023:07:20:11 -0500] "GET /sipse/faces/faces/faces/faces/faces/faces/faces/faces/faces/faces/faces/autenticacion.xhtml HTTP/1.1" 200 12178
191.102.224.196 - - [08/Jan/2023:07:20:14 -0500] "GET /sipse/faces/faces/faces/faces/faces/faces/faces/faces/faces/faces/faces/index.xhtml HTTP/1.1" 200 677
191.102.224.196 - - [08/Jan/2023:07:20:17 -0500] "GET /sipse/faces/faces/faces/faces/faces/faces/faces/faces/faces/faces/faces/faces/autenticacion.xhtml HTTP/1.1" 200 12178
191.102.224.196 - - [08/Jan/2023:07:20:18 -0500] "GET /sipse/faces/faces/faces/faces/faces/faces/faces/faces/faces/faces/faces/faces/index.xhtml HTTP/1.1" 200 677
191.102.224.196 - - [08/Jan/2023:07:20:18 -0500] "GET /sipse/faces/faces/faces/faces/faces/faces/faces/faces/faces/faces/faces/faces/faces/autenticacion.xhtml HTTP/1.1" 200 12178
191.102.224.196 - - [08/Jan/2023:07:20:19 -0500] "GET /sipse/faces/faces/faces/faces/faces/faces/faces/faces/faces/faces/faces/faces/faces/index.xhtml HTTP/1.1" 200 677
191.102.224.196 - - [08/Jan/2023:07:20:20 -0500] "GET /sipse/faces/faces/faces/faces/faces/faces/faces/faces/faces/faces/faces/faces/faces/faces/autenticacion.xhtml HTTP/1.1" 200 12178
191.102.224.196 - - [08/Jan/2023:07:20:21 -0500] "GET /sipse/faces/faces/faces/faces/faces/faces/faces/faces/faces/faces/faces/faces/faces/faces/index.xhtml HTTP/1.1" 200 677
191.102.224.196 - - [08/Jan/2023:07:20:22 -0500] "GET /sipse/faces/faces/faces/faces/faces/faces/faces/faces/faces/faces/faces/faces/faces/faces/faces/autenticacion.xhtml HTTP/1.1" 200 12178
191.102.224.196 - - [08/Jan/2023:07:20:23 -0500] "GET /sipse/faces/faces/faces/faces/faces/faces/faces/faces/faces/faces/faces/faces/faces/faces/faces/index.xhtml HTTP/1.1" 200 677
191.102.224.196 - - [08/Jan/2023:07:20:24 -0500] "GET /sipse/faces/faces/faces/faces/faces/faces/faces/faces/faces/faces/faces/faces/faces/faces/faces/faces/autenticacion.xhtml HTTP/1.1" 200 12178
191.102.224.196 - - [08/Jan/2023:07:20:24 -0500] "GET /sipse/faces/faces/faces/faces/faces/faces/faces/faces/faces/faces/faces/faces/faces/faces/faces/faces/index.xhtml HTTP/1.1" 200 677
191.102.224.196 - - [08/Jan/2023:07:20:27 -0500] "GET /sipse/faces/faces/faces/faces/faces/faces/faces/faces/faces/faces/faces/faces/faces/faces/faces/faces/faces/autenticacion.xhtml HTTP/1.1" 200 12178
191.102.224.196 - - [08/Jan/2023:07:20:28 -0500] "GET /sipse/faces/faces/faces/faces/faces/faces/faces/faces/faces/faces/faces/faces/faces/faces/faces/faces/faces/index.xhtml HTTP/1.1" 200 677
191.102.224.196 - - [08/Jan/2023:07:20:28 -0500] "GET /sipse/faces/faces/faces/faces/faces/faces/faces/faces/faces/faces/faces/faces/faces/faces/faces/faces/faces/faces/autenticacion.xhtml HTTP/1.1" 200 12178
191.102.224.196 - - [08/Jan/2023:07:20:29 -0500] "GET /sipse/faces/faces/faces/faces/faces/faces/faces/faces/faces/faces/faces/faces/faces/faces/faces/faces/faces/faces/index.xhtml HTTP/1.1" 200 677
191.102.224.196 - - [08/Jan/2023:07:20:30 -0500] "GET /sipse/faces/faces/faces/faces/faces/faces/faces/faces/faces/faces/faces/faces/faces/faces/faces/faces/faces/faces/faces/autenticacion.xhtml HTTP/1.1" 200 12178
191.102.224.196 - - [08/Jan/2023:07:20:31 -0500] "GET /sipse/faces/faces/faces/faces/faces/faces/faces/faces/faces/faces/faces/faces/faces/faces/faces/faces/faces/faces/faces/index.xhtml HTTP/1.1" 200 677
191.102.224.196 - - [08/Jan/2023:07:20:31 -0500] "GET /sipse/faces/faces/faces/faces/faces/faces/faces/faces/faces/faces/faces/faces/faces/faces/faces/faces/faces/faces/faces/faces/autenticacion.xhtml HTTP/1.1" 200 12178
181.61.39.98 - - [08/Jan/2023:07:20:34 -0500] "GET /sipse/faces/index.xhtml HTTP/1.1" 200 677
191.102.224.196 - - [08/Jan/2023:07:20:34 -0500] "GET /sipse/faces/faces/faces/faces/faces/faces/faces/faces/faces/faces/faces/faces/faces/faces/faces/faces/faces/faces/faces/faces/index.xhtml HTTP/1.1" 200 677
181.61.39.98 - - [08/Jan/2023:07:20:34 -0500] "GET /sipse/faces/javax.faces.resource/theme.css?ln=primefaces-sipse HTTP/1.1" 200 50058
181.61.39.98 - - [08/Jan/2023:07:20:34 -0500] "GET /favicon.ico HTTP/1.1" 200 7782
191.102.224.196 - - [08/Jan/2023:07:20:35 -0500] "GET /sipse/faces/faces/faces/faces/faces/faces/faces/faces/faces/faces/faces/faces/faces/faces/faces/faces/faces/faces/faces/faces/faces/autenticacion.xhtml HTTP/1.1" 200 12178
191.102.224.196 - - [08/Jan/2023:07:20:36 -0500] "GET /sipse/faces/faces/faces/faces/faces/faces/faces/faces/faces/faces/faces/faces/faces/faces/faces/faces/faces/faces/faces/faces/faces/index.xhtml HTTP/1.1" 200 677
181.61.39.98 - - [08/Jan/2023:07:20:41 -0500] "GET /sipse/faces/faces/autenticacion.xhtml HTTP/1.1" 200 12178
181.61.39.98 - - [08/Jan/2023:07:20:41 -0500] "GET /sipse/js/disable_browser_buttons.js HTTP/1.1" 200 3230
181.61.39.98 - - [08/Jan/2023:07:20:41 -0500] "GET /sipse/js/funciones.js HTTP/1.1" 200 12592
181.61.39.98 - - [08/Jan/2023:07:20:41 -0500] "GET /sipse/css/custom_css_sg.css HTTP/1.1" 200 9694
181.61.39.98 - - [08/Jan/2023:07:20:41 -0500] "GET /sipse/css/custom_css_sg_prime_login.css HTTP/1.1" 200 443
181.61.39.98 - - [08/Jan/2023:07:20:41 -0500] "GET /sipse/faces/javax.faces.resource/theme.css?ln=primefaces-sipse HTTP/1.1" 304 -
181.61.39.98 - - [08/Jan/2023:07:20:41 -0500] "GET /sipse/faces/javax.faces.resource/layout/layout.css?ln=primefaces&v=4.0 HTTP/1.1" 200 542
181.61.39.98 - - [08/Jan/2023:07:20:41 -0500] "GET /sipse/faces/javax.faces.resource/jquery/jquery.js?ln=primefaces&v=4.0 HTTP/1.1" 200 105384
181.61.39.98 - - [08/Jan/2023:07:20:41 -0500] "GET /sipse/faces/javax.faces.resource/primefaces.css?ln=primefaces&v=4.0 HTTP/1.1" 200 53295
181.61.39.98 - - [08/Jan/2023:07:20:41 -0500] "GET /sipse/faces/javax.faces.resource/jquery/jquery-plugins.js?ln=primefaces&v=4.0 HTTP/1.1" 200 220526
181.61.39.98 - - [08/Jan/2023:07:20:41 -0500] "GET /sipse/faces/javax.faces.resource/layout/layout.js?ln=primefaces&v=4.0 HTTP/1.1" 200 87560
181.61.39.98 - - [08/Jan/2023:07:20:41 -0500] "GET /sipse/faces/javax.faces.resource/primefaces.js?ln=primefaces&v=4.0 HTTP/1.1" 200 276924
181.61.39.98 - - [08/Jan/2023:07:20:41 -0500] "GET /sipse/faces/javax.faces.resource/images/ui-icons_898989_256x240.png?ln=primefaces-aristo HTTP/1.1" 200 5355
181.61.39.98 - - [08/Jan/2023:07:20:41 -0500] "GET /sipse/css/imagen/logoSDG.png HTTP/1.1" 200 53064
181.61.39.98 - - [08/Jan/2023:07:20:41 -0500] "GET /sipse/css/imagen/loginimg.png HTTP/1.1" 200 71635
181.61.39.98 - - [08/Jan/2023:07:20:42 -0500] "GET /sipse/faces/faces/index.xhtml HTTP/1.1" 200 677
181.61.39.98 - - [08/Jan/2023:07:20:42 -0500] "GET /sipse/faces/javax.faces.resource/theme.css?ln=primefaces-sipse HTTP/1.1" 304 -
181.61.39.98 - - [08/Jan/2023:07:20:42 -0500] "GET /sipse/faces/faces/faces/autenticacion.xhtml HTTP/1.1" 200 12178
181.61.39.98 - - [08/Jan/2023:07:20:42 -0500] "GET /sipse/faces/javax.faces.resource/theme.css?ln=primefaces-sipse HTTP/1.1" 304 -
181.61.39.98 - - [08/Jan/2023:07:20:42 -0500] "GET /sipse/faces/javax.faces.resource/layout/layout.css?ln=primefaces&v=4.0 HTTP/1.1" 304 -
181.61.39.98 - - [08/Jan/2023:07:20:42 -0500] "GET /sipse/faces/javax.faces.resource/primefaces.css?ln=primefaces&v=4.0 HTTP/1.1" 304 -
181.61.39.98 - - [08/Jan/2023:07:20:42 -0500] "GET /sipse/faces/javax.faces.resource/jquery/jquery.js?ln=primefaces&v=4.0 HTTP/1.1" 304 -
181.61.39.98 - - [08/Jan/2023:07:20:42 -0500] "GET /sipse/faces/javax.faces.resource/primefaces.js?ln=primefaces&v=4.0 HTTP/1.1" 304 -
181.61.39.98 - - [08/Jan/2023:07:20:42 -0500] "GET /sipse/faces/javax.faces.resource/jquery/jquery-plugins.js?ln=primefaces&v=4.0 HTTP/1.1" 304 -
181.61.39.98 - - [08/Jan/2023:07:20:42 -0500] "GET /sipse/faces/javax.faces.resource/layout/layout.js?ln=primefaces&v=4.0 HTTP/1.1" 304 -
191.102.224.196 - - [08/Jan/2023:07:20:45 -0500] "GET /sipse/faces/faces/faces/faces/faces/faces/faces/faces/faces/faces/faces/faces/faces/faces/faces/faces/faces/faces/faces/faces/faces/faces/autenticacion.xhtml HTTP/1.1" 200 12178
181.237.226.180 - - [08/Jan/2023:07:20:46 -0500] "POST /sipse/faces/presentacion/sistema/seguridad/seleccionRol.xhtml HTTP/1.1" 200 5801
181.61.39.98 - - [08/Jan/2023:07:20:47 -0500] "POST /sipse/faces/autenticacion.xhtml HTTP/1.1" 200 16733
181.61.39.98 - - [08/Jan/2023:07:20:47 -0500] "GET /sipse/css/custom_css_sg_prime.css HTTP/1.1" 200 5201
181.61.39.98 - - [08/Jan/2023:07:20:47 -0500] "GET /sipse/faces/javax.faces.resource/theme.css?ln=primefaces-sipse HTTP/1.1" 304 -
181.61.39.98 - - [08/Jan/2023:07:20:47 -0500] "GET /sipse/faces/javax.faces.resource/primefaces.css?ln=primefaces&v=4.0 HTTP/1.1" 304 -
181.61.39.98 - - [08/Jan/2023:07:20:47 -0500] "GET /sipse/faces/javax.faces.resource/layout/layout.css?ln=primefaces&v=4.0 HTTP/1.1" 304 -
181.61.39.98 - - [08/Jan/2023:07:20:47 -0500] "GET /sipse/js/jquery.min.js HTTP/1.1" 200 85582
181.237.226.180 - - [08/Jan/2023:07:20:47 -0500] "POST /sipse/faces/presentacion/sistema/seguridad/seleccionRol.xhtml HTTP/1.1" 200 16292
191.102.224.196 - - [08/Jan/2023:07:20:47 -0500] "GET /sipse/faces/faces/faces/faces/faces/faces/faces/faces/faces/faces/faces/faces/faces/faces/faces/faces/faces/faces/faces/faces/faces/faces/index.xhtml HTTP/1.1" 200 677
181.237.226.180 - - [08/Jan/2023:07:20:47 -0500] "GET /sipse/faces/javax.faces.resource/theme.css?ln=primefaces-sipse HTTP/1.1" 304 -
181.237.226.180 - - [08/Jan/2023:07:20:47 -0500] "GET /sipse/faces/javax.faces.resource/primefaces.css?ln=primefaces&v=4.0 HTTP/1.1" 304 -
181.237.226.180 - - [08/Jan/2023:07:20:47 -0500] "GET /sipse/faces/javax.faces.resource/layout/layout.css?ln=primefaces&v=4.0 HTTP/1.1" 304 -
181.237.226.180 - - [08/Jan/2023:07:20:47 -0500] "GET /sipse/js/jquery.min.js HTTP/1.1" 200 85582
181.61.39.98 - - [08/Jan/2023:07:20:47 -0500] "GET /sipse/faces/javax.faces.resource/jquery/jquery.js?ln=primefaces&v=4.0 HTTP/1.1" 304 -
181.237.226.180 - - [08/Jan/2023:07:20:47 -0500] "GET /sipse/faces/javax.faces.resource/jquery/jquery.js?ln=primefaces&v=4.0 HTTP/1.1" 304 -
181.237.226.180 - - [08/Jan/2023:07:20:47 -0500] "GET /sipse/faces/javax.faces.resource/jquery/jquery-plugins.js?ln=primefaces&v=4.0 HTTP/1.1" 304 -
181.61.39.98 - - [08/Jan/2023:07:20:47 -0500] "GET /sipse/faces/javax.faces.resource/jquery/jquery-plugins.js?ln=primefaces&v=4.0 HTTP/1.1" 304 -
181.237.226.180 - - [08/Jan/2023:07:20:47 -0500] "GET /sipse/faces/javax.faces.resource/primefaces.js?ln=primefaces&v=4.0 HTTP/1.1" 304 -
181.237.226.180 - - [08/Jan/2023:07:20:47 -0500] "GET /sipse/faces/javax.faces.resource/layout/layout.js?ln=primefaces&v=4.0 HTTP/1.1" 304 -
181.61.39.98 - - [08/Jan/2023:07:20:47 -0500] "GET /sipse/faces/javax.faces.resource/primefaces.js?ln=primefaces&v=4.0 HTTP/1.1" 304 -
181.237.226.180 - - [08/Jan/2023:07:20:47 -0500] "GET /sipse/css/imagen/contrasena.png HTTP/1.1" 404 383
181.61.39.98 - - [08/Jan/2023:07:20:47 -0500] "GET /sipse/faces/javax.faces.resource/layout/layout.js?ln=primefaces&v=4.0 HTTP/1.1" 304 -
181.237.226.180 - - [08/Jan/2023:07:20:47 -0500] "GET /sipse/imagenes/cargando.gif HTTP/1.1" 200 36959
181.237.226.180 - - [08/Jan/2023:07:20:47 -0500] "GET /sipse/imagenes/logoAplicacion.jpg HTTP/1.1" 200 155084
181.61.39.98 - - [08/Jan/2023:07:20:48 -0500] "GET /sipse/css/imagen/contrasena.png HTTP/1.1" 404 383
181.61.39.98 - - [08/Jan/2023:07:20:48 -0500] "GET /sipse/imagenes/cargando.gif HTTP/1.1" 200 36959
181.61.39.98 - - [08/Jan/2023:07:20:48 -0500] "GET /sipse/imagenes/logoAplicacion.jpg HTTP/1.1" 200 155084
191.102.224.196 - - [08/Jan/2023:07:20:48 -0500] "GET /sipse/faces/faces/faces/faces/faces/faces/faces/faces/faces/faces/faces/faces/faces/faces/faces/faces/faces/faces/faces/faces/faces/faces/faces/autenticacion.xhtml HTTP/1.1" 200 12178
181.61.39.98 - - [08/Jan/2023:07:20:48 -0500] "GET /sipse/faces/javax.faces.resource/messages/messages.png?ln=primefaces&v=4.0 HTTP/1.1" 200 27209
191.102.224.196 - - [08/Jan/2023:07:20:48 -0500] "GET /sipse/faces/faces/faces/faces/faces/faces/faces/faces/faces/faces/faces/faces/faces/faces/faces/faces/faces/faces/faces/faces/faces/faces/faces/index.xhtml HTTP/1.1" 200 677
191.102.224.196 - - [08/Jan/2023:07:20:49 -0500] "GET /sipse/faces/faces/faces/faces/faces/faces/faces/faces/faces/faces/faces/faces/faces/faces/faces/faces/faces/faces/faces/faces/faces/faces/faces/faces/autenticacion.xhtml HTTP/1.1" 200 12178
191.102.224.196 - - [08/Jan/2023:07:20:50 -0500] "GET /sipse/faces/faces/faces/faces/faces/faces/faces/faces/faces/faces/faces/faces/faces/faces/faces/faces/faces/faces/faces/faces/faces/faces/faces/faces/index.xhtml HTTP/1.1" 200 677
181.237.226.180 - - [08/Jan/2023:07:20:50 -0500] "GET /sipse/faces/javax.faces.resource/images/ui-bg_flat_0_2d5972_40x100.png?ln=primefaces-aristo HTTP/1.1" 200 183
181.237.226.180 - - [08/Jan/2023:07:20:50 -0500] "POST /sipse/faces/bienvenido.xhtml HTTP/1.1" 200 1471
191.102.224.196 - - [08/Jan/2023:07:20:50 -0500] "GET /sipse/faces/faces/faces/faces/faces/faces/faces/faces/faces/faces/faces/faces/faces/faces/faces/faces/faces/faces/faces/faces/faces/faces/faces/faces/faces/autenticacion.xhtml HTTP/1.1" 200 12178
191.102.224.196 - - [08/Jan/2023:07:20:51 -0500] "GET /sipse/faces/faces/faces/faces/faces/faces/faces/faces/faces/faces/faces/faces/faces/faces/faces/faces/faces/faces/faces/faces/faces/faces/faces/faces/faces/index.xhtml HTTP/1.1" 200 677
172.22.2.4 - - [08/Jan/2023:07:19:11 -0500] "HEAD /BLA/boletinlegal/ HTTP/1.1" 200 -
181.61.39.98 - - [08/Jan/2023:07:20:52 -0500] "GET /sipse/faces/javax.faces.resource/images/ui-bg_flat_0_2d5972_40x100.png?ln=primefaces-aristo HTTP/1.1" 200 183
181.61.39.98 - - [08/Jan/2023:07:20:52 -0500] "POST /sipse/faces/bienvenido.xhtml HTTP/1.1" 200 9753
191.102.224.196 - - [08/Jan/2023:07:20:52 -0500] "GET /sipse/faces/faces/faces/faces/faces/faces/faces/faces/faces/faces/faces/faces/faces/faces/faces/faces/faces/faces/faces/faces/faces/faces/faces/faces/faces/faces/autenticacion.xhtml HTTP/1.1" 200 12178
181.237.226.180 - - [08/Jan/2023:07:20:52 -0500] "POST /sipse/faces/bienvenido.xhtml HTTP/1.1" 200 62911
181.237.226.180 - - [08/Jan/2023:07:20:52 -0500] "GET /sipse/faces/javax.faces.resource/theme.css?ln=primefaces-sipse HTTP/1.1" 304 -
181.237.226.180 - - [08/Jan/2023:07:20:52 -0500] "GET /sipse/faces/javax.faces.resource/primefaces.css?ln=primefaces&v=4.0 HTTP/1.1" 304 -
181.237.226.180 - - [08/Jan/2023:07:20:52 -0500] "GET /sipse/faces/javax.faces.resource/layout/layout.css?ln=primefaces&v=4.0 HTTP/1.1" 304 -
181.237.226.180 - - [08/Jan/2023:07:20:52 -0500] "GET /sipse/faces/javax.faces.resource/jquery/jquery.js?ln=primefaces&v=4.0 HTTP/1.1" 304 -
181.237.226.180 - - [08/Jan/2023:07:20:52 -0500] "GET /sipse/faces/javax.faces.resource/jquery/jquery-plugins.js?ln=primefaces&v=4.0 HTTP/1.1" 304 -
181.237.226.180 - - [08/Jan/2023:07:20:52 -0500] "GET /sipse/faces/javax.faces.resource/primefaces.js?ln=primefaces&v=4.0 HTTP/1.1" 304 -
181.237.226.180 - - [08/Jan/2023:07:20:52 -0500] "GET /sipse/faces/javax.faces.resource/layout/layout.js?ln=primefaces&v=4.0 HTTP/1.1" 304 -
181.237.226.180 - - [08/Jan/2023:07:20:52 -0500] "POST /sipse/faces/presentacion/financiero/solicitudProceso/listarSolicitudProceso.xhtml HTTP/1.1" 200 1560
191.102.224.196 - - [08/Jan/2023:07:20:52 -0500] "GET /sipse/faces/faces/faces/faces/faces/faces/faces/faces/faces/faces/faces/faces/faces/faces/faces/faces/faces/faces/faces/faces/faces/faces/faces/faces/faces/faces/index.xhtml HTTP/1.1" 200 677
191.102.224.196 - - [08/Jan/2023:07:20:53 -0500] "GET /sipse/faces/faces/faces/faces/faces/faces/faces/faces/faces/faces/faces/faces/faces/faces/faces/faces/faces/faces/faces/faces/faces/faces/faces/faces/faces/faces/faces/autenticacion.xhtml HTTP/1.1" 200 12178
181.61.39.98 - - [08/Jan/2023:07:20:54 -0500] "POST /sipse/faces/bienvenido.xhtml HTTP/1.1" 200 1471
181.61.39.98 - - [08/Jan/2023:07:20:55 -0500] "POST /sipse/faces/bienvenido.xhtml HTTP/1.1" 200 9753
191.102.224.196 - - [08/Jan/2023:07:20:55 -0500] "GET /sipse/faces/faces/faces/faces/faces/faces/faces/faces/faces/faces/faces/faces/faces/faces/faces/faces/faces/faces/faces/faces/faces/faces/faces/faces/faces/faces/faces/index.xhtml HTTP/1.1" 200 677
191.102.224.196 - - [08/Jan/2023:07:20:56 -0500] "GET /sipse/faces/faces/faces/faces/faces/faces/faces/faces/faces/faces/faces/faces/faces/faces/faces/faces/faces/faces/faces/faces/faces/faces/faces/faces/faces/faces/faces/faces/autenticacion.xhtml HTTP/1.1" 200 12178
181.61.39.98 - - [08/Jan/2023:07:20:57 -0500] "POST /sipse/faces/bienvenido.xhtml HTTP/1.1" 200 9753
191.102.224.196 - - [08/Jan/2023:07:20:57 -0500] "GET /sipse/faces/faces/faces/faces/faces/faces/faces/faces/faces/faces/faces/faces/faces/faces/faces/faces/faces/faces/faces/faces/faces/faces/faces/faces/faces/faces/faces/faces/index.xhtml HTTP/1.1" 200 677
