186.102.37.186 - - [15/Jan/2023:16:24:43 -0500] "GET /kwssiamovil/sm/acme/a?s=U2FsdGVkX1/UxeQam3HZXWACPnY8s0efU5Lge4I0p90QDtuM3HdIYxy3CywBWbenlM6fs0UYpLkj3Fzc1PSD2doCSQ52dFtr1fp3WSAtHFvEX1lJ2OLpnQ3fdZWJthJBgzr8dVuim7aD21rRapb6mSRZO6S6MeZMCpoZf2kLZrXxkvSo0F+sR6VZXGf3gLrT5k8+9W5i1Qp9byP8bErWBg==&u=U2FsdGVkX1/vP7OE8gR6A6yeTka2MGISoyEX/cPbpfITxREA5ytDFlbB9V7a0uYb&y=U2FsdGVkX1+eOSDK1erczNLQAB06/QLLS55VS7PHBfKIpFwj28uDaK9yWKUyM0y8 HTTP/1.1" 200 26
216.245.221.92 - - [15/Jan/2023:16:24:48 -0500] "HEAD / HTTP/1.1" 200 -
207.46.13.41 - - [15/Jan/2023:16:25:17 -0500] "GET /Publicaciones/2022EE246580.pdf HTTP/1.1" 404 228
201.245.192.253 - - [15/Jan/2023:16:25:26 -0500] "POST /kwsrmcab/Wsrmcab  HTTP/1.1" 200 43915
201.245.192.253 - - [15/Jan/2023:16:28:28 -0500] "POST /kwsrmcab/Wsrmcab HTTP/1.1" 200 43587
201.245.192.253 - - [15/Jan/2023:16:28:31 -0500] "POST /kwsrmcab/Wsrmcab HTTP/1.1" 200 43774
172.22.2.4 - - [15/Jan/2023:16:27:10 -0500] "HEAD /BLA/boletinlegal/ HTTP/1.1" 200 -
172.22.2.4 - - [15/Jan/2023:16:28:01 -0500] "GET /BLA/boletinlegal/ HTTP/1.1" 200 58185
216.245.221.92 - - [15/Jan/2023:16:29:48 -0500] "HEAD / HTTP/1.1" 200 -
201.245.192.253 - - [15/Jan/2023:16:30:25 -0500] "POST /kwsrmcab/Wsrmcab  HTTP/1.1" 200 43915
172.22.2.4 - - [15/Jan/2023:16:31:28 -0500] "GET /BLA/boletinlegal/ HTTP/1.1" 200 32715
186.102.46.187 - - [15/Jan/2023:16:34:09 -0500] "GET /kwssiamovil/sm/acme/a?s=U2FsdGVkX1/PDGrg+wvbbAV5mn90Xm7OokdDmgVePSJqpyjSaNpLuZk+xhae+UHSCDNWpuQsD0eP8VpngnL/aP/Q6ilkCqH9a+ALVgmr7582zEZXYdt1dvK1Xh+4nLHaPHCGgCqo8WItxVx20Cfsh/qQjOgHe/jKXsqtc2jBS3X0XWtVkwqwTh9SdnU5smtqbhgWyULcn9aio6ktPOVFEVzAAhV06pDEoMmN/MWHfFAiJSgHBsCivMwmDmMHu+9lP9VJWDHNjMa3VOhcLzo04g==&u=U2FsdGVkX1/vP7OE8gR6A6yeTka2MGISoyEX/cPbpfITxREA5ytDFlbB9V7a0uYb&y=U2FsdGVkX1+eOSDK1erczNLQAB06/QLLS55VS7PHBfKIpFwj28uDaK9yWKUyM0y8 HTTP/1.1" 200 26
186.102.46.187 - - [15/Jan/2023:16:34:09 -0500] "GET /kwssiamovil/sm/acme/a?s=U2FsdGVkX18UyDRDQwyFGERQPQI4LJKk8c8PeUWoUEXJucvqflWOqrxJ6p01W5d0/jXJnMBewcFGs7T2GGLBeKUBDDqKzmBQxYLrt8wsdlnBNj0Q7544R7C4xTwe8WZ3P/2bL8d3Qfu4eobo/uvFCdpfjSw1ncSElj2ulyIOOGxxNLAumJKHyyW/HNUYvMvBZ9BTITT4gkF+3ycvV7tLNM7M/LfbJ/M6MHlaRa91ESQT1z5qRZYLq46kBp8mdZb6WxH6Fe8heWqrr11jeQ2xRFZEqyjXPOuqjsiiTLG3fJlgfPs3YqOchHByc7jjIkkhsVBeRDC3z8d5Yo0Q8IB5iSakAnJJV8goeFKcKPmU0l5sA8mvGSEuKS8K//mgFQ6vVNhDYr6pTo5TvGJ5QqVNG74jIhjHu0vQfDBr+k0TCmq0NjJ5x6Nl254Hh5aKooTaC5CpvwQhEtXSwxxq/YDjvksGyEr7fUFc45AOVaSpsKO2TBsnBrYlY2l3cYAhXdputIN0MXm4goCDVuJRWQwt2ZkxTacMBWh48kypBoKfhjDU/0rUAE4Ln+UhooP3jj3UOtCwgVi5zP0CVeFoGy4f02ZjGEEZf+0GvWhYCYMTNkfpMO6iOeHnbs0C3go/JbXc1K54WUQ2OfznXHSHciwxCFWeJ18j/4/DEt19cNMrM+qSwqmYuO8JlQH0XFAl+UnLWTSI9yDWLjCmHiYRCa8lOTR9GvG2oKAeB/1Iv5y7Kdm/B+eTYlR9bGjt7PwtP+4OoWScssnPmN8XdBT0dhnkTQPBg0yoLXcHBclVTubXE1YLXK9Vy3wjSuwa4u+B/ug4CCPmr5Z1rjsDniHvpxGgQsjemF6ScFNjr1UBQ6vzb7lMPNFOMu8X4gd0yvPtD9hHczxXu2DwAlkQvVq9/hxUzlDRWLx+h8cCUpLb5UzWhjwljWCI7AoUNK0jzEqAxIjFR7eYV3+MqHxlocQpKxdcUq4fIAd4umMxPd7krSiR/prvWgTActEqehguoYWCkmwoKCWzJiWrJTc8hqdj5NM0Uxf1mNUScI7aF4EEnLBoCwQ6Vogs9UI+N8ShAKkCgvIB0HrAp1B0zHXkpd2tdtaPFerB52RN7GIG40LQBXf4bMA0i3000YedQ5o0VZD6W7/OFKykpNGSbFti72zVIuu/JsMyVfuRjhG4lEvAZ3gscXZxRs9kdblTRaEtPvtZKeTf/zpzoc70YFv4uymsY+Plg80bzwtIepvwpQwkHItfUFJgR7LKMrZ70jeedYlqecwRasvVgZBSXHzPfmJtExSp+xki7tH7jdC/YHgsIevgSd9vkwBp6jO1lvsno2vCzi7LYo2JCpf3E/6IBvRbk+0RFmtYDko9gpBMHHHd0lA3ZrGXhapOI6V5Sr0VOMMTXZebfOlrS3tAili/EvT/5+Al/DwBou1kEk2vM9IULIPLJ+q5iwDV/lNZuOpucPk+V0ZLlDRqA1sUqcE/wzZonmdvm4TgCCly6ELcCwiYE/k0xienUhK3yMkGzaR/yjcgP9Y/wNr0z0jc1DcdlqS/qP34Z4zUahmfq5Edlqcn1WYg4hTLt1QAdK9rPy0umYL/iYD/xSjtYxpgULg4eb1lsqvQ/FfAy/Niml4koYOgbD/FN+CiaBdqZ/5glljJGdfgOEYjG/9YpkwYIeJZ94UkbDvkWbG6YJDbsX+V6FOrcslwziJgKuw3Ubb/A3R0x2+xD2+JyH8t1lrCk2jQMoYS4z2OFkL5f7XEL83BPA3VxaPcYtBtGgA1h5iBOAfosKvbYhvhjJoPC2Wk8knIxf+YinzqgaMyooeKH7acg19Ipi1la5obtAIqkQV2QFbpVvCtB1xBOft5z5gniFQFGv6HQV5klY6+2nq3Rmz4/xdum8Ot3ADGg8AR071vhRRZWnbR0yQF158zsmc3J7I+oMDd1E5RBEsQzoWsF0/DXLAbG3mw9svu4cOUSck7trB9TvEOgXIF+PV6Yp67fYiHsUwH4gZ1qqiep4v9cHnmFd2BgdhHNx/R9drZI5NYevVCeUpOJwW+pkkbQlbuhe0tfqmXpjAkXYzvrkorH0gW7gpqmYZCkBRdkclUMpN5e6CTQAqh2J0Frg3hXoUiTSDw7vKPgcfAXjhpiiUCiN26dxqpVgxsrbbqOsLoFFXboM1o2R3Rh17J9AZUGcAX0typK//AsvbEkmjBkOAaIX7wnKi8Zy9JjQLXkhqf3Bz14ChkEU3iXiRRjmEVzF+WzfXtPQ+F1HE+OA9FSGEW9tAnRX6F5BjH2BNKKV1BRpgUMNrwJw8B5diuLs/TNxACDriLh2BeSJscbC/SUxlImm0O4e4JCJ9Bf1llu2NX4WeHNX3pOf1szYkuR4mzE8S2a9dfFOU2Zd+uLgr8SxyGcr2P2aSlQ7tKCVbtG+E10CSb2+pNZwwqwBvERNYU+ea+rm3pc7ZpmO8N+6GqCdAOxZq1MFD7GeA2p3c=&u=U2FsdGVkX1/vP7OE8gR6A6yeTka2MGISoyEX/cPbpfITxREA5ytDFlbB9V7a0uYb&y=U2FsdGVkX1+eOSDK1erczNLQAB06/QLLS55VS7PHBfKIpFwj28uDaK9yWKUyM0y8 HTTP/1.1" 200 26
186.102.46.187 - - [15/Jan/2023:16:34:09 -0500] "GET /kwssiamovil/sm/acme/a?s=U2FsdGVkX18ap8YaUJQwgJcguprPDFxZEVUSz5eNcjwfv8i2e+OH2kuliR0of353ITgtPYxT0aTWznioogXGh2SKEHs5MHeARkLsObpOOB4dndUwy+TgbpEycJC2tO7kS2nBVcluuYD/TAXczp5EVUbJvLDh1tCX+msNF21RNV0=&u=U2FsdGVkX1/vP7OE8gR6A6yeTka2MGISoyEX/cPbpfITxREA5ytDFlbB9V7a0uYb&y=U2FsdGVkX1+eOSDK1erczNLQAB06/QLLS55VS7PHBfKIpFwj28uDaK9yWKUyM0y8 HTTP/1.1" 200 26
186.102.46.187 - - [15/Jan/2023:16:34:10 -0500] "GET /kwssiamovil/sm/acme/a?s=U2FsdGVkX1/jaqAZUoCUU2iYGbLoDjQyDkM3baRKzuwdK7NlVJrih3JFMDo4K6dTzdClsRt9wXq9jFXxvYT3oWk1Do5PGJeZKSZXhNIOstZuzDXaUXEfN+MaXRAZUMtwFu4/DuPwtcM/SM9VNQunQF5MTIm6DUEU8U24TmZLg0w=&u=U2FsdGVkX1/vP7OE8gR6A6yeTka2MGISoyEX/cPbpfITxREA5ytDFlbB9V7a0uYb&y=U2FsdGVkX1+eOSDK1erczNLQAB06/QLLS55VS7PHBfKIpFwj28uDaK9yWKUyM0y8 HTTP/1.1" 200 26
186.102.46.187 - - [15/Jan/2023:16:34:10 -0500] "GET /kwssiamovil/sm/acme/a?s=U2FsdGVkX18CuyXEGojtkXPlrILFV5U7bl3BnojXP22NUUWW7khlLnDVKBWYaLuwh75ZC3uapQSi1msivEDavTMqILCQ+Ew5P+ZG0XdyF76s5K3cLVObGT7qT+djtHUY3eVk8o383p4rpZ+Z93wk9k85i812BuuDz8OjTuZU1O4=&u=U2FsdGVkX1/vP7OE8gR6A6yeTka2MGISoyEX/cPbpfITxREA5ytDFlbB9V7a0uYb&y=U2FsdGVkX1+eOSDK1erczNLQAB06/QLLS55VS7PHBfKIpFwj28uDaK9yWKUyM0y8 HTTP/1.1" 200 26
186.102.46.187 - - [15/Jan/2023:16:34:10 -0500] "GET /kwssiamovil/sm/acme/a?s=U2FsdGVkX1+392mcRjTfKiXl9OgBE8oQg4JbNb7F6XWCdE6Z4sF+5PgDJY0DpaDGaqaDYeicFS809S2gjTR/6osokUqu/RhNwKNmDRsAL7UhdSyDL59JtyS/2o8Tcho1opGfcDMyPYmhdF/fHKDfcfr73ivYCUbNWe4WPqPLIyvX8CKVHytpuWAXQT1G2RzFhhJ1gaKQwbwXy0dxauzdHw==&u=U2FsdGVkX1/vP7OE8gR6A6yeTka2MGISoyEX/cPbpfITxREA5ytDFlbB9V7a0uYb&y=U2FsdGVkX1+eOSDK1erczNLQAB06/QLLS55VS7PHBfKIpFwj28uDaK9yWKUyM0y8 HTTP/1.1" 200 26
172.22.2.4 - - [15/Jan/2023:16:33:00 -0500] "HEAD /BLA/boletinlegal/ HTTP/1.1" 200 -
216.245.221.92 - - [15/Jan/2023:16:34:48 -0500] "HEAD / HTTP/1.1" 200 -
172.22.2.4 - - [15/Jan/2023:16:33:22 -0500] "GET /BLA/boletinlegal/ HTTP/1.1" 200 44503
201.245.192.253 - - [15/Jan/2023:16:35:24 -0500] "POST /kwsrmcab/Wsrmcab  HTTP/1.1" 200 43915
172.22.2.4 - - [15/Jan/2023:16:33:51 -0500] "GET /BLA/boletinlegal/ HTTP/1.1" 200 51248
20.191.45.212 - - [15/Jan/2023:16:36:19 -0500] "GET / HTTP/1.1" 200 319
20.191.45.212 - - [15/Jan/2023:16:36:19 -0500] "GET /favicon.ico HTTP/1.1" 200 7782
172.22.2.4 - - [15/Jan/2023:16:37:09 -0500] "GET /BLA/boletinlegal/Circulares/2019/.pdf HTTP/1.1" 404 1218
201.245.192.253 - - [15/Jan/2023:16:38:29 -0500] "POST /kwsrmcab/Wsrmcab HTTP/1.1" 200 43587
201.245.192.253 - - [15/Jan/2023:16:38:32 -0500] "POST /kwsrmcab/Wsrmcab HTTP/1.1" 200 43774
172.22.2.4 - - [15/Jan/2023:16:38:24 -0500] "GET /BLA/boletinlegal/ HTTP/1.1" 200 24523
216.245.221.92 - - [15/Jan/2023:16:39:48 -0500] "HEAD / HTTP/1.1" 200 -
201.245.192.253 - - [15/Jan/2023:16:40:22 -0500] "POST /kwsrmcab/Wsrmcab  HTTP/1.1" 200 43915
172.22.2.4 - - [15/Jan/2023:16:38:50 -0500] "HEAD /BLA/boletinlegal/ HTTP/1.1" 200 -
172.22.2.4 - - [15/Jan/2023:16:39:41 -0500] "GET /BLA/boletinlegal/ HTTP/1.1" 200 57824
216.245.221.92 - - [15/Jan/2023:16:44:48 -0500] "HEAD / HTTP/1.1" 200 -
201.245.192.253 - - [15/Jan/2023:16:45:20 -0500] "POST /kwsrmcab/Wsrmcab  HTTP/1.1" 200 43915
172.22.2.4 - - [15/Jan/2023:16:44:40 -0500] "HEAD /BLA/boletinlegal/ HTTP/1.1" 200 -
172.22.2.4 - - [15/Jan/2023:16:45:31 -0500] "GET /BLA/boletinlegal/ HTTP/1.1" 200 59035
40.77.167.40 - - [15/Jan/2023:16:49:32 -0500] "GET /BLA/resoluciones/RESOLUCIONES%202020/2611.pdf HTTP/1.1" 304 -
216.245.221.92 - - [15/Jan/2023:16:49:48 -0500] "HEAD / HTTP/1.1" 200 -
201.245.192.253 - - [15/Jan/2023:16:50:19 -0500] "POST /kwsrmcab/Wsrmcab  HTTP/1.1" 200 43915
40.77.167.59 - - [15/Jan/2023:16:51:05 -0500] "GET /sipse/faces/autenticacion.xhtml HTTP/1.1" 200 12501
172.22.2.4 - - [15/Jan/2023:16:51:13 -0500] "GET /BLA/boletinlegal/normativa.php HTTP/1.1" 200 8333
190.158.212.78 - - [15/Jan/2023:16:51:47 -0500] "GET /kwssiamovil/sm/des/ldap/au?x=U2FsdGVkX1//H/aYzgwI2aGhLzn4/wanhZlO5D+AlEDtnTV82Zczw78xE9UCs6PW&y=U2FsdGVkX19yUjdOQwe24cnyeCrryz5T0MRG8PiXBe4V/lMzV/+mbc14pFxoQdw1 HTTP/1.1" 200 31
190.158.212.78 - - [15/Jan/2023:16:51:55 -0500] "GET /kwssiamovil/sm/des/ldap/au?x=U2FsdGVkX1+Qh0mVYOLgFOYjt4gP7J3ZhaQjQUGT09E3HlcpIugVglETZq1SCtjD&y=U2FsdGVkX1/gCRPhzNCrKjiUG67I6zC7FtbGOz8i/rbYHTng6sHvbNTE9TlHRHvk HTTP/1.1" 200 31
173.252.95.117 - - [15/Jan/2023:16:52:02 -0500] "GET /secretaria-de-ambiente-rechaza-actos-que-habrian-podido-afectar-la-fauna-y-flora-en-el-humedal-jaboque.html HTTP/1.1" 206 1121
190.158.212.78 - - [15/Jan/2023:16:52:03 -0500] "GET /kwssiamovil/sm/des/ldap/au?x=U2FsdGVkX18yyErMcXM4IzItbkJxbOyDZKnWJMyZfVrJAg+X7gq0TZVxpoqJsSUg&y=U2FsdGVkX1+g95PsrZr5IoSnsH/5VvPwRIsWTk0KFQnP6N8lrfUohTN/97fAbolz HTTP/1.1" 200 31
172.22.2.4 - - [15/Jan/2023:16:50:30 -0500] "HEAD /BLA/boletinlegal/ HTTP/1.1" 200 -
190.158.212.78 - - [15/Jan/2023:16:52:27 -0500] "GET /kwssiamovil/sm/des/ldap/au?x=U2FsdGVkX1+mbp5Wj5ssYalMknZcttTPCOSRfXzhOo1mUuZnudRznw90JEoekYOM&y=U2FsdGVkX18iije8xIs/xU+zFDQ8qQnM/jGB379hPCAFoX3MhkH7ag/lQeDTcHcW HTTP/1.1" 200 30
190.158.212.78 - - [15/Jan/2023:16:52:27 -0500] "GET /kwssiamovil/sm/des/acme/s?s=U2FsdGVkX1/4Uxbti02tNMmLyDqps4DuklGvTwu9Q1TDzrChwX9qDIFAdWREAzigVWQVY7noWdgjekTwEX60XQOzT1TftA9sB4n0MKEXNpY=&u=U2FsdGVkX1+kLwei1CzhSRZFG+jYfxA5UNvuWqXcV2s=&y=U2FsdGVkX18iije8xIs/xU+zFDQ8qQnM/jGB379hPCAFoX3MhkH7ag/lQeDTcHcW HTTP/1.1" 200 97
190.158.212.78 - - [15/Jan/2023:16:52:27 -0500] "GET /kwssiamovil/sm/des/acme/s?s=U2FsdGVkX1+sqyhvqfkEGAEFEVZF3gIExPrK1o8bCjkk/h4gipb26qRD807gFfaZbrjCLKLqXUdVSgGQSzGn3uHk2cDLPjn3mLOIt4WYXikw4qCru+BosC2cH1aR7Slpl8TgcO639sves9nWF34YvcWuYlgQS5fW6OzAVtxhAaNRu0Cw0PEOClmA4wM68/78drL7HUa6qWknwZDoAL/ZDyOFEEGwYxEp2R0RQM3a68S136wl+1V6KLBi5eteFAUsSBpLJgW/nsTbdQKYMOOB75uUi6Mr62wi/7P3pWEB8Ur9zQlhc451IwfNAPK/mgY2aT/WzSPctUHKBiyWnLj3zurhY3HlEZfLVzHRcEYtb/wu6teO12cDKTHWAkQApW47nMf34tlNB4DcDLKYAQttCbCRJ5TWqSfevwkxzvDbvVmSRldEDoL9cN/aSRplEtc+vOvFxrxHHYtXX2ZDYaSXKhPuaMlwpQHQvif7jX82GvjTP/U3Ps0/sYVRGOVJiW5xlk99r7MxU3cRqJ1Z2o6wqajpxbLNpNgSoMN2vYDABE7obbDZyfbP+sIIDKKyMCr3iRKvyvJrBD5cjM0If8wZJk7W2atO7yZ2luS01+q1WWRZVlshU4uoQtr7QbUJBHAV89pDits+tFeBcykYkqd7FGtfYgmcdy36U208eQUNHu63glGEcDm1zn+SfSQuy4nKU2iez2AwGY0rrtxo1hze9fqVNiM3qMfyP9R8R9wXVGUkwoWsqGarjV6+SPc1GXNjwZwJX9NIr5gfiMAhY9VWdinFbL4QlB+KOtWDGkePP0r+3UV0AOH7bM/RV2gYatUPEgJEPFtoyE2qSXbEmDvTjpQEKs2iHcH5NXZCaLcIGEcEzZKk9Rj0n76Pkpy8RafAJ98gnCD8ZqdSBDi6KVc9HUSuuwHnr9ZGm5dDAGJLk/AIsPk6N/8rHqvfRBtFYTLL6V5Vkg35hRlqsHPiZIlkQXUTiKfXdVIK04rZLuqKGtlCVyf4DlKv6yeh5mbeDTnOf38PrKF+B/01G/JUHld8NwtNHq+Y/Xl8sFZOsn6GOslxqg+Rfr5xB/zspb3a+q+oE4OQb+YHeE2VteEYQdodAkSdju7wTNTwaIptyLcIklEOPYb45k1mHzf7+JBeYg1KjY9cSqQRjZy0LSsfR6ClKOGPNfWFm5KuqqZbEahunS1z12Ql5fEORuGFcV3l1pgSyyFHSc+RP0bhNtwEn/hvaIHqnto9yrIGMhl5ozIA4EzN7MFURnAko/UkUSyzkc0fn1h+mg+sP0BvYboQOTPGTCAcbDluWtwOAr3c6DcoDdvryFHzyWWMzZRXa+g6LQPvTeLpAJaXUUZaR0t3IY+3XMhkrqd5zpVWHbctgqYdgiJ5/k2WRyjQHtYIXN7K1nYZzdV1ykF66kj4lrjVjymawKzwWMBsO1+5T6Z6A2qn+N8q6TtKrI46JLc9snqwKvh1Q5JIgFB6EgGWERvMN3JrdDJo5T5cz/DwoVKwTCdo+KxNTMymZfQhEeVr293/S7jT7r7pAOu8Z7i8Ap0/NYbzQgK510XmY+//xSGZhorpGPbjZi70fYRKg4uRDhbw/HTP+ghe5X1PDUwzX6cc25FrV2sxkpMIjN0gUAKZSs0pCFcNsJibrRwf2FhY91uKm5+L84GFjlOpOCG+1NWoJGsKba4ogRfLTs+4reiwJy3lTCV8kQNlb2NM9OhfiM2sbcFnowidEKWY0o9aej12g3tApAuRnE8acba6NlE0LJCQn/0=&u=U2FsdGVkX1+kLwei1CzhSRZFG+jYfxA5UNvuWqXcV2s=&y=U2FsdGVkX18iije8xIs/xU+zFDQ8qQnM/jGB379hPCAFoX3MhkH7ag/lQeDTcHcW HTTP/1.1" 200 334
190.158.212.78 - - [15/Jan/2023:16:52:27 -0500] "GET /kwssiamovil/sm/des/acme/s?s=U2FsdGVkX1+Hy815xhNie9FkNESFhIBB0QyTZ4ukoo8SmZ24NYA3t2g8j/jpQdDLyn3jwtB6KKmoZa9tzj5FDk/VQ7RLjltatLjvA/YWpOYSa1uvZoRWQKFsRtBr1xByW8T8MnvW0SwNSbsgmjIZSPrU8WQ/46ZkiC0/EZ7xRRGEgh4Z5rk++PHk70DYK/AOonLaqa3qUQkM1cnQjT8xf2Z/Sva0NfP/bO4CbgibxhqAWb5gbDUhW58fBOcGcoXAxtIRwuq+g8Z6g3pIRw2vmoHk4uRP/bUd4P2W7vj/WImnWx8n3HiXHYOCWzAbtpfmuiGKcDCVBR2ZovrfSsgKT5f4+XKIRAE/YxVFuy7jHs8hz9MphNMRwgSuO5S6skPuIMCTW54d+p3POE1B0FKJZ7NKikiH8Gfu1RkVGPeTjTN+JoEx9aOx1+nVbitLk9k1Jv4Le/Xzc4O3edcuytj/PYWA2EfeDiGUjPhnOR9dfYDm0ve2zTtNLX12PQeVwWDJKkD2LyqwLkOfR2bjRnNf1YhTSUMuCvoykkBfEPcreNkkrr4gb77hrV8NtGj/4+fCFm0xRuO9hGyNNz8GpxPIuZ6un+0u1BBNOkf1BqHPrPDBiURi/zqJYh/HEAICLUtWHW71L6RcwZ1PrvviGrYMa8gH5lAnX7kG7eQLAT55JyhwMQ5e+RTVjkw25mJoG1pSWaiwJZC4rckm9FSMkSlF+YXzh/+XI99lxHoNF3k+xGXCk0j/qymDqNEo2y7Ir0Ex&u=U2FsdGVkX1+kLwei1CzhSRZFG+jYfxA5UNvuWqXcV2s=&y=U2FsdGVkX18iije8xIs/xU+zFDQ8qQnM/jGB379hPCAFoX3MhkH7ag/lQeDTcHcW HTTP/1.1" 200 354
190.158.212.78 - - [15/Jan/2023:16:52:28 -0500] "GET /kwssiamovil/sm/des/cjson/pre?f=19&x=U2FsdGVkX1+mbp5Wj5ssYalMknZcttTPCOSRfXzhOo1mUuZnudRznw90JEoekYOM HTTP/1.1" 200 28471
190.158.212.78 - - [15/Jan/2023:16:52:28 -0500] "GET /kwssiamovil/sm/des/cjson/pre?f=1&x=U2FsdGVkX1+mbp5Wj5ssYalMknZcttTPCOSRfXzhOo1mUuZnudRznw90JEoekYOM HTTP/1.1" 200 31349
172.22.2.4 - - [15/Jan/2023:16:51:21 -0500] "GET /BLA/boletinlegal/ HTTP/1.1" 200 56474
216.245.221.92 - - [15/Jan/2023:16:54:48 -0500] "HEAD / HTTP/1.1" 200 -
201.245.192.253 - - [15/Jan/2023:16:55:18 -0500] "POST /kwsrmcab/Wsrmcab  HTTP/1.1" 200 43915
66.249.64.75 - - [15/Jan/2023:16:56:44 -0500] "-" 408 -
172.22.2.4 - - [15/Jan/2023:16:56:20 -0500] "HEAD /BLA/boletinlegal/ HTTP/1.1" 200 -
94.232.152.86 - - [15/Jan/2023:16:58:09 -0500] "GET / HTTP/1.1" 200 319
172.22.2.4 - - [15/Jan/2023:16:57:11 -0500] "GET /BLA/boletinlegal/ HTTP/1.1" 200 59404
216.245.221.92 - - [15/Jan/2023:16:59:48 -0500] "HEAD / HTTP/1.1" 200 -
201.245.192.253 - - [15/Jan/2023:17:00:17 -0500] "POST /kwsrmcab/Wsrmcab  HTTP/1.1" 200 43915
172.22.2.4 - - [15/Jan/2023:17:02:10 -0500] "HEAD /BLA/boletinlegal/ HTTP/1.1" 200 -
163.152.20.117 - - [15/Jan/2023:17:04:09 -0500] "GET /BLA/boletinlegal/js/jquery.scrollShow.js HTTP/1.1" 200 4586
163.152.20.117 - - [15/Jan/2023:17:04:09 -0500] "GET /galeria/galeria/jquery.fancybox.js?v=2.1.5 HTTP/1.1" 200 48706
172.22.2.4 - - [15/Jan/2023:17:03:01 -0500] "GET /BLA/boletinlegal/ HTTP/1.1" 200 59404
216.245.221.92 - - [15/Jan/2023:17:04:48 -0500] "HEAD / HTTP/1.1" 200 -
201.245.192.253 - - [15/Jan/2023:17:05:16 -0500] "POST /kwsrmcab/Wsrmcab  HTTP/1.1" 200 43915
173.252.95.7 - - [15/Jan/2023:17:06:29 -0500] "GET /fauna-silvestre-acciones-de-control-y-recuperacion-en-puente-de-reyes.html HTTP/1.1" 206 1061
190.158.212.78 - - [15/Jan/2023:17:08:07 -0500] "GET /kwssiamovil/sm/des/ldap/au?x=U2FsdGVkX1+a3AG43WJxdTQ0F0FIND46fzrmwDiHI41+km24W3tCbDTV4H7T3yVD&y=U2FsdGVkX1+Iz2usA4gvIYLmL0Dv+Fr7sqB3FCUN+V+5TQoOG4nR0hgLMG5CTiEA HTTP/1.1" 200 30
190.158.212.78 - - [15/Jan/2023:17:08:07 -0500] "GET /kwssiamovil/sm/des/acme/s?s=U2FsdGVkX1/oTbtxsPM/46Uv32yJUvnyMZbf113nrtLdWPFczZflkU3oVbn/LQMeyWxi1z+Wh8blAZthmcyvXI1ByrMuzSNcHi+c7dfRsY0=&u=U2FsdGVkX1//FEW4hD841MzkHLVPynB8PYPo+ghoy/c=&y=U2FsdGVkX1+Iz2usA4gvIYLmL0Dv+Fr7sqB3FCUN+V+5TQoOG4nR0hgLMG5CTiEA HTTP/1.1" 200 97
190.158.212.78 - - [15/Jan/2023:17:08:07 -0500] "GET /kwssiamovil/sm/des/acme/s?s=U2FsdGVkX1/BEyoVeatfPjCZEjC3kOT53hi76AoFDCgoe3vfzH10096z00D+5+ZfR2vD5aYEfe9tvE33JL//2hF3Jj3UPSQRUMV1XgCCchfpG8+cncJtGJT2Xj6xER1zAb+ec8vnEMKgni2xU/FXUOOOf3qbarIGE+1bueJYIKvai1EvpVi/tFvOwhlPb5a9mYOC3dQEWwv0fzlu9OEBpB6eqLAIrCzvtB1k1xavzGqKXbGoN27PBezpYVai0xqe3Fjs5q5yZTpCfQ3oIP+ftycmKS02Mnk/1n0yIp866Am43f6++I7Z4SgsIuGg65v5NqEPiKPC6WGYsqo2gUauZ4vaHmS5ZwnvVocGgjT0GP4J1blZLgnk/o2UNcF4wj0YnT9ZBhm6k3sV+QbIu4IiKM9pb/L5I5kh6qsHl/PbEnyjRaTezIUMUlG9QtFKdROWEBvW+cFTiPJqThGIJ/2LMgg5XVCCJeYr2lP8C0poBUMsBsF349HxnW+iIcuybOwabYOOTmo51xyJyN9dp9AftoBnJm1zhkGu+MSUucT2s4BdWW2P0c3wPTDm93eABpnypnoVPHTs/eyibw2X/BITFsmzCei6I+akdxHD2He+XjQ9ghALSNKBHh/cddlvQ5nVPRi3ntfjxUcayWCeeoKaeBGUZSmML2on9+VTndhp8KxBqkiyqzwuyx3sqiPTA3Y74loVIKSaJVBXQK2Zmp4VX2XMb5rpgu0DlOzYJElNoxq8O71FXoc172yOEn4SnICb/atnZdBfyxy9pE48utw7grpP/+79KbDWZ4rJXKuWldtxdfMPLO8kg8LgkfowwZYzRZxdL+ukRRU/7lq7Uh1Mc7YrD7nIENGDUKDa29OjJ6bhKoNvi7DnL7PIDrkTIpZKhZbpXWp7SdVhuojnWwyoem2z1AFOWnXSKZthQX9GaWPLQ/zKDjqe+4KMS9SoBUjSq7/NoGd05hoNX88r2Qmo46jdjA7QRPnBviEcooxjboHfqmcbuFr6G8eRwKzShKwyoiMEIf313VpzR6iB8cv99FdrOQCUSPeC+U2KKPI0ieoJW86BWUIjDGAZZWsynaAgW+MxNKMrm7guIsEtbly8aXz/6CrL9zydPRlSlKRgJfoLqHQwmaYDcIKvspznU3MUB8r4UEUlK3RRrA3hhnNnGx5PQH2MbgzFzrf7vNimgpeWbX6fYV1XAwyO05NcwmPbVeZ9NXtS0PY4hzLXyGwabjQcNZkZC6+9PYFsbgv8BsH9hIyLpY6s2hj3yGVj6mZalGYT3JP3PjLILTKMsxB+KgDB7BzMBimLRXrVV3SxSGtpIrWR2uJbICjK/hRssiIHNzNSV8aHK4vMZsRFnp9FaICFbI2EwqUOm44jQ0k268241CPtIw4bovLBzcauLTG5Hwq9Zdme9QrnFnVOMH8abh9CzrT8u95vL3wrYzvQf8wT6bMabVM3FwWIlK/OpUN9DwfthxWe8XFXACmYKXQ/W8ON7KgGXmlcna+qJGR12L5ovyWPWDDGz7aPHlqu6jWRcsTEcLcH8fPoY4qZhGxrrXifqFXBlVJIF/cxqmaSAd77JqP9Gkajp+uWszQABpX5a47L24uJ3mnY/GB8T1HyRwUx9XUKj8OeDzGRLjgCBVzLXORLI4qgLdowLq99PmdvoQUFJsT/Aczz4V9E/T3FGpjyAosfxBrywL5yNQM+tWoNq0KH5ncOelL1MZrpR/a+1GM3BkioghoLH/wBJUe68iQzX3UwLKkRvSI1V4ZmO+M=&u=U2FsdGVkX1//FEW4hD841MzkHLVPynB8PYPo+ghoy/c=&y=U2FsdGVkX1+Iz2usA4gvIYLmL0Dv+Fr7sqB3FCUN+V+5TQoOG4nR0hgLMG5CTiEA HTTP/1.1" 200 334
190.158.212.78 - - [15/Jan/2023:17:08:07 -0500] "GET /kwssiamovil/sm/des/acme/s?s=U2FsdGVkX1/x0k7o5668aUKbMO3KLISO398MRCr2wLjnICKEhrCvRgQcy9jfCI+Jik9UXCZ+/8L4lzVzN0gphLBgB2R1ZHnSO4AUhJ2FVU5PusFBhE39+pSeBGMgYrMgbC5gVJ8gDEr1lPGDoGK3h3mJdFasVeYSTGfu5ZK/VhbzqXdJKyGfMzSnkGLz9uEFCehG9I2XJNL0mm8Gp6iRdQelVmUcC1AMmVjaFGFIYintExuQ4D1Yusp0gfZOKjn/YmrCWQXUPTteSdna7JGMmHr4fwTvTiyVbHSvogFpEW72ZpFpENrGm9vw6fr07RC6gpG6Y27f7nTAybnRVY76uw8i3JZT3np7z3qiu86esqaHESI+G9DsMokjuNdODY5Q56bmhp0k7sUD9q2osmC49XQXKPQ+GqI8Sk9m45/oMMFUPUlAS8atbNL26xTfMqYjquNIu3Mzaa8obMcIAw8+IiE3aQlZuZxS6zehTOFi9137m21BRFKnG3Vh4scu1mjalexeYFP/F4qzvntq1rYniyh7YJMBLs56CpuWGQ/Ca6mc47bSbnxYG0sFTwIzrwRH+Y92am+EeUpbmNMK9sFLAKhV8+uxuuoz1YbSMFAO8sQbeH6jc8ICJbPg/2CvRWpQmV48ceHPIVDgDFpRPjGIxaEzUR1+U6mLVmXxO49FzJ1RaOvAFpnHpI5w8vgfcScSolLilx32+T3llgxl8AtGCLiazfvS1YLPEOgggCA17LwpRqFrgnILzKDUp2kzelxL&u=U2FsdGVkX1//FEW4hD841MzkHLVPynB8PYPo+ghoy/c=&y=U2FsdGVkX1+Iz2usA4gvIYLmL0Dv+Fr7sqB3FCUN+V+5TQoOG4nR0hgLMG5CTiEA HTTP/1.1" 200 354
190.158.212.78 - - [15/Jan/2023:17:08:07 -0500] "GET /kwssiamovil/sm/des/cjson/pre?f=19&x=U2FsdGVkX1+a3AG43WJxdTQ0F0FIND46fzrmwDiHI41+km24W3tCbDTV4H7T3yVD HTTP/1.1" 200 28992
190.158.212.78 - - [15/Jan/2023:17:08:07 -0500] "GET /kwssiamovil/sm/des/cjson/pre?f=1&x=U2FsdGVkX1+a3AG43WJxdTQ0F0FIND46fzrmwDiHI41+km24W3tCbDTV4H7T3yVD HTTP/1.1" 200 31349
172.22.2.4 - - [15/Jan/2023:17:08:00 -0500] "HEAD /BLA/boletinlegal/ HTTP/1.1" 200 -
216.245.221.92 - - [15/Jan/2023:17:09:48 -0500] "HEAD / HTTP/1.1" 200 -
201.245.192.253 - - [15/Jan/2023:17:10:14 -0500] "POST /kwsrmcab/Wsrmcab  HTTP/1.1" 200 43915
172.22.2.4 - - [15/Jan/2023:17:08:51 -0500] "GET /BLA/boletinlegal/ HTTP/1.1" 200 56825
107.170.244.10 - - [15/Jan/2023:17:12:40 -0500] "MGLNDD_190.27.245.106_80" 501 953
88.99.62.159 - - [15/Jan/2023:17:12:47 -0500] "GET /portaldeninos/comments/feed/ HTTP/1.1" 304 -
88.99.62.159 - - [15/Jan/2023:17:12:47 -0500] "GET /portaldeninos/feed/ HTTP/1.1" 304 -
88.99.62.159 - - [15/Jan/2023:17:12:56 -0500] "GET /portaldeninos/home-2-3/feed/ HTTP/1.1" 304 -
216.245.221.92 - - [15/Jan/2023:17:14:48 -0500] "HEAD / HTTP/1.1" 200 -
201.245.192.253 - - [15/Jan/2023:17:15:13 -0500] "POST /kwsrmcab/Wsrmcab  HTTP/1.1" 200 43915
172.22.2.4 - - [15/Jan/2023:17:13:50 -0500] "HEAD /BLA/boletinlegal/ HTTP/1.1" 200 -
172.22.2.4 - - [15/Jan/2023:17:14:41 -0500] "GET /BLA/boletinlegal/ HTTP/1.1" 200 59404
201.245.192.253 - - [15/Jan/2023:17:18:29 -0500] "POST /kwsrmcab/Wsrmcab HTTP/1.1" 200 43914
201.245.192.253 - - [15/Jan/2023:17:18:31 -0500] "POST /kwsrmcab/Wsrmcab HTTP/1.1" 200 43789
216.245.221.92 - - [15/Jan/2023:17:19:48 -0500] "HEAD / HTTP/1.1" 200 -
201.245.192.253 - - [15/Jan/2023:17:20:12 -0500] "POST /kwsrmcab/Wsrmcab  HTTP/1.1" 200 43915
172.22.2.4 - - [15/Jan/2023:17:19:40 -0500] "HEAD /BLA/boletinlegal/ HTTP/1.1" 200 -
181.61.39.98 - - [15/Jan/2023:17:21:45 -0500] "GET /sipse/faces/faces/faces/autenticacion HTTP/1.1" 302 -
181.61.39.98 - - [15/Jan/2023:17:21:45 -0500] "GET /sipse/faces/autenticacion.xhtml HTTP/1.1" 200 12179
181.61.39.98 - - [15/Jan/2023:17:21:45 -0500] "GET /sipse/css/custom_css_sg.css HTTP/1.1" 304 -
181.61.39.98 - - [15/Jan/2023:17:21:45 -0500] "GET /sipse/css/custom_css_sg_prime_login.css HTTP/1.1" 304 -
181.61.39.98 - - [15/Jan/2023:17:21:45 -0500] "GET /sipse/faces/javax.faces.resource/theme.css?ln=primefaces-sipse HTTP/1.1" 304 -
181.61.39.98 - - [15/Jan/2023:17:21:45 -0500] "GET /sipse/faces/javax.faces.resource/primefaces.css?ln=primefaces&v=4.0 HTTP/1.1" 304 -
181.61.39.98 - - [15/Jan/2023:17:21:45 -0500] "GET /sipse/faces/javax.faces.resource/layout/layout.css?ln=primefaces&v=4.0 HTTP/1.1" 304 -
181.61.39.98 - - [15/Jan/2023:17:21:45 -0500] "GET /sipse/js/funciones.js HTTP/1.1" 304 -
181.61.39.98 - - [15/Jan/2023:17:21:45 -0500] "GET /sipse/faces/javax.faces.resource/jquery/jquery-plugins.js?ln=primefaces&v=4.0 HTTP/1.1" 304 -
181.61.39.98 - - [15/Jan/2023:17:21:45 -0500] "GET /sipse/js/disable_browser_buttons.js HTTP/1.1" 304 -
181.61.39.98 - - [15/Jan/2023:17:21:45 -0500] "GET /sipse/faces/javax.faces.resource/primefaces.js?ln=primefaces&v=4.0 HTTP/1.1" 304 -
181.61.39.98 - - [15/Jan/2023:17:21:45 -0500] "GET /sipse/faces/javax.faces.resource/layout/layout.js?ln=primefaces&v=4.0 HTTP/1.1" 304 -
181.61.39.98 - - [15/Jan/2023:17:21:45 -0500] "GET /sipse/faces/javax.faces.resource/jquery/jquery.js?ln=primefaces&v=4.0 HTTP/1.1" 304 -
181.61.39.98 - - [15/Jan/2023:17:21:45 -0500] "GET /sipse/css/imagen/loginimg.png HTTP/1.1" 304 -
181.61.39.98 - - [15/Jan/2023:17:21:46 -0500] "GET /sipse/faces/javax.faces.resource/images/ui-icons_898989_256x240.png?ln=primefaces-aristo HTTP/1.1" 304 -
181.61.39.98 - - [15/Jan/2023:17:21:46 -0500] "GET /sipse/css/imagen/logoSDG.png HTTP/1.1" 304 -
181.61.39.98 - - [15/Jan/2023:17:21:49 -0500] "POST /sipse/faces/autenticacion.xhtml HTTP/1.1" 200 11369
181.61.39.98 - - [15/Jan/2023:17:21:49 -0500] "GET /sipse/css/custom_css_sg_prime.css HTTP/1.1" 304 -
181.61.39.98 - - [15/Jan/2023:17:21:49 -0500] "GET /sipse/faces/javax.faces.resource/theme.css?ln=primefaces-sipse HTTP/1.1" 304 -
181.61.39.98 - - [15/Jan/2023:17:21:49 -0500] "GET /sipse/faces/javax.faces.resource/primefaces.css?ln=primefaces&v=4.0 HTTP/1.1" 304 -
181.61.39.98 - - [15/Jan/2023:17:21:49 -0500] "GET /sipse/faces/javax.faces.resource/layout/layout.css?ln=primefaces&v=4.0 HTTP/1.1" 304 -
181.61.39.98 - - [15/Jan/2023:17:21:49 -0500] "GET /sipse/faces/javax.faces.resource/jquery/jquery.js?ln=primefaces&v=4.0 HTTP/1.1" 304 -
181.61.39.98 - - [15/Jan/2023:17:21:49 -0500] "GET /sipse/faces/javax.faces.resource/jquery/jquery-plugins.js?ln=primefaces&v=4.0 HTTP/1.1" 304 -
181.61.39.98 - - [15/Jan/2023:17:21:49 -0500] "GET /sipse/faces/javax.faces.resource/primefaces.js?ln=primefaces&v=4.0 HTTP/1.1" 304 -
181.61.39.98 - - [15/Jan/2023:17:21:49 -0500] "GET /sipse/faces/javax.faces.resource/layout/layout.js?ln=primefaces&v=4.0 HTTP/1.1" 304 -
181.61.39.98 - - [15/Jan/2023:17:21:50 -0500] "GET /sipse/faces/javax.faces.resource/messages/messages.png?ln=primefaces&v=4.0 HTTP/1.1" 304 -
181.61.39.98 - - [15/Jan/2023:17:21:52 -0500] "POST /sipse/faces/presentacion/sistema/seguridad/seleccionRol.xhtml HTTP/1.1" 200 5803
181.61.39.98 - - [15/Jan/2023:17:21:54 -0500] "POST /sipse/faces/presentacion/sistema/seguridad/seleccionRol.xhtml HTTP/1.1" 200 16306
181.61.39.98 - - [15/Jan/2023:17:21:54 -0500] "GET /sipse/faces/javax.faces.resource/theme.css?ln=primefaces-sipse HTTP/1.1" 304 -
181.61.39.98 - - [15/Jan/2023:17:21:54 -0500] "GET /sipse/faces/javax.faces.resource/layout/layout.css?ln=primefaces&v=4.0 HTTP/1.1" 304 -
181.61.39.98 - - [15/Jan/2023:17:21:54 -0500] "GET /sipse/faces/javax.faces.resource/primefaces.css?ln=primefaces&v=4.0 HTTP/1.1" 304 -
181.61.39.98 - - [15/Jan/2023:17:21:54 -0500] "GET /sipse/js/jquery.min.js HTTP/1.1" 304 -
181.61.39.98 - - [15/Jan/2023:17:21:54 -0500] "GET /sipse/faces/javax.faces.resource/jquery/jquery.js?ln=primefaces&v=4.0 HTTP/1.1" 304 -
181.61.39.98 - - [15/Jan/2023:17:21:54 -0500] "GET /sipse/faces/javax.faces.resource/jquery/jquery-plugins.js?ln=primefaces&v=4.0 HTTP/1.1" 304 -
181.61.39.98 - - [15/Jan/2023:17:21:54 -0500] "GET /sipse/faces/javax.faces.resource/primefaces.js?ln=primefaces&v=4.0 HTTP/1.1" 304 -
181.61.39.98 - - [15/Jan/2023:17:21:54 -0500] "GET /sipse/faces/javax.faces.resource/layout/layout.js?ln=primefaces&v=4.0 HTTP/1.1" 304 -
181.61.39.98 - - [15/Jan/2023:17:21:54 -0500] "GET /sipse/imagenes/cargando.gif HTTP/1.1" 304 -
181.61.39.98 - - [15/Jan/2023:17:21:54 -0500] "GET /sipse/imagenes/logoAplicacion.jpg HTTP/1.1" 304 -
181.61.39.98 - - [15/Jan/2023:17:21:54 -0500] "GET /sipse/css/imagen/contrasena.png HTTP/1.1" 404 383
181.61.39.98 - - [15/Jan/2023:17:21:56 -0500] "GET /sipse/faces/javax.faces.resource/images/ui-bg_flat_0_2d5972_40x100.png?ln=primefaces-aristo HTTP/1.1" 304 -
181.61.39.98 - - [15/Jan/2023:17:21:56 -0500] "POST /sipse/faces/bienvenido.xhtml HTTP/1.1" 200 2658
181.61.39.98 - - [15/Jan/2023:17:21:57 -0500] "POST /sipse/faces/bienvenido.xhtml HTTP/1.1" 200 33096
181.61.39.98 - - [15/Jan/2023:17:21:57 -0500] "GET /sipse/faces/javax.faces.resource/theme.css?ln=primefaces-sipse HTTP/1.1" 304 -
181.61.39.98 - - [15/Jan/2023:17:21:57 -0500] "GET /sipse/faces/javax.faces.resource/primefaces.css?ln=primefaces&v=4.0 HTTP/1.1" 304 -
181.61.39.98 - - [15/Jan/2023:17:21:57 -0500] "GET /sipse/faces/javax.faces.resource/layout/layout.css?ln=primefaces&v=4.0 HTTP/1.1" 304 -
181.61.39.98 - - [15/Jan/2023:17:21:58 -0500] "GET /sipse/faces/javax.faces.resource/jquery/jquery.js?ln=primefaces&v=4.0 HTTP/1.1" 304 -
181.61.39.98 - - [15/Jan/2023:17:21:58 -0500] "GET /sipse/faces/javax.faces.resource/jquery/jquery-plugins.js?ln=primefaces&v=4.0 HTTP/1.1" 304 -
181.61.39.98 - - [15/Jan/2023:17:21:58 -0500] "GET /sipse/faces/javax.faces.resource/primefaces.js?ln=primefaces&v=4.0 HTTP/1.1" 304 -
181.61.39.98 - - [15/Jan/2023:17:21:58 -0500] "GET /sipse/faces/javax.faces.resource/layout/layout.js?ln=primefaces&v=4.0 HTTP/1.1" 304 -
181.61.39.98 - - [15/Jan/2023:17:21:58 -0500] "POST /sipse/faces/presentacion/financiero/solicitudProceso/listarSolicitudProceso.xhtml HTTP/1.1" 200 1372
181.61.39.98 - - [15/Jan/2023:17:22:01 -0500] "POST /sipse/faces/presentacion/financiero/solicitudProceso/listarSolicitudProceso.xhtml HTTP/1.1" 200 911
181.61.39.98 - - [15/Jan/2023:17:22:03 -0500] "GET /sipse/faces/faces/autenticacion HTTP/1.1" 302 -
181.61.39.98 - - [15/Jan/2023:17:22:03 -0500] "GET /sipse/faces/autenticacion.xhtml HTTP/1.1" 200 12179
181.61.39.98 - - [15/Jan/2023:17:22:03 -0500] "GET /sipse/faces/javax.faces.resource/primefaces.css?ln=primefaces&v=4.0 HTTP/1.1" 304 -
181.61.39.98 - - [15/Jan/2023:17:22:03 -0500] "GET /sipse/faces/javax.faces.resource/theme.css?ln=primefaces-sipse HTTP/1.1" 304 -
181.61.39.98 - - [15/Jan/2023:17:22:03 -0500] "GET /sipse/faces/javax.faces.resource/layout/layout.css?ln=primefaces&v=4.0 HTTP/1.1" 304 -
181.61.39.98 - - [15/Jan/2023:17:22:03 -0500] "GET /sipse/faces/javax.faces.resource/jquery/jquery.js?ln=primefaces&v=4.0 HTTP/1.1" 304 -
181.61.39.98 - - [15/Jan/2023:17:22:03 -0500] "GET /sipse/faces/javax.faces.resource/jquery/jquery-plugins.js?ln=primefaces&v=4.0 HTTP/1.1" 304 -
181.61.39.98 - - [15/Jan/2023:17:22:03 -0500] "GET /sipse/faces/javax.faces.resource/primefaces.js?ln=primefaces&v=4.0 HTTP/1.1" 304 -
181.61.39.98 - - [15/Jan/2023:17:22:03 -0500] "GET /sipse/faces/javax.faces.resource/layout/layout.js?ln=primefaces&v=4.0 HTTP/1.1" 304 -
181.61.39.98 - - [15/Jan/2023:17:22:10 -0500] "POST /sipse/faces/autenticacion.xhtml HTTP/1.1" 200 16734
181.61.39.98 - - [15/Jan/2023:17:22:10 -0500] "GET /sipse/faces/javax.faces.resource/theme.css?ln=primefaces-sipse HTTP/1.1" 304 -
181.61.39.98 - - [15/Jan/2023:17:22:10 -0500] "GET /sipse/faces/javax.faces.resource/layout/layout.css?ln=primefaces&v=4.0 HTTP/1.1" 304 -
181.61.39.98 - - [15/Jan/2023:17:22:10 -0500] "GET /sipse/faces/javax.faces.resource/jquery/jquery.js?ln=primefaces&v=4.0 HTTP/1.1" 304 -
181.61.39.98 - - [15/Jan/2023:17:22:11 -0500] "GET /sipse/faces/javax.faces.resource/jquery/jquery-plugins.js?ln=primefaces&v=4.0 HTTP/1.1" 304 -
172.22.2.4 - - [15/Jan/2023:17:20:31 -0500] "GET /BLA/boletinlegal/ HTTP/1.1" 200 57824
181.61.39.98 - - [15/Jan/2023:17:22:11 -0500] "GET /sipse/faces/javax.faces.resource/primefaces.js?ln=primefaces&v=4.0 HTTP/1.1" 304 -
181.61.39.98 - - [15/Jan/2023:17:22:11 -0500] "GET /sipse/faces/javax.faces.resource/primefaces.css?ln=primefaces&v=4.0 HTTP/1.1" 304 -
181.61.39.98 - - [15/Jan/2023:17:22:11 -0500] "GET /sipse/faces/javax.faces.resource/layout/layout.js?ln=primefaces&v=4.0 HTTP/1.1" 304 -
181.61.39.98 - - [15/Jan/2023:17:22:12 -0500] "POST /sipse/faces/bienvenido.xhtml HTTP/1.1" 200 1471
181.61.39.98 - - [15/Jan/2023:17:22:14 -0500] "POST /sipse/faces/bienvenido.xhtml HTTP/1.1" 200 61960
181.61.39.98 - - [15/Jan/2023:17:22:14 -0500] "GET /sipse/faces/javax.faces.resource/theme.css?ln=primefaces-sipse HTTP/1.1" 304 -
181.61.39.98 - - [15/Jan/2023:17:22:14 -0500] "GET /sipse/faces/javax.faces.resource/primefaces.css?ln=primefaces&v=4.0 HTTP/1.1" 304 -
181.61.39.98 - - [15/Jan/2023:17:22:14 -0500] "GET /sipse/faces/javax.faces.resource/layout/layout.css?ln=primefaces&v=4.0 HTTP/1.1" 304 -
181.61.39.98 - - [15/Jan/2023:17:22:14 -0500] "GET /sipse/faces/javax.faces.resource/jquery/jquery.js?ln=primefaces&v=4.0 HTTP/1.1" 304 -
181.61.39.98 - - [15/Jan/2023:17:22:14 -0500] "GET /sipse/faces/javax.faces.resource/jquery/jquery-plugins.js?ln=primefaces&v=4.0 HTTP/1.1" 304 -
181.61.39.98 - - [15/Jan/2023:17:22:15 -0500] "GET /sipse/faces/javax.faces.resource/primefaces.js?ln=primefaces&v=4.0 HTTP/1.1" 304 -
181.61.39.98 - - [15/Jan/2023:17:22:15 -0500] "GET /sipse/faces/javax.faces.resource/layout/layout.js?ln=primefaces&v=4.0 HTTP/1.1" 304 -
181.61.39.98 - - [15/Jan/2023:17:22:15 -0500] "POST /sipse/faces/presentacion/financiero/solicitudProceso/listarSolicitudProceso.xhtml HTTP/1.1" 200 1560
181.61.39.98 - - [15/Jan/2023:17:22:18 -0500] "POST /sipse/faces/presentacion/financiero/solicitudProceso/listarSolicitudProceso.xhtml HTTP/1.1" 200 19552
181.61.39.98 - - [15/Jan/2023:17:22:22 -0500] "POST /sipse/faces/presentacion/financiero/solicitudProceso/listarSolicitudProceso.xhtml HTTP/1.1" 200 31213
108.174.5.112 - - [15/Jan/2023:17:22:45 -0500] "GET /mis-de-740-irboles-han-sido-plantados-en-los-%C3%83%C2%BAltimos-d%C3%83%C2%ADas-en-bogoti.html HTTP/1.1" 206 909
54.37.163.160 - - [15/Jan/2023:17:23:59 -0500] "GET /.env HTTP/1.1" 404 1018
54.37.163.160 - - [15/Jan/2023:17:24:00 -0500] "POST / HTTP/1.1" 200 319
66.249.64.77 - - [15/Jan/2023:17:24:12 -0500] "-" 408 -
216.245.221.92 - - [15/Jan/2023:17:24:48 -0500] "HEAD / HTTP/1.1" 200 -
201.245.192.253 - - [15/Jan/2023:17:25:11 -0500] "POST /kwsrmcab/Wsrmcab  HTTP/1.1" 200 43915
190.60.254.218 - - [15/Jan/2023:17:26:11 -0500] "POST /sipse/faces/presentacion/contratacion/contratista/consultarContratista.xhtml HTTP/1.1" 200 4782
78.80.245.170 - - [15/Jan/2023:17:26:45 -0500] "HEAD /tasa-retributiva-por-vertimientos-puntuales-al-agua-hasta-el-10-de-febrero-hay-plazo-para-diligenciar-y-enviar-formulario-de-autodeclaracion.html HTTP/1.1" 200 -
190.60.254.218 - - [15/Jan/2023:17:26:58 -0500] "POST /sipse/faces/presentacion/contratacion/contratista/consultarContratista.xhtml HTTP/1.1" 200 32045
190.60.254.218 - - [15/Jan/2023:17:26:59 -0500] "GET /sipse/faces/javax.faces.resource/theme.css?ln=primefaces-sipse HTTP/1.1" 304 -
190.60.254.218 - - [15/Jan/2023:17:27:00 -0500] "GET /sipse/faces/javax.faces.resource/primefaces.css?ln=primefaces&v=4.0 HTTP/1.1" 304 -
190.60.254.218 - - [15/Jan/2023:17:27:00 -0500] "GET /sipse/faces/javax.faces.resource/layout/layout.css?ln=primefaces&v=4.0 HTTP/1.1" 304 -
190.60.254.218 - - [15/Jan/2023:17:27:00 -0500] "GET /sipse/css/imagen/contrasena.png HTTP/1.1" 404 383
190.60.254.218 - - [15/Jan/2023:17:27:00 -0500] "GET /sipse/faces/javax.faces.resource/jquery/jquery.js?ln=primefaces&v=4.0 HTTP/1.1" 304 -
190.60.254.218 - - [15/Jan/2023:17:27:00 -0500] "GET /sipse/faces/javax.faces.resource/jquery/jquery-plugins.js?ln=primefaces&v=4.0 HTTP/1.1" 304 -
190.60.254.218 - - [15/Jan/2023:17:27:00 -0500] "GET /sipse/faces/javax.faces.resource/primefaces.js?ln=primefaces&v=4.0 HTTP/1.1" 304 -
190.60.254.218 - - [15/Jan/2023:17:27:00 -0500] "GET /sipse/faces/javax.faces.resource/layout/layout.js?ln=primefaces&v=4.0 HTTP/1.1" 304 -
190.60.254.218 - - [15/Jan/2023:17:27:01 -0500] "GET /sipse/faces/javax.faces.resource/images/ui-icons_898989_256x240.png?ln=primefaces-aristo HTTP/1.1" 304 -
190.60.254.218 - - [15/Jan/2023:17:27:01 -0500] "GET /sipse/faces/javax.faces.resource/messages/messages.png?ln=primefaces&v=4.0 HTTP/1.1" 304 -
190.60.254.218 - - [15/Jan/2023:17:27:04 -0500] "GET /sipse/faces/javax.faces.resource/images/ui-bg_flat_0_2d5972_40x100.png?ln=primefaces-aristo HTTP/1.1" 304 -
190.60.254.218 - - [15/Jan/2023:17:27:04 -0500] "POST /sipse/faces/presentacion/contratacion/contratista/listarContratista.xhtml HTTP/1.1" 200 68066
190.60.254.218 - - [15/Jan/2023:17:27:04 -0500] "GET /sipse/faces/javax.faces.resource/theme.css?ln=primefaces-sipse HTTP/1.1" 304 -
190.60.254.218 - - [15/Jan/2023:17:27:05 -0500] "GET /sipse/faces/javax.faces.resource/primefaces.css?ln=primefaces&v=4.0 HTTP/1.1" 304 -
190.60.254.218 - - [15/Jan/2023:17:27:05 -0500] "GET /sipse/faces/javax.faces.resource/layout/layout.css?ln=primefaces&v=4.0 HTTP/1.1" 304 -
190.60.254.218 - - [15/Jan/2023:17:27:05 -0500] "GET /sipse/faces/javax.faces.resource/jquery/jquery.js?ln=primefaces&v=4.0 HTTP/1.1" 304 -
190.60.254.218 - - [15/Jan/2023:17:27:05 -0500] "GET /sipse/faces/javax.faces.resource/jquery/jquery-plugins.js?ln=primefaces&v=4.0 HTTP/1.1" 304 -
190.60.254.218 - - [15/Jan/2023:17:27:05 -0500] "GET /sipse/faces/javax.faces.resource/primefaces.js?ln=primefaces&v=4.0 HTTP/1.1" 304 -
190.60.254.218 - - [15/Jan/2023:17:27:05 -0500] "GET /sipse/faces/javax.faces.resource/layout/layout.js?ln=primefaces&v=4.0 HTTP/1.1" 304 -
186.102.37.186 - - [15/Jan/2023:17:27:05 -0500] "GET /kwssiamovil/sm/acme/a?s=U2FsdGVkX1/gawGCjBPldqzoDvt5lqHFIVL+1T4Cby6TXD4VgwCgnMcOEMN/coxHT0PXXb2ucWX9Ucw3145+/uUNnoo2hoVcFhyWyGB/0zSc7I3WDFUCGEEYNLenrbZ0UB0BRsmhr1ajhzAuQvqx5D/VtOX+IIDOfXW7NV9yXwViFj0onSNDzdJ9NuX2nCZHjeXP7ZmPQLFKStgubagmwkQMuIOfp+D9jbvCNc4sTDlyFhx78ScDnUHtTVDDKq5XyUO9l1utxP1U3yhV1iF1iQ==&u=U2FsdGVkX1/vP7OE8gR6A6yeTka2MGISoyEX/cPbpfITxREA5ytDFlbB9V7a0uYb&y=U2FsdGVkX1+eOSDK1erczNLQAB06/QLLS55VS7PHBfKIpFwj28uDaK9yWKUyM0y8 HTTP/1.1" 200 26
190.60.254.218 - - [15/Jan/2023:17:27:05 -0500] "POST /sipse/faces/presentacion/financiero/solicitudProceso/listarSolicitudProceso.xhtml HTTP/1.1" 200 61412
186.102.37.186 - - [15/Jan/2023:17:27:06 -0500] "GET /kwssiamovil/sm/acme/a?s=U2FsdGVkX18Bae4ogLgtZdp65S1/ku/7M8JVRjg1lVNsAFWAdPCIo9COAz+PmjrYznqVHJZQhXq8T2HRTjg7R5PSWBWfFvIKDNluyNtVR8IfUA1Y7jtFefXiCGPE+mHSQk7t0uc3QKASncXAlq5kMGMeKd7SEoXGOi0cVgHdg59qBRUqxGx4M/cVBeiP7gU2gGVN/q5abeYX4wWBaHvezSvG3sVXrUg/3736na6dNWKKrmkgd6Dxfs2dAsxK1Tgx0j6FbIe93fiYpafynOfRghmz83hstdOcWkys31Fynz4fYJvYaIiJzvfGsR24Tvs6Ungixb4tJ443HK4+gNWo2onpnve6hUWpkUPQDWO5l8p5zXkf68L3+YlQPz8ZSXGsRyppr/htnJfRB9STck5unHcAIqSQOSzm+MPS8NF2WD1hyy7TlHS7o0fBsNKWGDCgYeRP6UHwh7qcdNJl77HSrJQPT+svVXE4fiSeKapentK/gwhX5DXq1WX6PZGujkjyhB3rLw1/iskSAcoTJgdV4ignVeuJqoQbB5arDD4+tu4KFhJUHL6nTTJ07GrRyp88enp38Er00K2dMk2VWxWki9Qr+tzI+t98VB+APpsO0Ux43MA5Zv4YL7yz8fDMi/oizEBSGyAUXeITcIgjIYFAqkRHEGpTQ6UzcGOPe3+6eek4m9VhIIEaLtnDgPA7mO8nyEbMeIE6Xtu/yDm/3pVqvoDfhZ+1gSjQ90XEVGKPt4NKleG638j5FF22NagPYOROppLNGx48hdr0eQKwrXb1/3AYlgXbalIoY+KZwweelpEDQfyVMdLFzX+PBSbnCcr8uu9fyO5wKCALRVp/cat/t4v7QJu1/ZmA9hAwQxukO665w5Hyl9W7hGYUKZtNYiqc82wxLqhkgpD0qrJCeWea1fFYwNgn4Soqx3uYNV2to9glKfeAkwxoPTvjzoSSW+flxQNNcPn0Ugj9v2f12c/k+i/8e5dkqChV2Qq0O01GL+O3S58LQdlTNuQX9Y8yKh+UeajgGSzZjA9xXnCX1Hh57klVYEdH5zskvwUKPKY7SB2Sfmm1Sp8zOA8xoytGBMWROCpFl6Fxjc+WUudhXLa8loHprZUsSJJgIULYu8XATytnk/srdQSD7viVWKbbWggySXd57Jiv+yrjtwTmwrJVnOE9IzhxLL2JiKlrrvoZFYarOog/15K3wejpal0VmtvMnLfdancluXqTROy4XoiDekD/zNvZIfA9DH2fX18KYkcYwBMqrLoEnV7P0Ij+S5mevTgVGnhtykZMkN7T9EjAjoVclGXv85GNgYYgdFy/8XQwYzgU4Wy1cS0jixVmjYZli7GxmCbJlGSb1ur4HCqyMk2D8FA0391xPwcfuJ+UGI7T9GbR4zcVLeowCgccVuhDwbAP3cbV4b0aQEvLQ591ZxEWoB9zujGILtywYXrpADdn1cPwhlrODeNcjLDPb2XdMXZ4axD9470wKm0CquXQbTOHfh2DxdPINUzxrhz/w5VwJV92ZDjgbPT4l43cvaVo88si6XuCLCR3zdobLfeg5DGzx8vxFBXvPePThh8tSuFqZLDrJm+hCjJ7A5cpVRxm3JdqszF/R5kjviiW8zsdkiB4ccnVxU3ApR7tHr2rws5sp9buNt6NUm5FPqTGmdpBG5BJ8e0j/QQKQoqJq6Dfnw1n3DgJmHWitCgrtJZBOxkBrnN3tmMCIN149oRcoxa2IJdsYlLO7Qjc/gG3RFDhxUYoW318AJFl3tu3P5bRobq/KHIyyYPKpMQrxUwHNdQ93dv8NP4+NLyqjxRx1X00ZDZNI7GF21CLk5CBMZoHX8Z29UVyNhN03/4uLP6ar1EQ1oVn3qwe6fPZhrGlQo1hGLxR55TcVHTKhewEiVVFbHy9UL36w5feH9yBdzc4gGG264JSPfgAl6xqSBN+6oUyHBOlQ8NcYD3fKFrq3BAc1gGg6RUB9zq0xV+lB2gJ3utczfy+bUjjvr7HpLC6L7vwX9fc5tYbxi0CjkZLLTjbeErreYRGreIMoZ003PKoozUV8GTVtaKT1+e7Zzdp/IW333p+Ts0Fr6CE1lcYThLt1k5c7QSnh+60pSLZgRSjNqV6CY9G05M42GS3Uke40UndJFah5ZMo4PfwoWHarSo4CzgF+gWAFg2yCF7jSg21Y7C3XnKFRerZ7OlPtVScSVdAOOfgjO2nxwQTJCT8992KcwNmM++tMnbB5y6cRGEZm4De6Wgg7/tNz/va9vNzyJesbafVulr8OtdCeFObhbgtYeF2GE9Iu9gMNI+bQQ7fj5JKaGv+N8kH5Z0t/VwNV760vy1I9cykQ7iOxpzg8eIKl23Jc5NH82LsvnGAFDgfvFEB0iYU1O9cKm+zfjy3DswycZab27wQBT+AjWOp41+H3WEIKV7WoAD7KRvQE0Feq2rwWehp9iTIxGZN07dSmMS3Y95XB6Cv8PTwd2UcCjUiYjPEtGPaZUboixj5Ib1O3DzbBRFivn+yLafOVwFJdJmTpgbzil0JvpDXZjQu1J55Fzi6x1O3kKlC13y3xauo8d85g2WvtmbPErL64sKe8ssemmiY8ISS8k2e6W0uWJuTy9A4auIyIz6wX6DEWXaeVTzI8okWMaO69AtPkM42+OLjLglbIpGz9SqGgFTtJKLW3T6UaPjLQ2pEbG8RMQ0zs2U4rT+uFv4k2puYIulyRS2Mc6ANHzEkv5/KTqcfRK48JMzyx89n8r6hVK9YIt7BjKA1JHKs3SVxcJw1qXXKdB3rDGsVrBa1Z//ZvimVU5My5Gg=&u=U2FsdGVkX1/vP7OE8gR6A6yeTka2MGISoyEX/cPbpfITxREA5ytDFlbB9V7a0uYb&y=U2FsdGVkX1+eOSDK1erczNLQAB06/QLLS55VS7PHBfKIpFwj28uDaK9yWKUyM0y8 HTTP/1.1" 200 26
186.102.37.186 - - [15/Jan/2023:17:27:06 -0500] "GET /kwssiamovil/sm/acme/a?s=U2FsdGVkX18Ya/Js/3oex0PUh8h3ROekaLg3IypD6SaJKqCo+swOTiHUyDTdmlHFBPftgtOsYIR/RNhOSSAt3obVjIgS+i2+ZixVjtJfNy7acxLcgFzQBfgfiV1+JGGmKyIdtkesb82zSoxNGskOSPryPpV3vm1DFiqT28w+WVs=&u=U2FsdGVkX1/vP7OE8gR6A6yeTka2MGISoyEX/cPbpfITxREA5ytDFlbB9V7a0uYb&y=U2FsdGVkX1+eOSDK1erczNLQAB06/QLLS55VS7PHBfKIpFwj28uDaK9yWKUyM0y8 HTTP/1.1" 200 26
190.60.254.218 - - [15/Jan/2023:17:27:06 -0500] "POST /sipse/faces/presentacion/financiero/solicitudProceso/listarSolicitudProceso.xhtml HTTP/1.1" 200 1560
186.102.37.186 - - [15/Jan/2023:17:27:07 -0500] "GET /kwssiamovil/sm/acme/a?s=U2FsdGVkX1+SF47co0bIZczinueQyECUFJ7Yha9Muf1LhaeMAMv7/eFcjh0M5HTb0N/X6Anv778kWNDMmeASUpgCrsDuP/1m/ni05SJrqAP1S7FtIrSH+iFWn7DuxbARD4NPi5W3fkLb/Q44LkEt0dXRjOEoqkc6lcB5kIo0+1k=&u=U2FsdGVkX1/vP7OE8gR6A6yeTka2MGISoyEX/cPbpfITxREA5ytDFlbB9V7a0uYb&y=U2FsdGVkX1+eOSDK1erczNLQAB06/QLLS55VS7PHBfKIpFwj28uDaK9yWKUyM0y8 HTTP/1.1" 200 26
186.102.37.186 - - [15/Jan/2023:17:27:07 -0500] "GET /kwssiamovil/sm/acme/a?s=U2FsdGVkX1/byYVMYHuGkP+fkzC9wXhnWptoMu4lwHZB/KnnVyRreFEPs/JbXyGhFDAKjY6xiOJe70ubP4Ss3ZKkWtAuyciG1OEwuIK0d5uCy75Ru590xav7UeOKIiCZYHU44shmVnM5UkKBk9P9VZSCMSv872c5sckEvo9S9b4=&u=U2FsdGVkX1/vP7OE8gR6A6yeTka2MGISoyEX/cPbpfITxREA5ytDFlbB9V7a0uYb&y=U2FsdGVkX1+eOSDK1erczNLQAB06/QLLS55VS7PHBfKIpFwj28uDaK9yWKUyM0y8 HTTP/1.1" 200 26
186.102.37.186 - - [15/Jan/2023:17:27:07 -0500] "GET /kwssiamovil/sm/acme/a?s=U2FsdGVkX1/HlkqFg0sHsDLACwOIGno5RsYDNoFnPxhYqvDU/HWoxdSv1XuzTEJq/odwcykCgTV125/a5a7JmLx1ee3JhKHQctThn/y6G3qpiMggr+mI8f2+l5F4aKDTh5o/T680dLfZirPqaMbWQk6wH0C9MNjJlnV5EBSeIn/lzXkH2u4XoadWr0Y9HHJkWazcj2JTKh3YQ1B8fzh0BQ==&u=U2FsdGVkX1/vP7OE8gR6A6yeTka2MGISoyEX/cPbpfITxREA5ytDFlbB9V7a0uYb&y=U2FsdGVkX1+eOSDK1erczNLQAB06/QLLS55VS7PHBfKIpFwj28uDaK9yWKUyM0y8 HTTP/1.1" 200 26
190.60.254.218 - - [15/Jan/2023:17:27:07 -0500] "POST /sipse/faces/presentacion/financiero/solicitudProceso/listarSolicitudProceso.xhtml HTTP/1.1" 200 1552
172.22.2.4 - - [15/Jan/2023:17:25:30 -0500] "HEAD /BLA/boletinlegal/ HTTP/1.1" 200 -
190.60.254.218 - - [15/Jan/2023:17:27:30 -0500] "POST /sipse/faces/presentacion/financiero/solicitudProceso/listarSolicitudProceso.xhtml HTTP/1.1" 200 32503
190.60.254.218 - - [15/Jan/2023:17:27:38 -0500] "POST /sipse/faces/presentacion/financiero/solicitudProceso/listarSolicitudProceso.xhtml HTTP/1.1" 200 32342
190.60.254.218 - - [15/Jan/2023:17:27:57 -0500] "POST /sipse/faces/presentacion/financiero/solicitudProceso/listarSolicitudProceso.xhtml HTTP/1.1" 200 134047
190.60.254.218 - - [15/Jan/2023:17:27:59 -0500] "GET /sipse/faces/javax.faces.resource/theme.css?ln=primefaces-sipse HTTP/1.1" 304 -
190.60.254.218 - - [15/Jan/2023:17:27:59 -0500] "GET /sipse/faces/javax.faces.resource/jquery/jquery.js?ln=primefaces&v=4.0 HTTP/1.1" 304 -
190.60.254.218 - - [15/Jan/2023:17:27:59 -0500] "GET /sipse/faces/javax.faces.resource/primefaces.css?ln=primefaces&v=4.0 HTTP/1.1" 304 -
190.60.254.218 - - [15/Jan/2023:17:27:59 -0500] "GET /sipse/faces/javax.faces.resource/layout/layout.css?ln=primefaces&v=4.0 HTTP/1.1" 304 -
190.60.254.218 - - [15/Jan/2023:17:27:59 -0500] "GET /sipse/faces/javax.faces.resource/jquery/jquery-plugins.js?ln=primefaces&v=4.0 HTTP/1.1" 304 -
190.60.254.218 - - [15/Jan/2023:17:27:59 -0500] "GET /sipse/faces/javax.faces.resource/primefaces.js?ln=primefaces&v=4.0 HTTP/1.1" 304 -
190.60.254.218 - - [15/Jan/2023:17:27:59 -0500] "GET /sipse/faces/javax.faces.resource/layout/layout.js?ln=primefaces&v=4.0 HTTP/1.1" 304 -
172.22.2.4 - - [15/Jan/2023:17:26:20 -0500] "GET /BLA/boletinlegal/ HTTP/1.1" 200 57824
190.60.254.218 - - [15/Jan/2023:17:28:16 -0500] "POST /sipse/faces/presentacion/financiero/solicitudProceso/consultarSolicitudProceso.xhtml HTTP/1.1" 200 41806
190.60.254.218 - - [15/Jan/2023:17:28:17 -0500] "GET /sipse/faces/javax.faces.resource/theme.css?ln=primefaces-sipse HTTP/1.1" 304 -
190.60.254.218 - - [15/Jan/2023:17:28:18 -0500] "GET /sipse/faces/javax.faces.resource/primefaces.css?ln=primefaces&v=4.0 HTTP/1.1" 304 -
190.60.254.218 - - [15/Jan/2023:17:28:18 -0500] "GET /sipse/faces/javax.faces.resource/layout/layout.css?ln=primefaces&v=4.0 HTTP/1.1" 304 -
190.60.254.218 - - [15/Jan/2023:17:28:18 -0500] "GET /sipse/faces/javax.faces.resource/jquery/jquery.js?ln=primefaces&v=4.0 HTTP/1.1" 304 -
190.60.254.218 - - [15/Jan/2023:17:28:18 -0500] "GET /sipse/faces/javax.faces.resource/jquery/jquery-plugins.js?ln=primefaces&v=4.0 HTTP/1.1" 304 -
190.60.254.218 - - [15/Jan/2023:17:28:18 -0500] "GET /sipse/faces/javax.faces.resource/primefaces.js?ln=primefaces&v=4.0 HTTP/1.1" 304 -
190.60.254.218 - - [15/Jan/2023:17:28:19 -0500] "GET /sipse/faces/javax.faces.resource/layout/layout.js?ln=primefaces&v=4.0 HTTP/1.1" 304 -
201.245.192.253 - - [15/Jan/2023:17:28:29 -0500] "POST /kwsrmcab/Wsrmcab HTTP/1.1" 200 43914
201.245.192.253 - - [15/Jan/2023:17:28:32 -0500] "GET /kwsrmcab/Wsrmcab?wsdl HTTP/1.1" 200 6948
201.245.192.253 - - [15/Jan/2023:17:28:32 -0500] "POST /kwsrmcab/Wsrmcab HTTP/1.1" 200 43789
216.245.221.92 - - [15/Jan/2023:17:29:48 -0500] "HEAD / HTTP/1.1" 200 -
190.60.254.218 - - [15/Jan/2023:17:29:51 -0500] "POST /sipse/faces/presentacion/financiero/estudioPrevio/personalSolicitado/expedirExperienciaIdoneidad.xhtml HTTP/1.1" 200 44771
190.60.254.218 - - [15/Jan/2023:17:29:52 -0500] "GET /sipse/faces/javax.faces.resource/theme.css?ln=primefaces-sipse HTTP/1.1" 304 -
190.60.254.218 - - [15/Jan/2023:17:29:52 -0500] "GET /sipse/faces/javax.faces.resource/primefaces.css?ln=primefaces&v=4.0 HTTP/1.1" 304 -
190.60.254.218 - - [15/Jan/2023:17:29:52 -0500] "GET /sipse/faces/javax.faces.resource/jquery/jquery.js?ln=primefaces&v=4.0 HTTP/1.1" 304 -
190.60.254.218 - - [15/Jan/2023:17:29:52 -0500] "GET /sipse/faces/javax.faces.resource/layout/layout.css?ln=primefaces&v=4.0 HTTP/1.1" 304 -
190.60.254.218 - - [15/Jan/2023:17:29:52 -0500] "GET /sipse/faces/javax.faces.resource/primefaces.js?ln=primefaces&v=4.0 HTTP/1.1" 304 -
190.60.254.218 - - [15/Jan/2023:17:29:52 -0500] "GET /sipse/faces/javax.faces.resource/jquery/jquery-plugins.js?ln=primefaces&v=4.0 HTTP/1.1" 304 -
190.60.254.218 - - [15/Jan/2023:17:29:52 -0500] "GET /sipse/faces/javax.faces.resource/layout/layout.js?ln=primefaces&v=4.0 HTTP/1.1" 304 -
190.60.254.218 - - [15/Jan/2023:17:29:52 -0500] "GET /sipse/css/imagen/contrasena.png HTTP/1.1" 404 383
190.60.254.218 - - [15/Jan/2023:17:29:52 -0500] "GET /sipse/faces/javax.faces.resource/images/ui-icons_898989_256x240.png?ln=primefaces-aristo HTTP/1.1" 304 -
190.60.254.218 - - [15/Jan/2023:17:29:57 -0500] "GET /sipse/faces/javax.faces.resource/images/ui-bg_flat_0_2d5972_40x100.png?ln=primefaces-aristo HTTP/1.1" 304 -
190.60.254.218 - - [15/Jan/2023:17:29:57 -0500] "POST /sipse/faces/presentacion/contratacion/contrato/adicionarSupervisor.xhtml HTTP/1.1" 200 16853
190.60.254.218 - - [15/Jan/2023:17:30:04 -0500] "GET /sipse/faces/javax.faces.resource/theme.css?ln=primefaces-sipse HTTP/1.1" 304 -
190.60.254.218 - - [15/Jan/2023:17:30:04 -0500] "GET /sipse/faces/javax.faces.resource/layout/layout.css?ln=primefaces&v=4.0 HTTP/1.1" 304 -
190.60.254.218 - - [15/Jan/2023:17:30:04 -0500] "GET /sipse/faces/javax.faces.resource/primefaces.js?ln=primefaces&v=4.0 HTTP/1.1" 304 -
190.60.254.218 - - [15/Jan/2023:17:30:04 -0500] "GET /sipse/faces/javax.faces.resource/primefaces.css?ln=primefaces&v=4.0 HTTP/1.1" 304 -
190.60.254.218 - - [15/Jan/2023:17:30:04 -0500] "GET /sipse/faces/javax.faces.resource/jquery/jquery.js?ln=primefaces&v=4.0 HTTP/1.1" 304 -
190.60.254.218 - - [15/Jan/2023:17:30:04 -0500] "GET /sipse/faces/javax.faces.resource/jquery/jquery-plugins.js?ln=primefaces&v=4.0 HTTP/1.1" 304 -
190.60.254.218 - - [15/Jan/2023:17:30:04 -0500] "POST /sipse/faces/presentacion/contratacion/contrato/adicionarSupervisor.xhtml HTTP/1.1" 200 46157
190.60.254.218 - - [15/Jan/2023:17:30:04 -0500] "GET /sipse/faces/javax.faces.resource/layout/layout.js?ln=primefaces&v=4.0 HTTP/1.1" 304 -
190.60.254.218 - - [15/Jan/2023:17:30:04 -0500] "GET /sipse/css/imagen/contrasena.png HTTP/1.1" 404 383
190.60.254.218 - - [15/Jan/2023:17:30:04 -0500] "GET /sipse/faces/javax.faces.resource/images/ui-icons_898989_256x240.png?ln=primefaces-aristo HTTP/1.1" 304 -
190.60.254.218 - - [15/Jan/2023:17:30:07 -0500] "GET /sipse/faces/javax.faces.resource/images/ui-bg_flat_0_2d5972_40x100.png?ln=primefaces-aristo HTTP/1.1" 304 -
190.60.254.218 - - [15/Jan/2023:17:30:07 -0500] "POST /sipse/faces/presentacion/financiero/estudioPrevio/personalSolicitado/expedirExperienciaIdoneidad.xhtml HTTP/1.1" 200 5697
190.60.254.218 - - [15/Jan/2023:17:30:07 -0500] "POST /sipse/faces/presentacion/financiero/estudioPrevio/personalSolicitado/expedirExperienciaIdoneidad.xhtml HTTP/1.1" 200 34521
190.60.254.218 - - [15/Jan/2023:17:30:08 -0500] "GET /sipse/faces/javax.faces.resource/theme.css?ln=primefaces-sipse HTTP/1.1" 304 -
190.60.254.218 - - [15/Jan/2023:17:30:08 -0500] "GET /sipse/faces/javax.faces.resource/primefaces.css?ln=primefaces&v=4.0 HTTP/1.1" 304 -
190.60.254.218 - - [15/Jan/2023:17:30:08 -0500] "GET /sipse/faces/javax.faces.resource/layout/layout.css?ln=primefaces&v=4.0 HTTP/1.1" 304 -
190.60.254.218 - - [15/Jan/2023:17:30:08 -0500] "GET /sipse/faces/javax.faces.resource/jquery/jquery.js?ln=primefaces&v=4.0 HTTP/1.1" 304 -
190.60.254.218 - - [15/Jan/2023:17:30:08 -0500] "GET /sipse/faces/javax.faces.resource/jquery/jquery-plugins.js?ln=primefaces&v=4.0 HTTP/1.1" 304 -
190.60.254.218 - - [15/Jan/2023:17:30:08 -0500] "GET /sipse/faces/javax.faces.resource/primefaces.js?ln=primefaces&v=4.0 HTTP/1.1" 304 -
190.60.254.218 - - [15/Jan/2023:17:30:08 -0500] "GET /sipse/faces/javax.faces.resource/layout/layout.js?ln=primefaces&v=4.0 HTTP/1.1" 304 -
190.60.254.218 - - [15/Jan/2023:17:30:08 -0500] "GET /sipse/css/imagen/contrasena.png HTTP/1.1" 404 383
190.60.254.218 - - [15/Jan/2023:17:30:08 -0500] "GET /sipse/faces/javax.faces.resource/images/ui-icons_898989_256x240.png?ln=primefaces-aristo HTTP/1.1" 304 -
190.60.254.218 - - [15/Jan/2023:17:30:12 -0500] "GET /sipse/faces/javax.faces.resource/images/ui-bg_flat_0_2d5972_40x100.png?ln=primefaces-aristo HTTP/1.1" 304 -
201.245.192.253 - - [15/Jan/2023:17:30:10 -0500] "POST /kwsrmcab/Wsrmcab  HTTP/1.1" 200 43915
190.60.254.218 - - [15/Jan/2023:17:30:12 -0500] "POST /sipse/faces/presentacion/contratacion/procesoContractual/registrarInvitacionContratista.xhtml HTTP/1.1" 200 9693
51.15.164.30 - - [15/Jan/2023:17:30:29 -0500] "HEAD /tasa-retributiva-por-vertimientos-puntuales-al-agua-hasta-el-10-de-febrero-hay-plazo-para-diligenciar-y-enviar-formulario-de-autodeclaracion.html HTTP/1.1" 200 -
190.60.254.218 - - [15/Jan/2023:17:30:30 -0500] "POST /sipse/faces/presentacion/contratacion/procesoContractual/registrarInvitacionContratista.xhtml HTTP/1.1" 200 9255
190.60.254.218 - - [15/Jan/2023:17:30:48 -0500] "POST /sipse/faces/presentacion/contratacion/procesoContractual/registrarInvitacionContratista.xhtml HTTP/1.1" 200 9259
190.60.254.218 - - [15/Jan/2023:17:30:54 -0500] "POST /sipse/faces/presentacion/contratacion/procesoContractual/registrarInvitacionContratista.xhtml HTTP/1.1" 200 2185
190.60.254.218 - - [15/Jan/2023:17:30:54 -0500] "GET /sipse/faces/javax.faces.resource/messages/messages.png?ln=primefaces&v=4.0 HTTP/1.1" 304 -
190.60.254.218 - - [15/Jan/2023:17:31:00 -0500] "POST /sipse/faces/presentacion/contratacion/procesoContractual/registrarInvitacionContratista.xhtml HTTP/1.1" 200 43958
190.60.254.218 - - [15/Jan/2023:17:31:01 -0500] "GET /sipse/faces/javax.faces.resource/theme.css?ln=primefaces-sipse HTTP/1.1" 304 -
190.60.254.218 - - [15/Jan/2023:17:31:01 -0500] "GET /sipse/faces/javax.faces.resource/primefaces.css?ln=primefaces&v=4.0 HTTP/1.1" 304 -
190.60.254.218 - - [15/Jan/2023:17:31:01 -0500] "GET /sipse/faces/javax.faces.resource/jquery/jquery.js?ln=primefaces&v=4.0 HTTP/1.1" 304 -
190.60.254.218 - - [15/Jan/2023:17:31:01 -0500] "GET /sipse/faces/javax.faces.resource/layout/layout.css?ln=primefaces&v=4.0 HTTP/1.1" 304 -
190.60.254.218 - - [15/Jan/2023:17:31:01 -0500] "GET /sipse/faces/javax.faces.resource/jquery/jquery-plugins.js?ln=primefaces&v=4.0 HTTP/1.1" 304 -
