190.26.44.11 - - [15/Jan/2023:12:12:15 -0500] "GET /sipse/faces/javax.faces.resource/primefaces.js?ln=primefaces&v=4.0 HTTP/1.1" 304 -
190.26.44.11 - - [15/Jan/2023:12:12:15 -0500] "GET /sipse/faces/javax.faces.resource/jquery/jquery-plugins.js?ln=primefaces&v=4.0 HTTP/1.1" 304 -
190.26.44.11 - - [15/Jan/2023:12:12:15 -0500] "GET /sipse/faces/javax.faces.resource/jquery/jquery.js?ln=primefaces&v=4.0 HTTP/1.1" 304 -
190.26.44.11 - - [15/Jan/2023:12:12:15 -0500] "GET /sipse/faces/javax.faces.resource/primefaces.css?ln=primefaces&v=4.0 HTTP/1.1" 304 -
190.26.44.11 - - [15/Jan/2023:12:12:15 -0500] "GET /sipse/faces/javax.faces.resource/layout/layout.js?ln=primefaces&v=4.0 HTTP/1.1" 304 -
190.26.44.11 - - [15/Jan/2023:12:12:15 -0500] "GET /sipse/css/imagen/logoSDG.png HTTP/1.1" 304 -
190.26.44.11 - - [15/Jan/2023:12:12:15 -0500] "GET /sipse/css/imagen/loginimg.png HTTP/1.1" 304 -
190.26.44.11 - - [15/Jan/2023:12:12:15 -0500] "GET /sipse/faces/javax.faces.resource/images/ui-icons_898989_256x240.png?ln=primefaces-aristo HTTP/1.1" 304 -
190.26.44.11 - - [15/Jan/2023:12:12:21 -0500] "POST /sipse/faces/autenticacion.xhtml HTTP/1.1" 200 2224
190.26.44.11 - - [15/Jan/2023:12:12:21 -0500] "GET /sipse/faces/javax.faces.resource/messages/messages.png?ln=primefaces&v=4.0 HTTP/1.1" 304 -
190.26.44.11 - - [15/Jan/2023:12:12:22 -0500] "POST /sipse/faces/autenticacion.xhtml HTTP/1.1" 200 16313
190.26.44.11 - - [15/Jan/2023:12:12:23 -0500] "GET /sipse/css/custom_css_sg_prime.css HTTP/1.1" 304 -
190.26.44.11 - - [15/Jan/2023:12:12:23 -0500] "GET /sipse/js/jquery.min.js HTTP/1.1" 304 -
190.26.44.11 - - [15/Jan/2023:12:12:23 -0500] "GET /sipse/faces/javax.faces.resource/jquery/jquery.js?ln=primefaces&v=4.0 HTTP/1.1" 304 -
190.26.44.11 - - [15/Jan/2023:12:12:23 -0500] "GET /sipse/faces/javax.faces.resource/jquery/jquery-plugins.js?ln=primefaces&v=4.0 HTTP/1.1" 304 -
190.26.44.11 - - [15/Jan/2023:12:12:23 -0500] "GET /sipse/faces/javax.faces.resource/primefaces.js?ln=primefaces&v=4.0 HTTP/1.1" 304 -
190.26.44.11 - - [15/Jan/2023:12:12:23 -0500] "GET /sipse/faces/javax.faces.resource/layout/layout.js?ln=primefaces&v=4.0 HTTP/1.1" 304 -
190.26.44.11 - - [15/Jan/2023:12:12:23 -0500] "GET /sipse/imagenes/cargando.gif HTTP/1.1" 304 -
190.26.44.11 - - [15/Jan/2023:12:12:23 -0500] "GET /sipse/imagenes/logoAplicacion.jpg HTTP/1.1" 304 -
190.26.44.11 - - [15/Jan/2023:12:12:23 -0500] "GET /sipse/css/imagen/contrasena.png HTTP/1.1" 404 383
190.26.44.11 - - [15/Jan/2023:12:12:24 -0500] "GET /sipse/faces/javax.faces.resource/images/ui-bg_flat_0_2d5972_40x100.png?ln=primefaces-aristo HTTP/1.1" 304 -
190.26.44.11 - - [15/Jan/2023:12:12:24 -0500] "POST /sipse/faces/bienvenido.xhtml HTTP/1.1" 200 2658
190.26.44.11 - - [15/Jan/2023:12:12:26 -0500] "POST /sipse/faces/bienvenido.xhtml HTTP/1.1" 200 2073
190.26.44.11 - - [15/Jan/2023:12:12:27 -0500] "POST /sipse/faces/bienvenido.xhtml HTTP/1.1" 200 40808
190.26.44.11 - - [15/Jan/2023:12:12:27 -0500] "GET /sipse/faces/javax.faces.resource/jquery/jquery.js?ln=primefaces&v=4.0 HTTP/1.1" 304 -
190.26.44.11 - - [15/Jan/2023:12:12:27 -0500] "GET /sipse/faces/javax.faces.resource/jquery/jquery-plugins.js?ln=primefaces&v=4.0 HTTP/1.1" 304 -
190.26.44.11 - - [15/Jan/2023:12:12:27 -0500] "GET /sipse/faces/javax.faces.resource/primefaces.js?ln=primefaces&v=4.0 HTTP/1.1" 304 -
190.26.44.11 - - [15/Jan/2023:12:12:27 -0500] "GET /sipse/faces/javax.faces.resource/layout/layout.js?ln=primefaces&v=4.0 HTTP/1.1" 304 -
190.26.44.11 - - [15/Jan/2023:12:12:37 -0500] "POST /sipse/faces/presentacion/financiero/solicitudProceso/consultar.xhtml HTTP/1.1" 200 12915
190.26.44.11 - - [15/Jan/2023:12:12:41 -0500] "POST /sipse/faces/presentacion/financiero/solicitudProceso/consultar.xhtml HTTP/1.1" 200 155224
190.26.44.11 - - [15/Jan/2023:12:12:42 -0500] "GET /sipse/faces/javax.faces.resource/jquery/jquery.js?ln=primefaces&v=4.0 HTTP/1.1" 304 -
190.26.44.11 - - [15/Jan/2023:12:12:42 -0500] "GET /sipse/faces/javax.faces.resource/jquery/jquery-plugins.js?ln=primefaces&v=4.0 HTTP/1.1" 304 -
190.26.44.11 - - [15/Jan/2023:12:12:42 -0500] "GET /sipse/faces/javax.faces.resource/primefaces.js?ln=primefaces&v=4.0 HTTP/1.1" 304 -
190.26.44.11 - - [15/Jan/2023:12:12:42 -0500] "GET /sipse/faces/javax.faces.resource/layout/layout.js?ln=primefaces&v=4.0 HTTP/1.1" 304 -
159.69.179.16 - - [15/Jan/2023:12:12:47 -0500] "GET / HTTP/1.1" 200 319
190.26.44.11 - - [15/Jan/2023:12:12:50 -0500] "POST /sipse/faces/presentacion/financiero/solicitudProceso/consultarSolicitudProceso.xhtml HTTP/1.1" 200 5518
172.22.2.4 - - [15/Jan/2023:12:11:21 -0500] "GET /BLA/boletinlegal/ HTTP/1.1" 200 59404
216.245.221.92 - - [15/Jan/2023:12:14:49 -0500] "HEAD / HTTP/1.1" 200 -
201.245.192.253 - - [15/Jan/2023:12:16:22 -0500] "POST /kwsrmcab/Wsrmcab  HTTP/1.1" 200 43915
172.22.2.4 - - [15/Jan/2023:12:16:21 -0500] "HEAD /BLA/boletinlegal/ HTTP/1.1" 200 -
186.102.37.73 - - [15/Jan/2023:12:18:02 -0500] "GET /mesa/contrasena.pdf HTTP/1.1" 200 443199
201.245.192.253 - - [15/Jan/2023:12:18:29 -0500] "POST /kwsrmcab/Wsrmcab HTTP/1.1" 200 41977
201.245.192.253 - - [15/Jan/2023:12:18:32 -0500] "POST /kwsrmcab/Wsrmcab HTTP/1.1" 200 43772
172.22.2.4 - - [15/Jan/2023:12:17:11 -0500] "GET /BLA/boletinlegal/ HTTP/1.1" 200 57824
216.245.221.92 - - [15/Jan/2023:12:19:49 -0500] "HEAD / HTTP/1.1" 200 -
201.245.192.253 - - [15/Jan/2023:12:21:21 -0500] "POST /kwsrmcab/Wsrmcab  HTTP/1.1" 200 43915
3.215.73.24 - - [15/Jan/2023:12:23:37 -0500] "GET /galeria/galeria/fotos/2GuaymaralTorcaG2.jpg HTTP/1.1" 200 28916
172.22.2.4 - - [15/Jan/2023:12:22:11 -0500] "HEAD /BLA/boletinlegal/ HTTP/1.1" 200 -
191.95.53.56 - - [15/Jan/2023:12:24:08 -0500] "GET /galeria/galeria/jquery.fancybox.css?v=2.1.5 HTTP/1.1" 200 4895
167.248.133.119 - - [15/Jan/2023:12:24:11 -0500] "GET / HTTP/1.1" 200 319
167.248.133.119 - - [15/Jan/2023:12:24:11 -0500] "GET / HTTP/1.1" 200 319
167.248.133.119 - - [15/Jan/2023:12:24:11 -0500] "PRI * HTTP/2.0" 400 946
167.248.133.119 - - [15/Jan/2023:12:24:11 -0500] "GET /favicon.ico HTTP/1.1" 200 7782
172.22.2.4 - - [15/Jan/2023:12:23:01 -0500] "GET /BLA/boletinlegal/ HTTP/1.1" 200 57192
216.245.221.92 - - [15/Jan/2023:12:24:49 -0500] "HEAD / HTTP/1.1" 200 -
201.245.192.253 - - [15/Jan/2023:12:26:19 -0500] "POST /kwsrmcab/Wsrmcab  HTTP/1.1" 200 43915
201.245.192.253 - - [15/Jan/2023:12:28:30 -0500] "POST /kwsrmcab/Wsrmcab HTTP/1.1" 200 41977
201.245.192.253 - - [15/Jan/2023:12:28:33 -0500] "POST /kwsrmcab/Wsrmcab HTTP/1.1" 200 43772
40.77.167.40 - - [15/Jan/2023:12:28:38 -0500] "GET /BLA/resoluciones/RESOLUCIONES%202019/0369.pdf HTTP/1.1" 304 -
172.22.2.4 - - [15/Jan/2023:12:28:01 -0500] "HEAD /BLA/boletinlegal/ HTTP/1.1" 200 -
216.245.221.92 - - [15/Jan/2023:12:29:49 -0500] "HEAD / HTTP/1.1" 200 -
172.22.2.4 - - [15/Jan/2023:12:28:51 -0500] "GET /BLA/boletinlegal/ HTTP/1.1" 200 57192
201.245.192.253 - - [15/Jan/2023:12:31:18 -0500] "POST /kwsrmcab/Wsrmcab  HTTP/1.1" 200 43915
66.249.64.216 - - [15/Jan/2023:12:31:46 -0500] "-" 408 -
216.245.221.92 - - [15/Jan/2023:12:34:49 -0500] "HEAD / HTTP/1.1" 200 -
172.22.2.4 - - [15/Jan/2023:12:33:51 -0500] "HEAD /BLA/boletinlegal/ HTTP/1.1" 200 -
201.245.192.253 - - [15/Jan/2023:12:36:17 -0500] "POST /kwsrmcab/Wsrmcab  HTTP/1.1" 200 43915
172.22.2.4 - - [15/Jan/2023:12:34:41 -0500] "GET /BLA/boletinlegal/ HTTP/1.1" 200 56079
40.77.167.59 - - [15/Jan/2023:12:36:23 -0500] "GET /BLA/resoluciones/AUTOS%202014/0171.pdf HTTP/1.1" 304 -
201.245.192.253 - - [15/Jan/2023:12:38:30 -0500] "POST /kwsrmcab/Wsrmcab HTTP/1.1" 200 41977
201.245.192.253 - - [15/Jan/2023:12:38:32 -0500] "POST /kwsrmcab/Wsrmcab HTTP/1.1" 200 43772
216.245.221.92 - - [15/Jan/2023:12:39:49 -0500] "HEAD / HTTP/1.1" 200 -
172.22.2.4 - - [15/Jan/2023:12:39:59 -0500] "GET /BLA/boletinlegal/robots.txt HTTP/1.1" 404 1038
201.245.192.253 - - [15/Jan/2023:12:41:16 -0500] "POST /kwsrmcab/Wsrmcab  HTTP/1.1" 200 43915
172.22.2.4 - - [15/Jan/2023:12:39:41 -0500] "HEAD /BLA/boletinlegal/ HTTP/1.1" 200 -
172.22.2.4 - - [15/Jan/2023:12:40:01 -0500] "GET /BLA/boletinlegal/index.php HTTP/1.1" 200 48283
172.22.2.4 - - [15/Jan/2023:12:40:31 -0500] "GET /BLA/boletinlegal/ HTTP/1.1" 200 50149
66.249.66.87 - - [15/Jan/2023:12:43:44 -0500] "-" 408 -
216.245.221.92 - - [15/Jan/2023:12:44:49 -0500] "HEAD / HTTP/1.1" 200 -
201.245.192.253 - - [15/Jan/2023:12:46:14 -0500] "POST /kwsrmcab/Wsrmcab  HTTP/1.1" 200 43915
40.77.167.70 - - [15/Jan/2023:12:46:46 -0500] "GET / HTTP/1.1" 200 4720
172.22.2.4 - - [15/Jan/2023:12:45:31 -0500] "HEAD /BLA/boletinlegal/ HTTP/1.1" 200 -
172.22.2.4 - - [15/Jan/2023:12:46:21 -0500] "GET /BLA/boletinlegal/ HTTP/1.1" 200 57824
216.245.221.92 - - [15/Jan/2023:12:49:49 -0500] "HEAD / HTTP/1.1" 200 -
201.245.192.253 - - [15/Jan/2023:12:51:14 -0500] "POST /kwsrmcab/Wsrmcab  HTTP/1.1" 200 43915
172.22.2.4 - - [15/Jan/2023:12:51:21 -0500] "HEAD /BLA/boletinlegal/ HTTP/1.1" 200 -
172.22.2.4 - - [15/Jan/2023:12:52:11 -0500] "GET /BLA/boletinlegal/ HTTP/1.1" 200 56474
44.199.216.66 - - [15/Jan/2023:12:53:55 -0500] "GET /galeria/galeria/fotos/2GuaymaralTorcaG2.jpg HTTP/1.1" 200 28916
5.161.145.167 - - [15/Jan/2023:12:54:27 -0500] "GET /BLA/resoluciones/RESOLUCIONES%20CONJUNTAS/Resolucion%20conjunta%20No.%20001-2017.pdf HTTP/1.1" 200 332456
5.161.121.196 - - [15/Jan/2023:12:54:32 -0500] "GET /BLA/resoluciones/RESOLUCIONES%20CONJUNTAS/Resolucion%20conjunta%20No.%20001-2017.pdf HTTP/1.1" 200 332456
216.245.221.92 - - [15/Jan/2023:12:54:49 -0500] "HEAD / HTTP/1.1" 200 -
172.22.2.4 - - [15/Jan/2023:12:54:58 -0500] "GET /BLA/boletinlegal/actos.php HTTP/1.1" 200 9566
172.22.2.4 - - [15/Jan/2023:12:54:59 -0500] "GET /BLA/boletinlegal/favicon.ico HTTP/1.1" 404 1326
161.18.175.182 - - [15/Jan/2023:12:55:00 -0500] "GET /BLA/resoluciones/ HTTP/1.1" 200 13502
161.18.175.182 - - [15/Jan/2023:12:55:15 -0500] "GET /BLA/resoluciones/index.php?dir=AUTOS+2015%2F HTTP/1.1" 200 579441
172.22.2.4 - - [15/Jan/2023:12:54:56 -0500] "GET /BLA/boletinlegal/ HTTP/1.1" 200 24523
201.245.192.253 - - [15/Jan/2023:12:56:13 -0500] "POST /kwsrmcab/Wsrmcab  HTTP/1.1" 200 43915
205.185.118.237 - - [15/Jan/2023:12:56:41 -0500] "POST /boaform/admin/formLogin HTTP/1.1" 404 1186
172.22.2.4 - - [15/Jan/2023:12:57:11 -0500] "HEAD /BLA/boletinlegal/ HTTP/1.1" 200 -
172.22.2.4 - - [15/Jan/2023:12:58:01 -0500] "GET /BLA/boletinlegal/ HTTP/1.1" 200 57824
152.89.196.211 - - [15/Jan/2023:12:59:47 -0500] "-" 408 -
216.245.221.92 - - [15/Jan/2023:12:59:49 -0500] "HEAD / HTTP/1.1" 200 -
66.249.64.216 - - [15/Jan/2023:13:00:46 -0500] "-" 408 -
172.22.2.4 - - [15/Jan/2023:13:00:42 -0500] "GET /BLA/boletinlegal/ HTTP/1.1" 200 20427
201.245.192.253 - - [15/Jan/2023:13:01:12 -0500] "POST /kwsrmcab/Wsrmcab  HTTP/1.1" 200 43915
186.168.251.226 - - [15/Jan/2023:13:01:39 -0500] "GET /kwssiamovil/sm/ldap/au?x=U2FsdGVkX1+eRQOw3TiPwuqvW8/POd2HKiJ3rlCaas3xWQw290weFz4BJ4Us+bJi&y=U2FsdGVkX19/hA6DMzGRYFAhurYxNxvv9WuYQlYoC2nB+PPX6bPHqKYAjAHg5WVn HTTP/1.1" 200 30
186.168.251.226 - - [15/Jan/2023:13:01:40 -0500] "GET /kwssiamovil/sm/acme/s?s=U2FsdGVkX1/liIY53Jz/bTDpnEfFSQxP3HosMHnmcjeupwno7jZqADK3kbh68Wp7Sp13QgWFOB+RKjR1VrKDeWweBME0aIqTRPH+DnMza4g=&u=U2FsdGVkX19+/a+f5mO7kbpfW3vMH8f9r+nrg1Jejgkoe220DdZT7FWzg70GVm1T&y=U2FsdGVkX19/hA6DMzGRYFAhurYxNxvv9WuYQlYoC2nB+PPX6bPHqKYAjAHg5WVn HTTP/1.1" 200 97
186.168.251.226 - - [15/Jan/2023:13:01:40 -0500] "GET /kwssiamovil/sm/acme/s?s=U2FsdGVkX1/wnjbYf4GkM0VWruCo0bVW3pD1KN550UX3c2tNfHSye5erQ8RI8KD6PC3E9RDC1gyKbDV38MY3movCBbmFCKoTs93CWGtEjyZQ670xOnPLHPsmc44GcSaWdDkdk7cQDQ8PBqf1rOHO79cXyCtLSolW5Ru8ZKNo8tfJz4aBPlfxiUZdnlOsIW8kn5YzlzxD9cLsQ7Gp8p0IcILLri2YSBlng/LGvnG11B75mRb4jv01vPwt88GsL2sxirdzT5HJgKRORW4qSLR1/yf/QkxtLqlM9XhSLpi1F9QbVRBXq+PUFmzrE0jgH6eUksNacFNE5yaPy4MyrHPxJ6YOXjFSAt+S131YF+hLB1wdohShzjsb8kximVZ9BfNLr5zvZP0Jy8iQmODnvGEsLIK1GnDzPCtRRUWAUOuLm0/kO6wUa/CtHEvwfdaiWWxcHXaRbd0cHbunyYq7nZTioAkGIL6xFWI6yxYL0Do6VhBJgUkCyuJeBvS4arw7oDtGylleMnRJe45ksISBEpJMTRGPNsguoeBnBLq7pUGpg1g8bWqOoQ6vzIrqC3nQOSes71MybEUTy6d+aRfryaIdd8TH71vH5oSr0e1w6ctweyN22RfedsZhyDHjRSi/ANN1EWD6bva8XS++79jVDIUKuu7TXBWHBv/aHe59uFFo3zuVFHCb6+qzgM6fthaeC0Uuzecp5ISngsQ4YKDVS4vL2S6d7DdymV50fYNFim2Z+hw3EpAOaoaLIf0WccYpeh5ffulvBKeEDMOdX0ea1aaWGUzOPj+9UoOL4CmteoHfqGn2UCADZdZGPf3zslfYye+96IOaFVqPCZPeP5KCEqD6MQQBmBmIhRlQXDffSxFo0u3mLSn3Rw6N/X4JNyqiWZxwIcyDFBmjonwb8NPPHws41EhljNaIWWoGi7AWGGSdTw0Q9tw6Z6aHforRZUjS8t+Mk9zBq8W77UqecjCdl51HkZA6rb0NANT3Krx25i7R1c/GYB/v7rjjT83soqX/uV6pePiUWFETTmfFbKaJ03TeV4idJgRYujHJtxIV8NvMltK/DHPAcThg3hbENQDaQjPTQwEBavT6vQZyKSQ7mOm59yFMC5G55MULRcJCDVLnpMtwYVPNWjwfv7LEKwlN65zx1z5VKsfhtD2Qh1BzaRSqFNuP83t+4obILQnVjAsCLyyIqoQw0rxv3tY5Qy1Adg/lqFmw5OaZd/E64h3QJb7AmRmJ8f8ioS32nxxJQIqKpjR0mdCQ1SJMCzKeuZGhVVcEwsZXkmPlI3FQhP2t4TcHESEbVwp6V74VgWcExWk7cY4x4suelJBQlEWUXwfT+3/QJkghiQeCHs9JzkoA2Ih731NiBsUY+ep6hJvBN93UHY43abyzSjrHYsWDPtxPFtB57XRGEl2JVbiYIeR6n6qIDiu3z5y7r+1ddo9lqtVUg/0=&u=U2FsdGVkX19+/a+f5mO7kbpfW3vMH8f9r+nrg1Jejgkoe220DdZT7FWzg70GVm1T&y=U2FsdGVkX19/hA6DMzGRYFAhurYxNxvv9WuYQlYoC2nB+PPX6bPHqKYAjAHg5WVn HTTP/1.1" 200 343
186.168.251.226 - - [15/Jan/2023:13:01:40 -0500] "GET /kwssiamovil/sm/acme/s?s=U2FsdGVkX1+6Sj7U10dCaa43qpUVui7/OlySR7RIL4uebUozvCy/cGngnNtghYpRyNEiqBLD7qBXXlp7doa1SdmDhwUze8gFpFy3BZ8xojSfzYFUplr3Yjd4/TTg8QLJqqwf0P7hEb/9k3qh0erBPsggtMPMhLsDfSmLs3woGfATjWPTeHlJ8vYpJqXWAcbSHIc5d+SRKe58P+Kpk7CWHgwC31Wv6z+oR6lYg4F8+RcmUzkEK3CrvbXDAJYAAwO0/sRArf4mYg1byjZ/nOTKDsLvJmIigzeGdQqkw7VYsCIwfAVoMYvprelPQ5RbTIW83sE9JpRLXdbafXODVg771coU9rPgAkJsr/DqqnZQHZQ=&u=U2FsdGVkX19+/a+f5mO7kbpfW3vMH8f9r+nrg1Jejgkoe220DdZT7FWzg70GVm1T&y=U2FsdGVkX19/hA6DMzGRYFAhurYxNxvv9WuYQlYoC2nB+PPX6bPHqKYAjAHg5WVn HTTP/1.1" 200 196
186.168.251.226 - - [15/Jan/2023:13:01:40 -0500] "GET /kwssiamovil/sm/cjson/pre?f=1&x=U2FsdGVkX1+eRQOw3TiPwuqvW8/POd2HKiJ3rlCaas3xWQw290weFz4BJ4Us+bJi HTTP/1.1" 200 31032
17.241.219.213 - - [15/Jan/2023:13:01:42 -0500] "-" 408 -
54.179.8.78 - - [15/Jan/2023:13:01:43 -0500] "-" 408 -
172.22.2.4 - - [15/Jan/2023:13:00:16 -0500] "HEAD /BLA/boletinlegal/ HTTP/1.1" 200 -
172.22.2.4 - - [15/Jan/2023:13:03:01 -0500] "HEAD /BLA/boletinlegal/ HTTP/1.1" 200 -
216.245.221.92 - - [15/Jan/2023:13:04:49 -0500] "HEAD / HTTP/1.1" 200 -
173.252.111.15 - - [15/Jan/2023:13:05:15 -0500] "GET /mas-de-570-llantas-fueron-recolectadas-en-la-llantaton-de-bosa.html HTTP/1.1" 206 907
172.22.2.4 - - [15/Jan/2023:13:03:51 -0500] "GET /BLA/boletinlegal/ HTTP/1.1" 200 59404
201.245.192.253 - - [15/Jan/2023:13:06:10 -0500] "POST /kwsrmcab/Wsrmcab  HTTP/1.1" 200 43915
45.33.102.90 - - [15/Jan/2023:13:06:22 -0500] "GET /portaldeninos/ HTTP/1.1" 200 110197
40.77.167.59 - - [15/Jan/2023:13:06:25 -0500] "GET /BLA/resoluciones/AUTOS%202014/1565.pdf HTTP/1.1" 304 -
216.245.221.92 - - [15/Jan/2023:13:09:49 -0500] "HEAD / HTTP/1.1" 200 -
172.22.2.4 - - [15/Jan/2023:13:08:51 -0500] "HEAD /BLA/boletinlegal/ HTTP/1.1" 200 -
40.77.167.59 - - [15/Jan/2023:13:11:05 -0500] "GET /BLA/resoluciones/AUTOS%202021/0323.pdf HTTP/1.1" 304 -
201.245.192.253 - - [15/Jan/2023:13:11:10 -0500] "POST /kwsrmcab/Wsrmcab  HTTP/1.1" 200 43915
172.22.2.4 - - [15/Jan/2023:13:09:41 -0500] "GET /BLA/boletinlegal/ HTTP/1.1" 200 59404
216.245.221.92 - - [15/Jan/2023:13:14:49 -0500] "HEAD / HTTP/1.1" 200 -
201.245.192.253 - - [15/Jan/2023:13:16:08 -0500] "POST /kwsrmcab/Wsrmcab  HTTP/1.1" 200 43915
172.22.2.4 - - [15/Jan/2023:13:14:41 -0500] "HEAD /BLA/boletinlegal/ HTTP/1.1" 200 -
66.249.70.123 - - [15/Jan/2023:13:16:46 -0500] "-" 408 -
172.22.2.4 - - [15/Jan/2023:13:15:31 -0500] "GET /BLA/boletinlegal/ HTTP/1.1" 200 59404
172.22.2.4 - - [15/Jan/2023:13:18:03 -0500] "GET /BLA/boletinlegal/Directivas/2013/Directiva%20No.%202%20del%2004%20de%20Abril%20de%202013.pdf HTTP/1.1" 304 -
201.245.192.253 - - [15/Jan/2023:13:18:30 -0500] "POST /kwsrmcab/Wsrmcab HTTP/1.1" 200 42566
201.245.192.253 - - [15/Jan/2023:13:18:33 -0500] "POST /kwsrmcab/Wsrmcab HTTP/1.1" 200 43770
216.245.221.92 - - [15/Jan/2023:13:19:49 -0500] "HEAD / HTTP/1.1" 200 -
201.245.192.253 - - [15/Jan/2023:13:21:07 -0500] "POST /kwsrmcab/Wsrmcab  HTTP/1.1" 200 43915
172.22.2.4 - - [15/Jan/2023:13:20:31 -0500] "HEAD /BLA/boletinlegal/ HTTP/1.1" 200 -
172.22.2.4 - - [15/Jan/2023:13:21:21 -0500] "GET /BLA/boletinlegal/ HTTP/1.1" 200 57192
216.245.221.92 - - [15/Jan/2023:13:24:49 -0500] "HEAD / HTTP/1.1" 200 -
40.77.167.86 - - [15/Jan/2023:13:25:17 -0500] "-" 408 -
201.245.192.253 - - [15/Jan/2023:13:26:06 -0500] "POST /kwsrmcab/Wsrmcab  HTTP/1.1" 200 43915
157.55.39.201 - - [15/Jan/2023:13:26:24 -0500] "GET /BLA/resoluciones/index.php?dir=AUTOS+2019%2F HTTP/1.1" 200 358631
172.22.2.4 - - [15/Jan/2023:13:26:21 -0500] "HEAD /BLA/boletinlegal/ HTTP/1.1" 200 -
201.245.192.253 - - [15/Jan/2023:13:28:30 -0500] "POST /kwsrmcab/Wsrmcab HTTP/1.1" 200 42566
201.245.192.253 - - [15/Jan/2023:13:28:33 -0500] "POST /kwsrmcab/Wsrmcab HTTP/1.1" 200 43770
172.22.2.4 - - [15/Jan/2023:13:27:11 -0500] "GET /BLA/boletinlegal/ HTTP/1.1" 200 57192
152.89.196.211 - - [15/Jan/2023:13:29:29 -0500] "GET /actuator/gateway/routes HTTP/1.1" 404 1018
186.102.63.231 - - [15/Jan/2023:13:29:40 -0500] "GET /galeria/galeria/jquery.fancybox.css?v=2.1.5 HTTP/1.1" 200 4895
186.102.63.231 - - [15/Jan/2023:13:29:40 -0500] "GET /galeria/galeria/jquery.fancybox.js?v=2.1.5 HTTP/1.1" 200 48706
186.102.63.231 - - [15/Jan/2023:13:29:40 -0500] "GET /BLA/boletinlegal/js/jquery.scrollShow.js HTTP/1.1" 200 4586
216.245.221.92 - - [15/Jan/2023:13:29:48 -0500] "HEAD / HTTP/1.1" 200 -
201.245.192.253 - - [15/Jan/2023:13:31:05 -0500] "POST /kwsrmcab/Wsrmcab  HTTP/1.1" 200 43915
172.22.2.4 - - [15/Jan/2023:13:32:11 -0500] "HEAD /BLA/boletinlegal/ HTTP/1.1" 200 -
172.22.2.4 - - [15/Jan/2023:13:33:01 -0500] "GET /BLA/boletinlegal/ HTTP/1.1" 200 57824
216.245.221.92 - - [15/Jan/2023:13:34:48 -0500] "HEAD / HTTP/1.1" 200 -
172.22.2.4 - - [15/Jan/2023:13:35:58 -0500] "GET /BLA/boletinlegal/favicon.ico HTTP/1.1" 404 1018
201.245.192.253 - - [15/Jan/2023:13:36:04 -0500] "POST /kwsrmcab/Wsrmcab  HTTP/1.1" 200 43915
172.22.2.4 - - [15/Jan/2023:13:35:42 -0500] "GET /BLA/boletinlegal/ HTTP/1.1" 200 32715
181.53.14.162 - - [15/Jan/2023:13:37:39 -0500] "GET /BLA/resoluciones/ HTTP/1.1" 200 13502
181.53.14.162 - - [15/Jan/2023:13:37:39 -0500] "GET /BLA/resoluciones/dlf/styles.css HTTP/1.1" 200 3049
181.53.14.162 - - [15/Jan/2023:13:37:39 -0500] "GET /BLA/resoluciones/dlf/folder.png HTTP/1.1" 200 410
181.53.14.162 - - [15/Jan/2023:13:37:39 -0500] "GET /BLA/resoluciones/dlf/bg.gif HTTP/1.1" 200 54
181.53.14.162 - - [15/Jan/2023:13:37:42 -0500] "GET /BLA/resoluciones/dlf/dirup.png HTTP/1.1" 200 644
181.53.14.162 - - [15/Jan/2023:13:37:42 -0500] "GET /BLA/resoluciones/dlf/pdf.gif HTTP/1.1" 200 272
181.53.14.162 - - [15/Jan/2023:13:37:41 -0500] "GET /BLA/resoluciones/index.php?dir=RESOLUCIONES+2013%2F HTTP/1.1" 200 238278
181.53.14.162 - - [15/Jan/2023:13:37:42 -0500] "GET /BLA/resoluciones/dlf/doc.gif HTTP/1.1" 200 1079
201.245.192.253 - - [15/Jan/2023:13:38:29 -0500] "POST /kwsrmcab/Wsrmcab HTTP/1.1" 200 42566
201.245.192.253 - - [15/Jan/2023:13:38:32 -0500] "POST /kwsrmcab/Wsrmcab HTTP/1.1" 200 43770
172.22.2.4 - - [15/Jan/2023:13:38:01 -0500] "HEAD /BLA/boletinlegal/ HTTP/1.1" 200 -
216.245.221.92 - - [15/Jan/2023:13:39:48 -0500] "HEAD / HTTP/1.1" 200 -
172.22.2.4 - - [15/Jan/2023:13:38:51 -0500] "GET /BLA/boletinlegal/ HTTP/1.1" 200 59404
201.245.192.253 - - [15/Jan/2023:13:41:03 -0500] "POST /kwsrmcab/Wsrmcab  HTTP/1.1" 200 43915
172.22.2.4 - - [15/Jan/2023:13:42:06 -0500] "GET /BLA/boletinlegal/ HTTP/1.1" 200 36811
23.100.232.233 - - [15/Jan/2023:13:43:22 -0500] "GET /bla/resoluciones/resoluciones%202014/1360.pdf HTTP/1.1" 200 428711
216.245.221.92 - - [15/Jan/2023:13:44:48 -0500] "HEAD / HTTP/1.1" 200 -
172.22.2.4 - - [15/Jan/2023:13:43:51 -0500] "HEAD /BLA/boletinlegal/ HTTP/1.1" 200 -
201.245.192.253 - - [15/Jan/2023:13:46:02 -0500] "POST /kwsrmcab/Wsrmcab  HTTP/1.1" 200 43915
172.22.2.4 - - [15/Jan/2023:13:44:41 -0500] "GET /BLA/boletinlegal/ HTTP/1.1" 200 57192
216.245.221.92 - - [15/Jan/2023:13:49:48 -0500] "HEAD / HTTP/1.1" 200 -
201.245.192.253 - - [15/Jan/2023:13:51:01 -0500] "POST /kwsrmcab/Wsrmcab  HTTP/1.1" 200 43915
172.22.2.4 - - [15/Jan/2023:13:49:41 -0500] "HEAD /BLA/boletinlegal/ HTTP/1.1" 200 -
201.245.192.253 - - [15/Jan/2023:13:51:33 -0500] "GET /sipse/faces/javax.faces.resource/theme.css?ln=primefaces-sipse HTTP/1.1" 304 -
201.245.192.253 - - [15/Jan/2023:13:51:33 -0500] "GET /sipse/faces/faces/autenticacion.xhtml HTTP/1.1" 200 12185
201.245.192.253 - - [15/Jan/2023:13:51:33 -0500] "GET /sipse/faces/javax.faces.resource/theme.css?ln=primefaces-sipse HTTP/1.1" 304 -
201.245.192.253 - - [15/Jan/2023:13:51:33 -0500] "GET /sipse/faces/javax.faces.resource/primefaces.css?ln=primefaces&v=4.0 HTTP/1.1" 304 -
201.245.192.253 - - [15/Jan/2023:13:51:33 -0500] "GET /sipse/faces/javax.faces.resource/layout/layout.css?ln=primefaces&v=4.0 HTTP/1.1" 304 -
201.245.192.253 - - [15/Jan/2023:13:51:33 -0500] "GET /sipse/faces/javax.faces.resource/jquery/jquery.js?ln=primefaces&v=4.0 HTTP/1.1" 304 -
201.245.192.253 - - [15/Jan/2023:13:51:33 -0500] "GET /sipse/faces/javax.faces.resource/jquery/jquery-plugins.js?ln=primefaces&v=4.0 HTTP/1.1" 304 -
201.245.192.253 - - [15/Jan/2023:13:51:33 -0500] "GET /sipse/faces/javax.faces.resource/primefaces.js?ln=primefaces&v=4.0 HTTP/1.1" 304 -
201.245.192.253 - - [15/Jan/2023:13:51:33 -0500] "GET /sipse/faces/javax.faces.resource/layout/layout.js?ln=primefaces&v=4.0 HTTP/1.1" 304 -
201.245.192.253 - - [15/Jan/2023:13:51:33 -0500] "GET /sipse/faces/javax.faces.resource/images/ui-icons_898989_256x240.png?ln=primefaces-aristo HTTP/1.1" 304 -
69.171.231.4 - - [15/Jan/2023:13:51:44 -0500] "GET /images/vertimiento-Comprimida%20(1).png HTTP/1.1" 200 22870
80.85.241.15 - - [15/Jan/2023:13:51:52 -0500] "\x16\x03\x01" 400 226
80.85.241.15 - - [15/Jan/2023:13:51:52 -0500] "GET /phpmyadmin/index.php HTTP/1.1" 403 1165
172.22.2.4 - - [15/Jan/2023:13:50:31 -0500] "GET /BLA/boletinlegal/ HTTP/1.1" 200 57192
216.245.221.92 - - [15/Jan/2023:13:54:48 -0500] "HEAD / HTTP/1.1" 200 -
172.22.2.4 - - [15/Jan/2023:13:55:36 -0500] "GET /BLA/boletinlegal/Directivas/2014/Directiva%20No.%202%20del%205%20de%20Mayo%20de%202014.pdf HTTP/1.1" 200 591315
201.245.192.253 - - [15/Jan/2023:13:56:00 -0500] "POST /kwsrmcab/Wsrmcab  HTTP/1.1" 200 43915
173.252.111.18 - - [15/Jan/2023:13:56:55 -0500] "GET /images/Aire%20Reyes%20(1)%20(1).jpeg HTTP/1.1" 200 59709
172.22.2.4 - - [15/Jan/2023:13:55:31 -0500] "HEAD /BLA/boletinlegal/ HTTP/1.1" 200 -
172.22.2.4 - - [15/Jan/2023:13:56:21 -0500] "GET /BLA/boletinlegal/ HTTP/1.1" 200 57192
200.118.62.153 - - [15/Jan/2023:13:59:10 -0500] "GET /galeria/galeria/jquery.fancybox.css?v=2.1.5 HTTP/1.1" 200 4895
200.118.62.153 - - [15/Jan/2023:13:59:10 -0500] "GET /BLA/boletinlegal/js/jquery.scrollShow.js HTTP/1.1" 200 4586
200.118.62.153 - - [15/Jan/2023:13:59:10 -0500] "GET /galeria/galeria/jquery.fancybox.js?v=2.1.5 HTTP/1.1" 200 48706
216.245.221.92 - - [15/Jan/2023:13:59:48 -0500] "HEAD / HTTP/1.1" 200 -
201.245.192.253 - - [15/Jan/2023:14:00:59 -0500] "POST /kwsrmcab/Wsrmcab  HTTP/1.1" 200 43915
172.22.2.4 - - [15/Jan/2023:14:01:21 -0500] "HEAD /BLA/boletinlegal/ HTTP/1.1" 200 -
172.22.2.4 - - [15/Jan/2023:14:02:11 -0500] "GET /BLA/boletinlegal/ HTTP/1.1" 200 57824
216.245.221.92 - - [15/Jan/2023:14:04:48 -0500] "HEAD / HTTP/1.1" 200 -
201.245.192.253 - - [15/Jan/2023:14:05:57 -0500] "POST /kwsrmcab/Wsrmcab  HTTP/1.1" 200 43915
40.77.167.40 - - [15/Jan/2023:14:06:37 -0500] "GET /BLA/boletinlegal/Circulares/2013/Circular%20No.%201%20del%2014%20de%20enero%20de%202013.pdf HTTP/1.1" 304 -
172.22.2.4 - - [15/Jan/2023:14:07:10 -0500] "HEAD /BLA/boletinlegal/ HTTP/1.1" 200 -
172.22.2.4 - - [15/Jan/2023:14:08:01 -0500] "GET /BLA/boletinlegal/ HTTP/1.1" 200 57192
216.245.221.92 - - [15/Jan/2023:14:09:48 -0500] "HEAD / HTTP/1.1" 200 -
190.60.254.218 - - [15/Jan/2023:14:10:10 -0500] "GET /sipse/faces/index.xhtml HTTP/1.1" 200 677
190.60.254.218 - - [15/Jan/2023:14:10:13 -0500] "GET /sipse/faces/javax.faces.resource/theme.css?ln=primefaces-sipse HTTP/1.1" 304 -
190.60.254.218 - - [15/Jan/2023:14:10:14 -0500] "GET /sipse/faces/faces/autenticacion.xhtml HTTP/1.1" 200 12179
190.60.254.218 - - [15/Jan/2023:14:10:14 -0500] "GET /sipse/faces/javax.faces.resource/theme.css?ln=primefaces-sipse HTTP/1.1" 304 -
190.60.254.218 - - [15/Jan/2023:14:10:14 -0500] "GET /sipse/faces/javax.faces.resource/primefaces.css?ln=primefaces&v=4.0 HTTP/1.1" 304 -
190.60.254.218 - - [15/Jan/2023:14:10:14 -0500] "GET /sipse/faces/javax.faces.resource/layout/layout.css?ln=primefaces&v=4.0 HTTP/1.1" 304 -
190.60.254.218 - - [15/Jan/2023:14:10:14 -0500] "GET /sipse/faces/javax.faces.resource/primefaces.js?ln=primefaces&v=4.0 HTTP/1.1" 304 -
190.60.254.218 - - [15/Jan/2023:14:10:14 -0500] "GET /sipse/faces/javax.faces.resource/jquery/jquery.js?ln=primefaces&v=4.0 HTTP/1.1" 304 -
190.60.254.218 - - [15/Jan/2023:14:10:14 -0500] "GET /sipse/faces/javax.faces.resource/jquery/jquery-plugins.js?ln=primefaces&v=4.0 HTTP/1.1" 304 -
190.60.254.218 - - [15/Jan/2023:14:10:14 -0500] "GET /sipse/faces/javax.faces.resource/layout/layout.js?ln=primefaces&v=4.0 HTTP/1.1" 304 -
190.60.254.218 - - [15/Jan/2023:14:10:15 -0500] "GET /sipse/faces/javax.faces.resource/images/ui-icons_898989_256x240.png?ln=primefaces-aristo HTTP/1.1" 304 -
190.60.254.218 - - [15/Jan/2023:14:10:27 -0500] "POST /sipse/faces/autenticacion.xhtml HTTP/1.1" 200 2228
190.60.254.218 - - [15/Jan/2023:14:10:28 -0500] "GET /sipse/faces/javax.faces.resource/messages/messages.png?ln=primefaces&v=4.0 HTTP/1.1" 304 -
190.24.126.85 - - [15/Jan/2023:14:10:31 -0500] "GET /galeria/galeria/jquery.fancybox.css?v=2.1.5 HTTP/1.1" 200 4895
190.60.254.218 - - [15/Jan/2023:14:10:31 -0500] "POST /sipse/faces/autenticacion.xhtml HTTP/1.1" 200 16282
190.60.254.218 - - [15/Jan/2023:14:10:31 -0500] "GET /sipse/faces/javax.faces.resource/theme.css?ln=primefaces-sipse HTTP/1.1" 304 -
190.60.254.218 - - [15/Jan/2023:14:10:31 -0500] "GET /sipse/faces/javax.faces.resource/primefaces.css?ln=primefaces&v=4.0 HTTP/1.1" 304 -
190.60.254.218 - - [15/Jan/2023:14:10:31 -0500] "GET /sipse/faces/javax.faces.resource/layout/layout.css?ln=primefaces&v=4.0 HTTP/1.1" 304 -
190.60.254.218 - - [15/Jan/2023:14:10:32 -0500] "GET /sipse/faces/javax.faces.resource/jquery/jquery.js?ln=primefaces&v=4.0 HTTP/1.1" 304 -
190.60.254.218 - - [15/Jan/2023:14:10:32 -0500] "GET /sipse/faces/javax.faces.resource/jquery/jquery-plugins.js?ln=primefaces&v=4.0 HTTP/1.1" 304 -
190.60.254.218 - - [15/Jan/2023:14:10:32 -0500] "GET /sipse/faces/javax.faces.resource/primefaces.js?ln=primefaces&v=4.0 HTTP/1.1" 304 -
190.60.254.218 - - [15/Jan/2023:14:10:32 -0500] "GET /sipse/faces/javax.faces.resource/layout/layout.js?ln=primefaces&v=4.0 HTTP/1.1" 304 -
190.60.254.218 - - [15/Jan/2023:14:10:32 -0500] "GET /sipse/css/imagen/contrasena.png HTTP/1.1" 404 383
190.60.254.218 - - [15/Jan/2023:14:10:37 -0500] "GET /sipse/faces/javax.faces.resource/images/ui-bg_flat_0_2d5972_40x100.png?ln=primefaces-aristo HTTP/1.1" 304 -
190.60.254.218 - - [15/Jan/2023:14:10:37 -0500] "POST /sipse/faces/bienvenido.xhtml HTTP/1.1" 200 2658
190.60.254.218 - - [15/Jan/2023:14:10:41 -0500] "POST /sipse/faces/bienvenido.xhtml HTTP/1.1" 200 65830
190.60.254.218 - - [15/Jan/2023:14:10:42 -0500] "GET /sipse/faces/javax.faces.resource/theme.css?ln=primefaces-sipse HTTP/1.1" 304 -
190.60.254.218 - - [15/Jan/2023:14:10:42 -0500] "GET /sipse/faces/javax.faces.resource/primefaces.css?ln=primefaces&v=4.0 HTTP/1.1" 304 -
190.60.254.218 - - [15/Jan/2023:14:10:42 -0500] "GET /sipse/faces/javax.faces.resource/jquery/jquery.js?ln=primefaces&v=4.0 HTTP/1.1" 304 -
190.60.254.218 - - [15/Jan/2023:14:10:42 -0500] "GET /sipse/faces/javax.faces.resource/layout/layout.css?ln=primefaces&v=4.0 HTTP/1.1" 304 -
190.60.254.218 - - [15/Jan/2023:14:10:43 -0500] "GET /sipse/faces/javax.faces.resource/jquery/jquery-plugins.js?ln=primefaces&v=4.0 HTTP/1.1" 304 -
190.60.254.218 - - [15/Jan/2023:14:10:43 -0500] "GET /sipse/faces/javax.faces.resource/primefaces.js?ln=primefaces&v=4.0 HTTP/1.1" 304 -
190.60.254.218 - - [15/Jan/2023:14:10:43 -0500] "GET /sipse/faces/javax.faces.resource/layout/layout.js?ln=primefaces&v=4.0 HTTP/1.1" 304 -
190.60.254.218 - - [15/Jan/2023:14:10:44 -0500] "POST /sipse/faces/presentacion/financiero/solicitudProceso/listarSolicitudProceso.xhtml HTTP/1.1" 200 1560
190.60.254.218 - - [15/Jan/2023:14:10:51 -0500] "POST /sipse/faces/presentacion/financiero/solicitudProceso/listarSolicitudProceso.xhtml HTTP/1.1" 200 2845
190.60.254.218 - - [15/Jan/2023:14:10:55 -0500] "POST /sipse/faces/presentacion/financiero/solicitudProceso/listarSolicitudProceso.xhtml HTTP/1.1" 200 40777
190.60.254.218 - - [15/Jan/2023:14:10:55 -0500] "GET /sipse/faces/javax.faces.resource/theme.css?ln=primefaces-sipse HTTP/1.1" 304 -
190.60.254.218 - - [15/Jan/2023:14:10:55 -0500] "GET /sipse/faces/javax.faces.resource/primefaces.css?ln=primefaces&v=4.0 HTTP/1.1" 304 -
190.60.254.218 - - [15/Jan/2023:14:10:55 -0500] "GET /sipse/faces/javax.faces.resource/layout/layout.css?ln=primefaces&v=4.0 HTTP/1.1" 304 -
190.60.254.218 - - [15/Jan/2023:14:10:56 -0500] "GET /sipse/faces/javax.faces.resource/jquery/jquery.js?ln=primefaces&v=4.0 HTTP/1.1" 304 -
190.60.254.218 - - [15/Jan/2023:14:10:56 -0500] "GET /sipse/faces/javax.faces.resource/jquery/jquery-plugins.js?ln=primefaces&v=4.0 HTTP/1.1" 304 -
190.60.254.218 - - [15/Jan/2023:14:10:56 -0500] "GET /sipse/faces/javax.faces.resource/primefaces.js?ln=primefaces&v=4.0 HTTP/1.1" 304 -
190.60.254.218 - - [15/Jan/2023:14:10:56 -0500] "GET /sipse/faces/javax.faces.resource/layout/layout.js?ln=primefaces&v=4.0 HTTP/1.1" 304 -
190.60.254.218 - - [15/Jan/2023:14:10:56 -0500] "POST /sipse/faces/presentacion/financiero/solicitudProceso/consultar.xhtml HTTP/1.1" 200 34149
201.245.192.253 - - [15/Jan/2023:14:10:56 -0500] "POST /kwsrmcab/Wsrmcab  HTTP/1.1" 200 43915
190.60.254.218 - - [15/Jan/2023:14:11:26 -0500] "POST /sipse/faces/presentacion/financiero/solicitudProceso/consultar.xhtml HTTP/1.1" 200 12786
179.19.12.96 - - [15/Jan/2023:14:11:57 -0500] "GET /appsia/controlador HTTP/1.1" 200 4799
179.19.12.96 - - [15/Jan/2023:14:11:58 -0500] "GET /appsia/css/estilos.css HTTP/1.1" 200 4804
179.19.12.96 - - [15/Jan/2023:14:11:58 -0500] "GET /appsia/scripts/validarIngreso.js HTTP/1.1" 200 851
179.19.12.96 - - [15/Jan/2023:14:11:58 -0500] "GET /appsia/images/cabezoteHojaVida.png HTTP/1.1" 200 32493
179.19.12.96 - - [15/Jan/2023:14:11:58 -0500] "GET /appsia/images/logo_bogota_p.png HTTP/1.1" 200 14951
179.19.12.96 - - [15/Jan/2023:14:12:03 -0500] "GET /favicon.ico HTTP/1.1" 200 7782
179.19.12.96 - - [15/Jan/2023:14:12:11 -0500] "POST /appsia/controlador HTTP/1.1" 200 3600
179.19.12.96 - - [15/Jan/2023:14:12:12 -0500] "GET /appsia/jscripts/validarSolicitud.js HTTP/1.1" 404 68
179.19.12.96 - - [15/Jan/2023:14:12:14 -0500] "POST /appsia/controlador HTTP/1.1" 200 4799
179.19.12.96 - - [15/Jan/2023:14:12:46 -0500] "POST /appsia/controlador HTTP/1.1" 200 3600
179.19.12.96 - - [15/Jan/2023:14:12:46 -0500] "GET /appsia/jscripts/validarSolicitud.js HTTP/1.1" 404 68
190.60.254.218 - - [15/Jan/2023:14:13:03 -0500] "POST /sipse/faces/presentacion/financiero/solicitudProceso/consultar.xhtml HTTP/1.1" 200 125391
190.60.254.218 - - [15/Jan/2023:14:13:04 -0500] "GET /sipse/faces/javax.faces.resource/theme.css?ln=primefaces-sipse HTTP/1.1" 304 -
190.60.254.218 - - [15/Jan/2023:14:13:05 -0500] "GET /sipse/faces/javax.faces.resource/jquery/jquery.js?ln=primefaces&v=4.0 HTTP/1.1" 304 -
190.60.254.218 - - [15/Jan/2023:14:13:05 -0500] "GET /sipse/faces/javax.faces.resource/primefaces.css?ln=primefaces&v=4.0 HTTP/1.1" 304 -
190.60.254.218 - - [15/Jan/2023:14:13:05 -0500] "GET /sipse/faces/javax.faces.resource/layout/layout.css?ln=primefaces&v=4.0 HTTP/1.1" 304 -
190.60.254.218 - - [15/Jan/2023:14:13:05 -0500] "GET /sipse/faces/javax.faces.resource/jquery/jquery-plugins.js?ln=primefaces&v=4.0 HTTP/1.1" 304 -
190.60.254.218 - - [15/Jan/2023:14:13:05 -0500] "GET /sipse/faces/javax.faces.resource/primefaces.js?ln=primefaces&v=4.0 HTTP/1.1" 304 -
190.60.254.218 - - [15/Jan/2023:14:13:05 -0500] "GET /sipse/faces/javax.faces.resource/layout/layout.js?ln=primefaces&v=4.0 HTTP/1.1" 304 -
173.252.79.20 - - [15/Jan/2023:14:13:45 -0500] "GET /images/reunion-planta-termovalorizacion-11-mayo.jpg HTTP/1.1" 200 34782
179.19.12.96 - - [15/Jan/2023:14:13:51 -0500] "POST /appsia/controlador HTTP/1.1" 200 4799
179.19.12.96 - - [15/Jan/2023:14:14:07 -0500] "POST /appsia/controlador HTTP/1.1" 200 4621
184.168.127.57 - - [15/Jan/2023:14:14:11 -0500] "GET / HTTP/1.0" 200 319
179.19.12.96 - - [15/Jan/2023:14:14:16 -0500] "POST /appsia/controlador HTTP/1.1" 200 7726
179.19.12.96 - - [15/Jan/2023:14:14:17 -0500] "GET /appsia/images/logo_escudo.png HTTP/1.1" 200 36965
172.22.2.4 - - [15/Jan/2023:14:13:01 -0500] "HEAD /BLA/boletinlegal/ HTTP/1.1" 200 -
216.245.221.92 - - [15/Jan/2023:14:14:48 -0500] "HEAD / HTTP/1.1" 200 -
172.22.2.4 - - [15/Jan/2023:14:13:51 -0500] "GET /BLA/boletinlegal/ HTTP/1.1" 200 56474
201.245.192.253 - - [15/Jan/2023:14:15:54 -0500] "POST /kwsrmcab/Wsrmcab  HTTP/1.1" 200 43915
181.56.171.197 - - [15/Jan/2023:14:16:02 -0500] "GET /sipse/faces/index.xhtml HTTP/1.1" 200 677
181.56.171.197 - - [15/Jan/2023:14:16:02 -0500] "GET /sipse/faces/javax.faces.resource/theme.css?ln=primefaces-sipse HTTP/1.1" 200 50058
181.56.171.197 - - [15/Jan/2023:14:16:03 -0500] "GET /sipse/faces/faces/autenticacion.xhtml HTTP/1.1" 200 12179
181.56.171.197 - - [15/Jan/2023:14:16:03 -0500] "GET /favicon.ico HTTP/1.1" 200 7782
181.56.171.197 - - [15/Jan/2023:14:16:03 -0500] "GET /sipse/js/disable_browser_buttons.js HTTP/1.1" 200 3230
181.56.171.197 - - [15/Jan/2023:14:16:03 -0500] "GET /sipse/js/funciones.js HTTP/1.1" 200 12592
181.56.171.197 - - [15/Jan/2023:14:16:03 -0500] "GET /sipse/css/custom_css_sg.css HTTP/1.1" 200 9694
181.56.171.197 - - [15/Jan/2023:14:16:03 -0500] "GET /sipse/faces/javax.faces.resource/theme.css?ln=primefaces-sipse HTTP/1.1" 304 -
181.56.171.197 - - [15/Jan/2023:14:16:03 -0500] "GET /sipse/css/custom_css_sg_prime_login.css HTTP/1.1" 200 443
181.56.171.197 - - [15/Jan/2023:14:16:03 -0500] "GET /sipse/faces/javax.faces.resource/layout/layout.css?ln=primefaces&v=4.0 HTTP/1.1" 200 542
181.56.171.197 - - [15/Jan/2023:14:16:03 -0500] "GET /sipse/faces/javax.faces.resource/primefaces.css?ln=primefaces&v=4.0 HTTP/1.1" 200 53295
181.56.171.197 - - [15/Jan/2023:14:16:03 -0500] "GET /sipse/faces/javax.faces.resource/jquery/jquery.js?ln=primefaces&v=4.0 HTTP/1.1" 200 105384
181.56.171.197 - - [15/Jan/2023:14:16:03 -0500] "GET /sipse/faces/javax.faces.resource/layout/layout.js?ln=primefaces&v=4.0 HTTP/1.1" 200 87560
181.56.171.197 - - [15/Jan/2023:14:16:03 -0500] "GET /sipse/faces/javax.faces.resource/jquery/jquery-plugins.js?ln=primefaces&v=4.0 HTTP/1.1" 200 220526
181.56.171.197 - - [15/Jan/2023:14:16:03 -0500] "GET /sipse/faces/javax.faces.resource/primefaces.js?ln=primefaces&v=4.0 HTTP/1.1" 200 276924
181.56.171.197 - - [15/Jan/2023:14:16:03 -0500] "GET /sipse/faces/javax.faces.resource/images/ui-icons_898989_256x240.png?ln=primefaces-aristo HTTP/1.1" 200 5355
181.56.171.197 - - [15/Jan/2023:14:16:03 -0500] "GET /sipse/css/imagen/logoSDG.png HTTP/1.1" 200 53064
181.56.171.197 - - [15/Jan/2023:14:16:03 -0500] "GET /sipse/css/imagen/loginimg.png HTTP/1.1" 200 71635
181.56.171.197 - - [15/Jan/2023:14:16:13 -0500] "POST /sipse/faces/autenticacion.xhtml HTTP/1.1" 200 2228
181.56.171.197 - - [15/Jan/2023:14:16:14 -0500] "GET /sipse/faces/javax.faces.resource/messages/messages.png?ln=primefaces&v=4.0 HTTP/1.1" 200 27209
181.56.171.197 - - [15/Jan/2023:14:16:15 -0500] "POST /sipse/faces/autenticacion.xhtml HTTP/1.1" 200 16292
181.56.171.197 - - [15/Jan/2023:14:16:15 -0500] "GET /sipse/css/custom_css_sg_prime.css HTTP/1.1" 200 5201
181.56.171.197 - - [15/Jan/2023:14:16:15 -0500] "GET /sipse/faces/javax.faces.resource/theme.css?ln=primefaces-sipse HTTP/1.1" 304 -
181.56.171.197 - - [15/Jan/2023:14:16:15 -0500] "GET /sipse/faces/javax.faces.resource/primefaces.css?ln=primefaces&v=4.0 HTTP/1.1" 304 -
181.56.171.197 - - [15/Jan/2023:14:16:15 -0500] "GET /sipse/faces/javax.faces.resource/layout/layout.css?ln=primefaces&v=4.0 HTTP/1.1" 304 -
181.56.171.197 - - [15/Jan/2023:14:16:15 -0500] "GET /sipse/js/jquery.min.js HTTP/1.1" 200 85582
181.56.171.197 - - [15/Jan/2023:14:16:15 -0500] "GET /sipse/faces/javax.faces.resource/jquery/jquery.js?ln=primefaces&v=4.0 HTTP/1.1" 304 -
181.56.171.197 - - [15/Jan/2023:14:16:15 -0500] "GET /sipse/faces/javax.faces.resource/jquery/jquery-plugins.js?ln=primefaces&v=4.0 HTTP/1.1" 304 -
181.56.171.197 - - [15/Jan/2023:14:16:15 -0500] "GET /sipse/faces/javax.faces.resource/primefaces.js?ln=primefaces&v=4.0 HTTP/1.1" 304 -
181.56.171.197 - - [15/Jan/2023:14:16:15 -0500] "GET /sipse/faces/javax.faces.resource/layout/layout.js?ln=primefaces&v=4.0 HTTP/1.1" 304 -
181.56.171.197 - - [15/Jan/2023:14:16:15 -0500] "GET /sipse/imagenes/cargando.gif HTTP/1.1" 200 36959
181.56.171.197 - - [15/Jan/2023:14:16:16 -0500] "GET /sipse/css/imagen/contrasena.png HTTP/1.1" 404 383
181.56.171.197 - - [15/Jan/2023:14:16:16 -0500] "GET /sipse/imagenes/logoAplicacion.jpg HTTP/1.1" 200 155084
181.56.171.197 - - [15/Jan/2023:14:16:24 -0500] "GET /sipse/faces/javax.faces.resource/images/ui-bg_flat_0_2d5972_40x100.png?ln=primefaces-aristo HTTP/1.1" 200 183
181.56.171.197 - - [15/Jan/2023:14:16:24 -0500] "POST /sipse/faces/bienvenido.xhtml HTTP/1.1" 200 2073
181.56.171.197 - - [15/Jan/2023:14:16:25 -0500] "POST /sipse/faces/bienvenido.xhtml HTTP/1.1" 200 39029
181.56.171.197 - - [15/Jan/2023:14:16:26 -0500] "GET /sipse/faces/javax.faces.resource/theme.css?ln=primefaces-sipse HTTP/1.1" 304 -
181.56.171.197 - - [15/Jan/2023:14:16:26 -0500] "GET /sipse/faces/javax.faces.resource/primefaces.css?ln=primefaces&v=4.0 HTTP/1.1" 304 -
181.56.171.197 - - [15/Jan/2023:14:16:26 -0500] "GET /sipse/faces/javax.faces.resource/layout/layout.css?ln=primefaces&v=4.0 HTTP/1.1" 304 -
181.56.171.197 - - [15/Jan/2023:14:16:26 -0500] "GET /sipse/faces/javax.faces.resource/jquery/jquery.js?ln=primefaces&v=4.0 HTTP/1.1" 304 -
181.56.171.197 - - [15/Jan/2023:14:16:26 -0500] "GET /sipse/faces/javax.faces.resource/jquery/jquery-plugins.js?ln=primefaces&v=4.0 HTTP/1.1" 304 -
181.56.171.197 - - [15/Jan/2023:14:16:26 -0500] "GET /sipse/faces/javax.faces.resource/primefaces.js?ln=primefaces&v=4.0 HTTP/1.1" 304 -
181.56.171.197 - - [15/Jan/2023:14:16:26 -0500] "GET /sipse/faces/javax.faces.resource/layout/layout.js?ln=primefaces&v=4.0 HTTP/1.1" 304 -
181.56.171.197 - - [15/Jan/2023:14:16:28 -0500] "POST /sipse/faces/presentacion/financiero/solicitudProceso/consultar.xhtml HTTP/1.1" 200 12946
181.56.171.197 - - [15/Jan/2023:14:16:32 -0500] "POST /sipse/faces/presentacion/financiero/solicitudProceso/consultar.xhtml HTTP/1.1" 200 152704
181.56.171.197 - - [15/Jan/2023:14:16:33 -0500] "GET /sipse/faces/javax.faces.resource/theme.css?ln=primefaces-sipse HTTP/1.1" 304 -
181.56.171.197 - - [15/Jan/2023:14:16:33 -0500] "GET /sipse/faces/javax.faces.resource/primefaces.css?ln=primefaces&v=4.0 HTTP/1.1" 304 -
181.56.171.197 - - [15/Jan/2023:14:16:33 -0500] "GET /sipse/faces/javax.faces.resource/layout/layout.css?ln=primefaces&v=4.0 HTTP/1.1" 304 -
181.56.171.197 - - [15/Jan/2023:14:16:33 -0500] "GET /sipse/faces/javax.faces.resource/jquery/jquery.js?ln=primefaces&v=4.0 HTTP/1.1" 304 -
181.56.171.197 - - [15/Jan/2023:14:16:33 -0500] "GET /sipse/faces/javax.faces.resource/jquery/jquery-plugins.js?ln=primefaces&v=4.0 HTTP/1.1" 304 -
181.56.171.197 - - [15/Jan/2023:14:16:33 -0500] "GET /sipse/faces/javax.faces.resource/primefaces.js?ln=primefaces&v=4.0 HTTP/1.1" 304 -
181.56.171.197 - - [15/Jan/2023:14:16:33 -0500] "GET /sipse/faces/javax.faces.resource/layout/layout.js?ln=primefaces&v=4.0 HTTP/1.1" 304 -
181.56.171.197 - - [15/Jan/2023:14:16:44 -0500] "POST /sipse/faces/presentacion/financiero/solicitudProceso/consultarSolicitudProceso.xhtml HTTP/1.1" 200 2129980
201.245.192.253 - - [15/Jan/2023:14:18:29 -0500] "POST /kwsrmcab/Wsrmcab HTTP/1.1" 200 42584
201.245.192.253 - - [15/Jan/2023:14:18:32 -0500] "POST /kwsrmcab/Wsrmcab HTTP/1.1" 200 43763
216.245.221.92 - - [15/Jan/2023:14:19:48 -0500] "HEAD / HTTP/1.1" 200 -
172.22.2.4 - - [15/Jan/2023:14:18:50 -0500] "HEAD /BLA/boletinlegal/ HTTP/1.1" 200 -
201.245.192.253 - - [15/Jan/2023:14:20:53 -0500] "POST /kwsrmcab/Wsrmcab  HTTP/1.1" 200 43915
190.60.254.218 - - [15/Jan/2023:14:21:16 -0500] "POST /sipse/faces/presentacion/financiero/solicitudProceso/consultarSolicitudProceso.xhtml HTTP/1.1" 200 53512
172.22.2.4 - - [15/Jan/2023:14:19:41 -0500] "GET /BLA/boletinlegal/ HTTP/1.1" 200 59404
190.60.254.218 - - [15/Jan/2023:14:21:55 -0500] "POST /sipse/faces/presentacion/financiero/solicitudProceso/consultarSolicitudProceso.xhtml HTTP/1.1" 200 216355
190.60.254.218 - - [15/Jan/2023:14:22:04 -0500] "POST /sipse/faces/presentacion/financiero/solicitudProceso/consultarSolicitudProceso.xhtml HTTP/1.1" 200 67003
190.60.254.218 - - [15/Jan/2023:14:22:05 -0500] "GET /sipse/faces/javax.faces.resource/primefaces.css?ln=primefaces&v=4.0 HTTP/1.1" 304 -
190.60.254.218 - - [15/Jan/2023:14:22:05 -0500] "GET /sipse/faces/javax.faces.resource/theme.css?ln=primefaces-sipse HTTP/1.1" 304 -
190.60.254.218 - - [15/Jan/2023:14:22:05 -0500] "GET /sipse/faces/javax.faces.resource/layout/layout.css?ln=primefaces&v=4.0 HTTP/1.1" 304 -
190.60.254.218 - - [15/Jan/2023:14:22:05 -0500] "GET /sipse/faces/javax.faces.resource/jquery/jquery.js?ln=primefaces&v=4.0 HTTP/1.1" 304 -
190.60.254.218 - - [15/Jan/2023:14:22:05 -0500] "GET /sipse/faces/javax.faces.resource/jquery/jquery-plugins.js?ln=primefaces&v=4.0 HTTP/1.1" 304 -
190.60.254.218 - - [15/Jan/2023:14:22:06 -0500] "GET /sipse/faces/javax.faces.resource/primefaces.js?ln=primefaces&v=4.0 HTTP/1.1" 304 -
190.60.254.218 - - [15/Jan/2023:14:22:06 -0500] "GET /sipse/faces/javax.faces.resource/layout/layout.js?ln=primefaces&v=4.0 HTTP/1.1" 304 -
190.60.254.218 - - [15/Jan/2023:14:22:06 -0500] "POST /sipse/faces/presentacion/financiero/solicitudProceso/listarSolicitudProceso.xhtml HTTP/1.1" 200 60349
190.60.254.218 - - [15/Jan/2023:14:22:07 -0500] "POST /sipse/faces/presentacion/financiero/solicitudProceso/listarSolicitudProceso.xhtml HTTP/1.1" 200 60349
190.60.254.218 - - [15/Jan/2023:14:22:08 -0500] "POST /sipse/faces/presentacion/financiero/solicitudProceso/listarSolicitudProceso.xhtml HTTP/1.1" 200 60349
190.60.254.218 - - [15/Jan/2023:14:22:08 -0500] "POST /sipse/faces/presentacion/financiero/solicitudProceso/listarSolicitudProceso.xhtml HTTP/1.1" 200 1560
190.60.254.218 - - [15/Jan/2023:14:22:09 -0500] "POST /sipse/faces/presentacion/financiero/solicitudProceso/listarSolicitudProceso.xhtml HTTP/1.1" 200 1552
190.60.254.218 - - [15/Jan/2023:14:22:10 -0500] "POST /sipse/faces/presentacion/financiero/solicitudProceso/listarSolicitudProceso.xhtml HTTP/1.1" 200 1568
190.60.254.218 - - [15/Jan/2023:14:22:10 -0500] "POST /sipse/faces/presentacion/financiero/solicitudProceso/listarSolicitudProceso.xhtml HTTP/1.1" 200 1556
66.249.70.123 - - [15/Jan/2023:14:24:16 -0500] "-" 408 -
216.245.221.92 - - [15/Jan/2023:14:24:48 -0500] "HEAD / HTTP/1.1" 200 -
201.245.192.253 - - [15/Jan/2023:14:25:52 -0500] "POST /kwsrmcab/Wsrmcab  HTTP/1.1" 200 43915
172.22.2.4 - - [15/Jan/2023:14:24:40 -0500] "HEAD /BLA/boletinlegal/ HTTP/1.1" 200 -
173.252.95.12 - - [15/Jan/2023:14:26:36 -0500] "GET /distrito-academia-y-sector-privado-plantaron-100-arboles-para-conmemorar-el-dia-de-la-tierra.html HTTP/1.1" 206 1066
172.22.2.4 - - [15/Jan/2023:14:25:31 -0500] "GET /BLA/boletinlegal/ HTTP/1.1" 200 59404
201.245.192.253 - - [15/Jan/2023:14:28:29 -0500] "POST /kwsrmcab/Wsrmcab HTTP/1.1" 200 42584
201.245.192.253 - - [15/Jan/2023:14:28:32 -0500] "POST /kwsrmcab/Wsrmcab HTTP/1.1" 200 43763
216.245.221.92 - - [15/Jan/2023:14:29:48 -0500] "HEAD / HTTP/1.1" 200 -
201.245.192.253 - - [15/Jan/2023:14:30:51 -0500] "POST /kwsrmcab/Wsrmcab  HTTP/1.1" 200 43915
172.22.2.4 - - [15/Jan/2023:14:30:30 -0500] "HEAD /BLA/boletinlegal/ HTTP/1.1" 200 -
172.22.2.4 - - [15/Jan/2023:14:31:21 -0500] "GET /BLA/boletinlegal/ HTTP/1.1" 200 54816
190.60.254.218 - - [15/Jan/2023:14:33:28 -0500] "POST /sipse/faces/presentacion/financiero/solicitudProceso/listarSolicitudProceso.xhtml HTTP/1.1" 200 32433
190.60.254.218 - - [15/Jan/2023:14:33:42 -0500] "POST /sipse/faces/presentacion/financiero/solicitudProceso/listarSolicitudProceso.xhtml HTTP/1.1" 200 133016
190.60.254.218 - - [15/Jan/2023:14:33:44 -0500] "GET /sipse/faces/javax.faces.resource/theme.css?ln=primefaces-sipse HTTP/1.1" 304 -
190.60.254.218 - - [15/Jan/2023:14:33:44 -0500] "GET /sipse/faces/javax.faces.resource/primefaces.css?ln=primefaces&v=4.0 HTTP/1.1" 304 -
190.60.254.218 - - [15/Jan/2023:14:33:44 -0500] "GET /sipse/faces/javax.faces.resource/layout/layout.css?ln=primefaces&v=4.0 HTTP/1.1" 304 -
190.60.254.218 - - [15/Jan/2023:14:33:44 -0500] "GET /sipse/faces/javax.faces.resource/jquery/jquery.js?ln=primefaces&v=4.0 HTTP/1.1" 304 -
190.60.254.218 - - [15/Jan/2023:14:33:44 -0500] "GET /sipse/faces/javax.faces.resource/jquery/jquery-plugins.js?ln=primefaces&v=4.0 HTTP/1.1" 304 -
190.60.254.218 - - [15/Jan/2023:14:33:45 -0500] "GET /sipse/faces/javax.faces.resource/primefaces.js?ln=primefaces&v=4.0 HTTP/1.1" 304 -
190.60.254.218 - - [15/Jan/2023:14:33:45 -0500] "GET /sipse/faces/javax.faces.resource/layout/layout.js?ln=primefaces&v=4.0 HTTP/1.1" 304 -
190.60.254.218 - - [15/Jan/2023:14:34:14 -0500] "POST /sipse/faces/presentacion/financiero/solicitudProceso/consultarSolicitudProceso.xhtml HTTP/1.1" 200 40791
190.60.254.218 - - [15/Jan/2023:14:34:14 -0500] "GET /sipse/faces/javax.faces.resource/theme.css?ln=primefaces-sipse HTTP/1.1" 304 -
190.60.254.218 - - [15/Jan/2023:14:34:14 -0500] "GET /sipse/faces/javax.faces.resource/layout/layout.css?ln=primefaces&v=4.0 HTTP/1.1" 304 -
190.60.254.218 - - [15/Jan/2023:14:34:14 -0500] "GET /sipse/faces/javax.faces.resource/primefaces.css?ln=primefaces&v=4.0 HTTP/1.1" 304 -
190.60.254.218 - - [15/Jan/2023:14:34:14 -0500] "GET /sipse/faces/javax.faces.resource/jquery/jquery.js?ln=primefaces&v=4.0 HTTP/1.1" 304 -
190.60.254.218 - - [15/Jan/2023:14:34:15 -0500] "GET /sipse/faces/javax.faces.resource/jquery/jquery-plugins.js?ln=primefaces&v=4.0 HTTP/1.1" 304 -
190.60.254.218 - - [15/Jan/2023:14:34:15 -0500] "GET /sipse/faces/javax.faces.resource/primefaces.js?ln=primefaces&v=4.0 HTTP/1.1" 304 -
190.60.254.218 - - [15/Jan/2023:14:34:15 -0500] "GET /sipse/faces/javax.faces.resource/layout/layout.js?ln=primefaces&v=4.0 HTTP/1.1" 304 -
216.245.221.92 - - [15/Jan/2023:14:34:48 -0500] "HEAD / HTTP/1.1" 200 -
201.245.192.253 - - [15/Jan/2023:14:35:50 -0500] "POST /kwsrmcab/Wsrmcab  HTTP/1.1" 200 43915
161.18.175.182 - - [15/Jan/2023:14:36:46 -0500] "GET /BLA/resoluciones/index.php?dir=AUTOS+2015%2F HTTP/1.1" 200 579441
190.60.254.218 - - [15/Jan/2023:14:37:33 -0500] "GET /sipse/faces/javax.faces.resource/theme.css?ln=primefaces-sipse HTTP/1.1" 304 -
190.60.254.218 - - [15/Jan/2023:14:37:32 -0500] "POST /sipse/faces/presentacion/financiero/estudioPrevio/personalSolicitado/expedirExperienciaIdoneidad.xhtml HTTP/1.1" 200 43623
190.60.254.218 - - [15/Jan/2023:14:37:33 -0500] "GET /sipse/faces/javax.faces.resource/primefaces.css?ln=primefaces&v=4.0 HTTP/1.1" 304 -
190.60.254.218 - - [15/Jan/2023:14:37:33 -0500] "GET /sipse/faces/javax.faces.resource/layout/layout.css?ln=primefaces&v=4.0 HTTP/1.1" 304 -
190.60.254.218 - - [15/Jan/2023:14:37:33 -0500] "GET /sipse/faces/javax.faces.resource/jquery/jquery.js?ln=primefaces&v=4.0 HTTP/1.1" 304 -
190.60.254.218 - - [15/Jan/2023:14:37:33 -0500] "GET /sipse/faces/javax.faces.resource/jquery/jquery-plugins.js?ln=primefaces&v=4.0 HTTP/1.1" 304 -
190.60.254.218 - - [15/Jan/2023:14:37:33 -0500] "GET /sipse/faces/javax.faces.resource/primefaces.js?ln=primefaces&v=4.0 HTTP/1.1" 304 -
190.60.254.218 - - [15/Jan/2023:14:37:33 -0500] "GET /sipse/faces/javax.faces.resource/layout/layout.js?ln=primefaces&v=4.0 HTTP/1.1" 304 -
190.60.254.218 - - [15/Jan/2023:14:37:36 -0500] "GET /sipse/faces/javax.faces.resource/images/ui-icons_898989_256x240.png?ln=primefaces-aristo HTTP/1.1" 304 -
190.60.254.218 - - [15/Jan/2023:14:37:39 -0500] "POST /sipse/faces/presentacion/contratacion/contrato/adicionarSupervisor.xhtml HTTP/1.1" 200 16853
190.60.254.218 - - [15/Jan/2023:14:37:49 -0500] "GET /sipse/faces/javax.faces.resource/primefaces.css?ln=primefaces&v=4.0 HTTP/1.1" 304 -
190.60.254.218 - - [15/Jan/2023:14:37:49 -0500] "GET /sipse/faces/javax.faces.resource/theme.css?ln=primefaces-sipse HTTP/1.1" 304 -
190.60.254.218 - - [15/Jan/2023:14:37:49 -0500] "GET /sipse/faces/javax.faces.resource/layout/layout.css?ln=primefaces&v=4.0 HTTP/1.1" 304 -
190.60.254.218 - - [15/Jan/2023:14:37:49 -0500] "GET /sipse/faces/javax.faces.resource/jquery/jquery.js?ln=primefaces&v=4.0 HTTP/1.1" 304 -
190.60.254.218 - - [15/Jan/2023:14:37:49 -0500] "GET /sipse/faces/javax.faces.resource/jquery/jquery-plugins.js?ln=primefaces&v=4.0 HTTP/1.1" 304 -
190.60.254.218 - - [15/Jan/2023:14:37:49 -0500] "GET /sipse/faces/javax.faces.resource/primefaces.js?ln=primefaces&v=4.0 HTTP/1.1" 304 -
190.60.254.218 - - [15/Jan/2023:14:37:49 -0500] "GET /sipse/faces/javax.faces.resource/layout/layout.js?ln=primefaces&v=4.0 HTTP/1.1" 304 -
190.60.254.218 - - [15/Jan/2023:14:37:49 -0500] "POST /sipse/faces/presentacion/contratacion/contrato/adicionarSupervisor.xhtml HTTP/1.1" 200 45120
172.22.2.4 - - [15/Jan/2023:14:36:20 -0500] "HEAD /BLA/boletinlegal/ HTTP/1.1" 200 -
190.60.254.218 - - [15/Jan/2023:14:38:02 -0500] "POST /sipse/faces/presentacion/financiero/estudioPrevio/personalSolicitado/expedirExperienciaIdoneidad.xhtml HTTP/1.1" 200 5697
190.60.254.218 - - [15/Jan/2023:14:38:02 -0500] "POST /sipse/faces/presentacion/financiero/estudioPrevio/personalSolicitado/expedirExperienciaIdoneidad.xhtml HTTP/1.1" 200 33372
190.60.254.218 - - [15/Jan/2023:14:38:02 -0500] "GET /sipse/faces/javax.faces.resource/theme.css?ln=primefaces-sipse HTTP/1.1" 304 -
