191.156.40.227 - - [15/Jan/2023:10:58:54 -0500] "POST /sipse/faces/presentacion/financiero/solicitudProceso/consultar.xhtml HTTP/1.1" 200 34746
191.156.40.227 - - [15/Jan/2023:10:58:55 -0500] "POST /sipse/faces/presentacion/financiero/solicitudProceso/consultar.xhtml HTTP/1.1" 200 34746
191.156.40.227 - - [15/Jan/2023:10:58:57 -0500] "POST /sipse/faces/presentacion/financiero/solicitudProceso/consultar.xhtml HTTP/1.1" 200 34746
191.156.40.227 - - [15/Jan/2023:10:58:58 -0500] "POST /sipse/faces/presentacion/financiero/solicitudProceso/consultar.xhtml HTTP/1.1" 200 34746
191.156.40.227 - - [15/Jan/2023:10:58:59 -0500] "POST /sipse/faces/presentacion/financiero/solicitudProceso/consultar.xhtml HTTP/1.1" 200 34746
191.156.40.227 - - [15/Jan/2023:10:59:12 -0500] "POST /sipse/faces/presentacion/financiero/solicitudProceso/consultar.xhtml HTTP/1.1" 200 193
191.156.40.227 - - [15/Jan/2023:10:59:12 -0500] "POST /sipse/faces/presentacion/financiero/solicitudProceso/consultar.xhtml HTTP/1.1" 200 193
191.156.40.227 - - [15/Jan/2023:10:59:13 -0500] "POST /sipse/faces/presentacion/financiero/solicitudProceso/consultar.xhtml HTTP/1.1" 200 193
191.156.42.124 - - [15/Jan/2023:10:59:12 -0500] "GET /sipse/faces/presentacion/financiero/solicitudAnulacion/consultarSolicitudAnulacion.xhtml HTTP/1.1" 200 12285
191.156.40.227 - - [15/Jan/2023:10:59:13 -0500] "POST /sipse/faces/presentacion/financiero/solicitudProceso/consultar.xhtml HTTP/1.1" 200 193
191.156.41.132 - - [15/Jan/2023:10:59:13 -0500] "GET /sipse/faces/presentacion/financiero/solicitudAnulacion/consultarSolicitudAnulacion.xhtml HTTP/1.1" 200 12285
191.156.40.227 - - [15/Jan/2023:10:59:13 -0500] "POST /sipse/faces/presentacion/financiero/solicitudProceso/consultar.xhtml HTTP/1.1" 200 193
191.156.43.60 - - [15/Jan/2023:10:59:13 -0500] "GET /sipse/faces/presentacion/financiero/solicitudAnulacion/consultarSolicitudAnulacion.xhtml HTTP/1.1" 200 17805
191.156.40.227 - - [15/Jan/2023:10:59:13 -0500] "POST /sipse/faces/presentacion/financiero/solicitudProceso/consultar.xhtml HTTP/1.1" 200 193
191.156.43.173 - - [15/Jan/2023:10:59:13 -0500] "GET /sipse/faces/presentacion/financiero/solicitudAnulacion/consultarSolicitudAnulacion.xhtml HTTP/1.1" 200 17805
191.156.40.227 - - [15/Jan/2023:10:59:13 -0500] "POST /sipse/faces/presentacion/financiero/solicitudProceso/consultar.xhtml HTTP/1.1" 200 193
191.156.43.60 - - [15/Jan/2023:10:59:13 -0500] "GET /sipse/faces/presentacion/financiero/solicitudAnulacion/consultarSolicitudAnulacion.xhtml HTTP/1.1" 200 17805
191.156.42.124 - - [15/Jan/2023:10:59:13 -0500] "GET /sipse/faces/presentacion/financiero/solicitudAnulacion/consultarSolicitudAnulacion.xhtml HTTP/1.1" 200 15757
191.156.40.227 - - [15/Jan/2023:10:59:13 -0500] "POST /sipse/faces/presentacion/financiero/solicitudProceso/consultar.xhtml HTTP/1.1" 200 193
191.156.40.227 - - [15/Jan/2023:10:59:14 -0500] "POST /sipse/faces/presentacion/financiero/solicitudProceso/consultar.xhtml HTTP/1.1" 200 193
191.156.40.227 - - [15/Jan/2023:10:59:14 -0500] "GET /sipse/faces/presentacion/financiero/solicitudAnulacion/consultarSolicitudAnulacion.xhtml HTTP/1.1" 200 24741
191.156.40.227 - - [15/Jan/2023:10:59:14 -0500] "POST /sipse/faces/presentacion/financiero/solicitudProceso/consultar.xhtml HTTP/1.1" 200 193
191.156.40.227 - - [15/Jan/2023:10:59:14 -0500] "GET /sipse/faces/presentacion/financiero/solicitudAnulacion/consultarSolicitudAnulacion.xhtml HTTP/1.1" 200 12285
191.156.40.227 - - [15/Jan/2023:10:59:14 -0500] "POST /sipse/faces/presentacion/financiero/solicitudProceso/consultar.xhtml HTTP/1.1" 200 193
191.156.42.124 - - [15/Jan/2023:10:59:14 -0500] "GET /sipse/faces/presentacion/financiero/solicitudAnulacion/consultarSolicitudAnulacion.xhtml HTTP/1.1" 200 17805
191.156.40.227 - - [15/Jan/2023:10:59:14 -0500] "POST /sipse/faces/presentacion/financiero/solicitudProceso/consultar.xhtml HTTP/1.1" 200 193
191.156.41.132 - - [15/Jan/2023:10:59:14 -0500] "GET /sipse/faces/presentacion/financiero/solicitudAnulacion/consultarSolicitudAnulacion.xhtml HTTP/1.1" 200 37653
191.156.40.227 - - [15/Jan/2023:10:59:14 -0500] "POST /sipse/faces/presentacion/financiero/solicitudProceso/consultar.xhtml HTTP/1.1" 200 193
191.156.35.81 - - [15/Jan/2023:10:59:14 -0500] "GET /sipse/faces/presentacion/financiero/solicitudAnulacion/consultarSolicitudAnulacion.xhtml HTTP/1.1" 200 15757
191.156.40.227 - - [15/Jan/2023:10:59:15 -0500] "POST /sipse/faces/presentacion/financiero/solicitudProceso/consultar.xhtml HTTP/1.1" 200 193
191.156.41.132 - - [15/Jan/2023:10:59:14 -0500] "GET /sipse/faces/presentacion/financiero/solicitudAnulacion/consultarSolicitudAnulacion.xhtml HTTP/1.1" 200 16805
191.156.44.140 - - [15/Jan/2023:10:59:15 -0500] "GET /sipse/faces/presentacion/financiero/solicitudAnulacion/consultarSolicitudAnulacion.xhtml HTTP/1.1" 200 12285
191.156.35.81 - - [15/Jan/2023:10:59:15 -0500] "POST /sipse/faces/presentacion/financiero/solicitudProceso/consultar.xhtml HTTP/1.1" 200 193
191.156.40.227 - - [15/Jan/2023:10:59:15 -0500] "GET /sipse/faces/presentacion/financiero/solicitudAnulacion/consultarSolicitudAnulacion.xhtml HTTP/1.1" 200 37653
191.156.33.8 - - [15/Jan/2023:10:59:15 -0500] "GET /sipse/faces/javax.faces.resource/theme.css?ln=primefaces-sipse HTTP/1.1" 304 -
191.156.43.60 - - [15/Jan/2023:10:59:15 -0500] "GET /sipse/faces/javax.faces.resource/primefaces.css?ln=primefaces&v=4.0 HTTP/1.1" 304 -
191.156.45.96 - - [15/Jan/2023:10:59:15 -0500] "GET /sipse/faces/javax.faces.resource/jquery/jquery-plugins.js?ln=primefaces&v=4.0 HTTP/1.1" 304 -
191.156.45.96 - - [15/Jan/2023:10:59:15 -0500] "GET /sipse/faces/javax.faces.resource/layout/layout.css?ln=primefaces&v=4.0 HTTP/1.1" 304 -
191.156.43.60 - - [15/Jan/2023:10:59:15 -0500] "GET /sipse/faces/javax.faces.resource/jquery/jquery.js?ln=primefaces&v=4.0 HTTP/1.1" 304 -
191.156.40.227 - - [15/Jan/2023:10:59:15 -0500] "GET /sipse/faces/javax.faces.resource/primefaces.js?ln=primefaces&v=4.0 HTTP/1.1" 304 -
191.156.33.8 - - [15/Jan/2023:10:59:15 -0500] "GET /sipse/faces/javax.faces.resource/layout/layout.js?ln=primefaces&v=4.0 HTTP/1.1" 304 -
191.156.40.227 - - [15/Jan/2023:10:59:16 -0500] "GET /sipse/faces/javax.faces.resource/images/ui-icons_898989_256x240.png?ln=primefaces-aristo HTTP/1.1" 304 -
191.156.33.8 - - [15/Jan/2023:10:59:16 -0500] "GET /sipse/css/imagen/contrasena.png HTTP/1.1" 404 383
191.156.33.8 - - [15/Jan/2023:10:59:16 -0500] "GET /sipse/faces/javax.faces.resource/images/ui-bg_flat_0_2d5972_40x100.png?ln=primefaces-aristo HTTP/1.1" 304 -
191.156.40.227 - - [15/Jan/2023:10:59:16 -0500] "POST /sipse/faces/presentacion/financiero/solicitudAnulacion/consultarSolicitudAnulacion.xhtml HTTP/1.1" 200 10616
191.156.45.96 - - [15/Jan/2023:10:59:21 -0500] "POST /sipse/faces/presentacion/financiero/solicitudAnulacion/consultarSolicitudAnulacion.xhtml HTTP/1.1" 200 41378
191.156.45.96 - - [15/Jan/2023:10:59:22 -0500] "GET /sipse/faces/javax.faces.resource/theme.css?ln=primefaces-sipse HTTP/1.1" 304 -
191.156.45.19 - - [15/Jan/2023:10:59:22 -0500] "GET /sipse/faces/javax.faces.resource/primefaces.css?ln=primefaces&v=4.0 HTTP/1.1" 304 -
191.156.45.96 - - [15/Jan/2023:10:59:22 -0500] "GET /sipse/faces/javax.faces.resource/layout/layout.css?ln=primefaces&v=4.0 HTTP/1.1" 304 -
191.156.44.140 - - [15/Jan/2023:10:59:22 -0500] "GET /sipse/faces/javax.faces.resource/jquery/jquery.js?ln=primefaces&v=4.0 HTTP/1.1" 304 -
191.156.45.96 - - [15/Jan/2023:10:59:22 -0500] "GET /sipse/faces/javax.faces.resource/jquery/jquery-plugins.js?ln=primefaces&v=4.0 HTTP/1.1" 304 -
191.156.45.96 - - [15/Jan/2023:10:59:22 -0500] "GET /sipse/faces/javax.faces.resource/primefaces.js?ln=primefaces&v=4.0 HTTP/1.1" 304 -
191.156.45.96 - - [15/Jan/2023:10:59:23 -0500] "GET /sipse/faces/javax.faces.resource/layout/layout.js?ln=primefaces&v=4.0 HTTP/1.1" 304 -
191.156.35.81 - - [15/Jan/2023:10:59:35 -0500] "POST /sipse/faces/presentacion/financiero/solicitudProceso/consultar.xhtml HTTP/1.1" 200 12880
216.245.221.92 - - [15/Jan/2023:10:59:49 -0500] "HEAD / HTTP/1.1" 200 -
54.167.239.64 - - [15/Jan/2023:11:00:28 -0500] "GET /galeria/galeria/fotos/Humedal-la-conejera2P.jpg HTTP/1.1" 200 31007
18.207.175.232 - - [15/Jan/2023:11:01:18 -0500] "GET /galeria/galeria/fotos/Humedal-la-conejera2P.jpg HTTP/1.1" 200 31007
201.245.192.253 - - [15/Jan/2023:11:01:39 -0500] "POST /kwsrmcab/Wsrmcab  HTTP/1.1" 200 43915
172.22.2.4 - - [15/Jan/2023:11:00:31 -0500] "HEAD /BLA/boletinlegal/ HTTP/1.1" 200 -
172.22.2.4 - - [15/Jan/2023:11:01:21 -0500] "GET /BLA/boletinlegal/ HTTP/1.1" 200 59779
190.2.214.58 - - [15/Jan/2023:11:03:10 -0500] "POST /appsia/controlador HTTP/1.1" 200 4621
190.2.214.58 - - [15/Jan/2023:11:03:12 -0500] "POST /appsia/controlador HTTP/1.1" 200 4799
173.252.87.16 - - [15/Jan/2023:11:04:40 -0500] "GET /fauna-silvestre-acciones-de-control-y-recuperacion-en-puente-de-reyes.html HTTP/1.1" 206 1061
216.245.221.92 - - [15/Jan/2023:11:04:49 -0500] "HEAD / HTTP/1.1" 200 -
201.245.192.253 - - [15/Jan/2023:11:06:37 -0500] "POST /kwsrmcab/Wsrmcab  HTTP/1.1" 200 43915
191.95.58.30 - - [15/Jan/2023:11:07:35 -0500] "GET /sipse/faces/javax.faces.resource/theme.css?ln=primefaces-sipse HTTP/1.1" 304 -
191.95.58.30 - - [15/Jan/2023:11:07:37 -0500] "GET /sipse/faces/faces/faces/autenticacion.xhtml HTTP/1.1" 200 12179
191.95.58.30 - - [15/Jan/2023:11:07:37 -0500] "GET /sipse/faces/javax.faces.resource/theme.css?ln=primefaces-sipse HTTP/1.1" 304 -
191.95.58.30 - - [15/Jan/2023:11:07:37 -0500] "GET /sipse/faces/javax.faces.resource/primefaces.css?ln=primefaces&v=4.0 HTTP/1.1" 304 -
191.95.58.30 - - [15/Jan/2023:11:07:37 -0500] "GET /sipse/css/custom_css_sg.css HTTP/1.1" 304 -
191.95.58.30 - - [15/Jan/2023:11:07:37 -0500] "GET /sipse/css/custom_css_sg_prime_login.css HTTP/1.1" 304 -
191.95.58.30 - - [15/Jan/2023:11:07:37 -0500] "GET /sipse/faces/javax.faces.resource/layout/layout.css?ln=primefaces&v=4.0 HTTP/1.1" 304 -
191.95.58.30 - - [15/Jan/2023:11:07:37 -0500] "GET /sipse/faces/javax.faces.resource/jquery/jquery.js?ln=primefaces&v=4.0 HTTP/1.1" 304 -
191.95.58.30 - - [15/Jan/2023:11:07:37 -0500] "GET /sipse/js/disable_browser_buttons.js HTTP/1.1" 304 -
191.95.58.30 - - [15/Jan/2023:11:07:37 -0500] "GET /sipse/faces/javax.faces.resource/jquery/jquery-plugins.js?ln=primefaces&v=4.0 HTTP/1.1" 304 -
191.95.58.30 - - [15/Jan/2023:11:07:37 -0500] "GET /sipse/js/funciones.js HTTP/1.1" 304 -
191.95.58.30 - - [15/Jan/2023:11:07:37 -0500] "GET /sipse/faces/javax.faces.resource/layout/layout.js?ln=primefaces&v=4.0 HTTP/1.1" 304 -
191.95.58.30 - - [15/Jan/2023:11:07:37 -0500] "GET /sipse/faces/javax.faces.resource/primefaces.js?ln=primefaces&v=4.0 HTTP/1.1" 304 -
191.95.58.30 - - [15/Jan/2023:11:07:37 -0500] "GET /sipse/css/imagen/loginimg.png HTTP/1.1" 304 -
191.95.58.30 - - [15/Jan/2023:11:07:37 -0500] "GET /sipse/css/imagen/logoSDG.png HTTP/1.1" 304 -
191.95.58.30 - - [15/Jan/2023:11:07:37 -0500] "GET /sipse/faces/javax.faces.resource/images/ui-icons_898989_256x240.png?ln=primefaces-aristo HTTP/1.1" 304 -
191.95.58.30 - - [15/Jan/2023:11:07:40 -0500] "POST /sipse/faces/autenticacion.xhtml HTTP/1.1" 200 2227
191.95.58.30 - - [15/Jan/2023:11:07:40 -0500] "GET /sipse/faces/javax.faces.resource/messages/messages.png?ln=primefaces&v=4.0 HTTP/1.1" 304 -
191.95.58.30 - - [15/Jan/2023:11:07:41 -0500] "POST /sipse/faces/autenticacion.xhtml HTTP/1.1" 200 16288
191.95.58.30 - - [15/Jan/2023:11:07:42 -0500] "GET /sipse/css/custom_css_sg_prime.css HTTP/1.1" 304 -
191.95.58.30 - - [15/Jan/2023:11:07:42 -0500] "GET /sipse/faces/javax.faces.resource/layout/layout.css?ln=primefaces&v=4.0 HTTP/1.1" 304 -
191.95.58.30 - - [15/Jan/2023:11:07:42 -0500] "GET /sipse/faces/javax.faces.resource/theme.css?ln=primefaces-sipse HTTP/1.1" 304 -
191.95.58.30 - - [15/Jan/2023:11:07:42 -0500] "GET /sipse/faces/javax.faces.resource/primefaces.css?ln=primefaces&v=4.0 HTTP/1.1" 304 -
191.95.58.30 - - [15/Jan/2023:11:07:42 -0500] "GET /sipse/js/jquery.min.js HTTP/1.1" 304 -
191.95.58.30 - - [15/Jan/2023:11:07:42 -0500] "GET /sipse/faces/javax.faces.resource/jquery/jquery.js?ln=primefaces&v=4.0 HTTP/1.1" 304 -
191.95.58.30 - - [15/Jan/2023:11:07:42 -0500] "GET /sipse/faces/javax.faces.resource/jquery/jquery-plugins.js?ln=primefaces&v=4.0 HTTP/1.1" 304 -
191.95.58.30 - - [15/Jan/2023:11:07:42 -0500] "GET /sipse/faces/javax.faces.resource/primefaces.js?ln=primefaces&v=4.0 HTTP/1.1" 304 -
191.95.58.30 - - [15/Jan/2023:11:07:42 -0500] "GET /sipse/faces/javax.faces.resource/layout/layout.js?ln=primefaces&v=4.0 HTTP/1.1" 304 -
191.95.58.30 - - [15/Jan/2023:11:07:42 -0500] "GET /sipse/css/imagen/contrasena.png HTTP/1.1" 404 383
191.95.58.30 - - [15/Jan/2023:11:07:42 -0500] "GET /sipse/imagenes/cargando.gif HTTP/1.1" 304 -
191.95.58.30 - - [15/Jan/2023:11:07:42 -0500] "GET /sipse/imagenes/logoAplicacion.jpg HTTP/1.1" 304 -
191.95.58.30 - - [15/Jan/2023:11:07:46 -0500] "GET /sipse/faces/javax.faces.resource/images/ui-bg_flat_0_2d5972_40x100.png?ln=primefaces-aristo HTTP/1.1" 304 -
191.95.58.30 - - [15/Jan/2023:11:07:46 -0500] "POST /sipse/faces/bienvenido.xhtml HTTP/1.1" 200 2048
191.95.58.30 - - [15/Jan/2023:11:07:48 -0500] "POST /sipse/faces/bienvenido.xhtml HTTP/1.1" 200 9754
191.95.58.30 - - [15/Jan/2023:11:07:49 -0500] "POST /sipse/faces/bienvenido.xhtml HTTP/1.1" 200 2073
191.95.58.30 - - [15/Jan/2023:11:07:50 -0500] "POST /sipse/faces/bienvenido.xhtml HTTP/1.1" 200 39025
191.95.58.30 - - [15/Jan/2023:11:07:50 -0500] "GET /sipse/faces/javax.faces.resource/theme.css?ln=primefaces-sipse HTTP/1.1" 304 -
191.95.58.30 - - [15/Jan/2023:11:07:50 -0500] "GET /sipse/faces/javax.faces.resource/primefaces.css?ln=primefaces&v=4.0 HTTP/1.1" 304 -
191.95.58.30 - - [15/Jan/2023:11:07:50 -0500] "GET /sipse/faces/javax.faces.resource/layout/layout.css?ln=primefaces&v=4.0 HTTP/1.1" 304 -
191.95.58.30 - - [15/Jan/2023:11:07:50 -0500] "GET /sipse/faces/javax.faces.resource/jquery/jquery.js?ln=primefaces&v=4.0 HTTP/1.1" 304 -
191.95.58.30 - - [15/Jan/2023:11:07:50 -0500] "GET /sipse/faces/javax.faces.resource/jquery/jquery-plugins.js?ln=primefaces&v=4.0 HTTP/1.1" 304 -
191.95.58.30 - - [15/Jan/2023:11:07:51 -0500] "GET /sipse/faces/javax.faces.resource/primefaces.js?ln=primefaces&v=4.0 HTTP/1.1" 304 -
191.95.58.30 - - [15/Jan/2023:11:07:51 -0500] "GET /sipse/faces/javax.faces.resource/layout/layout.js?ln=primefaces&v=4.0 HTTP/1.1" 304 -
191.95.58.30 - - [15/Jan/2023:11:07:55 -0500] "POST /sipse/faces/presentacion/financiero/solicitudProceso/consultar.xhtml HTTP/1.1" 200 12770
172.22.2.4 - - [15/Jan/2023:11:06:21 -0500] "HEAD /BLA/boletinlegal/ HTTP/1.1" 200 -
191.95.58.30 - - [15/Jan/2023:11:08:04 -0500] "POST /sipse/faces/presentacion/financiero/solicitudProceso/consultar.xhtml HTTP/1.1" 200 119336
191.95.58.30 - - [15/Jan/2023:11:08:06 -0500] "GET /sipse/faces/javax.faces.resource/theme.css?ln=primefaces-sipse HTTP/1.1" 304 -
191.95.58.30 - - [15/Jan/2023:11:08:06 -0500] "GET /sipse/faces/javax.faces.resource/layout/layout.css?ln=primefaces&v=4.0 HTTP/1.1" 304 -
191.95.58.30 - - [15/Jan/2023:11:08:06 -0500] "GET /sipse/faces/javax.faces.resource/primefaces.css?ln=primefaces&v=4.0 HTTP/1.1" 304 -
191.95.58.30 - - [15/Jan/2023:11:08:06 -0500] "GET /sipse/faces/javax.faces.resource/jquery/jquery.js?ln=primefaces&v=4.0 HTTP/1.1" 304 -
191.95.58.30 - - [15/Jan/2023:11:08:06 -0500] "GET /sipse/faces/javax.faces.resource/jquery/jquery-plugins.js?ln=primefaces&v=4.0 HTTP/1.1" 304 -
191.95.58.30 - - [15/Jan/2023:11:08:06 -0500] "GET /sipse/faces/javax.faces.resource/primefaces.js?ln=primefaces&v=4.0 HTTP/1.1" 304 -
191.95.58.30 - - [15/Jan/2023:11:08:06 -0500] "GET /sipse/faces/javax.faces.resource/layout/layout.js?ln=primefaces&v=4.0 HTTP/1.1" 304 -
191.95.58.30 - - [15/Jan/2023:11:08:17 -0500] "POST /sipse/faces/presentacion/financiero/solicitudProceso/consultarSolicitudProceso.xhtml HTTP/1.1" 200 28825
191.95.58.30 - - [15/Jan/2023:11:08:18 -0500] "GET /sipse/faces/javax.faces.resource/theme.css?ln=primefaces-sipse HTTP/1.1" 304 -
191.95.58.30 - - [15/Jan/2023:11:08:18 -0500] "GET /sipse/faces/javax.faces.resource/layout/layout.css?ln=primefaces&v=4.0 HTTP/1.1" 304 -
191.95.58.30 - - [15/Jan/2023:11:08:18 -0500] "GET /sipse/faces/javax.faces.resource/layout/layout.js?ln=primefaces&v=4.0 HTTP/1.1" 304 -
191.95.58.30 - - [15/Jan/2023:11:08:18 -0500] "GET /sipse/faces/javax.faces.resource/primefaces.css?ln=primefaces&v=4.0 HTTP/1.1" 304 -
191.95.58.30 - - [15/Jan/2023:11:08:18 -0500] "GET /sipse/faces/javax.faces.resource/jquery/jquery-plugins.js?ln=primefaces&v=4.0 HTTP/1.1" 304 -
191.95.58.30 - - [15/Jan/2023:11:08:18 -0500] "GET /sipse/faces/javax.faces.resource/jquery/jquery.js?ln=primefaces&v=4.0 HTTP/1.1" 304 -
191.95.58.30 - - [15/Jan/2023:11:08:18 -0500] "GET /sipse/faces/javax.faces.resource/primefaces.js?ln=primefaces&v=4.0 HTTP/1.1" 304 -
191.95.58.30 - - [15/Jan/2023:11:08:18 -0500] "GET /sipse/css/imagen/contrasena.png HTTP/1.1" 404 383
191.95.58.30 - - [15/Jan/2023:11:08:18 -0500] "GET /sipse/faces/javax.faces.resource/images/ui-icons_898989_256x240.png?ln=primefaces-aristo HTTP/1.1" 304 -
66.220.149.11 - - [15/Jan/2023:11:08:34 -0500] "GET /images/vertimiento-Comprimida%20(1).png HTTP/1.1" 200 22870
172.22.2.4 - - [15/Jan/2023:11:07:11 -0500] "GET /BLA/boletinlegal/ HTTP/1.1" 200 59404
103.136.220.231 - - [15/Jan/2023:11:09:40 -0500] "GET /portaldeninos/wp-content/uploads/2020/01/Tierra-escenario.jpg HTTP/1.1" 200 181491
216.245.221.92 - - [15/Jan/2023:11:09:49 -0500] "HEAD / HTTP/1.1" 200 -
172.22.2.4 - - [15/Jan/2023:11:11:22 -0500] "GET /BLA/boletinlegal/consulta_actos.php?tipo=autos&no=1456&usuario=&sector=&fecha=2012&resuelve= HTTP/1.1" 200 626
201.245.192.253 - - [15/Jan/2023:11:11:36 -0500] "POST /kwsrmcab/Wsrmcab  HTTP/1.1" 200 43915
172.22.2.4 - - [15/Jan/2023:11:12:11 -0500] "HEAD /BLA/boletinlegal/ HTTP/1.1" 200 -
172.22.2.4 - - [15/Jan/2023:11:13:01 -0500] "GET /BLA/boletinlegal/ HTTP/1.1" 200 57192
216.245.221.92 - - [15/Jan/2023:11:14:49 -0500] "HEAD / HTTP/1.1" 200 -
172.22.2.4 - - [15/Jan/2023:11:15:18 -0500] "GET /BLA/boletinlegal/consulta_actos.php?tipo=autos&no=0094&usuario=&sector=&fecha=2015&resuelve= HTTP/1.1" 200 626
172.22.2.4 - - [15/Jan/2023:11:15:19 -0500] "GET /BLA/boletinlegal/consulta_actos.php?tipo=autos&no=0094&usuario=&sector=&fecha=2015&resuelve= HTTP/1.1" 200 626
172.22.2.4 - - [15/Jan/2023:11:15:20 -0500] "GET /BLA/boletinlegal/consulta_actos.php?tipo=autos&no=0094&usuario=&sector=&fecha=2015&resuelve= HTTP/1.1" 200 626
172.22.2.4 - - [15/Jan/2023:11:15:20 -0500] "GET /BLA/boletinlegal/consulta_actos.php?tipo=autos&no=0094&usuario=&sector=&fecha=2015&resuelve= HTTP/1.1" 200 626
66.102.6.175 - - [15/Jan/2023:11:15:57 -0500] "GET /BLA/resoluciones/AUTOS%202008/0484.pdf HTTP/1.1" 200 217963
201.245.192.253 - - [15/Jan/2023:11:16:34 -0500] "POST /kwsrmcab/Wsrmcab  HTTP/1.1" 200 43915
201.245.192.253 - - [15/Jan/2023:11:17:52 -0500] "GET /sipse/faces/index.xhtml HTTP/1.1" 200 677
201.245.192.253 - - [15/Jan/2023:11:17:52 -0500] "GET /sipse/faces/javax.faces.resource/theme.css?ln=primefaces-sipse HTTP/1.1" 304 -
201.245.192.253 - - [15/Jan/2023:11:17:52 -0500] "GET /sipse/faces/faces/autenticacion.xhtml HTTP/1.1" 200 12179
201.245.192.253 - - [15/Jan/2023:11:17:52 -0500] "GET /sipse/js/disable_browser_buttons.js HTTP/1.1" 304 -
201.245.192.253 - - [15/Jan/2023:11:17:52 -0500] "GET /sipse/js/funciones.js HTTP/1.1" 304 -
201.245.192.253 - - [15/Jan/2023:11:17:52 -0500] "GET /sipse/css/custom_css_sg.css HTTP/1.1" 304 -
201.245.192.253 - - [15/Jan/2023:11:17:53 -0500] "GET /sipse/css/custom_css_sg_prime_login.css HTTP/1.1" 304 -
201.245.192.253 - - [15/Jan/2023:11:17:53 -0500] "GET /sipse/faces/javax.faces.resource/theme.css?ln=primefaces-sipse HTTP/1.1" 304 -
201.245.192.253 - - [15/Jan/2023:11:17:53 -0500] "GET /sipse/faces/javax.faces.resource/primefaces.css?ln=primefaces&v=4.0 HTTP/1.1" 304 -
201.245.192.253 - - [15/Jan/2023:11:17:53 -0500] "GET /sipse/faces/javax.faces.resource/layout/layout.css?ln=primefaces&v=4.0 HTTP/1.1" 304 -
201.245.192.253 - - [15/Jan/2023:11:17:53 -0500] "GET /sipse/faces/javax.faces.resource/jquery/jquery.js?ln=primefaces&v=4.0 HTTP/1.1" 304 -
201.245.192.253 - - [15/Jan/2023:11:17:53 -0500] "GET /sipse/faces/javax.faces.resource/jquery/jquery-plugins.js?ln=primefaces&v=4.0 HTTP/1.1" 304 -
201.245.192.253 - - [15/Jan/2023:11:17:53 -0500] "GET /sipse/faces/javax.faces.resource/layout/layout.js?ln=primefaces&v=4.0 HTTP/1.1" 304 -
201.245.192.253 - - [15/Jan/2023:11:17:53 -0500] "GET /sipse/faces/javax.faces.resource/primefaces.js?ln=primefaces&v=4.0 HTTP/1.1" 304 -
201.245.192.253 - - [15/Jan/2023:11:17:53 -0500] "GET /sipse/css/imagen/logoSDG.png HTTP/1.1" 304 -
201.245.192.253 - - [15/Jan/2023:11:17:53 -0500] "GET /sipse/css/imagen/loginimg.png HTTP/1.1" 304 -
201.245.192.253 - - [15/Jan/2023:11:17:53 -0500] "GET /sipse/faces/javax.faces.resource/images/ui-icons_898989_256x240.png?ln=primefaces-aristo HTTP/1.1" 304 -
201.245.192.253 - - [15/Jan/2023:11:18:21 -0500] "POST /sipse/faces/autenticacion.xhtml HTTP/1.1" 200 11165
201.245.192.253 - - [15/Jan/2023:11:18:21 -0500] "GET /sipse/css/custom_css_sg_prime.css HTTP/1.1" 304 -
201.245.192.253 - - [15/Jan/2023:11:18:21 -0500] "GET /sipse/faces/javax.faces.resource/theme.css?ln=primefaces-sipse HTTP/1.1" 304 -
201.245.192.253 - - [15/Jan/2023:11:18:21 -0500] "GET /sipse/faces/javax.faces.resource/jquery/jquery.js?ln=primefaces&v=4.0 HTTP/1.1" 304 -
201.245.192.253 - - [15/Jan/2023:11:18:21 -0500] "GET /sipse/faces/javax.faces.resource/layout/layout.css?ln=primefaces&v=4.0 HTTP/1.1" 304 -
201.245.192.253 - - [15/Jan/2023:11:18:21 -0500] "GET /sipse/faces/javax.faces.resource/primefaces.css?ln=primefaces&v=4.0 HTTP/1.1" 304 -
201.245.192.253 - - [15/Jan/2023:11:18:21 -0500] "GET /sipse/faces/javax.faces.resource/jquery/jquery-plugins.js?ln=primefaces&v=4.0 HTTP/1.1" 304 -
201.245.192.253 - - [15/Jan/2023:11:18:21 -0500] "GET /sipse/faces/javax.faces.resource/primefaces.js?ln=primefaces&v=4.0 HTTP/1.1" 304 -
201.245.192.253 - - [15/Jan/2023:11:18:21 -0500] "GET /sipse/faces/javax.faces.resource/layout/layout.js?ln=primefaces&v=4.0 HTTP/1.1" 304 -
201.245.192.253 - - [15/Jan/2023:11:18:21 -0500] "GET /sipse/faces/javax.faces.resource/messages/messages.png?ln=primefaces&v=4.0 HTTP/1.1" 304 -
201.245.192.253 - - [15/Jan/2023:11:18:26 -0500] "POST /sipse/faces/presentacion/sistema/seguridad/seleccionRol.xhtml HTTP/1.1" 200 5600
201.245.192.253 - - [15/Jan/2023:11:18:29 -0500] "POST /sipse/faces/presentacion/sistema/seguridad/seleccionRol.xhtml HTTP/1.1" 200 15069
201.245.192.253 - - [15/Jan/2023:11:18:29 -0500] "GET /sipse/faces/javax.faces.resource/theme.css?ln=primefaces-sipse HTTP/1.1" 304 -
201.245.192.253 - - [15/Jan/2023:11:18:29 -0500] "GET /sipse/faces/javax.faces.resource/primefaces.css?ln=primefaces&v=4.0 HTTP/1.1" 304 -
201.245.192.253 - - [15/Jan/2023:11:18:29 -0500] "GET /sipse/faces/javax.faces.resource/layout/layout.css?ln=primefaces&v=4.0 HTTP/1.1" 304 -
201.245.192.253 - - [15/Jan/2023:11:18:29 -0500] "GET /sipse/js/jquery.min.js HTTP/1.1" 304 -
201.245.192.253 - - [15/Jan/2023:11:18:29 -0500] "GET /sipse/faces/javax.faces.resource/jquery/jquery.js?ln=primefaces&v=4.0 HTTP/1.1" 304 -
201.245.192.253 - - [15/Jan/2023:11:18:29 -0500] "GET /sipse/faces/javax.faces.resource/jquery/jquery-plugins.js?ln=primefaces&v=4.0 HTTP/1.1" 304 -
201.245.192.253 - - [15/Jan/2023:11:18:29 -0500] "GET /sipse/faces/javax.faces.resource/primefaces.js?ln=primefaces&v=4.0 HTTP/1.1" 304 -
201.245.192.253 - - [15/Jan/2023:11:18:29 -0500] "GET /sipse/faces/javax.faces.resource/layout/layout.js?ln=primefaces&v=4.0 HTTP/1.1" 304 -
201.245.192.253 - - [15/Jan/2023:11:18:29 -0500] "GET /sipse/imagenes/cargando.gif HTTP/1.1" 304 -
201.245.192.253 - - [15/Jan/2023:11:18:29 -0500] "GET /sipse/imagenes/logoAplicacion.jpg HTTP/1.1" 304 -
201.245.192.253 - - [15/Jan/2023:11:18:29 -0500] "GET /sipse/css/imagen/contrasena.png HTTP/1.1" 404 383
201.245.192.253 - - [15/Jan/2023:11:18:32 -0500] "GET /sipse/faces/javax.faces.resource/images/ui-bg_flat_0_2d5972_40x100.png?ln=primefaces-aristo HTTP/1.1" 304 -
201.245.192.253 - - [15/Jan/2023:11:18:32 -0500] "POST /sipse/faces/bienvenido.xhtml HTTP/1.1" 200 2073
201.245.192.253 - - [15/Jan/2023:11:18:30 -0500] "POST /kwsrmcab/Wsrmcab HTTP/1.1" 200 39857
201.245.192.253 - - [15/Jan/2023:11:18:33 -0500] "POST /sipse/faces/bienvenido.xhtml HTTP/1.1" 200 37806
201.245.192.253 - - [15/Jan/2023:11:18:33 -0500] "GET /sipse/faces/javax.faces.resource/layout/layout.css?ln=primefaces&v=4.0 HTTP/1.1" 304 -
201.245.192.253 - - [15/Jan/2023:11:18:33 -0500] "GET /sipse/faces/javax.faces.resource/primefaces.css?ln=primefaces&v=4.0 HTTP/1.1" 304 -
201.245.192.253 - - [15/Jan/2023:11:18:33 -0500] "GET /sipse/faces/javax.faces.resource/theme.css?ln=primefaces-sipse HTTP/1.1" 304 -
201.245.192.253 - - [15/Jan/2023:11:18:33 -0500] "GET /sipse/faces/javax.faces.resource/jquery/jquery.js?ln=primefaces&v=4.0 HTTP/1.1" 304 -
201.245.192.253 - - [15/Jan/2023:11:18:33 -0500] "GET /sipse/faces/javax.faces.resource/jquery/jquery-plugins.js?ln=primefaces&v=4.0 HTTP/1.1" 304 -
201.245.192.253 - - [15/Jan/2023:11:18:33 -0500] "GET /sipse/faces/javax.faces.resource/primefaces.js?ln=primefaces&v=4.0 HTTP/1.1" 304 -
201.245.192.253 - - [15/Jan/2023:11:18:33 -0500] "GET /sipse/faces/javax.faces.resource/layout/layout.js?ln=primefaces&v=4.0 HTTP/1.1" 304 -
201.245.192.253 - - [15/Jan/2023:11:18:33 -0500] "POST /kwsrmcab/Wsrmcab HTTP/1.1" 200 43762
201.245.192.253 - - [15/Jan/2023:11:18:45 -0500] "POST /sipse/faces/presentacion/financiero/solicitudProceso/consultar.xhtml HTTP/1.1" 200 13004
201.245.192.253 - - [15/Jan/2023:11:18:47 -0500] "POST /sipse/faces/presentacion/financiero/solicitudProceso/consultar.xhtml HTTP/1.1" 200 140083
201.245.192.253 - - [15/Jan/2023:11:18:49 -0500] "GET /sipse/faces/javax.faces.resource/theme.css?ln=primefaces-sipse HTTP/1.1" 304 -
201.245.192.253 - - [15/Jan/2023:11:18:49 -0500] "GET /sipse/faces/javax.faces.resource/layout/layout.css?ln=primefaces&v=4.0 HTTP/1.1" 304 -
201.245.192.253 - - [15/Jan/2023:11:18:49 -0500] "GET /sipse/faces/javax.faces.resource/primefaces.css?ln=primefaces&v=4.0 HTTP/1.1" 304 -
201.245.192.253 - - [15/Jan/2023:11:18:49 -0500] "GET /sipse/faces/javax.faces.resource/jquery/jquery.js?ln=primefaces&v=4.0 HTTP/1.1" 304 -
201.245.192.253 - - [15/Jan/2023:11:18:49 -0500] "GET /sipse/faces/javax.faces.resource/jquery/jquery-plugins.js?ln=primefaces&v=4.0 HTTP/1.1" 304 -
201.245.192.253 - - [15/Jan/2023:11:18:49 -0500] "GET /sipse/faces/javax.faces.resource/primefaces.js?ln=primefaces&v=4.0 HTTP/1.1" 304 -
201.245.192.253 - - [15/Jan/2023:11:18:49 -0500] "GET /sipse/faces/javax.faces.resource/layout/layout.js?ln=primefaces&v=4.0 HTTP/1.1" 304 -
201.245.192.253 - - [15/Jan/2023:11:18:55 -0500] "POST /sipse/faces/presentacion/financiero/solicitudProceso/consultarSolicitudProceso.xhtml HTTP/1.1" 200 32085
201.245.192.253 - - [15/Jan/2023:11:18:56 -0500] "GET /sipse/faces/javax.faces.resource/theme.css?ln=primefaces-sipse HTTP/1.1" 304 -
201.245.192.253 - - [15/Jan/2023:11:18:56 -0500] "GET /sipse/faces/javax.faces.resource/layout/layout.css?ln=primefaces&v=4.0 HTTP/1.1" 304 -
201.245.192.253 - - [15/Jan/2023:11:18:56 -0500] "GET /sipse/faces/javax.faces.resource/primefaces.css?ln=primefaces&v=4.0 HTTP/1.1" 304 -
201.245.192.253 - - [15/Jan/2023:11:18:56 -0500] "GET /sipse/faces/javax.faces.resource/jquery/jquery.js?ln=primefaces&v=4.0 HTTP/1.1" 304 -
201.245.192.253 - - [15/Jan/2023:11:18:56 -0500] "GET /sipse/faces/javax.faces.resource/jquery/jquery-plugins.js?ln=primefaces&v=4.0 HTTP/1.1" 304 -
201.245.192.253 - - [15/Jan/2023:11:18:56 -0500] "GET /sipse/faces/javax.faces.resource/primefaces.js?ln=primefaces&v=4.0 HTTP/1.1" 304 -
201.245.192.253 - - [15/Jan/2023:11:18:56 -0500] "GET /sipse/faces/javax.faces.resource/layout/layout.js?ln=primefaces&v=4.0 HTTP/1.1" 304 -
201.245.192.253 - - [15/Jan/2023:11:18:56 -0500] "GET /sipse/faces/javax.faces.resource/images/ui-icons_898989_256x240.png?ln=primefaces-aristo HTTP/1.1" 304 -
172.22.2.4 - - [15/Jan/2023:11:18:01 -0500] "HEAD /BLA/boletinlegal/ HTTP/1.1" 200 -
201.245.192.253 - - [15/Jan/2023:11:19:47 -0500] "GET /sipse/faces/javax.faces.resource/theme.css?ln=primefaces-sipse HTTP/1.1" 304 -
201.245.192.253 - - [15/Jan/2023:11:19:47 -0500] "GET /sipse/faces/javax.faces.resource/jquery/jquery.js?ln=primefaces&v=4.0 HTTP/1.1" 304 -
201.245.192.253 - - [15/Jan/2023:11:19:47 -0500] "GET /sipse/faces/javax.faces.resource/layout/layout.css?ln=primefaces&v=4.0 HTTP/1.1" 304 -
201.245.192.253 - - [15/Jan/2023:11:19:47 -0500] "GET /sipse/faces/javax.faces.resource/primefaces.css?ln=primefaces&v=4.0 HTTP/1.1" 304 -
201.245.192.253 - - [15/Jan/2023:11:19:47 -0500] "POST /sipse/faces/presentacion/financiero/solicitudProceso/consultarHistorialSolProceso.xhtml HTTP/1.1" 200 185877
201.245.192.253 - - [15/Jan/2023:11:19:47 -0500] "GET /sipse/faces/javax.faces.resource/jquery/jquery-plugins.js?ln=primefaces&v=4.0 HTTP/1.1" 304 -
201.245.192.253 - - [15/Jan/2023:11:19:47 -0500] "GET /sipse/faces/javax.faces.resource/primefaces.js?ln=primefaces&v=4.0 HTTP/1.1" 304 -
201.245.192.253 - - [15/Jan/2023:11:19:47 -0500] "GET /sipse/faces/javax.faces.resource/layout/layout.js?ln=primefaces&v=4.0 HTTP/1.1" 304 -
201.245.192.253 - - [15/Jan/2023:11:19:47 -0500] "GET /sipse/faces/javax.faces.resource/images/ui-icons_898989_256x240.png?ln=primefaces-aristo HTTP/1.1" 304 -
216.245.221.92 - - [15/Jan/2023:11:19:49 -0500] "HEAD / HTTP/1.1" 200 -
172.22.2.4 - - [15/Jan/2023:11:18:51 -0500] "GET /BLA/boletinlegal/ HTTP/1.1" 200 57824
201.245.192.253 - - [15/Jan/2023:11:21:34 -0500] "GET /sipse/faces/javax.faces.resource/images/ui-bg_flat_0_2d5972_40x100.png?ln=primefaces-aristo HTTP/1.1" 304 -
201.245.192.253 - - [15/Jan/2023:11:21:34 -0500] "POST /sipse/faces/presentacion/financiero/solicitudProceso/consultarSolicitudProceso.xhtml HTTP/1.1" 200 41027
201.245.192.253 - - [15/Jan/2023:11:21:34 -0500] "GET /sipse/faces/javax.faces.resource/theme.css?ln=primefaces-sipse HTTP/1.1" 304 -
201.245.192.253 - - [15/Jan/2023:11:21:34 -0500] "GET /sipse/faces/javax.faces.resource/primefaces.css?ln=primefaces&v=4.0 HTTP/1.1" 304 -
201.245.192.253 - - [15/Jan/2023:11:21:34 -0500] "GET /sipse/faces/javax.faces.resource/layout/layout.css?ln=primefaces&v=4.0 HTTP/1.1" 304 -
201.245.192.253 - - [15/Jan/2023:11:21:34 -0500] "GET /sipse/faces/javax.faces.resource/jquery/jquery.js?ln=primefaces&v=4.0 HTTP/1.1" 304 -
201.245.192.253 - - [15/Jan/2023:11:21:34 -0500] "GET /sipse/faces/javax.faces.resource/jquery/jquery-plugins.js?ln=primefaces&v=4.0 HTTP/1.1" 304 -
201.245.192.253 - - [15/Jan/2023:11:21:34 -0500] "GET /sipse/faces/javax.faces.resource/primefaces.js?ln=primefaces&v=4.0 HTTP/1.1" 304 -
201.245.192.253 - - [15/Jan/2023:11:21:34 -0500] "GET /sipse/faces/javax.faces.resource/layout/layout.js?ln=primefaces&v=4.0 HTTP/1.1" 304 -
201.245.192.253 - - [15/Jan/2023:11:21:33 -0500] "POST /kwsrmcab/Wsrmcab  HTTP/1.1" 200 43915
201.245.192.253 - - [15/Jan/2023:11:21:37 -0500] "POST /sipse/faces/presentacion/financiero/solicitudProceso/consultar.xhtml HTTP/1.1" 200 12877
201.245.192.253 - - [15/Jan/2023:11:21:40 -0500] "POST /sipse/faces/presentacion/financiero/solicitudProceso/consultar.xhtml HTTP/1.1" 200 97304
201.245.192.253 - - [15/Jan/2023:11:21:41 -0500] "GET /sipse/faces/javax.faces.resource/theme.css?ln=primefaces-sipse HTTP/1.1" 304 -
201.245.192.253 - - [15/Jan/2023:11:21:41 -0500] "GET /sipse/faces/javax.faces.resource/primefaces.css?ln=primefaces&v=4.0 HTTP/1.1" 304 -
201.245.192.253 - - [15/Jan/2023:11:21:41 -0500] "GET /sipse/faces/javax.faces.resource/layout/layout.css?ln=primefaces&v=4.0 HTTP/1.1" 304 -
201.245.192.253 - - [15/Jan/2023:11:21:41 -0500] "GET /sipse/css/imagen/contrasena.png HTTP/1.1" 404 383
201.245.192.253 - - [15/Jan/2023:11:21:41 -0500] "GET /sipse/faces/javax.faces.resource/jquery/jquery.js?ln=primefaces&v=4.0 HTTP/1.1" 304 -
201.245.192.253 - - [15/Jan/2023:11:21:41 -0500] "GET /sipse/faces/javax.faces.resource/jquery/jquery-plugins.js?ln=primefaces&v=4.0 HTTP/1.1" 304 -
201.245.192.253 - - [15/Jan/2023:11:21:41 -0500] "GET /sipse/faces/javax.faces.resource/primefaces.js?ln=primefaces&v=4.0 HTTP/1.1" 304 -
201.245.192.253 - - [15/Jan/2023:11:21:41 -0500] "GET /sipse/faces/javax.faces.resource/layout/layout.js?ln=primefaces&v=4.0 HTTP/1.1" 304 -
173.252.95.18 - - [15/Jan/2023:11:21:54 -0500] "GET /images/cr\xc3\xb3nica-29-nov-1_optimized.jpeg HTTP/1.1" 404 1034
173.252.95.18 - - [15/Jan/2023:11:22:32 -0500] "GET /images/cr\xc3\xb3nica-29-nov-1_optimized.jpeg HTTP/1.1" 404 1034
201.245.192.253 - - [15/Jan/2023:11:23:30 -0500] "POST /sipse/faces/presentacion/financiero/solicitudProceso/consultarSolicitudProceso.xhtml HTTP/1.1" 200 40900
201.245.192.253 - - [15/Jan/2023:11:23:30 -0500] "GET /sipse/faces/javax.faces.resource/theme.css?ln=primefaces-sipse HTTP/1.1" 304 -
201.245.192.253 - - [15/Jan/2023:11:23:30 -0500] "GET /sipse/faces/javax.faces.resource/layout/layout.css?ln=primefaces&v=4.0 HTTP/1.1" 304 -
201.245.192.253 - - [15/Jan/2023:11:23:30 -0500] "GET /sipse/faces/javax.faces.resource/primefaces.css?ln=primefaces&v=4.0 HTTP/1.1" 304 -
201.245.192.253 - - [15/Jan/2023:11:23:30 -0500] "GET /sipse/faces/javax.faces.resource/jquery/jquery.js?ln=primefaces&v=4.0 HTTP/1.1" 304 -
201.245.192.253 - - [15/Jan/2023:11:23:30 -0500] "GET /sipse/faces/javax.faces.resource/jquery/jquery-plugins.js?ln=primefaces&v=4.0 HTTP/1.1" 304 -
201.245.192.253 - - [15/Jan/2023:11:23:30 -0500] "GET /sipse/faces/javax.faces.resource/primefaces.js?ln=primefaces&v=4.0 HTTP/1.1" 304 -
201.245.192.253 - - [15/Jan/2023:11:23:30 -0500] "GET /sipse/faces/javax.faces.resource/layout/layout.js?ln=primefaces&v=4.0 HTTP/1.1" 304 -
201.245.192.253 - - [15/Jan/2023:11:23:30 -0500] "POST /sipse/faces/presentacion/financiero/solicitudProceso/consultar.xhtml HTTP/1.1" 200 34263
201.245.192.253 - - [15/Jan/2023:11:23:31 -0500] "POST /sipse/faces/presentacion/financiero/solicitudProceso/consultar.xhtml HTTP/1.1" 200 34263
201.245.192.253 - - [15/Jan/2023:11:23:33 -0500] "POST /sipse/faces/presentacion/financiero/solicitudProceso/consultar.xhtml HTTP/1.1" 200 12885
201.245.192.253 - - [15/Jan/2023:11:24:48 -0500] "POST /sipse/faces/presentacion/financiero/solicitudProceso/consultar.xhtml HTTP/1.1" 200 13119
216.245.221.92 - - [15/Jan/2023:11:24:49 -0500] "HEAD / HTTP/1.1" 200 -
201.245.192.253 - - [15/Jan/2023:11:25:14 -0500] "POST /sipse/faces/presentacion/financiero/solicitudProceso/consultar.xhtml HTTP/1.1" 200 120156
201.245.192.253 - - [15/Jan/2023:11:25:15 -0500] "GET /sipse/faces/javax.faces.resource/theme.css?ln=primefaces-sipse HTTP/1.1" 304 -
201.245.192.253 - - [15/Jan/2023:11:25:15 -0500] "GET /sipse/faces/javax.faces.resource/layout/layout.css?ln=primefaces&v=4.0 HTTP/1.1" 304 -
201.245.192.253 - - [15/Jan/2023:11:25:15 -0500] "GET /sipse/faces/javax.faces.resource/primefaces.css?ln=primefaces&v=4.0 HTTP/1.1" 304 -
201.245.192.253 - - [15/Jan/2023:11:25:15 -0500] "GET /sipse/faces/javax.faces.resource/jquery/jquery.js?ln=primefaces&v=4.0 HTTP/1.1" 304 -
201.245.192.253 - - [15/Jan/2023:11:25:15 -0500] "GET /sipse/faces/javax.faces.resource/jquery/jquery-plugins.js?ln=primefaces&v=4.0 HTTP/1.1" 304 -
201.245.192.253 - - [15/Jan/2023:11:25:15 -0500] "GET /sipse/faces/javax.faces.resource/primefaces.js?ln=primefaces&v=4.0 HTTP/1.1" 304 -
201.245.192.253 - - [15/Jan/2023:11:25:15 -0500] "GET /sipse/faces/javax.faces.resource/layout/layout.js?ln=primefaces&v=4.0 HTTP/1.1" 304 -
201.245.192.253 - - [15/Jan/2023:11:25:18 -0500] "POST /sipse/faces/presentacion/financiero/solicitudProceso/consultarSolicitudProceso.xhtml HTTP/1.1" 200 29558
201.245.192.253 - - [15/Jan/2023:11:25:19 -0500] "GET /sipse/faces/javax.faces.resource/theme.css?ln=primefaces-sipse HTTP/1.1" 304 -
201.245.192.253 - - [15/Jan/2023:11:25:19 -0500] "GET /sipse/faces/javax.faces.resource/layout/layout.css?ln=primefaces&v=4.0 HTTP/1.1" 304 -
201.245.192.253 - - [15/Jan/2023:11:25:19 -0500] "GET /sipse/faces/javax.faces.resource/jquery/jquery-plugins.js?ln=primefaces&v=4.0 HTTP/1.1" 304 -
201.245.192.253 - - [15/Jan/2023:11:25:19 -0500] "GET /sipse/faces/javax.faces.resource/primefaces.css?ln=primefaces&v=4.0 HTTP/1.1" 304 -
201.245.192.253 - - [15/Jan/2023:11:25:19 -0500] "GET /sipse/faces/javax.faces.resource/jquery/jquery.js?ln=primefaces&v=4.0 HTTP/1.1" 304 -
201.245.192.253 - - [15/Jan/2023:11:25:19 -0500] "GET /sipse/faces/javax.faces.resource/primefaces.js?ln=primefaces&v=4.0 HTTP/1.1" 304 -
201.245.192.253 - - [15/Jan/2023:11:25:19 -0500] "GET /sipse/faces/javax.faces.resource/layout/layout.js?ln=primefaces&v=4.0 HTTP/1.1" 304 -
201.245.192.253 - - [15/Jan/2023:11:25:19 -0500] "GET /sipse/css/imagen/contrasena.png HTTP/1.1" 404 383
201.245.192.253 - - [15/Jan/2023:11:25:19 -0500] "GET /sipse/faces/javax.faces.resource/images/ui-icons_898989_256x240.png?ln=primefaces-aristo HTTP/1.1" 304 -
172.22.2.4 - - [15/Jan/2023:11:23:51 -0500] "HEAD /BLA/boletinlegal/ HTTP/1.1" 200 -
201.245.192.253 - - [15/Jan/2023:11:25:36 -0500] "POST /sipse/faces/presentacion/financiero/solicitudProceso/consultarHistorialSolProceso.xhtml HTTP/1.1" 200 165950
201.245.192.253 - - [15/Jan/2023:11:25:37 -0500] "GET /sipse/faces/javax.faces.resource/theme.css?ln=primefaces-sipse HTTP/1.1" 304 -
201.245.192.253 - - [15/Jan/2023:11:25:37 -0500] "GET /sipse/faces/javax.faces.resource/primefaces.css?ln=primefaces&v=4.0 HTTP/1.1" 304 -
201.245.192.253 - - [15/Jan/2023:11:25:37 -0500] "GET /sipse/faces/javax.faces.resource/layout/layout.css?ln=primefaces&v=4.0 HTTP/1.1" 304 -
201.245.192.253 - - [15/Jan/2023:11:25:37 -0500] "GET /sipse/faces/javax.faces.resource/jquery/jquery-plugins.js?ln=primefaces&v=4.0 HTTP/1.1" 304 -
201.245.192.253 - - [15/Jan/2023:11:25:37 -0500] "GET /sipse/faces/javax.faces.resource/primefaces.js?ln=primefaces&v=4.0 HTTP/1.1" 304 -
201.245.192.253 - - [15/Jan/2023:11:25:37 -0500] "GET /sipse/faces/javax.faces.resource/jquery/jquery.js?ln=primefaces&v=4.0 HTTP/1.1" 304 -
201.245.192.253 - - [15/Jan/2023:11:25:37 -0500] "GET /sipse/faces/javax.faces.resource/layout/layout.js?ln=primefaces&v=4.0 HTTP/1.1" 304 -
201.245.192.253 - - [15/Jan/2023:11:25:37 -0500] "GET /sipse/css/imagen/contrasena.png HTTP/1.1" 404 383
201.245.192.253 - - [15/Jan/2023:11:25:37 -0500] "GET /sipse/faces/javax.faces.resource/images/ui-icons_898989_256x240.png?ln=primefaces-aristo HTTP/1.1" 304 -
172.22.2.4 - - [15/Jan/2023:11:24:41 -0500] "GET /BLA/boletinlegal/ HTTP/1.1" 200 57824
201.245.192.253 - - [15/Jan/2023:11:26:32 -0500] "POST /kwsrmcab/Wsrmcab  HTTP/1.1" 200 43915
201.245.192.253 - - [15/Jan/2023:11:28:30 -0500] "POST /kwsrmcab/Wsrmcab HTTP/1.1" 200 39857
201.245.192.253 - - [15/Jan/2023:11:28:33 -0500] "POST /kwsrmcab/Wsrmcab HTTP/1.1" 200 43762
216.245.221.92 - - [15/Jan/2023:11:29:49 -0500] "HEAD / HTTP/1.1" 200 -
172.22.2.4 - - [15/Jan/2023:11:29:41 -0500] "HEAD /BLA/boletinlegal/ HTTP/1.1" 200 -
201.245.192.253 - - [15/Jan/2023:11:31:31 -0500] "POST /kwsrmcab/Wsrmcab  HTTP/1.1" 200 43915
172.22.2.4 - - [15/Jan/2023:11:30:31 -0500] "GET /BLA/boletinlegal/ HTTP/1.1" 200 59779
216.245.221.92 - - [15/Jan/2023:11:34:49 -0500] "HEAD / HTTP/1.1" 200 -
201.245.192.253 - - [15/Jan/2023:11:36:31 -0500] "POST /kwsrmcab/Wsrmcab  HTTP/1.1" 200 43915
172.22.2.4 - - [15/Jan/2023:11:35:31 -0500] "HEAD /BLA/boletinlegal/ HTTP/1.1" 200 -
172.22.2.4 - - [15/Jan/2023:11:36:21 -0500] "GET /BLA/boletinlegal/ HTTP/1.1" 200 56474
181.249.206.19 - - [15/Jan/2023:11:38:11 -0500] "GET /sipse/faces/javax.faces.resource/theme.css?ln=primefaces-sipse HTTP/1.1" 304 -
181.249.206.19 - - [15/Jan/2023:11:38:11 -0500] "GET /sipse/faces/faces/faces/faces/autenticacion.xhtml HTTP/1.1" 200 12179
181.249.206.19 - - [15/Jan/2023:11:38:11 -0500] "GET /sipse/js/disable_browser_buttons.js HTTP/1.1" 304 -
181.249.206.19 - - [15/Jan/2023:11:38:11 -0500] "GET /sipse/css/custom_css_sg.css HTTP/1.1" 304 -
181.249.206.19 - - [15/Jan/2023:11:38:11 -0500] "GET /sipse/css/custom_css_sg_prime_login.css HTTP/1.1" 304 -
181.249.206.19 - - [15/Jan/2023:11:38:11 -0500] "GET /sipse/js/funciones.js HTTP/1.1" 304 -
181.249.206.19 - - [15/Jan/2023:11:38:11 -0500] "GET /sipse/faces/javax.faces.resource/theme.css?ln=primefaces-sipse HTTP/1.1" 304 -
181.249.206.19 - - [15/Jan/2023:11:38:11 -0500] "GET /sipse/faces/javax.faces.resource/primefaces.css?ln=primefaces&v=4.0 HTTP/1.1" 304 -
181.249.206.19 - - [15/Jan/2023:11:38:11 -0500] "GET /sipse/faces/javax.faces.resource/jquery/jquery.js?ln=primefaces&v=4.0 HTTP/1.1" 304 -
181.249.206.19 - - [15/Jan/2023:11:38:11 -0500] "GET /sipse/faces/javax.faces.resource/layout/layout.css?ln=primefaces&v=4.0 HTTP/1.1" 304 -
181.249.206.19 - - [15/Jan/2023:11:38:11 -0500] "GET /sipse/faces/javax.faces.resource/jquery/jquery-plugins.js?ln=primefaces&v=4.0 HTTP/1.1" 304 -
181.249.206.19 - - [15/Jan/2023:11:38:11 -0500] "GET /sipse/faces/javax.faces.resource/primefaces.js?ln=primefaces&v=4.0 HTTP/1.1" 304 -
181.249.206.19 - - [15/Jan/2023:11:38:11 -0500] "GET /sipse/faces/javax.faces.resource/layout/layout.js?ln=primefaces&v=4.0 HTTP/1.1" 304 -
181.249.206.19 - - [15/Jan/2023:11:38:12 -0500] "GET /sipse/css/imagen/logoSDG.png HTTP/1.1" 304 -
181.249.206.19 - - [15/Jan/2023:11:38:12 -0500] "GET /sipse/css/imagen/loginimg.png HTTP/1.1" 304 -
181.249.206.19 - - [15/Jan/2023:11:38:12 -0500] "GET /sipse/faces/javax.faces.resource/images/ui-icons_898989_256x240.png?ln=primefaces-aristo HTTP/1.1" 304 -
190.25.161.225 - - [15/Jan/2023:11:38:27 -0500] "GET /sipse/faces/index.xhtml HTTP/1.1" 200 677
190.25.161.225 - - [15/Jan/2023:11:38:28 -0500] "GET /sipse/faces/javax.faces.resource/theme.css?ln=primefaces-sipse HTTP/1.1" 200 50058
190.25.161.225 - - [15/Jan/2023:11:38:29 -0500] "GET /sipse/faces/faces/autenticacion.xhtml HTTP/1.1" 200 12179
190.25.161.225 - - [15/Jan/2023:11:38:29 -0500] "GET /favicon.ico HTTP/1.1" 200 7782
190.25.161.225 - - [15/Jan/2023:11:38:30 -0500] "GET /sipse/css/custom_css_sg.css HTTP/1.1" 200 9694
190.25.161.225 - - [15/Jan/2023:11:38:30 -0500] "GET /sipse/js/funciones.js HTTP/1.1" 200 12592
190.25.161.225 - - [15/Jan/2023:11:38:30 -0500] "GET /sipse/css/custom_css_sg_prime_login.css HTTP/1.1" 200 443
190.25.161.225 - - [15/Jan/2023:11:38:30 -0500] "GET /sipse/faces/javax.faces.resource/theme.css?ln=primefaces-sipse HTTP/1.1" 304 -
190.25.161.225 - - [15/Jan/2023:11:38:30 -0500] "GET /sipse/faces/javax.faces.resource/layout/layout.css?ln=primefaces&v=4.0 HTTP/1.1" 304 -
190.25.161.225 - - [15/Jan/2023:11:38:31 -0500] "GET /sipse/js/disable_browser_buttons.js HTTP/1.1" 200 3230
190.25.161.225 - - [15/Jan/2023:11:38:30 -0500] "GET /sipse/faces/javax.faces.resource/jquery/jquery.js?ln=primefaces&v=4.0 HTTP/1.1" 200 105384
190.25.161.225 - - [15/Jan/2023:11:38:30 -0500] "GET /sipse/faces/javax.faces.resource/primefaces.css?ln=primefaces&v=4.0 HTTP/1.1" 200 53295
190.25.161.225 - - [15/Jan/2023:11:38:31 -0500] "GET /sipse/faces/javax.faces.resource/layout/layout.js?ln=primefaces&v=4.0 HTTP/1.1" 200 87560
190.25.161.225 - - [15/Jan/2023:11:38:30 -0500] "GET /sipse/faces/javax.faces.resource/jquery/jquery-plugins.js?ln=primefaces&v=4.0 HTTP/1.1" 200 220526
201.245.192.253 - - [15/Jan/2023:11:38:30 -0500] "POST /kwsrmcab/Wsrmcab HTTP/1.1" 200 39857
190.25.161.225 - - [15/Jan/2023:11:38:31 -0500] "GET /sipse/faces/javax.faces.resource/primefaces.js?ln=primefaces&v=4.0 HTTP/1.1" 200 276924
190.25.161.225 - - [15/Jan/2023:11:38:34 -0500] "GET /sipse/css/imagen/logoSDG.png HTTP/1.1" 200 53064
190.25.161.225 - - [15/Jan/2023:11:38:34 -0500] "GET /sipse/css/imagen/loginimg.png HTTP/1.1" 200 71635
190.25.161.225 - - [15/Jan/2023:11:38:34 -0500] "GET /sipse/faces/javax.faces.resource/images/ui-icons_898989_256x240.png?ln=primefaces-aristo HTTP/1.1" 200 5355
201.245.192.253 - - [15/Jan/2023:11:38:33 -0500] "POST /kwsrmcab/Wsrmcab HTTP/1.1" 200 43762
216.245.221.92 - - [15/Jan/2023:11:39:49 -0500] "HEAD / HTTP/1.1" 200 -
173.252.95.21 - - [15/Jan/2023:11:41:00 -0500] "GET /cerrados-los-caminos-de-los-cerros-orientales-por-jornada-electoral.html HTTP/1.1" 206 809
201.245.192.253 - - [15/Jan/2023:11:41:30 -0500] "POST /kwsrmcab/Wsrmcab  HTTP/1.1" 200 43915
172.22.2.4 - - [15/Jan/2023:11:41:21 -0500] "HEAD /BLA/boletinlegal/ HTTP/1.1" 200 -
172.22.2.4 - - [15/Jan/2023:11:42:11 -0500] "GET /BLA/boletinlegal/ HTTP/1.1" 200 59404
80.94.92.57 - - [15/Jan/2023:11:44:11 -0500] "GET / HTTP/1.1" 200 319
216.245.221.92 - - [15/Jan/2023:11:44:49 -0500] "HEAD / HTTP/1.1" 200 -
157.55.39.201 - - [15/Jan/2023:11:45:04 -0500] "GET /BLA/resoluciones/AUTOS%202014/2606.pdf HTTP/1.1" 304 -
40.77.167.70 - - [15/Jan/2023:11:45:29 -0500] "GET /portaldeninos/aulas-ambientales/aula-ambiental-sorotama/ HTTP/1.1" 200 89596
201.245.192.253 - - [15/Jan/2023:11:46:28 -0500] "POST /kwsrmcab/Wsrmcab  HTTP/1.1" 200 43915
172.22.2.4 - - [15/Jan/2023:11:47:11 -0500] "HEAD /BLA/boletinlegal/ HTTP/1.1" 200 -
40.77.167.59 - - [15/Jan/2023:11:49:09 -0500] "GET /sipse/faces/autenticacion.xhtml HTTP/1.1" 200 12501
191.156.183.137 - - [15/Jan/2023:11:49:10 -0500] "GET /BLA/resoluciones/index.php?dir= HTTP/1.1" 200 13502
207.46.13.83 - - [15/Jan/2023:11:49:13 -0500] "GET /BLA/resoluciones/AUTOS%202014/1313.pdf HTTP/1.1" 304 -
191.156.183.137 - - [15/Jan/2023:11:49:22 -0500] "GET /BLA/resoluciones/index.php?dir=AUTOS+2018%2F HTTP/1.1" 200 447685
172.22.2.4 - - [15/Jan/2023:11:48:01 -0500] "GET /BLA/boletinlegal/ HTTP/1.1" 200 59404
216.245.221.92 - - [15/Jan/2023:11:49:49 -0500] "HEAD / HTTP/1.1" 200 -
207.46.13.83 - - [15/Jan/2023:11:50:50 -0500] "GET / HTTP/1.1" 200 319
201.245.192.253 - - [15/Jan/2023:11:51:28 -0500] "POST /kwsrmcab/Wsrmcab  HTTP/1.1" 200 43915
172.22.2.4 - - [15/Jan/2023:11:53:01 -0500] "HEAD /BLA/boletinlegal/ HTTP/1.1" 200 -
216.245.221.92 - - [15/Jan/2023:11:54:49 -0500] "HEAD / HTTP/1.1" 200 -
172.22.2.4 - - [15/Jan/2023:11:53:51 -0500] "GET /BLA/boletinlegal/ HTTP/1.1" 200 59404
201.245.192.253 - - [15/Jan/2023:11:56:26 -0500] "POST /kwsrmcab/Wsrmcab  HTTP/1.1" 200 43915
216.245.221.92 - - [15/Jan/2023:11:59:49 -0500] "HEAD / HTTP/1.1" 200 -
183.136.225.32 - - [15/Jan/2023:12:00:10 -0500] "-" 408 -
172.22.2.4 - - [15/Jan/2023:11:58:51 -0500] "HEAD /BLA/boletinlegal/ HTTP/1.1" 200 -
172.22.2.4 - - [15/Jan/2023:11:59:41 -0500] "GET /BLA/boletinlegal/ HTTP/1.1" 200 59404
201.245.192.253 - - [15/Jan/2023:12:01:25 -0500] "POST /kwsrmcab/Wsrmcab  HTTP/1.1" 200 43915
191.95.58.30 - - [15/Jan/2023:12:02:29 -0500] "GET /sipse/faces/javax.faces.resource/theme.css?ln=primefaces-sipse HTTP/1.1" 304 -
191.95.58.30 - - [15/Jan/2023:12:02:29 -0500] "GET /sipse/faces/faces/faces/autenticacion.xhtml HTTP/1.1" 200 12187
191.95.58.30 - - [15/Jan/2023:12:02:29 -0500] "GET /sipse/faces/javax.faces.resource/theme.css?ln=primefaces-sipse HTTP/1.1" 304 -
191.95.58.30 - - [15/Jan/2023:12:02:29 -0500] "GET /sipse/faces/javax.faces.resource/primefaces.css?ln=primefaces&v=4.0 HTTP/1.1" 304 -
191.95.58.30 - - [15/Jan/2023:12:02:29 -0500] "GET /sipse/faces/javax.faces.resource/layout/layout.css?ln=primefaces&v=4.0 HTTP/1.1" 304 -
191.95.58.30 - - [15/Jan/2023:12:02:29 -0500] "GET /sipse/faces/javax.faces.resource/jquery/jquery.js?ln=primefaces&v=4.0 HTTP/1.1" 304 -
191.95.58.30 - - [15/Jan/2023:12:02:29 -0500] "GET /sipse/faces/javax.faces.resource/jquery/jquery-plugins.js?ln=primefaces&v=4.0 HTTP/1.1" 304 -
191.95.58.30 - - [15/Jan/2023:12:02:29 -0500] "GET /sipse/faces/javax.faces.resource/primefaces.js?ln=primefaces&v=4.0 HTTP/1.1" 304 -
191.95.58.30 - - [15/Jan/2023:12:02:29 -0500] "GET /sipse/faces/javax.faces.resource/layout/layout.js?ln=primefaces&v=4.0 HTTP/1.1" 304 -
191.95.58.30 - - [15/Jan/2023:12:02:30 -0500] "GET /sipse/faces/javax.faces.resource/images/ui-icons_898989_256x240.png?ln=primefaces-aristo HTTP/1.1" 304 -
152.89.196.211 - - [15/Jan/2023:12:03:23 -0500] "GET /?XDEBUG_SESSION_START=phpstorm HTTP/1.1" 200 319
216.245.221.92 - - [15/Jan/2023:12:04:49 -0500] "HEAD / HTTP/1.1" 200 -
191.95.58.30 - - [15/Jan/2023:12:05:41 -0500] "GET /appsia/controlador HTTP/1.1" 200 4799
191.95.58.30 - - [15/Jan/2023:12:05:45 -0500] "POST /appsia/controlador HTTP/1.1" 200 4621
191.95.58.30 - - [15/Jan/2023:12:05:46 -0500] "POST /appsia/controlador HTTP/1.1" 200 31790
172.22.2.4 - - [15/Jan/2023:12:04:41 -0500] "HEAD /BLA/boletinlegal/ HTTP/1.1" 200 -
201.245.192.253 - - [15/Jan/2023:12:06:24 -0500] "POST /kwsrmcab/Wsrmcab  HTTP/1.1" 200 43915
172.22.2.4 - - [15/Jan/2023:12:05:31 -0500] "GET /BLA/boletinlegal/ HTTP/1.1" 200 57824
207.46.13.41 - - [15/Jan/2023:12:09:15 -0500] "GET /BLA/boletinlegal/Circulares/2020/Circular%2000010%20del%2027%20de%20julio%20de%202020.pdf HTTP/1.1" 304 -
216.245.221.92 - - [15/Jan/2023:12:09:49 -0500] "HEAD / HTTP/1.1" 200 -
201.245.192.253 - - [15/Jan/2023:12:11:23 -0500] "POST /kwsrmcab/Wsrmcab  HTTP/1.1" 200 43915
172.22.2.4 - - [15/Jan/2023:12:10:31 -0500] "HEAD /BLA/boletinlegal/ HTTP/1.1" 200 -
190.26.44.11 - - [15/Jan/2023:12:12:14 -0500] "GET /sipse/faces/faces/index.xhtml HTTP/1.1" 200 677
190.26.44.11 - - [15/Jan/2023:12:12:14 -0500] "GET /sipse/faces/javax.faces.resource/theme.css?ln=primefaces-sipse HTTP/1.1" 304 -
190.26.44.11 - - [15/Jan/2023:12:12:15 -0500] "GET /sipse/faces/faces/faces/autenticacion.xhtml HTTP/1.1" 200 12179
190.26.44.11 - - [15/Jan/2023:12:12:15 -0500] "GET /sipse/js/disable_browser_buttons.js HTTP/1.1" 304 -
190.26.44.11 - - [15/Jan/2023:12:12:15 -0500] "GET /sipse/faces/javax.faces.resource/theme.css?ln=primefaces-sipse HTTP/1.1" 304 -
190.26.44.11 - - [15/Jan/2023:12:12:15 -0500] "GET /sipse/js/funciones.js HTTP/1.1" 304 -
190.26.44.11 - - [15/Jan/2023:12:12:15 -0500] "GET /sipse/faces/javax.faces.resource/layout/layout.css?ln=primefaces&v=4.0 HTTP/1.1" 304 -
190.26.44.11 - - [15/Jan/2023:12:12:15 -0500] "GET /sipse/css/custom_css_sg_prime_login.css HTTP/1.1" 304 -
190.26.44.11 - - [15/Jan/2023:12:12:15 -0500] "GET /sipse/css/custom_css_sg.css HTTP/1.1" 304 -
