186.102.37.186 - - [15/Jan/2023:15:19:19 -0500] "GET /kwssiamovil/sm/acme/a?s=U2FsdGVkX1+kzmnAPzxtlzkmKzGLcmR0f6PLUyfvncHnDTnB2bNusij0/EMukSUqVk6qTwlhewx8bD6QZ6aaGxSHTe0R+SE+2idlf+yyybEj10kvN9CDjoPRzKF3p6MZc6YSbmyIo0fKo1dBueDoMNA81XBBvZtlYHGp0L6v2DY=&u=U2FsdGVkX1/vP7OE8gR6A6yeTka2MGISoyEX/cPbpfITxREA5ytDFlbB9V7a0uYb&y=U2FsdGVkX1+eOSDK1erczNLQAB06/QLLS55VS7PHBfKIpFwj28uDaK9yWKUyM0y8 HTTP/1.1" 200 26
186.102.37.186 - - [15/Jan/2023:15:19:19 -0500] "GET /kwssiamovil/sm/acme/a?s=U2FsdGVkX1+b79/0SvCgub3VuC0XzbLK8+RGwXkZ/1bvu9VwiEr0g6igSG0Dqcz+LL+W46JnjZq5vXlvCy/ah9GQVtin8/VuJYU5eF9tmdEunC/DLtlYb9Dy1NYU3JOFhjZGgyqyOOzxn3P4MBMnM4h/Yp7xmxGNa6x5w/Zy9bc=&u=U2FsdGVkX1/vP7OE8gR6A6yeTka2MGISoyEX/cPbpfITxREA5ytDFlbB9V7a0uYb&y=U2FsdGVkX1+eOSDK1erczNLQAB06/QLLS55VS7PHBfKIpFwj28uDaK9yWKUyM0y8 HTTP/1.1" 200 26
186.102.37.186 - - [15/Jan/2023:15:19:19 -0500] "GET /kwssiamovil/sm/acme/a?s=U2FsdGVkX1+WzdyQMRtYBo1Sh3nNwwT9zT+phRQaNj7LoMRywlieYfrx2JRvCi7GoXOrG2/EODhvHj7fydX9ySB2b2SqdOnKGx1sziYRnci1Zv2g+UgV/zkgAUK5pTYDEhbl0Ob/OmDqYoGTCE4Ji5/c6Rur3Hjj8vCttZh8AJo=&u=U2FsdGVkX1/vP7OE8gR6A6yeTka2MGISoyEX/cPbpfITxREA5ytDFlbB9V7a0uYb&y=U2FsdGVkX1+eOSDK1erczNLQAB06/QLLS55VS7PHBfKIpFwj28uDaK9yWKUyM0y8 HTTP/1.1" 200 26
186.102.37.186 - - [15/Jan/2023:15:19:19 -0500] "GET /kwssiamovil/sm/acme/a?s=U2FsdGVkX19gTbMr2+SwS+pdOhhEEJf0jniZX0E0VJUT9m2IH+9rYdn77tAvQv6AyJlrYP9vF3XiL1T9dc60U9jJmQvKTlaaHf6cIgtH9rjIx1lMiKG/4VpdjE5CwsIqroITNOiGnRtrbM31Yl4OBV+/R/fnzoWXWnjj2oMhBvo5cZbRHvADUIlxNHd9ylA1F1TZP5EH/WWssmsPiscXpg==&u=U2FsdGVkX1/vP7OE8gR6A6yeTka2MGISoyEX/cPbpfITxREA5ytDFlbB9V7a0uYb&y=U2FsdGVkX1+eOSDK1erczNLQAB06/QLLS55VS7PHBfKIpFwj28uDaK9yWKUyM0y8 HTTP/1.1" 200 26
172.22.2.4 - - [15/Jan/2023:15:18:01 -0500] "GET /BLA/boletinlegal/ HTTP/1.1" 200 59035
216.245.221.92 - - [15/Jan/2023:15:19:48 -0500] "HEAD / HTTP/1.1" 200 -
18.234.70.241 - - [15/Jan/2023:15:20:09 -0500] "GET /galeria/galeria/fotos/Humedal-la-conejera1P.jpg HTTP/1.1" 200 31504
201.245.192.253 - - [15/Jan/2023:15:20:40 -0500] "POST /kwsrmcab/Wsrmcab  HTTP/1.1" 200 43915
157.90.254.89 - - [15/Jan/2023:15:21:14 -0500] "GET / HTTP/1.1" 200 319
190.60.254.218 - - [15/Jan/2023:15:22:24 -0500] "POST /sipse/faces/presentacion/sistema/anexos/cargarAnexoSolicitudProceso.xhtml HTTP/1.1" 200 141053
190.60.254.218 - - [15/Jan/2023:15:22:26 -0500] "GET /sipse/faces/javax.faces.resource/theme.css?ln=primefaces-sipse HTTP/1.1" 304 -
190.60.254.218 - - [15/Jan/2023:15:22:26 -0500] "GET /sipse/faces/javax.faces.resource/jquery/jquery.js?ln=primefaces&v=4.0 HTTP/1.1" 304 -
190.60.254.218 - - [15/Jan/2023:15:22:26 -0500] "GET /sipse/faces/javax.faces.resource/layout/layout.css?ln=primefaces&v=4.0 HTTP/1.1" 304 -
190.60.254.218 - - [15/Jan/2023:15:22:26 -0500] "GET /sipse/faces/javax.faces.resource/primefaces.css?ln=primefaces&v=4.0 HTTP/1.1" 304 -
190.60.254.218 - - [15/Jan/2023:15:22:26 -0500] "GET /sipse/faces/javax.faces.resource/jquery/jquery-plugins.js?ln=primefaces&v=4.0 HTTP/1.1" 304 -
190.60.254.218 - - [15/Jan/2023:15:22:26 -0500] "GET /sipse/faces/javax.faces.resource/primefaces.js?ln=primefaces&v=4.0 HTTP/1.1" 304 -
190.60.254.218 - - [15/Jan/2023:15:22:26 -0500] "GET /sipse/faces/javax.faces.resource/layout/layout.js?ln=primefaces&v=4.0 HTTP/1.1" 304 -
190.60.254.218 - - [15/Jan/2023:15:23:08 -0500] "POST /sipse/faces/presentacion/financiero/solicitudProceso/consultarSolicitudProceso.xhtml HTTP/1.1" 200 23467
190.60.254.218 - - [15/Jan/2023:15:23:09 -0500] "GET /sipse/faces/javax.faces.resource/theme.css?ln=primefaces-sipse HTTP/1.1" 304 -
190.60.254.218 - - [15/Jan/2023:15:23:09 -0500] "GET /sipse/faces/javax.faces.resource/primefaces.css?ln=primefaces&v=4.0 HTTP/1.1" 304 -
190.60.254.218 - - [15/Jan/2023:15:23:09 -0500] "GET /sipse/faces/javax.faces.resource/layout/layout.css?ln=primefaces&v=4.0 HTTP/1.1" 304 -
190.60.254.218 - - [15/Jan/2023:15:23:09 -0500] "GET /sipse/faces/javax.faces.resource/fileupload/fileupload.css?ln=primefaces&v=4.0 HTTP/1.1" 304 -
190.60.254.218 - - [15/Jan/2023:15:23:09 -0500] "GET /sipse/faces/javax.faces.resource/jquery/jquery.js?ln=primefaces&v=4.0 HTTP/1.1" 304 -
190.60.254.218 - - [15/Jan/2023:15:23:09 -0500] "GET /sipse/faces/javax.faces.resource/primefaces.js?ln=primefaces&v=4.0 HTTP/1.1" 304 -
190.60.254.218 - - [15/Jan/2023:15:23:09 -0500] "GET /sipse/faces/javax.faces.resource/jquery/jquery-plugins.js?ln=primefaces&v=4.0 HTTP/1.1" 304 -
190.60.254.218 - - [15/Jan/2023:15:23:09 -0500] "GET /sipse/faces/javax.faces.resource/layout/layout.js?ln=primefaces&v=4.0 HTTP/1.1" 304 -
190.60.254.218 - - [15/Jan/2023:15:23:09 -0500] "GET /sipse/faces/javax.faces.resource/fileupload/fileupload.js?ln=primefaces&v=4.0 HTTP/1.1" 304 -
190.60.254.218 - - [15/Jan/2023:15:23:23 -0500] "POST /sipse/faces/presentacion/sistema/anexos/cargarAnexoSolicitudProceso.xhtml HTTP/1.1" 400 1022
172.22.2.4 - - [15/Jan/2023:15:23:00 -0500] "HEAD /BLA/boletinlegal/ HTTP/1.1" 200 -
216.245.221.92 - - [15/Jan/2023:15:24:48 -0500] "HEAD / HTTP/1.1" 200 -
190.60.254.218 - - [15/Jan/2023:15:25:28 -0500] "GET /sipse/faces/javax.faces.resource/theme.css?ln=primefaces-sipse HTTP/1.1" 304 -
190.60.254.218 - - [15/Jan/2023:15:25:28 -0500] "GET /sipse/faces/javax.faces.resource/primefaces.css?ln=primefaces&v=4.0 HTTP/1.1" 304 -
190.60.254.218 - - [15/Jan/2023:15:25:28 -0500] "GET /sipse/faces/javax.faces.resource/jquery/jquery.js?ln=primefaces&v=4.0 HTTP/1.1" 304 -
190.60.254.218 - - [15/Jan/2023:15:25:28 -0500] "GET /sipse/faces/javax.faces.resource/layout/layout.css?ln=primefaces&v=4.0 HTTP/1.1" 304 -
190.60.254.218 - - [15/Jan/2023:15:25:28 -0500] "GET /sipse/faces/javax.faces.resource/jquery/jquery-plugins.js?ln=primefaces&v=4.0 HTTP/1.1" 304 -
190.60.254.218 - - [15/Jan/2023:15:25:28 -0500] "GET /sipse/faces/javax.faces.resource/primefaces.js?ln=primefaces&v=4.0 HTTP/1.1" 304 -
190.60.254.218 - - [15/Jan/2023:15:25:28 -0500] "GET /sipse/faces/javax.faces.resource/layout/layout.js?ln=primefaces&v=4.0 HTTP/1.1" 304 -
190.60.254.218 - - [15/Jan/2023:15:24:17 -0500] "POST /sipse/faces/presentacion/sistema/anexos/cargarAnexoSolicitudProceso.xhtml HTTP/1.1" 200 189670
186.102.37.186 - - [15/Jan/2023:15:25:29 -0500] "GET /kwssiamovil/sm/acme/a?s=U2FsdGVkX1/WkIVQOeu9oUk4730unl0Opea55POQ/BHLnS6OwVsRMDDxtF3/j4KLinD6XvHm5RvVdTmIiefhbaxi482tneJHqx+/sYjvTkR1hP5UqOy6DQKvRywXK7DTRRcLWLHasRzHulGJq4GGRv3S3dqQtRJV4CGU9vB7bxhT4T39kDeqSbrXBxxSWlLhMWbCLQT+W0sZEGTApHjqgcdRXqhMQTVvv/k0mYpDPAA5eOEOq66ZfCEZ6cTMiGkuyjs4KNjMmAe4JIZ4YtJjJA==&u=U2FsdGVkX1/vP7OE8gR6A6yeTka2MGISoyEX/cPbpfITxREA5ytDFlbB9V7a0uYb&y=U2FsdGVkX1+eOSDK1erczNLQAB06/QLLS55VS7PHBfKIpFwj28uDaK9yWKUyM0y8 HTTP/1.1" 200 26
186.102.37.186 - - [15/Jan/2023:15:25:29 -0500] "GET /kwssiamovil/sm/acme/a?s=U2FsdGVkX19WtpjDwRQxB5CfaJR4aVHxr48uLwwbpVaq4OljfYielMyIBan7A5d8K+P7ot4cEqs6nStuzg8BcQA/4EpQqHxD+0numuw9gXZbjLZOEe34YSGQwdPogQwltZBh7mNpqIQ66agqJqQFmz/NBCTky9mVfSNw02vAAbS1pZrHyaNlH/xIDHZ7W+ueUvb64aNaOLcd/CwRq9SAMwwJKs3ui1UaBMI7Rjb7t+5nDdnBtjHsTfOsusKbPfEA0HIEGY8AJJvH6wrLCoimvH+cZ3CQAPcqihEx/u79GmHwYrAjDurFU4W9cwQX+TREZoe3YUYfllKA6nbZHClnnYLzEemmIsOW4Srn9SNc6JiW7BvBq2TIIBWSV6rIG1kk9KQkyFaDp8NRo9l4jaJaZvAnCyBFsOrJMPwOtXuPqPFQLidHq2DUanwvqjh+tJUJ+2QvO/lgjXFuuZWQpflzGf9Lz7FCztDit/DuJyuixYOAS4ptPXqw0hdL1eGMeU7FcEsALSGxgiV0VX7BamNkXS8BtY3LqFCxAntbm/ndmk0FqOWwwNFFyd4iOB/1I7WKBj6p3eQ1t6MXsD1P+wtVm7gR7ZaijoZI57nnIAElkzcha70bYs8t68WeIwTq8cpEOS/RghNOHvRdqCYVNNO3eFdzXkTiDxU0DPIB/u9x1jqsHn6BMWBAUzutvPRtFVh6I7gNwWiSKcuGPt/+XROlI+7TQ3Dh1nNmuDrlM4zCfEB0UacZGzPwpwGK3O+4DW3gbRbi78t0aO03nimTzEfDFkF4bnLlQfqhF9KMlDNHu5kfa7O5eFixdjlJ5j6omPBnOLwWjYWYenPvDcCn2Enxsbu9RCQ1MRBABitlP2jmGAP3X3YkbtChN2WpegPkihAWDun7UkHMIlqLtr0anFFLPwJqaAB6l22NVMONaVscEZSQtm87N5H6LVaVL/eoPVfbMibzyMEiVE+1xx2OA01BSxXCiFPPydA5GN7ya67c4DX/VSzuXF1cfzSe51Fi5yoamCNrs1sfU+Qpl9aWUTFc1JNTt5REjVwV5hH3mthDmjp765ZnzidyMydYnLHFVI4uhraHSi++en3rxEqZ4rvD3YeMhi2c2tApKYuJrPRTP9JFr0nyXXnIi+2JATfnL7zPO1BE7FAQ6g1W8A8V+SfsyKGhJa9cYczfGUHVq2v99EZZ1V7cUSh/HVU/NTkKFjnuvmX2k01i58H5owFJgMzSJSYEQCatkzC3nj6qiSI0QjAYIOnAJVIaqjZ691jl40FCGh1TngISxyKS0WSZmgCqq4gMxgNekvxDRYCnSAb704qw5k60L9f29okDS1fvnCANcI9BpXBH5YO8lXm10IxrbiiRuL8fegpqwFMO92+WMNTLZ9XAblZEnBTpQxEO+ivyQzwWkZfOhWVmhLAw4GWMU3yrTGxiJhyZrpINmOMjWdNePp6AJ5BmKvOSM47gEwssrzoINisQBqPeJAWx/zLG2Op3OkX3BrOntgX11dEKzX1DHl32XzA8c+VPHloxPkpJP6uIwXlvTRH6lvpeK+rS7WhjLBmAwy3MK6dqBskwV0OLPpMZjIDT/4QdEkdIR/4+aFHdeIQIM9cSi4PgM1A2CwIG6MUj0m1XO37BndX95Me11sWVfqoiBf7wGpZRTGU8EozDVL7sdRaZ+0+FgtfBRjqAi8WdnbAdJmGLqng/6OQuXfpo9XXvp/18LthSygSHzXrahVtPcstBcjhNMhPfYYtD3JZHf3+GFs8iY56LPxIpE5iFcKocKeR3y7MlBedQoMWP2CxGqIB2GQoRcmzZ+ZJtTvJggpoXWBrYdh/1PIZ4hUtoSJDT9OYkGEqHSG8nf6SgVNC4qxZgo0qxK1f5aX/Fy4Iz1wq3gBLX1DsPGkfAK1oCU7o2obBnw/nuMoAUw5kLMprgB+JV80Sn1CmfGZmJXm1wkKryCewAn1L8bsHLa2dgw9chPbqzv0Yf2c5lQ87pNTxpcAWsCT/w+GfzekwqKoLMMZWHchjXYBNlOMucErd/XCgMlO+YxsTGLI+jDowLvIpSulR88uzmSslp51KMtIvTG4dIWQg0iTs06k7n2M1jjx1LoQwAO90GeBkrytGxW0PcCiz3VKeUGoYBCZ9vx90bQIvM1Iq86xFP8EswwCpIUBvjFn4PRKUb9z5WfSRYH/1WlNlfCZPjpLsbMASnesYNni0q8vhIshsPBDwmt2KaBfZJycH7NWertRIPv+GJJkeTMb2C9Fxig5pA7Df2A7sT0AYl1dTk3dSwlV2K0zGUNpuxQVqOAoi052Yz6DjeV6BvafXz5zIdSNd1HimoR2E76RN79cGOOPyLn5AaqxIVOhYL7YZGnSqBOt/pO85r7N3bt/wo1tEskHn10c/Wbn04R5aRYsvYNtbYNZh09n2d2izlNBzuDt7VsDHDJNQerjwf2+qf64iVV9ahdqeWCYMfSgP1LUWvVnedlzXDtbtzoecClL7ep10Ux7WmYQy2gfupmD19OxuowBUu0xmGHnvMGaq8VoxmTgYhIfC8cCj+S+ao4rcbcexqNhiTeTqkaAeutPe29W0F1xvNixZ0Iy8oWw6Gm5VaAxb/tjp4S1QkHY/FJFy2XbjkzrzGVqILSvr75MUmmkvfosPY7b05cA3whhl6LL6oDb9T7BWDhodGo+zl+JOhkpJeWiceUhoOPihh9DG3gvZW0QYd04LSHhkk7exKcPPhzvKtyCHZzmEtwmcb/3iDjxcL7Uz+hV5Bfsp+j7+7CDSKxOh90TjraOVTCeTvo1t4MWl/k8bGniqrvIyfjYbswRuPW513DJuf61JnDwNJcm+cwnZ/EjQU2VOAljgBGIWlybg073xbjIZN84z2KZqBppWqvPMAOvJHUWq4Q4AhAp8TAk1OKdV4+z+PI7E/gwKQppY7ip1LqqVHOdqHiqQjbS1oh4gUK79E0IuOvd7iX/tHe7X9MFmBVzUQvsq/k9ZepTtR8Z3GMDJ4u39GBdhAdfKJkX2i&u=U2FsdGVkX1/vP7OE8gR6A6yeTka2MGISoyEX/cPbpfITxREA5ytDFlbB9V7a0uYb&y=U2FsdGVkX1+eOSDK1erczNLQAB06/QLLS55VS7PHBfKIpFwj28uDaK9yWKUyM0y8 HTTP/1.1" 200 26
186.102.37.186 - - [15/Jan/2023:15:25:30 -0500] "GET /kwssiamovil/sm/acme/a?s=U2FsdGVkX1+FVVt9+uV0lR0ob+NDBXZjCEOZPO1/ES/3C/qePcXiD7nfz5N4NJjjf70fl0Ekc0NKBQce4g5P6TVqiA7JpZT3Ae3TvC/iis25InJomOoMyWoceAict+lbYH7qj6ppdvXRwb53E4pKoHJIBVKk0HnXpejgDhWS/BI=&u=U2FsdGVkX1/vP7OE8gR6A6yeTka2MGISoyEX/cPbpfITxREA5ytDFlbB9V7a0uYb&y=U2FsdGVkX1+eOSDK1erczNLQAB06/QLLS55VS7PHBfKIpFwj28uDaK9yWKUyM0y8 HTTP/1.1" 200 26
186.102.37.186 - - [15/Jan/2023:15:25:30 -0500] "GET /kwssiamovil/sm/acme/a?s=U2FsdGVkX1/wPsxj8BwpD496tixidGFhyUuwzGbRhEEq41fWcrWv8vkK8L703CJ9qyn4+SQ/rOvQW1dq9mIzM1Z+AhZEdNHpjpHcdcJ7RHs0baFBi6/nLzeCwawkcr/5ctMcUQJ6XTX9/8th+6nZSew2x2JZAM7pGGDUtuh61dY=&u=U2FsdGVkX1/vP7OE8gR6A6yeTka2MGISoyEX/cPbpfITxREA5ytDFlbB9V7a0uYb&y=U2FsdGVkX1+eOSDK1erczNLQAB06/QLLS55VS7PHBfKIpFwj28uDaK9yWKUyM0y8 HTTP/1.1" 200 26
186.102.37.186 - - [15/Jan/2023:15:25:30 -0500] "GET /kwssiamovil/sm/acme/a?s=U2FsdGVkX19/cwDyMaPg2XZmrFknNrUGoIwS1VWnHgf1B9/aWHbDIBpxb6kTx/G6CJbV2Db5nDMweOIrwS6emPOJHOJRDZGFzFq655Z3GxqhklZhXsT55lEcyT3tMHet0D/mxszSbHUII6BX13BcK3JUyUf12HzQnfUtQiIsPJM=&u=U2FsdGVkX1/vP7OE8gR6A6yeTka2MGISoyEX/cPbpfITxREA5ytDFlbB9V7a0uYb&y=U2FsdGVkX1+eOSDK1erczNLQAB06/QLLS55VS7PHBfKIpFwj28uDaK9yWKUyM0y8 HTTP/1.1" 200 26
186.102.37.186 - - [15/Jan/2023:15:25:30 -0500] "GET /kwssiamovil/sm/acme/a?s=U2FsdGVkX19YcYP2tMdfaaXKNhL2tx6hZ3VeWNBS+2r95Z69pGQzcU7kSUOf25ST9MhVvZBAEcXAdooQp/qH/MBiA+l/QZEHCvHyu4nIoFdxenWDeN7Kx5voFNu5glq+J7woBxsFdLqkdJWlWFPHexyu1e+xW1w/xeHL78WTYk/BOCZBDooo9cMBIrQppk+jzJ4a1q6O5guC4IP89SDUhA==&u=U2FsdGVkX1/vP7OE8gR6A6yeTka2MGISoyEX/cPbpfITxREA5ytDFlbB9V7a0uYb&y=U2FsdGVkX1+eOSDK1erczNLQAB06/QLLS55VS7PHBfKIpFwj28uDaK9yWKUyM0y8 HTTP/1.1" 200 26
172.22.2.4 - - [15/Jan/2023:15:23:51 -0500] "GET /BLA/boletinlegal/ HTTP/1.1" 200 57192
201.245.192.253 - - [15/Jan/2023:15:25:39 -0500] "POST /kwsrmcab/Wsrmcab  HTTP/1.1" 200 43915
190.60.254.218 - - [15/Jan/2023:15:25:42 -0500] "POST /sipse/faces/presentacion/financiero/solicitudProceso/consultarSolicitudProceso.xhtml HTTP/1.1" 200 23467
190.60.254.218 - - [15/Jan/2023:15:25:43 -0500] "GET /sipse/faces/javax.faces.resource/theme.css?ln=primefaces-sipse HTTP/1.1" 304 -
190.60.254.218 - - [15/Jan/2023:15:25:43 -0500] "GET /sipse/faces/javax.faces.resource/primefaces.css?ln=primefaces&v=4.0 HTTP/1.1" 304 -
190.60.254.218 - - [15/Jan/2023:15:25:43 -0500] "GET /sipse/faces/javax.faces.resource/layout/layout.css?ln=primefaces&v=4.0 HTTP/1.1" 304 -
190.60.254.218 - - [15/Jan/2023:15:25:43 -0500] "GET /sipse/faces/javax.faces.resource/fileupload/fileupload.css?ln=primefaces&v=4.0 HTTP/1.1" 304 -
190.60.254.218 - - [15/Jan/2023:15:25:43 -0500] "GET /sipse/faces/javax.faces.resource/jquery/jquery.js?ln=primefaces&v=4.0 HTTP/1.1" 304 -
190.60.254.218 - - [15/Jan/2023:15:25:43 -0500] "GET /sipse/faces/javax.faces.resource/jquery/jquery-plugins.js?ln=primefaces&v=4.0 HTTP/1.1" 304 -
190.60.254.218 - - [15/Jan/2023:15:25:43 -0500] "GET /sipse/faces/javax.faces.resource/primefaces.js?ln=primefaces&v=4.0 HTTP/1.1" 304 -
190.60.254.218 - - [15/Jan/2023:15:25:43 -0500] "GET /sipse/faces/javax.faces.resource/layout/layout.js?ln=primefaces&v=4.0 HTTP/1.1" 304 -
190.60.254.218 - - [15/Jan/2023:15:25:43 -0500] "GET /sipse/faces/javax.faces.resource/fileupload/fileupload.js?ln=primefaces&v=4.0 HTTP/1.1" 304 -
190.60.254.218 - - [15/Jan/2023:15:25:43 -0500] "GET /sipse/css/imagen/contrasena.png HTTP/1.1" 404 383
190.60.254.218 - - [15/Jan/2023:15:25:43 -0500] "GET /sipse/faces/javax.faces.resource/images/ui-icons_898989_256x240.png?ln=primefaces-aristo HTTP/1.1" 304 -
190.60.254.218 - - [15/Jan/2023:15:28:20 -0500] "GET /sipse/faces/javax.faces.resource/theme.css?ln=primefaces-sipse HTTP/1.1" 304 -
190.60.254.218 - - [15/Jan/2023:15:28:20 -0500] "GET /sipse/faces/javax.faces.resource/primefaces.css?ln=primefaces&v=4.0 HTTP/1.1" 304 -
190.60.254.218 - - [15/Jan/2023:15:26:11 -0500] "POST /sipse/faces/presentacion/sistema/anexos/cargarAnexoSolicitudProceso.xhtml HTTP/1.1" 200 191485
190.60.254.218 - - [15/Jan/2023:15:28:21 -0500] "GET /sipse/faces/javax.faces.resource/layout/layout.css?ln=primefaces&v=4.0 HTTP/1.1" 304 -
190.60.254.218 - - [15/Jan/2023:15:28:21 -0500] "GET /sipse/faces/javax.faces.resource/jquery/jquery.js?ln=primefaces&v=4.0 HTTP/1.1" 304 -
190.60.254.218 - - [15/Jan/2023:15:28:21 -0500] "GET /sipse/faces/javax.faces.resource/jquery/jquery-plugins.js?ln=primefaces&v=4.0 HTTP/1.1" 304 -
190.60.254.218 - - [15/Jan/2023:15:28:21 -0500] "GET /sipse/faces/javax.faces.resource/primefaces.js?ln=primefaces&v=4.0 HTTP/1.1" 304 -
190.60.254.218 - - [15/Jan/2023:15:28:21 -0500] "GET /sipse/faces/javax.faces.resource/layout/layout.js?ln=primefaces&v=4.0 HTTP/1.1" 304 -
190.60.254.218 - - [15/Jan/2023:15:28:22 -0500] "GET /sipse/css/imagen/contrasena.png HTTP/1.1" 404 383
190.60.254.218 - - [15/Jan/2023:15:28:22 -0500] "GET /sipse/faces/javax.faces.resource/images/ui-icons_898989_256x240.png?ln=primefaces-aristo HTTP/1.1" 304 -
173.252.79.5 - - [15/Jan/2023:15:28:28 -0500] "GET /images/jardines-verticales-plantas-24-mayo.jpg HTTP/1.1" 200 148288
201.245.192.253 - - [15/Jan/2023:15:28:29 -0500] "POST /kwsrmcab/Wsrmcab HTTP/1.1" 200 43280
201.245.192.253 - - [15/Jan/2023:15:28:32 -0500] "POST /kwsrmcab/Wsrmcab HTTP/1.1" 200 43762
186.102.37.186 - - [15/Jan/2023:15:28:42 -0500] "GET /kwssiamovil/sm/acme/a?s=U2FsdGVkX1+4rcva6D+mFqbXfRX0T0LG/WWt+NUJgCvBynAxhyeFsmxM7ZbqERP/4+iouH9fxb0Sox0liWIoZicImZibEZrPva9yc44jKCAW7fMVoWZwThYTtaBD40FFz752kCwaKOaKvKCRIWhjoPkNq+8mtOuJa+h25rPOlMJik3P4GBf9FXwSvlBRIwkqSwko8A3vpeLRB0GZcBMepOMWhR342ATfe/cxhDrldMWY7dkkXZmWTaml7k7rq6SC+5P9R9+ynzQfOKkqyjvfiQ==&u=U2FsdGVkX1/vP7OE8gR6A6yeTka2MGISoyEX/cPbpfITxREA5ytDFlbB9V7a0uYb&y=U2FsdGVkX1+eOSDK1erczNLQAB06/QLLS55VS7PHBfKIpFwj28uDaK9yWKUyM0y8 HTTP/1.1" 200 26
186.102.37.186 - - [15/Jan/2023:15:28:42 -0500] "GET /kwssiamovil/sm/acme/a?s=U2FsdGVkX180t9ZghEZEcbURu5yDI1OQ5TBZQ+a6IeFijs3+oTWdAY/rbX8zRgiR6lE7a0O1s0ov/tYhpkt8lGIwBzT+UwvZXVYtKSNsSdLIG3g5Q0xwm6yMSazK6DIfkQ9sz6ovTgEre/rUcNnGknsE0+eMBG+wKyXXku3dBE5BAGbw7AemAKWHn/oJ/eesMB6jVBMKJZhO5bvyWjeELdtN8D/Xvo4OSAGHsOXCVl/Kmgdig1+Fo9MY52N7KxJvEOBT33ykGJWYnaixMZaF39C6acEVNDlqKW/mEzqq/LzHPbg0r7qQJGxQx4Nh08gq9+wBd4vGgeWAEPRbOB8i9GMJ1NK2s1t/2A2o/RWWl5UcU5ILjJGr6XtbwM4ksV3YpiVG4+petoZn5PymuG27jlMtTKj+VmJHcNgKCc3RqGzk9QA9L1ygNZ6qi1SHai4LEzIFXiypql4QgHHMfxBG7gKtCl6M/lUjUxBO4YgGHmT+XAYzNaNfzwovprhsWTnFJsjsN/ZoA0YIXqg1oJoymHxBaerCSpaj2x6JM7PkdPhNB8vRl3jtv/GE+suf2O1Zo+nOnFmWPW37TmlZzl9camAEGN5Cish1saJqhW96by1/vgDScKrD6nrGO6HSEiF5jdxvGXpHE62/6VQXDncN27eTQ/EiHxtk17tuh9HUsyzBhN86qFy+EueNXx9NYNCxzvwc/ulksMlFzbF2mw1VgJODmgoW2MEzr8RaYgBNvIi1qt7K7dpMO/c7BreZpkQvxRqK6zBeAyWeS7mikZqlzWM7+5yFeto0xay8n9aR2euU+iTGtvhuFb88DJmmt2eAeRrsOy1PSxfaLrs4fvizWPiaxuRQQtYT5LmBFACxga2lNGtK/iF6todN614gX1EIG3AOmE/Mxl6quFnT3bJOySwSI5YmsEIspwD9vJhhgoVH9OppF4Jr8wH2FanJioLU01So4hNZoWg/1yQktIF7Xmr7qF1a5UmNi9Hl4gvQ8TZUCJcupYi3M1lD3yrA94eOqRAefZMfmynP9qflXQWz64z0XEunzOa4eEXOu83zD5Ndmi57r5NIQq+ABWgtEu7MoyI2IOCOaB145cUwiFmVWQS0kA2mqzelVr5zIDkiSiZhaA/vJ06uYXx2R3RMqj4uZQ9S6T/RllXa93zf/P/Lml6HAon2ws8SDdsNzgnVSIWbYgXUgT6KyuIs/P/TGOqFlhI1csnVRzNwfPwhtCV8TaeJz9YMD4aon/pcfiSZFhaNfGVRbKtODSXasX4knuQiD6ByPozYsZjykLPd/QCLSB+2AAlqgv+wqcV87KeWbi8jm2jJlf/GbR6eZQFGvZQU+yMZDt/xqk6QZTV0Yf2nCRaZLSVP1tSQJbBT5c1w0F7LhZleHL9o1Ho6DKPIN4VUqCjXkzsbvBidsu12pDFVYfg9BmtmvrjsUkJ9Qw/ppd2hAIS/bbyfukVxuYVaAbybpV60PZPOEA6qDS4l1JVNJRz5hnz7zdxWohlptuWfpVbTruNcN4b2A8hFCPmzXbQSlPo4vBv15y0Py0XSqUWznEVvlb2Sm4C2jsFMgsHczs2wLXT0CPO1XhW0uDlAjVWUBw4aiz0WkvzWqeG9aqVobgfkdaey/deg5WrhePCN0U3FL4IMpt23nzIj6Pxwa1XPxXJKuZfqemDxcHqUms/RSxDxWdlN5PbYRv5zjmqEwqzYflMX1ViBOuyI/Vd7L2o6tiUhuKozh4DOtqnysG5G8SyQeq3bg1iJ4Q4xr4xLagU2BWXBEu8C3fWB5FTnUIYl3xE9+6MR9zKSeG5mS0dSz4nNm9vHhaMCgR2ZqDm9QE0DbNtcwmbnwdDya2aq6m61o7oLtAHPuzQ8YsNTqat2ZrpmMHMXxIshoK8KIxeP2coN7dRdsRbn2c7PaNlwl/6j+jcIa5xpQD8JTOtqJRudm5FkDvBLaVpvwSGuSv0T2RC14DOjlbzUxdFwfhVRzrB7GeJDTi0XZDL0c5XTFdM4RwIG5lyUHB2bQe3CNtRpexcp/yK7sp+N8vOWfwF02cElKcSOjKNJf+jjUan4XJxUWTDCcqGOfdTWU2977qJOXJqLz1dqVVT47rcmCQ8BLxrhZfPmJnBRRIjebJPAe5wxGPCy3HsklD8VJdHhXRJPEYyGV/wlKIRzT4lHr3XyD8/65tn+6cHEfq1MitWpd23fjt8eRoPZ3ls94aq50i1qpltB29AXSaPrWNLHvvD862QjTX7Eag1eJcFZEfE55XWWq1sk0VsTLkyZG0VqYEyznVwkr7Xfd+9PK+UcXIjhoVSvEHvxydmKbUXyGBGzjZHMklAZmWkRO9sz4G8n6J3clMmw5GMneflOIN785bgEvyDpWTMqaJSuF1n3NZE+bUK7Lr/iswujF01r86kPT0Sd/xDMzjoYX+cazB8ertyiCgeq61eZt13YyAkKLU5oyO2Yo0DUqdoKCn9A86HIhv9DqnizAYLheC5Wt4KlzoyJj/AADjWuQAYIDxTamxKDx/eR98ok6NUtE6liXU6zSoknbt+3hkrEDy7ZF022EaA/FCQ9guzjjWz5Wymx8MbUY4KON0m2buuxRBy4LaHIcfZiBa9onzJSeDN8ydT4k3Z/LzB3NCJ4e19RzV1okDL4tP4hpzn8iYI2TYwvD7KZ9GnvDFZTqI9TH8oR+4I1orMucdqcjlrpFxVCZkmV84CE+lZxxZw7mA62ZgRPmaQSwT13mCLsytozxL9exp4g2UtE/MW56xbPIUN5X2+I2RvVP3fIxtJ8VITmrL1RGU2/pyrEWoLZdAY4NQwA0Kn3Z6XtTWTTLNTvtdjAS/z8TUdXPLTtOOLnPTS4ZMj3HNZFH8owpuwSCRKTR4TUxlZeC2Itg70cX2AYc12FnvyJ1CyP3Apkjgu52BqLeIPbZKUFpYEKQMgfn/aeYz2xvdakYo5/SmvmLgSBaIZQ7Wxg4bdtnBrnh4X13M1PbnYzpcI8bFJurMo/NOOQ/19abUekSf4R/qaK&u=U2FsdGVkX1/vP7OE8gR6A6yeTka2MGISoyEX/cPbpfITxREA5ytDFlbB9V7a0uYb&y=U2FsdGVkX1+eOSDK1erczNLQAB06/QLLS55VS7PHBfKIpFwj28uDaK9yWKUyM0y8 HTTP/1.1" 200 26
186.102.37.186 - - [15/Jan/2023:15:28:42 -0500] "GET /kwssiamovil/sm/acme/a?s=U2FsdGVkX190YJVuJzuIfPXv2PTPuxLdv1znDHMbExBRjvFKKl6Tec/GshinNPM6U7X18f4s5IDWd+EmRmg7/1zu9QQET2MaEMD0Ot1Yg9abVSA0cJUKjNv+meoZHtLORv7xKQePrfGNhet8hfuAFnZrPHkwohCn2Ofoy9pfpd8=&u=U2FsdGVkX1/vP7OE8gR6A6yeTka2MGISoyEX/cPbpfITxREA5ytDFlbB9V7a0uYb&y=U2FsdGVkX1+eOSDK1erczNLQAB06/QLLS55VS7PHBfKIpFwj28uDaK9yWKUyM0y8 HTTP/1.1" 200 26
186.102.37.186 - - [15/Jan/2023:15:28:43 -0500] "GET /kwssiamovil/sm/acme/a?s=U2FsdGVkX18KMS7tfUQQcTC8wis0egORhJKmhfxZ5QoKuG70EqIOA7atBWAr59puBLDV06YbrRs64booqnhMzaN4QspNupPbszwnFG2yrw3y2k1cxT5UY02je0X0MVwEKl5WBjg2EbmPlqNWJtH6ukOKaSsGLb0eoD0OUvt7xSY=&u=U2FsdGVkX1/vP7OE8gR6A6yeTka2MGISoyEX/cPbpfITxREA5ytDFlbB9V7a0uYb&y=U2FsdGVkX1+eOSDK1erczNLQAB06/QLLS55VS7PHBfKIpFwj28uDaK9yWKUyM0y8 HTTP/1.1" 200 26
186.102.37.186 - - [15/Jan/2023:15:28:43 -0500] "GET /kwssiamovil/sm/acme/a?s=U2FsdGVkX19TqBo+2TedvYm/nAbvNfjnQfWSzqM6BZvovvIMjojkOvJCFpbwDFKwMRGPGOh4folKSp5w6ZtxpaXOXUYSDCry+BocLBM398AF3H3Rmy8FEhs+CGY861j9K2S+6+YBFRLkhMqitmwtOO7X5wPOxX/u3nZFd9z/d8c=&u=U2FsdGVkX1/vP7OE8gR6A6yeTka2MGISoyEX/cPbpfITxREA5ytDFlbB9V7a0uYb&y=U2FsdGVkX1+eOSDK1erczNLQAB06/QLLS55VS7PHBfKIpFwj28uDaK9yWKUyM0y8 HTTP/1.1" 200 26
186.102.37.186 - - [15/Jan/2023:15:28:43 -0500] "GET /kwssiamovil/sm/acme/a?s=U2FsdGVkX1+2TrX3kCAFRdGsBeN6s1ibA6qxIYAiCiqFZ7s2Minv404kWCKdGdOvTnrhqsAggsjxzAWnYsoTGLJ3MM+52UpfUJ4Nl/UZ7fEqNoVcKWwvnms8fosAXaheIwNizXZE1vNT8Tz4kEjSOeO2VCIzRxKHOVx1vYMqKb9taScUmyAPy8T1vwWLWc293VxFvrlhh+GY0nHppu8d2g==&u=U2FsdGVkX1/vP7OE8gR6A6yeTka2MGISoyEX/cPbpfITxREA5ytDFlbB9V7a0uYb&y=U2FsdGVkX1+eOSDK1erczNLQAB06/QLLS55VS7PHBfKIpFwj28uDaK9yWKUyM0y8 HTTP/1.1" 200 26
216.245.221.92 - - [15/Jan/2023:15:29:48 -0500] "HEAD / HTTP/1.1" 200 -
172.22.2.4 - - [15/Jan/2023:15:28:50 -0500] "HEAD /BLA/boletinlegal/ HTTP/1.1" 200 -
201.245.192.253 - - [15/Jan/2023:15:30:37 -0500] "POST /kwsrmcab/Wsrmcab  HTTP/1.1" 200 43915
170.64.142.241 - - [15/Jan/2023:15:31:04 -0500] "GET /portaldeninos/ HTTP/1.1" 200 110197
172.22.2.4 - - [15/Jan/2023:15:29:41 -0500] "GET /BLA/boletinlegal/ HTTP/1.1" 200 59404
216.245.221.92 - - [15/Jan/2023:15:34:48 -0500] "HEAD / HTTP/1.1" 200 -
172.22.2.4 - - [15/Jan/2023:15:33:22 -0500] "GET /BLA/boletinlegal/ HTTP/1.1" 200 61323
190.60.254.218 - - [15/Jan/2023:15:35:12 -0500] "POST /sipse/faces/presentacion/financiero/solicitudProceso/consultarSolicitudProceso.xhtml HTTP/1.1" 200 23467
190.60.254.218 - - [15/Jan/2023:15:35:14 -0500] "GET /sipse/faces/javax.faces.resource/theme.css?ln=primefaces-sipse HTTP/1.1" 304 -
190.60.254.218 - - [15/Jan/2023:15:35:14 -0500] "GET /sipse/faces/javax.faces.resource/primefaces.css?ln=primefaces&v=4.0 HTTP/1.1" 304 -
190.60.254.218 - - [15/Jan/2023:15:35:16 -0500] "GET /sipse/faces/javax.faces.resource/layout/layout.css?ln=primefaces&v=4.0 HTTP/1.1" 304 -
190.60.254.218 - - [15/Jan/2023:15:35:16 -0500] "GET /sipse/faces/javax.faces.resource/fileupload/fileupload.css?ln=primefaces&v=4.0 HTTP/1.1" 304 -
190.60.254.218 - - [15/Jan/2023:15:35:16 -0500] "GET /sipse/faces/javax.faces.resource/jquery/jquery.js?ln=primefaces&v=4.0 HTTP/1.1" 304 -
190.60.254.218 - - [15/Jan/2023:15:35:16 -0500] "GET /sipse/faces/javax.faces.resource/jquery/jquery-plugins.js?ln=primefaces&v=4.0 HTTP/1.1" 304 -
190.60.254.218 - - [15/Jan/2023:15:35:16 -0500] "GET /sipse/faces/javax.faces.resource/primefaces.js?ln=primefaces&v=4.0 HTTP/1.1" 304 -
190.60.254.218 - - [15/Jan/2023:15:35:16 -0500] "GET /sipse/faces/javax.faces.resource/layout/layout.js?ln=primefaces&v=4.0 HTTP/1.1" 304 -
190.60.254.218 - - [15/Jan/2023:15:35:18 -0500] "GET /sipse/faces/javax.faces.resource/fileupload/fileupload.js?ln=primefaces&v=4.0 HTTP/1.1" 304 -
190.60.254.218 - - [15/Jan/2023:15:35:18 -0500] "GET /sipse/css/imagen/contrasena.png HTTP/1.1" 404 383
190.60.254.218 - - [15/Jan/2023:15:35:18 -0500] "GET /sipse/faces/javax.faces.resource/images/ui-icons_898989_256x240.png?ln=primefaces-aristo HTTP/1.1" 304 -
201.245.192.253 - - [15/Jan/2023:15:35:36 -0500] "POST /kwsrmcab/Wsrmcab  HTTP/1.1" 200 43915
172.22.2.4 - - [15/Jan/2023:15:34:40 -0500] "HEAD /BLA/boletinlegal/ HTTP/1.1" 200 -
162.55.175.141 - - [15/Jan/2023:15:36:45 -0500] "GET / HTTP/1.1" 200 319
190.60.254.218 - - [15/Jan/2023:15:36:48 -0500] "GET /sipse/faces/javax.faces.resource/primefaces.css?ln=primefaces&v=4.0 HTTP/1.1" 304 -
190.60.254.218 - - [15/Jan/2023:15:36:48 -0500] "GET /sipse/faces/javax.faces.resource/theme.css?ln=primefaces-sipse HTTP/1.1" 304 -
190.60.254.218 - - [15/Jan/2023:15:36:48 -0500] "GET /sipse/faces/javax.faces.resource/layout/layout.css?ln=primefaces&v=4.0 HTTP/1.1" 304 -
190.60.254.218 - - [15/Jan/2023:15:36:48 -0500] "GET /sipse/faces/javax.faces.resource/jquery/jquery.js?ln=primefaces&v=4.0 HTTP/1.1" 304 -
190.60.254.218 - - [15/Jan/2023:15:36:49 -0500] "GET /sipse/faces/javax.faces.resource/jquery/jquery-plugins.js?ln=primefaces&v=4.0 HTTP/1.1" 304 -
190.60.254.218 - - [15/Jan/2023:15:36:49 -0500] "GET /sipse/faces/javax.faces.resource/primefaces.js?ln=primefaces&v=4.0 HTTP/1.1" 304 -
190.60.254.218 - - [15/Jan/2023:15:36:49 -0500] "GET /sipse/faces/javax.faces.resource/layout/layout.js?ln=primefaces&v=4.0 HTTP/1.1" 304 -
190.60.254.218 - - [15/Jan/2023:15:36:49 -0500] "GET /sipse/css/imagen/contrasena.png HTTP/1.1" 404 383
190.60.254.218 - - [15/Jan/2023:15:36:49 -0500] "GET /sipse/faces/javax.faces.resource/images/ui-icons_898989_256x240.png?ln=primefaces-aristo HTTP/1.1" 304 -
190.60.254.218 - - [15/Jan/2023:15:36:26 -0500] "POST /sipse/faces/presentacion/sistema/anexos/cargarAnexoSolicitudProceso.xhtml HTTP/1.1" 200 193305
162.55.166.12 - - [15/Jan/2023:15:36:57 -0500] "GET / HTTP/1.1" 200 319
190.60.254.218 - - [15/Jan/2023:15:37:02 -0500] "POST /sipse/faces/presentacion/financiero/solicitudProceso/consultarSolicitudProceso.xhtml HTTP/1.1" 200 23467
190.60.254.218 - - [15/Jan/2023:15:37:03 -0500] "GET /sipse/faces/javax.faces.resource/theme.css?ln=primefaces-sipse HTTP/1.1" 304 -
190.60.254.218 - - [15/Jan/2023:15:37:03 -0500] "GET /sipse/faces/javax.faces.resource/primefaces.css?ln=primefaces&v=4.0 HTTP/1.1" 304 -
190.60.254.218 - - [15/Jan/2023:15:37:03 -0500] "GET /sipse/faces/javax.faces.resource/layout/layout.css?ln=primefaces&v=4.0 HTTP/1.1" 304 -
190.60.254.218 - - [15/Jan/2023:15:37:03 -0500] "GET /sipse/faces/javax.faces.resource/fileupload/fileupload.css?ln=primefaces&v=4.0 HTTP/1.1" 304 -
190.60.254.218 - - [15/Jan/2023:15:37:03 -0500] "GET /sipse/faces/javax.faces.resource/jquery/jquery.js?ln=primefaces&v=4.0 HTTP/1.1" 304 -
190.60.254.218 - - [15/Jan/2023:15:37:03 -0500] "GET /sipse/faces/javax.faces.resource/jquery/jquery-plugins.js?ln=primefaces&v=4.0 HTTP/1.1" 304 -
190.60.254.218 - - [15/Jan/2023:15:37:03 -0500] "GET /sipse/faces/javax.faces.resource/primefaces.js?ln=primefaces&v=4.0 HTTP/1.1" 304 -
190.60.254.218 - - [15/Jan/2023:15:37:03 -0500] "GET /sipse/faces/javax.faces.resource/layout/layout.js?ln=primefaces&v=4.0 HTTP/1.1" 304 -
190.60.254.218 - - [15/Jan/2023:15:37:03 -0500] "GET /sipse/faces/javax.faces.resource/fileupload/fileupload.js?ln=primefaces&v=4.0 HTTP/1.1" 304 -
172.22.2.4 - - [15/Jan/2023:15:35:31 -0500] "GET /BLA/boletinlegal/ HTTP/1.1" 200 57824
172.22.2.4 - - [15/Jan/2023:15:37:12 -0500] "GET /BLA/boletinlegal/Circulares/2019/.pdf HTTP/1.1" 404 1218
172.22.2.4 - - [15/Jan/2023:15:37:23 -0500] "GET /BLA/boletinlegal/Circulares/2012/Circular%20No.%2010%20del%2026%20de%20Enero%20de%202012.pdf HTTP/1.1" 404 1218
207.46.13.70 - - [15/Jan/2023:15:37:38 -0500] "GET /BLA/resoluciones/index.php?dir=RESOLUCIONES+2022%2F HTTP/1.1" 200 273345
190.60.254.218 - - [15/Jan/2023:15:37:59 -0500] "GET /sipse/faces/javax.faces.resource/theme.css?ln=primefaces-sipse HTTP/1.1" 304 -
190.60.254.218 - - [15/Jan/2023:15:37:59 -0500] "GET /sipse/faces/javax.faces.resource/layout/layout.css?ln=primefaces&v=4.0 HTTP/1.1" 304 -
190.60.254.218 - - [15/Jan/2023:15:37:59 -0500] "GET /sipse/faces/javax.faces.resource/primefaces.css?ln=primefaces&v=4.0 HTTP/1.1" 304 -
190.60.254.218 - - [15/Jan/2023:15:37:14 -0500] "POST /sipse/faces/presentacion/sistema/anexos/cargarAnexoSolicitudProceso.xhtml HTTP/1.1" 200 195136
190.60.254.218 - - [15/Jan/2023:15:38:00 -0500] "GET /sipse/faces/javax.faces.resource/jquery/jquery.js?ln=primefaces&v=4.0 HTTP/1.1" 304 -
190.60.254.218 - - [15/Jan/2023:15:38:00 -0500] "GET /sipse/faces/javax.faces.resource/jquery/jquery-plugins.js?ln=primefaces&v=4.0 HTTP/1.1" 304 -
190.60.254.218 - - [15/Jan/2023:15:38:00 -0500] "GET /sipse/faces/javax.faces.resource/primefaces.js?ln=primefaces&v=4.0 HTTP/1.1" 304 -
190.60.254.218 - - [15/Jan/2023:15:38:00 -0500] "GET /sipse/faces/javax.faces.resource/layout/layout.js?ln=primefaces&v=4.0 HTTP/1.1" 304 -
190.60.254.218 - - [15/Jan/2023:15:38:30 -0500] "GET /sipse/faces/javax.faces.resource/theme.css?ln=primefaces-sipse HTTP/1.1" 304 -
190.60.254.218 - - [15/Jan/2023:15:38:29 -0500] "POST /sipse/faces/presentacion/financiero/solicitudProceso/consultarSolicitudProceso.xhtml HTTP/1.1" 200 23467
190.60.254.218 - - [15/Jan/2023:15:38:30 -0500] "GET /sipse/faces/javax.faces.resource/primefaces.css?ln=primefaces&v=4.0 HTTP/1.1" 304 -
190.60.254.218 - - [15/Jan/2023:15:38:30 -0500] "GET /sipse/faces/javax.faces.resource/layout/layout.css?ln=primefaces&v=4.0 HTTP/1.1" 304 -
190.60.254.218 - - [15/Jan/2023:15:38:30 -0500] "GET /sipse/faces/javax.faces.resource/jquery/jquery.js?ln=primefaces&v=4.0 HTTP/1.1" 304 -
190.60.254.218 - - [15/Jan/2023:15:38:30 -0500] "GET /sipse/faces/javax.faces.resource/fileupload/fileupload.css?ln=primefaces&v=4.0 HTTP/1.1" 304 -
190.60.254.218 - - [15/Jan/2023:15:38:30 -0500] "GET /sipse/faces/javax.faces.resource/jquery/jquery-plugins.js?ln=primefaces&v=4.0 HTTP/1.1" 304 -
190.60.254.218 - - [15/Jan/2023:15:38:30 -0500] "GET /sipse/faces/javax.faces.resource/primefaces.js?ln=primefaces&v=4.0 HTTP/1.1" 304 -
190.60.254.218 - - [15/Jan/2023:15:38:30 -0500] "GET /sipse/faces/javax.faces.resource/layout/layout.js?ln=primefaces&v=4.0 HTTP/1.1" 304 -
190.60.254.218 - - [15/Jan/2023:15:38:30 -0500] "GET /sipse/faces/javax.faces.resource/fileupload/fileupload.js?ln=primefaces&v=4.0 HTTP/1.1" 304 -
201.245.192.253 - - [15/Jan/2023:15:38:29 -0500] "POST /kwsrmcab/Wsrmcab HTTP/1.1" 200 43280
201.245.192.253 - - [15/Jan/2023:15:38:32 -0500] "POST /kwsrmcab/Wsrmcab HTTP/1.1" 200 43762
190.60.254.218 - - [15/Jan/2023:15:38:50 -0500] "GET /sipse/faces/javax.faces.resource/primefaces.css?ln=primefaces&v=4.0 HTTP/1.1" 304 -
190.60.254.218 - - [15/Jan/2023:15:38:50 -0500] "GET /sipse/faces/javax.faces.resource/theme.css?ln=primefaces-sipse HTTP/1.1" 304 -
190.60.254.218 - - [15/Jan/2023:15:38:50 -0500] "GET /sipse/faces/javax.faces.resource/layout/layout.css?ln=primefaces&v=4.0 HTTP/1.1" 304 -
190.60.254.218 - - [15/Jan/2023:15:38:50 -0500] "GET /sipse/faces/javax.faces.resource/jquery/jquery.js?ln=primefaces&v=4.0 HTTP/1.1" 304 -
190.60.254.218 - - [15/Jan/2023:15:38:50 -0500] "GET /sipse/faces/javax.faces.resource/jquery/jquery-plugins.js?ln=primefaces&v=4.0 HTTP/1.1" 304 -
190.60.254.218 - - [15/Jan/2023:15:38:50 -0500] "GET /sipse/faces/javax.faces.resource/primefaces.js?ln=primefaces&v=4.0 HTTP/1.1" 304 -
190.60.254.218 - - [15/Jan/2023:15:38:50 -0500] "GET /sipse/faces/javax.faces.resource/layout/layout.js?ln=primefaces&v=4.0 HTTP/1.1" 304 -
190.60.254.218 - - [15/Jan/2023:15:38:45 -0500] "POST /sipse/faces/presentacion/sistema/anexos/cargarAnexoSolicitudProceso.xhtml HTTP/1.1" 200 196944
190.60.254.218 - - [15/Jan/2023:15:39:00 -0500] "POST /sipse/faces/presentacion/financiero/solicitudProceso/consultarSolicitudProceso.xhtml HTTP/1.1" 200 23467
190.60.254.218 - - [15/Jan/2023:15:39:01 -0500] "GET /sipse/faces/javax.faces.resource/theme.css?ln=primefaces-sipse HTTP/1.1" 304 -
190.60.254.218 - - [15/Jan/2023:15:39:01 -0500] "GET /sipse/faces/javax.faces.resource/primefaces.css?ln=primefaces&v=4.0 HTTP/1.1" 304 -
190.60.254.218 - - [15/Jan/2023:15:39:01 -0500] "GET /sipse/faces/javax.faces.resource/layout/layout.css?ln=primefaces&v=4.0 HTTP/1.1" 304 -
190.60.254.218 - - [15/Jan/2023:15:39:01 -0500] "GET /sipse/faces/javax.faces.resource/fileupload/fileupload.css?ln=primefaces&v=4.0 HTTP/1.1" 304 -
190.60.254.218 - - [15/Jan/2023:15:39:01 -0500] "GET /sipse/faces/javax.faces.resource/jquery/jquery.js?ln=primefaces&v=4.0 HTTP/1.1" 304 -
190.60.254.218 - - [15/Jan/2023:15:39:01 -0500] "GET /sipse/faces/javax.faces.resource/jquery/jquery-plugins.js?ln=primefaces&v=4.0 HTTP/1.1" 304 -
190.60.254.218 - - [15/Jan/2023:15:39:01 -0500] "GET /sipse/faces/javax.faces.resource/primefaces.js?ln=primefaces&v=4.0 HTTP/1.1" 304 -
190.60.254.218 - - [15/Jan/2023:15:39:01 -0500] "GET /sipse/faces/javax.faces.resource/layout/layout.js?ln=primefaces&v=4.0 HTTP/1.1" 304 -
190.60.254.218 - - [15/Jan/2023:15:39:01 -0500] "GET /sipse/faces/javax.faces.resource/fileupload/fileupload.js?ln=primefaces&v=4.0 HTTP/1.1" 304 -
190.60.254.218 - - [15/Jan/2023:15:39:28 -0500] "GET /sipse/faces/javax.faces.resource/theme.css?ln=primefaces-sipse HTTP/1.1" 304 -
190.60.254.218 - - [15/Jan/2023:15:39:28 -0500] "GET /sipse/faces/javax.faces.resource/primefaces.css?ln=primefaces&v=4.0 HTTP/1.1" 304 -
190.60.254.218 - - [15/Jan/2023:15:39:28 -0500] "GET /sipse/faces/javax.faces.resource/layout/layout.css?ln=primefaces&v=4.0 HTTP/1.1" 304 -
190.60.254.218 - - [15/Jan/2023:15:39:28 -0500] "GET /sipse/faces/javax.faces.resource/jquery/jquery.js?ln=primefaces&v=4.0 HTTP/1.1" 304 -
190.60.254.218 - - [15/Jan/2023:15:39:28 -0500] "GET /sipse/faces/javax.faces.resource/jquery/jquery-plugins.js?ln=primefaces&v=4.0 HTTP/1.1" 304 -
190.60.254.218 - - [15/Jan/2023:15:39:28 -0500] "GET /sipse/faces/javax.faces.resource/primefaces.js?ln=primefaces&v=4.0 HTTP/1.1" 304 -
190.60.254.218 - - [15/Jan/2023:15:39:28 -0500] "GET /sipse/faces/javax.faces.resource/layout/layout.js?ln=primefaces&v=4.0 HTTP/1.1" 304 -
190.60.254.218 - - [15/Jan/2023:15:39:26 -0500] "POST /sipse/faces/presentacion/sistema/anexos/cargarAnexoSolicitudProceso.xhtml HTTP/1.1" 200 198762
216.245.221.92 - - [15/Jan/2023:15:39:48 -0500] "HEAD / HTTP/1.1" 200 -
190.60.254.218 - - [15/Jan/2023:15:40:22 -0500] "GET /sipse/faces/javax.faces.resource/images/ui-icons_898989_256x240.png?ln=primefaces-aristo HTTP/1.1" 304 -
190.60.254.218 - - [15/Jan/2023:15:40:31 -0500] "GET /sipse/faces/javax.faces.resource/images/ui-bg_flat_0_2d5972_40x100.png?ln=primefaces-aristo HTTP/1.1" 304 -
190.60.254.218 - - [15/Jan/2023:15:40:31 -0500] "POST /sipse/faces/presentacion/financiero/solicitudProceso/consultarSolicitudProceso.xhtml HTTP/1.1" 200 6848
190.60.254.218 - - [15/Jan/2023:15:40:31 -0500] "GET /sipse/faces/javax.faces.resource/messages/messages.png?ln=primefaces&v=4.0 HTTP/1.1" 304 -
201.245.192.253 - - [15/Jan/2023:15:40:35 -0500] "POST /kwsrmcab/Wsrmcab  HTTP/1.1" 200 43915
190.60.254.218 - - [15/Jan/2023:15:40:52 -0500] "POST /sipse/faces/presentacion/financiero/solicitudProceso/consultarSolicitudProceso.xhtml HTTP/1.1" 200 6848
190.60.254.218 - - [15/Jan/2023:15:41:44 -0500] "POST /sipse/faces/presentacion/financiero/solicitudProceso/consultarSolicitudProceso.xhtml HTTP/1.1" 200 68567
190.60.254.218 - - [15/Jan/2023:15:41:47 -0500] "GET /sipse/faces/javax.faces.resource/theme.css?ln=primefaces-sipse HTTP/1.1" 304 -
190.60.254.218 - - [15/Jan/2023:15:41:47 -0500] "GET /sipse/faces/javax.faces.resource/primefaces.css?ln=primefaces&v=4.0 HTTP/1.1" 304 -
190.60.254.218 - - [15/Jan/2023:15:41:47 -0500] "GET /sipse/faces/javax.faces.resource/layout/layout.css?ln=primefaces&v=4.0 HTTP/1.1" 304 -
190.60.254.218 - - [15/Jan/2023:15:41:48 -0500] "GET /sipse/faces/javax.faces.resource/jquery/jquery.js?ln=primefaces&v=4.0 HTTP/1.1" 304 -
190.60.254.218 - - [15/Jan/2023:15:41:48 -0500] "GET /sipse/faces/javax.faces.resource/jquery/jquery-plugins.js?ln=primefaces&v=4.0 HTTP/1.1" 304 -
190.60.254.218 - - [15/Jan/2023:15:41:48 -0500] "GET /sipse/faces/javax.faces.resource/primefaces.js?ln=primefaces&v=4.0 HTTP/1.1" 304 -
190.60.254.218 - - [15/Jan/2023:15:41:48 -0500] "GET /sipse/faces/javax.faces.resource/layout/layout.js?ln=primefaces&v=4.0 HTTP/1.1" 304 -
190.60.254.218 - - [15/Jan/2023:15:41:49 -0500] "POST /sipse/faces/presentacion/financiero/solicitudProceso/listarSolicitudProceso.xhtml HTTP/1.1" 200 1560
172.22.2.4 - - [15/Jan/2023:15:40:30 -0500] "HEAD /BLA/boletinlegal/ HTTP/1.1" 200 -
172.22.2.4 - - [15/Jan/2023:15:41:21 -0500] "GET /BLA/boletinlegal/ HTTP/1.1" 200 59404
216.245.221.92 - - [15/Jan/2023:15:44:48 -0500] "HEAD / HTTP/1.1" 200 -
162.55.171.138 - - [15/Jan/2023:15:45:03 -0500] "GET / HTTP/1.1" 200 319
190.60.254.218 - - [15/Jan/2023:15:45:26 -0500] "POST /sipse/faces/presentacion/financiero/solicitudProceso/listarSolicitudProceso.xhtml HTTP/1.1" 200 33597
190.60.254.218 - - [15/Jan/2023:15:45:28 -0500] "GET /sipse/faces/javax.faces.resource/theme.css?ln=primefaces-sipse HTTP/1.1" 304 -
190.60.254.218 - - [15/Jan/2023:15:45:28 -0500] "GET /sipse/faces/javax.faces.resource/primefaces.css?ln=primefaces&v=4.0 HTTP/1.1" 304 -
190.60.254.218 - - [15/Jan/2023:15:45:29 -0500] "GET /sipse/faces/javax.faces.resource/jquery/jquery.js?ln=primefaces&v=4.0 HTTP/1.1" 304 -
190.60.254.218 - - [15/Jan/2023:15:45:29 -0500] "GET /sipse/faces/javax.faces.resource/layout/layout.css?ln=primefaces&v=4.0 HTTP/1.1" 304 -
190.60.254.218 - - [15/Jan/2023:15:45:30 -0500] "GET /sipse/faces/javax.faces.resource/jquery/jquery-plugins.js?ln=primefaces&v=4.0 HTTP/1.1" 304 -
190.60.254.218 - - [15/Jan/2023:15:45:30 -0500] "GET /sipse/faces/javax.faces.resource/primefaces.js?ln=primefaces&v=4.0 HTTP/1.1" 304 -
190.60.254.218 - - [15/Jan/2023:15:45:30 -0500] "GET /sipse/faces/javax.faces.resource/layout/layout.js?ln=primefaces&v=4.0 HTTP/1.1" 304 -
190.60.254.218 - - [15/Jan/2023:15:45:31 -0500] "POST /sipse/faces/presentacion/contratacion/contratista/listarContratista.xhtml HTTP/1.1" 200 26959
190.60.254.218 - - [15/Jan/2023:15:45:35 -0500] "POST /sipse/faces/presentacion/contratacion/contratista/listarContratista.xhtml HTTP/1.1" 200 26959
201.245.192.253 - - [15/Jan/2023:15:45:35 -0500] "POST /kwsrmcab/Wsrmcab  HTTP/1.1" 200 43915
190.60.254.218 - - [15/Jan/2023:15:45:36 -0500] "POST /sipse/faces/presentacion/contratacion/contratista/listarContratista.xhtml HTTP/1.1" 200 26959
190.60.254.218 - - [15/Jan/2023:15:45:38 -0500] "POST /sipse/faces/presentacion/contratacion/contratista/listarContratista.xhtml HTTP/1.1" 200 26959
190.60.254.218 - - [15/Jan/2023:15:45:41 -0500] "POST /sipse/faces/presentacion/contratacion/contratista/listarContratista.xhtml HTTP/1.1" 200 10854
190.60.254.218 - - [15/Jan/2023:15:45:42 -0500] "POST /sipse/faces/presentacion/contratacion/contratista/listarContratista.xhtml HTTP/1.1" 200 6130
190.60.254.218 - - [15/Jan/2023:15:45:46 -0500] "POST /sipse/faces/presentacion/contratacion/contratista/listarContratista.xhtml HTTP/1.1" 200 7806
172.22.2.4 - - [15/Jan/2023:15:46:20 -0500] "HEAD /BLA/boletinlegal/ HTTP/1.1" 200 -
172.22.2.4 - - [15/Jan/2023:15:47:11 -0500] "GET /BLA/boletinlegal/ HTTP/1.1" 200 59404
190.60.254.218 - - [15/Jan/2023:15:49:32 -0500] "POST /sipse/faces/presentacion/contratacion/contratista/listarContratista.xhtml HTTP/1.1" 200 7040
216.245.221.92 - - [15/Jan/2023:15:49:48 -0500] "HEAD / HTTP/1.1" 200 -
190.60.254.218 - - [15/Jan/2023:15:49:50 -0500] "GET /sipse/faces/javax.faces.resource/theme.css?ln=primefaces-sipse HTTP/1.1" 304 -
190.60.254.218 - - [15/Jan/2023:15:49:50 -0500] "GET /sipse/faces/javax.faces.resource/primefaces.css?ln=primefaces&v=4.0 HTTP/1.1" 304 -
190.60.254.218 - - [15/Jan/2023:15:49:47 -0500] "POST /sipse/faces/presentacion/contratacion/contratista/listarContratista.xhtml HTTP/1.1" 200 68019
190.60.254.218 - - [15/Jan/2023:15:49:50 -0500] "GET /sipse/faces/javax.faces.resource/layout/layout.css?ln=primefaces&v=4.0 HTTP/1.1" 304 -
190.60.254.218 - - [15/Jan/2023:15:49:51 -0500] "GET /sipse/faces/javax.faces.resource/jquery/jquery.js?ln=primefaces&v=4.0 HTTP/1.1" 304 -
190.60.254.218 - - [15/Jan/2023:15:49:51 -0500] "GET /sipse/faces/javax.faces.resource/jquery/jquery-plugins.js?ln=primefaces&v=4.0 HTTP/1.1" 304 -
190.60.254.218 - - [15/Jan/2023:15:49:52 -0500] "GET /sipse/faces/javax.faces.resource/primefaces.js?ln=primefaces&v=4.0 HTTP/1.1" 304 -
190.60.254.218 - - [15/Jan/2023:15:49:52 -0500] "GET /sipse/faces/javax.faces.resource/layout/layout.js?ln=primefaces&v=4.0 HTTP/1.1" 304 -
190.60.254.218 - - [15/Jan/2023:15:49:53 -0500] "GET /sipse/faces/javax.faces.resource/spacer/dot_clear.gif?ln=primefaces&v=4.0 HTTP/1.1" 304 -
201.245.192.253 - - [15/Jan/2023:15:50:33 -0500] "POST /kwsrmcab/Wsrmcab  HTTP/1.1" 200 43915
8.218.166.147 - - [15/Jan/2023:15:51:23 -0500] "GET /galeria/galeria/fotos/Entrenube4P.jpg HTTP/1.1" 200 10881
157.55.39.215 - - [15/Jan/2023:15:52:18 -0500] "GET /portaldeninos/wp-content/uploads/2020/05/fb.jpg HTTP/1.1" 200 9893
172.22.2.4 - - [15/Jan/2023:15:52:34 -0500] "GET /BLA/boletinlegal/robots.txt HTTP/1.1" 404 1038
207.46.13.70 - - [15/Jan/2023:15:52:39 -0500] "GET /BLA/resoluciones/RESOLUCIONES%202020/2641.pdf HTTP/1.1" 304 -
40.77.167.66 - - [15/Jan/2023:15:53:18 -0500] "GET /portaldeninos/2021/05/21/2070/ HTTP/1.1" 200 109949
172.22.2.4 - - [15/Jan/2023:15:52:10 -0500] "HEAD /BLA/boletinlegal/ HTTP/1.1" 200 -
172.22.2.4 - - [15/Jan/2023:15:52:36 -0500] "GET /BLA/boletinlegal/index.php HTTP/1.1" 200 43164
172.22.2.4 - - [15/Jan/2023:15:53:01 -0500] "GET /BLA/boletinlegal/ HTTP/1.1" 200 44503
216.245.221.92 - - [15/Jan/2023:15:54:48 -0500] "HEAD / HTTP/1.1" 200 -
23.100.232.233 - - [15/Jan/2023:15:55:11 -0500] "GET /galeria/galeria/jquery.fancybox.js?v=2.1.5 HTTP/1.1" 200 48706
23.100.232.233 - - [15/Jan/2023:15:55:11 -0500] "GET /BLA/boletinlegal/js/jquery.scrollShow.js HTTP/1.1" 200 4586
23.100.232.233 - - [15/Jan/2023:15:55:12 -0500] "GET /galeria/galeria/jquery.fancybox.css?v=2.1.5 HTTP/1.1" 200 4895
201.245.192.253 - - [15/Jan/2023:15:55:33 -0500] "POST /kwsrmcab/Wsrmcab  HTTP/1.1" 200 43915
172.22.2.4 - - [15/Jan/2023:15:58:00 -0500] "HEAD /BLA/boletinlegal/ HTTP/1.1" 200 -
216.245.221.92 - - [15/Jan/2023:15:59:48 -0500] "HEAD / HTTP/1.1" 200 -
173.252.95.16 - - [15/Jan/2023:16:00:01 -0500] "GET /cuco-americano-otra-ave-que-esta-en-epoca-de-migracion.html HTTP/1.1" 206 914
173.252.107.6 - - [15/Jan/2023:16:00:02 -0500] "GET /images/cuco-americano-23-noviembre.jpg HTTP/1.1" 200 34532
172.22.2.4 - - [15/Jan/2023:15:58:51 -0500] "GET /BLA/boletinlegal/ HTTP/1.1" 200 56825
201.245.192.253 - - [15/Jan/2023:16:00:31 -0500] "POST /kwsrmcab/Wsrmcab  HTTP/1.1" 200 43915
216.245.221.92 - - [15/Jan/2023:16:04:48 -0500] "HEAD / HTTP/1.1" 200 -
80.94.92.57 - - [15/Jan/2023:16:04:52 -0500] "GET / HTTP/1.1" 200 319
172.22.2.4 - - [15/Jan/2023:16:05:20 -0500] "GET /BLA/boletinlegal/Circulares/2017/Circular%20No.%20011%20del%2005%20de%20julio%20de%202017.pdf HTTP/1.1" 304 -
172.22.2.4 - - [15/Jan/2023:16:03:51 -0500] "HEAD /BLA/boletinlegal/ HTTP/1.1" 200 -
172.22.2.4 - - [15/Jan/2023:16:05:32 -0500] "GET /BLA/boletinlegal/js/ajax_normativa.js HTTP/1.1" 200 1154
172.22.2.4 - - [15/Jan/2023:16:05:33 -0500] "GET /BLA/boletinlegal/niceforms-default.css HTTP/1.1" 200 6694
172.22.2.4 - - [15/Jan/2023:16:05:33 -0500] "GET /BLA/boletinlegal/niceforms.js HTTP/1.1" 200 22876
201.245.192.253 - - [15/Jan/2023:16:05:31 -0500] "POST /kwsrmcab/Wsrmcab  HTTP/1.1" 200 43915
172.22.2.4 - - [15/Jan/2023:16:04:41 -0500] "GET /BLA/boletinlegal/ HTTP/1.1" 200 57192
69.171.231.117 - - [15/Jan/2023:16:07:00 -0500] "GET /images/tinguas-26-octubre.jpg HTTP/1.1" 200 105485
216.245.221.92 - - [15/Jan/2023:16:09:48 -0500] "HEAD / HTTP/1.1" 200 -
66.220.149.8 - - [15/Jan/2023:16:10:10 -0500] "GET /images/cr\xc3\xb3nica-29-nov-1_optimized.jpeg HTTP/1.1" 404 1034
201.245.192.253 - - [15/Jan/2023:16:10:30 -0500] "POST /kwsrmcab/Wsrmcab  HTTP/1.1" 200 43915
190.60.254.218 - - [15/Jan/2023:16:10:34 -0500] "POST /sipse/faces/presentacion/contratacion/contratista/consultarContratista.xhtml HTTP/1.1" 200 5763
190.60.254.218 - - [15/Jan/2023:16:10:45 -0500] "POST /sipse/faces/presentacion/contratacion/contratista/consultarContratista.xhtml HTTP/1.1" 200 36436
172.22.2.4 - - [15/Jan/2023:16:09:40 -0500] "HEAD /BLA/boletinlegal/ HTTP/1.1" 200 -
66.220.149.22 - - [15/Jan/2023:16:11:57 -0500] "GET /images/cr\xc3\xb3nica-29-nov-1_optimized.jpeg HTTP/1.1" 404 1034
172.22.2.4 - - [15/Jan/2023:16:10:31 -0500] "GET /BLA/boletinlegal/ HTTP/1.1" 200 57824
179.43.177.242 - - [15/Jan/2023:16:12:22 -0500] "GET / HTTP/1.1" 200 319
216.245.221.92 - - [15/Jan/2023:16:14:48 -0500] "HEAD / HTTP/1.1" 200 -
201.245.192.253 - - [15/Jan/2023:16:15:28 -0500] "POST /kwsrmcab/Wsrmcab  HTTP/1.1" 200 43915
172.22.2.4 - - [15/Jan/2023:16:15:30 -0500] "HEAD /BLA/boletinlegal/ HTTP/1.1" 200 -
172.22.2.4 - - [15/Jan/2023:16:16:21 -0500] "GET /BLA/boletinlegal/ HTTP/1.1" 200 57824
201.245.192.253 - - [15/Jan/2023:16:18:29 -0500] "POST /kwsrmcab/Wsrmcab HTTP/1.1" 200 43587
201.245.192.253 - - [15/Jan/2023:16:18:32 -0500] "POST /kwsrmcab/Wsrmcab HTTP/1.1" 200 43774
172.22.2.4 - - [15/Jan/2023:16:19:47 -0500] "GET /BLA/boletinlegal/robots.txt HTTP/1.1" 404 1038
216.245.221.92 - - [15/Jan/2023:16:19:48 -0500] "HEAD / HTTP/1.1" 200 -
201.245.192.253 - - [15/Jan/2023:16:20:27 -0500] "POST /kwsrmcab/Wsrmcab  HTTP/1.1" 200 43915
172.22.2.4 - - [15/Jan/2023:16:21:31 -0500] "GET /BLA/boletinlegal/style.css HTTP/1.1" 200 9406
172.22.2.4 - - [15/Jan/2023:16:21:31 -0500] "GET /BLA/boletinlegal/styles2.css HTTP/1.1" 200 1838
23.100.232.233 - - [15/Jan/2023:16:21:46 -0500] "GET /BLA/boletinlegal/js/jquery.scrollShow.js HTTP/1.1" 200 4586
23.100.232.233 - - [15/Jan/2023:16:21:46 -0500] "GET /galeria/galeria/jquery.fancybox.js?v=2.1.5 HTTP/1.1" 200 48706
23.100.232.233 - - [15/Jan/2023:16:21:46 -0500] "GET /galeria/galeria/jquery.fancybox.css?v=2.1.5 HTTP/1.1" 200 4895
173.252.95.118 - - [15/Jan/2023:16:21:52 -0500] "GET /images/Aire%20Reyes%20(1)%20(1).jpeg HTTP/1.1" 200 59709
173.252.95.2 - - [15/Jan/2023:16:21:52 -0500] "GET /images/mantener-calidad-del-aire_optimized.jpeg HTTP/1.1" 200 67646
173.252.95.2 - - [15/Jan/2023:16:21:53 -0500] "GET /images/Entrenubes%201%20(1)%20(1).jpeg HTTP/1.1" 200 70096
172.22.2.4 - - [15/Jan/2023:16:22:32 -0500] "GET /BLA/boletinlegal/jurisprudencia.php HTTP/1.1" 200 17573
37.44.238.97 - - [15/Jan/2023:16:22:34 -0500] "POST /boaform/admin/formLogin HTTP/1.1" 404 1186
172.22.2.4 - - [15/Jan/2023:16:21:20 -0500] "HEAD /BLA/boletinlegal/ HTTP/1.1" 200 -
190.60.254.218 - - [15/Jan/2023:16:23:15 -0500] "POST /sipse/faces/presentacion/contratacion/contratista/consultarContratista.xhtml HTTP/1.1" 200 4758
172.22.2.4 - - [15/Jan/2023:16:22:11 -0500] "GET /BLA/boletinlegal/ HTTP/1.1" 200 59404
186.102.37.186 - - [15/Jan/2023:16:24:41 -0500] "GET /kwssiamovil/sm/acme/a?s=U2FsdGVkX18xtQykO+cFS543yVUcOAayzCkl+0LRLfnD8b7ymvRO54rl2CHNksoRfIoKemR7jUtN+FpuD+dBMTsHozfX+/wXk4Yb/1dGJM18UO4bNadP3sTGB2uw/jqTK2AW8KBFfAsTc93vwOj7O8IemvHkGerkmoMXFTFPvVj+zU/zeZmnHaKH7puwiR4J9lSFJLCoozWaVMWbckSOiv3KYhAzXzXo6kH/b0mhN6UpP+XgZL07LQtmfed+Mfs8JFtATdbCnzeXN8MsZWRItg==&u=U2FsdGVkX1/vP7OE8gR6A6yeTka2MGISoyEX/cPbpfITxREA5ytDFlbB9V7a0uYb&y=U2FsdGVkX1+eOSDK1erczNLQAB06/QLLS55VS7PHBfKIpFwj28uDaK9yWKUyM0y8 HTTP/1.1" 200 26
186.102.37.186 - - [15/Jan/2023:16:24:42 -0500] "GET /kwssiamovil/sm/acme/a?s=U2FsdGVkX1/YWxT5MvZOEVQKQxmw+K3iY3CDAu9y4jIBCkjx3tlUOIDAPFMQ9uiTY22ns3+Bz2r3Lz1sSxrGw8gjG5zjDT9l1wp8LI6jugpPN48BzgUQvCm/W+93NREbT/b7N2uUbNAt/tvcxnliGUimq4f4I6JuFgYTs+2RJMmEHDPcdJOHEydPsQEonwG3lHpFp9IkQ7iCUyqeNXhSw1b9wAjlOuHyqt80r0Cd0ijZOKj6mubV3nG5+/4Bc0ByfHy/1tRyIiBe1bAn254expIJr2IP9RADhB9ZJg0egbaOr8paOtKybjgVxn8MTViOWmKM6u/mnWrUb+1NkNvfpycJHyUsJW1fqeapr2aqhqTUQRxT0c2Cu9scxGwTGvaaK2vI4ZxWg/F/ZON8Nq9KGor7Lx1/x94Jvp82Y3uV3yI62ETru6yEfOd7WTY9oh5ERvlO3I1ImoT4+Pa0xhYYVkiY3tIEAza6CJHFG/NMOwNOuUDr+6qmLiezzLaiveJlipE8p+LsHb2Yk3sMy2zxLlriir/mTc/bAf6nWKc5ajLlxnp/KXclm5mfLXr2BxQ1vo1mOw9AprPvBHdM7twMwKRv79FHHBDt+KMKLdgHCT8R4DgLeol4wzLf5j21Cr0Ao0GHAc7KoDkCEjO0PRyuTmqKgHn79UIhneKOsXN+NFIY7oPJRhYp8i4m8EsUL+I13Ypk8yz6Rt4AUmwOpgZ3KR0C5X+ww3TR50KgroLIzcQEaQut6cBmZS57i+pvJ4RLQ+MLoMi6HG5AVvxnEdgq8ddvEZMIhMAPiuOlZb3espNw8yRQTGo+aOdknjLteF+zjA2B6GvKLKDnbMEKhe+fFqumpe3RBveHCmwoZ2gR+mz1hswJZ3p2hqJ5jz6V99+QFNfoV6Ys6l6ZF3OQzgk2RFDrmFpC7+6y1OmFSj8MxrioRn8AqYN3Sf+w3oK8gfIiaAFIm0z6Ef/yXTwc/az20HhNu/SpXiYyFRc1AVrAHKRmYZgPdbQLSeqV1O22lqekt+50xTKgn49mJKG2XiavfxZeIX6/pywEqso+N63iVq46v6mdZ769E9jHGgQjFxoJEtIB0Io0kekt1tItpJ/gWAEacbTvbU76c84o8i0nzNFbJrJMhraHneuflkTOrB9jZU7foOjSbaoLHl+eWiBL+rk/Ha/k1Yzrt2ydQMq+Z8EYOVwajQ7Lcl+olAlw0K4IqNH4w7LSv4bs92RzsUxiOEQnc75Z3XaJnN4+NIP3aM/jQnIkl5MmDxSFTti+qMJ8KVcASfRuHtdzXtvs/OyIyvNzTHvl2nb3teSNnuP5IKoZvLVBGzahq+cv8fssmkKO4t4seYJwILU1D1Ain7awq64rMnBdYcACgA9R4t644Mzrj6l3/Um/Y3NhhCUNn/xjo7SIMT8ESAnRikOp+uUiOPcjEqyz7ArRD3+VgIcVGzXrfx2QcYQwBLt/ReSkVXsmmXISL7No/ObNKvex3m1tSFI93+UrQ8WkHB3DpVV1/bRQUpTHqnZsup2Nq7cH6fqcaSKRXJiHnXa2U0qT45E9/INjESCb1bnUOQy7BEKUvcoYQEGqJ74rCXVud1VigyO0r352hf/afUYPrw5lknWD1P7e6FTxgQ6cNr++VXpG/FRSi6V/I7fsLKeH2Xr2iRuhqQK1XlkoT5a3aKOyzRfT2gtCesUb4bKx3wo0cdFtmfFOKClFqTjKRff/WMyC/PyZF8O36iwEoajMqXS6CyO3la3SeoRwuYqHsp46lFAKCB+6WEDYzasCoUIcY46kv9KO/lHJFBhDEYaY13A1OLt08c0gY+0PkmmT92Cal/xfjIK1QemZ/ra63qPpQn5e2gEzBDTxjoen+Je2Du4aBrqEdYEVmZO2sGJnsvl3Ku54xTUSdsqCJ0v4kzEWFTWVeHPxA2xQgg88mN6fZXBJQ8gvSgUIfZFAxDVzgLfiI7RtA/fqOEAhKd0jdNVJuqcGYvuLypehl5ZFIIf8hsdd3cEHKgpejfiQHVWAWIMRlYozaWsjP507DsZVDJZ8F8PJw8K+EeDvbB3oVLGGfsr7Bg/vK4o5cPacLUGtP/D/uvp8HUmpGBd/NBVtOcyc+WuFhb+OuEhAFAs0ZYqyhSa6lCky25eIsGfYjvFTk8tQLyG6X9tZQDQfsUNVSDlgPCJ1Rc7Ft818qlMEH3iyqQe1KSoU4TUpVSGGI16ui5UNVt2kQlJfeSyoaqEx23qisHWtFCi0/GnvPz/5SFcsEKDpcgwLHRF+bMoGWT4GsbNbrbYG2zj7ZqyARB/LZ/NXxhMTimI5ePmPR3zubHeR3VKvGEmKK+XvPKKGoFPpag9G4G1HEoyPxB4vkvVGvcT0X3UlrXi3Qv0dg7rRZ4PlB4Vm5m+Tq9yuD1ka2sAzFkgyWhhBHLXzChKkKeKtaeu+VtAXfR9Ev7ccYEWU1RRB4+y/cQ4GcQz13f4zU/Sxl5ode0yhq3o=&u=U2FsdGVkX1/vP7OE8gR6A6yeTka2MGISoyEX/cPbpfITxREA5ytDFlbB9V7a0uYb&y=U2FsdGVkX1+eOSDK1erczNLQAB06/QLLS55VS7PHBfKIpFwj28uDaK9yWKUyM0y8 HTTP/1.1" 200 26
186.102.37.186 - - [15/Jan/2023:16:24:42 -0500] "GET /kwssiamovil/sm/acme/a?s=U2FsdGVkX18kKkEFCtbaEfwQKzobpWsqTSKwvzhlk4lpEbHNSzBRg6YxsujjJuR1CCL10SdUdLKS1MOXJs28hq1/r32V14yp66PrTt8PjqpyiAnqJu6hml0twoSxekZtd/nmx7V2n6EXUaWCXAh2O7rqYnkT4smKRsHjVoP/vKo=&u=U2FsdGVkX1/vP7OE8gR6A6yeTka2MGISoyEX/cPbpfITxREA5ytDFlbB9V7a0uYb&y=U2FsdGVkX1+eOSDK1erczNLQAB06/QLLS55VS7PHBfKIpFwj28uDaK9yWKUyM0y8 HTTP/1.1" 200 26
186.102.37.186 - - [15/Jan/2023:16:24:43 -0500] "GET /kwssiamovil/sm/acme/a?s=U2FsdGVkX1/AIQ8e/x15pGkCXSCqNCtVd/fAfXBNqmOww9T6/MW1hUgDOF5uNKrOfqssceCxS5Xosm8U4axBU5C8kmRW00iz9BiCVc+FBL0WU8JmxXwqXKz4X8/VzMiqfdgw6qQsnC76e3/WmxC0d0gNqxYkkcyikg3YK1C2/NQ=&u=U2FsdGVkX1/vP7OE8gR6A6yeTka2MGISoyEX/cPbpfITxREA5ytDFlbB9V7a0uYb&y=U2FsdGVkX1+eOSDK1erczNLQAB06/QLLS55VS7PHBfKIpFwj28uDaK9yWKUyM0y8 HTTP/1.1" 200 26
186.102.37.186 - - [15/Jan/2023:16:24:43 -0500] "GET /kwssiamovil/sm/acme/a?s=U2FsdGVkX19mTKThnx5+iNgI3MtXuN/4fjpdzGp4I0HqqwzjAgHQQ/YM2SlnLlL/eiDKqbXFr0cvE/LY4Oj8GsA0CV4lYnmY38heU1CLpMsZdlqnGyqhrJ1DY0f6tYCQNsGMXOWJo4eu1jSfnAMJmPXR1mTFcnL9Sk9TcbrheIQ=&u=U2FsdGVkX1/vP7OE8gR6A6yeTka2MGISoyEX/cPbpfITxREA5ytDFlbB9V7a0uYb&y=U2FsdGVkX1+eOSDK1erczNLQAB06/QLLS55VS7PHBfKIpFwj28uDaK9yWKUyM0y8 HTTP/1.1" 200 26
