190.158.212.78 - - [15/Jan/2023:18:50:21 -0500] "GET /kwssiamovil/sm/des/acme/s?s=U2FsdGVkX1/f+7RLgRGohk97h5NpaNBsM3zMvmLc8zDYnROPw30h/E35mWhTxCv+Ys9XVCBP/r5YoXcKQ8looY/H8y1zhuOKMzC3ZYg3vFU3jmRGPZs6M7OIjOUsRgAK0npS2AdmVe3xPrwAn+HioRn0fufGLwaZGFv9e33Xj51985xJsTDb+C5jLBlmhOiWlEF5FylPqDWe7BUeHKXZP9my76Ind+rXg/q2KIdltnHsuNgLlwnXEMK0VU9ZJbRkd3dzDVyyxSZ0Qw3B4il1E2svNZpGNLnH9JgZeIB0KnR3xAWNasSHnI0iyw3jDR1wU0SODfZ1QqfF2wrdafDMspxAOHKwc01lp+BUKYxNXSNLznn4R3NrFaLMoLeamQ4pUdt6IqIy+XuJU7AaPkY+IdPguZJNxdiervq21jQfISGg1xpcJmqQOQSfd+gLKNRhwEDP5Nt0ctaKpAHMk0HiLZNjrU0KAmcf57EgqCnUCKezvucf4wxk9vdkMrNYjer64Gbr2E2YRL+pKpmzf1gREPK4xfMVljY31mtLaDsb4bfWFDyKQg3Gw8uesGsmBOgEFv8LAAcz6fjHzczqjIDr0WahzEOmm8mt7x5vvMqw0dmEddnso47wBwer1Ednx4HByapoUcEZKLCjBawIb3qGKA1IJRwwkfwVQswbNjcv9Q5YzM+t7+/iDERS3X0Fxk6O8OPI0lTKeSt7s3CWzykiqGjBLFbiHwRIHj190fDVjf0IU99yTl3pvI/yTj70hKCOfx3vOthD7e4pyL01TTK4H3ey2/CNqtlDlCPgHb8bbdpHWPIfiVxfDyYsrQhxLiWQ9lMcob61z+fz4KD2ppzKVobbTa+KpjhKLK1MGWmpR819zxeLvzXDEmwK7VVugcjmMoIgJzkIAEJir//ONevTLmy3ezIZNWbIX7z444dqLTXuScxzFMCVyUS649aH/+L5K0o2hFFwBls998CIVOOQLrNKjRC+EzcXQmpVv1guwdXyBq740PXoOXhTviaaTFmb373eBW1Szv/N/iKc71V8ovOz0gi6deZlhqYR6hu+Hsbv+o7kjuszeLtyNZHlwpIhrhG0cnWmLiF4D1B+bdCUXYs+SGv3qmFZhp7BIsiuI9pu4hpF9kumU8zi17YARXahy95bqBBszZDxsUmDvN1boHmitCRyfxdncgZfMwP94DGlqd2TlJFS4M/MkcAHBxWNMly+x/Soi5YP+AIDZPaRy5rKwXeivdGJI4YjTPnE+TTDsVS5nCfpb3xJEDFm2gv2/E0UDMiuab8ErbirlIIAICGA1gb5jq6fveyrfO0iHBkulo5SZ+Q24d5r6ggl4mhXvJ7ou3OCOunsqzLyKn8AhKlE83NXjI19TjZ65InVxhXJmPYPdSSjSd1bpR61NBLRqIxxnGh871iEvR1O8+gPVxi+W0iw0jGg8TcSp30+8FhUuzYtAGqadZXnWgkoRiJ6gJ4bm2dimDaQG6CKs1ZiO+ZoUzqW3pIR6LjcQ3aTBS8gNs766QyUG3WCH8I1YCODSSMH3yGZ/d2+9rJTkEjCCjk6m04A2ZKxTAJaXApIHSgyQOCtVoEojOeLRTYn8oCBIKeZgCq0GoTeflrIBpG/+GA/wpXp5QIJ8lEzA2BLVCeWLWZlp2zCd7n/B6s9/3WTrFKWR8oZnV6k30Qwq74kR8w/rtZcOMNlWp7TXwC0VjdwcDocz/UQ8JdciWH8rbZD3Prhz8y8GnodVp+X5MCsdZ90ScAN7X9ucfAESw1tawk=&u=U2FsdGVkX1+NmgtEtcYXXrZZ4Ys+rpWTWwWSM5gTTSA=&y=U2FsdGVkX19jPWcB1zhEy4G4lbHqGVvDF/HrHyQMiIdXce3+SREuHbgYqTTky8tu HTTP/1.1" 200 334
190.158.212.78 - - [15/Jan/2023:18:50:21 -0500] "GET /kwssiamovil/sm/des/acme/s?s=U2FsdGVkX18R/J2xC1dM7VzfRKAYUdgopMbqczaeOCJSqmJE89CBXO9ehxnL5QYU6wA5T2FTbzFdUDAsT8Tt8c6fCNliR04LlJkdN+Z0gWThtrfbFDxFdz2bgBDm9upCipTq5/MlnBbupx7t8KrK1GlTem7pGIY8J50puuecv17JQaYFW6EMT3qxN6evT3cU4a1Qp/xNOlbkUKk+oC38Z4FUHLWnbf1KOTbcjOaj74PXupnY+aoLRtTmYZwfSfUg3pJNC7GQKS3iu87cqivPEeADr8LddBbHjDD7lQvS9MjWIw5uzHckrhQrnyVGFCM8wNenrEo51AvJ+lPqxXL2m5uy0wON96w9UnbtsC1k7DpWfZT2MHkT0N7C6KL/xhr8IEQAgQPVBwDWB9GbbqzeuxWBSxqUiiBg3PhRjsbTlpqWlLD9Yv74JWBnOx8xlJHxAweiV5H0hw0k8InXSxS9ZgDrdAqbGwojRJwQEbkLAkuAzI3uGbvS4y3+zhJ5TvJ0ZFL256xPSVH4VKy+4z8a5fItFXUTgopuETAkMf+6pdcrkHhqQ0zIbaFjnQs4zTXmnj2LfSehyJC0C4uGfG5lw2burbGRMb8geyieN5ZGvWTeAPqxR4yCLQFKZLvGqm/e5u3szSG4+72YBn4f6rfD1SeoJZoVJGNfQCfooUiCWQbarh8c8fRY/c8Lx4I6LICQEHxNqUfj+XPXFIhkfaXsjCMoMgXZJDSBB6Adndwb1d9C+QVQ3nexEosWH/FUltQo&u=U2FsdGVkX1+NmgtEtcYXXrZZ4Ys+rpWTWwWSM5gTTSA=&y=U2FsdGVkX19jPWcB1zhEy4G4lbHqGVvDF/HrHyQMiIdXce3+SREuHbgYqTTky8tu HTTP/1.1" 200 354
190.158.212.78 - - [15/Jan/2023:18:50:21 -0500] "GET /kwssiamovil/sm/des/cjson/pre?f=1&x=U2FsdGVkX1/H00Q+FWK9/Q338kqEFkKxIwqJwpQdEL/qBJu6FIdUG8heWha0aiZK HTTP/1.1" 200 31349
181.61.37.255 - - [15/Jan/2023:18:51:46 -0500] "GET /kwssiamovil/sm/des/ldap/au?x=U2FsdGVkX1+35cgfcCuYwsZ33fY1HorF1AquL75+aiakal+Oy/dXg9YXEGIUeZb7&y=U2FsdGVkX1+xNaPd50TrgvVKKGIKJXFsnet0+NY5GV/23ltitKxl3fSngcGjmgzD HTTP/1.1" 200 30
181.61.37.255 - - [15/Jan/2023:18:51:46 -0500] "GET /kwssiamovil/sm/des/acme/s?s=U2FsdGVkX191W4GT82TpVTc7Y1p4h3aUlg5/m9HCpZ4Te6HX6mgnLZ+5AA60aa8qck3P2I3SIC0rFyy40pm71A/KK8qqKsvD6DLobUzRHb4=&u=U2FsdGVkX1+UQuFN43pEgkw57qbWzdULAQkRnfL3cUA=&y=U2FsdGVkX1+xNaPd50TrgvVKKGIKJXFsnet0+NY5GV/23ltitKxl3fSngcGjmgzD HTTP/1.1" 200 97
181.61.37.255 - - [15/Jan/2023:18:51:46 -0500] "GET /kwssiamovil/sm/des/acme/s?s=U2FsdGVkX19+YPUUoVIlhEdMOqw9q5DFUBiJjmQy0GkRGkCydULSlt1ATsQNHobLty5VRvSChNSbSveOgR7gAlR+a/h1tG03Cea8Nuo8jqWf0FQoDFD6bt8XhENX0CSaXW/Wa0B24vTWyFSAIXLkDB9wiyscKHEDr4MrIs8wanInmnM9I961VpK/az/r7P2xjxvYZBZkFJrVDrNMWALKE7BrjdupY62OK/448d+6SJDGU/OopWE99wjcp7krlX2vt4vP5wEoXmb75LHMwGnhD0/9sZnoS8BSTwIzfIUSwUrVeNvGH1qaP8lYTTJOP/UZbTVnu0L7rWmAZvHg5hhC1ELG4y1Limj/ZEm16W2JgBUBmwc+if+JxdD+Gs+HfCOGFE++YrSyTbk6yx9ty48O0Bbl1nNZ33pG/iFOw5qDczYSNZo5CZ2CyfWv3vo7n6v78hgz2BCf1WyuO4Wr+RdYsHtik29DS5YOutbc2Z1IbOZoBvUeSTh+PMlJXeP2hNPB06UJ04juJ1oadmKjA4YBYZLZYo42JUtSQMKlmYX7Vm/VqJTaY4PHT3gAicmH0oTOdDBiZVJisbTFF/aHFt95mVctVrGysEs5EJPfGl5CFK/P3kjjpphqJhcOke66rHeRt8U0zsbHywn8mG3cu1Zson758ZyTBBhAtlmopkLXlYZkKI3XW731s3cAqKWyzi2CyoW+e4cQaM/ppL5w5PNLqHQ94y4PE5iC7LV8W4JloX/bxKWbwDgAY0qiel9cB4NH7zcgLjLmuNp/q5h1cMtK2CXjdzrWEVlo00KhuJIeohbnJpNHY2hGxFWZa3cQAFq0DJj3c7LYMpJ0NiBN1MDFQDzx6P22MvoFMyW2PiZB2oc+8CjhdRA5OCGgXm8hRpmooiqoZz8Nz73wmRM5GmZlfx2Jyp+1p6/GjzY0WxFBCt1Tid8pfA8FukOj4ekZrQ3gCtnfLJSvNA88kyTVy276rESkoQ7Aswl8JWBZdknmrWfr5bG2xfQxc9kyYnSdlYXH1ru+IJY3dzMhxQl9JUtfi3qOinruXgz5zdX1KAuoLdGgCTAUNMFTvGuCDaiWpdNv/NR618X2HTDOAAgKbN50GEWP21Zd4YyhUCP/5tr/6mkHJCuGQZrOkShe4ElEO+HqFc7xU9hhVHiAN2BhEp6+rMefAQYDDVY6L3QN/sZWazzKdhDCCo74X0RTuRdW9eiNI3072GEbKrP88PGeIYU/oxBMALVt6jWz6WeQLHXRij48qDb9l/RuMRZ2DvnTYuz2xmLBAuNM8KQlXAQVlgG379ZUYUWv07AeLFqREYW2uwgt1wxRWMxiliqE/OjDf5ZmDZQbeP1iLYKHnUjeQF0cvETXd9YHp9PAiQNkvfQzeJH06rMLfO8AK7Vtv9GY+K9ZYWgKq08xbZUAEvQPlVFQvOzqDBxjt7rHOSfFBEmQiPn/+kqGHG6wDCaKBfTcLwk+5LYqipDjXoXSMNMJUzjicyCnAj5vz5phcu+Iu2lejcUH+wp6eFQzCBWokXG/pAf4oYV8Is20Sdt6ZnKdc3wS9ru5M2l1t/Bwl4qVj7x/YrZ124bSi+yfdY88w8iu58ad9iMF9TQUXhtztbe9I+994rvvDvLTw2nVNMfc2SpZ/eOpfFSdKU3jqHcb3rMXlm2qrhDV4+pU04Us4/SQM8dvVKbKm53uV0udEjVi3uGN5qRluCqDJTsO+nUriWpbjODRX/KsXIB3GcC1AjTH0CJUHOv+GZkk1xnI+X2EV6r5AZE=&u=U2FsdGVkX1+UQuFN43pEgkw57qbWzdULAQkRnfL3cUA=&y=U2FsdGVkX1+xNaPd50TrgvVKKGIKJXFsnet0+NY5GV/23ltitKxl3fSngcGjmgzD HTTP/1.1" 200 334
181.61.37.255 - - [15/Jan/2023:18:51:46 -0500] "GET /kwssiamovil/sm/des/acme/s?s=U2FsdGVkX1974pjjg1GA0BhhDKdL562iWsQEmqmmIOakF3duIMP89JBH0yF3WYNtwJWBRbyhkf9Sa4QWJpqtP79YI/GXURkd7rKJ+CtSOi10B65eBfqiJ/o5k5GnCApeipT5Fyar83cnvH51BiuAo3qi0UVKZ1wpraATw/RFvgTAkHqPXe4KHlJzRlYI4Hu8m7R3pStljhhsJfa+WtYQt2DC7XhIomZUogGawjQxgQi0LWzi0TlkzN09dHaBvLVi8sV55S6CwLQcQYcy3p0Ow4DuDfAekvN5hb1Ugry4eB/IIfHwr4o94ICUXH+yJe4uydIlUqecyUlRXHA2+MeXW2CHUzgKjsPQWpDqpFseAj1/Hz8qhPP89SAY1IvrcNJEzJkfNQnjrx/w3HmCTnZITOcb2Q4111MSLnFMMurv5Tb3ImAKAgbltprHmWqJ3Fwiq9sboOoF797ZpailQwkeYXM+DDnUrIzTAJrbBMXQpe5MuDHCIaSRNeJWzXHTmko5WkxJAwxznP1WquIUnJP+V5ylASKb8lUNsmPMlymVVu6m2Sxs1CtLHtP/9WqIr46CnRA+X8zyFbtgHHXQD7mTKtuJSCGtEWhoC2DClXnnKIp1ayQWS6IfIZPr5h+Ng3d93bh76kUPXE/jRk66PnllSTKmF8oWoVDea5QCUfjducBdugvao9a2Wzca/YKeykuXtGLzxMyLAz+Sts4vmCr6znYyAqOs0VLUXkHptup32KqZz7Gi2MVwx33pHnF547Dd&u=U2FsdGVkX1+UQuFN43pEgkw57qbWzdULAQkRnfL3cUA=&y=U2FsdGVkX1+xNaPd50TrgvVKKGIKJXFsnet0+NY5GV/23ltitKxl3fSngcGjmgzD HTTP/1.1" 200 354
181.61.37.255 - - [15/Jan/2023:18:51:46 -0500] "GET /kwssiamovil/sm/des/cjson/pre?f=1&x=U2FsdGVkX1+35cgfcCuYwsZ33fY1HorF1AquL75+aiakal+Oy/dXg9YXEGIUeZb7 HTTP/1.1" 200 31349
181.61.220.28 - - [15/Jan/2023:18:52:50 -0500] "GET /sipse/faces/index.xhtml HTTP/1.1" 200 677
181.61.220.28 - - [15/Jan/2023:18:52:50 -0500] "GET /sipse/faces/javax.faces.resource/theme.css?ln=primefaces-sipse HTTP/1.1" 304 -
181.61.220.28 - - [15/Jan/2023:18:52:50 -0500] "GET /sipse/faces/faces/autenticacion.xhtml HTTP/1.1" 200 12188
181.61.220.28 - - [15/Jan/2023:18:52:50 -0500] "GET /sipse/faces/javax.faces.resource/theme.css?ln=primefaces-sipse HTTP/1.1" 304 -
181.61.220.28 - - [15/Jan/2023:18:52:50 -0500] "GET /sipse/faces/javax.faces.resource/primefaces.css?ln=primefaces&v=4.0 HTTP/1.1" 304 -
181.61.220.28 - - [15/Jan/2023:18:52:50 -0500] "GET /sipse/faces/javax.faces.resource/layout/layout.css?ln=primefaces&v=4.0 HTTP/1.1" 304 -
181.61.220.28 - - [15/Jan/2023:18:52:50 -0500] "GET /sipse/faces/javax.faces.resource/jquery/jquery.js?ln=primefaces&v=4.0 HTTP/1.1" 304 -
181.61.220.28 - - [15/Jan/2023:18:52:50 -0500] "GET /sipse/faces/javax.faces.resource/jquery/jquery-plugins.js?ln=primefaces&v=4.0 HTTP/1.1" 304 -
181.61.220.28 - - [15/Jan/2023:18:52:50 -0500] "GET /sipse/faces/javax.faces.resource/layout/layout.js?ln=primefaces&v=4.0 HTTP/1.1" 304 -
181.61.220.28 - - [15/Jan/2023:18:52:50 -0500] "GET /sipse/faces/javax.faces.resource/primefaces.js?ln=primefaces&v=4.0 HTTP/1.1" 304 -
181.61.220.28 - - [15/Jan/2023:18:52:51 -0500] "GET /sipse/faces/javax.faces.resource/images/ui-icons_898989_256x240.png?ln=primefaces-aristo HTTP/1.1" 304 -
181.61.220.28 - - [15/Jan/2023:18:52:59 -0500] "POST /sipse/faces/autenticacion.xhtml HTTP/1.1" 200 16147
181.61.220.28 - - [15/Jan/2023:18:52:59 -0500] "GET /sipse/faces/javax.faces.resource/theme.css?ln=primefaces-sipse HTTP/1.1" 304 -
181.61.220.28 - - [15/Jan/2023:18:52:59 -0500] "GET /sipse/faces/javax.faces.resource/primefaces.css?ln=primefaces&v=4.0 HTTP/1.1" 304 -
181.61.220.28 - - [15/Jan/2023:18:52:59 -0500] "GET /sipse/faces/javax.faces.resource/layout/layout.css?ln=primefaces&v=4.0 HTTP/1.1" 304 -
181.61.220.28 - - [15/Jan/2023:18:52:59 -0500] "GET /sipse/faces/javax.faces.resource/jquery/jquery.js?ln=primefaces&v=4.0 HTTP/1.1" 304 -
181.61.220.28 - - [15/Jan/2023:18:52:59 -0500] "GET /sipse/faces/javax.faces.resource/jquery/jquery-plugins.js?ln=primefaces&v=4.0 HTTP/1.1" 304 -
181.61.220.28 - - [15/Jan/2023:18:52:59 -0500] "GET /sipse/faces/javax.faces.resource/primefaces.js?ln=primefaces&v=4.0 HTTP/1.1" 304 -
181.61.220.28 - - [15/Jan/2023:18:52:59 -0500] "GET /sipse/faces/javax.faces.resource/layout/layout.js?ln=primefaces&v=4.0 HTTP/1.1" 304 -
181.61.220.28 - - [15/Jan/2023:18:52:59 -0500] "GET /sipse/css/imagen/contrasena.png HTTP/1.1" 404 383
181.61.220.28 - - [15/Jan/2023:18:53:00 -0500] "GET /sipse/faces/javax.faces.resource/messages/messages.png?ln=primefaces&v=4.0 HTTP/1.1" 304 -
181.61.220.28 - - [15/Jan/2023:18:53:01 -0500] "GET /sipse/faces/javax.faces.resource/images/ui-bg_flat_0_2d5972_40x100.png?ln=primefaces-aristo HTTP/1.1" 304 -
181.61.220.28 - - [15/Jan/2023:18:53:01 -0500] "POST /sipse/faces/bienvenido.xhtml HTTP/1.1" 200 1471
190.158.212.78 - - [15/Jan/2023:18:53:10 -0500] "GET /kwssiamovil/sm/des/ldap/au?x=U2FsdGVkX1+2XsAVWICTxHla+uY8MYz7mMeDcEoZjVY/oBWdHCyldybfXWIqyEq2&y=U2FsdGVkX1/wboIXsWYfV9mfEB7/ePVNtmMDJU/TsnCDBB+TQYnzNrfI3Dq6onaX HTTP/1.1" 200 30
190.158.212.78 - - [15/Jan/2023:18:53:10 -0500] "GET /kwssiamovil/sm/des/acme/s?s=U2FsdGVkX187CSDJN9Wm4eM3hUxaSS4YzPZPXYePxxFKUn7WJic2tRhL85XpE1pUVCo7JmX90kUXKG++BgPZeDyWDsUGs52VfIifF1UM1Ms=&u=U2FsdGVkX1/SCf70Nd4t/hWCYa9wVTcTqQ9z4MU506s=&y=U2FsdGVkX1/wboIXsWYfV9mfEB7/ePVNtmMDJU/TsnCDBB+TQYnzNrfI3Dq6onaX HTTP/1.1" 200 97
190.158.212.78 - - [15/Jan/2023:18:53:10 -0500] "GET /kwssiamovil/sm/des/acme/s?s=U2FsdGVkX18cq5jlPEuWVGahJcIrao9UhGowQoBGCjwSXW0y3zAR5Ol5xmfz9RGlvkeIOvba/nTenx2DQz2XWavhhYVnlXXQot/yjOBJ9bxtWcdugSZrpp5dMwSN6mQsL96jB1q8v8ruJxc1PH20g2WIroajTuaS/eIJBXSLde4/fMZw4cTOBuN1f1nYME+EVpsTHeXFlstn+qYzkZ9q4tNkNIMc0LnRY5uG3EsWxr1Ef4p01a+goVInlLJQdcWbnrwR+2ofY3RQ/SoqXqTJrFkB+OGPG3ZdauOrFRwA3tGw5mrDhcuMM+ybtUKp83frd8CeUXueUCQe911g97K8VyNu9UGGXdIOb5tBI8rT5Gzg5To0W6hozAvAXBbDCmPiuV5VLZYxvoikit7phdX+3quDYpcRJf4bbyTtXTSFxStxH+HTKbJqlc/B9glugNM2bqxPZcikgarQ0iNTphXcIFeoVVp8wM6TbJ6DOm7NHJG7zoIsSsjfOozkgOC2xAn1zjNsMWfOuhdttpYPNOJAOkgTUZ7LVxWeWxS2IkLj5BwLgctpoqI21aaOCfkkexzHwEkjoeKr/a8a1Y0fy/K9usYkQ1toKAF7B1XDAW8gSVvfGMecBKj42EbcE+ASdpFbeQkfimv0R+bL93Gflmp0BO3qOj8oa2Q3YOC1TOmmiGfOShNuYu/CJqUKQzkA2hGANkWOZrP5qcH/D43JALNhngrVLYA+XyjfvqnlrEpOPPQL3mwBd3ddmbz9WS7zYImWPVVTqyzYnSp0r+fIgmJEBrIMkS6mZ4NvbWn897Ka5zEjB9zpbY8dL5UMnNlZW6rZ2U7XWEe9SFKN1bEv3Z07qMaGgjCZyktgtpFvAzq/Y2szVMXH7+nHzC2M/EmLHz4gg5C54zMhetfL7uvUZUu207592ZzjCmF90CxaiMVGCzWI3bFOor5+crRxlu6vEFM58FYEUakXVUZuowaKcxg47mHuAAFrt7WPFK/009ULk+REE1l3fNinO4C02VWffDh1ZxmVdj6WQySIvwSfxh5ToURU5+lpLLvn6CkU3qPJJDZyKvi6PIY76mjE5C44CxziFRY7MaBz2s+PmNi1GmZYt8Gz/UXO3+4RopKLNaNNsEDHebhEHGooI9eMJCMX2jDIAmv83+ph9ozuXdgoDl72siRfbW0sp5ox4yz3GJUXtMbCDvcVyUxSUGhD7a0jy847u0vyBYIAppMXyIAp2HxWzPk1ARUmLfcSQ7HGeNbCr7apGNeQx/Cmh0gXc2BpNxeqWqLhNqvxYDeDWU/NSgALkuBzGIuOWtwzLUD11PSdQ2wto9oa5Sb5mi81ubB7DB3FW7q01EkVQqJ1bi6weHfCtEeC9+1IvGSxcgoLtVgK+fhHETtOzp5X0W+4uEy8GOgieNz3Sb9paTqRIuqU0u4I7ITOyFETa2eyQQy12ZZtSrl4O1zxFeaisXroEI4pjobPBXBnCx6zhooaeneWjQgCwFoMUNeKy9pPnGURHhHO/ukzR88/g62DbxvbQFcx0wgTRARjitzU4Go1ZVYIBLyxICpg27Oyyb+parqxGeKKrkIC6+inScccVsyHZSO/ZI324aVFGbaU/oD1yEUln9MatPFKuK0k8iQG5ECFqKVEBrVvheJskBHFoHgkGU8R+1MJUGjrvdDDjy06F29cXqKJDORHZjRerhqp4ninsT4+4hwFKFcdVpM+ZjdtdnHU6hwclcTdXKfPk3LJntbjmzWgmUbjGqDLBO0kMyce25SzWt8=&u=U2FsdGVkX1/SCf70Nd4t/hWCYa9wVTcTqQ9z4MU506s=&y=U2FsdGVkX1/wboIXsWYfV9mfEB7/ePVNtmMDJU/TsnCDBB+TQYnzNrfI3Dq6onaX HTTP/1.1" 200 334
190.158.212.78 - - [15/Jan/2023:18:53:10 -0500] "GET /kwssiamovil/sm/des/acme/s?s=U2FsdGVkX195+yU5s1D8O6l6ALUbG2UI6+Swh/dsZ6AwNAuRwYhgBB2SFVF43TqA8f1a0l0COji3dWBfQFlw4MpWOrXL5xUUZOzpIBOPFEYfxufYJWzAwn4HU/RvyfExQ1UDRxZv29kHTlBJbXCIGktFr3kQWa32BS9JagoQzGHc2FNKK88pg8fuQAdVzIQ9sKOE12OJr/ffz9AIRoxo9lujIwwmSYhqW/3vlE5ZW9+EfgTVMX23mqDeGuQkigpSL3xHZsGZwfa9MsLA9eMd0Ldvg29i9+UOFpDPm+GMOOkOsnJFmuKK5q9M9vMW1454UDaOjMabIon9xBKQAVxlfJHhYWdkyBuGhcR46Vt5EdGY70tSo12G2UFOuMyRNmnEICrQVudzXUCS0SDxmy/d8AJTjSHYTQFvE7PJAuO8/wHYThluai7ljpyIkjc0bwBmUgZMlPKE2lh6ktDzW4bxomSjtCvKr5A6gcVCl2ICeFWkVtOWHk933uD4bqLSOaqnGYqJ8IREpXfmeK8Tlnx3nO4sL0VwFpQrPKcBR3kUVeP2/1z0SsH8ZeiSUsy9xrTYiBQg4TpPZhObhTJzt2o9WC+bLh0fDkHaqOSBbCmMhOHDQdEjUTP7XrmFju5OPSo3YF+l8V2Ly6bPBwOnvtSCKTBE68UBrH2zzXD0VLY2IOBHEVRlsBHqG23sJfj1Jbbqw8XvboRD1bmqY6ols8eEZuRrQiWEYmEZFvdekicuTYrmUAlaaN8NYQtqkesTtYJm&u=U2FsdGVkX1/SCf70Nd4t/hWCYa9wVTcTqQ9z4MU506s=&y=U2FsdGVkX1/wboIXsWYfV9mfEB7/ePVNtmMDJU/TsnCDBB+TQYnzNrfI3Dq6onaX HTTP/1.1" 200 354
181.61.220.28 - - [15/Jan/2023:18:53:11 -0500] "POST /sipse/faces/bienvenido.xhtml HTTP/1.1" 200 1473
190.158.212.78 - - [15/Jan/2023:18:53:10 -0500] "GET /kwssiamovil/sm/des/cjson/pre?f=1&x=U2FsdGVkX1+2XsAVWICTxHla+uY8MYz7mMeDcEoZjVY/oBWdHCyldybfXWIqyEq2 HTTP/1.1" 200 31349
181.61.220.28 - - [15/Jan/2023:18:53:16 -0500] "POST /sipse/faces/bienvenido.xhtml HTTP/1.1" 200 38380
181.61.220.28 - - [15/Jan/2023:18:53:16 -0500] "GET /sipse/faces/javax.faces.resource/theme.css?ln=primefaces-sipse HTTP/1.1" 304 -
181.61.220.28 - - [15/Jan/2023:18:53:16 -0500] "GET /sipse/faces/javax.faces.resource/primefaces.css?ln=primefaces&v=4.0 HTTP/1.1" 304 -
181.61.220.28 - - [15/Jan/2023:18:53:16 -0500] "GET /sipse/faces/javax.faces.resource/layout/layout.css?ln=primefaces&v=4.0 HTTP/1.1" 304 -
181.61.220.28 - - [15/Jan/2023:18:53:16 -0500] "GET /sipse/faces/javax.faces.resource/jquery/jquery.js?ln=primefaces&v=4.0 HTTP/1.1" 304 -
181.61.220.28 - - [15/Jan/2023:18:53:16 -0500] "GET /sipse/faces/javax.faces.resource/jquery/jquery-plugins.js?ln=primefaces&v=4.0 HTTP/1.1" 304 -
181.61.220.28 - - [15/Jan/2023:18:53:16 -0500] "GET /sipse/faces/javax.faces.resource/primefaces.js?ln=primefaces&v=4.0 HTTP/1.1" 304 -
181.61.220.28 - - [15/Jan/2023:18:53:16 -0500] "GET /sipse/faces/javax.faces.resource/layout/layout.js?ln=primefaces&v=4.0 HTTP/1.1" 304 -
181.61.220.28 - - [15/Jan/2023:18:53:27 -0500] "POST /sipse/faces/presentacion/financiero/solicitudProceso/consultar.xhtml HTTP/1.1" 200 12920
181.61.220.28 - - [15/Jan/2023:18:53:53 -0500] "POST /sipse/faces/presentacion/financiero/solicitudProceso/consultar.xhtml HTTP/1.1" 200 145835
181.61.220.28 - - [15/Jan/2023:18:53:54 -0500] "GET /sipse/faces/javax.faces.resource/theme.css?ln=primefaces-sipse HTTP/1.1" 304 -
181.61.220.28 - - [15/Jan/2023:18:53:54 -0500] "GET /sipse/faces/javax.faces.resource/primefaces.css?ln=primefaces&v=4.0 HTTP/1.1" 304 -
181.61.220.28 - - [15/Jan/2023:18:53:54 -0500] "GET /sipse/faces/javax.faces.resource/layout/layout.css?ln=primefaces&v=4.0 HTTP/1.1" 304 -
181.61.220.28 - - [15/Jan/2023:18:53:54 -0500] "GET /sipse/faces/javax.faces.resource/jquery/jquery.js?ln=primefaces&v=4.0 HTTP/1.1" 304 -
181.61.220.28 - - [15/Jan/2023:18:53:54 -0500] "GET /sipse/faces/javax.faces.resource/jquery/jquery-plugins.js?ln=primefaces&v=4.0 HTTP/1.1" 304 -
181.61.220.28 - - [15/Jan/2023:18:53:54 -0500] "GET /sipse/faces/javax.faces.resource/primefaces.js?ln=primefaces&v=4.0 HTTP/1.1" 304 -
181.61.220.28 - - [15/Jan/2023:18:53:54 -0500] "GET /sipse/faces/javax.faces.resource/layout/layout.js?ln=primefaces&v=4.0 HTTP/1.1" 304 -
181.61.220.28 - - [15/Jan/2023:18:54:06 -0500] "POST /sipse/faces/presentacion/financiero/solicitudProceso/consultarSolicitudProceso.xhtml HTTP/1.1" 200 5518
172.22.2.4 - - [15/Jan/2023:18:53:00 -0500] "HEAD /BLA/boletinlegal/ HTTP/1.1" 200 -
216.245.221.92 - - [15/Jan/2023:18:54:48 -0500] "HEAD / HTTP/1.1" 200 -
201.245.192.253 - - [15/Jan/2023:18:54:50 -0500] "POST /kwsrmcab/Wsrmcab  HTTP/1.1" 200 43915
172.22.2.4 - - [15/Jan/2023:18:53:50 -0500] "GET /BLA/boletinlegal/ HTTP/1.1" 200 59779
181.61.37.255 - - [15/Jan/2023:18:56:37 -0500] "GET /kwssiamovil/sm/des/ldap/au?x=U2FsdGVkX19R4ISIKTNY60/+LzJApaTqeX2hMordm53dvek8Gzwp20HcM2vh/YDx&y=U2FsdGVkX1+sQTWFP7924zlGx4KbCO+dtooQ1rLTz2Tlhx+nvFe/kTlvNHYrinK+ HTTP/1.1" 200 30
181.61.37.255 - - [15/Jan/2023:18:56:37 -0500] "GET /kwssiamovil/sm/des/acme/s?s=U2FsdGVkX1+SAE4c7VrVMOlRSgzV+FRWuTOZMp4QaUxPKiQ2WepLmXB5xlqAQTX2eCwQYi19Rwjuwq/HNqM/OviI+TnqlqIGqUFJvKl4CaA=&u=U2FsdGVkX19zgRIUHlDcvoK0ybJicxdsZX2Fqx/U3hc=&y=U2FsdGVkX1+sQTWFP7924zlGx4KbCO+dtooQ1rLTz2Tlhx+nvFe/kTlvNHYrinK+ HTTP/1.1" 200 97
181.61.37.255 - - [15/Jan/2023:18:56:38 -0500] "GET /kwssiamovil/sm/des/acme/s?s=U2FsdGVkX18ZEvRkEE810NDCP0/QhjvhYObVhukeM2IZUXCqndOYkugDWWEROgKPtNe43lQIjCcuHZdu+4hUWTWcZbaqoQP3awTFdAmlvANzf/sRWiWC+1y+qFXnk7d83bRDh4/ge9m6T5RX4/Z7Upg7wnG7AycRbROGszHYPL4wXEFXIeR1KdBgHm4VbFcN6wZg1x6881g8Qul7oiW/UytDOdPj2/NYa4DIA9nQGXqKUjK8tcrY33CMzFRLK+i4Rt5XqdGbLOvjf5Aa91md3WP926Nn+1LpMdva1bm1kgq6ZZtpzhCyS24OJ8X9oozrGsenP2e9tyOxNh8zrmmQrphOLYkMaZPO0qKNxOBkEDBb7IBPA/ZNRRPn/ydrXxVoAya5Uwrsb7pxEb9s6tS4zgDquBTxKomWyzRzlcH8RFkZpKmpIQ9j8WHtXpJwu3OsRborzZzBm7urWfb2YzYYLHrCJP+P6cl6HkgeY2O3AIzVEHnjSMSnBVSnDuI4R8xqkrEZxnQ0qD86XbEFdSoGkm38sqmQ1I00gUMmbzO21gEMlNlB364W1W4wi1Hha3ow2GeTPHM3ypASdmbbzqcinMMocAIoM2SICcI8xqRiH6JMmJls3qZMoumRPac8Y3Ffx+iGsa3VF2su2ayDz/h0PXHVDh1N81rk362XSF1M00T787+gMJaqYL2yxxh3xbjRPpKnWyGrWM5l2CzAFZ5HtXO/hdAed5XWjQz5Rde100WNA1A89NIgaC8MJi7NAUJwFzM7ksfQlThimpS1tcJo6PVbb5U/WinJ5fy4XOnR8yWS7ZCVE/ukETMmL24o/7m+MgDBp8ql25EpA/XhwK/cbsnZ/5mdzCXkdCVZWchMrtKTXFe2c4YdWLKHFoS9jElA5jhh8XiOaEc507JD95OngSgd5YDW2HIj70vzTaW7Swr6lozWrsH0y5kzP4axoFv4ra0C6zK/bzk2rva+yKMzzmV8aKLJReE80G/i7lZ2lAtzgJlX095mgE1mPlkSq2qruy727E7UbSsBeYSFNefFRpiGeMLt1c02XdoDarG4SzYQD0pbkg/WtiNFxRN6xpXuadN4f5WKajbrqgeoMkgPQ1SFaEDixaqWHE409ggJ5JXzb7ZKAh6NXRn0V25nYs2a2ait79mmjvhuvrKNm1HiXZ+3/lCuO53MShg+Gi92xV6npMVG76Uf18X6c7pAz/fyJ4at70eyL83fXz+0+G5D2c2ZORt7wpneH6EYEYFLZ5AFTesf3bLuT2r73ckMjGIYRQEiDhwxxjsrlISXiAPwtWHRwp30+UeXt1df1dLWDGS5ExAuAWtozrLyW5URVTeFKqN7hsI8r2KstQVis7ALq8m3i26Efx5nJiPxPu4R237U5YnjnDI2pIFmMbPsrdaHXvP6xe7VOfwRg/VulgNMM5idSENRd5f02pK9rUIr1GXrjyFtfMuurcPjd6T+qFg9R0qOBkG1l/c6Xjikm9ZGWsfp6MDB4ax5PtUBS7QWmb0Syt2w9O+TSTiacAz0LqHmn3mPmD5XjcTFhDJVNoPv6amJRZt6JoCI9kYJRpSxt8RUi9s45NDTfr8mbBDtR1Jcln5kxXIo9BesHAQn1kiiOs4HHDPnJ2H7eCZ/vpuXnGUOcK4M0MYtARE64+CJeavdRrvVC79uSgeIyQZ9FwsaPcf6XVcfvhZgHzmTLbSD7nMtP2AVxhsufPysEQRa4mdZC/JKkHsv56BQufHb/6835xFkK6pNH7q/KmfZSCCRu3s=&u=U2FsdGVkX19zgRIUHlDcvoK0ybJicxdsZX2Fqx/U3hc=&y=U2FsdGVkX1+sQTWFP7924zlGx4KbCO+dtooQ1rLTz2Tlhx+nvFe/kTlvNHYrinK+ HTTP/1.1" 200 334
181.61.37.255 - - [15/Jan/2023:18:56:38 -0500] "GET /kwssiamovil/sm/des/acme/s?s=U2FsdGVkX18z1UAXyVf+lLRtgLFGOTE6GfMyD/EfmRVcPrmUMTnf/Dl/BDwqozoPXAiGQcLrVbZl7726gpGhmLELqJNEJJLYw76dROxqlYxYya1PRO27hjprRj6vvZduOvwOT62AwM1reKll8DGF7tSBHT2qFE4qeB1/FFkaahp+finiVmb5TgMIIgtjvFF+tzX1bhLnl9JnIxTrlH2y2JPo31latdS32RpiDpUqRtRzMly9PI+AlJ2MDtISLwre+/IBmYrDgMM/PMAD7ehcZ7B7Y3Q9pF5zaTBeqFH9BUCzoF7T+facD5UdqMQ+wIJZCV4jbA/1FvcwRCBUrAOSf8HA0eytzVtdmE17l8PIhPKyPu8vYjANiqCiGY8vEcgrg68gKMrM6XX992KOAn3r46FP/b9Fk6yv+Asd7TKolSU+GeuBOu86C6IP4wV+Mo3oCtfhhWAWVbm5Qb2V4cZYqEs4sosWqfjsXdes12RKYUSTkNAjWzxqx8CBAI6QAd92Y1Dq1+lEou4RrfGhf3ygSzwisJeR2Yzgs3FpZIdsyECuEqH8Xi5Bfk4ZRxwlxsJvbCxiQZcLL5CS9Jd/WzX1iT4qNqdlig+bcB8OaGaOJcHZZvVRGuX71MjNeu6CfgvtfOitwYuxk/ePOD50Mea/hk128ruUG7RQ4yKkvYeT/+D6chnkD+axrE/+1QKXSaszJRREG5mFCU69CFlok98/hrIXtidAP2QKARpY64imb8vlyCJpNzwv0gyy7seDMHyU&u=U2FsdGVkX19zgRIUHlDcvoK0ybJicxdsZX2Fqx/U3hc=&y=U2FsdGVkX1+sQTWFP7924zlGx4KbCO+dtooQ1rLTz2Tlhx+nvFe/kTlvNHYrinK+ HTTP/1.1" 200 354
181.61.37.255 - - [15/Jan/2023:18:56:38 -0500] "GET /kwssiamovil/sm/des/cjson/pre?f=1&x=U2FsdGVkX19R4ISIKTNY60/+LzJApaTqeX2hMordm53dvek8Gzwp20HcM2vh/YDx HTTP/1.1" 200 31349
181.61.220.28 - - [15/Jan/2023:18:56:58 -0500] "POST /sipse/faces/presentacion/financiero/solicitudProceso/consultarSolicitudProceso.xhtml HTTP/1.1" 200 5533
181.61.220.28 - - [15/Jan/2023:18:56:59 -0500] "GET /sipse/faces/javax.faces.resource/dynamiccontent.properties?ln=primefaces&pfdrid=XjOR5%2F%2FfPAZAuY9TpWQeCiM0BhlXxYRBGKi%2FQcXXfeA%3D&pfdrid_c=false HTTP/1.1" 200 120612
186.155.19.226 - - [15/Jan/2023:18:57:00 -0500] "GET /sipse/faces/javax.faces.resource/images/ui-icons_898989_256x240.png?ln=primefaces-aristo HTTP/1.1" 304 -
186.155.19.226 - - [15/Jan/2023:18:57:01 -0500] "GET /sipse/faces/javax.faces.resource/theme.css?ln=primefaces-sipse HTTP/1.1" 304 -
186.155.19.226 - - [15/Jan/2023:18:57:01 -0500] "GET /sipse/faces/javax.faces.resource/layout/layout.css?ln=primefaces&v=4.0 HTTP/1.1" 304 -
186.155.19.226 - - [15/Jan/2023:18:57:01 -0500] "GET /sipse/faces/javax.faces.resource/jquery/jquery.js?ln=primefaces&v=4.0 HTTP/1.1" 304 -
186.155.19.226 - - [15/Jan/2023:18:57:01 -0500] "GET /sipse/faces/javax.faces.resource/jquery/jquery-plugins.js?ln=primefaces&v=4.0 HTTP/1.1" 304 -
186.155.19.226 - - [15/Jan/2023:18:57:01 -0500] "GET /sipse/faces/javax.faces.resource/primefaces.css?ln=primefaces&v=4.0 HTTP/1.1" 304 -
186.155.19.226 - - [15/Jan/2023:18:57:01 -0500] "GET /sipse/faces/javax.faces.resource/layout/layout.js?ln=primefaces&v=4.0 HTTP/1.1" 304 -
186.155.19.226 - - [15/Jan/2023:18:57:01 -0500] "GET /sipse/faces/javax.faces.resource/primefaces.js?ln=primefaces&v=4.0 HTTP/1.1" 304 -
186.155.19.226 - - [15/Jan/2023:18:57:00 -0500] "POST /sipse/faces/presentacion/financiero/solicitudProceso/consultarHistorialSolProceso.xhtml HTTP/1.1" 200 171662
186.155.19.226 - - [15/Jan/2023:18:57:07 -0500] "GET /sipse/faces/javax.faces.resource/dynamiccontent.properties?ln=primefaces&pfdrid=XjOR5%2F%2FfPAZAuY9TpWQeCiM0BhlXxYRBGKi%2FQcXXfeA%3D&pfdrid_c=false HTTP/1.1" 500 383
216.245.221.92 - - [15/Jan/2023:18:59:48 -0500] "HEAD / HTTP/1.1" 200 -
201.245.192.253 - - [15/Jan/2023:18:59:49 -0500] "POST /kwsrmcab/Wsrmcab  HTTP/1.1" 200 43915
186.155.19.226 - - [15/Jan/2023:18:59:53 -0500] "GET /sipse/faces/javax.faces.resource/theme.css?ln=primefaces-sipse HTTP/1.1" 304 -
186.155.19.226 - - [15/Jan/2023:18:59:53 -0500] "GET /sipse/faces/javax.faces.resource/primefaces.css?ln=primefaces&v=4.0 HTTP/1.1" 304 -
186.155.19.226 - - [15/Jan/2023:18:59:53 -0500] "POST /sipse/faces/presentacion/financiero/solicitudProceso/consultarSolicitudProceso.xhtml HTTP/1.1" 200 31557
186.155.19.226 - - [15/Jan/2023:18:59:53 -0500] "GET /sipse/faces/javax.faces.resource/layout/layout.css?ln=primefaces&v=4.0 HTTP/1.1" 304 -
186.155.19.226 - - [15/Jan/2023:18:59:53 -0500] "GET /sipse/faces/javax.faces.resource/jquery/jquery-plugins.js?ln=primefaces&v=4.0 HTTP/1.1" 304 -
186.155.19.226 - - [15/Jan/2023:18:59:53 -0500] "GET /sipse/faces/javax.faces.resource/primefaces.js?ln=primefaces&v=4.0 HTTP/1.1" 304 -
186.155.19.226 - - [15/Jan/2023:18:59:53 -0500] "GET /sipse/faces/javax.faces.resource/jquery/jquery.js?ln=primefaces&v=4.0 HTTP/1.1" 304 -
186.155.19.226 - - [15/Jan/2023:18:59:53 -0500] "GET /sipse/faces/javax.faces.resource/layout/layout.js?ln=primefaces&v=4.0 HTTP/1.1" 304 -
172.22.2.4 - - [15/Jan/2023:18:58:50 -0500] "HEAD /BLA/boletinlegal/ HTTP/1.1" 200 -
66.220.149.21 - - [15/Jan/2023:19:00:34 -0500] "GET /images/vertimiento-Comprimida%20(1).png HTTP/1.1" 200 22870
173.252.79.19 - - [15/Jan/2023:19:01:00 -0500] "GET /images/negocios-verdes-mayo-2022.jpg HTTP/1.1" 200 48000
172.22.2.4 - - [15/Jan/2023:18:59:41 -0500] "GET /BLA/boletinlegal/ HTTP/1.1" 200 57824
173.252.111.16 - - [15/Jan/2023:19:01:33 -0500] "GET /images/Aire%20Reyes%20(1)%20(1).jpeg HTTP/1.1" 200 59709
216.245.221.92 - - [15/Jan/2023:19:04:48 -0500] "HEAD / HTTP/1.1" 200 -
201.245.192.253 - - [15/Jan/2023:19:04:48 -0500] "POST /kwsrmcab/Wsrmcab  HTTP/1.1" 200 43915
172.22.2.4 - - [15/Jan/2023:19:04:51 -0500] "GET /BLA/boletinlegal/?XDEBUG_SESSION_START=phpstorm HTTP/1.1" 200 24523
109.237.97.180 - - [15/Jan/2023:19:06:04 -0500] "GET /.env HTTP/1.1" 404 1018
109.237.97.180 - - [15/Jan/2023:19:06:04 -0500] "\x16\x03\x01\x01H\x01" 400 226
172.22.2.4 - - [15/Jan/2023:19:04:40 -0500] "HEAD /BLA/boletinlegal/ HTTP/1.1" 200 -
172.22.2.4 - - [15/Jan/2023:19:05:30 -0500] "GET /BLA/boletinlegal/ HTTP/1.1" 200 52453
185.119.81.101 - - [15/Jan/2023:19:07:40 -0500] "GET /portaldeninos/wp-login.php HTTP/1.1" 200 2592
185.119.81.101 - - [15/Jan/2023:19:07:41 -0500] "POST /portaldeninos/wp-login.php HTTP/1.1" 200 3650
186.155.19.226 - - [15/Jan/2023:19:08:16 -0500] "GET /sipse/faces/javax.faces.resource/theme.css?ln=primefaces-sipse HTTP/1.1" 304 -
186.155.19.226 - - [15/Jan/2023:19:08:16 -0500] "GET /sipse/faces/javax.faces.resource/primefaces.css?ln=primefaces&v=4.0 HTTP/1.1" 304 -
186.155.19.226 - - [15/Jan/2023:19:08:16 -0500] "GET /sipse/faces/javax.faces.resource/jquery/jquery.js?ln=primefaces&v=4.0 HTTP/1.1" 304 -
186.155.19.226 - - [15/Jan/2023:19:08:16 -0500] "GET /sipse/faces/javax.faces.resource/layout/layout.css?ln=primefaces&v=4.0 HTTP/1.1" 304 -
186.155.19.226 - - [15/Jan/2023:19:08:16 -0500] "GET /sipse/faces/javax.faces.resource/jquery/jquery-plugins.js?ln=primefaces&v=4.0 HTTP/1.1" 304 -
186.155.19.226 - - [15/Jan/2023:19:08:16 -0500] "GET /sipse/faces/javax.faces.resource/primefaces.js?ln=primefaces&v=4.0 HTTP/1.1" 304 -
186.155.19.226 - - [15/Jan/2023:19:08:16 -0500] "GET /sipse/faces/javax.faces.resource/layout/layout.js?ln=primefaces&v=4.0 HTTP/1.1" 304 -
186.155.19.226 - - [15/Jan/2023:19:08:15 -0500] "POST /sipse/faces/presentacion/financiero/solicitudProceso/consultarHistorialSolProceso.xhtml HTTP/1.1" 200 171662
186.155.19.226 - - [15/Jan/2023:19:08:16 -0500] "GET /sipse/faces/javax.faces.resource/dynamiccontent.properties?ln=primefaces&pfdrid=XjOR5%2F%2FfPAZAuY9TpWQeCiM0BhlXxYRBGKi%2FQcXXfeA%3D&pfdrid_c=false HTTP/1.1" 500 383
186.155.19.226 - - [15/Jan/2023:19:08:22 -0500] "GET /sipse/faces/javax.faces.resource/primefaces.css?ln=primefaces&v=4.0 HTTP/1.1" 304 -
186.155.19.226 - - [15/Jan/2023:19:08:22 -0500] "GET /sipse/faces/javax.faces.resource/jquery/jquery.js?ln=primefaces&v=4.0 HTTP/1.1" 304 -
186.155.19.226 - - [15/Jan/2023:19:08:22 -0500] "GET /sipse/faces/javax.faces.resource/layout/layout.css?ln=primefaces&v=4.0 HTTP/1.1" 304 -
186.155.19.226 - - [15/Jan/2023:19:08:22 -0500] "GET /sipse/faces/javax.faces.resource/theme.css?ln=primefaces-sipse HTTP/1.1" 304 -
186.155.19.226 - - [15/Jan/2023:19:08:23 -0500] "GET /sipse/faces/javax.faces.resource/jquery/jquery-plugins.js?ln=primefaces&v=4.0 HTTP/1.1" 304 -
186.155.19.226 - - [15/Jan/2023:19:08:23 -0500] "GET /sipse/faces/javax.faces.resource/primefaces.js?ln=primefaces&v=4.0 HTTP/1.1" 304 -
186.155.19.226 - - [15/Jan/2023:19:08:23 -0500] "GET /sipse/faces/javax.faces.resource/fileupload/fileupload.js?ln=primefaces&v=4.0 HTTP/1.1" 304 -
186.155.19.226 - - [15/Jan/2023:19:08:23 -0500] "GET /sipse/faces/javax.faces.resource/layout/layout.js?ln=primefaces&v=4.0 HTTP/1.1" 304 -
186.155.19.226 - - [15/Jan/2023:19:08:23 -0500] "GET /sipse/faces/javax.faces.resource/fileupload/fileupload.css?ln=primefaces&v=4.0 HTTP/1.1" 304 -
186.155.19.226 - - [15/Jan/2023:19:08:22 -0500] "POST /sipse/faces/presentacion/financiero/solicitudProceso/consultarSolicitudProceso.xhtml HTTP/1.1" 200 21158
186.155.19.226 - - [15/Jan/2023:19:08:29 -0500] "GET /sipse/faces/javax.faces.resource/theme.css?ln=primefaces-sipse HTTP/1.1" 304 -
186.155.19.226 - - [15/Jan/2023:19:08:29 -0500] "GET /sipse/faces/javax.faces.resource/layout/layout.css?ln=primefaces&v=4.0 HTTP/1.1" 304 -
186.155.19.226 - - [15/Jan/2023:19:08:29 -0500] "GET /sipse/faces/javax.faces.resource/primefaces.css?ln=primefaces&v=4.0 HTTP/1.1" 304 -
186.155.19.226 - - [15/Jan/2023:19:08:29 -0500] "GET /sipse/faces/javax.faces.resource/jquery/jquery.js?ln=primefaces&v=4.0 HTTP/1.1" 304 -
186.155.19.226 - - [15/Jan/2023:19:08:29 -0500] "GET /sipse/faces/javax.faces.resource/jquery/jquery-plugins.js?ln=primefaces&v=4.0 HTTP/1.1" 304 -
186.155.19.226 - - [15/Jan/2023:19:08:29 -0500] "GET /sipse/faces/javax.faces.resource/primefaces.js?ln=primefaces&v=4.0 HTTP/1.1" 304 -
186.155.19.226 - - [15/Jan/2023:19:08:29 -0500] "GET /sipse/faces/javax.faces.resource/layout/layout.js?ln=primefaces&v=4.0 HTTP/1.1" 304 -
186.155.19.226 - - [15/Jan/2023:19:08:28 -0500] "POST /sipse/faces/presentacion/sistema/anexos/cargarAnexoSolicitudProceso.xhtml HTTP/1.1" 200 173460
186.155.19.226 - - [15/Jan/2023:19:08:29 -0500] "GET /sipse/faces/javax.faces.resource/dynamiccontent.properties?ln=primefaces&pfdrid=XjOR5%2F%2FfPAZAuY9TpWQeCiM0BhlXxYRBGKi%2FQcXXfeA%3D&pfdrid_c=false HTTP/1.1" 500 383
103.149.192.94 - - [15/Jan/2023:19:08:39 -0500] "GET / HTTP/1.1" 200 319
216.245.221.92 - - [15/Jan/2023:19:09:48 -0500] "HEAD / HTTP/1.1" 200 -
201.245.192.253 - - [15/Jan/2023:19:09:47 -0500] "POST /kwsrmcab/Wsrmcab  HTTP/1.1" 200 43915
186.155.19.226 - - [15/Jan/2023:19:10:08 -0500] "POST /sipse/faces/presentacion/financiero/solicitudProceso/consultarSolicitudProceso.xhtml HTTP/1.1" 200 31557
186.155.19.226 - - [15/Jan/2023:19:10:09 -0500] "GET /sipse/faces/javax.faces.resource/theme.css?ln=primefaces-sipse HTTP/1.1" 304 -
186.155.19.226 - - [15/Jan/2023:19:10:09 -0500] "GET /sipse/faces/javax.faces.resource/primefaces.css?ln=primefaces&v=4.0 HTTP/1.1" 304 -
186.155.19.226 - - [15/Jan/2023:19:10:09 -0500] "GET /sipse/faces/javax.faces.resource/layout/layout.css?ln=primefaces&v=4.0 HTTP/1.1" 304 -
186.155.19.226 - - [15/Jan/2023:19:10:09 -0500] "GET /sipse/faces/javax.faces.resource/jquery/jquery-plugins.js?ln=primefaces&v=4.0 HTTP/1.1" 304 -
186.155.19.226 - - [15/Jan/2023:19:10:09 -0500] "GET /sipse/faces/javax.faces.resource/jquery/jquery.js?ln=primefaces&v=4.0 HTTP/1.1" 304 -
186.155.19.226 - - [15/Jan/2023:19:10:09 -0500] "GET /sipse/faces/javax.faces.resource/primefaces.js?ln=primefaces&v=4.0 HTTP/1.1" 304 -
186.155.19.226 - - [15/Jan/2023:19:10:09 -0500] "GET /sipse/faces/javax.faces.resource/layout/layout.js?ln=primefaces&v=4.0 HTTP/1.1" 304 -
186.155.19.226 - - [15/Jan/2023:19:10:09 -0500] "GET /sipse/css/imagen/contrasena.png HTTP/1.1" 404 383
186.155.19.226 - - [15/Jan/2023:19:10:09 -0500] "GET /sipse/faces/javax.faces.resource/images/ui-icons_898989_256x240.png?ln=primefaces-aristo HTTP/1.1" 304 -
186.155.19.226 - - [15/Jan/2023:19:10:27 -0500] "GET /sipse/faces/javax.faces.resource/theme.css?ln=primefaces-sipse HTTP/1.1" 304 -
186.155.19.226 - - [15/Jan/2023:19:10:27 -0500] "GET /sipse/faces/javax.faces.resource/primefaces.js?ln=primefaces&v=4.0 HTTP/1.1" 304 -
186.155.19.226 - - [15/Jan/2023:19:10:27 -0500] "GET /sipse/faces/javax.faces.resource/layout/layout.css?ln=primefaces&v=4.0 HTTP/1.1" 304 -
186.155.19.226 - - [15/Jan/2023:19:10:27 -0500] "GET /sipse/faces/javax.faces.resource/jquery/jquery.js?ln=primefaces&v=4.0 HTTP/1.1" 304 -
186.155.19.226 - - [15/Jan/2023:19:10:27 -0500] "GET /sipse/faces/javax.faces.resource/primefaces.css?ln=primefaces&v=4.0 HTTP/1.1" 304 -
186.155.19.226 - - [15/Jan/2023:19:10:27 -0500] "GET /sipse/faces/javax.faces.resource/jquery/jquery-plugins.js?ln=primefaces&v=4.0 HTTP/1.1" 304 -
186.155.19.226 - - [15/Jan/2023:19:10:27 -0500] "GET /sipse/faces/javax.faces.resource/layout/layout.js?ln=primefaces&v=4.0 HTTP/1.1" 304 -
186.155.19.226 - - [15/Jan/2023:19:10:26 -0500] "POST /sipse/faces/presentacion/financiero/solicitudProceso/consultarHistorialSolProceso.xhtml HTTP/1.1" 200 173460
186.155.19.226 - - [15/Jan/2023:19:10:27 -0500] "GET /sipse/faces/javax.faces.resource/images/ui-icons_898989_256x240.png?ln=primefaces-aristo HTTP/1.1" 304 -
186.155.19.226 - - [15/Jan/2023:19:10:27 -0500] "GET /sipse/faces/javax.faces.resource/dynamiccontent.properties?ln=primefaces&pfdrid=XjOR5%2F%2FfPAZAuY9TpWQeCiM0BhlXxYRBGKi%2FQcXXfeA%3D&pfdrid_c=false HTTP/1.1" 500 383
186.155.19.226 - - [15/Jan/2023:19:11:06 -0500] "GET /sipse/faces/javax.faces.resource/images/ui-bg_flat_0_2d5972_40x100.png?ln=primefaces-aristo HTTP/1.1" 304 -
186.155.19.226 - - [15/Jan/2023:19:11:07 -0500] "POST /sipse/faces/presentacion/financiero/solicitudProceso/consultarSolicitudProceso.xhtml HTTP/1.1" 200 65006
186.155.19.226 - - [15/Jan/2023:19:11:10 -0500] "GET /sipse/faces/javax.faces.resource/theme.css?ln=primefaces-sipse HTTP/1.1" 304 -
186.155.19.226 - - [15/Jan/2023:19:11:10 -0500] "GET /sipse/faces/javax.faces.resource/layout/layout.css?ln=primefaces&v=4.0 HTTP/1.1" 304 -
186.155.19.226 - - [15/Jan/2023:19:11:10 -0500] "GET /sipse/faces/javax.faces.resource/primefaces.css?ln=primefaces&v=4.0 HTTP/1.1" 304 -
186.155.19.226 - - [15/Jan/2023:19:11:10 -0500] "GET /sipse/faces/javax.faces.resource/jquery/jquery.js?ln=primefaces&v=4.0 HTTP/1.1" 304 -
186.155.19.226 - - [15/Jan/2023:19:11:10 -0500] "GET /sipse/faces/javax.faces.resource/jquery/jquery-plugins.js?ln=primefaces&v=4.0 HTTP/1.1" 304 -
186.155.19.226 - - [15/Jan/2023:19:11:10 -0500] "GET /sipse/faces/javax.faces.resource/primefaces.js?ln=primefaces&v=4.0 HTTP/1.1" 304 -
186.155.19.226 - - [15/Jan/2023:19:11:10 -0500] "GET /sipse/faces/javax.faces.resource/layout/layout.js?ln=primefaces&v=4.0 HTTP/1.1" 304 -
186.155.19.226 - - [15/Jan/2023:19:11:10 -0500] "GET /sipse/faces/javax.faces.resource/messages/messages.png?ln=primefaces&v=4.0 HTTP/1.1" 304 -
186.155.19.226 - - [15/Jan/2023:19:11:10 -0500] "POST /sipse/faces/presentacion/financiero/solicitudProceso/listarSolicitudProceso.xhtml HTTP/1.1" 200 1560
186.155.19.226 - - [15/Jan/2023:19:11:23 -0500] "POST /sipse/faces/presentacion/financiero/solicitudProceso/listarSolicitudProceso.xhtml HTTP/1.1" 200 31208
186.155.19.226 - - [15/Jan/2023:19:11:31 -0500] "POST /sipse/faces/presentacion/financiero/solicitudProceso/listarSolicitudProceso.xhtml HTTP/1.1" 200 31584
186.155.19.226 - - [15/Jan/2023:19:11:38 -0500] "POST /sipse/faces/presentacion/financiero/solicitudProceso/listarSolicitudProceso.xhtml HTTP/1.1" 200 31384
186.155.19.226 - - [15/Jan/2023:19:11:42 -0500] "POST /sipse/faces/presentacion/financiero/solicitudProceso/listarSolicitudProceso.xhtml HTTP/1.1" 200 31760
186.155.19.226 - - [15/Jan/2023:19:11:44 -0500] "GET /sipse/faces/javax.faces.resource/dynamiccontent.properties?ln=primefaces&pfdrid=XjOR5%2F%2FfPAZAuY9TpWQeCiM0BhlXxYRBGKi%2FQcXXfeA%3D&pfdrid_c=false HTTP/1.1" 500 383
186.155.19.226 - - [15/Jan/2023:19:11:51 -0500] "GET /sipse/faces/javax.faces.resource/dynamiccontent.properties?ln=primefaces&pfdrid=XjOR5%2F%2FfPAZAuY9TpWQeCiM0BhlXxYRBGKi%2FQcXXfeA%3D&pfdrid_c=false HTTP/1.1" 500 383
186.155.19.226 - - [15/Jan/2023:19:11:53 -0500] "POST /sipse/faces/presentacion/financiero/solicitudProceso/consultarSolicitudProceso.xhtml HTTP/1.1" 200 64529
186.155.19.226 - - [15/Jan/2023:19:11:54 -0500] "GET /sipse/faces/javax.faces.resource/theme.css?ln=primefaces-sipse HTTP/1.1" 304 -
186.155.19.226 - - [15/Jan/2023:19:11:54 -0500] "GET /sipse/faces/javax.faces.resource/layout/layout.css?ln=primefaces&v=4.0 HTTP/1.1" 304 -
186.155.19.226 - - [15/Jan/2023:19:11:54 -0500] "GET /sipse/faces/javax.faces.resource/primefaces.css?ln=primefaces&v=4.0 HTTP/1.1" 304 -
186.155.19.226 - - [15/Jan/2023:19:11:54 -0500] "GET /sipse/faces/javax.faces.resource/jquery/jquery.js?ln=primefaces&v=4.0 HTTP/1.1" 304 -
186.155.19.226 - - [15/Jan/2023:19:11:55 -0500] "GET /sipse/faces/javax.faces.resource/jquery/jquery-plugins.js?ln=primefaces&v=4.0 HTTP/1.1" 304 -
186.155.19.226 - - [15/Jan/2023:19:11:55 -0500] "GET /sipse/faces/javax.faces.resource/primefaces.js?ln=primefaces&v=4.0 HTTP/1.1" 304 -
186.155.19.226 - - [15/Jan/2023:19:11:55 -0500] "GET /sipse/faces/javax.faces.resource/layout/layout.js?ln=primefaces&v=4.0 HTTP/1.1" 304 -
186.155.19.226 - - [15/Jan/2023:19:11:55 -0500] "POST /sipse/faces/presentacion/financiero/solicitudProceso/listarSolicitudProceso.xhtml HTTP/1.1" 200 1560
186.155.19.226 - - [15/Jan/2023:19:11:58 -0500] "POST /sipse/faces/presentacion/financiero/solicitudProceso/listarSolicitudProceso.xhtml HTTP/1.1" 200 31208
172.22.2.4 - - [15/Jan/2023:19:10:30 -0500] "HEAD /BLA/boletinlegal/ HTTP/1.1" 200 -
186.155.19.226 - - [15/Jan/2023:19:12:13 -0500] "POST /sipse/faces/presentacion/financiero/solicitudProceso/listarSolicitudProceso.xhtml HTTP/1.1" 200 32016
186.155.19.226 - - [15/Jan/2023:19:12:27 -0500] "POST /sipse/faces/presentacion/financiero/solicitudProceso/listarSolicitudProceso.xhtml HTTP/1.1" 200 123732
186.155.19.226 - - [15/Jan/2023:19:12:28 -0500] "GET /sipse/faces/javax.faces.resource/theme.css?ln=primefaces-sipse HTTP/1.1" 304 -
186.155.19.226 - - [15/Jan/2023:19:12:28 -0500] "GET /sipse/faces/javax.faces.resource/layout/layout.css?ln=primefaces&v=4.0 HTTP/1.1" 304 -
186.155.19.226 - - [15/Jan/2023:19:12:28 -0500] "GET /sipse/faces/javax.faces.resource/primefaces.css?ln=primefaces&v=4.0 HTTP/1.1" 304 -
186.155.19.226 - - [15/Jan/2023:19:12:28 -0500] "GET /sipse/faces/javax.faces.resource/jquery/jquery.js?ln=primefaces&v=4.0 HTTP/1.1" 304 -
186.155.19.226 - - [15/Jan/2023:19:12:28 -0500] "GET /sipse/faces/javax.faces.resource/jquery/jquery-plugins.js?ln=primefaces&v=4.0 HTTP/1.1" 304 -
186.155.19.226 - - [15/Jan/2023:19:12:28 -0500] "GET /sipse/faces/javax.faces.resource/primefaces.js?ln=primefaces&v=4.0 HTTP/1.1" 304 -
186.155.19.226 - - [15/Jan/2023:19:12:28 -0500] "GET /sipse/faces/javax.faces.resource/layout/layout.js?ln=primefaces&v=4.0 HTTP/1.1" 304 -
186.155.19.226 - - [15/Jan/2023:19:12:28 -0500] "GET /sipse/faces/javax.faces.resource/dynamiccontent.properties?ln=primefaces&pfdrid=XjOR5%2F%2FfPAZAuY9TpWQeCiM0BhlXxYRBGKi%2FQcXXfeA%3D&pfdrid_c=false HTTP/1.1" 500 383
186.155.19.226 - - [15/Jan/2023:19:12:33 -0500] "POST /sipse/faces/presentacion/financiero/solicitudProceso/consultarSolicitudProceso.xhtml HTTP/1.1" 200 64529
186.155.19.226 - - [15/Jan/2023:19:12:35 -0500] "GET /sipse/faces/javax.faces.resource/primefaces.css?ln=primefaces&v=4.0 HTTP/1.1" 304 -
186.155.19.226 - - [15/Jan/2023:19:12:35 -0500] "GET /sipse/faces/javax.faces.resource/theme.css?ln=primefaces-sipse HTTP/1.1" 304 -
186.155.19.226 - - [15/Jan/2023:19:12:35 -0500] "GET /sipse/faces/javax.faces.resource/layout/layout.css?ln=primefaces&v=4.0 HTTP/1.1" 304 -
186.155.19.226 - - [15/Jan/2023:19:12:35 -0500] "GET /sipse/faces/javax.faces.resource/jquery/jquery.js?ln=primefaces&v=4.0 HTTP/1.1" 304 -
186.155.19.226 - - [15/Jan/2023:19:12:35 -0500] "GET /sipse/faces/javax.faces.resource/jquery/jquery-plugins.js?ln=primefaces&v=4.0 HTTP/1.1" 304 -
186.155.19.226 - - [15/Jan/2023:19:12:35 -0500] "GET /sipse/faces/javax.faces.resource/primefaces.js?ln=primefaces&v=4.0 HTTP/1.1" 304 -
186.155.19.226 - - [15/Jan/2023:19:12:35 -0500] "GET /sipse/faces/javax.faces.resource/layout/layout.js?ln=primefaces&v=4.0 HTTP/1.1" 304 -
186.155.19.226 - - [15/Jan/2023:19:12:35 -0500] "POST /sipse/faces/presentacion/financiero/solicitudProceso/listarSolicitudProceso.xhtml HTTP/1.1" 200 57863
186.155.19.226 - - [15/Jan/2023:19:12:35 -0500] "POST /sipse/faces/presentacion/financiero/solicitudProceso/listarSolicitudProceso.xhtml HTTP/1.1" 200 57863
186.155.19.226 - - [15/Jan/2023:19:12:35 -0500] "POST /sipse/faces/presentacion/financiero/solicitudProceso/listarSolicitudProceso.xhtml HTTP/1.1" 200 1560
186.155.19.226 - - [15/Jan/2023:19:12:35 -0500] "POST /sipse/faces/presentacion/financiero/solicitudProceso/listarSolicitudProceso.xhtml HTTP/1.1" 200 1552
186.155.19.226 - - [15/Jan/2023:19:12:36 -0500] "POST /sipse/faces/presentacion/financiero/solicitudProceso/listarSolicitudProceso.xhtml HTTP/1.1" 200 1568
186.155.19.226 - - [15/Jan/2023:19:12:41 -0500] "POST /sipse/faces/presentacion/financiero/solicitudProceso/listarSolicitudProceso.xhtml HTTP/1.1" 200 31208
88.99.62.159 - - [15/Jan/2023:19:12:46 -0500] "GET /portaldeninos/comments/feed/ HTTP/1.1" 304 -
88.99.62.159 - - [15/Jan/2023:19:12:46 -0500] "GET /portaldeninos/feed/ HTTP/1.1" 304 -
186.155.19.226 - - [15/Jan/2023:19:12:49 -0500] "POST /sipse/faces/presentacion/financiero/solicitudProceso/listarSolicitudProceso.xhtml HTTP/1.1" 200 121560
186.155.19.226 - - [15/Jan/2023:19:12:50 -0500] "GET /sipse/faces/javax.faces.resource/primefaces.css?ln=primefaces&v=4.0 HTTP/1.1" 304 -
186.155.19.226 - - [15/Jan/2023:19:12:50 -0500] "GET /sipse/faces/javax.faces.resource/theme.css?ln=primefaces-sipse HTTP/1.1" 304 -
186.155.19.226 - - [15/Jan/2023:19:12:50 -0500] "GET /sipse/faces/javax.faces.resource/layout/layout.css?ln=primefaces&v=4.0 HTTP/1.1" 304 -
186.155.19.226 - - [15/Jan/2023:19:12:50 -0500] "GET /sipse/faces/javax.faces.resource/jquery/jquery.js?ln=primefaces&v=4.0 HTTP/1.1" 304 -
186.155.19.226 - - [15/Jan/2023:19:12:50 -0500] "GET /sipse/faces/javax.faces.resource/jquery/jquery-plugins.js?ln=primefaces&v=4.0 HTTP/1.1" 304 -
186.155.19.226 - - [15/Jan/2023:19:12:50 -0500] "GET /sipse/faces/javax.faces.resource/primefaces.js?ln=primefaces&v=4.0 HTTP/1.1" 304 -
186.155.19.226 - - [15/Jan/2023:19:12:50 -0500] "GET /sipse/faces/javax.faces.resource/layout/layout.js?ln=primefaces&v=4.0 HTTP/1.1" 304 -
186.155.19.226 - - [15/Jan/2023:19:12:51 -0500] "GET /sipse/faces/javax.faces.resource/dynamiccontent.properties?ln=primefaces&pfdrid=XjOR5%2F%2FfPAZAuY9TpWQeCiM0BhlXxYRBGKi%2FQcXXfeA%3D&pfdrid_c=false HTTP/1.1" 500 383
186.155.19.226 - - [15/Jan/2023:19:12:55 -0500] "POST /sipse/faces/presentacion/financiero/solicitudProceso/consultarSolicitudProceso.xhtml HTTP/1.1" 200 64529
186.155.19.226 - - [15/Jan/2023:19:12:56 -0500] "GET /sipse/faces/javax.faces.resource/primefaces.css?ln=primefaces&v=4.0 HTTP/1.1" 304 -
186.155.19.226 - - [15/Jan/2023:19:12:56 -0500] "GET /sipse/faces/javax.faces.resource/theme.css?ln=primefaces-sipse HTTP/1.1" 304 -
186.155.19.226 - - [15/Jan/2023:19:12:56 -0500] "GET /sipse/faces/javax.faces.resource/layout/layout.css?ln=primefaces&v=4.0 HTTP/1.1" 304 -
186.155.19.226 - - [15/Jan/2023:19:12:56 -0500] "GET /sipse/faces/javax.faces.resource/jquery/jquery.js?ln=primefaces&v=4.0 HTTP/1.1" 304 -
186.155.19.226 - - [15/Jan/2023:19:12:56 -0500] "GET /sipse/faces/javax.faces.resource/jquery/jquery-plugins.js?ln=primefaces&v=4.0 HTTP/1.1" 304 -
186.155.19.226 - - [15/Jan/2023:19:12:56 -0500] "GET /sipse/faces/javax.faces.resource/primefaces.js?ln=primefaces&v=4.0 HTTP/1.1" 304 -
186.155.19.226 - - [15/Jan/2023:19:12:56 -0500] "GET /sipse/faces/javax.faces.resource/layout/layout.js?ln=primefaces&v=4.0 HTTP/1.1" 304 -
186.155.19.226 - - [15/Jan/2023:19:12:56 -0500] "POST /sipse/faces/presentacion/financiero/solicitudProceso/listarSolicitudProceso.xhtml HTTP/1.1" 200 57863
186.155.19.226 - - [15/Jan/2023:19:12:56 -0500] "POST /sipse/faces/presentacion/financiero/solicitudProceso/listarSolicitudProceso.xhtml HTTP/1.1" 200 57863
186.155.19.226 - - [15/Jan/2023:19:12:57 -0500] "POST /sipse/faces/presentacion/financiero/solicitudProceso/listarSolicitudProceso.xhtml HTTP/1.1" 200 57863
186.155.19.226 - - [15/Jan/2023:19:12:57 -0500] "POST /sipse/faces/presentacion/financiero/solicitudProceso/listarSolicitudProceso.xhtml HTTP/1.1" 200 57863
186.155.19.226 - - [15/Jan/2023:19:12:57 -0500] "POST /sipse/faces/presentacion/financiero/solicitudProceso/listarSolicitudProceso.xhtml HTTP/1.1" 200 1560
186.155.19.226 - - [15/Jan/2023:19:12:58 -0500] "POST /sipse/faces/presentacion/financiero/solicitudProceso/listarSolicitudProceso.xhtml HTTP/1.1" 200 1552
186.155.19.226 - - [15/Jan/2023:19:12:58 -0500] "POST /sipse/faces/presentacion/financiero/solicitudProceso/listarSolicitudProceso.xhtml HTTP/1.1" 200 1568
186.155.19.226 - - [15/Jan/2023:19:12:58 -0500] "POST /sipse/faces/presentacion/financiero/solicitudProceso/listarSolicitudProceso.xhtml HTTP/1.1" 200 1556
186.155.19.226 - - [15/Jan/2023:19:12:59 -0500] "POST /sipse/faces/presentacion/financiero/solicitudProceso/listarSolicitudProceso.xhtml HTTP/1.1" 200 1564
172.22.2.4 - - [15/Jan/2023:19:11:20 -0500] "GET /BLA/boletinlegal/ HTTP/1.1" 200 59779
186.155.19.226 - - [15/Jan/2023:19:13:10 -0500] "POST /sipse/faces/presentacion/financiero/solicitudProceso/listarSolicitudProceso.xhtml HTTP/1.1" 200 31208
186.155.19.226 - - [15/Jan/2023:19:13:15 -0500] "POST /sipse/faces/presentacion/financiero/solicitudProceso/listarSolicitudProceso.xhtml HTTP/1.1" 200 123949
186.155.19.226 - - [15/Jan/2023:19:13:16 -0500] "GET /sipse/faces/javax.faces.resource/theme.css?ln=primefaces-sipse HTTP/1.1" 304 -
186.155.19.226 - - [15/Jan/2023:19:13:16 -0500] "GET /sipse/faces/javax.faces.resource/layout/layout.css?ln=primefaces&v=4.0 HTTP/1.1" 304 -
186.155.19.226 - - [15/Jan/2023:19:13:16 -0500] "GET /sipse/faces/javax.faces.resource/primefaces.css?ln=primefaces&v=4.0 HTTP/1.1" 304 -
186.155.19.226 - - [15/Jan/2023:19:13:16 -0500] "GET /sipse/faces/javax.faces.resource/jquery/jquery.js?ln=primefaces&v=4.0 HTTP/1.1" 304 -
186.155.19.226 - - [15/Jan/2023:19:13:16 -0500] "GET /sipse/faces/javax.faces.resource/jquery/jquery-plugins.js?ln=primefaces&v=4.0 HTTP/1.1" 304 -
186.155.19.226 - - [15/Jan/2023:19:13:16 -0500] "GET /sipse/faces/javax.faces.resource/primefaces.js?ln=primefaces&v=4.0 HTTP/1.1" 304 -
186.155.19.226 - - [15/Jan/2023:19:13:16 -0500] "GET /sipse/faces/javax.faces.resource/layout/layout.js?ln=primefaces&v=4.0 HTTP/1.1" 304 -
186.155.19.226 - - [15/Jan/2023:19:13:16 -0500] "GET /sipse/faces/javax.faces.resource/dynamiccontent.properties?ln=primefaces&pfdrid=XjOR5%2F%2FfPAZAuY9TpWQeCiM0BhlXxYRBGKi%2FQcXXfeA%3D&pfdrid_c=false HTTP/1.1" 500 383
186.155.19.226 - - [15/Jan/2023:19:13:24 -0500] "POST /sipse/faces/presentacion/financiero/solicitudProceso/consultarSolicitudProceso.xhtml HTTP/1.1" 200 28684
186.155.19.226 - - [15/Jan/2023:19:13:25 -0500] "GET /sipse/faces/javax.faces.resource/layout/layout.css?ln=primefaces&v=4.0 HTTP/1.1" 304 -
186.155.19.226 - - [15/Jan/2023:19:13:25 -0500] "GET /sipse/faces/javax.faces.resource/theme.css?ln=primefaces-sipse HTTP/1.1" 304 -
186.155.19.226 - - [15/Jan/2023:19:13:25 -0500] "GET /sipse/faces/javax.faces.resource/primefaces.css?ln=primefaces&v=4.0 HTTP/1.1" 304 -
186.155.19.226 - - [15/Jan/2023:19:13:25 -0500] "GET /sipse/faces/javax.faces.resource/layout/layout.js?ln=primefaces&v=4.0 HTTP/1.1" 304 -
186.155.19.226 - - [15/Jan/2023:19:13:25 -0500] "GET /sipse/faces/javax.faces.resource/primefaces.js?ln=primefaces&v=4.0 HTTP/1.1" 304 -
186.155.19.226 - - [15/Jan/2023:19:13:25 -0500] "GET /sipse/faces/javax.faces.resource/jquery/jquery.js?ln=primefaces&v=4.0 HTTP/1.1" 304 -
186.155.19.226 - - [15/Jan/2023:19:13:25 -0500] "GET /sipse/faces/javax.faces.resource/jquery/jquery-plugins.js?ln=primefaces&v=4.0 HTTP/1.1" 304 -
201.245.192.253 - - [15/Jan/2023:19:14:45 -0500] "POST /kwsrmcab/Wsrmcab  HTTP/1.1" 200 43915
216.245.221.92 - - [15/Jan/2023:19:14:48 -0500] "HEAD / HTTP/1.1" 200 -
183.136.225.32 - - [15/Jan/2023:19:16:50 -0500] "GET / HTTP/1.1" 200 319
172.22.2.4 - - [15/Jan/2023:19:16:20 -0500] "HEAD /BLA/boletinlegal/ HTTP/1.1" 200 -
201.245.192.253 - - [15/Jan/2023:19:18:29 -0500] "POST /kwsrmcab/Wsrmcab HTTP/1.1" 200 43548
201.245.192.253 - - [15/Jan/2023:19:18:31 -0500] "POST /kwsrmcab/Wsrmcab HTTP/1.1" 200 43755
172.22.2.4 - - [15/Jan/2023:19:17:10 -0500] "GET /BLA/boletinlegal/ HTTP/1.1" 200 57824
201.245.192.253 - - [15/Jan/2023:19:19:44 -0500] "POST /kwsrmcab/Wsrmcab  HTTP/1.1" 200 43915
216.245.221.92 - - [15/Jan/2023:19:19:48 -0500] "HEAD / HTTP/1.1" 200 -
167.94.138.47 - - [15/Jan/2023:19:20:12 -0500] "GET / HTTP/1.1" 200 319
167.94.138.47 - - [15/Jan/2023:19:20:12 -0500] "GET / HTTP/1.1" 200 319
167.94.138.47 - - [15/Jan/2023:19:20:12 -0500] "PRI * HTTP/2.0" 400 946
167.94.138.47 - - [15/Jan/2023:19:20:12 -0500] "GET /favicon.ico HTTP/1.1" 200 7782
173.252.107.120 - - [15/Jan/2023:19:20:23 -0500] "GET /fauna-silvestre-acciones-de-control-y-recuperacion-en-puente-de-reyes.html HTTP/1.1" 206 1061
23.100.232.233 - - [15/Jan/2023:19:23:10 -0500] "GET /BLA/boletinlegal/js/jquery.scrollShow.js HTTP/1.1" 200 4586
23.100.232.233 - - [15/Jan/2023:19:23:10 -0500] "GET /galeria/galeria/jquery.fancybox.js?v=2.1.5 HTTP/1.1" 200 48706
23.100.232.233 - - [15/Jan/2023:19:23:11 -0500] "GET /galeria/galeria/jquery.fancybox.css?v=2.1.5 HTTP/1.1" 200 4895
172.22.2.4 - - [15/Jan/2023:19:22:10 -0500] "HEAD /BLA/boletinlegal/ HTTP/1.1" 200 -
172.22.2.4 - - [15/Jan/2023:19:24:10 -0500] "GET /BLA/boletinlegal/robots.txt HTTP/1.1" 404 1038
172.22.2.4 - - [15/Jan/2023:19:23:00 -0500] "GET /BLA/boletinlegal/ HTTP/1.1" 200 52079
201.245.192.253 - - [15/Jan/2023:19:24:43 -0500] "POST /kwsrmcab/Wsrmcab  HTTP/1.1" 200 43915
216.245.221.92 - - [15/Jan/2023:19:24:48 -0500] "HEAD / HTTP/1.1" 200 -
172.22.2.4 - - [15/Jan/2023:19:24:11 -0500] "GET /BLA/boletinlegal/index.php HTTP/1.1" 200 48283
201.245.192.253 - - [15/Jan/2023:19:28:28 -0500] "POST /kwsrmcab/Wsrmcab HTTP/1.1" 200 43548
201.245.192.253 - - [15/Jan/2023:19:28:31 -0500] "POST /kwsrmcab/Wsrmcab HTTP/1.1" 200 43755
190.158.212.78 - - [15/Jan/2023:17:49:11 -0500] "GET /kwssiamovil/sm/des/cjson/pre?f=19&x=U2FsdGVkX19Kaz7lbBefGFRUbDgzQfBe2TsrYH6PkCWeuJRO9d9JlQV9ByPJoboY HTTP/1.1" 502 1356
172.22.2.4 - - [15/Jan/2023:19:28:00 -0500] "HEAD /BLA/boletinlegal/ HTTP/1.1" 200 -
201.245.192.253 - - [15/Jan/2023:19:29:42 -0500] "POST /kwsrmcab/Wsrmcab  HTTP/1.1" 200 43915
216.245.221.92 - - [15/Jan/2023:19:29:48 -0500] "HEAD / HTTP/1.1" 200 -
172.22.2.4 - - [15/Jan/2023:19:28:50 -0500] "GET /BLA/boletinlegal/ HTTP/1.1" 200 57824
186.102.25.133 - - [15/Jan/2023:17:50:36 -0500] "GET /kwssiamovil/sm/des/cjson/pre?f=19&x=U2FsdGVkX19JSwv85DuvB8jnSE3Q94psBCAC2sjskRKgvYhnd3TMmDcMF8d6IWR5 HTTP/1.1" 502 1356
201.245.192.253 - - [15/Jan/2023:19:34:41 -0500] "POST /kwsrmcab/Wsrmcab  HTTP/1.1" 200 43915
216.245.221.92 - - [15/Jan/2023:19:34:48 -0500] "HEAD / HTTP/1.1" 200 -
172.22.2.4 - - [15/Jan/2023:19:33:38 -0500] "GET /BLA/boletinlegal/ HTTP/1.1" 200 52079
172.22.2.4 - - [15/Jan/2023:19:33:50 -0500] "HEAD /BLA/boletinlegal/ HTTP/1.1" 200 -
