!C99Shell v. 1.0 pre-release build #13!

Software: Apache. PHP/5.5.15 

uname -a: Windows NT SVR-DMZ 6.1 build 7600 (Windows Server 2008 R2 Enterprise Edition) i586 

SYSTEM 

Safe-mode: OFF (not secure)

E:\nuevo\apache\logs\   drwxrwxrwx
Free 7.33 GB of 239.26 GB (3.07%)
Detected drives: [ a ] [ c ] [ d ] [ e ] [ f ]
Home    Back    Forward    UPDIR    Refresh    Search    Buffer    Encoder    Tools    Proc.    FTP brute    Sec.    SQL    PHP-code    Update    Feedback    Self remove    Logout    


Viewing file:     access.2023.01.17.log (9.77 MB)      -rw-rw-rw-
Select action/file-type:
(+) | (+) | (+) | Code (+) | Session (+) | (+) | SDB (+) | (+) | (+) | (+) | (+) | (+) |
216.245.221.92 - - [17/Jan/2023:00:00:43 -0500] "HEAD / HTTP/1.1" 200 -
186.102.8.3 - - [17/Jan/2023:00:01:26 -0500] "GET /kwssiamovil/sm/acme/a?s=U2FsdGVkX1/BEhQoT36E6EjR+de1rTLNmQUU+uygNKF5zq105HYFoQmKqTr7TsZ5MaK306L84shfknM/0uJrUk5Rz3BCFW5a+fe9uMQTgR9+VV/v051MbkYof3/c+33ZNBzhvwPudjUk5tZnr536U5b88TD+m10F5txwfy6Wm1HRuQfRKWLiWrtRitFhGUd3uVwYOSfyVHR1yA/BvlmvlMTwDNzvAUB2fEx8RzjHAe18YL98G5JUniXw5CRpTJ7sx7PGK0Nh3lhnfDghqOPH1g==&u=U2FsdGVkX18Rm0/mx+aO0a0FjlYC9Mmhl9Dind9gx1c=&y=U2FsdGVkX18XWYif85gZMHEbdlL0N4lY/b4aNoHQ8mdKOALZRP09JB+b+NQMKPxA HTTP/1.1" 200 26
186.102.8.3 - - [17/Jan/2023:00:01:27 -0500] "GET /kwssiamovil/sm/acme/a?s=U2FsdGVkX1+2ebkToDOgtwue2oX/KHxvLaqB/jscgpCvmDdwqSmHWJ9aEr0fPf9ttxAQce7yoM3rY78J7WqOf/9XXZZgxcZobhC60Wsc8s8UMEnC6GKe6EPr0+S/S7LohykSKnsInQPqYAFS2bYwaMMJ1CHMjydqllr3475GO81SI/P2zWelolJbvYFV/uOGh6A5SZn/ceH5JgAF9a6g+Jy/fNbWFJFUhFYh2u1psmEBLdw9WvCXmdkygqZb4SnKU16E06aX4Rdn9fR3UGP4r85mjF69HRH11sJ/rmKPrqOt8NckYfmljrn3jq6iMO/3xc+iowuGIdfkL99h3ACoVKGCNagSGaCZLxNgZS7zuKZcfyjCa6rRF/LW7Ysr3xcwz8N+iat/RGPhSugFSfbmOsfygp7PnjCS6rDhDtKCI2QY8Xf5xRb+7ubWQiLu2wIT/wLELCAxdTSPyzyuRpLZep0UagM5dFpGkQJb0vTZOjIogAtVaG9FzjdvRCIuDqSao3GA7z+KioJziAaxKpDEXYM9ORoMiVwZ+o9AqevJ9IG/bGOlNSE2hiZazO/H9xotOA/1Y47agEoLIO9733bUUOxdMVof4jNl9v0JPBrxgjfYgZx+eMSqqxC4oircXvx8bv2d+fdDfh6QYeODxoFcRpBT4KRVI3hBcYACllRTRrzeiqOLkLNtIwoUPcTBVuxqYpbrL0j0bKTkI8IZFaZs7tGJTPahwWXPaIlQw3jEeKDVupHIFZ9wk4jO+0Gm4gLqdj3vfbpBHm1f/+Byr35oXn1N/dBoZ5fifTWDCD4++33M5cQehHFHD5X551pdXMFdHWlIcWrBgf+rFYLbYpCjVQQu8rrhq2nwTDx+c3mfhi0kMEOSiNQTNHPgf3dKZKWufftCsXgHXq93XA7VQu02wxGXuiYJW4HZxynUmWuHTxN3+D3NvQ2cDwg8WP8v3QqZjDGAjrBQV85+HxpF/UkCy6BSeSG21J1VDYiCHsE36fnTYOItAgJ6n8O2FtCKHjBtY1yaF9u7vmCRjA2UhhM/lDD/gLtZces0175hZ0Hrh1rU7Fuv+xf4oE1vlonDhJZXKHHRJo1vJIWR2xiRUkBuxPK3+uMSsG9Biq4x7o2UmjKaK3FazPoypZke6j+0Lq0Aa2+XfmjAN4c5LgX4SGll9kqDi6Gb8V4J9CBdbtH32VZjNz+dr5oSYaL33JJBxAglm0yXrpZVhxbZwH4wK7PNf8o6INyDRpi5onVT3vBlmv0tnyILulEhKUccpzisAp3MY8nUqn2Ho2xgtRdkWAE/HpA040v7oVwVzUddS6b6Tx3cTuVsuwgFYFmRrj77CHJnQ3G8M73uvL4HQ00XLt34JwFtySQi358iYxLdxB+OF1kqri1dw+1gnx8rNh9rwCQ4m15MxDUa9rFIdLTBCASUQzssbYCJ53I6182zUy3ZWbnhsVTSj19MBa3cjEpB3GhSzS3JL9wutcMtmnI3zf08fCQEyeXCbiTkUjAx6suGTSpCm1yyOvmbngD7UmrxUPDm801ca/RmT/mzW/p4T2l8y/juHgT9a82Z9WimuBHdrT8woNj0pYj0QrC4Fh3LqAAFsSZjnCTswpJJt7nckmiUsqzZFCSXlA9RIYlXWvoqeP3rsSlkg2mvECPhRLzgzsZtxO4K7LorvVBP5N91Zl/CM7237jgoqG3vO6GLx0yPICgwyvys2VIqstEKcXcO06o/OGlN4PNanoaRx+crB4w/IEi8bPxWth2Gm3mPPO0hrd84dWBMqKo2bJ1fF/9BuEFP&u=U2FsdGVkX18Rm0/mx+aO0a0FjlYC9Mmhl9Dind9gx1c=&y=U2FsdGVkX18XWYif85gZMHEbdlL0N4lY/b4aNoHQ8mdKOALZRP09JB+b+NQMKPxA HTTP/1.1" 200 26
186.102.8.3 - - [17/Jan/2023:00:01:27 -0500] "GET /kwssiamovil/sm/acme/a?s=U2FsdGVkX18rjSqvmCdgY82lx1M9QcVNyCQYE21e7uIp6VIO3CpofhDAJUzqVVYQRTG9egylQU1zH/jDqs2Nwn9LjvleMrAAMQQYoiwGdnlJ1AukNQaFZBdqp7oxAtJhq2el0yf8MqJ3xWDs1NTzsfE+Jw30B1vR+JciE7uFhzI=&u=U2FsdGVkX18Rm0/mx+aO0a0FjlYC9Mmhl9Dind9gx1c=&y=U2FsdGVkX18XWYif85gZMHEbdlL0N4lY/b4aNoHQ8mdKOALZRP09JB+b+NQMKPxA HTTP/1.1" 200 26
186.102.8.3 - - [17/Jan/2023:00:01:27 -0500] "GET /kwssiamovil/sm/acme/a?s=U2FsdGVkX18x28+y+0/knrAdubStX50D/HzC1UYWj5qt1YbCmlro3iTHWdY2HzTvitHPBGe8JZxSXqOw76rxEnkXdums73CgdiEMx2F7lcFTbVk3m0WuL2/gd+FRab0b+zGgP1A+mrktsGe0qPvYf6UdADKa0aM4oTYWlSfKQ2s=&u=U2FsdGVkX18Rm0/mx+aO0a0FjlYC9Mmhl9Dind9gx1c=&y=U2FsdGVkX18XWYif85gZMHEbdlL0N4lY/b4aNoHQ8mdKOALZRP09JB+b+NQMKPxA HTTP/1.1" 200 26
186.102.8.3 - - [17/Jan/2023:00:01:27 -0500] "GET /kwssiamovil/sm/acme/a?s=U2FsdGVkX19z3DYNjhpDQuGEcMVJKvOxoMFhKglMogRD3uCI3IJp2S6qE6SexxIbjF1oTBDu3Pmbj5OABsrjuA/0rPAybnfcgHIKafh50zToczK1GBrMOMyUmSXjKjPduSu5q1EB8Fa1yl0IdID0SnJxPr8P4xyxY2BuncHKPGI=&u=U2FsdGVkX18Rm0/mx+aO0a0FjlYC9Mmhl9Dind9gx1c=&y=U2FsdGVkX18XWYif85gZMHEbdlL0N4lY/b4aNoHQ8mdKOALZRP09JB+b+NQMKPxA HTTP/1.1" 200 26
186.102.8.3 - - [17/Jan/2023:00:01:28 -0500] "GET /kwssiamovil/sm/acme/a?s=U2FsdGVkX1/pdwvtvjVCNJUIkntvf3gvqmgNOcIsjsNn51hq6vpuoatl0Ry7fs/JUAAxP24XZwvKyJJc8DI5zo0+40kpoAUH+7dAtXHFCj4pXFMfODUqcKtGjchz044BKV5lwa5oRNumXtFep1n3mYq9SD8FFo8CWCCO2y0icJAPU0oeBJjOqP8JAT6eS+ek&u=U2FsdGVkX18Rm0/mx+aO0a0FjlYC9Mmhl9Dind9gx1c=&y=U2FsdGVkX18XWYif85gZMHEbdlL0N4lY/b4aNoHQ8mdKOALZRP09JB+b+NQMKPxA HTTP/1.1" 200 26
172.22.2.4 - - [17/Jan/2023:00:00:51 -0500] "HEAD /BLA/boletinlegal/ HTTP/1.1" 200 -
172.22.2.4 - - [17/Jan/2023:00:01:41 -0500] "GET /BLA/boletinlegal/ HTTP/1.1" 200 57824
201.245.192.253 - - [17/Jan/2023:00:03:21 -0500] "POST /kwsrmcab/Wsrmcab  HTTP/1.1" 200 43915
66.249.64.13 - - [17/Jan/2023:00:04:44 -0500] "-" 408 -
216.245.221.92 - - [17/Jan/2023:00:05:43 -0500] "HEAD / HTTP/1.1" 200 -
172.22.2.4 - - [17/Jan/2023:00:06:41 -0500] "HEAD /BLA/boletinlegal/ HTTP/1.1" 200 -
201.245.192.253 - - [17/Jan/2023:00:08:20 -0500] "POST /kwsrmcab/Wsrmcab  HTTP/1.1" 200 43915
172.22.2.4 - - [17/Jan/2023:00:07:31 -0500] "GET /BLA/boletinlegal/ HTTP/1.1" 200 59779
172.22.2.4 - - [17/Jan/2023:00:09:22 -0500] "GET /BLA/boletinlegal/Circulares/2013/Circular%20No.%207%20del%201%20de%20Agosto%20de%202013.pdf HTTP/1.1" 304 -
216.245.221.92 - - [17/Jan/2023:00:10:43 -0500] "HEAD / HTTP/1.1" 200 -
66.249.64.13 - - [17/Jan/2023:00:11:55 -0500] "-" 408 -
207.46.13.83 - - [17/Jan/2023:00:12:39 -0500] "GET /BLA/resoluciones/RESOLUCIONES%202021/5516.pdf HTTP/1.1" 200 506225
173.252.79.17 - - [17/Jan/2023:00:13:02 -0500] "GET /images/cr\xc3\xb3nica-29-nov-1_optimized.jpeg HTTP/1.1" 404 1034
201.245.192.253 - - [17/Jan/2023:00:13:18 -0500] "POST /kwsrmcab/Wsrmcab  HTTP/1.1" 200 43915
199.16.157.183 - - [17/Jan/2023:00:14:08 -0500] "GET /images/Musgo%20SDA%20(1)%20(1).png HTTP/1.1" 200 302122
172.22.2.4 - - [17/Jan/2023:00:12:30 -0500] "HEAD /BLA/boletinlegal/ HTTP/1.1" 200 -
173.252.95.16 - - [17/Jan/2023:00:14:20 -0500] "GET /images/tinguas-26-octubre.jpg HTTP/1.1" 200 105485
172.22.2.4 - - [17/Jan/2023:00:13:21 -0500] "GET /BLA/boletinlegal/ HTTP/1.1" 200 59404
172.22.2.4 - - [17/Jan/2023:00:15:07 -0500] "GET /BLA/boletinlegal/normativa.php HTTP/1.1" 200 8333
172.22.2.4 - - [17/Jan/2023:00:15:15 -0500] "GET /BLA/boletinlegal/actos.php HTTP/1.1" 200 9566
216.245.221.92 - - [17/Jan/2023:00:15:43 -0500] "HEAD / HTTP/1.1" 200 -
66.249.64.13 - - [17/Jan/2023:00:17:55 -0500] "-" 408 -
201.245.192.253 - - [17/Jan/2023:00:18:17 -0500] "POST /kwsrmcab/Wsrmcab  HTTP/1.1" 200 43915
201.245.192.253 - - [17/Jan/2023:00:18:23 -0500] "POST /kwsrmcab/Wsrmcab HTTP/1.1" 200 43322
201.245.192.253 - - [17/Jan/2023:00:18:26 -0500] "POST /kwsrmcab/Wsrmcab HTTP/1.1" 200 42834
172.22.2.4 - - [17/Jan/2023:00:18:20 -0500] "HEAD /BLA/boletinlegal/ HTTP/1.1" 200 -
216.245.221.92 - - [17/Jan/2023:00:20:43 -0500] "HEAD / HTTP/1.1" 200 -
172.22.2.4 - - [17/Jan/2023:00:19:11 -0500] "GET /BLA/boletinlegal/ HTTP/1.1" 200 54100
179.43.177.242 - - [17/Jan/2023:00:21:46 -0500] "GET / HTTP/1.1" 200 319
201.245.192.253 - - [17/Jan/2023:00:23:15 -0500] "POST /kwsrmcab/Wsrmcab  HTTP/1.1" 200 43915
66.249.64.13 - - [17/Jan/2023:00:24:22 -0500] "-" 408 -
5.188.86.198 - - [17/Jan/2023:00:24:32 -0500] "GET /wp-login.php HTTP/1.1" 404 1049
216.245.221.92 - - [17/Jan/2023:00:25:43 -0500] "HEAD / HTTP/1.1" 200 -
172.22.2.4 - - [17/Jan/2023:00:24:10 -0500] "HEAD /BLA/boletinlegal/ HTTP/1.1" 200 -
172.22.2.4 - - [17/Jan/2023:00:25:01 -0500] "GET /BLA/boletinlegal/ HTTP/1.1" 200 54100
201.245.192.253 - - [17/Jan/2023:00:28:16 -0500] "POST /kwsrmcab/Wsrmcab  HTTP/1.1" 200 43915
201.245.192.253 - - [17/Jan/2023:00:28:22 -0500] "POST /kwsrmcab/Wsrmcab HTTP/1.1" 200 43322
201.245.192.253 - - [17/Jan/2023:00:28:25 -0500] "POST /kwsrmcab/Wsrmcab HTTP/1.1" 200 42834
64.62.197.32 - - [17/Jan/2023:00:29:56 -0500] "GET /favicon.ico HTTP/1.1" 200 7782
66.249.64.13 - - [17/Jan/2023:00:29:58 -0500] "-" 408 -
181.61.204.95 - - [17/Jan/2023:00:30:19 -0500] "GET /appsia/controlador HTTP/1.1" 200 4799
181.61.204.95 - - [17/Jan/2023:00:30:41 -0500] "POST /appsia/controlador HTTP/1.1" 200 5437
216.245.221.92 - - [17/Jan/2023:00:30:43 -0500] "HEAD / HTTP/1.1" 200 -
181.61.204.95 - - [17/Jan/2023:00:30:44 -0500] "POST /appsia/controlador HTTP/1.1" 200 9392
181.61.204.95 - - [17/Jan/2023:00:30:51 -0500] "POST /appsia/controlador HTTP/1.1" 200 5437
172.22.2.4 - - [17/Jan/2023:00:30:00 -0500] "GET /BLA/boletinlegal/ HTTP/1.1" 200 62840
201.245.192.253 - - [17/Jan/2023:00:33:17 -0500] "POST /kwsrmcab/Wsrmcab  HTTP/1.1" 200 43915
172.22.2.4 - - [17/Jan/2023:00:35:40 -0500] "GET /BLA/boletinlegal/jurisprudencia.php HTTP/1.1" 200 17573
216.245.221.92 - - [17/Jan/2023:00:35:43 -0500] "HEAD / HTTP/1.1" 200 -
172.22.2.4 - - [17/Jan/2023:00:35:00 -0500] "HEAD /BLA/boletinlegal/ HTTP/1.1" 200 -
66.249.64.13 - - [17/Jan/2023:00:36:50 -0500] "-" 408 -
172.22.2.4 - - [17/Jan/2023:00:35:51 -0500] "GET /BLA/boletinlegal/ HTTP/1.1" 200 57824
201.245.192.253 - - [17/Jan/2023:00:38:18 -0500] "POST /kwsrmcab/Wsrmcab  HTTP/1.1" 200 43915
201.245.192.253 - - [17/Jan/2023:00:38:22 -0500] "POST /kwsrmcab/Wsrmcab HTTP/1.1" 200 43322
157.55.39.201 - - [17/Jan/2023:00:38:25 -0500] "GET /BLA/resoluciones/AUTOS%202014/0137.pdf HTTP/1.1" 304 -
201.245.192.253 - - [17/Jan/2023:00:38:25 -0500] "POST /kwsrmcab/Wsrmcab HTTP/1.1" 200 42834
185.119.81.105 - - [17/Jan/2023:00:40:33 -0500] "GET /portaldeninos/wp-login.php HTTP/1.1" 200 2592
185.119.81.105 - - [17/Jan/2023:00:40:35 -0500] "POST /portaldeninos/wp-login.php HTTP/1.1" 200 3605
216.245.221.92 - - [17/Jan/2023:00:40:43 -0500] "HEAD / HTTP/1.1" 200 -
173.252.79.11 - - [17/Jan/2023:00:41:29 -0500] "GET /images/negocios-verdes-mayo-2022.jpg HTTP/1.1" 200 48000
172.22.2.4 - - [17/Jan/2023:00:40:50 -0500] "HEAD /BLA/boletinlegal/ HTTP/1.1" 200 -
66.249.64.13 - - [17/Jan/2023:00:42:35 -0500] "-" 408 -
201.245.192.253 - - [17/Jan/2023:00:43:17 -0500] "POST /kwsrmcab/Wsrmcab  HTTP/1.1" 200 43915
172.22.2.4 - - [17/Jan/2023:00:41:41 -0500] "GET /BLA/boletinlegal/ HTTP/1.1" 200 57824
172.22.2.4 - - [17/Jan/2023:00:45:20 -0500] "GET /BLA/boletinlegal/robots.txt HTTP/1.1" 404 1038
172.22.2.4 - - [17/Jan/2023:00:45:20 -0500] "GET /BLA/boletinlegal/js/jquery.scrollShow.js HTTP/1.1" 200 4586
172.22.2.4 - - [17/Jan/2023:00:45:21 -0500] "GET /BLA/boletinlegal/js/jquery.scrollTo-min.js HTTP/1.1" 200 1150
216.245.221.92 - - [17/Jan/2023:00:45:43 -0500] "HEAD / HTTP/1.1" 200 -
31.13.115.120 - - [17/Jan/2023:00:46:58 -0500] "GET /images/Humedal%20Tunjo%20RAMSAR.jpeg HTTP/1.1" 200 120269
66.249.64.13 - - [17/Jan/2023:00:48:16 -0500] "-" 408 -
201.245.192.253 - - [17/Jan/2023:00:48:16 -0500] "POST /kwsrmcab/Wsrmcab  HTTP/1.1" 200 43915
172.22.2.4 - - [17/Jan/2023:00:46:40 -0500] "HEAD /BLA/boletinlegal/ HTTP/1.1" 200 -
172.22.2.4 - - [17/Jan/2023:00:47:22 -0500] "GET /BLA/boletinlegal/ HTTP/1.1" 200 50495
172.22.2.4 - - [17/Jan/2023:00:47:31 -0500] "GET /BLA/boletinlegal/ HTTP/1.1" 200 51643
95.108.213.63 - - [17/Jan/2023:00:50:37 -0500] "-" 408 -
5.45.207.92 - - [17/Jan/2023:00:50:43 -0500] "-" 408 -
216.245.221.92 - - [17/Jan/2023:00:50:43 -0500] "HEAD / HTTP/1.1" 200 -
5.255.231.205 - - [17/Jan/2023:00:50:48 -0500] "-" 408 -
87.250.224.128 - - [17/Jan/2023:00:50:53 -0500] "-" 408 -
207.46.13.69 - - [17/Jan/2023:00:51:03 -0500] "GET /portaldeninos/relatos-urbanos-de-los-ecosistemas-bogotanos-2/ HTTP/1.1" 200 88374
5.255.253.112 - - [17/Jan/2023:00:51:08 -0500] "-" 408 -
157.55.39.83 - - [17/Jan/2023:00:51:17 -0500] "GET /portaldeninos/wp-content/plugins/gallery-videos/CSS/totalsoft.css?ver=4.9.8 HTTP/1.1" 200 40622
157.55.39.83 - - [17/Jan/2023:00:51:18 -0500] "GET /portaldeninos/wp-content/themes/betheme/assets/ui/jquery.ui.all.css?ver=20.9.6 HTTP/1.1" 200 18765
157.55.39.83 - - [17/Jan/2023:00:51:18 -0500] "GET /portaldeninos/wp-content/themes/betheme/css/layout.css?ver=20.9.6 HTTP/1.1" 200 116639
157.55.39.83 - - [17/Jan/2023:00:51:19 -0500] "GET /portaldeninos/wp-content/themes/betheme/js/scripts.js?ver=20.9.6 HTTP/1.1" 200 77162
157.55.39.83 - - [17/Jan/2023:00:51:19 -0500] "GET /portaldeninos/wp-content/uploads/useanyfont/uaf.css?ver=1589905315 HTTP/1.1" 200 408
40.77.167.66 - - [17/Jan/2023:00:51:22 -0500] "GET /portaldeninos/wp-content/themes/betheme/assets/animations/animations.min.css?ver=20.9.6 HTTP/1.1" 200 58508
40.77.167.66 - - [17/Jan/2023:00:51:22 -0500] "GET /portaldeninos/wp-includes/js/wp-embed.min.js?ver=4.9.8 HTTP/1.1" 200 1398
5.255.253.187 - - [17/Jan/2023:00:51:23 -0500] "-" 408 -
40.77.167.70 - - [17/Jan/2023:00:51:23 -0500] "GET /portaldeninos/wp-includes/js/jquery/ui/tabs.min.js?ver=1.11.4 HTTP/1.1" 200 12110
40.77.167.42 - - [17/Jan/2023:00:51:24 -0500] "GET /portaldeninos/wp-content/themes/betheme/assets/jplayer/jplayer.min.js?ver=20.9.6 HTTP/1.1" 200 52702
207.46.13.69 - - [17/Jan/2023:00:51:27 -0500] "GET /portaldeninos/wp-content/themes/betheme/style.css?ver=20.9.6 HTTP/1.1" 200 287
157.55.39.215 - - [17/Jan/2023:00:51:27 -0500] "GET /portaldeninos/wp-content/plugins/gallery-videos/CSS/Total-Soft-Gallery-Video-Widget.css?ver=4.9.8 HTTP/1.1" 200 51554
40.77.167.42 - - [17/Jan/2023:00:51:35 -0500] "GET /portaldeninos/wp-content/themes/betheme/js/plugins.js?ver=20.9.6 HTTP/1.1" 200 197151
40.77.167.42 - - [17/Jan/2023:00:51:36 -0500] "GET /portaldeninos/wp-includes/js/wp-emoji-release.min.js?ver=4.9.8 HTTP/1.1" 200 12026
157.55.39.215 - - [17/Jan/2023:00:51:40 -0500] "GET /portaldeninos/wp-content/plugins/gallery-videos/JS/modernizr.custom.js?ver=4.9.8 HTTP/1.1" 200 9019
157.55.39.215 - - [17/Jan/2023:00:51:40 -0500] "GET /portaldeninos/wp-includes/js/jquery/jquery-migrate.min.js?ver=1.4.1 HTTP/1.1" 200 10056
87.250.224.64 - - [17/Jan/2023:00:51:53 -0500] "-" 408 -
5.255.231.133 - - [17/Jan/2023:00:53:00 -0500] "-" 408 -
201.245.192.253 - - [17/Jan/2023:00:53:16 -0500] "POST /kwsrmcab/Wsrmcab  HTTP/1.1" 200 43915
172.22.2.4 - - [17/Jan/2023:00:53:32 -0500] "GET /BLA/boletinlegal/favicon.ico HTTP/1.1" 404 1018
172.22.2.4 - - [17/Jan/2023:00:53:36 -0500] "GET /BLA/boletinlegal/robots.txt HTTP/1.1" 404 1018
172.22.2.4 - - [17/Jan/2023:00:53:39 -0500] "GET /BLA/boletinlegal/js/jquery.js HTTP/1.1" 200 57254
5.45.207.151 - - [17/Jan/2023:00:53:53 -0500] "-" 408 -
168.119.253.11 - - [17/Jan/2023:00:54:01 -0500] "GET / HTTP/1.1" 200 319
172.22.2.4 - - [17/Jan/2023:00:54:05 -0500] "GET /BLA/boletinlegal/js/jquery.scrollTo-min.js HTTP/1.1" 200 1150
172.22.2.4 - - [17/Jan/2023:00:54:08 -0500] "GET /BLA/boletinlegal/js/jquery.scrollShow.js HTTP/1.1" 200 4586
172.22.2.4 - - [17/Jan/2023:00:52:30 -0500] "HEAD /BLA/boletinlegal/ HTTP/1.1" 200 -
172.22.2.4 - - [17/Jan/2023:00:53:14 -0500] "GET /BLA/boletinlegal/ HTTP/1.1" 200 32715
172.22.2.4 - - [17/Jan/2023:00:53:21 -0500] "GET /BLA/boletinlegal/ HTTP/1.1" 200 52453
216.245.221.92 - - [17/Jan/2023:00:55:43 -0500] "HEAD / HTTP/1.1" 200 -
5.255.253.106 - - [17/Jan/2023:00:55:53 -0500] "-" 408 -
103.136.220.231 - - [17/Jan/2023:00:56:34 -0500] "GET /galeria/galeria/fotos/Jaboque4P.jpg HTTP/1.1" 200 27446
201.245.192.253 - - [17/Jan/2023:00:58:15 -0500] "POST /kwsrmcab/Wsrmcab  HTTP/1.1" 200 43915
87.250.224.162 - - [17/Jan/2023:00:58:53 -0500] "-" 408 -
40.77.167.42 - - [17/Jan/2023:00:59:57 -0500] "GET /BLA/resoluciones/RESOLUCIONES%202009/4698.pdf HTTP/1.1" 200 326782
172.22.2.4 - - [17/Jan/2023:00:58:20 -0500] "HEAD /BLA/boletinlegal/ HTTP/1.1" 200 -
216.245.221.92 - - [17/Jan/2023:01:00:43 -0500] "HEAD / HTTP/1.1" 200 -
172.22.2.4 - - [17/Jan/2023:00:59:11 -0500] "GET /BLA/boletinlegal/ HTTP/1.1" 200 57824
201.245.192.253 - - [17/Jan/2023:01:03:14 -0500] "POST /kwsrmcab/Wsrmcab  HTTP/1.1" 200 43915
20.120.20.152 - - [17/Jan/2023:01:03:34 -0500] "GET /portaldeninos/aire/ HTTP/1.1" 200 88215
216.245.221.92 - - [17/Jan/2023:01:05:43 -0500] "HEAD / HTTP/1.1" 200 -
172.22.2.4 - - [17/Jan/2023:01:04:10 -0500] "HEAD /BLA/boletinlegal/ HTTP/1.1" 200 -
152.61.192.232 - - [17/Jan/2023:01:06:27 -0500] "GET / HTTP/1.1" 200 319
172.22.2.4 - - [17/Jan/2023:01:05:01 -0500] "GET /BLA/boletinlegal/ HTTP/1.1" 200 59404
201.245.192.253 - - [17/Jan/2023:01:08:13 -0500] "POST /kwsrmcab/Wsrmcab  HTTP/1.1" 200 43915
216.245.221.92 - - [17/Jan/2023:01:10:43 -0500] "HEAD / HTTP/1.1" 200 -
69.164.220.126 - - [17/Jan/2023:01:11:00 -0500] "GET /portaldeninos HTTP/1.1" 404 1035
69.171.249.120 - - [17/Jan/2023:01:11:38 -0500] "GET /images/Humedal%20Tunjo%20RAMSAR.jpeg HTTP/1.1" 200 120269
172.22.2.4 - - [17/Jan/2023:01:10:00 -0500] "HEAD /BLA/boletinlegal/ HTTP/1.1" 200 -
168.119.253.13 - - [17/Jan/2023:01:11:41 -0500] "GET / HTTP/1.1" 200 319
168.119.253.85 - - [17/Jan/2023:01:11:52 -0500] "GET / HTTP/1.1" 200 319
172.22.2.4 - - [17/Jan/2023:01:10:51 -0500] "GET /BLA/boletinlegal/ HTTP/1.1" 200 57824
40.77.167.40 - - [17/Jan/2023:01:13:08 -0500] "GET /BLA/resoluciones/RESOLUCIONES%202006/RES%202006%201-50/00000028.tif HTTP/1.1" 200 995558
201.245.192.253 - - [17/Jan/2023:01:13:13 -0500] "POST /kwsrmcab/Wsrmcab  HTTP/1.1" 200 43915
172.22.2.4 - - [17/Jan/2023:01:14:03 -0500] "GET /BLA/boletinlegal/robots.txt HTTP/1.1" 404 1038
207.46.13.70 - - [17/Jan/2023:01:14:10 -0500] "GET /galeria/carrusel/Carrusel/jquery.thumbnailScroller.js HTTP/1.1" 200 8157
173.252.95.117 - - [17/Jan/2023:01:14:18 -0500] "GET /images/Acuerdos%2001%20(1)%20(1).jpeg HTTP/1.1" 200 32884
20.120.20.138 - - [17/Jan/2023:01:15:05 -0500] "GET /portaldeninos/tipos-de-arboles-en-bogota/ HTTP/1.1" 200 109802
216.245.221.92 - - [17/Jan/2023:01:15:43 -0500] "HEAD / HTTP/1.1" 200 -
172.22.2.4 - - [17/Jan/2023:01:14:04 -0500] "GET /BLA/boletinlegal/index.php HTTP/1.1" 200 61387
157.55.39.201 - - [17/Jan/2023:01:16:19 -0500] "GET /BLA/resoluciones/AUTOS%202018/5373.pdf HTTP/1.1" 304 -
20.120.20.185 - - [17/Jan/2023:01:16:47 -0500] "GET /portaldeninos/los-arboles/ HTTP/1.1" 200 87546
20.120.20.187 - - [17/Jan/2023:01:17:08 -0500] "GET /portaldeninos/ruido/ HTTP/1.1" 200 88494
20.120.20.138 - - [17/Jan/2023:01:17:27 -0500] "GET /portaldeninos/publicidad/ HTTP/1.1" 200 87569
172.22.2.4 - - [17/Jan/2023:01:15:50 -0500] "HEAD /BLA/boletinlegal/ HTTP/1.1" 200 -
201.245.192.253 - - [17/Jan/2023:01:18:12 -0500] "POST /kwsrmcab/Wsrmcab  HTTP/1.1" 200 43915
172.22.2.4 - - [17/Jan/2023:01:16:41 -0500] "GET /BLA/boletinlegal/ HTTP/1.1" 200 57824
201.245.192.253 - - [17/Jan/2023:01:18:23 -0500] "POST /kwsrmcab/Wsrmcab HTTP/1.1" 200 43140
201.245.192.253 - - [17/Jan/2023:01:18:25 -0500] "POST /kwsrmcab/Wsrmcab HTTP/1.1" 200 42529
152.61.128.50 - - [17/Jan/2023:01:19:46 -0500] "GET / HTTP/1.1" 200 319
20.120.20.187 - - [17/Jan/2023:01:20:32 -0500] "GET /portaldeninos/parque-mirador-de-los-nevados/ HTTP/1.1" 200 89855
216.245.221.92 - - [17/Jan/2023:01:20:43 -0500] "HEAD / HTTP/1.1" 200 -
201.245.192.253 - - [17/Jan/2023:01:23:11 -0500] "POST /kwsrmcab/Wsrmcab  HTTP/1.1" 200 43915
172.22.2.4 - - [17/Jan/2023:01:21:40 -0500] "HEAD /BLA/boletinlegal/ HTTP/1.1" 200 -
20.120.20.95 - - [17/Jan/2023:01:23:25 -0500] "GET /portaldeninos/aula-ambiental-artistica-itinerante-auambari/ HTTP/1.1" 200 89306
20.120.17.97 - - [17/Jan/2023:01:23:28 -0500] "GET /portaldeninos/los-arboles/tips/ HTTP/1.1" 200 87677
172.22.2.4 - - [17/Jan/2023:01:22:31 -0500] "GET /BLA/boletinlegal/ HTTP/1.1" 200 55680
216.245.221.92 - - [17/Jan/2023:01:26:37 -0500] "GET / HTTP/1.1" 200 319
201.245.192.253 - - [17/Jan/2023:01:28:09 -0500] "POST /kwsrmcab/Wsrmcab  HTTP/1.1" 200 43915
201.245.192.253 - - [17/Jan/2023:01:28:22 -0500] "POST /kwsrmcab/Wsrmcab HTTP/1.1" 200 43140
201.245.192.253 - - [17/Jan/2023:01:28:25 -0500] "POST /kwsrmcab/Wsrmcab HTTP/1.1" 200 42529
172.22.2.4 - - [17/Jan/2023:01:27:30 -0500] "HEAD /BLA/boletinlegal/ HTTP/1.1" 200 -
172.22.2.4 - - [17/Jan/2023:01:28:21 -0500] "GET /BLA/boletinlegal/ HTTP/1.1" 200 59404
179.111.216.5 - - [17/Jan/2023:01:30:06 -0500] "GET http://190.27.245.106:80/mysql-admin/scripts/setup.php HTTP/1.0" 404 1018
20.120.20.185 - - [17/Jan/2023:01:30:08 -0500] "GET /portaldeninos/fauna/ HTTP/1.1" 200 88429
216.245.221.92 - - [17/Jan/2023:01:31:33 -0500] "HEAD / HTTP/1.1" 200 -
20.120.20.185 - - [17/Jan/2023:01:32:00 -0500] "GET /portaldeninos/aulas-ambientales-2/parque-ecologico-distrital-de-montana-entrenubes/ HTTP/1.1" 200 90406
201.245.192.253 - - [17/Jan/2023:01:33:09 -0500] "POST /kwsrmcab/Wsrmcab  HTTP/1.1" 200 43915
172.22.2.4 - - [17/Jan/2023:01:33:20 -0500] "HEAD /BLA/boletinlegal/ HTTP/1.1" 200 -
172.22.2.4 - - [17/Jan/2023:01:34:45 -0500] "GET /BLA/boletinlegal/ HTTP/1.1" 200 24523
172.22.2.4 - - [17/Jan/2023:01:34:11 -0500] "GET /BLA/boletinlegal/ HTTP/1.1" 200 49550
216.245.221.92 - - [17/Jan/2023:01:36:33 -0500] "HEAD / HTTP/1.1" 200 -
201.245.192.253 - - [17/Jan/2023:01:38:07 -0500] "POST /kwsrmcab/Wsrmcab  HTTP/1.1" 200 43915
201.245.192.253 - - [17/Jan/2023:01:38:22 -0500] "POST /kwsrmcab/Wsrmcab HTTP/1.1" 200 43140
201.245.192.253 - - [17/Jan/2023:01:38:25 -0500] "POST /kwsrmcab/Wsrmcab HTTP/1.1" 200 42529
172.22.2.4 - - [17/Jan/2023:01:39:10 -0500] "HEAD /BLA/boletinlegal/ HTTP/1.1" 200 -
216.245.221.92 - - [17/Jan/2023:01:41:33 -0500] "HEAD / HTTP/1.1" 200 -
172.22.2.4 - - [17/Jan/2023:01:40:01 -0500] "GET /BLA/boletinlegal/ HTTP/1.1" 200 43164
172.22.2.4 - - [17/Jan/2023:01:40:11 -0500] "GET /BLA/boletinlegal/ HTTP/1.1" 200 44503
207.46.13.41 - - [17/Jan/2023:01:42:30 -0500] "GET /BLA/resoluciones/RESOLUCIONES%202022/3872.pdf HTTP/1.1" 304 -
201.245.192.253 - - [17/Jan/2023:01:43:05 -0500] "POST /kwsrmcab/Wsrmcab  HTTP/1.1" 200 43915
20.120.17.97 - - [17/Jan/2023:01:43:14 -0500] "GET /portaldeninos/glosario/ HTTP/1.1" 200 97198
152.61.192.232 - - [17/Jan/2023:01:46:23 -0500] "GET /arcgis/services/Calidad_del_Agua_WQI/MapServer/WMSServer?request=GetCapabilities&service=WMS HTTP/1.1" 503 1020
152.61.192.232 - - [17/Jan/2023:01:46:24 -0500] "GET /arcgis/services/Calidad_del_Agua_WQI/MapServer/WMSServer?SERVICE=WMS&REQUEST=GetCapabilities HTTP/1.1" 503 1020
152.61.192.232 - - [17/Jan/2023:01:46:25 -0500] "GET /arcgis/services/Calidad_del_Agua_WQI/MapServer/WMSServer?WMTVER=1.0.0&REQUEST=capabilities HTTP/1.1" 503 1020
216.245.221.92 - - [17/Jan/2023:01:46:33 -0500] "HEAD / HTTP/1.1" 200 -
172.22.2.4 - - [17/Jan/2023:01:45:00 -0500] "HEAD /BLA/boletinlegal/ HTTP/1.1" 200 -
172.22.2.4 - - [17/Jan/2023:01:45:51 -0500] "GET /BLA/boletinlegal/ HTTP/1.1" 200 56079
201.245.192.253 - - [17/Jan/2023:01:48:05 -0500] "POST /kwsrmcab/Wsrmcab  HTTP/1.1" 200 43915
114.111.32.92 - - [17/Jan/2023:01:50:54 -0500] "GET /POT-2013/Cartografia/Anexo01_Sistema_Hidrico.pdf HTTP/1.1" 200 5860035
147.92.153.6 - - [17/Jan/2023:01:51:01 -0500] "GET /POT-2013/Cartografia/Anexo01_Sistema_Hidrico.pdf HTTP/1.1" 200 5860035
147.92.153.7 - - [17/Jan/2023:01:51:14 -0500] "GET /favicon.ico HTTP/1.1" 200 7782
216.245.221.92 - - [17/Jan/2023:01:51:33 -0500] "HEAD / HTTP/1.1" 200 -
172.22.2.4 - - [17/Jan/2023:01:50:50 -0500] "HEAD /BLA/boletinlegal/ HTTP/1.1" 200 -
201.245.192.253 - - [17/Jan/2023:01:53:04 -0500] "POST /kwsrmcab/Wsrmcab  HTTP/1.1" 200 43915
172.22.2.4 - - [17/Jan/2023:01:51:41 -0500] "GET /BLA/boletinlegal/ HTTP/1.1" 200 57824
211.249.46.34 - - [17/Jan/2023:01:53:46 -0500] "GET /favicon.ico HTTP/1.1" 200 7782
199.16.157.183 - - [17/Jan/2023:01:54:04 -0500] "-" 408 -
216.245.221.92 - - [17/Jan/2023:01:56:33 -0500] "HEAD / HTTP/1.1" 200 -
192.133.77.14 - - [17/Jan/2023:01:57:33 -0500] "GET /no-uses-musgo-en-la-elaboracion-de-tu-pesebre.html HTTP/1.1" 200 846
192.133.77.17 - - [17/Jan/2023:01:57:34 -0500] "GET /images/Musgo%20SDA%20(1)%20(1).png HTTP/1.1" 200 302122
201.245.192.253 - - [17/Jan/2023:01:58:02 -0500] "POST /kwsrmcab/Wsrmcab  HTTP/1.1" 200 43915
172.22.2.4 - - [17/Jan/2023:01:56:40 -0500] "HEAD /BLA/boletinlegal/ HTTP/1.1" 200 -
185.119.81.101 - - [17/Jan/2023:01:58:42 -0500] "GET /portaldeninos/wp-login.php HTTP/1.1" 200 2592
185.119.81.101 - - [17/Jan/2023:01:58:43 -0500] "POST /portaldeninos/wp-login.php HTTP/1.1" 200 3650
172.22.2.4 - - [17/Jan/2023:01:57:31 -0500] "GET /BLA/boletinlegal/ HTTP/1.1" 200 59779
20.120.20.187 - - [17/Jan/2023:02:00:12 -0500] "GET /portaldeninos/corresponsal-ambiental/ HTTP/1.1" 200 93768
216.245.221.92 - - [17/Jan/2023:02:01:33 -0500] "HEAD / HTTP/1.1" 200 -
201.245.192.253 - - [17/Jan/2023:02:03:01 -0500] "POST /kwsrmcab/Wsrmcab  HTTP/1.1" 200 43915
172.22.2.4 - - [17/Jan/2023:02:02:30 -0500] "HEAD /BLA/boletinlegal/ HTTP/1.1" 200 -
172.22.2.4 - - [17/Jan/2023:02:03:21 -0500] "GET /BLA/boletinlegal/ HTTP/1.1" 200 57824
216.245.221.92 - - [17/Jan/2023:02:06:33 -0500] "HEAD / HTTP/1.1" 200 -
173.252.95.8 - - [17/Jan/2023:02:07:19 -0500] "GET /images/negocios-verdes-mayo-2022.jpg HTTP/1.1" 200 48000
173.252.127.1 - - [17/Jan/2023:02:07:35 -0500] "GET /images/Aire%20Reyes%20(1)%20(1).jpeg HTTP/1.1" 200 59709
173.252.127.22 - - [17/Jan/2023:02:07:35 -0500] "GET /images/vertimiento-Comprimida%20(1).png HTTP/1.1" 200 22870
173.252.127.7 - - [17/Jan/2023:02:07:40 -0500] "GET /images/Humedal%20Tunjo%20RAMSAR.jpeg HTTP/1.1" 200 120269
173.252.127.20 - - [17/Jan/2023:02:07:40 -0500] "GET /images/mantener-calidad-del-aire_optimized.jpeg HTTP/1.1" 200 67646
173.252.127.4 - - [17/Jan/2023:02:07:40 -0500] "GET /images/Fauna%20Silvestre%20SDA%2002.jpeg HTTP/1.1" 200 41590
20.120.20.95 - - [17/Jan/2023:02:07:52 -0500] "GET /portaldeninos/humedales-ramsar/ HTTP/1.1" 200 89255
201.245.192.253 - - [17/Jan/2023:02:08:00 -0500] "POST /kwsrmcab/Wsrmcab  HTTP/1.1" 200 43915
152.61.128.50 - - [17/Jan/2023:02:08:07 -0500] "GET /arcgis/services/Calidad_del_Agua_WQI/MapServer/WMSServer?request=GetCapabilities&service=WMS HTTP/1.1" 503 1020
152.61.128.50 - - [17/Jan/2023:02:08:09 -0500] "GET /arcgis/services/Calidad_del_Agua_WQI/MapServer/WMSServer?SERVICE=WMS&REQUEST=GetCapabilities HTTP/1.1" 503 1020
152.61.128.50 - - [17/Jan/2023:02:08:09 -0500] "GET /arcgis/services/Calidad_del_Agua_WQI/MapServer/WMSServer?WMTVER=1.0.0&REQUEST=capabilities HTTP/1.1" 503 1020
172.22.2.4 - - [17/Jan/2023:02:08:20 -0500] "HEAD /BLA/boletinlegal/ HTTP/1.1" 200 -
172.22.2.4 - - [17/Jan/2023:02:09:11 -0500] "GET /BLA/boletinlegal/ HTTP/1.1" 200 57824
207.46.13.70 - - [17/Jan/2023:02:11:16 -0500] "GET /BLA/resoluciones/RESOLUCIONES%202021/4048.pdf HTTP/1.1" 200 785153
216.245.221.92 - - [17/Jan/2023:02:11:33 -0500] "HEAD / HTTP/1.1" 200 -
185.119.81.101 - - [17/Jan/2023:02:12:39 -0500] "GET /portaldeninos/wp-login.php HTTP/1.1" 200 2592
185.119.81.101 - - [17/Jan/2023:02:12:40 -0500] "POST /portaldeninos/wp-login.php HTTP/1.1" 200 3605
201.245.192.253 - - [17/Jan/2023:02:12:59 -0500] "POST /kwsrmcab/Wsrmcab  HTTP/1.1" 200 43915
172.22.2.4 - - [17/Jan/2023:02:14:10 -0500] "HEAD /BLA/boletinlegal/ HTTP/1.1" 200 -
216.245.221.92 - - [17/Jan/2023:02:16:33 -0500] "HEAD / HTTP/1.1" 200 -
172.22.2.4 - - [17/Jan/2023:02:15:01 -0500] "GET /BLA/boletinlegal/ HTTP/1.1" 200 57824
201.245.192.253 - - [17/Jan/2023:02:17:58 -0500] "POST /kwsrmcab/Wsrmcab  HTTP/1.1" 200 43915
201.245.192.253 - - [17/Jan/2023:02:18:22 -0500] "POST /kwsrmcab/Wsrmcab HTTP/1.1" 200 43331
201.245.192.253 - - [17/Jan/2023:02:18:24 -0500] "POST /kwsrmcab/Wsrmcab HTTP/1.1" 200 42683
216.245.221.92 - - [17/Jan/2023:02:21:33 -0500] "HEAD / HTTP/1.1" 200 -
172.22.2.4 - - [17/Jan/2023:02:20:00 -0500] "HEAD /BLA/boletinlegal/ HTTP/1.1" 200 -
172.22.2.4 - - [17/Jan/2023:02:20:51 -0500] "GET /BLA/boletinlegal/ HTTP/1.1" 200 59404
201.245.192.253 - - [17/Jan/2023:02:22:57 -0500] "POST /kwsrmcab/Wsrmcab  HTTP/1.1" 200 43915
207.46.13.83 - - [17/Jan/2023:02:25:21 -0500] "GET /BLA/resoluciones/AUTOS%202014/0496.pdf HTTP/1.1" 304 -
172.22.2.4 - - [17/Jan/2023:02:25:58 -0500] "GET /BLA/boletinlegal/sugerencias.php HTTP/1.1" 200 8615
216.245.221.92 - - [17/Jan/2023:02:26:33 -0500] "HEAD / HTTP/1.1" 200 -
172.22.2.4 - - [17/Jan/2023:02:25:50 -0500] "HEAD /BLA/boletinlegal/ HTTP/1.1" 200 -
201.245.192.253 - - [17/Jan/2023:02:27:56 -0500] "POST /kwsrmcab/Wsrmcab  HTTP/1.1" 200 43915
168.119.101.10 - - [17/Jan/2023:02:28:10 -0500] "GET / HTTP/1.1" 200 319
172.22.2.4 - - [17/Jan/2023:02:26:41 -0500] "GET /BLA/boletinlegal/ HTTP/1.1" 200 56474
201.245.192.253 - - [17/Jan/2023:02:28:22 -0500] "POST /kwsrmcab/Wsrmcab HTTP/1.1" 200 43331
201.245.192.253 - - [17/Jan/2023:02:28:25 -0500] "POST /kwsrmcab/Wsrmcab HTTP/1.1" 200 42683
216.245.221.92 - - [17/Jan/2023:02:31:33 -0500] "HEAD / HTTP/1.1" 200 -
201.245.192.253 - - [17/Jan/2023:02:32:56 -0500] "POST /kwsrmcab/Wsrmcab  HTTP/1.1" 200 43915
172.22.2.4 - - [17/Jan/2023:02:31:40 -0500] "HEAD /BLA/boletinlegal/ HTTP/1.1" 200 -
172.22.2.4 - - [17/Jan/2023:02:32:31 -0500] "GET /BLA/boletinlegal/ HTTP/1.1" 200 57192
172.22.2.4 - - [17/Jan/2023:02:35:03 -0500] "GET /BLA/boletinlegal/Directivas/2016/Directiva%20No.%2003%20del%2026%20de%20Julio%20de%202016.pdf HTTP/1.1" 304 -
216.245.221.92 - - [17/Jan/2023:02:36:33 -0500] "HEAD / HTTP/1.1" 200 -
201.245.192.253 - - [17/Jan/2023:02:37:54 -0500] "POST /kwsrmcab/Wsrmcab  HTTP/1.1" 200 43915
201.245.192.253 - - [17/Jan/2023:02:38:22 -0500] "POST /kwsrmcab/Wsrmcab HTTP/1.1" 200 43331
201.245.192.253 - - [17/Jan/2023:02:38:25 -0500] "POST /kwsrmcab/Wsrmcab HTTP/1.1" 200 42683
172.22.2.4 - - [17/Jan/2023:02:37:30 -0500] "HEAD /BLA/boletinlegal/ HTTP/1.1" 200 -
66.249.64.13 - - [17/Jan/2023:02:39:17 -0500] "-" 408 -
185.119.81.105 - - [17/Jan/2023:02:39:55 -0500] "GET /portaldeninos/wp-login.php HTTP/1.1" 200 2592
185.119.81.105 - - [17/Jan/2023:02:39:57 -0500] "POST /portaldeninos/wp-login.php HTTP/1.1" 200 3605
172.22.2.4 - - [17/Jan/2023:02:38:21 -0500] "GET /BLA/boletinlegal/ HTTP/1.1" 200 57192
216.245.221.92 - - [17/Jan/2023:02:41:33 -0500] "HEAD / HTTP/1.1" 200 -
201.245.192.253 - - [17/Jan/2023:02:42:53 -0500] "POST /kwsrmcab/Wsrmcab  HTTP/1.1" 200 43915
173.252.107.18 - - [17/Jan/2023:02:43:24 -0500] "GET /distrito-hace-llamado-para-proteger-fauna-silvestre-y-animales-de-compania-en-este-puente-de-halloween.html HTTP/1.1" 206 928
173.252.127.8 - - [17/Jan/2023:02:43:25 -0500] "GET /images/trafico-fauna-silvestre-29-octubre.jpg HTTP/1.1" 200 64161
172.22.2.4 - - [17/Jan/2023:02:43:20 -0500] "HEAD /BLA/boletinlegal/ HTTP/1.1" 200 -
172.22.2.4 - - [17/Jan/2023:02:44:11 -0500] "GET /BLA/boletinlegal/ HTTP/1.1" 200 57824
59.103.228.66 - - [17/Jan/2023:02:46:06 -0500] "GET / HTTP/1.1" 200 319
51.159.194.233 - - [17/Jan/2023:02:46:13 -0500] "GET /tasa-retributiva-por-vertimientos-puntuales-al-agua-hasta-el-10-de-febrero-hay-plazo-para-diligenciar-y-enviar-formulario-de-autodeclaracion.html HTTP/1.1" 200 1030
51.159.194.233 - - [17/Jan/2023:02:46:13 -0500] "GET /images/vertimiento-Comprimida%20(1).png HTTP/1.1" 200 22870
216.245.221.92 - - [17/Jan/2023:02:46:33 -0500] "HEAD / HTTP/1.1" 200 -
51.159.194.199 - - [17/Jan/2023:02:46:42 -0500] "GET /fauna-silvestre-acciones-de-control-y-recuperacion-en-puente-de-reyes.html HTTP/1.1" 200 1061
51.159.194.199 - - [17/Jan/2023:02:46:42 -0500] "GET /images/Fauna%20Silvestre%20SDA%2002.jpeg HTTP/1.1" 200 41590
207.46.13.41 - - [17/Jan/2023:02:47:33 -0500] "GET /BLA/resoluciones/AUTOS%202022/4411.pdf HTTP/1.1" 200 1289825
201.245.192.253 - - [17/Jan/2023:02:47:52 -0500] "POST /kwsrmcab/Wsrmcab  HTTP/1.1" 200 43915
172.22.2.4 - - [17/Jan/2023:02:48:31 -0500] "GET /BLA/boletinlegal/index.php HTTP/1.1" 200 50855
44.200.139.79 - - [17/Jan/2023:02:50:15 -0500] "GET /galeria/galeria/fotos/GuaymaralTorca4G.jpg HTTP/1.1" 200 373786
172.22.2.4 - - [17/Jan/2023:02:49:10 -0500] "HEAD /BLA/boletinlegal/ HTTP/1.1" 200 -
216.245.221.92 - - [17/Jan/2023:02:51:33 -0500] "HEAD / HTTP/1.1" 200 -
172.22.2.4 - - [17/Jan/2023:02:50:01 -0500] "GET /BLA/boletinlegal/ HTTP/1.1" 200 53337
201.245.192.253 - - [17/Jan/2023:02:52:51 -0500] "POST /kwsrmcab/Wsrmcab  HTTP/1.1" 200 43915
40.77.167.42 - - [17/Jan/2023:02:54:17 -0500] "GET /BLA/boletinlegal/documentos-importantes.php HTTP/1.1" 200 4829
40.77.167.42 - - [17/Jan/2023:02:54:26 -0500] "GET /BLA/boletinlegal/ajax.js HTTP/1.1" 200 577
157.55.39.201 - - [17/Jan/2023:02:54:36 -0500] "GET /BLA/boletinlegal/js/ajax_documentos.js HTTP/1.1" 200 1155
216.245.221.92 - - [17/Jan/2023:02:56:33 -0500] "HEAD / HTTP/1.1" 200 -
172.22.2.4 - - [17/Jan/2023:02:55:00 -0500] "HEAD /BLA/boletinlegal/ HTTP/1.1" 200 -
172.22.2.4 - - [17/Jan/2023:02:55:51 -0500] "GET /BLA/boletinlegal/ HTTP/1.1" 200 57824
201.245.192.253 - - [17/Jan/2023:02:57:50 -0500] "POST /kwsrmcab/Wsrmcab  HTTP/1.1" 200 43915
20.120.20.89 - - [17/Jan/2023:02:58:34 -0500] "GET /portaldeninos/relatos-urbanos-de-los-ecosistemas-bogotanos-2/ HTTP/1.1" 200 88374
216.245.221.92 - - [17/Jan/2023:03:01:33 -0500] "HEAD / HTTP/1.1" 200 -
172.22.2.4 - - [17/Jan/2023:03:00:50 -0500] "HEAD /BLA/boletinlegal/ HTTP/1.1" 200 -
201.245.192.253 - - [17/Jan/2023:03:02:48 -0500] "POST /kwsrmcab/Wsrmcab  HTTP/1.1" 200 43915
172.22.2.4 - - [17/Jan/2023:03:01:41 -0500] "GET /BLA/boletinlegal/ HTTP/1.1" 200 58612
145.239.154.85 - - [17/Jan/2023:03:03:31 -0500] "\x16\x03" 400 226
145.239.154.85 - - [17/Jan/2023:03:03:31 -0500] "HEAD / HTTP/1.1" 200 -
145.239.154.85 - - [17/Jan/2023:03:03:32 -0500] "GET / HTTP/1.1" 200 319
145.239.154.85 - - [17/Jan/2023:03:03:32 -0500] "GET / HTTP/1.1" 200 319
165.227.83.148 - - [17/Jan/2023:03:07:26 -0500] "GET / HTTP/1.1" 200 319
18.221.56.27 - - [17/Jan/2023:03:07:28 -0500] "GET / HTTP/1.1" 200 319
201.245.192.253 - - [17/Jan/2023:03:07:47 -0500] "POST /kwsrmcab/Wsrmcab  HTTP/1.1" 200 43915
172.22.2.4 - - [17/Jan/2023:03:06:40 -0500] "HEAD /BLA/boletinlegal/ HTTP/1.1" 200 -
172.22.2.4 - - [17/Jan/2023:03:07:31 -0500] "GET /BLA/boletinlegal/ HTTP/1.1" 200 56474
216.245.221.92 - - [17/Jan/2023:03:11:53 -0500] "HEAD / HTTP/1.1" 200 -
201.245.192.253 - - [17/Jan/2023:03:12:46 -0500] "POST /kwsrmcab/Wsrmcab  HTTP/1.1" 200 43915
172.22.2.4 - - [17/Jan/2023:03:13:39 -0500] "GET /BLA/boletinlegal/owa/auth/logon.aspx?url=https%3a%2f%2f1%2fecp%2f HTTP/1.1" 404 1018
172.22.2.4 - - [17/Jan/2023:03:12:30 -0500] "HEAD /BLA/boletinlegal/ HTTP/1.1" 200 -
157.55.39.201 - - [17/Jan/2023:03:14:59 -0500] "GET /bla/resoluciones/index.php?dir=notificaciones/autos%202018/&sort=date&order=asc HTTP/1.1" 200 98973
172.22.2.4 - - [17/Jan/2023:03:13:21 -0500] "GET /BLA/boletinlegal/ HTTP/1.1" 200 59404
172.22.2.4 - - [17/Jan/2023:03:15:26 -0500] "GET /BLA/boletinlegal/images/screen_5.png HTTP/1.1" 304 -
216.245.221.92 - - [17/Jan/2023:03:16:53 -0500] "HEAD / HTTP/1.1" 200 -
20.120.21.154 - - [17/Jan/2023:03:17:26 -0500] "GET /portaldeninos/aulas-ambientales/aula-ambiental-sorotama/ HTTP/1.1" 200 89596
201.245.192.253 - - [17/Jan/2023:03:17:45 -0500] "POST /kwsrmcab/Wsrmcab  HTTP/1.1" 200 43915
66.249.64.13 - - [17/Jan/2023:03:17:50 -0500] "-" 408 -
185.224.128.215 - - [17/Jan/2023:03:18:19 -0500] "GET / HTTP/1.1" 200 319
185.224.128.215 - - [17/Jan/2023:03:18:20 -0500] "POST /HNAP1/ HTTP/1.1" 404 1018
201.245.192.253 - - [17/Jan/2023:03:18:22 -0500] "POST /kwsrmcab/Wsrmcab HTTP/1.1" 200 43305
201.245.192.253 - - [17/Jan/2023:03:18:25 -0500] "POST /kwsrmcab/Wsrmcab HTTP/1.1" 200 42686
172.22.2.4 - - [17/Jan/2023:03:18:20 -0500] "HEAD /BLA/boletinlegal/ HTTP/1.1" 200 -
172.22.2.4 - - [17/Jan/2023:03:19:11 -0500] "GET /BLA/boletinlegal/ HTTP/1.1" 200 59404
216.245.221.92 - - [17/Jan/2023:03:21:53 -0500] "HEAD / HTTP/1.1" 200 -
201.245.192.253 - - [17/Jan/2023:03:22:44 -0500] "POST /kwsrmcab/Wsrmcab  HTTP/1.1" 200 43915
40.94.227.87 - - [17/Jan/2023:03:23:05 -0500] "GET /BLA/resoluciones/AUTOS%202011/0182.pdf HTTP/1.1" 200 156533
40.94.226.59 - - [17/Jan/2023:03:23:06 -0500] "GET /BLA/resoluciones/AUTOS%202011/0182.pdf HTTP/1.1" 200 156533
40.77.167.40 - - [17/Jan/2023:03:24:40 -0500] "GET /Publicaciones/2022EE85089.pdf HTTP/1.1" 404 227
172.22.2.4 - - [17/Jan/2023:03:24:10 -0500] "HEAD /BLA/boletinlegal/ HTTP/1.1" 200 -
172.22.2.4 - - [17/Jan/2023:03:25:00 -0500] "GET /BLA/boletinlegal/ HTTP/1.1" 200 57192
216.245.221.92 - - [17/Jan/2023:03:26:53 -0500] "HEAD / HTTP/1.1" 200 -
201.245.192.253 - - [17/Jan/2023:03:27:44 -0500] "POST /kwsrmcab/Wsrmcab  HTTP/1.1" 200 43915
134.209.27.71 - - [17/Jan/2023:03:27:47 -0500] "\x16\x03\x01" 400 226
134.209.27.71 - - [17/Jan/2023:03:27:47 -0500] "\x16\x03\x01" 400 226
134.209.27.71 - - [17/Jan/2023:03:27:47 -0500] "GET / HTTP/1.1" 200 319
201.245.192.253 - - [17/Jan/2023:03:28:22 -0500] "POST /kwsrmcab/Wsrmcab HTTP/1.1" 200 43305
201.245.192.253 - - [17/Jan/2023:03:28:24 -0500] "POST /kwsrmcab/Wsrmcab HTTP/1.1" 200 42686
125.209.235.186 - - [17/Jan/2023:03:30:49 -0500] "-" 408 -
147.92.153.10 - - [17/Jan/2023:03:30:49 -0500] "-" 408 -
207.46.13.83 - - [17/Jan/2023:03:31:08 -0500] "GET /BLA/resoluciones/RESOLUCIONES%202020/2723.pdf HTTP/1.1" 304 -
66.249.64.13 - - [17/Jan/2023:03:31:36 -0500] "-" 408 -
172.22.2.4 - - [17/Jan/2023:03:30:00 -0500] "HEAD /BLA/boletinlegal/ HTTP/1.1" 200 -
157.55.39.201 - - [17/Jan/2023:03:31:41 -0500] "GET /bla/resoluciones/index.php?dir=notificaciones/autos%202018/&sort=date&order=asc HTTP/1.1" 200 98973
216.245.221.92 - - [17/Jan/2023:03:31:53 -0500] "HEAD / HTTP/1.1" 200 -
172.22.2.4 - - [17/Jan/2023:03:30:51 -0500] "GET /BLA/boletinlegal/ HTTP/1.1" 200 57824
201.245.192.253 - - [17/Jan/2023:03:32:43 -0500] "POST /kwsrmcab/Wsrmcab  HTTP/1.1" 200 43915
216.245.221.92 - - [17/Jan/2023:03:36:53 -0500] "HEAD / HTTP/1.1" 200 -
172.22.2.4 - - [17/Jan/2023:03:35:50 -0500] "HEAD /BLA/boletinlegal/ HTTP/1.1" 200 -
172.22.2.4 - - [17/Jan/2023:03:36:38 -0500] "GET /BLA/boletinlegal/ HTTP/1.1" 200 32715
201.245.192.253 - - [17/Jan/2023:03:37:42 -0500] "POST /kwsrmcab/Wsrmcab  HTTP/1.1" 200 43915
172.22.2.4 - - [17/Jan/2023:03:37:56 -0500] "GET /BLA/boletinlegal/robots.txt HTTP/1.1" 404 1018
172.22.2.4 - - [17/Jan/2023:03:37:59 -0500] "GET /BLA/boletinlegal/sitemap.xml HTTP/1.1" 404 1018
172.22.2.4 - - [17/Jan/2023:03:38:02 -0500] "GET /BLA/boletinlegal/.well-known/security.txt HTTP/1.1" 404 1018
172.22.2.4 - - [17/Jan/2023:03:38:12 -0500] "GET /BLA/boletinlegal/favicon.ico HTTP/1.1" 404 1018
172.22.2.4 - - [17/Jan/2023:03:36:40 -0500] "GET /BLA/boletinlegal/ HTTP/1.1" 200 52453
201.245.192.253 - - [17/Jan/2023:03:38:22 -0500] "POST /kwsrmcab/Wsrmcab HTTP/1.1" 200 43305
201.245.192.253 - - [17/Jan/2023:03:38:25 -0500] "POST /kwsrmcab/Wsrmcab HTTP/1.1" 200 42686
216.245.221.92 - - [17/Jan/2023:03:41:53 -0500] "HEAD / HTTP/1.1" 200 -
179.43.177.242 - - [17/Jan/2023:03:42:20 -0500] "GET / HTTP/1.1" 200 319
23.248.175.240 - - [17/Jan/2023:03:42:34 -0500] "\x16\x03\x01\x01\t\x01" 400 226
201.245.192.253 - - [17/Jan/2023:03:42:41 -0500] "POST /kwsrmcab/Wsrmcab  HTTP/1.1" 200 43915
23.248.175.240 - - [17/Jan/2023:03:42:47 -0500] "GET / HTTP/1.1" 200 319
23.248.175.240 - - [17/Jan/2023:03:43:06 -0500] "GET /favicon.ico HTTP/1.1" 200 7782
172.22.2.4 - - [17/Jan/2023:03:41:40 -0500] "HEAD /BLA/boletinlegal/ HTTP/1.1" 200 -
23.248.175.240 - - [17/Jan/2023:03:43:31 -0500] "GET /sitemap.xml HTTP/1.1" 404 1018
172.22.2.4 - - [17/Jan/2023:03:42:30 -0500] "GET /BLA/boletinlegal/ HTTP/1.1" 200 57824
95.108.213.63 - - [17/Jan/2023:03:46:39 -0500] "-" 408 -
5.45.207.92 - - [17/Jan/2023:03:46:44 -0500] "-" 408 -
5.255.231.205 - - [17/Jan/2023:03:46:49 -0500] "-" 408 -
216.245.221.92 - - [17/Jan/2023:03:46:53 -0500] "HEAD / HTTP/1.1" 200 -
87.250.224.128 - - [17/Jan/2023:03:46:54 -0500] "-" 408 -
5.255.253.112 - - [17/Jan/2023:03:47:09 -0500] "-" 408 -
5.255.253.187 - - [17/Jan/2023:03:47:24 -0500] "-" 408 -
201.245.192.253 - - [17/Jan/2023:03:47:40 -0500] "POST /kwsrmcab/Wsrmcab  HTTP/1.1" 200 43915
87.250.224.64 - - [17/Jan/2023:03:47:54 -0500] "-" 408 -
5.255.231.133 - - [17/Jan/2023:03:48:54 -0500] "-" 408 -
172.22.2.4 - - [17/Jan/2023:03:47:30 -0500] "HEAD /BLA/boletinlegal/ HTTP/1.1" 200 -
5.45.207.151 - - [17/Jan/2023:03:49:55 -0500] "-" 408 -
172.22.2.4 - - [17/Jan/2023:03:48:20 -0500] "GET /BLA/boletinlegal/ HTTP/1.1" 200 57192
216.245.221.92 - - [17/Jan/2023:03:51:53 -0500] "HEAD / HTTP/1.1" 200 -
5.255.253.106 - - [17/Jan/2023:03:51:54 -0500] "-" 408 -
20.120.20.89 - - [17/Jan/2023:03:52:03 -0500] "GET /portaldeninos/contactanos/ HTTP/1.1" 200 88135
201.245.192.253 - - [17/Jan/2023:03:52:39 -0500] "POST /kwsrmcab/Wsrmcab  HTTP/1.1" 200 43915
114.119.130.213 - - [17/Jan/2023:03:54:38 -0500] "GET /portaldeninos/wp-content/uploads/useanyfont/uaf.css?ver=1589905315 HTTP/1.1" 200 408
114.119.130.213 - - [17/Jan/2023:03:54:38 -0500] "GET /portaldeninos/wp-content/themes/betheme/style.css?ver=20.9.6 HTTP/1.1" 200 287
114.119.130.213 - - [17/Jan/2023:03:54:38 -0500] "GET /portaldeninos/wp-content/plugins/gallery-videos/CSS/totalsoft.css?ver=4.9.8 HTTP/1.1" 200 40622
114.119.130.213 - - [17/Jan/2023:03:54:38 -0500] "GET /portaldeninos/wp-content/plugins/gallery-videos/CSS/Total-Soft-Gallery-Video-Widget.css?ver=4.9.8 HTTP/1.1" 200 51554
114.119.130.213 - - [17/Jan/2023:03:54:38 -0500] "GET /portaldeninos/wp-content/themes/betheme/css/base.css?ver=20.9.6 HTTP/1.1" 200 57283
114.119.130.213 - - [17/Jan/2023:03:54:40 -0500] "GET /portaldeninos/wp-content/themes/betheme/assets/ui/jquery.ui.all.css?ver=20.9.6 HTTP/1.1" 200 18765
114.119.130.213 - - [17/Jan/2023:03:54:40 -0500] "GET /portaldeninos/wp-content/themes/betheme/assets/jplayer/css/jplayer.blue.monday.css?ver=20.9.6 HTTP/1.1" 200 9834
114.119.130.213 - - [17/Jan/2023:03:54:38 -0500] "GET /portaldeninos/wp-content/themes/betheme/assets/animations/animations.min.css?ver=20.9.6 HTTP/1.1" 200 58508
114.119.130.213 - - [17/Jan/2023:03:54:40 -0500] "GET /portaldeninos/wp-includes/js/jquery/jquery-migrate.min.js?ver=1.4.1 HTTP/1.1" 200 10056
114.119.130.213 - - [17/Jan/2023:03:54:38 -0500] "GET /portaldeninos/wp-content/themes/betheme/css/layout.css?ver=20.9.6 HTTP/1.1" 200 116639
114.119.130.213 - - [17/Jan/2023:03:54:40 -0500] "GET /portaldeninos/wp-content/plugins/google-analytics-for-wordpress/assets/js/frontend-gtag.min.js?ver=8.5.0 HTTP/1.1" 200 11801
114.119.130.213 - - [17/Jan/2023:03:54:40 -0500] "GET /portaldeninos/wp-includes/js/jquery/ui/core.min.js?ver=1.11.4 HTTP/1.1" 200 4000
114.119.130.213 - - [17/Jan/2023:03:54:40 -0500] "GET /portaldeninos/wp-content/themes/betheme/css/responsive.css?ver=20.9.6 HTTP/1.1" 200 55740
114.119.130.213 - - [17/Jan/2023:03:54:41 -0500] "GET /portaldeninos/wp-content/plugins/gallery-videos/JS/modernizr.custom.js?ver=4.9.8 HTTP/1.1" 200 9019
114.119.130.213 - - [17/Jan/2023:03:54:39 -0500] "GET /portaldeninos/wp-content/themes/betheme/css/shortcodes.css?ver=20.9.6 HTTP/1.1" 200 138889
114.119.130.213 - - [17/Jan/2023:03:54:41 -0500] "GET /portaldeninos/wp-includes/js/jquery/ui/mouse.min.js?ver=1.11.4 HTTP/1.1" 200 3148
114.119.130.213 - - [17/Jan/2023:03:54:41 -0500] "GET /portaldeninos/wp-includes/js/jquery/ui/widget.min.js?ver=1.11.4 HTTP/1.1" 200 6908
114.119.130.213 - - [17/Jan/2023:03:54:40 -0500] "GET /portaldeninos/wp-includes/js/jquery/jquery.js?ver=1.12.4 HTTP/1.1" 200 97184
114.119.130.213 - - [17/Jan/2023:03:54:41 -0500] "GET /portaldeninos/wp-includes/js/jquery/ui/accordion.min.js?ver=1.11.4 HTTP/1.1" 200 8584
114.119.130.213 - - [17/Jan/2023:03:54:41 -0500] "GET /portaldeninos/wp-includes/js/jquery/ui/tabs.min.js?ver=1.11.4 HTTP/1.1" 200 12110
114.119.130.213 - - [17/Jan/2023:03:54:41 -0500] "GET /portaldeninos/wp-content/plugins/gallery-videos/JS/Total-Soft-Gallery-Video-Widget.js?ver=4.9.8 HTTP/1.1" 200 80264
114.119.130.213 - - [17/Jan/2023:03:54:41 -0500] "GET /portaldeninos/wp-content/themes/betheme/js/menu.js?ver=20.9.6 HTTP/1.1" 200 2449
114.119.130.213 - - [17/Jan/2023:03:54:41 -0500] "GET /portaldeninos/wp-content/themes/betheme/assets/animations/animations.min.js?ver=20.9.6 HTTP/1.1" 200 1896
114.119.130.213 - - [17/Jan/2023:03:54:41 -0500] "GET /portaldeninos/wp-includes/js/jquery/ui/sortable.min.js?ver=1.11.4 HTTP/1.1" 200 24899
114.119.130.213 - - [17/Jan/2023:03:54:42 -0500] "GET /portaldeninos/wp-includes/js/wp-embed.min.js?ver=4.9.8 HTTP/1.1" 200 1398
114.119.130.213 - - [17/Jan/2023:03:54:42 -0500] "GET /portaldeninos/wp-includes/js/wp-emoji-release.min.js?ver=4.9.8 HTTP/1.1" 200 12026
114.119.130.213 - - [17/Jan/2023:03:54:42 -0500] "GET /portaldeninos/wp-content/themes/betheme/assets/jplayer/jplayer.min.js?ver=20.9.6 HTTP/1.1" 200 52702
114.119.130.213 - - [17/Jan/2023:03:54:42 -0500] "GET /portaldeninos/wp-content/themes/betheme/js/scripts.js?ver=20.9.6 HTTP/1.1" 200 77162
114.119.130.213 - - [17/Jan/2023:03:54:41 -0500] "GET /portaldeninos/wp-content/themes/betheme/js/plugins.js?ver=20.9.6 HTTP/1.1" 200 197151
87.250.224.162 - - [17/Jan/2023:03:54:54 -0500] "-" 408 -
172.22.2.4 - - [17/Jan/2023:03:53:20 -0500] "HEAD /BLA/boletinlegal/ HTTP/1.1" 200 -
172.22.2.4 - - [17/Jan/2023:03:54:10 -0500] "GET /BLA/boletinlegal/ HTTP/1.1" 200 50149
172.22.2.4 - - [17/Jan/2023:03:55:04 -0500] "GET /BLA/boletinlegal/ HTTP/1.1" 200 24523
66.249.64.17 - - [17/Jan/2023:03:56:27 -0500] "-" 408 -
205.185.118.237 - - [17/Jan/2023:03:56:37 -0500] "POST /boaform/admin/formLogin HTTP/1.1" 404 1186
216.245.221.92 - - [17/Jan/2023:03:56:53 -0500] "HEAD / HTTP/1.1" 200 -
201.245.192.253 - - [17/Jan/2023:03:57:37 -0500] "POST /kwsrmcab/Wsrmcab  HTTP/1.1" 200 43915
172.22.2.4 - - [17/Jan/2023:03:56:50 -0500] "HEAD /BLA/boletinlegal/ HTTP/1.1" 200 -
172.22.2.4 - - [17/Jan/2023:03:59:10 -0500] "HEAD /BLA/boletinlegal/ HTTP/1.1" 200 -
172.22.2.4 - - [17/Jan/2023:04:00:00 -0500] "GET /BLA/boletinlegal/ HTTP/1.1" 200 57192
216.245.221.92 - - [17/Jan/2023:04:01:53 -0500] "HEAD / HTTP/1.1" 200 -
201.245.192.253 - - [17/Jan/2023:04:02:36 -0500] "POST /kwsrmcab/Wsrmcab  HTTP/1.1" 200 43915
185.119.81.101 - - [17/Jan/2023:04:04:54 -0500] "GET /portaldeninos/wp-login.php HTTP/1.1" 200 2592
185.119.81.101 - - [17/Jan/2023:04:04:55 -0500] "POST /portaldeninos/wp-login.php HTTP/1.1" 200 3670
172.22.2.4 - - [17/Jan/2023:04:05:00 -0500] "HEAD /BLA/boletinlegal/ HTTP/1.1" 200 -
216.245.221.92 - - [17/Jan/2023:04:06:53 -0500] "HEAD / HTTP/1.1" 200 -
172.22.2.4 - - [17/Jan/2023:04:05:50 -0500] "GET /BLA/boletinlegal/ HTTP/1.1" 200 57824
201.245.192.253 - - [17/Jan/2023:04:07:35 -0500] "POST /kwsrmcab/Wsrmcab  HTTP/1.1" 200 43915
20.120.20.93 - - [17/Jan/2023:04:09:03 -0500] "GET /portaldeninos/aulas-ambientales/ HTTP/1.1" 200 88416
216.245.221.92 - - [17/Jan/2023:04:11:53 -0500] "HEAD / HTTP/1.1" 200 -
172.22.2.4 - - [17/Jan/2023:04:10:50 -0500] "HEAD /BLA/boletinlegal/ HTTP/1.1" 200 -
201.245.192.253 - - [17/Jan/2023:04:12:34 -0500] "POST /kwsrmcab/Wsrmcab  HTTP/1.1" 200 43915
172.22.2.4 - - [17/Jan/2023:04:11:40 -0500] "GET /BLA/boletinlegal/ HTTP/1.1" 200 59404
185.119.81.101 - - [17/Jan/2023:04:14:35 -0500] "GET /portaldeninos/wp-login.php HTTP/1.1" 200 2592
185.119.81.101 - - [17/Jan/2023:04:14:36 -0500] "POST /portaldeninos/wp-login.php HTTP/1.1" 200 3605
216.245.221.92 - - [17/Jan/2023:04:16:53 -0500] "HEAD / HTTP/1.1" 200 -
201.245.192.253 - - [17/Jan/2023:04:17:33 -0500] "POST /kwsrmcab/Wsrmcab  HTTP/1.1" 200 43915
172.22.2.4 - - [17/Jan/2023:04:16:40 -0500] "HEAD /BLA/boletinlegal/ HTTP/1.1" 200 -
201.245.192.253 - - [17/Jan/2023:04:18:22 -0500] "POST /kwsrmcab/Wsrmcab HTTP/1.1" 200 43326
201.245.192.253 - - [17/Jan/2023:04:18:24 -0500] "POST /kwsrmcab/Wsrmcab HTTP/1.1" 200 42519
172.22.2.4 - - [17/Jan/2023:04:17:30 -0500] "GET /BLA/boletinlegal/ HTTP/1.1" 200 57824
216.245.221.92 - - [17/Jan/2023:04:21:53 -0500] "HEAD / HTTP/1.1" 200 -
201.245.192.253 - - [17/Jan/2023:04:22:32 -0500] "POST /kwsrmcab/Wsrmcab  HTTP/1.1" 200 43915
64.62.243.165 - - [17/Jan/2023:04:23:17 -0500] "GET / HTTP/1.1" 200 319
172.22.2.4 - - [17/Jan/2023:04:22:30 -0500] "HEAD /BLA/boletinlegal/ HTTP/1.1" 200 -
172.22.2.4 - - [17/Jan/2023:04:23:20 -0500] "GET /BLA/boletinlegal/ HTTP/1.1" 200 57824
157.55.39.215 - - [17/Jan/2023:04:26:40 -0500] "GET / HTTP/1.1" 200 319
216.245.221.92 - - [17/Jan/2023:04:26:53 -0500] "HEAD / HTTP/1.1" 200 -
201.245.192.253 - - [17/Jan/2023:04:27:31 -0500] "POST /kwsrmcab/Wsrmcab  HTTP/1.1" 200 43915
201.245.192.253 - - [17/Jan/2023:04:28:22 -0500] "POST /kwsrmcab/Wsrmcab HTTP/1.1" 200 43326
201.245.192.253 - - [17/Jan/2023:04:28:25 -0500] "POST /kwsrmcab/Wsrmcab HTTP/1.1" 200 42519
173.252.107.22 - - [17/Jan/2023:04:29:00 -0500] "GET /bogota-inicia-la-semana-con-buenas-condiciones-de-calidad-del-aire.html HTTP/1.1" 206 960
172.22.2.4 - - [17/Jan/2023:04:28:20 -0500] "HEAD /BLA/boletinlegal/ HTTP/1.1" 200 -
172.22.2.4 - - [17/Jan/2023:04:29:10 -0500] "GET /BLA/boletinlegal/ HTTP/1.1" 200 59404
216.245.221.92 - - [17/Jan/2023:04:31:53 -0500] "HEAD / HTTP/1.1" 200 -
201.245.192.253 - - [17/Jan/2023:04:32:29 -0500] "POST /kwsrmcab/Wsrmcab  HTTP/1.1" 200 43915
172.22.2.4 - - [17/Jan/2023:04:34:10 -0500] "HEAD /BLA/boletinlegal/ HTTP/1.1" 200 -
172.22.2.4 - - [17/Jan/2023:04:34:30 -0500] "GET /BLA/boletinlegal/ HTTP/1.1" 200 49193
172.22.2.4 - - [17/Jan/2023:04:35:00 -0500] "GET /BLA/boletinlegal/ HTTP/1.1" 200 52453
216.245.221.92 - - [17/Jan/2023:04:36:53 -0500] "HEAD / HTTP/1.1" 200 -
201.245.192.253 - - [17/Jan/2023:04:37:28 -0500] "POST /kwsrmcab/Wsrmcab  HTTP/1.1" 200 43915
157.90.244.54 - - [17/Jan/2023:04:38:19 -0500] "GET / HTTP/1.1" 200 319
201.245.192.253 - - [17/Jan/2023:04:38:22 -0500] "POST /kwsrmcab/Wsrmcab HTTP/1.1" 200 43326
201.245.192.253 - - [17/Jan/2023:04:38:24 -0500] "POST /kwsrmcab/Wsrmcab HTTP/1.1" 200 42519
172.22.2.4 - - [17/Jan/2023:04:40:20 -0500] "GET /BLA/boletinlegal/robots.txt HTTP/1.1" 404 1038
138.197.47.109 - - [17/Jan/2023:04:41:15 -0500] "GET /portaldeninos/ HTTP/1.1" 200 110197
172.22.2.4 - - [17/Jan/2023:04:40:00 -0500] "HEAD /BLA/boletinlegal/ HTTP/1.1" 200 -
216.245.221.92 - - [17/Jan/2023:04:41:53 -0500] "HEAD / HTTP/1.1" 200 -
172.22.2.4 - - [17/Jan/2023:04:40:21 -0500] "GET /BLA/boletinlegal/index.php HTTP/1.1" 200 45717
201.245.192.253 - - [17/Jan/2023:04:42:27 -0500] "POST /kwsrmcab/Wsrmcab  HTTP/1.1" 200 43915
172.22.2.4 - - [17/Jan/2023:04:40:50 -0500] "GET /BLA/boletinlegal/ HTTP/1.1" 200 48801
