64.233.172.4 - - [25/Jan/2023:01:11:40 -0500] "GET /galeria/nivo-slider/demo/images/bannertrafico_optimized.jpg HTTP/1.1" 200 42578
64.233.172.1 - - [25/Jan/2023:01:11:40 -0500] "GET /galeria/nivo-slider/demo/images/Bannermujeresquereverdecen.jpg HTTP/1.1" 200 46558
64.233.172.31 - - [25/Jan/2023:01:11:40 -0500] "GET /galeria/nivo-slider/demo/images/Bannersedeelectronica.jpg HTTP/1.1" 200 40383
64.233.172.31 - - [25/Jan/2023:01:11:40 -0500] "GET /galeria/nivo-slider/demo/images/banneraire2021.jpg HTTP/1.1" 200 265101
64.233.172.1 - - [25/Jan/2023:01:11:40 -0500] "GET /galeria/nivo-slider/demo/images/Bannerplasticosseptiembre.jpg HTTP/1.1" 200 45633
64.233.172.4 - - [25/Jan/2023:01:11:40 -0500] "GET /galeria/nivo-slider/demo/images/bannerclases2021.jpg HTTP/1.1" 200 68230
64.233.172.4 - - [25/Jan/2023:01:11:40 -0500] "GET /galeria/nivo-slider/demo/images/bannerresiduoshospitalariosagosto.jpg HTTP/1.1" 200 36499
64.233.172.4 - - [25/Jan/2023:01:11:41 -0500] "GET /galeria/nivo-slider/demo/images/bannercapacitacionesbogota.jpg HTTP/1.1" 200 42416
64.233.172.4 - - [25/Jan/2023:01:11:41 -0500] "GET /galeria/nivo-slider/demo/images/Bannerenvases.jpg HTTP/1.1" 200 37316
64.233.172.1 - - [25/Jan/2023:01:11:41 -0500] "GET /galeria/nivo-slider/demo/images/4Simple_Slider.png HTTP/1.1" 200 11722
64.233.172.4 - - [25/Jan/2023:01:11:41 -0500] "GET /galeria/nivo-slider/demo/images/banneraccionpopularcrr68.jpg HTTP/1.1" 200 51887
64.233.172.4 - - [25/Jan/2023:01:11:41 -0500] "GET /galeria/nivo-slider/demo/images/banneraccionpopular.jpeg HTTP/1.1" 200 41707
64.233.172.31 - - [25/Jan/2023:01:11:41 -0500] "GET /galeria/nivo-slider/themes/default/loading.gif HTTP/1.1" 200 1737
64.233.172.31 - - [25/Jan/2023:01:11:41 -0500] "GET /galeria/nivo-slider/demo/images/Bannervirtualescanales.jpg HTTP/1.1" 200 174544
64.233.172.4 - - [25/Jan/2023:01:11:42 -0500] "GET /galeria/nivo-slider/themes/default/arrows.png HTTP/1.1" 200 824
64.233.172.4 - - [25/Jan/2023:01:11:42 -0500] "GET /galeria/nivo-slider/themes/default/bullets.png HTTP/1.1" 200 1281
216.245.221.92 - - [25/Jan/2023:01:13:15 -0500] "HEAD / HTTP/1.1" 200 -
172.22.2.4 - - [25/Jan/2023:01:12:37 -0500] "HEAD /BLA/boletinlegal/ HTTP/1.1" 200 -
172.22.2.4 - - [25/Jan/2023:01:13:28 -0500] "GET /BLA/boletinlegal/ HTTP/1.1" 200 59404
201.245.192.253 - - [25/Jan/2023:01:15:39 -0500] "POST /kwsrmcab/Wsrmcab  HTTP/1.1" 200 213
66.249.65.109 - - [25/Jan/2023:01:16:07 -0500] "-" 408 -
216.245.221.92 - - [25/Jan/2023:01:18:15 -0500] "HEAD / HTTP/1.1" 200 -
201.245.192.253 - - [25/Jan/2023:01:18:43 -0500] "POST /kwsrmcab/Wsrmcab HTTP/1.1" 200 41392
201.245.192.253 - - [25/Jan/2023:01:18:46 -0500] "POST /kwsrmcab/Wsrmcab HTTP/1.1" 200 41425
172.22.2.4 - - [25/Jan/2023:01:18:27 -0500] "HEAD /BLA/boletinlegal/ HTTP/1.1" 200 -
152.61.128.50 - - [25/Jan/2023:01:20:28 -0500] "GET / HTTP/1.1" 200 319
201.245.192.253 - - [25/Jan/2023:01:20:38 -0500] "POST /kwsrmcab/Wsrmcab  HTTP/1.1" 200 213
172.22.2.4 - - [25/Jan/2023:01:19:18 -0500] "GET /BLA/boletinlegal/ HTTP/1.1" 200 56474
201.244.228.175 - - [25/Jan/2023:01:21:46 -0500] "GET /sipse/faces/javax.faces.resource/theme.css?ln=primefaces-sipse HTTP/1.1" 304 -
201.244.228.175 - - [25/Jan/2023:01:21:47 -0500] "GET /sipse/faces/javax.faces.resource/primefaces.css?ln=primefaces&v=4.0 HTTP/1.1" 304 -
201.244.228.175 - - [25/Jan/2023:01:21:47 -0500] "GET /sipse/faces/javax.faces.resource/jquery/jquery.js?ln=primefaces&v=4.0 HTTP/1.1" 304 -
201.244.228.175 - - [25/Jan/2023:01:21:47 -0500] "GET /sipse/faces/javax.faces.resource/layout/layout.css?ln=primefaces&v=4.0 HTTP/1.1" 304 -
201.244.228.175 - - [25/Jan/2023:01:21:47 -0500] "GET /sipse/faces/javax.faces.resource/primefaces.js?ln=primefaces&v=4.0 HTTP/1.1" 304 -
201.244.228.175 - - [25/Jan/2023:01:21:47 -0500] "GET /sipse/faces/javax.faces.resource/jquery/jquery-plugins.js?ln=primefaces&v=4.0 HTTP/1.1" 304 -
201.244.228.175 - - [25/Jan/2023:01:21:47 -0500] "GET /sipse/faces/javax.faces.resource/layout/layout.js?ln=primefaces&v=4.0 HTTP/1.1" 304 -
201.244.228.175 - - [25/Jan/2023:01:21:45 -0500] "POST /sipse/faces/presentacion/financiero/solicitudProceso/consultarSolicitudProceso.xhtml HTTP/1.1" 200 197156
201.244.228.175 - - [25/Jan/2023:01:21:47 -0500] "GET /sipse/faces/javax.faces.resource/images/ui-icons_898989_256x240.png?ln=primefaces-aristo HTTP/1.1" 304 -
201.244.228.175 - - [25/Jan/2023:01:21:47 -0500] "GET /sipse/css/imagen/contrasena.png HTTP/1.1" 404 383
201.244.228.175 - - [25/Jan/2023:01:21:52 -0500] "GET /sipse/faces/javax.faces.resource/images/ui-bg_flat_0_2d5972_40x100.png?ln=primefaces-aristo HTTP/1.1" 304 -
201.244.228.175 - - [25/Jan/2023:01:21:52 -0500] "POST /sipse/faces/presentacion/financiero/solicitudProceso/consultarSolicitudProceso.xhtml HTTP/1.1" 200 40178
201.244.228.175 - - [25/Jan/2023:01:21:55 -0500] "GET /sipse/faces/javax.faces.resource/theme.css?ln=primefaces-sipse HTTP/1.1" 304 -
201.244.228.175 - - [25/Jan/2023:01:21:55 -0500] "GET /sipse/faces/javax.faces.resource/primefaces.css?ln=primefaces&v=4.0 HTTP/1.1" 304 -
201.244.228.175 - - [25/Jan/2023:01:21:55 -0500] "GET /sipse/faces/javax.faces.resource/jquery/jquery.js?ln=primefaces&v=4.0 HTTP/1.1" 304 -
201.244.228.175 - - [25/Jan/2023:01:21:55 -0500] "GET /sipse/faces/javax.faces.resource/jquery/jquery-plugins.js?ln=primefaces&v=4.0 HTTP/1.1" 304 -
201.244.228.175 - - [25/Jan/2023:01:21:55 -0500] "GET /sipse/faces/javax.faces.resource/primefaces.js?ln=primefaces&v=4.0 HTTP/1.1" 304 -
201.244.228.175 - - [25/Jan/2023:01:21:55 -0500] "GET /sipse/faces/javax.faces.resource/layout/layout.js?ln=primefaces&v=4.0 HTTP/1.1" 304 -
201.244.228.175 - - [25/Jan/2023:01:21:56 -0500] "GET /sipse/faces/javax.faces.resource/layout/layout.css?ln=primefaces&v=4.0 HTTP/1.1" 304 -
201.244.228.175 - - [25/Jan/2023:01:21:56 -0500] "POST /sipse/faces/presentacion/financiero/solicitudProceso/listarSolicitudProceso.xhtml HTTP/1.1" 200 1396
201.244.228.175 - - [25/Jan/2023:01:21:56 -0500] "GET /sipse/faces/javax.faces.resource/messages/messages.png?ln=primefaces&v=4.0 HTTP/1.1" 304 -
192.133.77.15 - - [25/Jan/2023:01:21:58 -0500] "GET /images/Musgo%20SDA%20(1)%20(1).png HTTP/1.1" 200 302122
66.249.65.109 - - [25/Jan/2023:01:21:59 -0500] "-" 408 -
201.244.228.175 - - [25/Jan/2023:01:22:54 -0500] "POST /sipse/faces/presentacion/financiero/solicitudProceso/listarSolicitudProceso.xhtml HTTP/1.1" 200 31075
201.244.228.175 - - [25/Jan/2023:01:22:55 -0500] "POST /sipse/faces/presentacion/financiero/solicitudProceso/listarSolicitudProceso.xhtml HTTP/1.1" 200 31075
201.244.228.175 - - [25/Jan/2023:01:22:56 -0500] "POST /sipse/faces/presentacion/financiero/solicitudProceso/listarSolicitudProceso.xhtml HTTP/1.1" 200 31091
201.244.228.175 - - [25/Jan/2023:01:22:57 -0500] "POST /sipse/faces/presentacion/financiero/solicitudProceso/listarSolicitudProceso.xhtml HTTP/1.1" 200 31091
201.244.228.175 - - [25/Jan/2023:01:22:58 -0500] "POST /sipse/faces/presentacion/financiero/solicitudProceso/listarSolicitudProceso.xhtml HTTP/1.1" 200 31006
201.244.228.175 - - [25/Jan/2023:01:22:58 -0500] "POST /sipse/faces/presentacion/financiero/solicitudProceso/listarSolicitudProceso.xhtml HTTP/1.1" 200 5114
201.244.228.175 - - [25/Jan/2023:01:22:59 -0500] "POST /sipse/faces/presentacion/financiero/solicitudProceso/listarSolicitudProceso.xhtml HTTP/1.1" 200 5118
201.244.228.175 - - [25/Jan/2023:01:23:02 -0500] "POST /sipse/faces/presentacion/financiero/solicitudProceso/listarSolicitudProceso.xhtml HTTP/1.1" 200 153593
201.244.228.175 - - [25/Jan/2023:01:23:03 -0500] "GET /sipse/faces/javax.faces.resource/theme.css?ln=primefaces-sipse HTTP/1.1" 304 -
201.244.228.175 - - [25/Jan/2023:01:23:03 -0500] "GET /sipse/faces/javax.faces.resource/primefaces.css?ln=primefaces&v=4.0 HTTP/1.1" 304 -
201.244.228.175 - - [25/Jan/2023:01:23:03 -0500] "GET /sipse/faces/javax.faces.resource/layout/layout.css?ln=primefaces&v=4.0 HTTP/1.1" 304 -
201.244.228.175 - - [25/Jan/2023:01:23:03 -0500] "GET /sipse/faces/javax.faces.resource/jquery/jquery.js?ln=primefaces&v=4.0 HTTP/1.1" 304 -
201.244.228.175 - - [25/Jan/2023:01:23:03 -0500] "GET /sipse/faces/javax.faces.resource/jquery/jquery-plugins.js?ln=primefaces&v=4.0 HTTP/1.1" 304 -
201.244.228.175 - - [25/Jan/2023:01:23:03 -0500] "GET /sipse/faces/javax.faces.resource/primefaces.js?ln=primefaces&v=4.0 HTTP/1.1" 304 -
201.244.228.175 - - [25/Jan/2023:01:23:03 -0500] "GET /sipse/faces/javax.faces.resource/layout/layout.js?ln=primefaces&v=4.0 HTTP/1.1" 304 -
216.245.221.92 - - [25/Jan/2023:01:23:15 -0500] "HEAD / HTTP/1.1" 200 -
173.252.79.4 - - [25/Jan/2023:01:23:53 -0500] "GET /images/Secretaria%20Urrutia%20evento%20h\xc3\xa1bitat%20Francia%2024%20de%20enero.jpeg HTTP/1.1" 404 1034
201.244.228.175 - - [25/Jan/2023:01:24:11 -0500] "GET /sipse/faces/javax.faces.resource/images/ui-bg_flat_0_2d5972_40x100.png?ln=primefaces-aristo HTTP/1.1" 200 183
201.244.228.175 - - [25/Jan/2023:01:24:11 -0500] "POST /sipse/faces/presentacion/sistema/reporte/ventanaVerReporteParametros.xhtml HTTP/1.1" 200 33046
201.244.228.175 - - [25/Jan/2023:01:24:11 -0500] "GET /sipse/faces/javax.faces.resource/jquery/jquery.js?ln=primefaces&v=4.0 HTTP/1.1" 304 -
201.244.228.175 - - [25/Jan/2023:01:24:11 -0500] "GET /sipse/faces/javax.faces.resource/jquery/jquery-plugins.js?ln=primefaces&v=4.0 HTTP/1.1" 304 -
201.244.228.175 - - [25/Jan/2023:01:24:11 -0500] "GET /sipse/faces/javax.faces.resource/primefaces.js?ln=primefaces&v=4.0 HTTP/1.1" 304 -
201.244.228.175 - - [25/Jan/2023:01:24:11 -0500] "GET /sipse/faces/javax.faces.resource/layout/layout.js?ln=primefaces&v=4.0 HTTP/1.1" 304 -
201.244.228.175 - - [25/Jan/2023:01:24:13 -0500] "POST /sipse/faces/presentacion/sistema/reporte/listarReportes.xhtml HTTP/1.1" 200 21674
201.244.228.175 - - [25/Jan/2023:01:24:13 -0500] "GET /sipse/faces/javax.faces.resource/theme.css?ln=primefaces-sipse HTTP/1.1" 304 -
201.244.228.175 - - [25/Jan/2023:01:24:13 -0500] "GET /sipse/faces/javax.faces.resource/primefaces.css?ln=primefaces&v=4.0 HTTP/1.1" 304 -
201.244.228.175 - - [25/Jan/2023:01:24:13 -0500] "GET /sipse/faces/javax.faces.resource/layout/layout.css?ln=primefaces&v=4.0 HTTP/1.1" 304 -
201.244.228.175 - - [25/Jan/2023:01:24:13 -0500] "GET /sipse/faces/javax.faces.resource/jquery/jquery.js?ln=primefaces&v=4.0 HTTP/1.1" 304 -
201.244.228.175 - - [25/Jan/2023:01:24:13 -0500] "GET /sipse/faces/javax.faces.resource/primefaces.js?ln=primefaces&v=4.0 HTTP/1.1" 304 -
201.244.228.175 - - [25/Jan/2023:01:24:13 -0500] "GET /sipse/faces/javax.faces.resource/jquery/jquery-plugins.js?ln=primefaces&v=4.0 HTTP/1.1" 304 -
201.244.228.175 - - [25/Jan/2023:01:24:13 -0500] "GET /sipse/faces/javax.faces.resource/layout/layout.js?ln=primefaces&v=4.0 HTTP/1.1" 304 -
201.244.228.175 - - [25/Jan/2023:01:24:13 -0500] "GET /sipse/faces/javax.faces.resource/images/ui-icons_898989_256x240.png?ln=primefaces-aristo HTTP/1.1" 304 -
201.244.228.175 - - [25/Jan/2023:01:24:52 -0500] "POST /sipse/faces/presentacion/financiero/solicitudProceso/consultarSolicitudProceso.xhtml HTTP/1.1" 200 5526
201.244.228.175 - - [25/Jan/2023:01:25:31 -0500] "POST /sipse/faces/presentacion/financiero/solicitudProceso/consultarSolicitudProceso.xhtml HTTP/1.1" 200 5537
201.244.228.175 - - [25/Jan/2023:01:25:31 -0500] "GET /sipse/faces/javax.faces.resource/dynamiccontent.properties?ln=primefaces&pfdrid=XjOR5%2F%2FfPAZAuY9TpWQeCiM0BhlXxYRBGKi%2FQcXXfeA%3D&pfdrid_c=false HTTP/1.1" 200 165212
201.245.192.253 - - [25/Jan/2023:01:25:36 -0500] "POST /kwsrmcab/Wsrmcab  HTTP/1.1" 200 213
40.77.167.32 - - [25/Jan/2023:01:25:42 -0500] "GET /BLA/resoluciones/RESOLUCIONES%202020/2609.pdf HTTP/1.1" 304 -
201.244.228.175 - - [25/Jan/2023:01:25:53 -0500] "POST /sipse/faces/presentacion/financiero/solicitudProceso/consultarSolicitudProceso.xhtml HTTP/1.1" 200 84198
172.22.2.4 - - [25/Jan/2023:01:24:17 -0500] "HEAD /BLA/boletinlegal/ HTTP/1.1" 200 -
138.201.157.89 - - [25/Jan/2023:01:25:59 -0500] "GET / HTTP/1.1" 200 319
201.244.228.175 - - [25/Jan/2023:01:26:18 -0500] "POST /sipse/faces/presentacion/financiero/solicitudProceso/consultarSolicitudProceso.xhtml HTTP/1.1" 200 293074
201.244.228.175 - - [25/Jan/2023:01:26:22 -0500] "POST /sipse/faces/presentacion/financiero/solicitudProceso/consultarSolicitudProceso.xhtml HTTP/1.1" 200 194416
201.244.228.175 - - [25/Jan/2023:01:26:28 -0500] "POST /sipse/faces/presentacion/financiero/solicitudProceso/consultarSolicitudProceso.xhtml HTTP/1.1" 200 322125
172.22.2.4 - - [25/Jan/2023:01:25:08 -0500] "GET /BLA/boletinlegal/ HTTP/1.1" 200 59404
201.244.228.175 - - [25/Jan/2023:01:26:58 -0500] "POST /sipse/faces/presentacion/financiero/solicitudProceso/consultarSolicitudProceso.xhtml HTTP/1.1" 200 4707021
201.244.228.175 - - [25/Jan/2023:01:27:15 -0500] "POST /sipse/faces/presentacion/financiero/solicitudProceso/consultarSolicitudProceso.xhtml HTTP/1.1" 200 4996813
201.244.228.175 - - [25/Jan/2023:01:27:20 -0500] "POST /sipse/faces/presentacion/financiero/solicitudProceso/consultarSolicitudProceso.xhtml HTTP/1.1" 200 5380050
69.171.251.1 - - [25/Jan/2023:01:27:27 -0500] "GET /images/Secretaria%20Urrutia%20evento%20h\xc3\xa1bitat%20Francia%2024%20de%20enero.jpeg HTTP/1.1" 404 1034
201.244.228.175 - - [25/Jan/2023:01:27:30 -0500] "POST /sipse/faces/presentacion/financiero/solicitudProceso/consultarSolicitudProceso.xhtml HTTP/1.1" 200 5554025
173.252.107.8 - - [25/Jan/2023:01:27:36 -0500] "GET /secretaria-de-ambiente-exalta-a-organizaciones-y-colectivos-en-conmemoracion-del-dia-del-voluntariado-ambiental.html HTTP/1.1" 206 1093
201.244.228.175 - - [25/Jan/2023:01:27:37 -0500] "POST /sipse/faces/presentacion/financiero/solicitudProceso/consultarSolicitudProceso.xhtml HTTP/1.1" 200 4023014
201.244.228.175 - - [25/Jan/2023:01:27:44 -0500] "POST /sipse/faces/presentacion/financiero/solicitudProceso/consultarSolicitudProceso.xhtml HTTP/1.1" 200 1222330
66.249.65.109 - - [25/Jan/2023:01:27:46 -0500] "-" 408 -
216.245.221.92 - - [25/Jan/2023:01:28:15 -0500] "HEAD / HTTP/1.1" 200 -
201.245.192.253 - - [25/Jan/2023:01:28:43 -0500] "POST /kwsrmcab/Wsrmcab HTTP/1.1" 200 41392
201.245.192.253 - - [25/Jan/2023:01:28:47 -0500] "POST /kwsrmcab/Wsrmcab HTTP/1.1" 200 41425
201.245.192.253 - - [25/Jan/2023:01:30:35 -0500] "POST /kwsrmcab/Wsrmcab  HTTP/1.1" 200 213
172.22.2.4 - - [25/Jan/2023:01:30:07 -0500] "HEAD /BLA/boletinlegal/ HTTP/1.1" 200 -
172.22.2.4 - - [25/Jan/2023:01:30:58 -0500] "GET /BLA/boletinlegal/ HTTP/1.1" 200 59404
216.245.221.92 - - [25/Jan/2023:01:33:15 -0500] "HEAD / HTTP/1.1" 200 -
66.249.65.111 - - [25/Jan/2023:01:34:11 -0500] "-" 408 -
201.244.228.175 - - [25/Jan/2023:01:34:35 -0500] "POST /sipse/faces/presentacion/financiero/solicitudProceso/consultarSolicitudProceso.xhtml HTTP/1.1" 200 39671
201.244.228.175 - - [25/Jan/2023:01:34:36 -0500] "GET /sipse/faces/javax.faces.resource/theme.css?ln=primefaces-sipse HTTP/1.1" 304 -
201.244.228.175 - - [25/Jan/2023:01:34:36 -0500] "GET /sipse/faces/javax.faces.resource/primefaces.css?ln=primefaces&v=4.0 HTTP/1.1" 304 -
201.244.228.175 - - [25/Jan/2023:01:34:36 -0500] "GET /sipse/faces/javax.faces.resource/layout/layout.css?ln=primefaces&v=4.0 HTTP/1.1" 304 -
201.244.228.175 - - [25/Jan/2023:01:34:36 -0500] "GET /sipse/faces/javax.faces.resource/jquery/jquery.js?ln=primefaces&v=4.0 HTTP/1.1" 304 -
201.244.228.175 - - [25/Jan/2023:01:34:36 -0500] "GET /sipse/faces/javax.faces.resource/jquery/jquery-plugins.js?ln=primefaces&v=4.0 HTTP/1.1" 304 -
201.244.228.175 - - [25/Jan/2023:01:34:36 -0500] "GET /sipse/faces/javax.faces.resource/primefaces.js?ln=primefaces&v=4.0 HTTP/1.1" 304 -
201.244.228.175 - - [25/Jan/2023:01:34:36 -0500] "GET /sipse/faces/javax.faces.resource/layout/layout.js?ln=primefaces&v=4.0 HTTP/1.1" 304 -
201.244.228.175 - - [25/Jan/2023:01:34:36 -0500] "POST /sipse/faces/presentacion/financiero/solicitudProceso/listarSolicitudProceso.xhtml HTTP/1.1" 200 33060
201.244.228.175 - - [25/Jan/2023:01:34:36 -0500] "POST /sipse/faces/presentacion/financiero/solicitudProceso/listarSolicitudProceso.xhtml HTTP/1.1" 200 33060
201.244.228.175 - - [25/Jan/2023:01:34:37 -0500] "POST /sipse/faces/presentacion/financiero/solicitudProceso/listarSolicitudProceso.xhtml HTTP/1.1" 200 1396
201.244.228.175 - - [25/Jan/2023:01:34:37 -0500] "POST /sipse/faces/presentacion/financiero/solicitudProceso/listarSolicitudProceso.xhtml HTTP/1.1" 200 1392
201.244.228.175 - - [25/Jan/2023:01:34:37 -0500] "POST /sipse/faces/presentacion/financiero/solicitudProceso/listarSolicitudProceso.xhtml HTTP/1.1" 200 1400
201.244.228.175 - - [25/Jan/2023:01:34:39 -0500] "POST /sipse/faces/presentacion/financiero/solicitudProceso/listarSolicitudProceso.xhtml HTTP/1.1" 200 31075
201.244.228.175 - - [25/Jan/2023:01:34:39 -0500] "POST /sipse/faces/presentacion/financiero/solicitudProceso/listarSolicitudProceso.xhtml HTTP/1.1" 200 43167
201.244.228.175 - - [25/Jan/2023:01:34:44 -0500] "POST /sipse/faces/presentacion/financiero/solicitudProceso/listarSolicitudProceso.xhtml HTTP/1.1" 200 31106
201.244.228.175 - - [25/Jan/2023:01:34:47 -0500] "POST /sipse/faces/presentacion/financiero/solicitudProceso/listarSolicitudProceso.xhtml HTTP/1.1" 200 5180
201.244.228.175 - - [25/Jan/2023:01:34:52 -0500] "POST /sipse/faces/presentacion/financiero/solicitudProceso/listarSolicitudProceso.xhtml HTTP/1.1" 200 34041
40.77.167.32 - - [25/Jan/2023:01:35:23 -0500] "GET /BLA/resoluciones/AUTOS%202022/7421.pdf HTTP/1.1" 200 1468878
201.245.192.253 - - [25/Jan/2023:01:35:34 -0500] "POST /kwsrmcab/Wsrmcab  HTTP/1.1" 200 213
172.22.2.4 - - [25/Jan/2023:01:35:57 -0500] "HEAD /BLA/boletinlegal/ HTTP/1.1" 200 -
216.245.221.92 - - [25/Jan/2023:01:38:15 -0500] "HEAD / HTTP/1.1" 200 -
152.89.196.211 - - [25/Jan/2023:01:38:21 -0500] "-" 408 -
172.22.2.4 - - [25/Jan/2023:01:36:48 -0500] "GET /BLA/boletinlegal/ HTTP/1.1" 200 59779
201.245.192.253 - - [25/Jan/2023:01:38:44 -0500] "POST /kwsrmcab/Wsrmcab HTTP/1.1" 200 41392
201.245.192.253 - - [25/Jan/2023:01:38:47 -0500] "POST /kwsrmcab/Wsrmcab HTTP/1.1" 200 41425
40.77.167.32 - - [25/Jan/2023:01:40:04 -0500] "GET /BLA/resoluciones/RESOLUCIONES%202007/RES%202007%204001%20AL%204100/RESOLUCION%204090%20DE%202007.pdf HTTP/1.1" 304 -
66.249.65.109 - - [25/Jan/2023:01:40:28 -0500] "-" 408 -
201.245.192.253 - - [25/Jan/2023:01:40:33 -0500] "POST /kwsrmcab/Wsrmcab  HTTP/1.1" 200 213
144.217.255.152 - - [25/Jan/2023:01:42:20 -0500] "GET /secretaria-de-estado-de-desarrollo-francofonia-y-colaboracion-internacional-de-francia-destaco-el-ecobarrio-la-esmeralda-en-teusaquillo.html HTTP/1.1" 200 1091
216.245.221.92 - - [25/Jan/2023:01:43:15 -0500] "HEAD / HTTP/1.1" 200 -
172.22.2.4 - - [25/Jan/2023:01:42:27 -0500] "GET /BLA/boletinlegal/ HTTP/1.1" 200 24523
172.22.2.4 - - [25/Jan/2023:01:41:47 -0500] "HEAD /BLA/boletinlegal/ HTTP/1.1" 200 -
185.119.81.102 - - [25/Jan/2023:01:44:17 -0500] "GET /portaldeninos/wp-login.php HTTP/1.1" 200 2592
172.22.2.4 - - [25/Jan/2023:01:42:38 -0500] "GET /BLA/boletinlegal/ HTTP/1.1" 200 55272
185.119.81.102 - - [25/Jan/2023:01:44:18 -0500] "POST /portaldeninos/wp-login.php HTTP/1.1" 200 3650
186.102.7.21 - - [25/Jan/2023:01:44:38 -0500] "GET /kwssiamovil/sm/acme/a?s=U2FsdGVkX1/zBgRPvyibaXBUHgcby82TzdZ6LaIOZUs77B1xqMOfZok1+I51t7Gd1RBeZRHeBrJE4XTQpMnNSTcx7zS2uWVrB+BtXO2HLFPN3XMZzCAP7cAknE4K3bXop386jK6oN5LVn9JwiEGP6kiSskGQTH1PRdpG8c2Vv/1qJEHeEWPndeqbtzgANDbqzGJazNjRibwWRQCC6+E3zZPNCjrzY8STTTfL9f7361HL9ToqAlPQhwG12qzl2tMefTJut0/TyLdIq3z9QF+F6w==&u=U2FsdGVkX1/SnxHribovzun8/Tp89RkjqK/GmSA8Ls6QztjzSM0jxAsSzsgIBC7h&y=U2FsdGVkX19WF8zI2X59ku9HjvisEI3iNEGjrCUwhQH8C9YO5y9F6OG+3mDLLyaG HTTP/1.1" 200 26
186.102.7.21 - - [25/Jan/2023:01:44:39 -0500] "GET /kwssiamovil/sm/acme/a?s=U2FsdGVkX1/IzMkdNgdQ1A5XNREg8IljW9JTFwOYp9OnNedHCAnhUSuote0t8wMnCkNOb7sl6ynO15OLPQaAF3qw1+7x+jSukD826M0Bhfpw+guh5/UAWjulebLkT67nJx2C9+HVcUJ2ZWpwjmcZjoRly5yMIauwC9jG2jF91rVuBowgFun7XPUydaVJ3VUk8JqDIIy337cSOanVBoABy3rXXs5Tjv1DcH2LQJLL9fS2+COScUI48wbsYCSoZIKwtDICpOrXNyyZa9YIXwQ0vzFgblhjS1Go+06kJwZQPBPOQDInjQXAEiyaYAJer6kk52qu7s6cH7fwvDD88Bxv6Rle/YjUfIX67HqrJX9QdFHso4VubezsTR6W8cy/rd2bkQu3WbPAbKaVIgbkIHHs9YkrHQykHOY6+f25WbK20h4Jojy/+PSVybvubBi83nocvvIxf42yGJ0qc4T+d4KgIk7aSxE7v7dMRyDUPcVdjYR2d6sZwViLIlHSTnbCdbaQvpFWgw3DtXVNDJkVm8N6IXC1RWmxmKERw/KrlXluWTQumryNKL/FePyjMm9eB9mvmfnQSJOyuueP1k/o05M1IttKacoR+K4xEAlQDYx0vduHPQpinXbgXaAEqfde62frV58ANqN3sFzg6PfhpbcR27UHuUdV5o1IxMydj56jBoiJjc6DVBQZD+z8uzuehD1CHs7jygrzZAqoZgvcuQZlkKjOgBFpUWpnWPwT14OfPbxoClfMr/QeKAJTr0AnxFF2FdF6U7jkoJXzofHQiUBJuweHG0n5QwbNIvTtKwaIdjoke99rQZyR65rFHHqSep6WwQE71ojJTXEO0BLv+cxvjnuBLRzfbyOE+1+t1n3TP+oRWT5DgWr7d7W1KqtE1WfEUGV0CpWdvsS63fX83+LRZzhLQfiUL7R5HhCT3S5dCQDztLwfwUUQfB7BDG2CcTQHphizNxOyEwPIhYFBAO731zgjT+jV07bvrj+5naR7eLy1aTsZbNCmYLfXjM+0/VXwcytvFlMPpUZl93jnsU2lVJIE/BjbXcAiWCvONlCMSPCj9LqiE4K7I3GAfYBO4ssSQvXcjYbh1/yKMSIIDeqOqPS2yPLwLa4gvG8f4chV92aITAjkisrjhKfifphiskfAZjsvJld+/J+ITJ6LH4+2o9/jqWzcKTi3Asns70PJQ/N2OeEy8Om/hrR4D3uh/7jhhUi0bm3zQovwYVWhIhG2KBN4gl/z0lTEPlkzlcdebDLE/IX9n8Tewjroygrfg2Kj+EGLCfA/OQeeKjpVp2Pbq/3BMvJ84QMPtMAussT1lvVPG2ZpHba3j0fpTsqp7SDwyLZGWPJz82xSF7a/KmaIN+rWVdqOAmq1gEZ0OMJqwf0Ti3ITHinmIl1aYccnSg9pzJUG1PBVxVk+jGVglAVl/fuinEqU5rFLrUP9HF/3I+YEYd59xNAAXXp+cDgw9zyYZ+xSIQn5b+++QPg2BVb13sEQfNoW0UbjV1uPNPRJ9V9ig7q/kcuR5Cw8s1EA+uWTtfXngeceUmR+tXnLMGa9JCsjELkYIl1mAujV35B60aYMnBGxT9xZ/BUC/nr/ikmS3pEdf/Mq2Nlp7w6CIBwXYtbZjXbTRIYtYZY5QdA2JXDpjegJre+jWbs+XI+sOfPhX7b1q8VCfcAqutRDnarLlDXRI1uh3NKOZz8xWCkEEAt+Clmy9sWUO2CYgPwCvTT8ZnIG7vSLGb36upd0qcGzmuP8vK02Lg5G1zGXPQZBnXrCfz3FUiOn8IWYhTcU/SLowRGV+y2CBsLc5uz1BAK+scDERxxzritSlDq1DaqwcI0=&u=U2FsdGVkX1/SnxHribovzun8/Tp89RkjqK/GmSA8Ls6QztjzSM0jxAsSzsgIBC7h&y=U2FsdGVkX19WF8zI2X59ku9HjvisEI3iNEGjrCUwhQH8C9YO5y9F6OG+3mDLLyaG HTTP/1.1" 200 26
186.102.7.21 - - [25/Jan/2023:01:44:39 -0500] "GET /kwssiamovil/sm/acme/a?s=U2FsdGVkX19nGnfwCnUR5bQqtlKCUYRETdVx/LiuOKa37/InfVgWZgxkWi6wHiSAbWtJnhcbs5N9yngbYEZk6jX+WJ54RUybHT5Z3MGwSGk7S7xrnN6Yhrr/WmjQx00gqHGhsVnCE7O4KeWe68Fv0DpV7+8/3x7X1C7eFk8RF1Y=&u=U2FsdGVkX1/SnxHribovzun8/Tp89RkjqK/GmSA8Ls6QztjzSM0jxAsSzsgIBC7h&y=U2FsdGVkX19WF8zI2X59ku9HjvisEI3iNEGjrCUwhQH8C9YO5y9F6OG+3mDLLyaG HTTP/1.1" 200 26
186.102.7.21 - - [25/Jan/2023:01:44:40 -0500] "GET /kwssiamovil/sm/acme/a?s=U2FsdGVkX19fH0ijMtEh9c6nRSGIpN/9O2ptCnUkVtVzzjtBugLdb4tjBqxF33NbybfRj1gAWwNM3oM6o/pP3uDlfErxlsgDMMiGh5yCeewF1YKvR+PKfnCmgJaUT0JzvBLVoJY3EY6WtnVgM8r9JoXudFovh+HiMWHMCnWU5L8=&u=U2FsdGVkX1/SnxHribovzun8/Tp89RkjqK/GmSA8Ls6QztjzSM0jxAsSzsgIBC7h&y=U2FsdGVkX19WF8zI2X59ku9HjvisEI3iNEGjrCUwhQH8C9YO5y9F6OG+3mDLLyaG HTTP/1.1" 200 26
186.102.7.21 - - [25/Jan/2023:01:44:40 -0500] "GET /kwssiamovil/sm/acme/a?s=U2FsdGVkX1+0INHiVLIwg3oSdeX/xwqDVxkuihRde5k3R2dylvJgekoPsQPAjCNGz7FYbZmm6x0tFHHCBIdSq9l6jGSnMsVEiTawz6DcN5va2vvr7IisAOWqZk5EWSDeoxPIm4pFdTAjvZjW5tPPPoidWmfhixZjxNXF1JSRJI0=&u=U2FsdGVkX1/SnxHribovzun8/Tp89RkjqK/GmSA8Ls6QztjzSM0jxAsSzsgIBC7h&y=U2FsdGVkX19WF8zI2X59ku9HjvisEI3iNEGjrCUwhQH8C9YO5y9F6OG+3mDLLyaG HTTP/1.1" 200 26
186.102.7.21 - - [25/Jan/2023:01:44:40 -0500] "GET /kwssiamovil/sm/acme/a?s=U2FsdGVkX182zI84aS2dsjLSScHTzP7JFhCBj/8kjCxU294mnuHFaxxsYxQg6XDhQQjhgxYjkpCuK4lqAk5+B0cZk1VoO6+EcDryJFEaitKhCFf5uWku0pXUV2fgRyI1YJzMuK89ATgSn3hu8oJbcxcLksYxSlewrSp7LaU/VxSlN0dvoSqgi7SwYE1DFtvBXHvyhS56W2ZGCjyG0vAZNQ==&u=U2FsdGVkX1/SnxHribovzun8/Tp89RkjqK/GmSA8Ls6QztjzSM0jxAsSzsgIBC7h&y=U2FsdGVkX19WF8zI2X59ku9HjvisEI3iNEGjrCUwhQH8C9YO5y9F6OG+3mDLLyaG HTTP/1.1" 200 26
201.245.192.253 - - [25/Jan/2023:01:45:32 -0500] "POST /kwsrmcab/Wsrmcab  HTTP/1.1" 200 213
181.59.7.175 - - [25/Jan/2023:01:46:28 -0500] "GET /secretaria-de-estado-de-desarrollo-francofonia-y-colaboracion-internacional-de-francia-destaco-el-ecobarrio-la-esmeralda-en-teusaquillo.html?fbclid=PAAaYB4j4aJNDTJx-JNza-V-7JMeO008t4vSBb8WwzGdFmPapWOeQfqWOJliU HTTP/1.1" 200 1091
173.252.111.10 - - [25/Jan/2023:01:46:32 -0500] "GET /images/Secretaria%20Urrutia%20evento%20h\xc3\xa1bitat%20Francia%2024%20de%20enero.jpeg HTTP/1.1" 404 1034
179.43.177.242 - - [25/Jan/2023:01:46:58 -0500] "GET / HTTP/1.1" 200 319
66.249.65.111 - - [25/Jan/2023:01:47:01 -0500] "-" 408 -
157.55.39.71 - - [25/Jan/2023:01:47:02 -0500] "GET /BLA/resoluciones/RESOLUCIONES%202014/1114.pdf HTTP/1.1" 304 -
216.245.221.92 - - [25/Jan/2023:01:48:15 -0500] "HEAD / HTTP/1.1" 200 -
172.22.2.4 - - [25/Jan/2023:01:47:37 -0500] "HEAD /BLA/boletinlegal/ HTTP/1.1" 200 -
172.22.2.4 - - [25/Jan/2023:01:48:28 -0500] "GET /BLA/boletinlegal/ HTTP/1.1" 200 59404
201.245.192.253 - - [25/Jan/2023:01:50:31 -0500] "POST /kwsrmcab/Wsrmcab  HTTP/1.1" 200 213
173.252.95.23 - - [25/Jan/2023:01:51:40 -0500] "GET /images/Secretaria%20Urrutia%20evento%20h\xc3\xa1bitat%20Francia%2024%20de%20enero.jpeg HTTP/1.1" 404 1034
173.252.111.23 - - [25/Jan/2023:01:53:00 -0500] "GET /images/Secretaria%20Urrutia%20evento%20h\xc3\xa1bitat%20Francia%2024%20de%20enero.jpeg HTTP/1.1" 404 1034
216.245.221.92 - - [25/Jan/2023:01:53:15 -0500] "HEAD / HTTP/1.1" 200 -
152.61.192.232 - - [25/Jan/2023:01:53:19 -0500] "GET /arcgis/services/Calidad_del_Agua_WQI/MapServer/WMSServer?request=GetCapabilities&service=WMS HTTP/1.1" 503 1020
152.61.192.232 - - [25/Jan/2023:01:53:21 -0500] "GET /arcgis/services/Calidad_del_Agua_WQI/MapServer/WMSServer?SERVICE=WMS&REQUEST=GetCapabilities HTTP/1.1" 503 1020
152.61.192.232 - - [25/Jan/2023:01:53:21 -0500] "GET /arcgis/services/Calidad_del_Agua_WQI/MapServer/WMSServer?WMTVER=1.0.0&REQUEST=capabilities HTTP/1.1" 503 1020
199.16.157.183 - - [25/Jan/2023:01:54:55 -0500] "GET /images/cr%C3%B3nica-29-nov-1_optimized.jpeg HTTP/1.1" 404 1034
172.22.2.4 - - [25/Jan/2023:01:53:27 -0500] "HEAD /BLA/boletinlegal/ HTTP/1.1" 200 -
201.245.192.253 - - [25/Jan/2023:01:55:31 -0500] "POST /kwsrmcab/Wsrmcab  HTTP/1.1" 200 213
172.22.2.4 - - [25/Jan/2023:01:54:18 -0500] "GET /BLA/boletinlegal/ HTTP/1.1" 200 59404
216.245.221.92 - - [25/Jan/2023:01:58:15 -0500] "HEAD / HTTP/1.1" 200 -
201.245.192.253 - - [25/Jan/2023:02:00:30 -0500] "POST /kwsrmcab/Wsrmcab  HTTP/1.1" 200 213
172.22.2.4 - - [25/Jan/2023:01:59:17 -0500] "HEAD /BLA/boletinlegal/ HTTP/1.1" 200 -
172.22.2.4 - - [25/Jan/2023:02:00:08 -0500] "GET /BLA/boletinlegal/ HTTP/1.1" 200 59404
216.245.221.92 - - [25/Jan/2023:02:03:15 -0500] "HEAD / HTTP/1.1" 200 -
201.245.192.253 - - [25/Jan/2023:02:05:28 -0500] "POST /kwsrmcab/Wsrmcab  HTTP/1.1" 200 213
173.252.111.11 - - [25/Jan/2023:02:05:42 -0500] "GET /images/Secretaria%20Urrutia%20evento%20h\xc3\xa1bitat%20Francia%2024%20de%20enero.jpeg HTTP/1.1" 404 1034
172.22.2.4 - - [25/Jan/2023:02:05:07 -0500] "HEAD /BLA/boletinlegal/ HTTP/1.1" 200 -
83.219.130.215 - - [25/Jan/2023:02:07:21 -0500] "GET / HTTP/1.1" 200 319
172.22.2.4 - - [25/Jan/2023:02:05:58 -0500] "GET /BLA/boletinlegal/ HTTP/1.1" 200 59404
216.245.221.92 - - [25/Jan/2023:02:08:15 -0500] "HEAD / HTTP/1.1" 200 -
201.245.192.253 - - [25/Jan/2023:02:10:27 -0500] "POST /kwsrmcab/Wsrmcab  HTTP/1.1" 200 213
185.119.81.102 - - [25/Jan/2023:02:11:21 -0500] "GET /portaldeninos/wp-login.php HTTP/1.1" 200 2592
185.119.81.102 - - [25/Jan/2023:02:11:22 -0500] "POST /portaldeninos/wp-login.php HTTP/1.1" 200 3605
152.61.128.50 - - [25/Jan/2023:02:11:29 -0500] "GET /arcgis/services/Calidad_del_Agua_WQI/MapServer/WMSServer?request=GetCapabilities&service=WMS HTTP/1.1" 503 1020
152.61.128.50 - - [25/Jan/2023:02:11:31 -0500] "GET /arcgis/services/Calidad_del_Agua_WQI/MapServer/WMSServer?SERVICE=WMS&REQUEST=GetCapabilities HTTP/1.1" 503 1020
152.61.128.50 - - [25/Jan/2023:02:11:31 -0500] "GET /arcgis/services/Calidad_del_Agua_WQI/MapServer/WMSServer?WMTVER=1.0.0&REQUEST=capabilities HTTP/1.1" 503 1020
172.22.2.4 - - [25/Jan/2023:02:10:57 -0500] "HEAD /BLA/boletinlegal/ HTTP/1.1" 200 -
216.245.221.92 - - [25/Jan/2023:02:13:15 -0500] "HEAD / HTTP/1.1" 200 -
172.22.2.4 - - [25/Jan/2023:02:11:48 -0500] "GET /BLA/boletinlegal/ HTTP/1.1" 200 54100
173.252.111.2 - - [25/Jan/2023:02:14:16 -0500] "GET /images/Secretaria%20Urrutia%20evento%20h\xc3\xa1bitat%20Francia%2024%20de%20enero.jpeg HTTP/1.1" 404 1034
201.245.192.253 - - [25/Jan/2023:02:15:26 -0500] "POST /kwsrmcab/Wsrmcab  HTTP/1.1" 200 213
173.252.111.12 - - [25/Jan/2023:02:15:33 -0500] "GET /images/Secretaria%20Urrutia%20evento%20h\xc3\xa1bitat%20Francia%2024%20de%20enero.jpeg HTTP/1.1" 404 1034
66.249.65.113 - - [25/Jan/2023:02:15:47 -0500] "-" 408 -
216.245.221.92 - - [25/Jan/2023:02:18:15 -0500] "HEAD / HTTP/1.1" 200 -
172.22.2.4 - - [25/Jan/2023:02:16:47 -0500] "HEAD /BLA/boletinlegal/ HTTP/1.1" 200 -
205.169.39.200 - - [25/Jan/2023:02:18:36 -0500] "GET /isolucionsda/FrameSetArticulo.asp?Pagina=/IsolucionSDA/BancoConocimiento/R/Resolucion3513de2010/Resolucion3513de2010.asp?IdArticulo=2663 HTTP/1.1" 200 527
205.169.39.200 - - [25/Jan/2023:02:18:41 -0500] "GET /isolucionsda/FrameSetArticulo.asp?Pagina=/IsolucionSDA/BancoConocimiento/R/Resolucion3513de2010/Resolucion3513de2010.asp?IdArticulo=2663 HTTP/1.1" 200 527
201.245.192.253 - - [25/Jan/2023:02:18:44 -0500] "POST /kwsrmcab/Wsrmcab HTTP/1.1" 200 41728
201.245.192.253 - - [25/Jan/2023:02:18:47 -0500] "POST /kwsrmcab/Wsrmcab HTTP/1.1" 200 41583
205.169.39.244 - - [25/Jan/2023:02:18:49 -0500] "GET /isolucionsda/FrameSetArticulo.asp?Pagina=/IsolucionSDA/BancoConocimiento/R/Resolucion5589del30deSeptiembrede2011/Resolucion5589del30deSeptiembrede2011.asp?IdArticulo=6573 HTTP/1.1" 200 527
205.169.39.244 - - [25/Jan/2023:02:18:52 -0500] "GET /isolucionsda/FrameSetArticulo.asp?Pagina=/IsolucionSDA/BancoConocimiento/R/Resolucion5589del30deSeptiembrede2011/Resolucion5589del30deSeptiembrede2011.asp?IdArticulo=6573 HTTP/1.1" 200 527
172.22.2.4 - - [25/Jan/2023:02:17:38 -0500] "GET /BLA/boletinlegal/ HTTP/1.1" 200 56079
201.245.192.253 - - [25/Jan/2023:02:20:25 -0500] "POST /kwsrmcab/Wsrmcab  HTTP/1.1" 200 213
157.55.39.71 - - [25/Jan/2023:02:20:42 -0500] "GET /sipse/faces/faces/autenticacion.xhtml HTTP/1.1" 200 12496
66.249.65.109 - - [25/Jan/2023:02:22:54 -0500] "-" 408 -
216.245.221.92 - - [25/Jan/2023:02:23:15 -0500] "HEAD / HTTP/1.1" 200 -
172.22.2.4 - - [25/Jan/2023:02:22:37 -0500] "HEAD /BLA/boletinlegal/ HTTP/1.1" 200 -
172.22.2.4 - - [25/Jan/2023:02:23:28 -0500] "GET /BLA/boletinlegal/ HTTP/1.1" 200 54452
201.245.192.253 - - [25/Jan/2023:02:25:25 -0500] "POST /kwsrmcab/Wsrmcab  HTTP/1.1" 200 213
172.22.2.4 - - [25/Jan/2023:02:24:50 -0500] "GET /BLA/boletinlegal/ HTTP/1.1" 200 24523
172.22.2.4 - - [25/Jan/2023:02:24:43 -0500] "GET /BLA/boletinlegal/ HTTP/1.1" 200 32715
172.22.2.4 - - [25/Jan/2023:02:27:02 -0500] "GET /BLA/boletinlegal/ReportServer HTTP/1.1" 404 1018
172.22.2.4 - - [25/Jan/2023:02:27:17 -0500] "GET /BLA/boletinlegal/login HTTP/1.1" 404 1018
216.245.221.92 - - [25/Jan/2023:02:28:15 -0500] "HEAD / HTTP/1.1" 200 -
186.102.7.21 - - [25/Jan/2023:02:28:37 -0500] "GET /kwssiamovil/sm/acme/a?s=U2FsdGVkX197i/KbFh3qJqRRkhaxSHLLTITn4NbPa3oHPcr3gb3ro/UdEDj+qIEIjbyA3E4i2/HDbRKGyCgb7PdkGHyKTV6QMwRgLeqRSCNpAUOorXFYlRyocuHOoy0lTCC+2R1lLSRgoLQKmQLljSTfE3/LVTiP14iGG51Oiy0ylU7bwvBqBv+T0JThKqxjWiOFIbaqe7eMObad9rgLKaGEmY+SaHZz8a7VmjiG2Odb3wHz45u2x1oSG2QWhBhLYDK6HSJqf5qM+gA40ADtXg==&u=U2FsdGVkX1/SnxHribovzun8/Tp89RkjqK/GmSA8Ls6QztjzSM0jxAsSzsgIBC7h&y=U2FsdGVkX19WF8zI2X59ku9HjvisEI3iNEGjrCUwhQH8C9YO5y9F6OG+3mDLLyaG HTTP/1.1" 200 26
186.102.7.21 - - [25/Jan/2023:02:28:38 -0500] "GET /kwssiamovil/sm/acme/a?s=U2FsdGVkX1/JTsul26rrqHGulO1LXuFTyTUF5ij0XBoYUW424Cymiw6lGC+k5Z6KIk59DZxfglzvERXpuKrquvqmbHVMEpKDyIdrm47HMszFDFmtxrqrHXDUh0g9qboWqdAYkJ4kWdPSvZJp6GyprKbSDuKMXYyj06uLW6AhVaD04nv5qTRAnP0+M4d3v9NAmiKekoR2+XFlW3p4WuzrZj7BY1i3JDfn9GQ42A0Tg9+L/MGagF9Rlta/O3FS3/taR/eg/Q+O4z988LU2BVCfj/zZZm7rUyyEPDm6XrWwaML4axmsaTY+BR33N5U4X/h9VcU/5l9+6X0XHkvYJdAjJRKTX6gf9lCPtgznsWsXEFYvMRcxeJj9vIPIZjl0BgepNXkL0FppSXE2hsDdRkrweO86+3+d09sYMnlstpxrar5Kf+uPIkSHi9UDPdyQIcRNiZxVjaw4cUIHAr6BS3Xvdybo3a3rqZ3au7xOlnfDNVt21Lbj5Rh5ztiNrkiKSIlrAxL/HrNVVgbjGlYCorhx1wN/MLt72iOMV/G2ArF2IpCnnL1XrNOWHzM6CKrJocigC0tdxQhnx4Q9autNA3h/NBJyPVgtxzXajDJp/7WQLY9U1rHZwwtDqX7Q5yJqWc6aq3YyWi9tDBgZlXz+UJ7ZQYM8ZpUrBMCzPu7NsDfrrLIzok7W6+tNaMnzpZx7Xta/8+xM7sg4FIFEAsbs9RSDkIVqkl4rolZF/qTLQDYmBm3lXAQoDVp5wNf3sIcvi9SqoIAOBDP3wPwFrR4r1ZyecQeLe8CQe5feH0VMSMNZ5WxtadSKERIIXDmf/7Oldmb1vWkgVUad0G0bbSmiVLLMDudy+Z6gJyehLQVRDYQP/OyIi6z1+0aM7hmSzywjtElMVZNw7p4AUvYw+1DSWS/AOwm7TAWY95AapdV8GSMBOvG/2n9gwNa8ntVyF4GYsoQhgBlhERaqzxotWv3enUJ2NwflDdH0xjIcZPGRj38yODjc3otJwglK5JTMhu0aUfMKXPlEfEdMfbAqDXUaHu0MNyDLAMgbl9LmMcec0f1VDSy4nEic/f5p1yfrSgqIQJcfAmgX/PLUHkf8ekpYOJ0+cOSebnvJMap4DZvMBQaRYM0V21svKA+KDIsDJ3EG8KpF4dOVbX+Mv3CQZ98Tg7ssopW4c9wRYS7klmogxpQgTlv5cEOXJrv2ROUJTeExBjiz0vwLqnE4bUse6LNRex1wh7w2VfewAfTi5u68QbA71e47Z8GrhkvsjJ6oW6y/mWqbxxUaGGMJHdkN9mARyz57D6whYHqb+I3jEU7px08CGK8Qss259t7Thsd5BsF4UESnR//AK/tMSNWfFA6UKp7bfxuoGf28Fwey5QKRz6tsaXoiYwcjmQdRKfZpfGCKeeEF4j60IGKlwJzxIWI+5uMASkXYOJqGwuCAKywIb0Wjn8nM7lWGpRzq7aSL7QPtaTrebFLaoGKQhPBJZnefhw/zEO+ma046cXL+4w/OgV3A7tz3hVhn8ZKldK1m4GPkuwmOpLyQNWWOYncQU01ukP30AVMN9viQ0yNwRa0MUIYBwl2KL9HAeB1LF37IrgfEL0/RIKRad9WrwyYzuQ5ogZBw5LDiYJc7anDVDlRimC96zPyNRXy8josdA7N4aVW9lpltec4LViE8NTYVLT+N/4OwWNJZebczhq68kKgFp3SLFMUFfAVAkzPVzARCnT1EcH4d6s34Dagrb3eCFIj9cyZ+/VHHFxkzO6WPzgtEhXg+w99C1Lftt992u5f9vUNIG2do3Sv8LOvFV2LJfPNoK4B0Qg3CIDOKQC1ITE1+1rxW/jgHpZX0HYt13OmK8lcSLvsVB0tO0DK5pByAfvRZa9YtiAivR1uIMpEUyVpMcH4rosYaazOK9ZLGKa6nBpodJ+wsM+YxhNuHAtmJrC0laKvJfQrgBqveJUrYcWRDny5953gt/g0EIkLbljcy9VWR28NrNnhPexzdgljPrIbVLEL0i3GKBy1cPpVeJa6SinaxjQjN0zJFy403PMkbd5E4z2jCQ5gg6gdCNVIfvsGOGNtx1SSkcIXGQzgF7u+tiUEN2+3bxgyUAGG5TB4a56ZaKNM4ccSbTdETTgZGQDx7jeqgT5KzL4bD1m4iXsT7tK3CNG266wDqZpDl070h9CogUWm3X54KxwAGXMVAfBMEPIj389JmzLNmBBkLEL2cdQndVgkb2Sr9T48vV8R8bjkHPpH+NzdbVT54dK32Xu8zDABhqvTpod1a6F/J9PFmjA1weB8mT1lPxud39EFz+6srq87hJdxZfYFbKsWOWtc92e03/i6OIoRSfney3S/nO9ofWrM0hoxvuI0J2kHY99JoC0qIJ6YHYWPUAI2JOXsEhT7FTfB4WF5PORKPBf/LQfIznL78CX47Si7w0Dgw7uTPVzz//0meqZLmyBNhqAAZAnToOLQb4HysUyl4nbg85oFbhtCUrxqWKXU4Om2WD3bHgXsNOUqxjmR2TGaJUMEoz1GDg2WoCmG5vyxRJT2qzrNyDrM=&u=U2FsdGVkX1/SnxHribovzun8/Tp89RkjqK/GmSA8Ls6QztjzSM0jxAsSzsgIBC7h&y=U2FsdGVkX19WF8zI2X59ku9HjvisEI3iNEGjrCUwhQH8C9YO5y9F6OG+3mDLLyaG HTTP/1.1" 200 26
186.102.7.21 - - [25/Jan/2023:02:28:38 -0500] "GET /kwssiamovil/sm/acme/a?s=U2FsdGVkX19OR2Hz8WQ2hSsGanSqHQLlDdcTbb0tAMx8duPpb03m3Z0+4QEPvjEX0yZf0cYcxEFDgcnYfgmHHFEz9p9NfHWYfavhDLtSxNG74pTRhhmSAR49DY25r13rXW8L0n91Qyu8qpTuyDc/izFmpwDnEo7ROnfL/pAEqGc=&u=U2FsdGVkX1/SnxHribovzun8/Tp89RkjqK/GmSA8Ls6QztjzSM0jxAsSzsgIBC7h&y=U2FsdGVkX19WF8zI2X59ku9HjvisEI3iNEGjrCUwhQH8C9YO5y9F6OG+3mDLLyaG HTTP/1.1" 200 26
186.102.7.21 - - [25/Jan/2023:02:28:38 -0500] "GET /kwssiamovil/sm/acme/a?s=U2FsdGVkX19SBQk5sIvYB/bIRH28UePh1C/klqatNE0JpH8Ts/si2KbzI32RG9NSj1RwxVaTkHU4V+1JGHGcrY9mosmyUnnRLEZCeT4PCNrhoz/8xFQm77ShISio5lU+DQaQ+EDsEpkaRdObRFBDXTAVZzDSZref/EvAbax/I+0=&u=U2FsdGVkX1/SnxHribovzun8/Tp89RkjqK/GmSA8Ls6QztjzSM0jxAsSzsgIBC7h&y=U2FsdGVkX19WF8zI2X59ku9HjvisEI3iNEGjrCUwhQH8C9YO5y9F6OG+3mDLLyaG HTTP/1.1" 200 26
186.102.7.21 - - [25/Jan/2023:02:28:39 -0500] "GET /kwssiamovil/sm/acme/a?s=U2FsdGVkX18wl1XlhlfsjnL9nzhTSTtXrcOee9JplGp7hvbAUfMesPRm1fxrzf515KDlxp9CUn3iKD1H0U6jwmKepCPi3oGuPmcRK6aBHx+MCtbWEnF2IxUdqZ8kTIuOJN3H/aTFy9txkcMctoT4t75OtMUyDPz2/Zsb4O0vO5s=&u=U2FsdGVkX1/SnxHribovzun8/Tp89RkjqK/GmSA8Ls6QztjzSM0jxAsSzsgIBC7h&y=U2FsdGVkX19WF8zI2X59ku9HjvisEI3iNEGjrCUwhQH8C9YO5y9F6OG+3mDLLyaG HTTP/1.1" 200 26
186.102.7.21 - - [25/Jan/2023:02:28:39 -0500] "GET /kwssiamovil/sm/acme/a?s=U2FsdGVkX1+Js8z3OJkk0YLEoZjPyLkiZo1Uo7PMEhF2YT/4BwHVDkrMbBhwY6u0+gNKM0IMSZfqFJrwCICWacs+IAByrLlPFjhoySvo6wD3CGr8CV3x5T8GpQViy4woqI2gPIG+pmfLhkwPFXK9ugv2RLAuFPiVexLo+6Z6NFFlziLwK59yx2JdVeJ8bQsPSxy3LbB3oZI26ZgdUypovw==&u=U2FsdGVkX1/SnxHribovzun8/Tp89RkjqK/GmSA8Ls6QztjzSM0jxAsSzsgIBC7h&y=U2FsdGVkX19WF8zI2X59ku9HjvisEI3iNEGjrCUwhQH8C9YO5y9F6OG+3mDLLyaG HTTP/1.1" 200 26
201.245.192.253 - - [25/Jan/2023:02:28:43 -0500] "POST /kwsrmcab/Wsrmcab HTTP/1.1" 200 41728
201.245.192.253 - - [25/Jan/2023:02:28:46 -0500] "POST /kwsrmcab/Wsrmcab HTTP/1.1" 200 41583
172.22.2.4 - - [25/Jan/2023:02:28:27 -0500] "HEAD /BLA/boletinlegal/ HTTP/1.1" 200 -
201.245.192.253 - - [25/Jan/2023:02:30:25 -0500] "POST /kwsrmcab/Wsrmcab  HTTP/1.1" 200 213
152.89.196.211 - - [25/Jan/2023:02:30:50 -0500] "GET /actuator/gateway/routes HTTP/1.1" 404 1018
172.22.2.4 - - [25/Jan/2023:02:29:18 -0500] "GET /BLA/boletinlegal/ HTTP/1.1" 200 54100
216.245.221.92 - - [25/Jan/2023:02:33:15 -0500] "HEAD / HTTP/1.1" 200 -
201.245.192.253 - - [25/Jan/2023:02:35:23 -0500] "POST /kwsrmcab/Wsrmcab  HTTP/1.1" 200 213
148.153.85.4 - - [25/Jan/2023:02:35:51 -0500] "-" 408 -
172.22.2.4 - - [25/Jan/2023:02:34:17 -0500] "HEAD /BLA/boletinlegal/ HTTP/1.1" 200 -
172.22.2.4 - - [25/Jan/2023:02:35:08 -0500] "GET /BLA/boletinlegal/ HTTP/1.1" 200 53739
216.245.221.92 - - [25/Jan/2023:02:38:15 -0500] "HEAD / HTTP/1.1" 200 -
69.171.251.24 - - [25/Jan/2023:02:38:24 -0500] "GET /images/foto%202.jpg HTTP/1.1" 200 63300
201.245.192.253 - - [25/Jan/2023:02:38:44 -0500] "POST /kwsrmcab/Wsrmcab HTTP/1.1" 200 41728
201.245.192.253 - - [25/Jan/2023:02:38:47 -0500] "POST /kwsrmcab/Wsrmcab HTTP/1.1" 200 41583
172.22.2.4 - - [25/Jan/2023:02:39:26 -0500] "GET /BLA/boletinlegal/robots.txt HTTP/1.1" 404 1038
172.22.2.4 - - [25/Jan/2023:02:39:26 -0500] "GET /BLA/boletinlegal/normativa.php HTTP/1.1" 200 8333
172.22.2.4 - - [25/Jan/2023:02:39:29 -0500] "GET /BLA/boletinlegal/styles2.css HTTP/1.1" 200 1838
172.22.2.4 - - [25/Jan/2023:02:39:29 -0500] "GET /BLA/boletinlegal/js/ajax_normativa.js HTTP/1.1" 200 1154
201.245.192.253 - - [25/Jan/2023:02:40:22 -0500] "POST /kwsrmcab/Wsrmcab  HTTP/1.1" 200 213
172.22.2.4 - - [25/Jan/2023:02:40:07 -0500] "HEAD /BLA/boletinlegal/ HTTP/1.1" 200 -
172.22.2.4 - - [25/Jan/2023:02:40:58 -0500] "GET /BLA/boletinlegal/ HTTP/1.1" 200 59779
216.245.221.92 - - [25/Jan/2023:02:43:15 -0500] "HEAD / HTTP/1.1" 200 -
201.245.192.253 - - [25/Jan/2023:02:45:20 -0500] "POST /kwsrmcab/Wsrmcab  HTTP/1.1" 200 213
172.22.2.4 - - [25/Jan/2023:02:45:57 -0500] "HEAD /BLA/boletinlegal/ HTTP/1.1" 200 -
216.245.221.92 - - [25/Jan/2023:02:48:15 -0500] "HEAD / HTTP/1.1" 200 -
172.22.2.4 - - [25/Jan/2023:02:46:48 -0500] "GET /BLA/boletinlegal/ HTTP/1.1" 200 59404
201.245.192.253 - - [25/Jan/2023:02:50:19 -0500] "POST /kwsrmcab/Wsrmcab  HTTP/1.1" 200 213
185.119.81.102 - - [25/Jan/2023:02:52:13 -0500] "GET /portaldeninos/wp-login.php HTTP/1.1" 200 2592
185.119.81.102 - - [25/Jan/2023:02:52:14 -0500] "POST /portaldeninos/wp-login.php HTTP/1.1" 200 3605
66.249.65.111 - - [25/Jan/2023:02:52:55 -0500] "-" 408 -
216.245.221.92 - - [25/Jan/2023:02:53:15 -0500] "HEAD / HTTP/1.1" 200 -
172.22.2.4 - - [25/Jan/2023:02:51:47 -0500] "HEAD /BLA/boletinlegal/ HTTP/1.1" 200 -
193.35.18.189 - - [25/Jan/2023:02:54:03 -0500] "POST /boaform/admin/formLogin HTTP/1.1" 404 1186
172.22.2.4 - - [25/Jan/2023:02:52:38 -0500] "GET /BLA/boletinlegal/ HTTP/1.1" 200 57824
201.245.192.253 - - [25/Jan/2023:02:55:17 -0500] "POST /kwsrmcab/Wsrmcab  HTTP/1.1" 200 213
216.245.221.92 - - [25/Jan/2023:02:58:15 -0500] "HEAD / HTTP/1.1" 200 -
172.22.2.4 - - [25/Jan/2023:02:57:37 -0500] "HEAD /BLA/boletinlegal/ HTTP/1.1" 200 -
172.22.2.4 - - [25/Jan/2023:02:58:28 -0500] "GET /BLA/boletinlegal/ HTTP/1.1" 200 52942
201.245.192.253 - - [25/Jan/2023:03:00:15 -0500] "POST /kwsrmcab/Wsrmcab  HTTP/1.1" 200 213
157.55.39.71 - - [25/Jan/2023:03:02:00 -0500] "GET /siipev/Diseno%20de%20Elementos%20de%20Mobiliario%20Urbano/Diseno%20pertenecientes%20al%20mobiliario%20urbano%20M10-M160/PARTE%20A/Dise%C3%B1o%20de%20Elementos%20M-160.pdf HTTP/1.1" 304 -
216.245.221.92 - - [25/Jan/2023:03:03:15 -0500] "HEAD / HTTP/1.1" 200 -
172.22.2.4 - - [25/Jan/2023:03:03:27 -0500] "HEAD /BLA/boletinlegal/ HTTP/1.1" 200 -
201.245.192.253 - - [25/Jan/2023:03:05:15 -0500] "POST /kwsrmcab/Wsrmcab  HTTP/1.1" 200 213
172.22.2.4 - - [25/Jan/2023:03:04:18 -0500] "GET /BLA/boletinlegal/ HTTP/1.1" 200 59404
216.245.221.92 - - [25/Jan/2023:03:08:15 -0500] "HEAD / HTTP/1.1" 200 -
66.249.65.111 - - [25/Jan/2023:03:10:02 -0500] "-" 408 -
201.245.192.253 - - [25/Jan/2023:03:10:13 -0500] "POST /kwsrmcab/Wsrmcab  HTTP/1.1" 200 213
172.22.2.4 - - [25/Jan/2023:03:09:17 -0500] "HEAD /BLA/boletinlegal/ HTTP/1.1" 200 -
173.252.111.19 - - [25/Jan/2023:03:11:20 -0500] "GET /images/Secretaria%20Urrutia%20evento%20h\xc3\xa1bitat%20Francia%2024%20de%20enero.jpeg HTTP/1.1" 404 1034
172.22.2.4 - - [25/Jan/2023:03:10:07 -0500] "GET /BLA/boletinlegal/ HTTP/1.1" 200 59404
216.245.221.92 - - [25/Jan/2023:03:13:15 -0500] "HEAD / HTTP/1.1" 200 -
201.245.192.253 - - [25/Jan/2023:03:15:12 -0500] "POST /kwsrmcab/Wsrmcab  HTTP/1.1" 200 213
172.22.2.4 - - [25/Jan/2023:03:15:07 -0500] "HEAD /BLA/boletinlegal/ HTTP/1.1" 200 -
172.22.2.4 - - [25/Jan/2023:03:15:58 -0500] "GET /BLA/boletinlegal/ HTTP/1.1" 200 57824
216.245.221.92 - - [25/Jan/2023:03:18:15 -0500] "HEAD / HTTP/1.1" 200 -
201.245.192.253 - - [25/Jan/2023:03:18:43 -0500] "POST /kwsrmcab/Wsrmcab HTTP/1.1" 200 41566
201.245.192.253 - - [25/Jan/2023:03:18:46 -0500] "POST /kwsrmcab/Wsrmcab HTTP/1.1" 200 41572
201.245.192.253 - - [25/Jan/2023:03:20:11 -0500] "POST /kwsrmcab/Wsrmcab  HTTP/1.1" 200 213
40.77.167.13 - - [25/Jan/2023:03:21:37 -0500] "GET /BLA/resoluciones/AUTOS%202022/7411.pdf HTTP/1.1" 200 1242935
172.22.2.4 - - [25/Jan/2023:03:20:57 -0500] "HEAD /BLA/boletinlegal/ HTTP/1.1" 200 -
66.249.65.109 - - [25/Jan/2023:03:22:56 -0500] "-" 408 -
216.245.221.92 - - [25/Jan/2023:03:23:15 -0500] "HEAD / HTTP/1.1" 200 -
172.22.2.4 - - [25/Jan/2023:03:21:48 -0500] "GET /BLA/boletinlegal/ HTTP/1.1" 200 59404
201.245.192.253 - - [25/Jan/2023:03:25:10 -0500] "POST /kwsrmcab/Wsrmcab  HTTP/1.1" 200 213
216.245.221.92 - - [25/Jan/2023:03:28:15 -0500] "HEAD / HTTP/1.1" 200 -
172.22.2.4 - - [25/Jan/2023:03:26:47 -0500] "HEAD /BLA/boletinlegal/ HTTP/1.1" 200 -
201.245.192.253 - - [25/Jan/2023:03:28:44 -0500] "POST /kwsrmcab/Wsrmcab HTTP/1.1" 200 41566
201.245.192.253 - - [25/Jan/2023:03:28:46 -0500] "POST /kwsrmcab/Wsrmcab HTTP/1.1" 200 41572
172.22.2.4 - - [25/Jan/2023:03:27:37 -0500] "GET /BLA/boletinlegal/ HTTP/1.1" 200 59779
172.22.2.4 - - [25/Jan/2023:03:30:01 -0500] "GET /BLA/boletinlegal/owa/auth/logon.aspx?url=https%3a%2f%2f1%2fecp%2f HTTP/1.1" 404 1018
201.245.192.253 - - [25/Jan/2023:03:30:09 -0500] "POST /kwsrmcab/Wsrmcab  HTTP/1.1" 200 213
173.252.87.2 - - [25/Jan/2023:03:31:51 -0500] "GET /images/Secretaria%20Urrutia%20evento%20h\xc3\xa1bitat%20Francia%2024%20de%20enero.jpeg HTTP/1.1" 404 1034
216.245.221.92 - - [25/Jan/2023:03:33:15 -0500] "HEAD / HTTP/1.1" 200 -
186.80.52.163 - - [25/Jan/2023:03:33:56 -0500] "GET /sipse/faces/index.xhtml HTTP/1.1" 200 677
186.80.52.163 - - [25/Jan/2023:03:33:56 -0500] "GET /sipse/faces/javax.faces.resource/theme.css?ln=primefaces-sipse HTTP/1.1" 304 -
186.80.52.163 - - [25/Jan/2023:03:33:57 -0500] "GET /sipse/faces/faces/autenticacion.xhtml HTTP/1.1" 200 12174
186.80.52.163 - - [25/Jan/2023:03:33:57 -0500] "GET /sipse/js/disable_browser_buttons.js HTTP/1.1" 304 -
186.80.52.163 - - [25/Jan/2023:03:33:57 -0500] "GET /sipse/faces/javax.faces.resource/theme.css?ln=primefaces-sipse HTTP/1.1" 304 -
186.80.52.163 - - [25/Jan/2023:03:33:57 -0500] "GET /sipse/css/custom_css_sg_prime_login.css HTTP/1.1" 304 -
186.80.52.163 - - [25/Jan/2023:03:33:57 -0500] "GET /sipse/css/custom_css_sg.css HTTP/1.1" 304 -
186.80.52.163 - - [25/Jan/2023:03:33:57 -0500] "GET /sipse/faces/javax.faces.resource/primefaces.css?ln=primefaces&v=4.0 HTTP/1.1" 304 -
186.80.52.163 - - [25/Jan/2023:03:33:57 -0500] "GET /sipse/faces/javax.faces.resource/layout/layout.css?ln=primefaces&v=4.0 HTTP/1.1" 304 -
186.80.52.163 - - [25/Jan/2023:03:33:57 -0500] "GET /sipse/js/funciones.js HTTP/1.1" 304 -
186.80.52.163 - - [25/Jan/2023:03:33:57 -0500] "GET /sipse/faces/javax.faces.resource/jquery/jquery.js?ln=primefaces&v=4.0 HTTP/1.1" 304 -
186.80.52.163 - - [25/Jan/2023:03:33:57 -0500] "GET /sipse/faces/javax.faces.resource/primefaces.js?ln=primefaces&v=4.0 HTTP/1.1" 304 -
186.80.52.163 - - [25/Jan/2023:03:33:57 -0500] "GET /sipse/faces/javax.faces.resource/jquery/jquery-plugins.js?ln=primefaces&v=4.0 HTTP/1.1" 304 -
186.80.52.163 - - [25/Jan/2023:03:33:57 -0500] "GET /sipse/faces/javax.faces.resource/layout/layout.js?ln=primefaces&v=4.0 HTTP/1.1" 304 -
186.80.52.163 - - [25/Jan/2023:03:33:57 -0500] "GET /sipse/css/imagen/loginimg.png HTTP/1.1" 304 -
186.80.52.163 - - [25/Jan/2023:03:33:57 -0500] "GET /sipse/css/imagen/logoSDG.png HTTP/1.1" 304 -
186.80.52.163 - - [25/Jan/2023:03:33:57 -0500] "GET /sipse/faces/javax.faces.resource/images/ui-icons_898989_256x240.png?ln=primefaces-aristo HTTP/1.1" 304 -
186.80.52.163 - - [25/Jan/2023:03:34:01 -0500] "POST /sipse/faces/autenticacion.xhtml HTTP/1.1" 200 2213
186.80.52.163 - - [25/Jan/2023:03:34:01 -0500] "GET /sipse/faces/javax.faces.resource/messages/messages.png?ln=primefaces&v=4.0 HTTP/1.1" 304 -
186.80.52.163 - - [25/Jan/2023:03:34:01 -0500] "POST /sipse/faces/autenticacion.xhtml HTTP/1.1" 200 2221
186.80.52.163 - - [25/Jan/2023:03:34:02 -0500] "POST /sipse/faces/autenticacion.xhtml HTTP/1.1" 200 16234
186.80.52.163 - - [25/Jan/2023:03:34:03 -0500] "GET /sipse/faces/javax.faces.resource/primefaces.css?ln=primefaces&v=4.0 HTTP/1.1" 304 -
186.80.52.163 - - [25/Jan/2023:03:34:03 -0500] "GET /sipse/faces/javax.faces.resource/theme.css?ln=primefaces-sipse HTTP/1.1" 304 -
186.80.52.163 - - [25/Jan/2023:03:34:03 -0500] "GET /sipse/faces/javax.faces.resource/layout/layout.css?ln=primefaces&v=4.0 HTTP/1.1" 304 -
186.80.52.163 - - [25/Jan/2023:03:34:03 -0500] "GET /sipse/css/custom_css_sg_prime.css HTTP/1.1" 304 -
186.80.52.163 - - [25/Jan/2023:03:34:03 -0500] "GET /sipse/js/jquery.min.js HTTP/1.1" 304 -
186.80.52.163 - - [25/Jan/2023:03:34:03 -0500] "GET /sipse/faces/javax.faces.resource/jquery/jquery.js?ln=primefaces&v=4.0 HTTP/1.1" 304 -
186.80.52.163 - - [25/Jan/2023:03:34:03 -0500] "GET /sipse/faces/javax.faces.resource/jquery/jquery-plugins.js?ln=primefaces&v=4.0 HTTP/1.1" 304 -
186.80.52.163 - - [25/Jan/2023:03:34:03 -0500] "GET /sipse/faces/javax.faces.resource/primefaces.js?ln=primefaces&v=4.0 HTTP/1.1" 304 -
186.80.52.163 - - [25/Jan/2023:03:34:03 -0500] "GET /sipse/faces/javax.faces.resource/layout/layout.js?ln=primefaces&v=4.0 HTTP/1.1" 304 -
186.80.52.163 - - [25/Jan/2023:03:34:03 -0500] "GET /sipse/css/imagen/contrasena.png HTTP/1.1" 404 383
186.80.52.163 - - [25/Jan/2023:03:34:03 -0500] "GET /sipse/imagenes/logoAplicacion.jpg HTTP/1.1" 304 -
186.80.52.163 - - [25/Jan/2023:03:34:03 -0500] "GET /sipse/imagenes/cargando.gif HTTP/1.1" 304 -
186.80.52.163 - - [25/Jan/2023:03:34:05 -0500] "GET /sipse/faces/javax.faces.resource/images/ui-bg_flat_0_2d5972_40x100.png?ln=primefaces-aristo HTTP/1.1" 304 -
186.80.52.163 - - [25/Jan/2023:03:34:05 -0500] "POST /sipse/faces/bienvenido.xhtml HTTP/1.1" 200 2658
186.80.52.163 - - [25/Jan/2023:03:34:06 -0500] "POST /sipse/faces/bienvenido.xhtml HTTP/1.1" 200 65251
186.80.52.163 - - [25/Jan/2023:03:34:07 -0500] "GET /sipse/faces/javax.faces.resource/theme.css?ln=primefaces-sipse HTTP/1.1" 304 -
186.80.52.163 - - [25/Jan/2023:03:34:07 -0500] "GET /sipse/faces/javax.faces.resource/layout/layout.css?ln=primefaces&v=4.0 HTTP/1.1" 304 -
186.80.52.163 - - [25/Jan/2023:03:34:07 -0500] "GET /sipse/faces/javax.faces.resource/primefaces.css?ln=primefaces&v=4.0 HTTP/1.1" 304 -
186.80.52.163 - - [25/Jan/2023:03:34:07 -0500] "GET /sipse/faces/javax.faces.resource/jquery/jquery.js?ln=primefaces&v=4.0 HTTP/1.1" 304 -
186.80.52.163 - - [25/Jan/2023:03:34:07 -0500] "GET /sipse/faces/javax.faces.resource/jquery/jquery-plugins.js?ln=primefaces&v=4.0 HTTP/1.1" 304 -
186.80.52.163 - - [25/Jan/2023:03:34:07 -0500] "GET /sipse/faces/javax.faces.resource/primefaces.js?ln=primefaces&v=4.0 HTTP/1.1" 304 -
186.80.52.163 - - [25/Jan/2023:03:34:07 -0500] "GET /sipse/faces/javax.faces.resource/layout/layout.js?ln=primefaces&v=4.0 HTTP/1.1" 304 -
186.80.52.163 - - [25/Jan/2023:03:34:08 -0500] "POST /sipse/faces/presentacion/financiero/solicitudProceso/listarSolicitudProceso.xhtml HTTP/1.1" 200 1556
172.22.2.4 - - [25/Jan/2023:03:32:37 -0500] "HEAD /BLA/boletinlegal/ HTTP/1.1" 200 -
186.80.52.163 - - [25/Jan/2023:03:34:25 -0500] "POST /sipse/faces/presentacion/financiero/solicitudProceso/listarSolicitudProceso.xhtml HTTP/1.1" 200 137807
186.80.52.163 - - [25/Jan/2023:03:34:27 -0500] "GET /sipse/faces/javax.faces.resource/theme.css?ln=primefaces-sipse HTTP/1.1" 304 -
186.80.52.163 - - [25/Jan/2023:03:34:27 -0500] "GET /sipse/faces/javax.faces.resource/layout/layout.css?ln=primefaces&v=4.0 HTTP/1.1" 304 -
186.80.52.163 - - [25/Jan/2023:03:34:27 -0500] "GET /sipse/faces/javax.faces.resource/primefaces.css?ln=primefaces&v=4.0 HTTP/1.1" 304 -
186.80.52.163 - - [25/Jan/2023:03:34:27 -0500] "GET /sipse/faces/javax.faces.resource/jquery/jquery.js?ln=primefaces&v=4.0 HTTP/1.1" 304 -
186.80.52.163 - - [25/Jan/2023:03:34:27 -0500] "GET /sipse/faces/javax.faces.resource/jquery/jquery-plugins.js?ln=primefaces&v=4.0 HTTP/1.1" 304 -
186.80.52.163 - - [25/Jan/2023:03:34:27 -0500] "GET /sipse/faces/javax.faces.resource/primefaces.js?ln=primefaces&v=4.0 HTTP/1.1" 304 -
186.80.52.163 - - [25/Jan/2023:03:34:28 -0500] "GET /sipse/faces/javax.faces.resource/layout/layout.js?ln=primefaces&v=4.0 HTTP/1.1" 304 -
186.80.52.163 - - [25/Jan/2023:03:34:34 -0500] "POST /sipse/faces/presentacion/financiero/solicitudProceso/consultarSolicitudProceso.xhtml HTTP/1.1" 200 38032
186.80.52.163 - - [25/Jan/2023:03:34:35 -0500] "GET /sipse/faces/javax.faces.resource/primefaces.css?ln=primefaces&v=4.0 HTTP/1.1" 304 -
186.80.52.163 - - [25/Jan/2023:03:34:35 -0500] "GET /sipse/faces/javax.faces.resource/theme.css?ln=primefaces-sipse HTTP/1.1" 304 -
186.80.52.163 - - [25/Jan/2023:03:34:35 -0500] "GET /sipse/faces/javax.faces.resource/layout/layout.css?ln=primefaces&v=4.0 HTTP/1.1" 304 -
186.80.52.163 - - [25/Jan/2023:03:34:35 -0500] "GET /sipse/faces/javax.faces.resource/primefaces.js?ln=primefaces&v=4.0 HTTP/1.1" 304 -
186.80.52.163 - - [25/Jan/2023:03:34:35 -0500] "GET /sipse/faces/javax.faces.resource/jquery/jquery-plugins.js?ln=primefaces&v=4.0 HTTP/1.1" 304 -
186.80.52.163 - - [25/Jan/2023:03:34:35 -0500] "GET /sipse/faces/javax.faces.resource/jquery/jquery.js?ln=primefaces&v=4.0 HTTP/1.1" 304 -
186.80.52.163 - - [25/Jan/2023:03:34:35 -0500] "GET /sipse/faces/javax.faces.resource/layout/layout.js?ln=primefaces&v=4.0 HTTP/1.1" 304 -
