52.167.144.97 - - [09/Feb/2023:04:07:45 -0500] "GET /BLA/resoluciones/index.php?dir=RESOLUCIONES+2021%2F HTTP/1.1" 200 438284
168.119.101.10 - - [09/Feb/2023:04:09:03 -0500] "GET / HTTP/1.1" 200 4720
168.119.101.10 - - [09/Feb/2023:04:09:05 -0500] "GET / HTTP/1.1" 200 319
216.245.221.92 - - [09/Feb/2023:04:10:12 -0500] "HEAD / HTTP/1.1" 200 -
172.22.2.4 - - [09/Feb/2023:04:09:03 -0500] "HEAD /BLA/boletinlegal/ HTTP/1.1" 200 -
69.171.251.11 - - [09/Feb/2023:04:11:04 -0500] "GET /se-abre-convocatoria-a-organizaciones-ambientales-para-generar-1-070-empleos-verdes-dirigidos-a-mujeres.html HTTP/1.1" 206 1128
172.22.2.4 - - [09/Feb/2023:04:09:54 -0500] "GET /BLA/boletinlegal/ HTTP/1.1" 200 57192
201.245.192.253 - - [09/Feb/2023:04:12:00 -0500] "POST /kwsrmcab/Wsrmcab  HTTP/1.1" 200 213
185.119.81.99 - - [09/Feb/2023:04:13:41 -0500] "GET /portaldeninos/wp-login.php HTTP/1.1" 200 2592
185.119.81.99 - - [09/Feb/2023:04:13:42 -0500] "POST /portaldeninos/wp-login.php HTTP/1.1" 200 3670
54.187.207.77 - - [09/Feb/2023:04:14:05 -0500] "GET /portaldeninos/ruido/ HTTP/1.1" 200 88494
52.167.144.49 - - [09/Feb/2023:04:14:14 -0500] "GET /galeria/carrusel/Carrusel/jquery.thumbnailScroller.css HTTP/1.1" 200 2066
52.167.144.49 - - [09/Feb/2023:04:14:14 -0500] "GET /galeria/nivo-slider/demo/banner.html HTTP/1.1" 200 5446
157.55.39.117 - - [09/Feb/2023:04:14:19 -0500] "GET /galeria/carrusel/Carrusel/jquery-ui-1.8.13.custom.min.js HTTP/1.1" 200 10800
207.46.13.10 - - [09/Feb/2023:04:14:23 -0500] "GET /galeria/carrusel/Carrusel/jquery.thumbnailScroller.js HTTP/1.1" 200 8157
216.245.221.92 - - [09/Feb/2023:04:15:12 -0500] "HEAD / HTTP/1.1" 200 -
172.22.2.4 - - [09/Feb/2023:04:14:53 -0500] "HEAD /BLA/boletinlegal/ HTTP/1.1" 200 -
201.245.192.253 - - [09/Feb/2023:04:16:58 -0500] "POST /kwsrmcab/Wsrmcab  HTTP/1.1" 200 213
172.22.2.4 - - [09/Feb/2023:04:15:44 -0500] "GET /BLA/boletinlegal/ HTTP/1.1" 200 54452
201.245.192.253 - - [09/Feb/2023:04:18:31 -0500] "POST /kwsrmcab/Wsrmcab HTTP/1.1" 200 41881
201.245.192.253 - - [09/Feb/2023:04:18:34 -0500] "POST /kwsrmcab/Wsrmcab HTTP/1.1" 200 41081
152.89.196.211 - - [09/Feb/2023:04:19:28 -0500] "-" 408 -
216.245.221.92 - - [09/Feb/2023:04:20:12 -0500] "HEAD / HTTP/1.1" 200 -
173.252.111.14 - - [09/Feb/2023:04:20:42 -0500] "GET /images/8%20de%20febrero%20incendio%20forestal.jpeg HTTP/1.1" 200 56283
201.245.192.253 - - [09/Feb/2023:04:21:57 -0500] "POST /kwsrmcab/Wsrmcab  HTTP/1.1" 200 213
172.22.2.4 - - [09/Feb/2023:04:20:43 -0500] "HEAD /BLA/boletinlegal/ HTTP/1.1" 200 -
79.110.72.27 - - [09/Feb/2023:04:22:31 -0500] "GET /BLA/resoluciones/RESOLUCIONES%202022/4457.pdf HTTP/1.1" 200 470342
172.22.2.4 - - [09/Feb/2023:04:21:34 -0500] "GET /BLA/boletinlegal/ HTTP/1.1" 200 56825
185.119.81.99 - - [09/Feb/2023:04:23:23 -0500] "GET /portaldeninos/wp-login.php HTTP/1.1" 200 2592
185.119.81.99 - - [09/Feb/2023:04:23:24 -0500] "POST /portaldeninos/wp-login.php HTTP/1.1" 200 3605
157.55.39.117 - - [09/Feb/2023:04:24:40 -0500] "GET /bla/resoluciones/autos%202021/3483.pdf HTTP/1.1" 200 425103
216.245.221.92 - - [09/Feb/2023:04:25:12 -0500] "HEAD / HTTP/1.1" 200 -
66.249.64.49 - - [09/Feb/2023:04:26:09 -0500] "-" 408 -
201.245.192.253 - - [09/Feb/2023:04:26:56 -0500] "POST /kwsrmcab/Wsrmcab  HTTP/1.1" 200 213
191.95.166.89 - - [09/Feb/2023:04:27:51 -0500] "GET /agendate-para-participar-en-las-caminatas-ecologicas-de-febrero.html HTTP/1.1" 200 830
172.22.2.4 - - [09/Feb/2023:04:26:33 -0500] "HEAD /BLA/boletinlegal/ HTTP/1.1" 200 -
201.245.192.253 - - [09/Feb/2023:04:28:31 -0500] "POST /kwsrmcab/Wsrmcab HTTP/1.1" 200 41881
201.245.192.253 - - [09/Feb/2023:04:28:34 -0500] "POST /kwsrmcab/Wsrmcab HTTP/1.1" 200 41081
172.22.2.4 - - [09/Feb/2023:04:27:24 -0500] "GET /BLA/boletinlegal/ HTTP/1.1" 200 57192
216.245.221.92 - - [09/Feb/2023:04:30:12 -0500] "HEAD / HTTP/1.1" 200 -
40.77.202.87 - - [09/Feb/2023:04:30:13 -0500] "GET /galeria/nivo-slider/themes/orman/orman.css HTTP/1.1" 200 2152
40.77.202.87 - - [09/Feb/2023:04:30:13 -0500] "GET /galeria/nivo-slider/themes/default/default.css HTTP/1.1" 200 1569
40.77.202.87 - - [09/Feb/2023:04:30:13 -0500] "GET /galeria/nivo-slider/demo/style.css HTTP/1.1" 200 2222
40.77.202.87 - - [09/Feb/2023:04:30:13 -0500] "GET /galeria/nivo-slider/nivo-slider.css HTTP/1.1" 200 1507
40.77.202.87 - - [09/Feb/2023:04:30:13 -0500] "GET /galeria/nivo-slider/themes/pascal/pascal.css HTTP/1.1" 200 2258
40.77.202.87 - - [09/Feb/2023:04:30:13 -0500] "GET /galeria/nivo-slider/demo/scripts/jquery-1.7.1.min.js HTTP/1.1" 200 93868
40.77.202.87 - - [09/Feb/2023:04:30:13 -0500] "GET /galeria/nivo-slider/jquery.nivo.slider.pack.js HTTP/1.1" 200 11561
31.148.131.22 - - [09/Feb/2023:04:30:31 -0500] "GET /BLA/resoluciones/AUTOS%202021/2465.pdf HTTP/1.1" 200 389045
172.22.2.4 - - [09/Feb/2023:04:30:28 -0500] "GET /BLA/boletinlegal/ HTTP/1.1" 200 32715
152.89.196.211 - - [09/Feb/2023:04:31:43 -0500] "GET /?XDEBUG_SESSION_START=phpstorm HTTP/1.1" 200 319
172.22.2.4 - - [09/Feb/2023:04:30:59 -0500] "GET /BLA/boletinlegal/ HTTP/1.1" 200 36811
201.245.192.253 - - [09/Feb/2023:04:31:55 -0500] "POST /kwsrmcab/Wsrmcab  HTTP/1.1" 200 213
172.22.2.4 - - [09/Feb/2023:04:32:23 -0500] "HEAD /BLA/boletinlegal/ HTTP/1.1" 200 -
172.22.2.4 - - [09/Feb/2023:04:33:14 -0500] "GET /BLA/boletinlegal/ HTTP/1.1" 200 59035
216.245.221.92 - - [09/Feb/2023:04:35:12 -0500] "HEAD / HTTP/1.1" 200 -
201.245.192.253 - - [09/Feb/2023:04:36:54 -0500] "POST /kwsrmcab/Wsrmcab  HTTP/1.1" 200 213
172.22.2.4 - - [09/Feb/2023:04:37:15 -0500] "GET /BLA/boletinlegal/favicon.ico HTTP/1.1" 404 1018
172.22.2.4 - - [09/Feb/2023:04:37:19 -0500] "GET /BLA/boletinlegal/robots.txt HTTP/1.1" 404 1018
172.22.2.4 - - [09/Feb/2023:04:37:24 -0500] "GET /BLA/boletinlegal/js/jquery.js HTTP/1.1" 200 57254
162.55.37.148 - - [09/Feb/2023:04:37:53 -0500] "GET / HTTP/1.1" 200 4720
162.55.37.148 - - [09/Feb/2023:04:37:55 -0500] "GET / HTTP/1.1" 200 319
172.22.2.4 - - [09/Feb/2023:04:38:00 -0500] "GET /BLA/boletinlegal/js/jquery.scrollShow.js HTTP/1.1" 200 4586
52.167.144.49 - - [09/Feb/2023:04:38:27 -0500] "GET /bla/resoluciones/autos%202021/2545.pdf HTTP/1.1" 200 524402
201.245.192.253 - - [09/Feb/2023:04:38:31 -0500] "POST /kwsrmcab/Wsrmcab HTTP/1.1" 200 41881
201.245.192.253 - - [09/Feb/2023:04:38:34 -0500] "POST /kwsrmcab/Wsrmcab HTTP/1.1" 200 41081
172.22.2.4 - - [09/Feb/2023:04:38:13 -0500] "HEAD /BLA/boletinlegal/ HTTP/1.1" 200 -
216.245.221.92 - - [09/Feb/2023:04:40:12 -0500] "HEAD / HTTP/1.1" 200 -
172.22.2.4 - - [09/Feb/2023:04:39:04 -0500] "GET /BLA/boletinlegal/ HTTP/1.1" 200 52453
172.22.2.4 - - [09/Feb/2023:04:39:47 -0500] "GET /BLA/boletinlegal/ HTTP/1.1" 200 56474
201.245.192.253 - - [09/Feb/2023:04:41:53 -0500] "POST /kwsrmcab/Wsrmcab  HTTP/1.1" 200 213
172.22.2.4 - - [09/Feb/2023:04:42:58 -0500] "GET /BLA/boletinlegal/ HTTP/1.1" 200 55680
216.245.221.92 - - [09/Feb/2023:04:45:12 -0500] "HEAD / HTTP/1.1" 200 -
172.22.2.4 - - [09/Feb/2023:04:44:03 -0500] "HEAD /BLA/boletinlegal/ HTTP/1.1" 200 -
52.167.144.97 - - [09/Feb/2023:04:46:18 -0500] "GET /BLA/resoluciones/index.php?dir=RESOLUCIONES+2021%2F HTTP/1.1" 200 438284
172.22.2.4 - - [09/Feb/2023:04:44:54 -0500] "GET /BLA/boletinlegal/ HTTP/1.1" 200 59035
185.119.81.99 - - [09/Feb/2023:04:46:43 -0500] "GET /portaldeninos/wp-login.php HTTP/1.1" 200 2592
185.119.81.99 - - [09/Feb/2023:04:46:44 -0500] "POST /portaldeninos/wp-login.php HTTP/1.1" 200 3670
201.245.192.253 - - [09/Feb/2023:04:46:52 -0500] "POST /kwsrmcab/Wsrmcab  HTTP/1.1" 200 213
106.75.31.51 - - [09/Feb/2023:04:47:04 -0500] "GET /portaldeninos/favicon.ico HTTP/1.1" 404 14448
106.75.31.51 - - [09/Feb/2023:04:47:15 -0500] "GET /portaldeninos/sitemap.xml HTTP/1.1" 404 75240
186.154.32.232 - - [09/Feb/2023:04:47:56 -0500] "POST /sipse/faces/presentacion/financiero/solicitudProceso/listarSolicitudProceso.xhtml HTTP/1.1" 302 -
186.154.32.232 - - [09/Feb/2023:04:47:56 -0500] "GET /sipse/faces/autenticacion.xhtml HTTP/1.1" 200 1099
186.154.32.232 - - [09/Feb/2023:04:48:15 -0500] "GET /sipse/faces/presentacion/sistema/anexos/cargarAnexoSolicitudProceso.xhtml HTTP/1.1" 302 -
186.154.32.232 - - [09/Feb/2023:04:48:15 -0500] "GET /sipse/faces/autenticacion.xhtml HTTP/1.1" 200 12179
186.154.32.232 - - [09/Feb/2023:04:48:16 -0500] "GET /sipse/js/disable_browser_buttons.js HTTP/1.1" 304 -
186.154.32.232 - - [09/Feb/2023:04:48:16 -0500] "GET /sipse/js/funciones.js HTTP/1.1" 304 -
186.154.32.232 - - [09/Feb/2023:04:48:16 -0500] "GET /sipse/css/custom_css_sg.css HTTP/1.1" 304 -
186.154.32.232 - - [09/Feb/2023:04:48:16 -0500] "GET /sipse/css/custom_css_sg_prime_login.css HTTP/1.1" 304 -
186.154.32.232 - - [09/Feb/2023:04:48:16 -0500] "GET /sipse/faces/javax.faces.resource/layout/layout.css?ln=primefaces&v=4.0 HTTP/1.1" 304 -
186.154.32.232 - - [09/Feb/2023:04:48:16 -0500] "GET /sipse/faces/javax.faces.resource/primefaces.css?ln=primefaces&v=4.0 HTTP/1.1" 304 -
186.154.32.232 - - [09/Feb/2023:04:48:16 -0500] "GET /sipse/faces/javax.faces.resource/jquery/jquery.js?ln=primefaces&v=4.0 HTTP/1.1" 304 -
186.154.32.232 - - [09/Feb/2023:04:48:16 -0500] "GET /sipse/faces/javax.faces.resource/jquery/jquery-plugins.js?ln=primefaces&v=4.0 HTTP/1.1" 304 -
186.154.32.232 - - [09/Feb/2023:04:48:16 -0500] "GET /sipse/faces/javax.faces.resource/primefaces.js?ln=primefaces&v=4.0 HTTP/1.1" 304 -
186.154.32.232 - - [09/Feb/2023:04:48:16 -0500] "GET /sipse/faces/javax.faces.resource/layout/layout.js?ln=primefaces&v=4.0 HTTP/1.1" 304 -
186.154.32.232 - - [09/Feb/2023:04:48:16 -0500] "GET /sipse/faces/javax.faces.resource/theme.css?ln=primefaces-sipse HTTP/1.1" 200 50058
186.154.32.232 - - [09/Feb/2023:04:48:16 -0500] "GET /sipse/css/imagen/logoSDG.png HTTP/1.1" 304 -
186.154.32.232 - - [09/Feb/2023:04:48:16 -0500] "GET /sipse/faces/javax.faces.resource/images/ui-icons_898989_256x240.png?ln=primefaces-aristo HTTP/1.1" 304 -
186.154.32.232 - - [09/Feb/2023:04:48:16 -0500] "GET /sipse/css/imagen/loginimg.png HTTP/1.1" 200 71635
186.154.32.232 - - [09/Feb/2023:04:48:16 -0500] "GET /sipse/faces/index.xhtml HTTP/1.1" 200 677
186.154.32.232 - - [09/Feb/2023:04:48:16 -0500] "GET /sipse/faces/faces/autenticacion.xhtml HTTP/1.1" 200 12179
186.154.32.232 - - [09/Feb/2023:04:48:16 -0500] "GET /sipse/faces/javax.faces.resource/primefaces.css?ln=primefaces&v=4.0 HTTP/1.1" 304 -
186.154.32.232 - - [09/Feb/2023:04:48:16 -0500] "GET /sipse/faces/javax.faces.resource/primefaces.js?ln=primefaces&v=4.0 HTTP/1.1" 304 -
186.154.32.232 - - [09/Feb/2023:04:48:16 -0500] "GET /sipse/faces/javax.faces.resource/layout/layout.js?ln=primefaces&v=4.0 HTTP/1.1" 304 -
186.154.32.232 - - [09/Feb/2023:04:48:16 -0500] "GET /sipse/faces/javax.faces.resource/jquery/jquery.js?ln=primefaces&v=4.0 HTTP/1.1" 304 -
186.154.32.232 - - [09/Feb/2023:04:48:16 -0500] "GET /sipse/faces/javax.faces.resource/jquery/jquery-plugins.js?ln=primefaces&v=4.0 HTTP/1.1" 304 -
186.154.32.232 - - [09/Feb/2023:04:48:16 -0500] "GET /sipse/faces/javax.faces.resource/layout/layout.css?ln=primefaces&v=4.0 HTTP/1.1" 304 -
186.154.32.232 - - [09/Feb/2023:04:48:19 -0500] "POST /sipse/faces/autenticacion.xhtml HTTP/1.1" 200 2221
186.154.32.232 - - [09/Feb/2023:04:48:19 -0500] "GET /sipse/faces/javax.faces.resource/messages/messages.png?ln=primefaces&v=4.0 HTTP/1.1" 304 -
186.154.32.232 - - [09/Feb/2023:04:48:21 -0500] "GET /sipse/faces/javax.faces.resource/images/ui-icons_898989_256x240.png?ln=primefaces-aristo HTTP/1.1" 304 -
186.154.32.232 - - [09/Feb/2023:04:48:21 -0500] "POST /sipse/faces/autenticacion.xhtml HTTP/1.1" 200 16294
186.154.32.232 - - [09/Feb/2023:04:48:22 -0500] "GET /sipse/css/custom_css_sg_prime.css HTTP/1.1" 304 -
186.154.32.232 - - [09/Feb/2023:04:48:22 -0500] "GET /sipse/faces/javax.faces.resource/theme.css?ln=primefaces-sipse HTTP/1.1" 304 -
186.154.32.232 - - [09/Feb/2023:04:48:22 -0500] "GET /sipse/faces/javax.faces.resource/primefaces.css?ln=primefaces&v=4.0 HTTP/1.1" 304 -
186.154.32.232 - - [09/Feb/2023:04:48:22 -0500] "GET /sipse/faces/javax.faces.resource/layout/layout.css?ln=primefaces&v=4.0 HTTP/1.1" 304 -
186.154.32.232 - - [09/Feb/2023:04:48:22 -0500] "GET /sipse/js/jquery.min.js HTTP/1.1" 304 -
186.154.32.232 - - [09/Feb/2023:04:48:22 -0500] "GET /sipse/faces/javax.faces.resource/jquery/jquery.js?ln=primefaces&v=4.0 HTTP/1.1" 304 -
186.154.32.232 - - [09/Feb/2023:04:48:22 -0500] "GET /sipse/faces/javax.faces.resource/jquery/jquery-plugins.js?ln=primefaces&v=4.0 HTTP/1.1" 304 -
186.154.32.232 - - [09/Feb/2023:04:48:22 -0500] "GET /sipse/faces/javax.faces.resource/primefaces.js?ln=primefaces&v=4.0 HTTP/1.1" 304 -
186.154.32.232 - - [09/Feb/2023:04:48:22 -0500] "GET /sipse/faces/javax.faces.resource/layout/layout.js?ln=primefaces&v=4.0 HTTP/1.1" 304 -
186.154.32.232 - - [09/Feb/2023:04:48:22 -0500] "GET /sipse/imagenes/cargando.gif HTTP/1.1" 304 -
186.154.32.232 - - [09/Feb/2023:04:48:22 -0500] "GET /sipse/css/imagen/contrasena.png HTTP/1.1" 404 383
186.154.32.232 - - [09/Feb/2023:04:48:22 -0500] "GET /sipse/imagenes/logoAplicacion.jpg HTTP/1.1" 200 155084
186.154.32.232 - - [09/Feb/2023:04:48:23 -0500] "GET /sipse/faces/javax.faces.resource/images/ui-bg_flat_0_2d5972_40x100.png?ln=primefaces-aristo HTTP/1.1" 304 -
186.154.32.232 - - [09/Feb/2023:04:48:23 -0500] "POST /sipse/faces/bienvenido.xhtml HTTP/1.1" 200 2658
186.154.32.232 - - [09/Feb/2023:04:48:25 -0500] "POST /sipse/faces/bienvenido.xhtml HTTP/1.1" 200 64130
186.154.32.232 - - [09/Feb/2023:04:48:25 -0500] "GET /sipse/faces/javax.faces.resource/theme.css?ln=primefaces-sipse HTTP/1.1" 304 -
186.154.32.232 - - [09/Feb/2023:04:48:25 -0500] "GET /sipse/faces/javax.faces.resource/layout/layout.css?ln=primefaces&v=4.0 HTTP/1.1" 304 -
186.154.32.232 - - [09/Feb/2023:04:48:25 -0500] "GET /sipse/faces/javax.faces.resource/primefaces.css?ln=primefaces&v=4.0 HTTP/1.1" 304 -
186.154.32.232 - - [09/Feb/2023:04:48:25 -0500] "GET /sipse/faces/javax.faces.resource/jquery/jquery.js?ln=primefaces&v=4.0 HTTP/1.1" 304 -
186.154.32.232 - - [09/Feb/2023:04:48:25 -0500] "GET /sipse/faces/javax.faces.resource/jquery/jquery-plugins.js?ln=primefaces&v=4.0 HTTP/1.1" 304 -
186.154.32.232 - - [09/Feb/2023:04:48:25 -0500] "GET /sipse/faces/javax.faces.resource/primefaces.js?ln=primefaces&v=4.0 HTTP/1.1" 304 -
186.154.32.232 - - [09/Feb/2023:04:48:25 -0500] "GET /sipse/faces/javax.faces.resource/layout/layout.js?ln=primefaces&v=4.0 HTTP/1.1" 304 -
186.154.32.232 - - [09/Feb/2023:04:48:25 -0500] "POST /sipse/faces/presentacion/financiero/solicitudProceso/listarSolicitudProceso.xhtml HTTP/1.1" 200 1556
186.154.32.232 - - [09/Feb/2023:04:48:33 -0500] "POST /sipse/faces/presentacion/financiero/solicitudProceso/listarSolicitudProceso.xhtml HTTP/1.1" 200 150386
186.154.32.232 - - [09/Feb/2023:04:48:34 -0500] "GET /sipse/faces/javax.faces.resource/theme.css?ln=primefaces-sipse HTTP/1.1" 304 -
186.154.32.232 - - [09/Feb/2023:04:48:34 -0500] "GET /sipse/faces/javax.faces.resource/primefaces.css?ln=primefaces&v=4.0 HTTP/1.1" 304 -
186.154.32.232 - - [09/Feb/2023:04:48:34 -0500] "GET /sipse/faces/javax.faces.resource/layout/layout.css?ln=primefaces&v=4.0 HTTP/1.1" 304 -
186.154.32.232 - - [09/Feb/2023:04:48:34 -0500] "GET /sipse/faces/javax.faces.resource/jquery/jquery.js?ln=primefaces&v=4.0 HTTP/1.1" 304 -
186.154.32.232 - - [09/Feb/2023:04:48:34 -0500] "GET /sipse/faces/javax.faces.resource/jquery/jquery-plugins.js?ln=primefaces&v=4.0 HTTP/1.1" 304 -
186.154.32.232 - - [09/Feb/2023:04:48:34 -0500] "GET /sipse/faces/javax.faces.resource/primefaces.js?ln=primefaces&v=4.0 HTTP/1.1" 304 -
186.154.32.232 - - [09/Feb/2023:04:48:34 -0500] "GET /sipse/faces/javax.faces.resource/layout/layout.js?ln=primefaces&v=4.0 HTTP/1.1" 304 -
106.75.31.51 - - [09/Feb/2023:04:48:34 -0500] "GET /portaldeninos/ HTTP/1.1" 200 110197
186.154.32.232 - - [09/Feb/2023:04:48:36 -0500] "POST /sipse/faces/presentacion/financiero/solicitudProceso/consultarSolicitudProceso.xhtml HTTP/1.1" 200 38356
186.154.32.232 - - [09/Feb/2023:04:48:37 -0500] "GET /sipse/faces/javax.faces.resource/theme.css?ln=primefaces-sipse HTTP/1.1" 304 -
186.154.32.232 - - [09/Feb/2023:04:48:37 -0500] "GET /sipse/faces/javax.faces.resource/layout/layout.css?ln=primefaces&v=4.0 HTTP/1.1" 304 -
186.154.32.232 - - [09/Feb/2023:04:48:37 -0500] "GET /sipse/faces/javax.faces.resource/primefaces.css?ln=primefaces&v=4.0 HTTP/1.1" 304 -
186.154.32.232 - - [09/Feb/2023:04:48:37 -0500] "GET /sipse/faces/javax.faces.resource/jquery/jquery.js?ln=primefaces&v=4.0 HTTP/1.1" 304 -
186.154.32.232 - - [09/Feb/2023:04:48:37 -0500] "GET /sipse/faces/javax.faces.resource/jquery/jquery-plugins.js?ln=primefaces&v=4.0 HTTP/1.1" 304 -
186.154.32.232 - - [09/Feb/2023:04:48:37 -0500] "GET /sipse/faces/javax.faces.resource/layout/layout.js?ln=primefaces&v=4.0 HTTP/1.1" 304 -
186.154.32.232 - - [09/Feb/2023:04:48:37 -0500] "GET /sipse/faces/javax.faces.resource/primefaces.js?ln=primefaces&v=4.0 HTTP/1.1" 304 -
186.154.32.232 - - [09/Feb/2023:04:48:37 -0500] "GET /sipse/css/imagen/contrasena.png HTTP/1.1" 404 383
186.154.32.232 - - [09/Feb/2023:04:48:37 -0500] "GET /sipse/faces/javax.faces.resource/images/ui-icons_898989_256x240.png?ln=primefaces-aristo HTTP/1.1" 304 -
186.154.32.232 - - [09/Feb/2023:04:49:06 -0500] "GET /sipse/faces/javax.faces.resource/theme.css?ln=primefaces-sipse HTTP/1.1" 304 -
186.154.32.232 - - [09/Feb/2023:04:49:06 -0500] "GET /sipse/faces/javax.faces.resource/jquery/jquery.js?ln=primefaces&v=4.0 HTTP/1.1" 304 -
186.154.32.232 - - [09/Feb/2023:04:49:06 -0500] "GET /sipse/faces/javax.faces.resource/primefaces.css?ln=primefaces&v=4.0 HTTP/1.1" 304 -
186.154.32.232 - - [09/Feb/2023:04:49:06 -0500] "GET /sipse/faces/javax.faces.resource/layout/layout.css?ln=primefaces&v=4.0 HTTP/1.1" 304 -
186.154.32.232 - - [09/Feb/2023:04:49:06 -0500] "GET /sipse/faces/javax.faces.resource/jquery/jquery-plugins.js?ln=primefaces&v=4.0 HTTP/1.1" 304 -
186.154.32.232 - - [09/Feb/2023:04:49:06 -0500] "GET /sipse/faces/javax.faces.resource/primefaces.js?ln=primefaces&v=4.0 HTTP/1.1" 304 -
186.154.32.232 - - [09/Feb/2023:04:49:06 -0500] "GET /sipse/faces/javax.faces.resource/layout/layout.js?ln=primefaces&v=4.0 HTTP/1.1" 304 -
186.154.32.232 - - [09/Feb/2023:04:49:06 -0500] "GET /sipse/css/imagen/contrasena.png HTTP/1.1" 404 383
186.154.32.232 - - [09/Feb/2023:04:49:06 -0500] "GET /sipse/faces/javax.faces.resource/images/ui-icons_898989_256x240.png?ln=primefaces-aristo HTTP/1.1" 304 -
186.154.32.232 - - [09/Feb/2023:04:49:05 -0500] "POST /sipse/faces/presentacion/financiero/solicitudProceso/consultarHistorialSolProceso.xhtml HTTP/1.1" 200 196228
106.75.31.51 - - [09/Feb/2023:04:49:34 -0500] "GET /portaldeninos/wp-includes/js/jquery/ui/mouse.min.js?ver=1.11.4 HTTP/1.1" 200 3148
106.75.31.51 - - [09/Feb/2023:04:49:34 -0500] "GET /portaldeninos/wp-includes/js/jquery/ui/core.min.js?ver=1.11.4 HTTP/1.1" 200 4000
106.75.31.51 - - [09/Feb/2023:04:49:34 -0500] "GET /portaldeninos/wp-content/plugins/google-analytics-for-wordpress/assets/js/frontend-gtag.min.js?ver=8.5.0 HTTP/1.1" 200 11801
106.75.31.51 - - [09/Feb/2023:04:49:43 -0500] "GET /portaldeninos/wp-content/themes/betheme/js/menu.js?ver=20.9.6 HTTP/1.1" 200 2449
106.75.31.51 - - [09/Feb/2023:04:49:44 -0500] "GET /portaldeninos/wp-includes/js/jquery/ui/position.min.js?ver=1.11.4 HTTP/1.1" 200 6527
106.75.31.51 - - [09/Feb/2023:04:49:44 -0500] "GET /portaldeninos/wp-includes/js/jquery/ui/widget.min.js?ver=1.11.4 HTTP/1.1" 200 6908
106.75.31.51 - - [09/Feb/2023:04:49:43 -0500] "GET /portaldeninos/wp-content/themes/betheme/assets/jplayer/jplayer.min.js?ver=20.9.6 HTTP/1.1" 200 52702
106.75.31.51 - - [09/Feb/2023:04:49:52 -0500] "GET /portaldeninos/wp-includes/js/jquery/ui/sortable.min.js?ver=1.11.4 HTTP/1.1" 200 24899
106.75.31.51 - - [09/Feb/2023:04:49:52 -0500] "GET /portaldeninos/wp-includes/js/jquery/ui/tabs.min.js?ver=1.11.4 HTTP/1.1" 200 12110
106.75.31.51 - - [09/Feb/2023:04:49:57 -0500] "GET /portaldeninos/wp-content/plugins/popup-maker/assets/js/site.min.js?defer&ver=1.8.14 HTTP/1.1" 200 48457
106.75.31.51 - - [09/Feb/2023:04:50:00 -0500] "GET /portaldeninos/wp-includes/js/jquery/jquery-migrate.min.js?ver=1.4.1 HTTP/1.1" 200 10056
106.75.31.51 - - [09/Feb/2023:04:50:03 -0500] "GET /portaldeninos/wp-content/plugins/gallery-videos/JS/modernizr.custom.js?ver=4.9.8 HTTP/1.1" 200 9019
106.75.31.51 - - [09/Feb/2023:04:49:51 -0500] "GET /portaldeninos/wp-content/themes/betheme/js/plugins.js?ver=20.9.6 HTTP/1.1" 200 197151
106.75.31.51 - - [09/Feb/2023:04:50:06 -0500] "GET /portaldeninos/wp-content/plugins/gallery-videos/JS/Total-Soft-Gallery-Video-Widget.js?ver=4.9.8 HTTP/1.1" 200 80264
106.75.31.51 - - [09/Feb/2023:04:50:11 -0500] "GET /portaldeninos/wp-includes/js/wp-embed.min.js?ver=4.9.8 HTTP/1.1" 200 1398
106.75.31.51 - - [09/Feb/2023:04:50:12 -0500] "GET /portaldeninos/wp-includes/js/jquery/ui/accordion.min.js?ver=1.11.4 HTTP/1.1" 200 8584
80.76.51.126 - - [09/Feb/2023:04:50:13 -0500] "GET / HTTP/1.1" 200 319
106.75.31.51 - - [09/Feb/2023:04:50:17 -0500] "GET /portaldeninos/wp-content/themes/betheme/assets/animations/animations.min.js?ver=20.9.6 HTTP/1.1" 200 1896
106.75.31.51 - - [09/Feb/2023:04:50:15 -0500] "GET /portaldeninos/wp-content/themes/betheme/js/scripts.js?ver=20.9.6 HTTP/1.1" 200 77162
106.75.31.51 - - [09/Feb/2023:04:50:10 -0500] "GET /portaldeninos/wp-includes/js/jquery/jquery.js?ver=1.12.4 HTTP/1.1" 200 97184
106.75.31.51 - - [09/Feb/2023:04:50:23 -0500] "GET /portaldeninos/sitemap.xml HTTP/1.1" 404 14448
172.22.2.4 - - [09/Feb/2023:04:50:34 -0500] "GET /BLA/boletinlegal/robots.txt HTTP/1.1" 404 1038
216.245.221.92 - - [09/Feb/2023:04:51:14 -0500] "HEAD / HTTP/1.1" 200 -
185.119.81.99 - - [09/Feb/2023:04:51:29 -0500] "GET /portaldeninos/wp-login.php HTTP/1.1" 200 2592
185.119.81.99 - - [09/Feb/2023:04:51:30 -0500] "POST /portaldeninos/wp-login.php HTTP/1.1" 200 3605
172.22.2.4 - - [09/Feb/2023:04:49:53 -0500] "HEAD /BLA/boletinlegal/ HTTP/1.1" 200 -
66.249.64.49 - - [09/Feb/2023:04:51:38 -0500] "-" 408 -
201.245.192.253 - - [09/Feb/2023:04:51:51 -0500] "POST /kwsrmcab/Wsrmcab  HTTP/1.1" 200 213
79.147.66.168 - - [09/Feb/2023:04:52:02 -0500] "GET / HTTP/1.1" 200 319
186.154.32.232 - - [09/Feb/2023:04:52:10 -0500] "GET /sipse/faces/javax.faces.resource/images/ui-bg_flat_0_2d5972_40x100.png?ln=primefaces-aristo HTTP/1.1" 304 -
186.154.32.232 - - [09/Feb/2023:04:52:10 -0500] "POST /sipse/faces/presentacion/financiero/solicitudProceso/consultarSolicitudProceso.xhtml HTTP/1.1" 200 64130
186.154.32.232 - - [09/Feb/2023:04:52:10 -0500] "GET /sipse/faces/javax.faces.resource/theme.css?ln=primefaces-sipse HTTP/1.1" 304 -
186.154.32.232 - - [09/Feb/2023:04:52:10 -0500] "GET /sipse/faces/javax.faces.resource/primefaces.css?ln=primefaces&v=4.0 HTTP/1.1" 304 -
186.154.32.232 - - [09/Feb/2023:04:52:10 -0500] "GET /sipse/faces/javax.faces.resource/jquery/jquery.js?ln=primefaces&v=4.0 HTTP/1.1" 304 -
186.154.32.232 - - [09/Feb/2023:04:52:10 -0500] "GET /sipse/faces/javax.faces.resource/layout/layout.css?ln=primefaces&v=4.0 HTTP/1.1" 304 -
186.154.32.232 - - [09/Feb/2023:04:52:10 -0500] "GET /sipse/faces/javax.faces.resource/jquery/jquery-plugins.js?ln=primefaces&v=4.0 HTTP/1.1" 304 -
186.154.32.232 - - [09/Feb/2023:04:52:10 -0500] "GET /sipse/faces/javax.faces.resource/primefaces.js?ln=primefaces&v=4.0 HTTP/1.1" 304 -
186.154.32.232 - - [09/Feb/2023:04:52:10 -0500] "GET /sipse/faces/javax.faces.resource/layout/layout.js?ln=primefaces&v=4.0 HTTP/1.1" 304 -
186.154.32.232 - - [09/Feb/2023:04:52:10 -0500] "POST /sipse/faces/presentacion/financiero/solicitudProceso/listarSolicitudProceso.xhtml HTTP/1.1" 200 1556
172.22.2.4 - - [09/Feb/2023:04:50:44 -0500] "GET /BLA/boletinlegal/ HTTP/1.1" 200 59404
186.154.32.232 - - [09/Feb/2023:04:52:32 -0500] "POST /sipse/faces/presentacion/financiero/solicitudProceso/listarSolicitudProceso.xhtml HTTP/1.1" 200 31472
172.22.2.4 - - [09/Feb/2023:04:52:43 -0500] "GET /BLA/boletinlegal/images/screen_1.png HTTP/1.1" 200 202547
186.154.32.232 - - [09/Feb/2023:04:52:45 -0500] "POST /sipse/faces/presentacion/financiero/solicitudProceso/listarSolicitudProceso.xhtml HTTP/1.1" 200 32200
106.75.31.51 - - [09/Feb/2023:04:53:12 -0500] "GET /axis2-admin/ HTTP/1.1" 404 1035
106.75.31.51 - - [09/Feb/2023:04:53:12 -0500] "GET /axis2/ HTTP/1.1" 404 1035
106.75.31.51 - - [09/Feb/2023:04:53:14 -0500] "GET /axis2/axis2-admin/ HTTP/1.1" 404 1035
106.75.31.51 - - [09/Feb/2023:04:53:16 -0500] "GET /pma/index.php HTTP/1.1" 404 1035
106.75.31.51 - - [09/Feb/2023:04:53:17 -0500] "GET /phpmyadmin/index.php HTTP/1.1" 403 1182
106.75.31.51 - - [09/Feb/2023:04:53:19 -0500] "GET /PhpMyAdmin/index.php HTTP/1.1" 403 1182
106.75.31.51 - - [09/Feb/2023:04:53:21 -0500] "GET /php/thinkphp/aaaffff123.php HTTP/1.1" 404 1035
106.75.31.51 - - [09/Feb/2023:04:53:23 -0500] "GET /index_sso.php HTTP/1.1" 404 1035
52.167.144.49 - - [09/Feb/2023:04:55:18 -0500] "GET /bla/resoluciones/autos%202021/3954.pdf HTTP/1.1" 200 392813
216.245.221.92 - - [09/Feb/2023:04:56:14 -0500] "HEAD / HTTP/1.1" 200 -
201.245.192.253 - - [09/Feb/2023:04:56:50 -0500] "POST /kwsrmcab/Wsrmcab  HTTP/1.1" 200 213
172.22.2.4 - - [09/Feb/2023:04:55:43 -0500] "HEAD /BLA/boletinlegal/ HTTP/1.1" 200 -
192.133.77.15 - - [09/Feb/2023:04:58:13 -0500] "GET /images/1%20de%20febrer%20Operativo%20hornos.jpg HTTP/1.1" 200 69569
172.22.2.4 - - [09/Feb/2023:04:56:34 -0500] "GET /BLA/boletinlegal/ HTTP/1.1" 200 58185
52.167.144.97 - - [09/Feb/2023:04:58:40 -0500] "GET /bla/resoluciones/autos%202021/2758.pdf HTTP/1.1" 200 702758
31.148.130.88 - - [09/Feb/2023:05:00:45 -0500] "GET /BLA/resoluciones/AUTOS%202021/3861.pdf HTTP/1.1" 200 377588
216.245.221.92 - - [09/Feb/2023:05:01:14 -0500] "HEAD / HTTP/1.1" 200 -
201.245.192.253 - - [09/Feb/2023:05:01:48 -0500] "POST /kwsrmcab/Wsrmcab  HTTP/1.1" 200 213
172.22.2.4 - - [09/Feb/2023:05:01:33 -0500] "HEAD /BLA/boletinlegal/ HTTP/1.1" 200 -
69.171.249.21 - - [09/Feb/2023:05:03:14 -0500] "GET /images/1%20de%20febrer%20Operativo%20hornos.jpg HTTP/1.1" 200 69569
69.171.249.11 - - [09/Feb/2023:05:03:14 -0500] "GET /images/Secretarias%20Fondo%20carga%206%20de%20febrero.jpeg HTTP/1.1" 200 55460
69.171.249.19 - - [09/Feb/2023:05:03:14 -0500] "GET /images/vertimiento-Comprimida%20(1).png HTTP/1.1" 200 22870
69.171.249.16 - - [09/Feb/2023:05:03:14 -0500] "GET /images/1%20de%20febrero%20Humedal%20El%20Tunjo.jpeg HTTP/1.1" 200 52973
69.171.249.16 - - [09/Feb/2023:05:03:14 -0500] "GET /images/Secretaria%20Urrutia%20evento%20h\xc3\xa1bitat%20Francia%2024%20de%20enero.jpeg HTTP/1.1" 404 1034
69.171.249.14 - - [09/Feb/2023:05:03:14 -0500] "GET /images/8%20de%20febrero%20incendio%20forestal.jpeg HTTP/1.1" 200 56283
69.171.249.2 - - [09/Feb/2023:05:03:14 -0500] "GET /images/2%20de%20febrero%20liberaci\xc3\xb3n%20Tunjo.jpeg HTTP/1.1" 404 1034
69.171.249.12 - - [09/Feb/2023:05:03:22 -0500] "GET /images/19%20de%20enero%20\xc3\xa1rbol%20bosque%20San%20Carlos.jpg HTTP/1.1" 404 1034
186.154.32.232 - - [09/Feb/2023:05:03:52 -0500] "GET /sipse/faces/javax.faces.resource/theme.css?ln=primefaces-sipse HTTP/1.1" 304 -
186.154.32.232 - - [09/Feb/2023:05:03:52 -0500] "GET /sipse/faces/javax.faces.resource/jquery/jquery-plugins.js?ln=primefaces&v=4.0 HTTP/1.1" 304 -
186.154.32.232 - - [09/Feb/2023:05:03:52 -0500] "GET /sipse/faces/javax.faces.resource/primefaces.css?ln=primefaces&v=4.0 HTTP/1.1" 304 -
186.154.32.232 - - [09/Feb/2023:05:03:52 -0500] "GET /sipse/faces/javax.faces.resource/jquery/jquery.js?ln=primefaces&v=4.0 HTTP/1.1" 304 -
186.154.32.232 - - [09/Feb/2023:05:03:52 -0500] "GET /sipse/faces/javax.faces.resource/layout/layout.css?ln=primefaces&v=4.0 HTTP/1.1" 304 -
186.154.32.232 - - [09/Feb/2023:05:03:52 -0500] "GET /sipse/faces/javax.faces.resource/primefaces.js?ln=primefaces&v=4.0 HTTP/1.1" 304 -
186.154.32.232 - - [09/Feb/2023:05:03:52 -0500] "GET /sipse/faces/javax.faces.resource/layout/layout.js?ln=primefaces&v=4.0 HTTP/1.1" 304 -
186.154.32.232 - - [09/Feb/2023:05:03:52 -0500] "GET /sipse/css/imagen/contrasena.png HTTP/1.1" 404 383
186.154.32.232 - - [09/Feb/2023:05:03:52 -0500] "GET /sipse/faces/javax.faces.resource/images/ui-icons_898989_256x240.png?ln=primefaces-aristo HTTP/1.1" 304 -
186.154.32.232 - - [09/Feb/2023:05:03:52 -0500] "GET /sipse/faces/presentacion/financiero/solicitudProceso/consultarSolicitudProceso.xhtml HTTP/1.1" 200 196228
186.154.32.232 - - [09/Feb/2023:05:03:54 -0500] "GET /sipse/faces/javax.faces.resource/images/ui-bg_flat_0_2d5972_40x100.png?ln=primefaces-aristo HTTP/1.1" 304 -
186.154.32.232 - - [09/Feb/2023:05:03:54 -0500] "POST /sipse/faces/presentacion/financiero/solicitudProceso/consultarSolicitudProceso.xhtml HTTP/1.1" 200 64130
186.154.32.232 - - [09/Feb/2023:05:03:54 -0500] "GET /sipse/faces/javax.faces.resource/primefaces.css?ln=primefaces&v=4.0 HTTP/1.1" 304 -
186.154.32.232 - - [09/Feb/2023:05:03:54 -0500] "GET /sipse/faces/javax.faces.resource/theme.css?ln=primefaces-sipse HTTP/1.1" 304 -
186.154.32.232 - - [09/Feb/2023:05:03:54 -0500] "GET /sipse/faces/javax.faces.resource/layout/layout.css?ln=primefaces&v=4.0 HTTP/1.1" 304 -
186.154.32.232 - - [09/Feb/2023:05:03:54 -0500] "GET /sipse/faces/javax.faces.resource/jquery/jquery.js?ln=primefaces&v=4.0 HTTP/1.1" 304 -
186.154.32.232 - - [09/Feb/2023:05:03:54 -0500] "GET /sipse/faces/javax.faces.resource/jquery/jquery-plugins.js?ln=primefaces&v=4.0 HTTP/1.1" 304 -
186.154.32.232 - - [09/Feb/2023:05:03:54 -0500] "GET /sipse/faces/javax.faces.resource/primefaces.js?ln=primefaces&v=4.0 HTTP/1.1" 304 -
186.154.32.232 - - [09/Feb/2023:05:03:54 -0500] "GET /sipse/faces/javax.faces.resource/layout/layout.js?ln=primefaces&v=4.0 HTTP/1.1" 304 -
186.154.32.232 - - [09/Feb/2023:05:03:54 -0500] "POST /sipse/faces/presentacion/financiero/solicitudProceso/listarSolicitudProceso.xhtml HTTP/1.1" 200 1556
172.22.2.4 - - [09/Feb/2023:05:02:24 -0500] "GET /BLA/boletinlegal/ HTTP/1.1" 200 57192
186.154.32.232 - - [09/Feb/2023:05:04:26 -0500] "POST /sipse/faces/presentacion/financiero/solicitudProceso/listarSolicitudProceso.xhtml HTTP/1.1" 200 31507
186.154.32.232 - - [09/Feb/2023:05:04:31 -0500] "POST /sipse/faces/presentacion/financiero/solicitudProceso/listarSolicitudProceso.xhtml HTTP/1.1" 200 32204
186.154.32.232 - - [09/Feb/2023:05:04:37 -0500] "POST /sipse/faces/presentacion/financiero/solicitudProceso/listarSolicitudProceso.xhtml HTTP/1.1" 200 130047
186.154.32.232 - - [09/Feb/2023:05:04:38 -0500] "GET /sipse/faces/javax.faces.resource/theme.css?ln=primefaces-sipse HTTP/1.1" 304 -
186.154.32.232 - - [09/Feb/2023:05:04:38 -0500] "GET /sipse/faces/javax.faces.resource/primefaces.css?ln=primefaces&v=4.0 HTTP/1.1" 304 -
186.154.32.232 - - [09/Feb/2023:05:04:38 -0500] "GET /sipse/faces/javax.faces.resource/layout/layout.css?ln=primefaces&v=4.0 HTTP/1.1" 304 -
186.154.32.232 - - [09/Feb/2023:05:04:38 -0500] "GET /sipse/faces/javax.faces.resource/jquery/jquery.js?ln=primefaces&v=4.0 HTTP/1.1" 304 -
186.154.32.232 - - [09/Feb/2023:05:04:38 -0500] "GET /sipse/faces/javax.faces.resource/jquery/jquery-plugins.js?ln=primefaces&v=4.0 HTTP/1.1" 304 -
186.154.32.232 - - [09/Feb/2023:05:04:38 -0500] "GET /sipse/faces/javax.faces.resource/primefaces.js?ln=primefaces&v=4.0 HTTP/1.1" 304 -
186.154.32.232 - - [09/Feb/2023:05:04:38 -0500] "GET /sipse/faces/javax.faces.resource/layout/layout.js?ln=primefaces&v=4.0 HTTP/1.1" 304 -
186.154.32.232 - - [09/Feb/2023:05:04:43 -0500] "POST /sipse/faces/presentacion/financiero/solicitudProceso/consultarSolicitudProceso.xhtml HTTP/1.1" 200 90561
183.136.225.32 - - [09/Feb/2023:05:05:49 -0500] "GET / HTTP/1.1" 200 319
216.245.221.92 - - [09/Feb/2023:05:06:14 -0500] "HEAD / HTTP/1.1" 200 -
201.245.192.253 - - [09/Feb/2023:05:06:46 -0500] "POST /kwsrmcab/Wsrmcab  HTTP/1.1" 200 213
186.102.17.138 - - [09/Feb/2023:05:07:52 -0500] "GET /agendate-para-participar-en-las-caminatas-ecologicas-de-febrero.html HTTP/1.1" 200 830
172.22.2.4 - - [09/Feb/2023:05:07:23 -0500] "HEAD /BLA/boletinlegal/ HTTP/1.1" 200 -
186.80.52.163 - - [09/Feb/2023:05:09:29 -0500] "GET /sipse/faces/index.xhtml HTTP/1.1" 200 677
186.80.52.163 - - [09/Feb/2023:05:09:29 -0500] "GET /sipse/faces/javax.faces.resource/theme.css?ln=primefaces-sipse HTTP/1.1" 304 -
52.167.144.49 - - [09/Feb/2023:05:09:29 -0500] "GET /bla/resoluciones/autos%202021/3322.pdf HTTP/1.1" 200 410707
186.80.52.163 - - [09/Feb/2023:05:09:29 -0500] "GET /sipse/faces/faces/autenticacion.xhtml HTTP/1.1" 200 12179
186.80.52.163 - - [09/Feb/2023:05:09:29 -0500] "GET /sipse/css/custom_css_sg.css HTTP/1.1" 304 -
186.80.52.163 - - [09/Feb/2023:05:09:29 -0500] "GET /sipse/js/disable_browser_buttons.js HTTP/1.1" 304 -
186.80.52.163 - - [09/Feb/2023:05:09:29 -0500] "GET /sipse/css/custom_css_sg_prime_login.css HTTP/1.1" 304 -
186.80.52.163 - - [09/Feb/2023:05:09:29 -0500] "GET /sipse/faces/javax.faces.resource/theme.css?ln=primefaces-sipse HTTP/1.1" 304 -
186.80.52.163 - - [09/Feb/2023:05:09:29 -0500] "GET /sipse/js/funciones.js HTTP/1.1" 304 -
186.80.52.163 - - [09/Feb/2023:05:09:29 -0500] "GET /sipse/faces/javax.faces.resource/primefaces.css?ln=primefaces&v=4.0 HTTP/1.1" 304 -
186.80.52.163 - - [09/Feb/2023:05:09:29 -0500] "GET /sipse/faces/javax.faces.resource/layout/layout.css?ln=primefaces&v=4.0 HTTP/1.1" 304 -
186.80.52.163 - - [09/Feb/2023:05:09:29 -0500] "GET /sipse/faces/javax.faces.resource/jquery/jquery.js?ln=primefaces&v=4.0 HTTP/1.1" 304 -
186.80.52.163 - - [09/Feb/2023:05:09:29 -0500] "GET /sipse/faces/javax.faces.resource/jquery/jquery-plugins.js?ln=primefaces&v=4.0 HTTP/1.1" 304 -
186.80.52.163 - - [09/Feb/2023:05:09:29 -0500] "GET /sipse/faces/javax.faces.resource/layout/layout.js?ln=primefaces&v=4.0 HTTP/1.1" 304 -
186.80.52.163 - - [09/Feb/2023:05:09:29 -0500] "GET /sipse/faces/javax.faces.resource/primefaces.js?ln=primefaces&v=4.0 HTTP/1.1" 304 -
186.80.52.163 - - [09/Feb/2023:05:09:30 -0500] "GET /sipse/css/imagen/logoSDG.png HTTP/1.1" 304 -
186.80.52.163 - - [09/Feb/2023:05:09:30 -0500] "GET /sipse/css/imagen/loginimg.png HTTP/1.1" 304 -
186.80.52.163 - - [09/Feb/2023:05:09:30 -0500] "GET /sipse/faces/javax.faces.resource/images/ui-icons_898989_256x240.png?ln=primefaces-aristo HTTP/1.1" 304 -
186.80.52.163 - - [09/Feb/2023:05:09:34 -0500] "POST /sipse/faces/autenticacion.xhtml HTTP/1.1" 200 2221
186.80.52.163 - - [09/Feb/2023:05:09:34 -0500] "GET /sipse/faces/javax.faces.resource/messages/messages.png?ln=primefaces&v=4.0 HTTP/1.1" 304 -
186.80.52.163 - - [09/Feb/2023:05:09:36 -0500] "POST /sipse/faces/autenticacion.xhtml HTTP/1.1" 200 16282
186.80.52.163 - - [09/Feb/2023:05:09:36 -0500] "GET /sipse/faces/javax.faces.resource/layout/layout.css?ln=primefaces&v=4.0 HTTP/1.1" 304 -
186.80.52.163 - - [09/Feb/2023:05:09:36 -0500] "GET /sipse/faces/javax.faces.resource/primefaces.css?ln=primefaces&v=4.0 HTTP/1.1" 304 -
186.80.52.163 - - [09/Feb/2023:05:09:36 -0500] "GET /sipse/faces/javax.faces.resource/theme.css?ln=primefaces-sipse HTTP/1.1" 304 -
186.80.52.163 - - [09/Feb/2023:05:09:36 -0500] "GET /sipse/css/custom_css_sg_prime.css HTTP/1.1" 304 -
186.80.52.163 - - [09/Feb/2023:05:09:36 -0500] "GET /sipse/js/jquery.min.js HTTP/1.1" 304 -
186.80.52.163 - - [09/Feb/2023:05:09:36 -0500] "GET /sipse/faces/javax.faces.resource/jquery/jquery.js?ln=primefaces&v=4.0 HTTP/1.1" 304 -
186.80.52.163 - - [09/Feb/2023:05:09:36 -0500] "GET /sipse/faces/javax.faces.resource/jquery/jquery-plugins.js?ln=primefaces&v=4.0 HTTP/1.1" 304 -
186.80.52.163 - - [09/Feb/2023:05:09:36 -0500] "GET /sipse/faces/javax.faces.resource/primefaces.js?ln=primefaces&v=4.0 HTTP/1.1" 304 -
186.80.52.163 - - [09/Feb/2023:05:09:36 -0500] "GET /sipse/faces/javax.faces.resource/layout/layout.js?ln=primefaces&v=4.0 HTTP/1.1" 304 -
186.80.52.163 - - [09/Feb/2023:05:09:36 -0500] "GET /sipse/css/imagen/contrasena.png HTTP/1.1" 404 383
186.80.52.163 - - [09/Feb/2023:05:09:36 -0500] "GET /sipse/imagenes/cargando.gif HTTP/1.1" 304 -
186.80.52.163 - - [09/Feb/2023:05:09:36 -0500] "GET /sipse/imagenes/logoAplicacion.jpg HTTP/1.1" 304 -
40.77.167.251 - - [09/Feb/2023:05:09:36 -0500] "GET /appsia/controlador HTTP/1.1" 200 4799
186.80.52.163 - - [09/Feb/2023:05:09:40 -0500] "GET /sipse/faces/javax.faces.resource/images/ui-bg_flat_0_2d5972_40x100.png?ln=primefaces-aristo HTTP/1.1" 304 -
186.80.52.163 - - [09/Feb/2023:05:09:40 -0500] "POST /sipse/faces/bienvenido.xhtml HTTP/1.1" 200 2658
186.80.52.163 - - [09/Feb/2023:05:09:41 -0500] "POST /sipse/faces/bienvenido.xhtml HTTP/1.1" 200 65138
186.80.52.163 - - [09/Feb/2023:05:09:44 -0500] "GET /sipse/faces/javax.faces.resource/primefaces.css?ln=primefaces&v=4.0 HTTP/1.1" 304 -
186.80.52.163 - - [09/Feb/2023:05:09:44 -0500] "GET /sipse/faces/javax.faces.resource/theme.css?ln=primefaces-sipse HTTP/1.1" 304 -
186.80.52.163 - - [09/Feb/2023:05:09:44 -0500] "GET /sipse/faces/javax.faces.resource/layout/layout.css?ln=primefaces&v=4.0 HTTP/1.1" 304 -
186.80.52.163 - - [09/Feb/2023:05:09:44 -0500] "GET /sipse/faces/javax.faces.resource/jquery/jquery.js?ln=primefaces&v=4.0 HTTP/1.1" 304 -
186.80.52.163 - - [09/Feb/2023:05:09:44 -0500] "GET /sipse/faces/javax.faces.resource/jquery/jquery-plugins.js?ln=primefaces&v=4.0 HTTP/1.1" 304 -
186.80.52.163 - - [09/Feb/2023:05:09:44 -0500] "GET /sipse/faces/javax.faces.resource/primefaces.js?ln=primefaces&v=4.0 HTTP/1.1" 304 -
186.80.52.163 - - [09/Feb/2023:05:09:44 -0500] "GET /sipse/faces/javax.faces.resource/layout/layout.js?ln=primefaces&v=4.0 HTTP/1.1" 304 -
186.80.52.163 - - [09/Feb/2023:05:09:45 -0500] "POST /sipse/faces/presentacion/financiero/solicitudProceso/listarSolicitudProceso.xhtml HTTP/1.1" 200 1556
207.46.13.10 - - [09/Feb/2023:05:09:48 -0500] "GET /appsia/scripts/validarIngreso.js HTTP/1.1" 200 851
157.55.39.117 - - [09/Feb/2023:05:09:54 -0500] "GET /appsia/css/estilos.css HTTP/1.1" 200 4804
172.22.2.4 - - [09/Feb/2023:05:08:14 -0500] "GET /BLA/boletinlegal/ HTTP/1.1" 200 56079
186.80.52.163 - - [09/Feb/2023:05:09:56 -0500] "POST /sipse/faces/presentacion/financiero/solicitudProceso/listarSolicitudProceso.xhtml HTTP/1.1" 200 31823
186.80.52.163 - - [09/Feb/2023:05:10:06 -0500] "POST /sipse/faces/presentacion/financiero/solicitudProceso/listarSolicitudProceso.xhtml HTTP/1.1" 200 31469
186.80.52.163 - - [09/Feb/2023:05:10:08 -0500] "POST /sipse/faces/presentacion/financiero/solicitudProceso/listarSolicitudProceso.xhtml HTTP/1.1" 200 31826
216.245.221.92 - - [09/Feb/2023:05:11:14 -0500] "HEAD / HTTP/1.1" 200 -
183.136.225.32 - - [09/Feb/2023:05:11:19 -0500] "GET / HTTP/1.1" 200 319
183.136.225.32 - - [09/Feb/2023:05:11:22 -0500] "GET /favicon.ico HTTP/1.1" 200 7782
201.245.192.253 - - [09/Feb/2023:05:11:46 -0500] "POST /kwsrmcab/Wsrmcab  HTTP/1.1" 200 213
172.22.2.4 - - [09/Feb/2023:05:13:13 -0500] "HEAD /BLA/boletinlegal/ HTTP/1.1" 200 -
172.22.2.4 - - [09/Feb/2023:05:14:58 -0500] "GET /BLA/boletinlegal/jurisprudencia/analisis/CUADRO%20ANALISIS%20SENTENCIA%20T-411%20DE%201992.doc HTTP/1.1" 200 41984
79.110.73.232 - - [09/Feb/2023:05:15:24 -0500] "GET /BLA/resoluciones/RESOLUCIONES%202022/3830.pdf HTTP/1.1" 200 430978
172.22.2.4 - - [09/Feb/2023:05:14:04 -0500] "GET /BLA/boletinlegal/ HTTP/1.1" 200 59404
216.245.221.92 - - [09/Feb/2023:05:16:14 -0500] "HEAD / HTTP/1.1" 200 -
201.245.192.253 - - [09/Feb/2023:05:16:45 -0500] "POST /kwsrmcab/Wsrmcab  HTTP/1.1" 200 213
172.22.2.4 - - [09/Feb/2023:05:17:59 -0500] "GET /BLA/boletinlegal/robots.txt HTTP/1.1" 404 1038
172.22.2.4 - - [09/Feb/2023:05:18:03 -0500] "GET /BLA/boletinlegal/Circulares/2013/Circular%20No.%201%20del%2014%20de%20enero%20de%202013.pdf HTTP/1.1" 200 1298384
201.245.192.253 - - [09/Feb/2023:05:18:31 -0500] "POST /kwsrmcab/Wsrmcab HTTP/1.1" 200 41888
201.245.192.253 - - [09/Feb/2023:05:18:34 -0500] "POST /kwsrmcab/Wsrmcab HTTP/1.1" 200 41080
31.148.131.188 - - [09/Feb/2023:05:19:51 -0500] "GET /BLA/resoluciones/AUTOS%202021/2108.pdf HTTP/1.1" 200 389782
172.22.2.4 - - [09/Feb/2023:05:19:03 -0500] "HEAD /BLA/boletinlegal/ HTTP/1.1" 200 -
216.245.221.92 - - [09/Feb/2023:05:21:14 -0500] "HEAD / HTTP/1.1" 200 -
191.108.12.135 - - [09/Feb/2023:05:21:15 -0500] "GET /sipse/faces/faces/autenticacion.xhtml HTTP/1.1" 200 12501
191.108.12.135 - - [09/Feb/2023:05:21:17 -0500] "GET /sipse/js/disable_browser_buttons.js HTTP/1.1" 304 -
191.108.12.135 - - [09/Feb/2023:05:21:27 -0500] "GET /sipse/js/funciones.js HTTP/1.1" 304 -
172.22.2.4 - - [09/Feb/2023:05:19:54 -0500] "GET /BLA/boletinlegal/ HTTP/1.1" 200 57192
191.108.12.135 - - [09/Feb/2023:05:21:37 -0500] "GET /sipse/css/custom_css_sg_prime_login.css HTTP/1.1" 304 -
191.108.12.135 - - [09/Feb/2023:05:21:38 -0500] "GET /sipse/css/custom_css_sg.css HTTP/1.1" 304 -
191.108.12.135 - - [09/Feb/2023:05:21:38 -0500] "GET /sipse/faces/javax.faces.resource/primefaces.css;jsessionid=xhX2zoPXn3ALj9qLk7RtStSS.undefined?ln=primefaces&v=4.0 HTTP/1.1" 200 53295
201.245.192.253 - - [09/Feb/2023:05:21:43 -0500] "POST /kwsrmcab/Wsrmcab  HTTP/1.1" 200 213
191.108.12.135 - - [09/Feb/2023:05:21:48 -0500] "GET /sipse/faces/javax.faces.resource/theme.css?ln=primefaces-sipse HTTP/1.1" 304 -
191.108.12.135 - - [09/Feb/2023:05:21:48 -0500] "GET /sipse/faces/javax.faces.resource/layout/layout.css;jsessionid=xhX2zoPXn3ALj9qLk7RtStSS.undefined?ln=primefaces&v=4.0 HTTP/1.1" 200 542
191.108.12.135 - - [09/Feb/2023:05:21:48 -0500] "GET /sipse/faces/javax.faces.resource/layout/layout.js;jsessionid=xhX2zoPXn3ALj9qLk7RtStSS.undefined?ln=primefaces&v=4.0 HTTP/1.1" 200 87560
191.108.12.135 - - [09/Feb/2023:05:21:48 -0500] "GET /sipse/faces/javax.faces.resource/jquery/jquery.js;jsessionid=xhX2zoPXn3ALj9qLk7RtStSS.undefined?ln=primefaces&v=4.0 HTTP/1.1" 200 105384
191.108.12.135 - - [09/Feb/2023:05:21:48 -0500] "GET /sipse/faces/javax.faces.resource/jquery/jquery-plugins.js;jsessionid=xhX2zoPXn3ALj9qLk7RtStSS.undefined?ln=primefaces&v=4.0 HTTP/1.1" 200 220526
191.108.12.135 - - [09/Feb/2023:05:21:48 -0500] "GET /sipse/faces/javax.faces.resource/primefaces.js;jsessionid=xhX2zoPXn3ALj9qLk7RtStSS.undefined?ln=primefaces&v=4.0 HTTP/1.1" 200 276924
191.108.12.135 - - [09/Feb/2023:05:21:48 -0500] "GET /sipse/css/imagen/logoSDG.png HTTP/1.1" 304 -
191.108.12.135 - - [09/Feb/2023:05:21:48 -0500] "GET /sipse/css/imagen/loginimg.png HTTP/1.1" 304 -
191.108.12.135 - - [09/Feb/2023:05:21:48 -0500] "GET /sipse/faces/javax.faces.resource/images/ui-icons_898989_256x240.png?ln=primefaces-aristo HTTP/1.1" 304 -
191.108.12.135 - - [09/Feb/2023:05:21:48 -0500] "GET /sipse/faces/faces/index.xhtml HTTP/1.1" 200 677
191.108.12.135 - - [09/Feb/2023:05:21:48 -0500] "GET /sipse/faces/javax.faces.resource/theme.css?ln=primefaces-sipse HTTP/1.1" 304 -
191.108.12.135 - - [09/Feb/2023:05:21:48 -0500] "GET /sipse/faces/faces/faces/autenticacion.xhtml HTTP/1.1" 200 12179
191.108.12.135 - - [09/Feb/2023:05:21:49 -0500] "GET /sipse/faces/javax.faces.resource/theme.css?ln=primefaces-sipse HTTP/1.1" 304 -
191.108.12.135 - - [09/Feb/2023:05:21:49 -0500] "GET /sipse/faces/javax.faces.resource/primefaces.css?ln=primefaces&v=4.0 HTTP/1.1" 304 -
191.108.12.135 - - [09/Feb/2023:05:21:49 -0500] "GET /sipse/faces/javax.faces.resource/layout/layout.css?ln=primefaces&v=4.0 HTTP/1.1" 304 -
191.108.12.135 - - [09/Feb/2023:05:21:49 -0500] "GET /sipse/faces/javax.faces.resource/jquery/jquery.js?ln=primefaces&v=4.0 HTTP/1.1" 304 -
191.108.12.135 - - [09/Feb/2023:05:21:49 -0500] "GET /sipse/faces/javax.faces.resource/jquery/jquery-plugins.js?ln=primefaces&v=4.0 HTTP/1.1" 304 -
191.108.12.135 - - [09/Feb/2023:05:21:49 -0500] "GET /sipse/faces/javax.faces.resource/primefaces.js?ln=primefaces&v=4.0 HTTP/1.1" 304 -
191.108.12.135 - - [09/Feb/2023:05:21:49 -0500] "GET /sipse/faces/javax.faces.resource/layout/layout.js?ln=primefaces&v=4.0 HTTP/1.1" 304 -
191.108.12.135 - - [09/Feb/2023:05:21:51 -0500] "GET /sipse/faces/javax.faces.resource/images/ui-icons_898989_256x240.png?ln=primefaces-aristo HTTP/1.1" 304 -
186.155.65.103 - - [09/Feb/2023:05:22:33 -0500] "GET /portaldeninos/ HTTP/1.1" 200 110197
186.155.65.103 - - [09/Feb/2023:05:22:34 -0500] "GET /portaldeninos/wp-content/plugins/gallery-videos/CSS/Total-Soft-Gallery-Video-Widget.css?ver=4.9.8 HTTP/1.1" 200 51554
186.155.65.103 - - [09/Feb/2023:05:22:35 -0500] "GET /portaldeninos/wp-content/uploads/useanyfont/uaf.css?ver=1589905315 HTTP/1.1" 200 408
186.155.65.103 - - [09/Feb/2023:05:22:35 -0500] "GET /portaldeninos/wp-content/themes/betheme/style.css?ver=20.9.6 HTTP/1.1" 200 287
186.155.65.103 - - [09/Feb/2023:05:22:35 -0500] "GET /portaldeninos/wp-content/plugins/gallery-videos/CSS/totalsoft.css?ver=4.9.8 HTTP/1.1" 200 40622
186.155.65.103 - - [09/Feb/2023:05:22:35 -0500] "GET /portaldeninos/wp-content/themes/betheme/css/shortcodes.css?ver=20.9.6 HTTP/1.1" 200 138889
186.155.65.103 - - [09/Feb/2023:05:22:35 -0500] "GET /portaldeninos/wp-content/themes/betheme/css/base.css?ver=20.9.6 HTTP/1.1" 200 57283
186.155.65.103 - - [09/Feb/2023:05:22:35 -0500] "GET /portaldeninos/wp-content/themes/betheme/assets/jplayer/css/jplayer.blue.monday.css?ver=20.9.6 HTTP/1.1" 200 9834
186.155.65.103 - - [09/Feb/2023:05:22:35 -0500] "GET /portaldeninos/wp-content/themes/betheme/assets/ui/jquery.ui.all.css?ver=20.9.6 HTTP/1.1" 200 18765
186.155.65.103 - - [09/Feb/2023:05:22:35 -0500] "GET /portaldeninos/wp-content/themes/betheme/css/layout.css?ver=20.9.6 HTTP/1.1" 200 116639
186.155.65.103 - - [09/Feb/2023:05:22:35 -0500] "GET /portaldeninos/wp-content/plugins/popup-maker/assets/css/site.min.css?ver=1.8.14 HTTP/1.1" 200 8260
186.155.65.103 - - [09/Feb/2023:05:22:35 -0500] "GET /portaldeninos/wp-content/themes/betheme/assets/animations/animations.min.css?ver=20.9.6 HTTP/1.1" 200 58508
186.155.65.103 - - [09/Feb/2023:05:22:35 -0500] "GET /portaldeninos/wp-content/plugins/google-analytics-for-wordpress/assets/js/frontend-gtag.min.js?ver=8.5.0 HTTP/1.1" 200 11801
186.155.65.103 - - [09/Feb/2023:05:22:35 -0500] "GET /portaldeninos/wp-content/themes/betheme/css/responsive.css?ver=20.9.6 HTTP/1.1" 200 55740
186.155.65.103 - - [09/Feb/2023:05:22:35 -0500] "GET /portaldeninos/wp-includes/js/jquery/jquery-migrate.min.js?ver=1.4.1 HTTP/1.1" 200 10056
186.155.65.103 - - [09/Feb/2023:05:22:35 -0500] "GET /portaldeninos/wp-includes/js/jquery/ui/core.min.js?ver=1.11.4 HTTP/1.1" 200 4000
186.155.65.103 - - [09/Feb/2023:05:22:35 -0500] "GET /portaldeninos/wp-content/plugins/gallery-videos/JS/modernizr.custom.js?ver=4.9.8 HTTP/1.1" 200 9019
186.155.65.103 - - [09/Feb/2023:05:22:35 -0500] "GET /portaldeninos/wp-content/plugins/gallery-videos/JS/Total-Soft-Gallery-Video-Widget.js?ver=4.9.8 HTTP/1.1" 200 80264
186.155.65.103 - - [09/Feb/2023:05:22:35 -0500] "GET /portaldeninos/wp-includes/js/jquery/jquery.js?ver=1.12.4 HTTP/1.1" 200 97184
186.155.65.103 - - [09/Feb/2023:05:22:35 -0500] "GET /portaldeninos/wp-includes/js/jquery/ui/widget.min.js?ver=1.11.4 HTTP/1.1" 200 6908
186.155.65.103 - - [09/Feb/2023:05:22:35 -0500] "GET /portaldeninos/wp-includes/js/jquery/ui/mouse.min.js?ver=1.11.4 HTTP/1.1" 200 3148
186.155.65.103 - - [09/Feb/2023:05:22:36 -0500] "GET /portaldeninos/wp-includes/js/jquery/ui/tabs.min.js?ver=1.11.4 HTTP/1.1" 200 12110
186.155.65.103 - - [09/Feb/2023:05:22:36 -0500] "GET /portaldeninos/wp-includes/js/jquery/ui/sortable.min.js?ver=1.11.4 HTTP/1.1" 200 24899
186.155.65.103 - - [09/Feb/2023:05:22:36 -0500] "GET /portaldeninos/wp-includes/js/jquery/ui/accordion.min.js?ver=1.11.4 HTTP/1.1" 200 8584
186.155.65.103 - - [09/Feb/2023:05:22:36 -0500] "GET /portaldeninos/wp-content/themes/betheme/js/menu.js?ver=20.9.6 HTTP/1.1" 200 2449
186.155.65.103 - - [09/Feb/2023:05:22:36 -0500] "GET /portaldeninos/wp-content/themes/betheme/assets/animations/animations.min.js?ver=20.9.6 HTTP/1.1" 200 1896
186.155.65.103 - - [09/Feb/2023:05:22:36 -0500] "GET /portaldeninos/wp-includes/js/jquery/ui/position.min.js?ver=1.11.4 HTTP/1.1" 200 6527
186.155.65.103 - - [09/Feb/2023:05:22:36 -0500] "GET /portaldeninos/wp-content/uploads/2019/08/Logo-Ambientic.png HTTP/1.1" 200 22941
186.155.65.103 - - [09/Feb/2023:05:22:36 -0500] "GET /portaldeninos/wp-includes/js/wp-embed.min.js?ver=4.9.8 HTTP/1.1" 200 1398
186.155.65.103 - - [09/Feb/2023:05:22:36 -0500] "GET /portaldeninos/wp-content/plugins/popup-maker/assets/js/site.min.js?defer&ver=1.8.14 HTTP/1.1" 200 48457
186.155.65.103 - - [09/Feb/2023:05:22:36 -0500] "GET /portaldeninos/wp-content/themes/betheme/js/scripts.js?ver=20.9.6 HTTP/1.1" 200 77162
186.155.65.103 - - [09/Feb/2023:05:22:36 -0500] "GET /portaldeninos/wp-content/themes/betheme/assets/jplayer/jplayer.min.js?ver=20.9.6 HTTP/1.1" 200 52702
186.155.65.103 - - [09/Feb/2023:05:22:36 -0500] "GET /portaldeninos/wp-content/themes/betheme/js/plugins.js?ver=20.9.6 HTTP/1.1" 200 197151
186.155.65.103 - - [09/Feb/2023:05:22:36 -0500] "GET /portaldeninos/wp-includes/js/wp-emoji-release.min.js?ver=4.9.8 HTTP/1.1" 200 12026
186.155.65.103 - - [09/Feb/2023:05:22:36 -0500] "GET /portaldeninos/wp-content/uploads/2021/06/titulo-cabezote-ni%C3%B1os.png HTTP/1.1" 200 64425
186.155.65.103 - - [09/Feb/2023:05:22:36 -0500] "GET /portaldeninos/wp-content/uploads/2021/06/titulo-miambiente-ni%C3%B1os.png HTTP/1.1" 200 11944
186.155.65.103 - - [09/Feb/2023:05:22:36 -0500] "GET /portaldeninos/wp-content/themes/betheme/fonts/mfn-icons.woff?93978679 HTTP/1.1" 200 80932
186.155.65.103 - - [09/Feb/2023:05:22:36 -0500] "GET /portaldeninos/wp-content/uploads/2021/06/titulo-videos-ni%C3%B1os.png HTTP/1.1" 200 10502
186.155.65.103 - - [09/Feb/2023:05:22:36 -0500] "GET /portaldeninos/wp-content/uploads/2021/06/titulo-humedales-ni%C3%B1os.png HTTP/1.1" 200 13361
186.155.65.103 - - [09/Feb/2023:05:22:36 -0500] "GET /portaldeninos/wp-content/uploads/2020/01/Tierra-escenario.jpg HTTP/1.1" 200 181491
186.155.65.103 - - [09/Feb/2023:05:22:36 -0500] "GET /portaldeninos/wp-content/uploads/2018/10/oso.jpg HTTP/1.1" 200 305180
186.155.65.103 - - [09/Feb/2023:05:22:36 -0500] "GET /portaldeninos/wp-content/uploads/2020/01/Frailejon-escenario.jpg HTTP/1.1" 200 357472
186.155.65.103 - - [09/Feb/2023:05:22:36 -0500] "GET /portaldeninos/wp-content/uploads/2018/11/caneca.jpg HTTP/1.1" 200 262661
186.155.65.103 - - [09/Feb/2023:05:22:36 -0500] "GET /portaldeninos/wp-content/uploads/2020/05/fb.jpg HTTP/1.1" 200 9893
