!C99Shell v. 1.0 pre-release build #13!

Software: Apache. PHP/5.5.15 

uname -a: Windows NT SVR-DMZ 6.1 build 7600 (Windows Server 2008 R2 Enterprise Edition) i586 

SYSTEM 

Safe-mode: OFF (not secure)

E:\nuevo\apache\logs\   drwxrwxrwx
Free 7.34 GB of 239.26 GB (3.07%)
Detected drives: [ a ] [ c ] [ d ] [ e ] [ f ]
Home    Back    Forward    UPDIR    Refresh    Search    Buffer    Encoder    Tools    Proc.    FTP brute    Sec.    SQL    PHP-code    Update    Feedback    Self remove    Logout    


Viewing file:     access.2023.02.09.log (14.22 MB)      -rw-rw-rw-
Select action/file-type:
(+) | (+) | (+) | Code (+) | Session (+) | (+) | SDB (+) | (+) | (+) | (+) | (+) | (+) |
216.245.221.92 - - [09/Feb/2023:00:00:13 -0500] "HEAD / HTTP/1.1" 200 -
172.22.2.4 - - [08/Feb/2023:23:59:04 -0500] "GET /BLA/boletinlegal/ HTTP/1.1" 200 57192
179.33.122.233 - - [09/Feb/2023:00:02:52 -0500] "GET /agendate-para-participar-en-las-caminatas-ecologicas-de-febrero.html HTTP/1.1" 200 830
201.245.192.253 - - [09/Feb/2023:00:02:54 -0500] "POST /kwsrmcab/Wsrmcab  HTTP/1.1" 200 213
216.245.221.92 - - [09/Feb/2023:00:05:13 -0500] "HEAD / HTTP/1.1" 200 -
172.22.2.4 - - [09/Feb/2023:00:04:04 -0500] "HEAD /BLA/boletinlegal/ HTTP/1.1" 200 -
172.22.2.4 - - [09/Feb/2023:00:04:54 -0500] "GET /BLA/boletinlegal/ HTTP/1.1" 200 59404
186.29.13.35 - - [09/Feb/2023:00:07:14 -0500] "POST /sipse/faces/presentacion/financiero/solicitudProceso/consultarSolicitudProceso.xhtml HTTP/1.1" 200 61178
186.29.13.35 - - [09/Feb/2023:00:07:15 -0500] "GET /sipse/faces/javax.faces.resource/theme.css?ln=primefaces-sipse HTTP/1.1" 304 -
186.29.13.35 - - [09/Feb/2023:00:07:15 -0500] "GET /sipse/faces/javax.faces.resource/primefaces.css?ln=primefaces&v=4.0 HTTP/1.1" 304 -
186.29.13.35 - - [09/Feb/2023:00:07:15 -0500] "GET /sipse/faces/javax.faces.resource/layout/layout.css?ln=primefaces&v=4.0 HTTP/1.1" 304 -
186.29.13.35 - - [09/Feb/2023:00:07:15 -0500] "GET /sipse/faces/javax.faces.resource/jquery/jquery.js?ln=primefaces&v=4.0 HTTP/1.1" 304 -
186.29.13.35 - - [09/Feb/2023:00:07:15 -0500] "GET /sipse/faces/javax.faces.resource/jquery/jquery-plugins.js?ln=primefaces&v=4.0 HTTP/1.1" 304 -
186.29.13.35 - - [09/Feb/2023:00:07:15 -0500] "GET /sipse/faces/javax.faces.resource/primefaces.js?ln=primefaces&v=4.0 HTTP/1.1" 304 -
186.29.13.35 - - [09/Feb/2023:00:07:15 -0500] "GET /sipse/faces/javax.faces.resource/layout/layout.js?ln=primefaces&v=4.0 HTTP/1.1" 304 -
186.29.13.35 - - [09/Feb/2023:00:07:15 -0500] "POST /sipse/faces/presentacion/financiero/solicitudProceso/listarSolicitudProceso.xhtml HTTP/1.1" 200 54519
186.29.13.35 - - [09/Feb/2023:00:07:15 -0500] "POST /sipse/faces/presentacion/financiero/solicitudProceso/listarSolicitudProceso.xhtml HTTP/1.1" 200 54519
186.29.13.35 - - [09/Feb/2023:00:07:16 -0500] "POST /sipse/faces/presentacion/financiero/solicitudProceso/listarSolicitudProceso.xhtml HTTP/1.1" 200 54519
157.55.39.117 - - [09/Feb/2023:00:07:16 -0500] "GET /bla/resoluciones/autos%202021/1907.pdf HTTP/1.1" 200 349970
186.29.13.35 - - [09/Feb/2023:00:07:16 -0500] "POST /sipse/faces/presentacion/financiero/solicitudProceso/listarSolicitudProceso.xhtml HTTP/1.1" 200 54519
186.29.13.35 - - [09/Feb/2023:00:07:17 -0500] "POST /sipse/faces/presentacion/financiero/solicitudProceso/listarSolicitudProceso.xhtml HTTP/1.1" 200 1556
186.29.13.35 - - [09/Feb/2023:00:07:17 -0500] "POST /sipse/faces/presentacion/financiero/solicitudProceso/listarSolicitudProceso.xhtml HTTP/1.1" 200 1552
186.29.13.35 - - [09/Feb/2023:00:07:17 -0500] "POST /sipse/faces/presentacion/financiero/solicitudProceso/listarSolicitudProceso.xhtml HTTP/1.1" 200 1564
186.29.13.35 - - [09/Feb/2023:00:07:17 -0500] "POST /sipse/faces/presentacion/financiero/solicitudProceso/listarSolicitudProceso.xhtml HTTP/1.1" 200 1552
186.29.13.35 - - [09/Feb/2023:00:07:17 -0500] "POST /sipse/faces/presentacion/financiero/solicitudProceso/listarSolicitudProceso.xhtml HTTP/1.1" 200 1560
186.29.13.35 - - [09/Feb/2023:00:07:19 -0500] "POST /sipse/faces/presentacion/financiero/solicitudProceso/listarSolicitudProceso.xhtml HTTP/1.1" 200 31758
173.252.83.12 - - [09/Feb/2023:00:07:22 -0500] "GET /images/Secretarias%20Fondo%20carga%206%20de%20febrero.jpeg HTTP/1.1" 200 55460
186.29.13.35 - - [09/Feb/2023:00:07:27 -0500] "POST /sipse/faces/presentacion/financiero/solicitudProceso/listarSolicitudProceso.xhtml HTTP/1.1" 200 60911
201.245.192.253 - - [09/Feb/2023:00:07:52 -0500] "POST /kwsrmcab/Wsrmcab  HTTP/1.1" 200 213
157.55.39.117 - - [09/Feb/2023:00:08:16 -0500] "GET / HTTP/1.1" 200 319
186.29.13.35 - - [09/Feb/2023:00:09:18 -0500] "POST /sipse/faces/presentacion/financiero/solicitudProceso/listarSolicitudProceso.xhtml HTTP/1.1" 200 141765
186.29.13.35 - - [09/Feb/2023:00:09:19 -0500] "GET /sipse/faces/javax.faces.resource/theme.css?ln=primefaces-sipse HTTP/1.1" 304 -
186.29.13.35 - - [09/Feb/2023:00:09:19 -0500] "GET /sipse/faces/javax.faces.resource/primefaces.css?ln=primefaces&v=4.0 HTTP/1.1" 304 -
186.29.13.35 - - [09/Feb/2023:00:09:19 -0500] "GET /sipse/faces/javax.faces.resource/layout/layout.css?ln=primefaces&v=4.0 HTTP/1.1" 304 -
186.29.13.35 - - [09/Feb/2023:00:09:19 -0500] "GET /sipse/faces/javax.faces.resource/jquery/jquery.js?ln=primefaces&v=4.0 HTTP/1.1" 304 -
186.29.13.35 - - [09/Feb/2023:00:09:19 -0500] "GET /sipse/faces/javax.faces.resource/jquery/jquery-plugins.js?ln=primefaces&v=4.0 HTTP/1.1" 304 -
186.29.13.35 - - [09/Feb/2023:00:09:19 -0500] "GET /sipse/faces/javax.faces.resource/primefaces.js?ln=primefaces&v=4.0 HTTP/1.1" 304 -
186.29.13.35 - - [09/Feb/2023:00:09:19 -0500] "GET /sipse/faces/javax.faces.resource/layout/layout.js?ln=primefaces&v=4.0 HTTP/1.1" 304 -
186.29.13.35 - - [09/Feb/2023:00:09:20 -0500] "GET /sipse/faces/javax.faces.resource/dynamiccontent.properties?ln=primefaces&pfdrid=XjOR5%2F%2FfPAZAuY9TpWQeCiM0BhlXxYRBGKi%2FQcXXfeA%3D&pfdrid_c=false HTTP/1.1" 500 383
173.252.107.5 - - [09/Feb/2023:00:09:28 -0500] "GET /images/pieza-grafica-cronograma-rio-bog.jpg HTTP/1.1" 200 293470
173.252.107.3 - - [09/Feb/2023:00:09:29 -0500] "GET /images/pieza-grafica-cronograma-rio-bog.jpg HTTP/1.1" 200 293470
186.29.13.35 - - [09/Feb/2023:00:09:51 -0500] "POST /sipse/faces/presentacion/financiero/solicitudProceso/consultarSolicitudProceso.xhtml HTTP/1.1" 200 196067
216.245.221.92 - - [09/Feb/2023:00:10:13 -0500] "HEAD / HTTP/1.1" 200 -
66.249.64.45 - - [09/Feb/2023:00:10:33 -0500] "-" 408 -
172.22.2.4 - - [09/Feb/2023:00:09:54 -0500] "HEAD /BLA/boletinlegal/ HTTP/1.1" 200 -
172.22.2.4 - - [09/Feb/2023:00:10:45 -0500] "GET /BLA/boletinlegal/ HTTP/1.1" 200 59035
201.245.192.253 - - [09/Feb/2023:00:12:51 -0500] "POST /kwsrmcab/Wsrmcab  HTTP/1.1" 200 213
107.170.247.19 - - [09/Feb/2023:00:13:05 -0500] "MGLNDD_190.27.245.106_80" 501 953
186.154.38.246 - - [09/Feb/2023:00:13:22 -0500] "GET /agendate-para-participar-en-las-caminatas-ecologicas-de-febrero.html HTTP/1.1" 304 -
66.220.149.14 - - [09/Feb/2023:00:14:03 -0500] "GET /images/2%20de%20febrero%20liberaci\xc3\xb3n%20Tunjo.jpeg HTTP/1.1" 404 1034
157.55.39.142 - - [09/Feb/2023:00:15:06 -0500] "GET /bla/resoluciones/autos%202021/2988.pdf HTTP/1.1" 200 398415
216.245.221.92 - - [09/Feb/2023:00:15:13 -0500] "HEAD / HTTP/1.1" 200 -
52.167.144.97 - - [09/Feb/2023:00:15:24 -0500] "GET /bla/resoluciones/autos%202021/2201.pdf HTTP/1.1" 200 708918
31.148.131.143 - - [09/Feb/2023:00:15:36 -0500] "GET /BLA/resoluciones/AUTOS%202021/4032.pdf HTTP/1.1" 200 372021
186.29.13.35 - - [09/Feb/2023:00:16:21 -0500] "POST /sipse/faces/presentacion/financiero/solicitudProceso/consultarSolicitudProceso.xhtml HTTP/1.1" 200 188355
186.29.13.35 - - [09/Feb/2023:00:16:21 -0500] "GET /sipse/faces/javax.faces.resource/theme.css?ln=primefaces-sipse HTTP/1.1" 304 -
186.29.13.35 - - [09/Feb/2023:00:16:21 -0500] "GET /sipse/faces/javax.faces.resource/primefaces.css?ln=primefaces&v=4.0 HTTP/1.1" 304 -
186.29.13.35 - - [09/Feb/2023:00:16:21 -0500] "GET /sipse/faces/javax.faces.resource/jquery/jquery-plugins.js?ln=primefaces&v=4.0 HTTP/1.1" 304 -
186.29.13.35 - - [09/Feb/2023:00:16:21 -0500] "GET /sipse/faces/javax.faces.resource/layout/layout.css?ln=primefaces&v=4.0 HTTP/1.1" 304 -
186.29.13.35 - - [09/Feb/2023:00:16:21 -0500] "GET /sipse/faces/javax.faces.resource/jquery/jquery.js?ln=primefaces&v=4.0 HTTP/1.1" 304 -
186.29.13.35 - - [09/Feb/2023:00:16:21 -0500] "GET /sipse/faces/javax.faces.resource/primefaces.js?ln=primefaces&v=4.0 HTTP/1.1" 304 -
186.29.13.35 - - [09/Feb/2023:00:16:21 -0500] "GET /sipse/faces/javax.faces.resource/layout/layout.js?ln=primefaces&v=4.0 HTTP/1.1" 304 -
186.29.13.35 - - [09/Feb/2023:00:16:22 -0500] "GET /sipse/css/imagen/contrasena.png HTTP/1.1" 404 383
186.29.13.35 - - [09/Feb/2023:00:16:22 -0500] "GET /sipse/faces/javax.faces.resource/images/ui-icons_898989_256x240.png?ln=primefaces-aristo HTTP/1.1" 304 -
186.29.13.35 - - [09/Feb/2023:00:16:22 -0500] "GET /sipse/faces/javax.faces.resource/dynamiccontent.properties?ln=primefaces&pfdrid=XjOR5%2F%2FfPAZAuY9TpWQeCiM0BhlXxYRBGKi%2FQcXXfeA%3D&pfdrid_c=false HTTP/1.1" 500 383
43.252.30.45 - - [09/Feb/2023:00:16:37 -0500] "GET /incendios-forestales-como-prevenirlos-y-aportar-al-cuidado-de-los-ecosistemas.html HTTP/1.1" 200 883
207.46.13.10 - - [09/Feb/2023:00:16:40 -0500] "GET /bla/resoluciones/autos%202021/3409.pdf HTTP/1.1" 200 713026
40.77.167.251 - - [09/Feb/2023:00:17:09 -0500] "GET /bla/resoluciones/autos%202021/4886.pdf HTTP/1.1" 200 353590
186.29.13.35 - - [09/Feb/2023:00:17:24 -0500] "GET /sipse/faces/javax.faces.resource/images/ui-bg_flat_0_2d5972_40x100.png?ln=primefaces-aristo HTTP/1.1" 304 -
172.22.2.4 - - [09/Feb/2023:00:15:44 -0500] "HEAD /BLA/boletinlegal/ HTTP/1.1" 200 -
186.29.13.35 - - [09/Feb/2023:00:17:24 -0500] "POST /sipse/faces/presentacion/financiero/solicitudProceso/consultarSolicitudProceso.xhtml HTTP/1.1" 200 61685
186.29.13.35 - - [09/Feb/2023:00:17:26 -0500] "GET /sipse/faces/javax.faces.resource/theme.css?ln=primefaces-sipse HTTP/1.1" 304 -
186.29.13.35 - - [09/Feb/2023:00:17:26 -0500] "GET /sipse/faces/javax.faces.resource/primefaces.css?ln=primefaces&v=4.0 HTTP/1.1" 304 -
186.29.13.35 - - [09/Feb/2023:00:17:26 -0500] "GET /sipse/faces/javax.faces.resource/layout/layout.css?ln=primefaces&v=4.0 HTTP/1.1" 304 -
186.29.13.35 - - [09/Feb/2023:00:17:26 -0500] "GET /sipse/faces/javax.faces.resource/jquery/jquery.js?ln=primefaces&v=4.0 HTTP/1.1" 304 -
186.29.13.35 - - [09/Feb/2023:00:17:26 -0500] "GET /sipse/faces/javax.faces.resource/jquery/jquery-plugins.js?ln=primefaces&v=4.0 HTTP/1.1" 304 -
186.29.13.35 - - [09/Feb/2023:00:17:27 -0500] "GET /sipse/faces/javax.faces.resource/primefaces.js?ln=primefaces&v=4.0 HTTP/1.1" 304 -
186.29.13.35 - - [09/Feb/2023:00:17:27 -0500] "GET /sipse/faces/javax.faces.resource/layout/layout.js?ln=primefaces&v=4.0 HTTP/1.1" 304 -
186.29.13.35 - - [09/Feb/2023:00:17:27 -0500] "GET /sipse/faces/javax.faces.resource/messages/messages.png?ln=primefaces&v=4.0 HTTP/1.1" 304 -
186.29.13.35 - - [09/Feb/2023:00:17:27 -0500] "POST /sipse/faces/presentacion/financiero/solicitudProceso/listarSolicitudProceso.xhtml HTTP/1.1" 200 1556
186.29.13.35 - - [09/Feb/2023:00:17:28 -0500] "POST /sipse/faces/presentacion/financiero/solicitudProceso/listarSolicitudProceso.xhtml HTTP/1.1" 200 54519
186.29.13.35 - - [09/Feb/2023:00:17:29 -0500] "POST /sipse/faces/presentacion/financiero/solicitudProceso/listarSolicitudProceso.xhtml HTTP/1.1" 200 54519
186.29.13.35 - - [09/Feb/2023:00:17:29 -0500] "POST /sipse/faces/presentacion/financiero/solicitudProceso/listarSolicitudProceso.xhtml HTTP/1.1" 200 1556
186.29.13.35 - - [09/Feb/2023:00:17:29 -0500] "POST /sipse/faces/presentacion/financiero/solicitudProceso/listarSolicitudProceso.xhtml HTTP/1.1" 200 1552
186.29.13.35 - - [09/Feb/2023:00:17:33 -0500] "POST /sipse/faces/presentacion/financiero/solicitudProceso/listarSolicitudProceso.xhtml HTTP/1.1" 200 60539
186.168.248.0 - - [09/Feb/2023:00:17:38 -0500] "GET /kwssiamovil/sm/acme/a?s=U2FsdGVkX192BuSP0ToUlPKM3A2RyAGHX3yJ944B3ECotiEavBPYAu48StRPXth3ZxazzE5S4lo4z23dapnkKlkGg5Uo2k5Jusj2+1Bz2kCB0xnTpVnjrpkApkkES+o6LaVoL+3he9Km8u2oBZ4gBQXamppI+6asKFlZLrZFsunylcyQas0uTZULeIJozGgOVZmStD910+4tiO15WTejIvFsIiSSmE8BDzzTz923cSzVvexkZZIgAgxdEFiUkx1mLRfMhTID16KKabzaoXN+BA==&u=U2FsdGVkX18NB1O5kJDMGfnzgTtSvbe7YVzcK69eAkk=&y=U2FsdGVkX197W03xHKpXGswCfEtoeC5gzJq8qKEkBgNPyqiF8q/7SpiwArUUWtyj HTTP/1.1" 200 26
186.168.248.0 - - [09/Feb/2023:00:17:38 -0500] "GET /kwssiamovil/sm/acme/a?s=U2FsdGVkX1+kv+ubIgJNa4e2Np80IYWJBVqMTaXZIgQ0tuP5A597UC5lDq934gxUSwEu7M0qqulgr8LIFQEc3EfJBwF2caxUfa7nN1kK5kxWcWh3Gxtw3Mq5joCtfKDDDDdFzJym6kJ5iv/qb9p/Oa8Lg9C2cHHRSSYR+OuSngk7FhL1tfdFQZWbcaxb8hBV8e2uPLm6Q6FNw89ZwWnnDft9JJ2ngOxhJ1LnEVRQRzN2TV6zfGO8EJqjANJ1JVFBM6mVy+x9WsGUZo/8c9xACuHdmSck1spAAI828i/Tzu0Z9muD6YU2ZTAbdwPYk0Hdpc3MIbBIUi7Ylp7d+30CG2mS+SfEqPxu+8py3Ee18Lqlt51rAtzRzdrNtkdVx2PSzZL/+fPllDkBMUWLqO620lRwJEv5IXWM70zYvwPsALAlPjvuar0n/sAbrkc+h6vWwqTeTDv1g/dx0EN8Nj5CxCyaZxtNLMAF0yL+7065LxlvG9cfT4RNyflPSgptcqIKwUFrbvmJzbVa5ljgVs/ky96i4in82bSCleasF80K+yngE/Z8FVrd9Dq93UQsr1e6AQAyGuO0gQZXMrsAkwlX8IhF3DYOGZ7n/nU2Uv4vkRR22xVKb3CASRWCNbVUx/Q1aofAWIYlIKL9gAMVWQtIKyP2y0tSdJd86NzySM/yRhTyibu1pU77NwGKIZb8ZTDJAIvhem2tYNl9E+wE5NUO7TYOQ0hnjA+gEbswbuYHkSET46jQazSvunGxRdHTXLRijzTCT6pqrCN50Eg5gl0lVmB1FlW2iOqghYzIC8C3iiAMghyf91wtF2dEi0u+aGBYnNqELDELbI0hirwc2ePhDvJT8LCEYxplAgMaeM1chgoeJiAjUw+mnoZ/9xPyZ/JtMzFi2q0oWKIHunnzb3ZUPBElCbRt0uKhSww6M4orKz3QebgY63wv4wG+bYFyXpgmeXQep/152/7d5MpQsuOX8KMOVIKYoIQw6KEG49amqnEzl5rvaRVOsHczKCG8iheV/ewcqbYUhy4id5I26Cww9eVt7OXgEIKCO/wmoMfeJjDlWGQnVr3R2HbxsRdYaD/DjBqFA3EgHVL+8hnAqjd5HkysyVKOpiWAhVyi+zwYIWHoWVeD0DrWrXPnRPHZgj0P5Q4kmvUyasX+GOGGu+g35O7gzETSMFJhGb9DOfqoEZ21PNGDcq4aPX3oQEmttMHiJOXETPmZ+bViFg7CP6QQZNz1ABdYWt42PKQubi7myoGXjy/jCCqL0XxFRPYE6gRonVFTcBhOFoHwVLBEm+KiUNl6IYtspQtqeLMLSpjGWW4jOZkB23bZfdLmD445mpnYCv1Bwa+J/CySEJ1Naf6iueQEQSdMLxMJW1NnJ5Fsz+/RTj0dlVMgQoP7A2O2AkBT1BeFFgZbqxVX5ZrQ6eyeuEFS3U+UQvGRk0EV7bf9Q5GuBwAjXuA1ly3LGGlMNww82q7UfK5k9NbOTVaWtvRoa4VJ//eJjc13OUpzYmr3pQUEhApPU6CSwUvWDG8ONfRA0dkyhwwPW8Bk7bor6eHuhg7FhSw/HsNPnx6KAV8BvUytwgJREzxEwWdWPnVua4BTLmtAxl5CiFxZ3/kjLvI0jf039ccVitr1GfBpMW/7NNJwn6iYgNNxKU5pnMpXifH7l94Zx8yTwpNbEouuqkaMb61hc2OzqlB/u9rjm5WLKy5yFtjKTOZ739wCaKqZ68ySJ+ZjE52/hed2Klxqv6FsqdafNNHTu2airLF7a4lr8oqVkVt7DsZIDZ+abzLMMITeWlVEMgUJx7NpP4yPqaaW7IDgeX/vGhDTjnpMkjk2KpJEBKZaEsdao0WpIsSZXKWCb5Pl0JInls1cy8mC7+dzlNTGuvM5989Tq+B8P6SyBea/7t89iKanjHWCCu0YgLuBSK3qV2jkNptZVVrTbWRIqxhMbdaO2OThM65sQiyQrr7+w4Amo1p69SPu7gUWrkEb2aErBnVCwafJFw6xCQQF65vwhIpuwYwMq7vM9VXyKMhc7kN/jbgaXJV0bhpWego7kbG02JOGlo+3G8gxC6iqOnT24jK8udTprquKMh0cWFPg5xxoph/lkSbP5DZlvQtOId48UEjYgrugKFKwA8xJ6xvZwJvHbjEldiNtug3mY0Al741g+9tolAFzTWGT4ZrbSEyrEpSkW7gyU5vACh+W0R7lJuGOyD0k9aObbZy/eZqbZaI3xmoQhCo91bINTQeRYyJQNEtk8WnxCvQxmHAtIyPhR+hR88nVDo0MdAkWAe9U1qfupodd3sXlVmMqKKweo6PISOR1ilHcuRAPjN4oVTst59kesI9/am3Z0YMOdyeFpv3JiSQevoOzbxeVkOL6gg5eTjB3enLm9y82sgMVKtVNOYgIW933e2gPEbkatvcj9EFe7L5oNezOxKnP67n1x9kgpqlUfjCeftKAdueD4wWj81UH66EqZ0WGrEFFTbAdXM/JP4hfVCNsfTUQTTaLYY4wbb0cwIjQBbh0/cY8JY7PY5J6MOWEUrXF2dpwP43LsE+XLlzrBix24kwWV21Zfh/qXAhCGWcLhoGelSkbQOXSsgu02gUC3gIJNbSarS5NywWAbKqeG6jJt2qgr+oRHXUjmc3MFzhSttwpHGVR343fuCnuGRFhKIPyZRmh1/KtOpWBu4eXuniRgMyE8nmSaJVmC41YrsJfupEcmOOEveY9K/QeVEkSeDUc29e7r8UBNtCw1s4zOtkNnCf8EhbOPfMe1VU883fmNd+O6HNqW+WYCOiu0pw2/q84hrDTx5QPsXwoeAX/LQEoz2MJa8D4zRyIonJbQRdmz2M7eQnEJGzF+8N7CfyQufQvANtjSlLFsoSFAcDqLmput3rYr7jj1yp4z8uPOrUeZDevCkH+N3gJxNnEFrA2LDs9eySk0u7KPZvNNkbON/d5gHp6KOxnip75EshOvvHXhnL81A2P1A==&u=U2FsdGVkX18NB1O5kJDMGfnzgTtSvbe7YVzcK69eAkk=&y=U2FsdGVkX197W03xHKpXGswCfEtoeC5gzJq8qKEkBgNPyqiF8q/7SpiwArUUWtyj HTTP/1.1" 200 26
186.168.248.0 - - [09/Feb/2023:00:17:39 -0500] "GET /kwssiamovil/sm/acme/a?s=U2FsdGVkX1/ldTKyRPGXlEMQ1NpqsCemnerFFKDr7d1pgYk6hkzj4oPUVHKYPdbaZZ/DIuIC402IzRbdJS8hEMbT30g1xcZt3mP4p8ydQ/sR9CDwdIwyGIk/2mz5ESGTlJ5aXTqmd6Q//liR7vtUaFgtoVd43nXOpN1HCITX50k=&u=U2FsdGVkX18NB1O5kJDMGfnzgTtSvbe7YVzcK69eAkk=&y=U2FsdGVkX197W03xHKpXGswCfEtoeC5gzJq8qKEkBgNPyqiF8q/7SpiwArUUWtyj HTTP/1.1" 200 26
186.168.248.0 - - [09/Feb/2023:00:17:39 -0500] "GET /kwssiamovil/sm/acme/a?s=U2FsdGVkX18dpmx9XrKd88XCANeekQhXZwQjKfulrt+4+BFcM98eiaQ8abyQPEq1FoWgZMPZEm7CQ84HVxuckh+wTIykU07hdOlw0B6yNRyxcDGnuIAiH13P1uGD3W3vaUZsNUDFulS3PREXWLFRjQNIHS7bgbSiZZcdiNVdUJw=&u=U2FsdGVkX18NB1O5kJDMGfnzgTtSvbe7YVzcK69eAkk=&y=U2FsdGVkX197W03xHKpXGswCfEtoeC5gzJq8qKEkBgNPyqiF8q/7SpiwArUUWtyj HTTP/1.1" 200 26
186.168.248.0 - - [09/Feb/2023:00:17:40 -0500] "GET /kwssiamovil/sm/acme/a?s=U2FsdGVkX1/j+lZKQbhDVRZQhLENhpaZnMSeuto8FeENDYglLynpJSXWtLnMbTe5RB8n/16gMhvyRSCLHakAwqdbSRpRA5th1nIkC8AV3cNjU7ZpFMpTfWrMx8XgXDvW7RjFg67fTrg0HrwJefDBI8i+ck34njQ7XTwNGm/DI+0=&u=U2FsdGVkX18NB1O5kJDMGfnzgTtSvbe7YVzcK69eAkk=&y=U2FsdGVkX197W03xHKpXGswCfEtoeC5gzJq8qKEkBgNPyqiF8q/7SpiwArUUWtyj HTTP/1.1" 200 26
186.168.248.0 - - [09/Feb/2023:00:17:40 -0500] "GET /kwssiamovil/sm/acme/a?s=U2FsdGVkX1/RnfKi0/ieMgJBHeLdg9g8Ltj1v6zlXVOWv8lCBIup7jvBbzhqnTByvSfvf3JRTdjFZyokbqTO3uPLTJxXT3OBagc9655yZJPq2SmtkGKUJ+tFpvI5DFsSRHnKz2Bkdt4Mmfm0jz9p8BQ7Ng2bd1Pq2jwkOae4S1YJTt0qw+0MJgTPCgpinwXaRRxc2FCzbYoFjyiakNBVVA==&u=U2FsdGVkX18NB1O5kJDMGfnzgTtSvbe7YVzcK69eAkk=&y=U2FsdGVkX197W03xHKpXGswCfEtoeC5gzJq8qKEkBgNPyqiF8q/7SpiwArUUWtyj HTTP/1.1" 200 26
201.245.192.253 - - [09/Feb/2023:00:17:50 -0500] "POST /kwsrmcab/Wsrmcab  HTTP/1.1" 200 213
192.133.77.17 - - [09/Feb/2023:00:18:00 -0500] "GET /images/foto%202.jpg HTTP/1.1" 200 63300
79.110.73.109 - - [09/Feb/2023:00:18:06 -0500] "GET /BLA/resoluciones/RESOLUCIONES%202022/3937.pdf HTTP/1.1" 200 433016
172.22.2.4 - - [09/Feb/2023:00:16:35 -0500] "GET /BLA/boletinlegal/ HTTP/1.1" 200 57192
186.29.13.35 - - [09/Feb/2023:00:18:26 -0500] "POST /sipse/faces/presentacion/financiero/solicitudProceso/listarSolicitudProceso.xhtml HTTP/1.1" 200 148985
186.29.13.35 - - [09/Feb/2023:00:18:27 -0500] "GET /sipse/faces/javax.faces.resource/theme.css?ln=primefaces-sipse HTTP/1.1" 304 -
186.29.13.35 - - [09/Feb/2023:00:18:27 -0500] "GET /sipse/faces/javax.faces.resource/primefaces.css?ln=primefaces&v=4.0 HTTP/1.1" 304 -
186.29.13.35 - - [09/Feb/2023:00:18:27 -0500] "GET /sipse/faces/javax.faces.resource/layout/layout.css?ln=primefaces&v=4.0 HTTP/1.1" 304 -
186.29.13.35 - - [09/Feb/2023:00:18:27 -0500] "GET /sipse/faces/javax.faces.resource/jquery/jquery.js?ln=primefaces&v=4.0 HTTP/1.1" 304 -
186.29.13.35 - - [09/Feb/2023:00:18:27 -0500] "GET /sipse/faces/javax.faces.resource/jquery/jquery-plugins.js?ln=primefaces&v=4.0 HTTP/1.1" 304 -
186.29.13.35 - - [09/Feb/2023:00:18:27 -0500] "GET /sipse/faces/javax.faces.resource/primefaces.js?ln=primefaces&v=4.0 HTTP/1.1" 304 -
186.29.13.35 - - [09/Feb/2023:00:18:27 -0500] "GET /sipse/faces/javax.faces.resource/layout/layout.js?ln=primefaces&v=4.0 HTTP/1.1" 304 -
186.29.13.35 - - [09/Feb/2023:00:18:28 -0500] "GET /sipse/faces/javax.faces.resource/dynamiccontent.properties?ln=primefaces&pfdrid=XjOR5%2F%2FfPAZAuY9TpWQeCiM0BhlXxYRBGKi%2FQcXXfeA%3D&pfdrid_c=false HTTP/1.1" 500 383
201.245.192.253 - - [09/Feb/2023:00:18:32 -0500] "POST /kwsrmcab/Wsrmcab HTTP/1.1" 200 42030
201.245.192.253 - - [09/Feb/2023:00:18:35 -0500] "POST /kwsrmcab/Wsrmcab HTTP/1.1" 200 41088
186.29.13.35 - - [09/Feb/2023:00:19:17 -0500] "POST /sipse/faces/presentacion/financiero/solicitudProceso/consultarSolicitudProceso.xhtml HTTP/1.1" 200 5514
66.249.64.45 - - [09/Feb/2023:00:20:01 -0500] "-" 408 -
216.245.221.92 - - [09/Feb/2023:00:20:13 -0500] "HEAD / HTTP/1.1" 200 -
31.148.131.145 - - [09/Feb/2023:00:22:16 -0500] "GET /BLA/resoluciones/AUTOS%202021/0461.pdf HTTP/1.1" 200 431829
52.167.144.97 - - [09/Feb/2023:00:22:34 -0500] "GET /bla/resoluciones/autos%202021/4156.pdf HTTP/1.1" 200 349568
201.245.192.253 - - [09/Feb/2023:00:22:49 -0500] "POST /kwsrmcab/Wsrmcab  HTTP/1.1" 200 213
172.22.2.4 - - [09/Feb/2023:00:21:34 -0500] "HEAD /BLA/boletinlegal/ HTTP/1.1" 200 -
172.22.2.4 - - [09/Feb/2023:00:22:24 -0500] "GET /BLA/boletinlegal/ HTTP/1.1" 200 54816
186.29.13.35 - - [09/Feb/2023:00:24:40 -0500] "POST /sipse/faces/presentacion/financiero/solicitudProceso/consultarSolicitudProceso.xhtml HTTP/1.1" 200 197328
186.29.13.35 - - [09/Feb/2023:00:24:40 -0500] "GET /sipse/faces/javax.faces.resource/theme.css?ln=primefaces-sipse HTTP/1.1" 304 -
186.29.13.35 - - [09/Feb/2023:00:24:40 -0500] "GET /sipse/faces/javax.faces.resource/layout/layout.css?ln=primefaces&v=4.0 HTTP/1.1" 304 -
186.29.13.35 - - [09/Feb/2023:00:24:40 -0500] "GET /sipse/faces/javax.faces.resource/primefaces.css?ln=primefaces&v=4.0 HTTP/1.1" 304 -
186.29.13.35 - - [09/Feb/2023:00:24:40 -0500] "GET /sipse/faces/javax.faces.resource/jquery/jquery.js?ln=primefaces&v=4.0 HTTP/1.1" 304 -
186.29.13.35 - - [09/Feb/2023:00:24:40 -0500] "GET /sipse/faces/javax.faces.resource/jquery/jquery-plugins.js?ln=primefaces&v=4.0 HTTP/1.1" 304 -
186.29.13.35 - - [09/Feb/2023:00:24:40 -0500] "GET /sipse/faces/javax.faces.resource/primefaces.js?ln=primefaces&v=4.0 HTTP/1.1" 304 -
186.29.13.35 - - [09/Feb/2023:00:24:40 -0500] "GET /sipse/faces/javax.faces.resource/layout/layout.js?ln=primefaces&v=4.0 HTTP/1.1" 304 -
186.29.13.35 - - [09/Feb/2023:00:24:41 -0500] "GET /sipse/faces/javax.faces.resource/images/ui-icons_898989_256x240.png?ln=primefaces-aristo HTTP/1.1" 304 -
186.29.13.35 - - [09/Feb/2023:00:24:41 -0500] "GET /sipse/css/imagen/contrasena.png HTTP/1.1" 404 383
186.29.13.35 - - [09/Feb/2023:00:24:45 -0500] "GET /sipse/faces/javax.faces.resource/images/ui-bg_flat_0_2d5972_40x100.png?ln=primefaces-aristo HTTP/1.1" 304 -
186.29.13.35 - - [09/Feb/2023:00:24:45 -0500] "POST /sipse/faces/presentacion/financiero/solicitudProceso/consultarSolicitudProceso.xhtml HTTP/1.1" 200 61685
186.29.13.35 - - [09/Feb/2023:00:24:48 -0500] "GET /sipse/faces/javax.faces.resource/theme.css?ln=primefaces-sipse HTTP/1.1" 304 -
186.29.13.35 - - [09/Feb/2023:00:24:48 -0500] "GET /sipse/faces/javax.faces.resource/primefaces.css?ln=primefaces&v=4.0 HTTP/1.1" 304 -
186.29.13.35 - - [09/Feb/2023:00:24:48 -0500] "GET /sipse/faces/javax.faces.resource/layout/layout.css?ln=primefaces&v=4.0 HTTP/1.1" 304 -
186.29.13.35 - - [09/Feb/2023:00:24:48 -0500] "GET /sipse/faces/javax.faces.resource/jquery/jquery.js?ln=primefaces&v=4.0 HTTP/1.1" 304 -
186.29.13.35 - - [09/Feb/2023:00:24:48 -0500] "GET /sipse/faces/javax.faces.resource/jquery/jquery-plugins.js?ln=primefaces&v=4.0 HTTP/1.1" 304 -
186.29.13.35 - - [09/Feb/2023:00:24:48 -0500] "GET /sipse/faces/javax.faces.resource/primefaces.js?ln=primefaces&v=4.0 HTTP/1.1" 304 -
186.29.13.35 - - [09/Feb/2023:00:24:48 -0500] "GET /sipse/faces/javax.faces.resource/layout/layout.js?ln=primefaces&v=4.0 HTTP/1.1" 304 -
186.29.13.35 - - [09/Feb/2023:00:24:48 -0500] "GET /sipse/faces/javax.faces.resource/messages/messages.png?ln=primefaces&v=4.0 HTTP/1.1" 304 -
186.29.13.35 - - [09/Feb/2023:00:24:48 -0500] "POST /sipse/faces/presentacion/financiero/solicitudProceso/listarSolicitudProceso.xhtml HTTP/1.1" 200 1556
186.29.13.35 - - [09/Feb/2023:00:24:57 -0500] "POST /sipse/faces/presentacion/financiero/solicitudProceso/listarSolicitudProceso.xhtml HTTP/1.1" 200 31458
186.29.13.35 - - [09/Feb/2023:00:25:02 -0500] "POST /sipse/faces/presentacion/financiero/solicitudProceso/listarSolicitudProceso.xhtml HTTP/1.1" 200 54697
216.245.221.92 - - [09/Feb/2023:00:25:13 -0500] "HEAD / HTTP/1.1" 200 -
186.29.13.35 - - [09/Feb/2023:00:26:04 -0500] "POST /sipse/faces/presentacion/financiero/solicitudProceso/listarSolicitudProceso.xhtml HTTP/1.1" 200 157990
186.29.13.35 - - [09/Feb/2023:00:26:05 -0500] "GET /sipse/faces/javax.faces.resource/theme.css?ln=primefaces-sipse HTTP/1.1" 304 -
186.29.13.35 - - [09/Feb/2023:00:26:05 -0500] "GET /sipse/faces/javax.faces.resource/primefaces.css?ln=primefaces&v=4.0 HTTP/1.1" 304 -
186.29.13.35 - - [09/Feb/2023:00:26:05 -0500] "GET /sipse/faces/javax.faces.resource/layout/layout.css?ln=primefaces&v=4.0 HTTP/1.1" 304 -
186.29.13.35 - - [09/Feb/2023:00:26:05 -0500] "GET /sipse/faces/javax.faces.resource/jquery/jquery.js?ln=primefaces&v=4.0 HTTP/1.1" 304 -
186.29.13.35 - - [09/Feb/2023:00:26:05 -0500] "GET /sipse/faces/javax.faces.resource/jquery/jquery-plugins.js?ln=primefaces&v=4.0 HTTP/1.1" 304 -
186.29.13.35 - - [09/Feb/2023:00:26:05 -0500] "GET /sipse/faces/javax.faces.resource/primefaces.js?ln=primefaces&v=4.0 HTTP/1.1" 304 -
186.29.13.35 - - [09/Feb/2023:00:26:05 -0500] "GET /sipse/faces/javax.faces.resource/layout/layout.js?ln=primefaces&v=4.0 HTTP/1.1" 304 -
192.133.77.17 - - [09/Feb/2023:00:26:37 -0500] "-" 408 -
192.133.77.14 - - [09/Feb/2023:00:26:38 -0500] "-" 408 -
79.110.72.218 - - [09/Feb/2023:00:26:47 -0500] "GET /BLA/resoluciones/AUTOS%202021/6010.pdf HTTP/1.1" 200 371804
186.29.13.35 - - [09/Feb/2023:00:27:49 -0500] "POST /sipse/faces/presentacion/financiero/solicitudProceso/consultarSolicitudProceso.xhtml HTTP/1.1" 200 161152
201.245.192.253 - - [09/Feb/2023:00:27:48 -0500] "POST /kwsrmcab/Wsrmcab  HTTP/1.1" 200 213
186.29.13.35 - - [09/Feb/2023:00:28:15 -0500] "POST /sipse/faces/presentacion/financiero/solicitudProceso/consultarSolicitudProceso.xhtml HTTP/1.1" 200 168540
201.245.192.253 - - [09/Feb/2023:00:28:32 -0500] "POST /kwsrmcab/Wsrmcab HTTP/1.1" 200 42030
201.245.192.253 - - [09/Feb/2023:00:28:35 -0500] "POST /kwsrmcab/Wsrmcab HTTP/1.1" 200 41088
66.249.64.45 - - [09/Feb/2023:00:28:47 -0500] "-" 408 -
186.29.13.35 - - [09/Feb/2023:00:28:55 -0500] "POST /sipse/faces/presentacion/financiero/solicitudProceso/consultarSolicitudProceso.xhtml HTTP/1.1" 200 237441
172.22.2.4 - - [09/Feb/2023:00:29:01 -0500] "GET /BLA/boletinlegal/Directivas/2013/Directiva%20No.%201%20del%2004%20de%20Abril%20de%202013.pdf HTTP/1.1" 304 -
172.22.2.4 - - [09/Feb/2023:00:27:24 -0500] "HEAD /BLA/boletinlegal/ HTTP/1.1" 200 -
186.29.13.35 - - [09/Feb/2023:00:29:10 -0500] "POST /sipse/faces/presentacion/financiero/solicitudProceso/consultarSolicitudProceso.xhtml HTTP/1.1" 200 77791
186.29.13.35 - - [09/Feb/2023:00:29:40 -0500] "POST /sipse/faces/presentacion/financiero/solicitudProceso/consultarSolicitudProceso.xhtml HTTP/1.1" 200 204580
186.29.13.35 - - [09/Feb/2023:00:29:41 -0500] "GET /sipse/faces/javax.faces.resource/theme.css?ln=primefaces-sipse HTTP/1.1" 304 -
186.29.13.35 - - [09/Feb/2023:00:29:41 -0500] "GET /sipse/faces/javax.faces.resource/layout/layout.css?ln=primefaces&v=4.0 HTTP/1.1" 304 -
186.29.13.35 - - [09/Feb/2023:00:29:41 -0500] "GET /sipse/faces/javax.faces.resource/primefaces.css?ln=primefaces&v=4.0 HTTP/1.1" 304 -
186.29.13.35 - - [09/Feb/2023:00:29:41 -0500] "GET /sipse/faces/javax.faces.resource/jquery/jquery.js?ln=primefaces&v=4.0 HTTP/1.1" 304 -
186.29.13.35 - - [09/Feb/2023:00:29:41 -0500] "GET /sipse/faces/javax.faces.resource/jquery/jquery-plugins.js?ln=primefaces&v=4.0 HTTP/1.1" 304 -
186.29.13.35 - - [09/Feb/2023:00:29:41 -0500] "GET /sipse/faces/javax.faces.resource/layout/layout.js?ln=primefaces&v=4.0 HTTP/1.1" 304 -
186.29.13.35 - - [09/Feb/2023:00:29:41 -0500] "GET /sipse/faces/javax.faces.resource/primefaces.js?ln=primefaces&v=4.0 HTTP/1.1" 304 -
186.29.13.35 - - [09/Feb/2023:00:29:41 -0500] "GET /sipse/css/imagen/contrasena.png HTTP/1.1" 404 383
186.29.13.35 - - [09/Feb/2023:00:29:46 -0500] "GET /sipse/faces/javax.faces.resource/images/ui-bg_flat_0_2d5972_40x100.png?ln=primefaces-aristo HTTP/1.1" 304 -
186.29.13.35 - - [09/Feb/2023:00:29:46 -0500] "POST /sipse/faces/presentacion/financiero/solicitudProceso/consultarSolicitudProceso.xhtml HTTP/1.1" 200 61425
186.29.13.35 - - [09/Feb/2023:00:29:49 -0500] "GET /sipse/faces/javax.faces.resource/theme.css?ln=primefaces-sipse HTTP/1.1" 304 -
186.29.13.35 - - [09/Feb/2023:00:29:49 -0500] "GET /sipse/faces/javax.faces.resource/primefaces.css?ln=primefaces&v=4.0 HTTP/1.1" 304 -
186.29.13.35 - - [09/Feb/2023:00:29:49 -0500] "GET /sipse/faces/javax.faces.resource/layout/layout.css?ln=primefaces&v=4.0 HTTP/1.1" 304 -
186.29.13.35 - - [09/Feb/2023:00:29:49 -0500] "GET /sipse/faces/javax.faces.resource/jquery/jquery.js?ln=primefaces&v=4.0 HTTP/1.1" 304 -
186.29.13.35 - - [09/Feb/2023:00:29:49 -0500] "GET /sipse/faces/javax.faces.resource/jquery/jquery-plugins.js?ln=primefaces&v=4.0 HTTP/1.1" 304 -
186.29.13.35 - - [09/Feb/2023:00:29:49 -0500] "GET /sipse/faces/javax.faces.resource/primefaces.js?ln=primefaces&v=4.0 HTTP/1.1" 304 -
186.29.13.35 - - [09/Feb/2023:00:29:49 -0500] "GET /sipse/faces/javax.faces.resource/layout/layout.js?ln=primefaces&v=4.0 HTTP/1.1" 304 -
186.29.13.35 - - [09/Feb/2023:00:29:49 -0500] "GET /sipse/faces/javax.faces.resource/messages/messages.png?ln=primefaces&v=4.0 HTTP/1.1" 304 -
186.29.13.35 - - [09/Feb/2023:00:29:49 -0500] "POST /sipse/faces/presentacion/financiero/solicitudProceso/listarSolicitudProceso.xhtml HTTP/1.1" 200 1556
172.22.2.4 - - [09/Feb/2023:00:28:15 -0500] "GET /BLA/boletinlegal/ HTTP/1.1" 200 57192
216.245.221.92 - - [09/Feb/2023:00:30:13 -0500] "HEAD / HTTP/1.1" 200 -
69.171.249.8 - - [09/Feb/2023:00:30:55 -0500] "GET /images/Secretarias%20Fondo%20carga%206%20de%20febrero.jpeg HTTP/1.1" 200 55460
54.186.108.110 - - [09/Feb/2023:00:31:18 -0500] "GET /portaldeninos/corresponsal-ambiental/ HTTP/1.1" 200 93768
201.245.192.253 - - [09/Feb/2023:00:32:47 -0500] "POST /kwsrmcab/Wsrmcab  HTTP/1.1" 200 213
40.77.167.183 - - [09/Feb/2023:00:33:18 -0500] "GET /images/Humedal%20Vaca%20publicaci%C3%B3n%207%20de%20febrero.jpg HTTP/1.1" 404 1034
186.29.13.35 - - [09/Feb/2023:00:34:32 -0500] "POST /sipse/faces/presentacion/financiero/solicitudProceso/listarSolicitudProceso.xhtml HTTP/1.1" 200 54259
186.29.13.35 - - [09/Feb/2023:00:34:33 -0500] "POST /sipse/faces/presentacion/financiero/solicitudProceso/listarSolicitudProceso.xhtml HTTP/1.1" 200 54259
186.29.13.35 - - [09/Feb/2023:00:34:33 -0500] "POST /sipse/faces/presentacion/financiero/solicitudProceso/listarSolicitudProceso.xhtml HTTP/1.1" 200 1556
186.29.13.35 - - [09/Feb/2023:00:34:33 -0500] "POST /sipse/faces/presentacion/financiero/solicitudProceso/listarSolicitudProceso.xhtml HTTP/1.1" 200 1552
186.29.13.35 - - [09/Feb/2023:00:34:35 -0500] "POST /sipse/faces/presentacion/financiero/solicitudProceso/listarSolicitudProceso.xhtml HTTP/1.1" 200 32270
186.29.13.35 - - [09/Feb/2023:00:34:37 -0500] "POST /sipse/faces/presentacion/financiero/solicitudProceso/listarSolicitudProceso.xhtml HTTP/1.1" 200 31391
172.22.2.4 - - [09/Feb/2023:00:33:14 -0500] "HEAD /BLA/boletinlegal/ HTTP/1.1" 200 -
66.249.64.45 - - [09/Feb/2023:00:34:57 -0500] "-" 408 -
216.245.221.92 - - [09/Feb/2023:00:35:13 -0500] "HEAD / HTTP/1.1" 200 -
172.22.2.4 - - [09/Feb/2023:00:34:04 -0500] "GET /BLA/boletinlegal/ HTTP/1.1" 200 57192
186.29.13.35 - - [09/Feb/2023:00:35:46 -0500] "POST /sipse/faces/presentacion/financiero/solicitudProceso/listarSolicitudProceso.xhtml HTTP/1.1" 200 139260
186.29.13.35 - - [09/Feb/2023:00:35:47 -0500] "GET /sipse/faces/javax.faces.resource/theme.css?ln=primefaces-sipse HTTP/1.1" 304 -
186.29.13.35 - - [09/Feb/2023:00:35:47 -0500] "GET /sipse/faces/javax.faces.resource/primefaces.css?ln=primefaces&v=4.0 HTTP/1.1" 304 -
186.29.13.35 - - [09/Feb/2023:00:35:47 -0500] "GET /sipse/faces/javax.faces.resource/layout/layout.css?ln=primefaces&v=4.0 HTTP/1.1" 304 -
186.29.13.35 - - [09/Feb/2023:00:35:47 -0500] "GET /sipse/faces/javax.faces.resource/jquery/jquery.js?ln=primefaces&v=4.0 HTTP/1.1" 304 -
186.29.13.35 - - [09/Feb/2023:00:35:47 -0500] "GET /sipse/faces/javax.faces.resource/jquery/jquery-plugins.js?ln=primefaces&v=4.0 HTTP/1.1" 304 -
186.29.13.35 - - [09/Feb/2023:00:35:47 -0500] "GET /sipse/faces/javax.faces.resource/primefaces.js?ln=primefaces&v=4.0 HTTP/1.1" 304 -
186.29.13.35 - - [09/Feb/2023:00:35:47 -0500] "GET /sipse/faces/javax.faces.resource/layout/layout.js?ln=primefaces&v=4.0 HTTP/1.1" 304 -
186.29.13.35 - - [09/Feb/2023:00:35:47 -0500] "GET /sipse/faces/javax.faces.resource/images/ui-icons_898989_256x240.png?ln=primefaces-aristo HTTP/1.1" 304 -
186.29.13.35 - - [09/Feb/2023:00:35:56 -0500] "POST /sipse/faces/presentacion/financiero/solicitudProceso/consultarSolicitudProceso.xhtml HTTP/1.1" 200 5514
185.119.81.99 - - [09/Feb/2023:00:36:54 -0500] "GET /portaldeninos/wp-login.php HTTP/1.1" 200 2592
185.119.81.99 - - [09/Feb/2023:00:36:55 -0500] "POST /portaldeninos/wp-login.php HTTP/1.1" 200 3670
157.55.39.117 - - [09/Feb/2023:00:36:59 -0500] "GET /bla/resoluciones/autos%202021/4149.pdf HTTP/1.1" 200 353572
157.55.39.117 - - [09/Feb/2023:00:37:19 -0500] "GET /bla/resoluciones/autos%202021/3137.pdf HTTP/1.1" 200 368731
190.27.100.43 - - [09/Feb/2023:00:37:23 -0500] "GET /con-liberacion-de-fauna-plantaciones-de-arboles-recorridos-interpretativos-y-de-educacion-bogota-celebra-el-dia-mundial-de-los-humedales.html HTTP/1.1" 200 885
201.245.192.253 - - [09/Feb/2023:00:37:46 -0500] "POST /kwsrmcab/Wsrmcab  HTTP/1.1" 200 213
201.245.192.253 - - [09/Feb/2023:00:38:32 -0500] "POST /kwsrmcab/Wsrmcab HTTP/1.1" 200 42030
201.245.192.253 - - [09/Feb/2023:00:38:34 -0500] "POST /kwsrmcab/Wsrmcab HTTP/1.1" 200 41088
196.196.247.193 - - [09/Feb/2023:00:38:53 -0500] "GET /BLA/resoluciones/AUTOS%202021/4886.pdf HTTP/1.1" 200 353590
207.46.13.10 - - [09/Feb/2023:00:39:12 -0500] "GET /bla/resoluciones/autos%202021/2755.pdf HTTP/1.1" 200 571962
186.29.13.35 - - [09/Feb/2023:00:39:35 -0500] "GET /sipse/faces/javax.faces.resource/theme.css?ln=primefaces-sipse HTTP/1.1" 304 -
186.29.13.35 - - [09/Feb/2023:00:39:35 -0500] "POST /sipse/faces/presentacion/financiero/solicitudProceso/consultarSolicitudProceso.xhtml HTTP/1.1" 200 187618
186.29.13.35 - - [09/Feb/2023:00:39:35 -0500] "GET /sipse/faces/javax.faces.resource/primefaces.css?ln=primefaces&v=4.0 HTTP/1.1" 304 -
186.29.13.35 - - [09/Feb/2023:00:39:35 -0500] "GET /sipse/faces/javax.faces.resource/layout/layout.css?ln=primefaces&v=4.0 HTTP/1.1" 304 -
186.29.13.35 - - [09/Feb/2023:00:39:35 -0500] "GET /sipse/faces/javax.faces.resource/jquery/jquery.js?ln=primefaces&v=4.0 HTTP/1.1" 304 -
186.29.13.35 - - [09/Feb/2023:00:39:35 -0500] "GET /sipse/faces/javax.faces.resource/jquery/jquery-plugins.js?ln=primefaces&v=4.0 HTTP/1.1" 304 -
186.29.13.35 - - [09/Feb/2023:00:39:35 -0500] "GET /sipse/faces/javax.faces.resource/primefaces.js?ln=primefaces&v=4.0 HTTP/1.1" 304 -
186.29.13.35 - - [09/Feb/2023:00:39:35 -0500] "GET /sipse/faces/javax.faces.resource/layout/layout.js?ln=primefaces&v=4.0 HTTP/1.1" 304 -
186.29.13.35 - - [09/Feb/2023:00:39:35 -0500] "GET /sipse/css/imagen/contrasena.png HTTP/1.1" 404 383
186.29.13.35 - - [09/Feb/2023:00:39:35 -0500] "GET /sipse/faces/javax.faces.resource/images/ui-icons_898989_256x240.png?ln=primefaces-aristo HTTP/1.1" 304 -
186.29.13.35 - - [09/Feb/2023:00:39:40 -0500] "GET /sipse/faces/javax.faces.resource/images/ui-bg_flat_0_2d5972_40x100.png?ln=primefaces-aristo HTTP/1.1" 304 -
186.29.13.35 - - [09/Feb/2023:00:39:40 -0500] "POST /sipse/faces/presentacion/financiero/solicitudProceso/consultarSolicitudProceso.xhtml HTTP/1.1" 200 61374
186.29.13.35 - - [09/Feb/2023:00:39:43 -0500] "GET /sipse/faces/javax.faces.resource/primefaces.css?ln=primefaces&v=4.0 HTTP/1.1" 304 -
186.29.13.35 - - [09/Feb/2023:00:39:43 -0500] "GET /sipse/faces/javax.faces.resource/theme.css?ln=primefaces-sipse HTTP/1.1" 304 -
186.29.13.35 - - [09/Feb/2023:00:39:43 -0500] "GET /sipse/faces/javax.faces.resource/layout/layout.css?ln=primefaces&v=4.0 HTTP/1.1" 304 -
186.29.13.35 - - [09/Feb/2023:00:39:43 -0500] "GET /sipse/faces/javax.faces.resource/jquery/jquery.js?ln=primefaces&v=4.0 HTTP/1.1" 304 -
186.29.13.35 - - [09/Feb/2023:00:39:43 -0500] "GET /sipse/faces/javax.faces.resource/jquery/jquery-plugins.js?ln=primefaces&v=4.0 HTTP/1.1" 304 -
186.29.13.35 - - [09/Feb/2023:00:39:43 -0500] "GET /sipse/faces/javax.faces.resource/primefaces.js?ln=primefaces&v=4.0 HTTP/1.1" 304 -
186.29.13.35 - - [09/Feb/2023:00:39:43 -0500] "GET /sipse/faces/javax.faces.resource/layout/layout.js?ln=primefaces&v=4.0 HTTP/1.1" 304 -
186.29.13.35 - - [09/Feb/2023:00:39:43 -0500] "GET /sipse/faces/javax.faces.resource/messages/messages.png?ln=primefaces&v=4.0 HTTP/1.1" 304 -
186.29.13.35 - - [09/Feb/2023:00:39:43 -0500] "POST /sipse/faces/presentacion/financiero/solicitudProceso/listarSolicitudProceso.xhtml HTTP/1.1" 200 1556
186.168.248.0 - - [09/Feb/2023:00:40:07 -0500] "GET /kwssiamovil/sm/acme/a?s=U2FsdGVkX19Bt5rFh4VKvgWEqXxuRYwJe7S3vBTxew+UIPJ4X/J7lxQKtkarM1nhLJAXMDVv4ZH4LfmjZfOCVep/OJZHh4TO7Fh8wyhwezwPaBWe4cp9oztm4DH9DLG/2rmhoaXG/RaaSGN14zTDHQGG+GzxMViLJfUpk8pAsGaVTSDmsgaje+MH9l68fNy8AM+/RRvAdj57t8fbic867fp2hHWejQEBvzDewYeEDaNhn9YHow0dnEJ/6om5v4Bbw2mbfBvroHExpbT3KW4RAQ==&u=U2FsdGVkX18NB1O5kJDMGfnzgTtSvbe7YVzcK69eAkk=&y=U2FsdGVkX197W03xHKpXGswCfEtoeC5gzJq8qKEkBgNPyqiF8q/7SpiwArUUWtyj HTTP/1.1" 200 26
186.168.248.0 - - [09/Feb/2023:00:40:08 -0500] "GET /kwssiamovil/sm/acme/a?s=U2FsdGVkX19qkQfy5bU8xxvgnuf1uxVb5d0yVkXI+1IQCV8qeeFDkPOv8CRA/bGCV/U7KD0p8rk4iF6kitgZg8aXdI9jDLdLnYCYvbPx2+pwPAIyfsXCZ1FmtNJMW0sdslDOEONlaXp+BtCtCjiZT3KBOfOzKIOQuW+R7fVzYhec4wc+aGR5630WklRTO0rX4aq/8L510vVwp7xEX1uiYLpv7GpV7ATTfTgzMlDCHRsg5HHI5BuhP+9fuUENkH0QubqwwLhEjyiLk4e/psD8WfnowRW4F1ZTmVHVBXULOWox7NnYbrXv4pZp5sS9W/JHXGClQxjcz9m8YR5T1qs+eV/lB+kVtj4rlnD8TO6bFtwGlQb/e7g3Cz1Mb7sRLzc2TBG+40IH8Kwfhd+Qev/6uba8Huo5TCXfO2mp24/9XhvYrKBfzthjKFnxZ9jC9y5Ts1pQjD7HMvM7g5ihJN8IuSkkMrnz1moGAMl72ROhuMZ3T/wY2NiPJ1Ke95K55TI8f3NdLbt1UmESLwD9OEu8DFnXlnqRd02s+jV0/xEPY6LxO/mISWXIXDfq3dGeAd7Bkck2qkYyInt6DgoAeisXN5BttSD92IINnk0gQti3agkL03CVM6IV3U4JYNzH982UweH8/sHjl/04QwP2tqKu3n5qYkicRGvEEd/0O+TLG4HT+rMRf0RDeHjaLWpu7BLm/C7zXs17Nxzdy8aQ33q8gtKCr/Qjz8yBPE4HMikFVJVdTDIPgKc4jiNQ5X9nGTzmDH4O8zU+1Cty5mPddiTVTbxsnFb+Mn0qK2YjfsSVXeVdB5hn1ZvJAzVMCGxSPl/QhQzSzgcnDSD/xo83jSE8Nc3KIkfjn+gH5Imr1/eoBdA28Bgq9flhmqBG2b08QJUz/y7t+HZE+Y8WKoRK1RCcnqjKTmxBI4icBUjSuEanWQmXwI2MIxR+7g7th6vX7qahCl5YcBMwI5qfNr9/tLDH2QnzhejsMdKSqJxOukQl8cYPTICGcL2cnVcjRwY/B7xBXkoMRatNx2lwoh2qicG8Hunv/cgeLYirkIG83ZIvk87vk1WcUoF5Y4aK7eWyRuE+EcQaQSoECRleRKrQbZkcSj39gOsGQhUIyaclBqMVvyy0wk0Hb4Rh5v/7e4y+C75HYxiEJXf2wMKp5nHmz7upzWr9Lhs27cboDu6c1Ohw2jYcYD/9uVdJ9buaVPMWckA54J+la80P2acR3kwp7xma2gjdS1Kb7o3pSgzyU6QFaCpmBWVPYbJbgyL+35/TKNAIy2lEI2UaLGv6mdOjEoysabgQWQuqBfgtp5XEmYBbFw4mO+uJ/qDxWb/oitQvIIrMSx+m/zlM0i8fKxD4PRPQECYJ7/bA426avkTm6UQ09k4xGA6aYGJWo5HDFVDadncvVhRzxxOS5PPW60axz049jb9dnTB+PjYRY7cgMwFUyR+RjbXw03rO95JNo2laV7Rl4pl215AGzKGZXVbLEUX0IxklI3rN8Omvr0iwpNuRbNWrhbH5iLDM0yfcvYmNf4BxpXPPkX/O4aw/Y5HfacbP+yi5PXaGR8MlfGJXm/4deWQr5e1NFwBTckCzXyLHGrVJSFoBSaRqe4OhuQel1nOzY3LrYmLctDYl0huN8oqemb8mJqqxfdrq46Q8R9pTQg/BYrpBQOnRjm6OeVZ8mEzRsipMDXL238b4umfLiNle968+pgi77jbjm+oN2BRQRqv/kwK7zpN26y9bBclmCpOTTg2r+yTqyry7WhroiIA+h1owQABp6bl2hHR07jbh0HYLt8ZdIaxYt/uVOY3KWZLhg4c+1IfWzZCvj3h+8ycASInP2G3HK9oGjsxc0nd7RW3qgwmBTmT6gKDJzZUNht8TJzjyR2WG9Yfm4QeDIEE8Lxo1XQaS2eIe9PuKCZknXTtENa5jrNojdA2JDD2IOWEkHmFzPhnqaFRhLiBWnHe0XRUWHt22UUqKCv7dvKVCj6zPcxOsvYWuQbzaxSZ9xOYmzFZ+xTMz+3fcoxh0nvozYNEYpYJ/4CDCw+d4EKoH9acQOGvlLdj2YZtH5yhaBEcqL/cGvh/C/W2zjpVokC5ygb8F0Bvncu5lwteH2BL1Q3GdOcO22TD08mwv07XbgUxwHVS6TFViz71G/Bkar/8XO/M8uVaS78Fndr8w2gPaQzE34KDEFS4CB+M4+3Kl+D84T4WWC/vRlAxUR4WAAUKvgjuSZJ0AB3kn49VaF9kziJupDtk6vCKGs+8cQ2vuOXDtb416zNm6i81HEIXvrbdfFPLv/EIWNVYxhH4dMYXj7HGU20eVVe62odM4J+JCiGtZ3mj2Xaju2jBUxN2KdwheaV18oyLywbxwxW18sKtj1k/HOlbB34+gHDnKyLQNue4SiRnyQIiqtJ5b0wSQ4i/fU6rgc09JFlYvwAhilvbiBUq4jCei9x69cWzIinexmxv4b0p0WyiYRqG9VXo/3i0bvCCk0h5wNk/sQfEXBS2QYmdNpyvyWSqS7IlKK0cf0WzO9agFmhb9mDLd6Q8EsDEZlGJQVgb+NjrIZmeFO4Qi/7tcyBE/GKj5VCuVVW1Xj5aYeoPNThxoaRCPpOa88jSOs2Y=&u=U2FsdGVkX18NB1O5kJDMGfnzgTtSvbe7YVzcK69eAkk=&y=U2FsdGVkX197W03xHKpXGswCfEtoeC5gzJq8qKEkBgNPyqiF8q/7SpiwArUUWtyj HTTP/1.1" 200 26
186.168.248.0 - - [09/Feb/2023:00:40:08 -0500] "GET /kwssiamovil/sm/acme/a?s=U2FsdGVkX1+N3oEGReqoGe4b4qE6e0vFJ9uredrde+OSO0R8kzgmMbsR17J8T8bLZX6RTbtQVxkABGvfnYIGj7u5v4YP97IcYFg9+OHcs5IkJ96ZGC/6ZSmnBxjvqOFCiVL4YKYvxoQR5kzPbFlZj08K+jc9Tl5ZE650KlUsyUY=&u=U2FsdGVkX18NB1O5kJDMGfnzgTtSvbe7YVzcK69eAkk=&y=U2FsdGVkX197W03xHKpXGswCfEtoeC5gzJq8qKEkBgNPyqiF8q/7SpiwArUUWtyj HTTP/1.1" 200 26
186.168.248.0 - - [09/Feb/2023:00:40:09 -0500] "GET /kwssiamovil/sm/acme/a?s=U2FsdGVkX1+3tPYa69b6EX3N/2sL4Pk0aPMjmz9CVGx3KpB0iyw3N93hVxbRyYp2Rg9c5Znhtq5l/p8xO3sIPVG+gIx1QMThNwV8pyEFI/KUsaD8On5K3b50qPtTtykQsBHWw0H8GWEyv8HpPkTTt6eDNs6Ee4gHNikHuM4gofU=&u=U2FsdGVkX18NB1O5kJDMGfnzgTtSvbe7YVzcK69eAkk=&y=U2FsdGVkX197W03xHKpXGswCfEtoeC5gzJq8qKEkBgNPyqiF8q/7SpiwArUUWtyj HTTP/1.1" 200 26
186.168.248.0 - - [09/Feb/2023:00:40:09 -0500] "GET /kwssiamovil/sm/acme/a?s=U2FsdGVkX1+pwCSpV2EkTzsATTF1xBXpCntQmBafgiNV7oKdNM7m7yA7wNbuU0HSJSAKS3ulCrl1H2ultzc+C2R0ZXU3WOuQfniyf+fQP28OSbq4iLY77uUJHnbPZAmay2y0AXgyYCsJJ/tgN+C2yn56AyhRVkjmsmUmd1JGIxQ=&u=U2FsdGVkX18NB1O5kJDMGfnzgTtSvbe7YVzcK69eAkk=&y=U2FsdGVkX197W03xHKpXGswCfEtoeC5gzJq8qKEkBgNPyqiF8q/7SpiwArUUWtyj HTTP/1.1" 200 26
186.168.248.0 - - [09/Feb/2023:00:40:09 -0500] "GET /kwssiamovil/sm/acme/a?s=U2FsdGVkX1/7sL+jukhX/LqbocsRUj4c+PvMkg3yE//1268oLn5i3vVhc5CLdJ4WCMTkfaWv4yVELfngOCpXPP2SVmTCf4yFYQ9blOCM8bTZV8p5A8kAjFZdsh6hqALh1EJPoz9e4AmrnPgMQrHIpGjLUFReUxP++rKyH5KrOmmQbb0ZCBRrxet2RVKp/4lGnxT4lAEHO9IqPCEzDQEwAQ==&u=U2FsdGVkX18NB1O5kJDMGfnzgTtSvbe7YVzcK69eAkk=&y=U2FsdGVkX197W03xHKpXGswCfEtoeC5gzJq8qKEkBgNPyqiF8q/7SpiwArUUWtyj HTTP/1.1" 200 26
216.245.221.92 - - [09/Feb/2023:00:40:13 -0500] "HEAD / HTTP/1.1" 200 -
172.22.2.4 - - [09/Feb/2023:00:39:04 -0500] "HEAD /BLA/boletinlegal/ HTTP/1.1" 200 -
186.29.13.35 - - [09/Feb/2023:00:40:48 -0500] "POST /sipse/faces/presentacion/financiero/solicitudProceso/listarSolicitudProceso.xhtml HTTP/1.1" 200 146578
186.29.13.35 - - [09/Feb/2023:00:40:49 -0500] "GET /sipse/faces/javax.faces.resource/theme.css?ln=primefaces-sipse HTTP/1.1" 304 -
186.29.13.35 - - [09/Feb/2023:00:40:49 -0500] "GET /sipse/faces/javax.faces.resource/primefaces.css?ln=primefaces&v=4.0 HTTP/1.1" 304 -
186.29.13.35 - - [09/Feb/2023:00:40:49 -0500] "GET /sipse/faces/javax.faces.resource/layout/layout.css?ln=primefaces&v=4.0 HTTP/1.1" 304 -
186.29.13.35 - - [09/Feb/2023:00:40:49 -0500] "GET /sipse/faces/javax.faces.resource/jquery/jquery.js?ln=primefaces&v=4.0 HTTP/1.1" 304 -
186.29.13.35 - - [09/Feb/2023:00:40:49 -0500] "GET /sipse/faces/javax.faces.resource/jquery/jquery-plugins.js?ln=primefaces&v=4.0 HTTP/1.1" 304 -
186.29.13.35 - - [09/Feb/2023:00:40:49 -0500] "GET /sipse/faces/javax.faces.resource/primefaces.js?ln=primefaces&v=4.0 HTTP/1.1" 304 -
186.29.13.35 - - [09/Feb/2023:00:40:49 -0500] "GET /sipse/faces/javax.faces.resource/layout/layout.js?ln=primefaces&v=4.0 HTTP/1.1" 304 -
186.29.13.35 - - [09/Feb/2023:00:40:55 -0500] "POST /sipse/faces/presentacion/financiero/solicitudProceso/consultarSolicitudProceso.xhtml HTTP/1.1" 200 16470
172.22.2.4 - - [09/Feb/2023:00:39:54 -0500] "GET /BLA/boletinlegal/ HTTP/1.1" 200 59404
186.29.13.35 - - [09/Feb/2023:00:41:35 -0500] "POST /sipse/faces/presentacion/financiero/solicitudProceso/consultarSolicitudProceso.xhtml HTTP/1.1" 200 5514
109.206.178.24 - - [09/Feb/2023:00:42:11 -0500] "GET /BLA/resoluciones/RESOLUCIONES%202022/5024.pdf HTTP/1.1" 200 427869
66.249.64.45 - - [09/Feb/2023:00:42:41 -0500] "-" 408 -
201.245.192.253 - - [09/Feb/2023:00:42:43 -0500] "POST /kwsrmcab/Wsrmcab  HTTP/1.1" 200 213
186.29.13.35 - - [09/Feb/2023:00:42:51 -0500] "POST /sipse/faces/presentacion/financiero/solicitudProceso/consultarSolicitudProceso.xhtml HTTP/1.1" 200 5514
216.245.221.92 - - [09/Feb/2023:00:45:13 -0500] "HEAD / HTTP/1.1" 200 -
66.249.64.45 - - [09/Feb/2023:00:46:00 -0500] "-" 408 -
172.22.2.4 - - [09/Feb/2023:00:44:54 -0500] "HEAD /BLA/boletinlegal/ HTTP/1.1" 200 -
172.22.2.4 - - [09/Feb/2023:00:45:44 -0500] "GET /BLA/boletinlegal/ HTTP/1.1" 200 59404
201.245.192.253 - - [09/Feb/2023:00:47:43 -0500] "POST /kwsrmcab/Wsrmcab  HTTP/1.1" 200 213
216.245.221.92 - - [09/Feb/2023:00:50:13 -0500] "HEAD / HTTP/1.1" 200 -
52.167.144.49 - - [09/Feb/2023:00:50:15 -0500] "GET /bla/resoluciones/autos%202021/3011.pdf HTTP/1.1" 200 396119
186.29.13.35 - - [09/Feb/2023:00:50:47 -0500] "GET /sipse/js/disable_browser_buttons.js HTTP/1.1" 304 -
186.29.13.35 - - [09/Feb/2023:00:50:47 -0500] "GET /sipse/css/custom_css_sg.css HTTP/1.1" 304 -
186.29.13.35 - - [09/Feb/2023:00:50:47 -0500] "POST /sipse/faces/presentacion/financiero/solicitudProceso/consultarSolicitudProceso.xhtml HTTP/1.1" 200 194936
186.29.13.35 - - [09/Feb/2023:00:50:47 -0500] "GET /sipse/js/funciones.js HTTP/1.1" 304 -
186.29.13.35 - - [09/Feb/2023:00:50:47 -0500] "GET /sipse/faces/javax.faces.resource/theme.css?ln=primefaces-sipse HTTP/1.1" 304 -
186.29.13.35 - - [09/Feb/2023:00:50:47 -0500] "GET /sipse/faces/javax.faces.resource/primefaces.css?ln=primefaces&v=4.0 HTTP/1.1" 304 -
186.29.13.35 - - [09/Feb/2023:00:50:47 -0500] "GET /sipse/faces/javax.faces.resource/layout/layout.css?ln=primefaces&v=4.0 HTTP/1.1" 304 -
186.29.13.35 - - [09/Feb/2023:00:50:47 -0500] "GET /sipse/faces/javax.faces.resource/jquery/jquery.js?ln=primefaces&v=4.0 HTTP/1.1" 304 -
186.29.13.35 - - [09/Feb/2023:00:50:47 -0500] "GET /sipse/faces/javax.faces.resource/primefaces.js?ln=primefaces&v=4.0 HTTP/1.1" 304 -
186.29.13.35 - - [09/Feb/2023:00:50:47 -0500] "GET /sipse/faces/javax.faces.resource/jquery/jquery-plugins.js?ln=primefaces&v=4.0 HTTP/1.1" 304 -
186.29.13.35 - - [09/Feb/2023:00:50:47 -0500] "GET /sipse/faces/javax.faces.resource/layout/layout.js?ln=primefaces&v=4.0 HTTP/1.1" 304 -
186.29.13.35 - - [09/Feb/2023:00:50:48 -0500] "GET /sipse/css/imagen/logoSDG.png HTTP/1.1" 304 -
186.29.13.35 - - [09/Feb/2023:00:50:48 -0500] "GET /sipse/css/imagen/contrasena.png HTTP/1.1" 404 383
186.29.13.35 - - [09/Feb/2023:00:50:48 -0500] "GET /sipse/faces/javax.faces.resource/images/ui-icons_898989_256x240.png?ln=primefaces-aristo HTTP/1.1" 304 -
186.29.13.35 - - [09/Feb/2023:00:50:53 -0500] "GET /sipse/faces/javax.faces.resource/images/ui-bg_flat_0_2d5972_40x100.png?ln=primefaces-aristo HTTP/1.1" 304 -
186.29.13.35 - - [09/Feb/2023:00:50:53 -0500] "POST /sipse/faces/presentacion/financiero/solicitudProceso/consultarSolicitudProceso.xhtml HTTP/1.1" 200 61374
186.29.13.35 - - [09/Feb/2023:00:50:56 -0500] "GET /sipse/faces/javax.faces.resource/theme.css?ln=primefaces-sipse HTTP/1.1" 304 -
186.29.13.35 - - [09/Feb/2023:00:50:56 -0500] "GET /sipse/faces/javax.faces.resource/layout/layout.css?ln=primefaces&v=4.0 HTTP/1.1" 304 -
186.29.13.35 - - [09/Feb/2023:00:50:56 -0500] "GET /sipse/faces/javax.faces.resource/primefaces.css?ln=primefaces&v=4.0 HTTP/1.1" 304 -
186.29.13.35 - - [09/Feb/2023:00:50:56 -0500] "GET /sipse/faces/javax.faces.resource/jquery/jquery.js?ln=primefaces&v=4.0 HTTP/1.1" 304 -
186.29.13.35 - - [09/Feb/2023:00:50:56 -0500] "GET /sipse/faces/javax.faces.resource/jquery/jquery-plugins.js?ln=primefaces&v=4.0 HTTP/1.1" 304 -
186.29.13.35 - - [09/Feb/2023:00:50:56 -0500] "GET /sipse/faces/javax.faces.resource/primefaces.js?ln=primefaces&v=4.0 HTTP/1.1" 304 -
186.29.13.35 - - [09/Feb/2023:00:50:56 -0500] "GET /sipse/faces/javax.faces.resource/layout/layout.js?ln=primefaces&v=4.0 HTTP/1.1" 304 -
186.29.13.35 - - [09/Feb/2023:00:50:56 -0500] "GET /sipse/faces/javax.faces.resource/messages/messages.png?ln=primefaces&v=4.0 HTTP/1.1" 304 -
186.29.13.35 - - [09/Feb/2023:00:50:56 -0500] "POST /sipse/faces/presentacion/financiero/solicitudProceso/listarSolicitudProceso.xhtml HTTP/1.1" 200 1556
186.29.13.35 - - [09/Feb/2023:00:51:00 -0500] "POST /sipse/faces/presentacion/financiero/solicitudProceso/listarSolicitudProceso.xhtml HTTP/1.1" 200 31103
186.29.13.35 - - [09/Feb/2023:00:51:03 -0500] "POST /sipse/faces/presentacion/financiero/solicitudProceso/listarSolicitudProceso.xhtml HTTP/1.1" 200 16797
172.22.2.4 - - [09/Feb/2023:00:50:44 -0500] "HEAD /BLA/boletinlegal/ HTTP/1.1" 200 -
201.245.192.253 - - [09/Feb/2023:00:52:41 -0500] "POST /kwsrmcab/Wsrmcab  HTTP/1.1" 200 213
66.249.64.45 - - [09/Feb/2023:00:53:12 -0500] "-" 408 -
172.22.2.4 - - [09/Feb/2023:00:51:34 -0500] "GET /BLA/boletinlegal/ HTTP/1.1" 200 59404
79.110.73.16 - - [09/Feb/2023:00:53:57 -0500] "GET /BLA/resoluciones/RESOLUCIONES%202022/3847.pdf HTTP/1.1" 200 483302
216.245.221.92 - - [09/Feb/2023:00:55:13 -0500] "HEAD / HTTP/1.1" 200 -
207.46.13.10 - - [09/Feb/2023:00:55:24 -0500] "GET /bla/resoluciones/autos%202021/2951.pdf HTTP/1.1" 200 1766567
52.167.144.49 - - [09/Feb/2023:00:56:46 -0500] "GET /bla/resoluciones/autos%202021/3283.pdf HTTP/1.1" 200 472588
201.245.192.253 - - [09/Feb/2023:00:57:39 -0500] "POST /kwsrmcab/Wsrmcab  HTTP/1.1" 200 213
172.22.2.4 - - [09/Feb/2023:00:56:34 -0500] "HEAD /BLA/boletinlegal/ HTTP/1.1" 200 -
172.22.2.4 - - [09/Feb/2023:00:57:24 -0500] "GET /BLA/boletinlegal/ HTTP/1.1" 200 59035
216.245.221.92 - - [09/Feb/2023:01:00:13 -0500] "HEAD / HTTP/1.1" 200 -
207.46.13.127 - - [09/Feb/2023:01:00:15 -0500] "-" 408 -
69.171.251.6 - - [09/Feb/2023:01:00:20 -0500] "GET /images/8%20de%20febrero%20incendio%20forestal.jpeg HTTP/1.1" 200 56283
201.245.192.253 - - [09/Feb/2023:01:02:39 -0500] "POST /kwsrmcab/Wsrmcab  HTTP/1.1" 200 213
192.133.77.17 - - [09/Feb/2023:01:03:01 -0500] "GET /secretaria-de-ambiente-suspende-tres-hornos-crematorios-de-bogota-por-contaminacion-del-aire.html HTTP/1.1" 200 927
192.133.77.18 - - [09/Feb/2023:01:03:02 -0500] "GET /images/1%20de%20febrer%20Operativo%20hornos.jpg HTTP/1.1" 200 69569
172.22.2.4 - - [09/Feb/2023:01:02:24 -0500] "HEAD /BLA/boletinlegal/ HTTP/1.1" 200 -
40.77.167.226 - - [09/Feb/2023:01:04:22 -0500] "GET / HTTP/1.1" 200 4720
172.22.2.4 - - [09/Feb/2023:01:03:14 -0500] "GET /BLA/boletinlegal/ HTTP/1.1" 200 57192
52.167.144.97 - - [09/Feb/2023:01:05:09 -0500] "GET /bla/resoluciones/autos%202021/3438.pdf HTTP/1.1" 200 339036
216.245.221.92 - - [09/Feb/2023:01:05:13 -0500] "HEAD / HTTP/1.1" 200 -
157.55.39.117 - - [09/Feb/2023:01:06:32 -0500] "GET /BLA/resoluciones/AUTOS%202021/3689.pdf HTTP/1.1" 200 388263
152.61.192.232 - - [09/Feb/2023:01:07:08 -0500] "GET / HTTP/1.1" 200 319
201.245.192.253 - - [09/Feb/2023:01:07:38 -0500] "POST /kwsrmcab/Wsrmcab  HTTP/1.1" 200 213
172.22.2.4 - - [09/Feb/2023:01:08:14 -0500] "HEAD /BLA/boletinlegal/ HTTP/1.1" 200 -
149.202.86.141 - - [09/Feb/2023:01:10:08 -0500] "GET /BLA/resoluciones/AUTOS%202021/1097.pdf HTTP/1.1" 200 882399
216.245.221.92 - - [09/Feb/2023:01:10:13 -0500] "HEAD / HTTP/1.1" 200 -
172.22.2.4 - - [09/Feb/2023:01:09:04 -0500] "GET /BLA/boletinlegal/ HTTP/1.1" 200 59404
201.245.192.253 - - [09/Feb/2023:01:12:37 -0500] "POST /kwsrmcab/Wsrmcab  HTTP/1.1" 200 213
79.110.72.19 - - [09/Feb/2023:01:12:39 -0500] "GET /BLA/resoluciones/AUTOS%202021/0738.pdf HTTP/1.1" 200 768065
