186.84.21.183 - - [09/Feb/2023:08:26:32 -0500] "POST /sipse/faces/presentacion/financiero/solicitudProceso/listarSolicitudProceso.xhtml HTTP/1.1" 200 1556
181.53.13.85 - - [09/Feb/2023:08:26:30 -0500] "POST /sipse/faces/presentacion/financiero/solicitudProceso/listarSolicitudProceso.xhtml HTTP/1.1" 200 1392
186.84.20.177 - - [09/Feb/2023:08:26:34 -0500] "GET /sipse/faces/javax.faces.resource/images/ui-bg_flat_0_2d5972_40x100.png?ln=primefaces-aristo HTTP/1.1" 304 -
216.245.221.92 - - [09/Feb/2023:08:26:34 -0500] "HEAD / HTTP/1.1" 200 -
186.84.20.177 - - [09/Feb/2023:08:26:34 -0500] "POST /sipse/faces/bienvenido.xhtml HTTP/1.1" 200 2658
181.53.13.85 - - [09/Feb/2023:08:26:33 -0500] "POST /sipse/faces/presentacion/financiero/solicitudProceso/listarSolicitudProceso.xhtml HTTP/1.1" 200 1400
186.84.21.183 - - [09/Feb/2023:08:26:35 -0500] "POST /sipse/faces/presentacion/financiero/solicitudProceso/listarSolicitudProceso.xhtml HTTP/1.1" 200 31686
186.84.20.177 - - [09/Feb/2023:08:26:35 -0500] "POST /sipse/faces/bienvenido.xhtml HTTP/1.1" 200 65062
186.84.20.177 - - [09/Feb/2023:08:26:36 -0500] "GET /sipse/faces/javax.faces.resource/theme.css?ln=primefaces-sipse HTTP/1.1" 304 -
186.84.20.177 - - [09/Feb/2023:08:26:36 -0500] "GET /sipse/faces/javax.faces.resource/primefaces.css?ln=primefaces&v=4.0 HTTP/1.1" 304 -
186.84.20.177 - - [09/Feb/2023:08:26:36 -0500] "GET /sipse/faces/javax.faces.resource/layout/layout.css?ln=primefaces&v=4.0 HTTP/1.1" 304 -
186.84.20.177 - - [09/Feb/2023:08:26:36 -0500] "GET /sipse/faces/javax.faces.resource/jquery/jquery.js?ln=primefaces&v=4.0 HTTP/1.1" 304 -
186.84.20.177 - - [09/Feb/2023:08:26:36 -0500] "GET /sipse/faces/javax.faces.resource/jquery/jquery-plugins.js?ln=primefaces&v=4.0 HTTP/1.1" 304 -
186.84.20.177 - - [09/Feb/2023:08:26:36 -0500] "GET /sipse/faces/javax.faces.resource/primefaces.js?ln=primefaces&v=4.0 HTTP/1.1" 304 -
186.84.20.177 - - [09/Feb/2023:08:26:36 -0500] "GET /sipse/faces/javax.faces.resource/layout/layout.js?ln=primefaces&v=4.0 HTTP/1.1" 304 -
186.84.20.177 - - [09/Feb/2023:08:26:36 -0500] "POST /sipse/faces/presentacion/financiero/solicitudProceso/listarSolicitudProceso.xhtml HTTP/1.1" 200 1556
186.84.20.177 - - [09/Feb/2023:08:26:39 -0500] "POST /sipse/faces/presentacion/financiero/solicitudProceso/listarSolicitudProceso.xhtml HTTP/1.1" 200 7626
186.84.20.177 - - [09/Feb/2023:08:26:39 -0500] "POST /sipse/faces/presentacion/financiero/solicitudProceso/listarSolicitudProceso.xhtml HTTP/1.1" 200 7634
186.84.21.183 - - [09/Feb/2023:08:26:40 -0500] "POST /sipse/faces/presentacion/financiero/solicitudProceso/listarSolicitudProceso.xhtml HTTP/1.1" 200 123547
186.84.21.183 - - [09/Feb/2023:08:26:41 -0500] "GET /sipse/faces/javax.faces.resource/primefaces.css?ln=primefaces&v=4.0 HTTP/1.1" 304 -
186.84.21.183 - - [09/Feb/2023:08:26:41 -0500] "GET /sipse/faces/javax.faces.resource/layout/layout.css?ln=primefaces&v=4.0 HTTP/1.1" 304 -
186.84.21.183 - - [09/Feb/2023:08:26:41 -0500] "GET /sipse/faces/javax.faces.resource/theme.css?ln=primefaces-sipse HTTP/1.1" 304 -
186.84.21.183 - - [09/Feb/2023:08:26:41 -0500] "GET /sipse/faces/javax.faces.resource/jquery/jquery.js?ln=primefaces&v=4.0 HTTP/1.1" 304 -
186.84.21.183 - - [09/Feb/2023:08:26:41 -0500] "GET /sipse/faces/javax.faces.resource/jquery/jquery-plugins.js?ln=primefaces&v=4.0 HTTP/1.1" 304 -
186.84.21.183 - - [09/Feb/2023:08:26:41 -0500] "GET /sipse/faces/javax.faces.resource/primefaces.js?ln=primefaces&v=4.0 HTTP/1.1" 304 -
186.84.21.183 - - [09/Feb/2023:08:26:41 -0500] "GET /sipse/faces/javax.faces.resource/layout/layout.js?ln=primefaces&v=4.0 HTTP/1.1" 304 -
186.84.20.177 - - [09/Feb/2023:08:26:59 -0500] "POST /sipse/faces/presentacion/financiero/solicitudProceso/listarSolicitudProceso.xhtml HTTP/1.1" 200 7354
186.84.20.177 - - [09/Feb/2023:08:26:59 -0500] "POST /sipse/faces/presentacion/financiero/solicitudProceso/listarSolicitudProceso.xhtml HTTP/1.1" 200 7358
186.154.32.232 - - [09/Feb/2023:08:27:07 -0500] "POST /sipse/faces/presentacion/financiero/solicitudProceso/consultarSolicitudProceso.xhtml HTTP/1.1" 200 41832
186.154.32.232 - - [09/Feb/2023:08:27:07 -0500] "GET /sipse/faces/javax.faces.resource/theme.css?ln=primefaces-sipse HTTP/1.1" 304 -
186.154.32.232 - - [09/Feb/2023:08:27:07 -0500] "GET /sipse/faces/javax.faces.resource/jquery/jquery.js?ln=primefaces&v=4.0 HTTP/1.1" 304 -
186.154.32.232 - - [09/Feb/2023:08:27:07 -0500] "GET /sipse/faces/javax.faces.resource/primefaces.css?ln=primefaces&v=4.0 HTTP/1.1" 304 -
186.154.32.232 - - [09/Feb/2023:08:27:07 -0500] "GET /sipse/faces/javax.faces.resource/layout/layout.css?ln=primefaces&v=4.0 HTTP/1.1" 304 -
186.154.32.232 - - [09/Feb/2023:08:27:07 -0500] "GET /sipse/faces/javax.faces.resource/jquery/jquery-plugins.js?ln=primefaces&v=4.0 HTTP/1.1" 304 -
186.154.32.232 - - [09/Feb/2023:08:27:07 -0500] "GET /sipse/faces/javax.faces.resource/primefaces.js?ln=primefaces&v=4.0 HTTP/1.1" 304 -
186.154.32.232 - - [09/Feb/2023:08:27:07 -0500] "GET /sipse/faces/javax.faces.resource/layout/layout.js?ln=primefaces&v=4.0 HTTP/1.1" 304 -
186.154.32.232 - - [09/Feb/2023:08:27:08 -0500] "POST /sipse/faces/presentacion/financiero/estudioPrevio/personalSolicitado/expedirExperienciaIdoneidad.xhtml HTTP/1.1" 200 5697
186.154.32.232 - - [09/Feb/2023:08:27:08 -0500] "POST /sipse/faces/presentacion/financiero/estudioPrevio/personalSolicitado/expedirExperienciaIdoneidad.xhtml HTTP/1.1" 200 45814
186.154.32.232 - - [09/Feb/2023:08:27:09 -0500] "GET /sipse/faces/javax.faces.resource/layout/layout.css?ln=primefaces&v=4.0 HTTP/1.1" 304 -
186.154.32.232 - - [09/Feb/2023:08:27:09 -0500] "GET /sipse/faces/javax.faces.resource/primefaces.css?ln=primefaces&v=4.0 HTTP/1.1" 304 -
186.154.32.232 - - [09/Feb/2023:08:27:09 -0500] "GET /sipse/faces/javax.faces.resource/jquery/jquery.js?ln=primefaces&v=4.0 HTTP/1.1" 304 -
186.154.32.232 - - [09/Feb/2023:08:27:09 -0500] "GET /sipse/faces/javax.faces.resource/theme.css?ln=primefaces-sipse HTTP/1.1" 304 -
186.154.32.232 - - [09/Feb/2023:08:27:09 -0500] "GET /sipse/faces/javax.faces.resource/jquery/jquery-plugins.js?ln=primefaces&v=4.0 HTTP/1.1" 304 -
186.154.32.232 - - [09/Feb/2023:08:27:09 -0500] "GET /sipse/faces/javax.faces.resource/primefaces.js?ln=primefaces&v=4.0 HTTP/1.1" 304 -
186.154.32.232 - - [09/Feb/2023:08:27:09 -0500] "GET /sipse/faces/javax.faces.resource/layout/layout.js?ln=primefaces&v=4.0 HTTP/1.1" 304 -
186.154.32.232 - - [09/Feb/2023:08:27:09 -0500] "GET /sipse/faces/javax.faces.resource/messages/messages.png?ln=primefaces&v=4.0 HTTP/1.1" 304 -
185.240.255.105 - - [09/Feb/2023:08:27:09 -0500] "GET /incendios-forestales-como-prevenirlos-y-aportar-al-cuidado-de-los-ecosistemas.html HTTP/1.1" 200 883
186.84.20.177 - - [09/Feb/2023:08:27:15 -0500] "POST /sipse/faces/presentacion/financiero/solicitudProceso/listarSolicitudProceso.xhtml HTTP/1.1" 200 146861
186.84.20.177 - - [09/Feb/2023:08:27:16 -0500] "GET /sipse/faces/javax.faces.resource/theme.css?ln=primefaces-sipse HTTP/1.1" 304 -
186.84.20.177 - - [09/Feb/2023:08:27:16 -0500] "GET /sipse/faces/javax.faces.resource/primefaces.css?ln=primefaces&v=4.0 HTTP/1.1" 304 -
186.84.20.177 - - [09/Feb/2023:08:27:16 -0500] "GET /sipse/faces/javax.faces.resource/layout/layout.css?ln=primefaces&v=4.0 HTTP/1.1" 304 -
186.84.20.177 - - [09/Feb/2023:08:27:16 -0500] "GET /sipse/faces/javax.faces.resource/jquery/jquery.js?ln=primefaces&v=4.0 HTTP/1.1" 304 -
186.84.20.177 - - [09/Feb/2023:08:27:16 -0500] "GET /sipse/faces/javax.faces.resource/jquery/jquery-plugins.js?ln=primefaces&v=4.0 HTTP/1.1" 304 -
186.84.20.177 - - [09/Feb/2023:08:27:16 -0500] "GET /sipse/faces/javax.faces.resource/primefaces.js?ln=primefaces&v=4.0 HTTP/1.1" 304 -
186.84.20.177 - - [09/Feb/2023:08:27:16 -0500] "GET /sipse/faces/javax.faces.resource/layout/layout.js?ln=primefaces&v=4.0 HTTP/1.1" 304 -
186.84.20.177 - - [09/Feb/2023:08:27:19 -0500] "POST /sipse/faces/presentacion/financiero/solicitudProceso/consultarSolicitudProceso.xhtml HTTP/1.1" 200 40350
186.84.20.177 - - [09/Feb/2023:08:27:20 -0500] "GET /sipse/faces/javax.faces.resource/theme.css?ln=primefaces-sipse HTTP/1.1" 304 -
186.84.20.177 - - [09/Feb/2023:08:27:20 -0500] "GET /sipse/faces/javax.faces.resource/primefaces.css?ln=primefaces&v=4.0 HTTP/1.1" 304 -
186.84.20.177 - - [09/Feb/2023:08:27:20 -0500] "GET /sipse/faces/javax.faces.resource/layout/layout.css?ln=primefaces&v=4.0 HTTP/1.1" 304 -
186.84.20.177 - - [09/Feb/2023:08:27:20 -0500] "GET /sipse/faces/javax.faces.resource/jquery/jquery-plugins.js?ln=primefaces&v=4.0 HTTP/1.1" 304 -
186.84.20.177 - - [09/Feb/2023:08:27:20 -0500] "GET /sipse/faces/javax.faces.resource/jquery/jquery.js?ln=primefaces&v=4.0 HTTP/1.1" 304 -
186.84.20.177 - - [09/Feb/2023:08:27:20 -0500] "GET /sipse/faces/javax.faces.resource/primefaces.js?ln=primefaces&v=4.0 HTTP/1.1" 304 -
186.84.20.177 - - [09/Feb/2023:08:27:20 -0500] "GET /sipse/faces/javax.faces.resource/layout/layout.js?ln=primefaces&v=4.0 HTTP/1.1" 304 -
186.84.21.124 - - [09/Feb/2023:08:27:22 -0500] "GET /sipse/faces/presentacion/financiero/solicitudProceso/consultarSolicitudProceso.xhtml HTTP/1.1" 302 -
186.84.21.124 - - [09/Feb/2023:08:27:22 -0500] "GET /sipse/faces/autenticacion.xhtml HTTP/1.1" 200 12179
172.22.2.4 - - [09/Feb/2023:08:25:43 -0500] "HEAD /BLA/boletinlegal/ HTTP/1.1" 200 -
186.84.21.124 - - [09/Feb/2023:08:27:25 -0500] "GET /sipse/js/disable_browser_buttons.js HTTP/1.1" 304 -
186.84.21.124 - - [09/Feb/2023:08:27:25 -0500] "GET /sipse/js/funciones.js HTTP/1.1" 304 -
186.84.21.124 - - [09/Feb/2023:08:27:25 -0500] "GET /sipse/css/custom_css_sg.css HTTP/1.1" 304 -
186.84.21.124 - - [09/Feb/2023:08:27:25 -0500] "GET /sipse/faces/javax.faces.resource/theme.css?ln=primefaces-sipse HTTP/1.1" 304 -
186.84.21.124 - - [09/Feb/2023:08:27:25 -0500] "GET /sipse/faces/javax.faces.resource/primefaces.css?ln=primefaces&v=4.0 HTTP/1.1" 304 -
186.84.21.124 - - [09/Feb/2023:08:27:25 -0500] "GET /sipse/css/custom_css_sg_prime_login.css HTTP/1.1" 304 -
186.84.21.124 - - [09/Feb/2023:08:27:25 -0500] "GET /sipse/faces/javax.faces.resource/layout/layout.css?ln=primefaces&v=4.0 HTTP/1.1" 304 -
186.84.21.124 - - [09/Feb/2023:08:27:25 -0500] "GET /sipse/faces/javax.faces.resource/jquery/jquery.js?ln=primefaces&v=4.0 HTTP/1.1" 304 -
186.84.21.124 - - [09/Feb/2023:08:27:25 -0500] "GET /sipse/faces/javax.faces.resource/jquery/jquery-plugins.js?ln=primefaces&v=4.0 HTTP/1.1" 304 -
186.84.21.124 - - [09/Feb/2023:08:27:25 -0500] "GET /sipse/faces/javax.faces.resource/primefaces.js?ln=primefaces&v=4.0 HTTP/1.1" 304 -
186.84.21.124 - - [09/Feb/2023:08:27:25 -0500] "GET /sipse/faces/javax.faces.resource/layout/layout.js?ln=primefaces&v=4.0 HTTP/1.1" 304 -
186.84.21.124 - - [09/Feb/2023:08:27:28 -0500] "GET /sipse/css/imagen/logoSDG.png HTTP/1.1" 304 -
186.84.21.124 - - [09/Feb/2023:08:27:28 -0500] "GET /sipse/css/imagen/loginimg.png HTTP/1.1" 304 -
186.84.21.124 - - [09/Feb/2023:08:27:28 -0500] "GET /sipse/faces/javax.faces.resource/images/ui-icons_898989_256x240.png?ln=primefaces-aristo HTTP/1.1" 304 -
201.245.192.253 - - [09/Feb/2023:08:27:32 -0500] "GET /sipse/faces/javax.faces.resource/theme.css?ln=primefaces-sipse HTTP/1.1" 304 -
201.245.192.253 - - [09/Feb/2023:08:27:32 -0500] "GET /sipse/faces/javax.faces.resource/primefaces.css?ln=primefaces&v=4.0 HTTP/1.1" 304 -
201.245.192.253 - - [09/Feb/2023:08:27:32 -0500] "GET /sipse/faces/javax.faces.resource/layout/layout.css?ln=primefaces&v=4.0 HTTP/1.1" 304 -
201.245.192.253 - - [09/Feb/2023:08:27:32 -0500] "GET /sipse/faces/javax.faces.resource/jquery/jquery.js?ln=primefaces&v=4.0 HTTP/1.1" 304 -
201.245.192.253 - - [09/Feb/2023:08:27:32 -0500] "GET /sipse/faces/javax.faces.resource/jquery/jquery-plugins.js?ln=primefaces&v=4.0 HTTP/1.1" 304 -
201.245.192.253 - - [09/Feb/2023:08:27:32 -0500] "GET /sipse/faces/javax.faces.resource/layout/layout.js?ln=primefaces&v=4.0 HTTP/1.1" 304 -
201.245.192.253 - - [09/Feb/2023:08:27:32 -0500] "GET /sipse/faces/javax.faces.resource/primefaces.js?ln=primefaces&v=4.0 HTTP/1.1" 304 -
201.245.192.253 - - [09/Feb/2023:08:27:32 -0500] "POST /sipse/faces/presentacion/financiero/solicitudProceso/consultarSolicitudProceso.xhtml HTTP/1.1" 200 189973
201.245.192.253 - - [09/Feb/2023:08:27:33 -0500] "GET /sipse/faces/javax.faces.resource/images/ui-icons_898989_256x240.png?ln=primefaces-aristo HTTP/1.1" 200 5355
186.84.20.177 - - [09/Feb/2023:08:27:33 -0500] "GET /sipse/faces/javax.faces.resource/primefaces.css?ln=primefaces&v=4.0 HTTP/1.1" 304 -
186.84.20.177 - - [09/Feb/2023:08:27:33 -0500] "GET /sipse/faces/javax.faces.resource/jquery/jquery-plugins.js?ln=primefaces&v=4.0 HTTP/1.1" 304 -
186.84.20.177 - - [09/Feb/2023:08:27:33 -0500] "GET /sipse/faces/javax.faces.resource/layout/layout.css?ln=primefaces&v=4.0 HTTP/1.1" 304 -
186.84.20.177 - - [09/Feb/2023:08:27:33 -0500] "GET /sipse/faces/javax.faces.resource/theme.css?ln=primefaces-sipse HTTP/1.1" 304 -
186.84.20.177 - - [09/Feb/2023:08:27:33 -0500] "GET /sipse/faces/javax.faces.resource/jquery/jquery.js?ln=primefaces&v=4.0 HTTP/1.1" 304 -
186.84.20.177 - - [09/Feb/2023:08:27:33 -0500] "POST /sipse/faces/presentacion/financiero/solicitudProceso/consultarHistorialSolProceso.xhtml HTTP/1.1" 200 192703
186.84.20.177 - - [09/Feb/2023:08:27:33 -0500] "GET /sipse/faces/javax.faces.resource/layout/layout.js?ln=primefaces&v=4.0 HTTP/1.1" 304 -
186.84.20.177 - - [09/Feb/2023:08:27:33 -0500] "GET /sipse/faces/javax.faces.resource/primefaces.js?ln=primefaces&v=4.0 HTTP/1.1" 304 -
201.245.192.253 - - [09/Feb/2023:08:27:42 -0500] "GET /sipse/faces/javax.faces.resource/images/ui-bg_flat_0_2d5972_40x100.png?ln=primefaces-aristo HTTP/1.1" 200 183
201.245.192.253 - - [09/Feb/2023:08:27:42 -0500] "POST /sipse/faces/presentacion/financiero/solicitudProceso/consultarSolicitudProceso.xhtml HTTP/1.1" 200 35045
201.245.192.253 - - [09/Feb/2023:08:27:44 -0500] "GET /sipse/faces/javax.faces.resource/jquery/jquery.js?ln=primefaces&v=4.0 HTTP/1.1" 304 -
201.245.192.253 - - [09/Feb/2023:08:27:44 -0500] "GET /sipse/faces/javax.faces.resource/jquery/jquery-plugins.js?ln=primefaces&v=4.0 HTTP/1.1" 304 -
201.245.192.253 - - [09/Feb/2023:08:27:44 -0500] "GET /sipse/faces/javax.faces.resource/primefaces.js?ln=primefaces&v=4.0 HTTP/1.1" 304 -
201.245.192.253 - - [09/Feb/2023:08:27:44 -0500] "GET /sipse/faces/javax.faces.resource/layout/layout.js?ln=primefaces&v=4.0 HTTP/1.1" 304 -
201.245.192.253 - - [09/Feb/2023:08:27:44 -0500] "GET /sipse/faces/javax.faces.resource/messages/messages.png?ln=primefaces&v=4.0 HTTP/1.1" 304 -
201.245.192.253 - - [09/Feb/2023:08:27:44 -0500] "POST /sipse/faces/presentacion/financiero/solicitudProceso/listarSolicitudProceso.xhtml HTTP/1.1" 200 1396
186.84.21.124 - - [09/Feb/2023:08:27:45 -0500] "POST /sipse/faces/autenticacion.xhtml HTTP/1.1" 200 2221
186.84.21.124 - - [09/Feb/2023:08:27:46 -0500] "GET /sipse/faces/javax.faces.resource/messages/messages.png?ln=primefaces&v=4.0 HTTP/1.1" 304 -
186.84.21.124 - - [09/Feb/2023:08:27:46 -0500] "POST /sipse/faces/autenticacion.xhtml HTTP/1.1" 200 2225
186.84.21.124 - - [09/Feb/2023:08:27:47 -0500] "POST /sipse/faces/autenticacion.xhtml HTTP/1.1" 200 16288
186.84.21.124 - - [09/Feb/2023:08:27:48 -0500] "GET /sipse/css/custom_css_sg_prime.css HTTP/1.1" 304 -
186.84.21.124 - - [09/Feb/2023:08:27:48 -0500] "GET /sipse/faces/javax.faces.resource/theme.css?ln=primefaces-sipse HTTP/1.1" 304 -
186.84.21.124 - - [09/Feb/2023:08:27:48 -0500] "GET /sipse/faces/javax.faces.resource/primefaces.css?ln=primefaces&v=4.0 HTTP/1.1" 304 -
186.84.21.124 - - [09/Feb/2023:08:27:48 -0500] "GET /sipse/faces/javax.faces.resource/layout/layout.css?ln=primefaces&v=4.0 HTTP/1.1" 304 -
186.84.21.124 - - [09/Feb/2023:08:27:49 -0500] "GET /sipse/js/jquery.min.js HTTP/1.1" 304 -
186.84.21.124 - - [09/Feb/2023:08:27:49 -0500] "GET /sipse/faces/javax.faces.resource/jquery/jquery.js?ln=primefaces&v=4.0 HTTP/1.1" 304 -
186.84.21.124 - - [09/Feb/2023:08:27:49 -0500] "GET /sipse/faces/javax.faces.resource/jquery/jquery-plugins.js?ln=primefaces&v=4.0 HTTP/1.1" 304 -
186.84.21.124 - - [09/Feb/2023:08:27:50 -0500] "GET /sipse/faces/javax.faces.resource/primefaces.js?ln=primefaces&v=4.0 HTTP/1.1" 304 -
186.84.21.124 - - [09/Feb/2023:08:27:50 -0500] "GET /sipse/faces/javax.faces.resource/layout/layout.js?ln=primefaces&v=4.0 HTTP/1.1" 304 -
186.84.21.124 - - [09/Feb/2023:08:27:51 -0500] "GET /sipse/imagenes/cargando.gif HTTP/1.1" 304 -
186.84.21.124 - - [09/Feb/2023:08:27:52 -0500] "GET /sipse/imagenes/logoAplicacion.jpg HTTP/1.1" 304 -
186.84.21.124 - - [09/Feb/2023:08:27:52 -0500] "GET /sipse/css/imagen/contrasena.png HTTP/1.1" 404 383
201.245.192.253 - - [09/Feb/2023:08:27:54 -0500] "POST /sipse/faces/presentacion/financiero/solicitudProceso/listarSolicitudProceso.xhtml HTTP/1.1" 200 142684
201.245.192.253 - - [09/Feb/2023:08:27:56 -0500] "GET /sipse/faces/javax.faces.resource/theme.css?ln=primefaces-sipse HTTP/1.1" 304 -
201.245.192.253 - - [09/Feb/2023:08:27:56 -0500] "GET /sipse/faces/javax.faces.resource/layout/layout.css?ln=primefaces&v=4.0 HTTP/1.1" 304 -
201.245.192.253 - - [09/Feb/2023:08:27:56 -0500] "GET /sipse/faces/javax.faces.resource/primefaces.css?ln=primefaces&v=4.0 HTTP/1.1" 304 -
201.245.192.253 - - [09/Feb/2023:08:27:56 -0500] "GET /sipse/faces/javax.faces.resource/jquery/jquery.js?ln=primefaces&v=4.0 HTTP/1.1" 304 -
201.245.192.253 - - [09/Feb/2023:08:27:56 -0500] "GET /sipse/faces/javax.faces.resource/jquery/jquery-plugins.js?ln=primefaces&v=4.0 HTTP/1.1" 304 -
201.245.192.253 - - [09/Feb/2023:08:27:56 -0500] "GET /sipse/faces/javax.faces.resource/primefaces.js?ln=primefaces&v=4.0 HTTP/1.1" 304 -
201.245.192.253 - - [09/Feb/2023:08:27:56 -0500] "GET /sipse/faces/javax.faces.resource/layout/layout.js?ln=primefaces&v=4.0 HTTP/1.1" 304 -
186.84.21.124 - - [09/Feb/2023:08:27:56 -0500] "GET /sipse/faces/javax.faces.resource/images/ui-bg_flat_0_2d5972_40x100.png?ln=primefaces-aristo HTTP/1.1" 304 -
186.84.21.183 - - [09/Feb/2023:08:27:56 -0500] "POST /sipse/faces/presentacion/financiero/solicitudProceso/consultarSolicitudProceso.xhtml HTTP/1.1" 200 82952
186.84.21.124 - - [09/Feb/2023:08:27:56 -0500] "POST /sipse/faces/bienvenido.xhtml HTTP/1.1" 200 2073
186.84.21.124 - - [09/Feb/2023:08:27:58 -0500] "POST /sipse/faces/bienvenido.xhtml HTTP/1.1" 200 39025
186.84.21.124 - - [09/Feb/2023:08:27:59 -0500] "GET /sipse/faces/javax.faces.resource/theme.css?ln=primefaces-sipse HTTP/1.1" 304 -
186.84.21.124 - - [09/Feb/2023:08:27:59 -0500] "GET /sipse/faces/javax.faces.resource/primefaces.css?ln=primefaces&v=4.0 HTTP/1.1" 304 -
186.84.21.124 - - [09/Feb/2023:08:27:59 -0500] "GET /sipse/faces/javax.faces.resource/layout/layout.css?ln=primefaces&v=4.0 HTTP/1.1" 304 -
186.84.21.124 - - [09/Feb/2023:08:27:59 -0500] "GET /sipse/faces/javax.faces.resource/jquery/jquery.js?ln=primefaces&v=4.0 HTTP/1.1" 304 -
186.84.21.124 - - [09/Feb/2023:08:28:00 -0500] "GET /sipse/faces/javax.faces.resource/jquery/jquery-plugins.js?ln=primefaces&v=4.0 HTTP/1.1" 304 -
186.84.21.124 - - [09/Feb/2023:08:28:00 -0500] "GET /sipse/faces/javax.faces.resource/primefaces.js?ln=primefaces&v=4.0 HTTP/1.1" 304 -
186.84.21.124 - - [09/Feb/2023:08:28:00 -0500] "GET /sipse/faces/javax.faces.resource/layout/layout.js?ln=primefaces&v=4.0 HTTP/1.1" 304 -
186.84.21.124 - - [09/Feb/2023:08:28:08 -0500] "POST /sipse/faces/presentacion/financiero/solicitudProceso/consultar.xhtml HTTP/1.1" 200 12957
201.245.192.253 - - [09/Feb/2023:08:28:08 -0500] "POST /sipse/faces/presentacion/financiero/solicitudProceso/consultarSolicitudProceso.xhtml HTTP/1.1" 200 114477
201.245.192.253 - - [09/Feb/2023:08:28:09 -0500] "POST /sipse/faces/presentacion/financiero/solicitudProceso/listarSolicitudProceso.xhtml HTTP/1.1" 200 31844
190.66.252.253 - - [09/Feb/2023:08:28:09 -0500] "POST /sipse/faces/presentacion/sistema/seguridad/seleccionRol.xhtml HTTP/1.1" 200 6085
201.245.192.253 - - [09/Feb/2023:08:28:09 -0500] "POST /sipse/faces/presentacion/financiero/solicitudProceso/listarSolicitudProceso.xhtml HTTP/1.1" 200 31844
190.66.252.253 - - [09/Feb/2023:08:28:10 -0500] "POST /sipse/faces/presentacion/sistema/seguridad/seleccionRol.xhtml HTTP/1.1" 200 18727
190.66.252.253 - - [09/Feb/2023:08:28:10 -0500] "GET /sipse/js/jquery.min.js HTTP/1.1" 304 -
201.245.192.253 - - [09/Feb/2023:08:28:10 -0500] "POST /sipse/faces/presentacion/financiero/solicitudProceso/listarSolicitudProceso.xhtml HTTP/1.1" 200 31728
190.66.252.253 - - [09/Feb/2023:08:28:11 -0500] "GET /sipse/faces/javax.faces.resource/jquery/jquery.js?ln=primefaces&v=4.0 HTTP/1.1" 304 -
190.66.252.253 - - [09/Feb/2023:08:28:11 -0500] "GET /sipse/faces/javax.faces.resource/jquery/jquery-plugins.js?ln=primefaces&v=4.0 HTTP/1.1" 304 -
190.66.252.253 - - [09/Feb/2023:08:28:11 -0500] "GET /sipse/faces/javax.faces.resource/primefaces.js?ln=primefaces&v=4.0 HTTP/1.1" 304 -
190.66.252.253 - - [09/Feb/2023:08:28:11 -0500] "GET /sipse/faces/javax.faces.resource/layout/layout.js?ln=primefaces&v=4.0 HTTP/1.1" 304 -
190.66.252.253 - - [09/Feb/2023:08:28:11 -0500] "GET /sipse/css/imagen/contrasena.png HTTP/1.1" 404 383
190.66.252.253 - - [09/Feb/2023:08:28:11 -0500] "GET /sipse/imagenes/cargando.gif HTTP/1.1" 200 36959
190.66.252.253 - - [09/Feb/2023:08:28:11 -0500] "GET /sipse/imagenes/logoAplicacion.jpg HTTP/1.1" 200 155084
201.245.192.253 - - [09/Feb/2023:08:28:11 -0500] "POST /sipse/faces/presentacion/financiero/solicitudProceso/listarSolicitudProceso.xhtml HTTP/1.1" 200 11024
85.67.65.6 - - [09/Feb/2023:08:28:11 -0500] "GET / HTTP/1.1" 200 319
201.245.192.253 - - [09/Feb/2023:08:28:12 -0500] "POST /sipse/faces/presentacion/financiero/solicitudProceso/listarSolicitudProceso.xhtml HTTP/1.1" 200 5098
186.154.32.232 - - [09/Feb/2023:08:28:12 -0500] "POST /sipse/faces/presentacion/financiero/estudioPrevio/personalSolicitado/expedirExperienciaIdoneidad.xhtml HTTP/1.1" 200 34532
186.154.32.232 - - [09/Feb/2023:08:28:12 -0500] "GET /sipse/faces/javax.faces.resource/theme.css?ln=primefaces-sipse HTTP/1.1" 304 -
186.154.32.232 - - [09/Feb/2023:08:28:13 -0500] "GET /sipse/faces/javax.faces.resource/layout/layout.css?ln=primefaces&v=4.0 HTTP/1.1" 304 -
186.154.32.232 - - [09/Feb/2023:08:28:13 -0500] "GET /sipse/faces/javax.faces.resource/jquery/jquery.js?ln=primefaces&v=4.0 HTTP/1.1" 304 -
186.154.32.232 - - [09/Feb/2023:08:28:13 -0500] "GET /sipse/faces/javax.faces.resource/primefaces.css?ln=primefaces&v=4.0 HTTP/1.1" 304 -
186.154.32.232 - - [09/Feb/2023:08:28:13 -0500] "GET /sipse/faces/javax.faces.resource/jquery/jquery-plugins.js?ln=primefaces&v=4.0 HTTP/1.1" 304 -
186.154.32.232 - - [09/Feb/2023:08:28:13 -0500] "GET /sipse/faces/javax.faces.resource/primefaces.js?ln=primefaces&v=4.0 HTTP/1.1" 304 -
186.154.32.232 - - [09/Feb/2023:08:28:13 -0500] "GET /sipse/faces/javax.faces.resource/layout/layout.js?ln=primefaces&v=4.0 HTTP/1.1" 304 -
186.154.32.232 - - [09/Feb/2023:08:28:13 -0500] "GET /sipse/faces/javax.faces.resource/images/ui-icons_898989_256x240.png?ln=primefaces-aristo HTTP/1.1" 304 -
172.22.2.4 - - [09/Feb/2023:08:26:33 -0500] "GET /BLA/boletinlegal/ HTTP/1.1" 200 55272
190.66.252.253 - - [09/Feb/2023:08:28:14 -0500] "POST /sipse/faces/bienvenido.xhtml HTTP/1.1" 200 3812
190.66.252.253 - - [09/Feb/2023:08:28:15 -0500] "GET /sipse/faces/javax.faces.resource/images/ui-bg_flat_0_2d5972_40x100.png?ln=primefaces-aristo HTTP/1.1" 200 183
201.245.192.253 - - [09/Feb/2023:08:28:14 -0500] "POST /sipse/faces/presentacion/financiero/solicitudProceso/listarSolicitudProceso.xhtml HTTP/1.1" 200 148817
201.245.192.253 - - [09/Feb/2023:08:28:15 -0500] "GET /sipse/faces/javax.faces.resource/jquery/jquery.js?ln=primefaces&v=4.0 HTTP/1.1" 304 -
201.245.192.253 - - [09/Feb/2023:08:28:15 -0500] "GET /sipse/faces/javax.faces.resource/jquery/jquery-plugins.js?ln=primefaces&v=4.0 HTTP/1.1" 304 -
201.245.192.253 - - [09/Feb/2023:08:28:15 -0500] "GET /sipse/faces/javax.faces.resource/primefaces.js?ln=primefaces&v=4.0 HTTP/1.1" 304 -
201.245.192.253 - - [09/Feb/2023:08:28:15 -0500] "GET /sipse/faces/javax.faces.resource/layout/layout.js?ln=primefaces&v=4.0 HTTP/1.1" 304 -
186.154.32.232 - - [09/Feb/2023:08:28:16 -0500] "POST /sipse/faces/presentacion/contratacion/procesoContractual/registrarInvitacionContratista.xhtml HTTP/1.1" 200 9693
190.66.252.253 - - [09/Feb/2023:08:28:16 -0500] "POST /sipse/faces/bienvenido.xhtml HTTP/1.1" 200 3887
201.245.192.253 - - [09/Feb/2023:08:28:14 -0500] "POST /sipse/faces/presentacion/financiero/solicitudProceso/consultarSolicitudProceso.xhtml HTTP/1.1" 200 6182013
190.66.252.253 - - [09/Feb/2023:08:28:17 -0500] "POST /sipse/faces/bienvenido.xhtml HTTP/1.1" 200 46190
190.66.252.253 - - [09/Feb/2023:08:28:17 -0500] "GET /sipse/faces/javax.faces.resource/jquery/jquery.js?ln=primefaces&v=4.0 HTTP/1.1" 304 -
190.66.252.253 - - [09/Feb/2023:08:28:17 -0500] "GET /sipse/faces/javax.faces.resource/jquery/jquery-plugins.js?ln=primefaces&v=4.0 HTTP/1.1" 304 -
190.66.252.253 - - [09/Feb/2023:08:28:17 -0500] "GET /sipse/faces/javax.faces.resource/primefaces.js?ln=primefaces&v=4.0 HTTP/1.1" 304 -
190.66.252.253 - - [09/Feb/2023:08:28:17 -0500] "GET /sipse/faces/javax.faces.resource/layout/layout.js?ln=primefaces&v=4.0 HTTP/1.1" 304 -
186.29.202.223 - - [09/Feb/2023:08:28:18 -0500] "POST /sipse/faces/presentacion/financiero/solicitudProceso/consultar.xhtml HTTP/1.1" 200 12963
181.50.142.205 - - [09/Feb/2023:08:28:19 -0500] "GET /sipse/faces/javax.faces.resource/images/ui-bg_flat_0_2d5972_40x100.png?ln=primefaces-aristo HTTP/1.1" 304 -
181.50.142.205 - - [09/Feb/2023:08:28:19 -0500] "POST /sipse/faces/presentacion/financiero/solicitudProceso/consultarSolicitudProceso.xhtml HTTP/1.1" 200 64459
181.50.142.205 - - [09/Feb/2023:08:28:20 -0500] "GET /sipse/faces/javax.faces.resource/layout/layout.css?ln=primefaces&v=4.0 HTTP/1.1" 304 -
181.50.142.205 - - [09/Feb/2023:08:28:20 -0500] "GET /sipse/faces/javax.faces.resource/theme.css?ln=primefaces-sipse HTTP/1.1" 304 -
181.50.142.205 - - [09/Feb/2023:08:28:20 -0500] "GET /sipse/faces/javax.faces.resource/primefaces.css?ln=primefaces&v=4.0 HTTP/1.1" 304 -
181.50.142.205 - - [09/Feb/2023:08:28:20 -0500] "GET /sipse/faces/javax.faces.resource/jquery/jquery.js?ln=primefaces&v=4.0 HTTP/1.1" 304 -
181.50.142.205 - - [09/Feb/2023:08:28:20 -0500] "GET /sipse/faces/javax.faces.resource/jquery/jquery-plugins.js?ln=primefaces&v=4.0 HTTP/1.1" 304 -
186.154.32.232 - - [09/Feb/2023:08:28:20 -0500] "POST /sipse/faces/presentacion/contratacion/procesoContractual/registrarInvitacionContratista.xhtml HTTP/1.1" 200 9260
181.50.142.205 - - [09/Feb/2023:08:28:20 -0500] "GET /sipse/faces/javax.faces.resource/primefaces.js?ln=primefaces&v=4.0 HTTP/1.1" 304 -
181.50.142.205 - - [09/Feb/2023:08:28:20 -0500] "GET /sipse/faces/javax.faces.resource/layout/layout.js?ln=primefaces&v=4.0 HTTP/1.1" 304 -
181.50.142.205 - - [09/Feb/2023:08:28:20 -0500] "GET /sipse/faces/javax.faces.resource/images/ui-icons_898989_256x240.png?ln=primefaces-aristo HTTP/1.1" 304 -
181.50.142.205 - - [09/Feb/2023:08:28:20 -0500] "GET /sipse/faces/javax.faces.resource/images/ui-bg_flat_0_2d5972_40x100.png?ln=primefaces-aristo HTTP/1.1" 304 -
181.50.142.205 - - [09/Feb/2023:08:28:20 -0500] "POST /sipse/faces/presentacion/financiero/solicitudProceso/listarSolicitudProceso.xhtml HTTP/1.1" 200 1556
186.29.202.223 - - [09/Feb/2023:08:28:20 -0500] "POST /sipse/faces/presentacion/financiero/solicitudProceso/consultar.xhtml HTTP/1.1" 200 145027
186.29.202.223 - - [09/Feb/2023:08:28:21 -0500] "GET /sipse/faces/javax.faces.resource/layout/layout.css?ln=primefaces&v=4.0 HTTP/1.1" 304 -
186.29.202.223 - - [09/Feb/2023:08:28:21 -0500] "GET /sipse/faces/javax.faces.resource/theme.css?ln=primefaces-sipse HTTP/1.1" 304 -
186.29.202.223 - - [09/Feb/2023:08:28:21 -0500] "GET /sipse/faces/javax.faces.resource/primefaces.css?ln=primefaces&v=4.0 HTTP/1.1" 304 -
186.29.202.223 - - [09/Feb/2023:08:28:21 -0500] "GET /sipse/faces/javax.faces.resource/jquery/jquery.js?ln=primefaces&v=4.0 HTTP/1.1" 304 -
186.80.52.223 - - [09/Feb/2023:08:28:21 -0500] "GET /sipse/faces/javax.faces.resource/theme.css?ln=primefaces-sipse HTTP/1.1" 304 -
186.29.202.223 - - [09/Feb/2023:08:28:21 -0500] "GET /sipse/faces/javax.faces.resource/jquery/jquery-plugins.js?ln=primefaces&v=4.0 HTTP/1.1" 304 -
186.29.202.223 - - [09/Feb/2023:08:28:21 -0500] "GET /sipse/faces/javax.faces.resource/primefaces.js?ln=primefaces&v=4.0 HTTP/1.1" 304 -
186.29.202.223 - - [09/Feb/2023:08:28:21 -0500] "GET /sipse/faces/javax.faces.resource/layout/layout.js?ln=primefaces&v=4.0 HTTP/1.1" 304 -
190.66.252.253 - - [09/Feb/2023:08:28:21 -0500] "POST /sipse/faces/presentacion/financiero/solicitudProceso/consultar.xhtml HTTP/1.1" 200 13043
190.66.252.253 - - [09/Feb/2023:08:28:23 -0500] "POST /sipse/faces/presentacion/financiero/solicitudProceso/consultar.xhtml HTTP/1.1" 200 38227
190.66.252.253 - - [09/Feb/2023:08:28:23 -0500] "GET /sipse/faces/javax.faces.resource/jquery/jquery.js?ln=primefaces&v=4.0 HTTP/1.1" 304 -
190.66.252.253 - - [09/Feb/2023:08:28:23 -0500] "GET /sipse/faces/javax.faces.resource/jquery/jquery-plugins.js?ln=primefaces&v=4.0 HTTP/1.1" 304 -
190.66.252.253 - - [09/Feb/2023:08:28:24 -0500] "GET /sipse/faces/javax.faces.resource/primefaces.js?ln=primefaces&v=4.0 HTTP/1.1" 304 -
190.66.252.253 - - [09/Feb/2023:08:28:24 -0500] "GET /sipse/faces/javax.faces.resource/layout/layout.js?ln=primefaces&v=4.0 HTTP/1.1" 304 -
190.66.252.253 - - [09/Feb/2023:08:28:24 -0500] "POST /sipse/faces/presentacion/workflow/reasignarReenrutar.xhtml HTTP/1.1" 200 31618
186.80.52.223 - - [09/Feb/2023:08:28:24 -0500] "GET /sipse/faces/faces/autenticacion.xhtml HTTP/1.1" 200 12188
186.80.52.223 - - [09/Feb/2023:08:28:24 -0500] "GET /sipse/faces/javax.faces.resource/theme.css?ln=primefaces-sipse HTTP/1.1" 304 -
186.80.52.223 - - [09/Feb/2023:08:28:24 -0500] "GET /sipse/faces/javax.faces.resource/jquery/jquery.js?ln=primefaces&v=4.0 HTTP/1.1" 304 -
186.80.52.223 - - [09/Feb/2023:08:28:24 -0500] "GET /sipse/faces/javax.faces.resource/layout/layout.css?ln=primefaces&v=4.0 HTTP/1.1" 304 -
186.80.52.223 - - [09/Feb/2023:08:28:24 -0500] "GET /sipse/faces/javax.faces.resource/primefaces.css?ln=primefaces&v=4.0 HTTP/1.1" 304 -
186.80.52.223 - - [09/Feb/2023:08:28:24 -0500] "GET /sipse/faces/javax.faces.resource/jquery/jquery-plugins.js?ln=primefaces&v=4.0 HTTP/1.1" 304 -
186.80.52.223 - - [09/Feb/2023:08:28:24 -0500] "GET /sipse/faces/javax.faces.resource/primefaces.js?ln=primefaces&v=4.0 HTTP/1.1" 304 -
186.80.52.223 - - [09/Feb/2023:08:28:24 -0500] "GET /sipse/faces/javax.faces.resource/layout/layout.js?ln=primefaces&v=4.0 HTTP/1.1" 304 -
186.80.52.223 - - [09/Feb/2023:08:28:25 -0500] "GET /sipse/faces/javax.faces.resource/images/ui-icons_898989_256x240.png?ln=primefaces-aristo HTTP/1.1" 304 -
190.66.252.253 - - [09/Feb/2023:08:28:25 -0500] "POST /sipse/faces/presentacion/workflow/reasignarReenrutar.xhtml HTTP/1.1" 200 15493
186.29.202.223 - - [09/Feb/2023:08:28:25 -0500] "POST /sipse/faces/presentacion/financiero/solicitudProceso/consultarSolicitudProceso.xhtml HTTP/1.1" 200 38250
186.29.202.223 - - [09/Feb/2023:08:28:25 -0500] "GET /sipse/faces/javax.faces.resource/theme.css?ln=primefaces-sipse HTTP/1.1" 304 -
186.29.202.223 - - [09/Feb/2023:08:28:25 -0500] "GET /sipse/faces/javax.faces.resource/primefaces.css?ln=primefaces&v=4.0 HTTP/1.1" 304 -
186.29.202.223 - - [09/Feb/2023:08:28:25 -0500] "GET /sipse/faces/javax.faces.resource/layout/layout.css?ln=primefaces&v=4.0 HTTP/1.1" 304 -
186.29.202.223 - - [09/Feb/2023:08:28:25 -0500] "GET /sipse/faces/javax.faces.resource/jquery/jquery.js?ln=primefaces&v=4.0 HTTP/1.1" 304 -
186.29.202.223 - - [09/Feb/2023:08:28:25 -0500] "GET /sipse/faces/javax.faces.resource/primefaces.js?ln=primefaces&v=4.0 HTTP/1.1" 304 -
186.29.202.223 - - [09/Feb/2023:08:28:25 -0500] "GET /sipse/faces/javax.faces.resource/jquery/jquery-plugins.js?ln=primefaces&v=4.0 HTTP/1.1" 304 -
186.29.202.223 - - [09/Feb/2023:08:28:25 -0500] "GET /sipse/faces/javax.faces.resource/layout/layout.js?ln=primefaces&v=4.0 HTTP/1.1" 304 -
186.29.202.223 - - [09/Feb/2023:08:28:25 -0500] "GET /sipse/faces/javax.faces.resource/images/ui-icons_898989_256x240.png?ln=primefaces-aristo HTTP/1.1" 304 -
186.29.202.223 - - [09/Feb/2023:08:28:25 -0500] "GET /sipse/css/imagen/contrasena.png HTTP/1.1" 404 383
186.80.52.223 - - [09/Feb/2023:08:28:26 -0500] "POST /sipse/faces/presentacion/financiero/solicitudProceso/consultarSolicitudProceso.xhtml HTTP/1.1" 200 65402
186.80.52.223 - - [09/Feb/2023:08:28:26 -0500] "GET /sipse/faces/javax.faces.resource/theme.css?ln=primefaces-sipse HTTP/1.1" 304 -
186.80.52.223 - - [09/Feb/2023:08:28:26 -0500] "GET /sipse/faces/javax.faces.resource/primefaces.css?ln=primefaces&v=4.0 HTTP/1.1" 304 -
190.66.252.253 - - [09/Feb/2023:08:28:26 -0500] "POST /sipse/faces/presentacion/workflow/reasignarReenrutar.xhtml HTTP/1.1" 200 15582
186.80.52.223 - - [09/Feb/2023:08:28:26 -0500] "GET /sipse/faces/javax.faces.resource/layout/layout.css?ln=primefaces&v=4.0 HTTP/1.1" 304 -
186.80.52.223 - - [09/Feb/2023:08:28:26 -0500] "GET /sipse/css/imagen/contrasena.png HTTP/1.1" 404 383
186.80.52.223 - - [09/Feb/2023:08:28:27 -0500] "GET /sipse/faces/javax.faces.resource/jquery/jquery.js?ln=primefaces&v=4.0 HTTP/1.1" 304 -
186.80.52.223 - - [09/Feb/2023:08:28:27 -0500] "GET /sipse/faces/javax.faces.resource/jquery/jquery-plugins.js?ln=primefaces&v=4.0 HTTP/1.1" 304 -
186.80.52.223 - - [09/Feb/2023:08:28:27 -0500] "GET /sipse/faces/javax.faces.resource/primefaces.js?ln=primefaces&v=4.0 HTTP/1.1" 304 -
186.80.52.223 - - [09/Feb/2023:08:28:27 -0500] "GET /sipse/faces/javax.faces.resource/layout/layout.js?ln=primefaces&v=4.0 HTTP/1.1" 304 -
186.80.52.223 - - [09/Feb/2023:08:28:28 -0500] "GET /sipse/faces/javax.faces.resource/images/ui-bg_flat_0_2d5972_40x100.png?ln=primefaces-aristo HTTP/1.1" 304 -
186.80.52.223 - - [09/Feb/2023:08:28:28 -0500] "POST /sipse/faces/presentacion/financiero/solicitudProceso/listarSolicitudProceso.xhtml HTTP/1.1" 200 1556
201.245.192.253 - - [09/Feb/2023:08:28:31 -0500] "POST /sipse/faces/presentacion/financiero/solicitudProceso/consultarSolicitudProceso.xhtml HTTP/1.1" 200 81572
201.245.192.253 - - [09/Feb/2023:08:28:31 -0500] "POST /kwsrmcab/Wsrmcab HTTP/1.1" 200 41787
190.66.252.253 - - [09/Feb/2023:08:28:30 -0500] "POST /sipse/faces/presentacion/workflow/reasignarReenrutar.xhtml HTTP/1.1" 200 23588
201.245.192.253 - - [09/Feb/2023:08:28:34 -0500] "POST /sipse/faces/presentacion/financiero/solicitudProceso/consultarSolicitudProceso.xhtml HTTP/1.1" 200 154805
201.245.192.253 - - [09/Feb/2023:08:28:33 -0500] "POST /kwsrmcab/Wsrmcab HTTP/1.1" 200 41109
186.80.52.223 - - [09/Feb/2023:08:28:35 -0500] "POST /sipse/faces/presentacion/financiero/solicitudProceso/listarSolicitudProceso.xhtml HTTP/1.1" 200 58748
186.80.52.223 - - [09/Feb/2023:08:28:36 -0500] "POST /sipse/faces/presentacion/financiero/solicitudProceso/listarSolicitudProceso.xhtml HTTP/1.1" 200 58748
201.245.192.253 - - [09/Feb/2023:08:28:36 -0500] "POST /sipse/faces/presentacion/financiero/solicitudProceso/consultarSolicitudProceso.xhtml HTTP/1.1" 200 2566371
186.80.52.223 - - [09/Feb/2023:08:28:36 -0500] "POST /sipse/faces/presentacion/financiero/solicitudProceso/listarSolicitudProceso.xhtml HTTP/1.1" 200 1556
186.80.52.223 - - [09/Feb/2023:08:28:37 -0500] "POST /sipse/faces/presentacion/financiero/solicitudProceso/listarSolicitudProceso.xhtml HTTP/1.1" 200 1552
186.154.32.232 - - [09/Feb/2023:08:28:40 -0500] "POST /sipse/faces/presentacion/contratacion/procesoContractual/registrarInvitacionContratista.xhtml HTTP/1.1" 200 42795
186.154.32.232 - - [09/Feb/2023:08:28:40 -0500] "GET /sipse/faces/javax.faces.resource/theme.css?ln=primefaces-sipse HTTP/1.1" 304 -
186.154.32.232 - - [09/Feb/2023:08:28:40 -0500] "GET /sipse/faces/javax.faces.resource/primefaces.css?ln=primefaces&v=4.0 HTTP/1.1" 304 -
186.154.32.232 - - [09/Feb/2023:08:28:40 -0500] "GET /sipse/faces/javax.faces.resource/layout/layout.css?ln=primefaces&v=4.0 HTTP/1.1" 304 -
186.154.32.232 - - [09/Feb/2023:08:28:40 -0500] "GET /sipse/faces/javax.faces.resource/jquery/jquery.js?ln=primefaces&v=4.0 HTTP/1.1" 304 -
186.154.32.232 - - [09/Feb/2023:08:28:40 -0500] "GET /sipse/faces/javax.faces.resource/jquery/jquery-plugins.js?ln=primefaces&v=4.0 HTTP/1.1" 304 -
186.154.32.232 - - [09/Feb/2023:08:28:40 -0500] "GET /sipse/faces/javax.faces.resource/primefaces.js?ln=primefaces&v=4.0 HTTP/1.1" 304 -
186.154.32.232 - - [09/Feb/2023:08:28:40 -0500] "GET /sipse/faces/javax.faces.resource/layout/layout.js?ln=primefaces&v=4.0 HTTP/1.1" 304 -
186.84.20.177 - - [09/Feb/2023:08:28:43 -0500] "POST /sipse/faces/presentacion/financiero/solicitudProceso/consultarSolicitudProceso.xhtml HTTP/1.1" 200 36767
186.84.20.177 - - [09/Feb/2023:08:28:43 -0500] "GET /sipse/faces/javax.faces.resource/theme.css?ln=primefaces-sipse HTTP/1.1" 304 -
186.84.20.177 - - [09/Feb/2023:08:28:43 -0500] "GET /sipse/faces/javax.faces.resource/primefaces.css?ln=primefaces&v=4.0 HTTP/1.1" 304 -
186.84.20.177 - - [09/Feb/2023:08:28:43 -0500] "GET /sipse/faces/javax.faces.resource/layout/layout.css?ln=primefaces&v=4.0 HTTP/1.1" 304 -
186.84.20.177 - - [09/Feb/2023:08:28:43 -0500] "GET /sipse/faces/javax.faces.resource/jquery/jquery.js?ln=primefaces&v=4.0 HTTP/1.1" 304 -
186.84.20.177 - - [09/Feb/2023:08:28:43 -0500] "GET /sipse/faces/javax.faces.resource/jquery/jquery-plugins.js?ln=primefaces&v=4.0 HTTP/1.1" 304 -
186.84.20.177 - - [09/Feb/2023:08:28:43 -0500] "GET /sipse/faces/javax.faces.resource/primefaces.js?ln=primefaces&v=4.0 HTTP/1.1" 304 -
186.84.20.177 - - [09/Feb/2023:08:28:43 -0500] "GET /sipse/faces/javax.faces.resource/layout/layout.js?ln=primefaces&v=4.0 HTTP/1.1" 304 -
186.84.20.177 - - [09/Feb/2023:08:28:44 -0500] "POST /sipse/faces/presentacion/financiero/solicitudProceso/listarSolicitudProceso.xhtml HTTP/1.1" 200 1396
186.154.32.232 - - [09/Feb/2023:08:28:44 -0500] "POST /sipse/faces/presentacion/financiero/estudioPrevio/personalSolicitado/expedirExperienciaIdoneidad.xhtml HTTP/1.1" 200 44783
186.154.32.232 - - [09/Feb/2023:08:28:45 -0500] "GET /sipse/faces/javax.faces.resource/theme.css?ln=primefaces-sipse HTTP/1.1" 304 -
186.154.32.232 - - [09/Feb/2023:08:28:45 -0500] "GET /sipse/faces/javax.faces.resource/layout/layout.css?ln=primefaces&v=4.0 HTTP/1.1" 304 -
186.154.32.232 - - [09/Feb/2023:08:28:45 -0500] "GET /sipse/faces/javax.faces.resource/primefaces.css?ln=primefaces&v=4.0 HTTP/1.1" 304 -
186.154.32.232 - - [09/Feb/2023:08:28:45 -0500] "GET /sipse/faces/javax.faces.resource/jquery/jquery.js?ln=primefaces&v=4.0 HTTP/1.1" 304 -
186.154.32.232 - - [09/Feb/2023:08:28:45 -0500] "GET /sipse/faces/javax.faces.resource/primefaces.js?ln=primefaces&v=4.0 HTTP/1.1" 304 -
186.154.32.232 - - [09/Feb/2023:08:28:45 -0500] "GET /sipse/faces/javax.faces.resource/jquery/jquery-plugins.js?ln=primefaces&v=4.0 HTTP/1.1" 304 -
186.154.32.232 - - [09/Feb/2023:08:28:45 -0500] "GET /sipse/faces/javax.faces.resource/layout/layout.js?ln=primefaces&v=4.0 HTTP/1.1" 304 -
190.66.252.253 - - [09/Feb/2023:08:28:41 -0500] "POST /sipse/faces/presentacion/workflow/reasignarReenrutar.xhtml HTTP/1.1" 200 111165
186.84.20.177 - - [09/Feb/2023:08:28:47 -0500] "POST /sipse/faces/presentacion/financiero/solicitudProceso/listarSolicitudProceso.xhtml HTTP/1.1" 200 7494
186.84.20.177 - - [09/Feb/2023:08:28:47 -0500] "POST /sipse/faces/presentacion/financiero/solicitudProceso/listarSolicitudProceso.xhtml HTTP/1.1" 200 7502
186.154.32.232 - - [09/Feb/2023:08:28:48 -0500] "POST /sipse/faces/presentacion/contratacion/contrato/adicionarSupervisor.xhtml HTTP/1.1" 200 16853
186.154.32.232 - - [09/Feb/2023:08:28:50 -0500] "GET /sipse/faces/javax.faces.resource/images/ui-icons_898989_256x240.png?ln=primefaces-aristo HTTP/1.1" 304 -
186.154.32.232 - - [09/Feb/2023:08:28:51 -0500] "POST /sipse/faces/presentacion/contratacion/contrato/adicionarSupervisor.xhtml HTTP/1.1" 200 46941
186.154.32.232 - - [09/Feb/2023:08:28:51 -0500] "GET /sipse/faces/javax.faces.resource/jquery/jquery.js?ln=primefaces&v=4.0 HTTP/1.1" 304 -
186.154.32.232 - - [09/Feb/2023:08:28:51 -0500] "GET /sipse/faces/javax.faces.resource/theme.css?ln=primefaces-sipse HTTP/1.1" 304 -
186.154.32.232 - - [09/Feb/2023:08:28:51 -0500] "GET /sipse/faces/javax.faces.resource/primefaces.js?ln=primefaces&v=4.0 HTTP/1.1" 304 -
186.154.32.232 - - [09/Feb/2023:08:28:51 -0500] "GET /sipse/faces/javax.faces.resource/jquery/jquery-plugins.js?ln=primefaces&v=4.0 HTTP/1.1" 304 -
186.154.32.232 - - [09/Feb/2023:08:28:51 -0500] "GET /sipse/faces/javax.faces.resource/layout/layout.css?ln=primefaces&v=4.0 HTTP/1.1" 304 -
186.154.32.232 - - [09/Feb/2023:08:28:51 -0500] "GET /sipse/faces/javax.faces.resource/primefaces.css?ln=primefaces&v=4.0 HTTP/1.1" 304 -
186.154.32.232 - - [09/Feb/2023:08:28:51 -0500] "GET /sipse/faces/javax.faces.resource/layout/layout.js?ln=primefaces&v=4.0 HTTP/1.1" 304 -
190.66.252.253 - - [09/Feb/2023:08:28:52 -0500] "POST /sipse/faces/presentacion/workflow/reasignarReenrutar.xhtml HTTP/1.1" 200 111213
186.84.21.124 - - [09/Feb/2023:08:28:52 -0500] "POST /sipse/faces/presentacion/financiero/solicitudProceso/consultar.xhtml HTTP/1.1" 200 147646
186.84.21.124 - - [09/Feb/2023:08:28:53 -0500] "GET /sipse/faces/javax.faces.resource/theme.css?ln=primefaces-sipse HTTP/1.1" 304 -
186.84.21.124 - - [09/Feb/2023:08:28:53 -0500] "GET /sipse/faces/javax.faces.resource/primefaces.css?ln=primefaces&v=4.0 HTTP/1.1" 304 -
186.84.21.124 - - [09/Feb/2023:08:28:53 -0500] "GET /sipse/faces/javax.faces.resource/layout/layout.css?ln=primefaces&v=4.0 HTTP/1.1" 304 -
186.80.52.223 - - [09/Feb/2023:08:28:53 -0500] "POST /sipse/faces/presentacion/financiero/solicitudProceso/listarSolicitudProceso.xhtml HTTP/1.1" 200 32113
186.84.21.124 - - [09/Feb/2023:08:28:54 -0500] "GET /sipse/faces/javax.faces.resource/jquery/jquery.js?ln=primefaces&v=4.0 HTTP/1.1" 304 -
186.84.21.124 - - [09/Feb/2023:08:28:54 -0500] "GET /sipse/faces/javax.faces.resource/jquery/jquery-plugins.js?ln=primefaces&v=4.0 HTTP/1.1" 304 -
186.84.21.124 - - [09/Feb/2023:08:28:54 -0500] "GET /sipse/faces/javax.faces.resource/primefaces.js?ln=primefaces&v=4.0 HTTP/1.1" 304 -
186.84.21.124 - - [09/Feb/2023:08:28:54 -0500] "GET /sipse/faces/javax.faces.resource/layout/layout.js?ln=primefaces&v=4.0 HTTP/1.1" 304 -
201.245.192.253 - - [09/Feb/2023:08:28:54 -0500] "POST /sipse/faces/presentacion/financiero/solicitudProceso/consultarSolicitudProceso.xhtml HTTP/1.1" 200 79804
201.245.192.253 - - [09/Feb/2023:08:28:56 -0500] "POST /sipse/faces/presentacion/financiero/solicitudProceso/consultarSolicitudProceso.xhtml HTTP/1.1" 200 84255
186.84.20.177 - - [09/Feb/2023:08:28:57 -0500] "POST /sipse/faces/presentacion/financiero/solicitudProceso/listarSolicitudProceso.xhtml HTTP/1.1" 200 7495
186.84.20.177 - - [09/Feb/2023:08:28:57 -0500] "POST /sipse/faces/presentacion/financiero/solicitudProceso/listarSolicitudProceso.xhtml HTTP/1.1" 200 7499
201.245.192.253 - - [09/Feb/2023:08:29:02 -0500] "POST /sipse/faces/presentacion/financiero/solicitudProceso/consultarSolicitudProceso.xhtml HTTP/1.1" 200 53364
207.46.13.10 - - [09/Feb/2023:08:29:05 -0500] "GET /bla/resoluciones/autos%202021/3786.pdf HTTP/1.1" 200 420776
201.245.192.253 - - [09/Feb/2023:08:29:05 -0500] "POST /sipse/faces/presentacion/financiero/solicitudProceso/consultarSolicitudProceso.xhtml HTTP/1.1" 200 154798
201.245.192.253 - - [09/Feb/2023:08:29:06 -0500] "POST /sipse/faces/presentacion/financiero/solicitudProceso/consultarSolicitudProceso.xhtml HTTP/1.1" 200 153091
186.84.20.177 - - [09/Feb/2023:08:29:07 -0500] "POST /sipse/faces/presentacion/financiero/solicitudProceso/listarSolicitudProceso.xhtml HTTP/1.1" 200 7436
186.84.20.177 - - [09/Feb/2023:08:29:07 -0500] "POST /sipse/faces/presentacion/financiero/solicitudProceso/listarSolicitudProceso.xhtml HTTP/1.1" 200 7440
201.245.192.253 - - [09/Feb/2023:08:29:10 -0500] "POST /sipse/faces/presentacion/financiero/solicitudProceso/consultarSolicitudProceso.xhtml HTTP/1.1" 200 5529
201.245.192.253 - - [09/Feb/2023:08:29:11 -0500] "GET /sipse/faces/javax.faces.resource/dynamiccontent.properties?ln=primefaces&pfdrid=XjOR5%2F%2FfPAZAuY9TpWQeCiM0BhlXxYRBGKi%2FQcXXfeA%3D&pfdrid_c=false HTTP/1.1" 200 165354
201.245.192.253 - - [09/Feb/2023:08:29:13 -0500] "POST /sipse/faces/presentacion/financiero/solicitudProceso/consultarSolicitudProceso.xhtml HTTP/1.1" 200 5514
186.84.20.177 - - [09/Feb/2023:08:29:16 -0500] "POST /sipse/faces/presentacion/financiero/solicitudProceso/listarSolicitudProceso.xhtml HTTP/1.1" 200 7513
186.84.20.177 - - [09/Feb/2023:08:29:16 -0500] "POST /sipse/faces/presentacion/financiero/solicitudProceso/listarSolicitudProceso.xhtml HTTP/1.1" 200 7517
190.66.252.253 - - [09/Feb/2023:08:29:23 -0500] "POST /sipse/faces/presentacion/workflow/reasignarReenrutar.xhtml HTTP/1.1" 200 111809
186.84.20.177 - - [09/Feb/2023:08:29:24 -0500] "POST /sipse/faces/presentacion/financiero/solicitudProceso/listarSolicitudProceso.xhtml HTTP/1.1" 200 7465
186.84.20.177 - - [09/Feb/2023:08:29:24 -0500] "POST /sipse/faces/presentacion/financiero/solicitudProceso/listarSolicitudProceso.xhtml HTTP/1.1" 200 7469
190.66.252.253 - - [09/Feb/2023:08:29:25 -0500] "POST /sipse/faces/presentacion/workflow/reasignarReenrutar.xhtml HTTP/1.1" 200 4957
201.245.192.253 - - [09/Feb/2023:08:29:30 -0500] "POST /sipse/faces/presentacion/financiero/solicitudProceso/consultarSolicitudProceso.xhtml HTTP/1.1" 200 657189
186.84.20.177 - - [09/Feb/2023:08:29:34 -0500] "POST /sipse/faces/presentacion/financiero/solicitudProceso/listarSolicitudProceso.xhtml HTTP/1.1" 200 7386
186.84.20.177 - - [09/Feb/2023:08:29:34 -0500] "POST /sipse/faces/presentacion/financiero/solicitudProceso/listarSolicitudProceso.xhtml HTTP/1.1" 200 7390
186.84.21.124 - - [09/Feb/2023:08:29:39 -0500] "POST /sipse/faces/presentacion/financiero/solicitudProceso/consultarSolicitudProceso.xhtml HTTP/1.1" 200 287494
201.245.192.253 - - [09/Feb/2023:08:29:42 -0500] "POST /sipse/faces/presentacion/financiero/solicitudProceso/consultarSolicitudProceso.xhtml HTTP/1.1" 200 5518
34.90.203.132 - - [09/Feb/2023:08:29:44 -0500] "GET /inventario-de-emisiones-2020-transporte-publico-sitp-redujo-emisiones-de-pm-2-5-en-un-37.html HTTP/1.1" 200 925
186.84.20.177 - - [09/Feb/2023:08:29:44 -0500] "POST /sipse/faces/presentacion/financiero/solicitudProceso/listarSolicitudProceso.xhtml HTTP/1.1" 200 7433
186.84.20.177 - - [09/Feb/2023:08:29:44 -0500] "POST /sipse/faces/presentacion/financiero/solicitudProceso/listarSolicitudProceso.xhtml HTTP/1.1" 200 7437
201.245.192.253 - - [09/Feb/2023:08:29:43 -0500] "POST /sipse/faces/presentacion/financiero/solicitudProceso/consultarSolicitudProceso.xhtml HTTP/1.1" 200 6182013
201.245.192.253 - - [09/Feb/2023:08:29:57 -0500] "GET /sipse/faces/index.xhtml HTTP/1.1" 200 677
201.245.192.253 - - [09/Feb/2023:08:29:57 -0500] "GET /sipse/faces/javax.faces.resource/theme.css?ln=primefaces-sipse HTTP/1.1" 200 50058
201.245.192.253 - - [09/Feb/2023:08:29:57 -0500] "GET /sipse/faces/faces/autenticacion.xhtml HTTP/1.1" 200 12179
201.245.192.253 - - [09/Feb/2023:08:29:57 -0500] "GET /sipse/faces/javax.faces.resource/theme.css?ln=primefaces-sipse HTTP/1.1" 304 -
201.245.192.253 - - [09/Feb/2023:08:29:57 -0500] "GET /sipse/js/disable_browser_buttons.js HTTP/1.1" 304 -
201.245.192.253 - - [09/Feb/2023:08:29:57 -0500] "GET /sipse/css/custom_css_sg.css HTTP/1.1" 200 9694
201.245.192.253 - - [09/Feb/2023:08:29:57 -0500] "GET /sipse/css/custom_css_sg_prime_login.css HTTP/1.1" 200 443
201.245.192.253 - - [09/Feb/2023:08:29:57 -0500] "GET /sipse/js/funciones.js HTTP/1.1" 304 -
201.245.192.253 - - [09/Feb/2023:08:29:57 -0500] "GET /sipse/faces/javax.faces.resource/layout/layout.css?ln=primefaces&v=4.0 HTTP/1.1" 200 542
201.245.192.253 - - [09/Feb/2023:08:29:57 -0500] "GET /sipse/faces/javax.faces.resource/jquery/jquery.js?ln=primefaces&v=4.0 HTTP/1.1" 304 -
201.245.192.253 - - [09/Feb/2023:08:29:57 -0500] "GET /sipse/faces/javax.faces.resource/jquery/jquery-plugins.js?ln=primefaces&v=4.0 HTTP/1.1" 304 -
201.245.192.253 - - [09/Feb/2023:08:29:57 -0500] "GET /sipse/faces/javax.faces.resource/primefaces.js?ln=primefaces&v=4.0 HTTP/1.1" 304 -
201.245.192.253 - - [09/Feb/2023:08:29:57 -0500] "GET /sipse/faces/javax.faces.resource/layout/layout.js?ln=primefaces&v=4.0 HTTP/1.1" 304 -
201.245.192.253 - - [09/Feb/2023:08:29:57 -0500] "GET /sipse/faces/javax.faces.resource/primefaces.css?ln=primefaces&v=4.0 HTTP/1.1" 200 53295
201.245.192.253 - - [09/Feb/2023:08:29:57 -0500] "GET /sipse/faces/javax.faces.resource/images/ui-icons_898989_256x240.png?ln=primefaces-aristo HTTP/1.1" 200 5355
201.245.192.253 - - [09/Feb/2023:08:29:57 -0500] "GET /sipse/css/imagen/logoSDG.png HTTP/1.1" 200 53064
201.245.192.253 - - [09/Feb/2023:08:29:57 -0500] "GET /sipse/css/imagen/loginimg.png HTTP/1.1" 200 71635
201.245.192.253 - - [09/Feb/2023:08:29:58 -0500] "POST /sipse/faces/autenticacion.xhtml HTTP/1.1" 200 2221
201.245.192.253 - - [09/Feb/2023:08:29:59 -0500] "GET /sipse/faces/javax.faces.resource/messages/messages.png?ln=primefaces&v=4.0 HTTP/1.1" 200 27209
201.245.192.253 - - [09/Feb/2023:08:29:59 -0500] "POST /sipse/faces/autenticacion.xhtml HTTP/1.1" 200 16282
201.245.192.253 - - [09/Feb/2023:08:29:59 -0500] "GET /sipse/css/custom_css_sg_prime.css HTTP/1.1" 200 5201
201.245.192.253 - - [09/Feb/2023:08:29:59 -0500] "GET /sipse/js/jquery.min.js HTTP/1.1" 304 -
201.245.192.253 - - [09/Feb/2023:08:29:59 -0500] "GET /sipse/faces/javax.faces.resource/jquery/jquery.js?ln=primefaces&v=4.0 HTTP/1.1" 304 -
201.245.192.253 - - [09/Feb/2023:08:29:59 -0500] "GET /sipse/faces/javax.faces.resource/jquery/jquery-plugins.js?ln=primefaces&v=4.0 HTTP/1.1" 304 -
201.245.192.253 - - [09/Feb/2023:08:30:00 -0500] "GET /sipse/faces/javax.faces.resource/primefaces.js?ln=primefaces&v=4.0 HTTP/1.1" 304 -
201.245.192.253 - - [09/Feb/2023:08:30:00 -0500] "GET /sipse/faces/javax.faces.resource/layout/layout.js?ln=primefaces&v=4.0 HTTP/1.1" 304 -
201.245.192.253 - - [09/Feb/2023:08:30:00 -0500] "GET /sipse/imagenes/cargando.gif HTTP/1.1" 200 36959
