191.156.187.33 - - [09/Feb/2023:08:57:03 -0500] "GET /sipse/faces/javax.faces.resource/jquery/jquery.js?ln=primefaces&v=4.0 HTTP/1.1" 304 -
191.156.187.33 - - [09/Feb/2023:08:57:03 -0500] "GET /sipse/faces/javax.faces.resource/jquery/jquery-plugins.js?ln=primefaces&v=4.0 HTTP/1.1" 304 -
191.156.187.33 - - [09/Feb/2023:08:57:03 -0500] "GET /sipse/faces/javax.faces.resource/primefaces.js?ln=primefaces&v=4.0 HTTP/1.1" 304 -
191.156.187.33 - - [09/Feb/2023:08:57:03 -0500] "GET /sipse/faces/javax.faces.resource/layout/layout.js?ln=primefaces&v=4.0 HTTP/1.1" 304 -
191.156.187.33 - - [09/Feb/2023:08:57:03 -0500] "POST /sipse/faces/presentacion/financiero/solicitudProceso/listarSolicitudProceso.xhtml HTTP/1.1" 200 1396
201.245.192.253 - - [09/Feb/2023:08:57:04 -0500] "POST /appsia/controlador HTTP/1.1" 200 3599
201.245.192.253 - - [09/Feb/2023:08:57:04 -0500] "GET /appsia/jscripts/validarSolicitud.js HTTP/1.1" 404 68
191.156.190.47 - - [09/Feb/2023:08:57:05 -0500] "POST /sipse/faces/presentacion/financiero/solicitudProceso/listarSolicitudProceso.xhtml HTTP/1.1" 200 146939
191.156.190.47 - - [09/Feb/2023:08:57:07 -0500] "GET /sipse/faces/javax.faces.resource/theme.css?ln=primefaces-sipse HTTP/1.1" 304 -
191.156.183.33 - - [09/Feb/2023:08:57:07 -0500] "GET /sipse/faces/javax.faces.resource/jquery/jquery.js?ln=primefaces&v=4.0 HTTP/1.1" 304 -
191.156.190.47 - - [09/Feb/2023:08:57:07 -0500] "GET /sipse/faces/javax.faces.resource/primefaces.css?ln=primefaces&v=4.0 HTTP/1.1" 304 -
191.156.190.47 - - [09/Feb/2023:08:57:07 -0500] "GET /sipse/faces/javax.faces.resource/layout/layout.css?ln=primefaces&v=4.0 HTTP/1.1" 304 -
191.156.190.47 - - [09/Feb/2023:08:57:07 -0500] "GET /sipse/faces/javax.faces.resource/jquery/jquery-plugins.js?ln=primefaces&v=4.0 HTTP/1.1" 304 -
191.156.190.47 - - [09/Feb/2023:08:57:07 -0500] "GET /sipse/faces/javax.faces.resource/primefaces.js?ln=primefaces&v=4.0 HTTP/1.1" 304 -
191.156.190.47 - - [09/Feb/2023:08:57:07 -0500] "GET /sipse/faces/javax.faces.resource/layout/layout.js?ln=primefaces&v=4.0 HTTP/1.1" 304 -
200.118.64.109 - - [09/Feb/2023:08:57:06 -0500] "POST /forms/lservlet;jsessionid=ac16012b30d67668fbefe48f4d798b6da6e62d384543.e3iSbxaKaheRe3qOaNiKbx8Ray1ynknvrkLOlQzNp65In0 HTTP/1.1" 200 15
152.203.183.92 - - [09/Feb/2023:08:57:08 -0500] "POST /sipse/faces/presentacion/financiero/solicitudProceso/listarSolicitudProceso.xhtml HTTP/1.1" 200 7695
201.245.192.253 - - [09/Feb/2023:08:57:08 -0500] "POST /appsia/controlador HTTP/1.1" 200 4799
191.156.190.47 - - [09/Feb/2023:08:57:11 -0500] "POST /sipse/faces/presentacion/financiero/solicitudProceso/consultarSolicitudProceso.xhtml HTTP/1.1" 200 34166
191.156.190.47 - - [09/Feb/2023:08:57:13 -0500] "GET /sipse/faces/javax.faces.resource/primefaces.css?ln=primefaces&v=4.0 HTTP/1.1" 304 -
191.156.183.33 - - [09/Feb/2023:08:57:13 -0500] "GET /sipse/faces/javax.faces.resource/layout/layout.css?ln=primefaces&v=4.0 HTTP/1.1" 304 -
191.156.190.47 - - [09/Feb/2023:08:57:13 -0500] "GET /sipse/faces/javax.faces.resource/theme.css?ln=primefaces-sipse HTTP/1.1" 304 -
191.156.190.47 - - [09/Feb/2023:08:57:13 -0500] "GET /sipse/faces/javax.faces.resource/jquery/jquery.js?ln=primefaces&v=4.0 HTTP/1.1" 304 -
191.156.190.47 - - [09/Feb/2023:08:57:13 -0500] "GET /sipse/faces/javax.faces.resource/jquery/jquery-plugins.js?ln=primefaces&v=4.0 HTTP/1.1" 304 -
191.156.190.47 - - [09/Feb/2023:08:57:14 -0500] "GET /sipse/faces/javax.faces.resource/primefaces.js?ln=primefaces&v=4.0 HTTP/1.1" 304 -
191.156.190.47 - - [09/Feb/2023:08:57:14 -0500] "GET /sipse/faces/javax.faces.resource/layout/layout.js?ln=primefaces&v=4.0 HTTP/1.1" 304 -
191.156.190.47 - - [09/Feb/2023:08:57:14 -0500] "POST /sipse/faces/presentacion/financiero/solicitudProceso/listarSolicitudProceso.xhtml HTTP/1.1" 200 1372
200.118.64.109 - - [09/Feb/2023:08:57:13 -0500] "POST /forms/lservlet;jsessionid=ac16012b30d67668fbefe48f4d798b6da6e62d384543.e3iSbxaKaheRe3qOaNiKbx8Ray1ynknvrkLOlQzNp65In0 HTTP/1.1" 200 15
152.203.183.92 - - [09/Feb/2023:08:57:15 -0500] "POST /sipse/faces/presentacion/financiero/solicitudProceso/listarSolicitudProceso.xhtml HTTP/1.1" 200 33880
191.156.190.47 - - [09/Feb/2023:08:57:16 -0500] "POST /sipse/faces/presentacion/financiero/solicitudProceso/listarSolicitudProceso.xhtml HTTP/1.1" 200 2673
152.203.183.92 - - [09/Feb/2023:08:57:16 -0500] "POST /sipse/faces/presentacion/financiero/solicitudProceso/listarSolicitudProceso.xhtml HTTP/1.1" 200 34598
152.203.183.92 - - [09/Feb/2023:08:57:16 -0500] "POST /sipse/faces/presentacion/financiero/solicitudProceso/listarSolicitudProceso.xhtml HTTP/1.1" 200 34594
201.245.192.253 - - [09/Feb/2023:08:57:16 -0500] "POST /appsia/controlador HTTP/1.1" 200 5437
191.156.190.47 - - [09/Feb/2023:08:57:17 -0500] "POST /sipse/faces/presentacion/financiero/solicitudProceso/listarSolicitudProceso.xhtml HTTP/1.1" 200 41378
191.156.190.47 - - [09/Feb/2023:08:57:17 -0500] "GET /sipse/faces/javax.faces.resource/theme.css?ln=primefaces-sipse HTTP/1.1" 304 -
191.156.190.88 - - [09/Feb/2023:08:57:17 -0500] "GET /sipse/faces/javax.faces.resource/jquery/jquery.js?ln=primefaces&v=4.0 HTTP/1.1" 304 -
191.156.183.33 - - [09/Feb/2023:08:57:17 -0500] "GET /sipse/faces/javax.faces.resource/primefaces.css?ln=primefaces&v=4.0 HTTP/1.1" 304 -
191.156.190.47 - - [09/Feb/2023:08:57:17 -0500] "GET /sipse/faces/javax.faces.resource/layout/layout.css?ln=primefaces&v=4.0 HTTP/1.1" 304 -
191.156.183.33 - - [09/Feb/2023:08:57:17 -0500] "GET /sipse/faces/javax.faces.resource/jquery/jquery-plugins.js?ln=primefaces&v=4.0 HTTP/1.1" 304 -
191.156.183.33 - - [09/Feb/2023:08:57:17 -0500] "GET /sipse/faces/javax.faces.resource/primefaces.js?ln=primefaces&v=4.0 HTTP/1.1" 304 -
191.156.183.33 - - [09/Feb/2023:08:57:17 -0500] "GET /sipse/faces/javax.faces.resource/layout/layout.js?ln=primefaces&v=4.0 HTTP/1.1" 304 -
152.203.183.92 - - [09/Feb/2023:08:57:17 -0500] "POST /sipse/faces/presentacion/financiero/solicitudProceso/listarSolicitudProceso.xhtml HTTP/1.1" 200 34814
191.156.183.33 - - [09/Feb/2023:08:57:17 -0500] "POST /sipse/faces/presentacion/financiero/solicitudProceso/consultar.xhtml HTTP/1.1" 200 34746
191.156.183.33 - - [09/Feb/2023:08:57:18 -0500] "POST /sipse/faces/presentacion/financiero/solicitudProceso/consultar.xhtml HTTP/1.1" 200 34746
191.156.183.33 - - [09/Feb/2023:08:57:18 -0500] "POST /sipse/faces/presentacion/financiero/solicitudProceso/consultar.xhtml HTTP/1.1" 200 34746
152.203.183.92 - - [09/Feb/2023:08:57:18 -0500] "POST /sipse/faces/presentacion/financiero/solicitudProceso/listarSolicitudProceso.xhtml HTTP/1.1" 200 35060
191.156.183.33 - - [09/Feb/2023:08:57:19 -0500] "POST /sipse/faces/presentacion/financiero/solicitudProceso/consultar.xhtml HTTP/1.1" 200 34746
152.203.183.92 - - [09/Feb/2023:08:57:19 -0500] "POST /sipse/faces/presentacion/financiero/solicitudProceso/listarSolicitudProceso.xhtml HTTP/1.1" 200 35060
191.156.183.33 - - [09/Feb/2023:08:57:19 -0500] "POST /sipse/faces/presentacion/financiero/solicitudProceso/consultar.xhtml HTTP/1.1" 200 34746
152.203.183.92 - - [09/Feb/2023:08:57:20 -0500] "POST /sipse/faces/presentacion/financiero/solicitudProceso/listarSolicitudProceso.xhtml HTTP/1.1" 200 7698
201.245.192.253 - - [09/Feb/2023:08:57:21 -0500] "POST /appsia/controlador HTTP/1.1" 200 7727
201.245.192.253 - - [09/Feb/2023:08:57:21 -0500] "GET /appsia/images/logo_escudo.png HTTP/1.1" 200 36965
200.118.64.109 - - [09/Feb/2023:08:57:23 -0500] "POST /forms/lservlet;jsessionid=ac16012b30d67668fbefe48f4d798b6da6e62d384543.e3iSbxaKaheRe3qOaNiKbx8Ray1ynknvrkLOlQzNp65In0 HTTP/1.1" 200 125
200.118.64.109 - - [09/Feb/2023:08:57:23 -0500] "POST /forms/lservlet;jsessionid=ac16012b30d67668fbefe48f4d798b6da6e62d384543.e3iSbxaKaheRe3qOaNiKbx8Ray1ynknvrkLOlQzNp65In0 HTTP/1.1" 200 2
200.118.64.109 - - [09/Feb/2023:08:57:23 -0500] "GET /reports/rwservlet/getjobid83928?server=repnomi HTTP/1.1" 200 47703
191.156.183.33 - - [09/Feb/2023:08:57:23 -0500] "POST /sipse/faces/presentacion/financiero/solicitudProceso/consultar.xhtml HTTP/1.1" 200 12780
172.22.2.4 - - [09/Feb/2023:08:55:43 -0500] "GET /BLA/boletinlegal/ HTTP/1.1" 200 56474
152.203.183.92 - - [09/Feb/2023:08:57:28 -0500] "POST /sipse/faces/presentacion/financiero/solicitudProceso/listarSolicitudProceso.xhtml HTTP/1.1" 200 35060
152.203.183.92 - - [09/Feb/2023:08:57:28 -0500] "POST /sipse/faces/presentacion/financiero/solicitudProceso/listarSolicitudProceso.xhtml HTTP/1.1" 200 35060
152.203.183.92 - - [09/Feb/2023:08:57:29 -0500] "POST /sipse/faces/presentacion/financiero/solicitudProceso/listarSolicitudProceso.xhtml HTTP/1.1" 200 7717
201.245.192.253 - - [09/Feb/2023:08:57:30 -0500] "POST /sipse/faces/presentacion/financiero/solicitudProceso/listarSolicitudProceso.xhtml HTTP/1.1" 200 43598
201.245.192.253 - - [09/Feb/2023:08:57:31 -0500] "POST /sipse/faces/presentacion/financiero/solicitudProceso/listarSolicitudProceso.xhtml HTTP/1.1" 200 16987
201.245.192.253 - - [09/Feb/2023:08:57:32 -0500] "POST /sipse/faces/presentacion/financiero/solicitudProceso/listarSolicitudProceso.xhtml HTTP/1.1" 200 153259
201.245.192.253 - - [09/Feb/2023:08:57:33 -0500] "GET /sipse/faces/javax.faces.resource/jquery/jquery.js?ln=primefaces&v=4.0 HTTP/1.1" 304 -
201.245.192.253 - - [09/Feb/2023:08:57:33 -0500] "GET /sipse/faces/javax.faces.resource/jquery/jquery-plugins.js?ln=primefaces&v=4.0 HTTP/1.1" 304 -
201.245.192.253 - - [09/Feb/2023:08:57:33 -0500] "GET /sipse/faces/javax.faces.resource/primefaces.js?ln=primefaces&v=4.0 HTTP/1.1" 304 -
201.245.192.253 - - [09/Feb/2023:08:57:34 -0500] "GET /sipse/faces/javax.faces.resource/layout/layout.js?ln=primefaces&v=4.0 HTTP/1.1" 304 -
152.203.183.92 - - [09/Feb/2023:08:57:36 -0500] "POST /sipse/faces/presentacion/financiero/solicitudProceso/listarSolicitudProceso.xhtml HTTP/1.1" 200 35060
201.245.192.253 - - [09/Feb/2023:08:57:37 -0500] "POST /sipse/faces/presentacion/financiero/solicitudProceso/consultarSolicitudProceso.xhtml HTTP/1.1" 200 160140
152.203.183.92 - - [09/Feb/2023:08:57:37 -0500] "POST /sipse/faces/presentacion/financiero/solicitudProceso/listarSolicitudProceso.xhtml HTTP/1.1" 200 7973
201.245.192.253 - - [09/Feb/2023:08:57:38 -0500] "POST /sipse/faces/presentacion/financiero/solicitudProceso/listarSolicitudProceso.xhtml HTTP/1.1" 200 23050
201.245.192.253 - - [09/Feb/2023:08:57:38 -0500] "POST /sipse/faces/presentacion/financiero/solicitudProceso/listarSolicitudProceso.xhtml HTTP/1.1" 200 23050
201.245.192.253 - - [09/Feb/2023:08:57:36 -0500] "POST /sipse/faces/presentacion/financiero/solicitudProceso/consultarSolicitudProceso.xhtml HTTP/1.1" 200 62249
201.245.192.253 - - [09/Feb/2023:08:57:38 -0500] "GET /sipse/faces/javax.faces.resource/theme.css?ln=primefaces-sipse HTTP/1.1" 304 -
201.245.192.253 - - [09/Feb/2023:08:57:38 -0500] "GET /sipse/faces/javax.faces.resource/layout/layout.css?ln=primefaces&v=4.0 HTTP/1.1" 304 -
201.245.192.253 - - [09/Feb/2023:08:57:38 -0500] "GET /sipse/faces/javax.faces.resource/primefaces.css?ln=primefaces&v=4.0 HTTP/1.1" 304 -
201.245.192.253 - - [09/Feb/2023:08:57:39 -0500] "GET /sipse/faces/javax.faces.resource/jquery/jquery.js?ln=primefaces&v=4.0 HTTP/1.1" 304 -
201.245.192.253 - - [09/Feb/2023:08:57:39 -0500] "GET /sipse/faces/javax.faces.resource/jquery/jquery-plugins.js?ln=primefaces&v=4.0 HTTP/1.1" 304 -
201.245.192.253 - - [09/Feb/2023:08:57:39 -0500] "GET /sipse/faces/javax.faces.resource/primefaces.js?ln=primefaces&v=4.0 HTTP/1.1" 304 -
201.245.192.253 - - [09/Feb/2023:08:57:39 -0500] "GET /sipse/faces/javax.faces.resource/layout/layout.js?ln=primefaces&v=4.0 HTTP/1.1" 304 -
201.245.192.253 - - [09/Feb/2023:08:57:39 -0500] "GET /sipse/faces/javax.faces.resource/messages/messages.png?ln=primefaces&v=4.0 HTTP/1.1" 304 -
201.245.192.253 - - [09/Feb/2023:08:57:39 -0500] "POST /sipse/faces/presentacion/financiero/solicitudProceso/listarSolicitudProceso.xhtml HTTP/1.1" 200 1556
201.245.192.253 - - [09/Feb/2023:08:57:39 -0500] "POST /sipse/faces/presentacion/financiero/solicitudProceso/listarSolicitudProceso.xhtml HTTP/1.1" 200 14132
201.245.192.253 - - [09/Feb/2023:08:57:40 -0500] "POST /sipse/faces/presentacion/financiero/solicitudProceso/listarSolicitudProceso.xhtml HTTP/1.1" 200 8047
201.245.192.253 - - [09/Feb/2023:08:57:41 -0500] "POST /sipse/faces/presentacion/financiero/solicitudProceso/listarSolicitudProceso.xhtml HTTP/1.1" 200 5061
201.245.192.253 - - [09/Feb/2023:08:57:43 -0500] "POST /sipse/faces/presentacion/financiero/solicitudProceso/listarSolicitudProceso.xhtml HTTP/1.1" 200 148892
201.245.192.253 - - [09/Feb/2023:08:57:44 -0500] "GET /sipse/faces/javax.faces.resource/jquery/jquery.js?ln=primefaces&v=4.0 HTTP/1.1" 304 -
201.245.192.253 - - [09/Feb/2023:08:57:44 -0500] "GET /sipse/faces/javax.faces.resource/jquery/jquery-plugins.js?ln=primefaces&v=4.0 HTTP/1.1" 304 -
201.245.192.253 - - [09/Feb/2023:08:57:44 -0500] "GET /sipse/faces/javax.faces.resource/primefaces.js?ln=primefaces&v=4.0 HTTP/1.1" 304 -
201.245.192.253 - - [09/Feb/2023:08:57:44 -0500] "GET /sipse/faces/javax.faces.resource/layout/layout.js?ln=primefaces&v=4.0 HTTP/1.1" 304 -
186.80.234.110 - - [09/Feb/2023:08:57:44 -0500] "GET /sipse/faces/autenticacion.xhtml HTTP/1.1" 200 12501
186.80.234.110 - - [09/Feb/2023:08:57:45 -0500] "GET /sipse/css/custom_css_sg.css HTTP/1.1" 200 9694
186.80.234.110 - - [09/Feb/2023:08:57:45 -0500] "GET /sipse/js/disable_browser_buttons.js HTTP/1.1" 200 3230
186.80.234.110 - - [09/Feb/2023:08:57:45 -0500] "GET /sipse/css/custom_css_sg_prime_login.css HTTP/1.1" 200 443
186.80.234.110 - - [09/Feb/2023:08:57:45 -0500] "GET /sipse/faces/javax.faces.resource/layout/layout.css;jsessionid=eAysh15UkAyY4N7AmaensLue.undefined?ln=primefaces&v=4.0 HTTP/1.1" 200 542
186.80.234.110 - - [09/Feb/2023:08:57:45 -0500] "GET /sipse/js/funciones.js HTTP/1.1" 200 12592
186.80.234.110 - - [09/Feb/2023:08:57:45 -0500] "GET /sipse/faces/javax.faces.resource/primefaces.css;jsessionid=eAysh15UkAyY4N7AmaensLue.undefined?ln=primefaces&v=4.0 HTTP/1.1" 200 53295
186.80.234.110 - - [09/Feb/2023:08:57:45 -0500] "GET /sipse/faces/javax.faces.resource/theme.css?ln=primefaces-sipse HTTP/1.1" 200 50058
186.80.234.110 - - [09/Feb/2023:08:57:45 -0500] "GET /sipse/faces/javax.faces.resource/layout/layout.js;jsessionid=eAysh15UkAyY4N7AmaensLue.undefined?ln=primefaces&v=4.0 HTTP/1.1" 200 87560
186.80.234.110 - - [09/Feb/2023:08:57:45 -0500] "GET /sipse/faces/javax.faces.resource/jquery/jquery.js;jsessionid=eAysh15UkAyY4N7AmaensLue.undefined?ln=primefaces&v=4.0 HTTP/1.1" 200 105384
186.80.234.110 - - [09/Feb/2023:08:57:45 -0500] "GET /sipse/faces/javax.faces.resource/jquery/jquery-plugins.js;jsessionid=eAysh15UkAyY4N7AmaensLue.undefined?ln=primefaces&v=4.0 HTTP/1.1" 200 220526
186.80.234.110 - - [09/Feb/2023:08:57:45 -0500] "GET /sipse/faces/javax.faces.resource/primefaces.js;jsessionid=eAysh15UkAyY4N7AmaensLue.undefined?ln=primefaces&v=4.0 HTTP/1.1" 200 276924
186.80.234.110 - - [09/Feb/2023:08:57:45 -0500] "GET /sipse/faces/javax.faces.resource/images/ui-icons_898989_256x240.png?ln=primefaces-aristo HTTP/1.1" 200 5355
186.80.234.110 - - [09/Feb/2023:08:57:45 -0500] "GET /sipse/css/imagen/logoSDG.png HTTP/1.1" 200 53064
186.80.234.110 - - [09/Feb/2023:08:57:45 -0500] "GET /sipse/css/imagen/loginimg.png HTTP/1.1" 200 71635
152.203.183.92 - - [09/Feb/2023:08:57:45 -0500] "POST /sipse/faces/presentacion/financiero/solicitudProceso/listarSolicitudProceso.xhtml HTTP/1.1" 200 35056
186.80.234.110 - - [09/Feb/2023:08:57:45 -0500] "GET /sipse/faces/index.xhtml HTTP/1.1" 200 677
186.80.234.110 - - [09/Feb/2023:08:57:45 -0500] "GET /sipse/faces/javax.faces.resource/theme.css?ln=primefaces-sipse HTTP/1.1" 304 -
152.203.183.92 - - [09/Feb/2023:08:57:49 -0500] "POST /sipse/faces/presentacion/financiero/solicitudProceso/listarSolicitudProceso.xhtml HTTP/1.1" 200 34598
152.203.183.92 - - [09/Feb/2023:08:57:50 -0500] "POST /sipse/faces/presentacion/financiero/solicitudProceso/listarSolicitudProceso.xhtml HTTP/1.1" 200 7824
152.203.183.92 - - [09/Feb/2023:08:57:50 -0500] "POST /sipse/faces/presentacion/financiero/solicitudProceso/listarSolicitudProceso.xhtml HTTP/1.1" 200 7820
152.203.183.92 - - [09/Feb/2023:08:57:51 -0500] "POST /sipse/faces/presentacion/financiero/solicitudProceso/listarSolicitudProceso.xhtml HTTP/1.1" 200 7828
200.118.64.109 - - [09/Feb/2023:08:57:53 -0500] "POST /forms/lservlet;jsessionid=ac16012b30d67668fbefe48f4d798b6da6e62d384543.e3iSbxaKaheRe3qOaNiKbx8Ray1ynknvrkLOlQzNp65In0 HTTP/1.1" 200 2
200.118.64.109 - - [09/Feb/2023:08:57:53 -0500] "POST /forms/lservlet;jsessionid=ac16012b30d67668fbefe48f4d798b6da6e62d384543.e3iSbxaKaheRe3qOaNiKbx8Ray1ynknvrkLOlQzNp65In0 HTTP/1.1" 200 14
181.50.142.205 - - [09/Feb/2023:08:57:54 -0500] "POST /sipse/faces/presentacion/financiero/solicitudProceso/consultarSolicitudProceso.xhtml HTTP/1.1" 200 47262
181.50.142.205 - - [09/Feb/2023:08:57:54 -0500] "GET /sipse/faces/javax.faces.resource/layout/layout.css?ln=primefaces&v=4.0 HTTP/1.1" 304 -
181.50.142.205 - - [09/Feb/2023:08:57:54 -0500] "GET /sipse/faces/javax.faces.resource/theme.css?ln=primefaces-sipse HTTP/1.1" 304 -
181.50.142.205 - - [09/Feb/2023:08:57:54 -0500] "GET /sipse/faces/javax.faces.resource/primefaces.css?ln=primefaces&v=4.0 HTTP/1.1" 304 -
181.50.142.205 - - [09/Feb/2023:08:57:54 -0500] "GET /sipse/faces/javax.faces.resource/jquery/jquery.js?ln=primefaces&v=4.0 HTTP/1.1" 304 -
181.50.142.205 - - [09/Feb/2023:08:57:54 -0500] "GET /sipse/faces/javax.faces.resource/jquery/jquery-plugins.js?ln=primefaces&v=4.0 HTTP/1.1" 304 -
181.50.142.205 - - [09/Feb/2023:08:57:55 -0500] "GET /sipse/faces/javax.faces.resource/primefaces.js?ln=primefaces&v=4.0 HTTP/1.1" 304 -
181.50.142.205 - - [09/Feb/2023:08:57:55 -0500] "GET /sipse/faces/javax.faces.resource/layout/layout.js?ln=primefaces&v=4.0 HTTP/1.1" 304 -
181.50.142.205 - - [09/Feb/2023:08:57:55 -0500] "GET /sipse/faces/javax.faces.resource/images/ui-icons_898989_256x240.png?ln=primefaces-aristo HTTP/1.1" 304 -
200.118.64.109 - - [09/Feb/2023:08:57:54 -0500] "POST /forms/lservlet;jsessionid=ac16012b30d67668fbefe48f4d798b6da6e62d384543.e3iSbxaKaheRe3qOaNiKbx8Ray1ynknvrkLOlQzNp65In0 HTTP/1.1" 200 14
186.29.13.35 - - [09/Feb/2023:08:57:55 -0500] "POST /sipse/faces/presentacion/financiero/solicitudProceso/consultarHistorialSolProceso.xhtml HTTP/1.1" 200 32005
186.29.13.35 - - [09/Feb/2023:08:57:56 -0500] "GET /sipse/faces/javax.faces.resource/theme.css?ln=primefaces-sipse HTTP/1.1" 304 -
186.29.13.35 - - [09/Feb/2023:08:57:56 -0500] "GET /sipse/faces/javax.faces.resource/layout/layout.css?ln=primefaces&v=4.0 HTTP/1.1" 304 -
186.29.13.35 - - [09/Feb/2023:08:57:56 -0500] "GET /sipse/faces/javax.faces.resource/primefaces.css?ln=primefaces&v=4.0 HTTP/1.1" 304 -
186.29.13.35 - - [09/Feb/2023:08:57:56 -0500] "GET /sipse/faces/javax.faces.resource/jquery/jquery.js?ln=primefaces&v=4.0 HTTP/1.1" 304 -
186.29.13.35 - - [09/Feb/2023:08:57:56 -0500] "GET /sipse/faces/javax.faces.resource/jquery/jquery-plugins.js?ln=primefaces&v=4.0 HTTP/1.1" 304 -
186.29.13.35 - - [09/Feb/2023:08:57:56 -0500] "GET /sipse/faces/javax.faces.resource/primefaces.js?ln=primefaces&v=4.0 HTTP/1.1" 304 -
186.29.13.35 - - [09/Feb/2023:08:57:56 -0500] "GET /sipse/faces/javax.faces.resource/layout/layout.js?ln=primefaces&v=4.0 HTTP/1.1" 304 -
186.29.13.35 - - [09/Feb/2023:08:57:56 -0500] "GET /sipse/faces/javax.faces.resource/images/ui-icons_898989_256x240.png?ln=primefaces-aristo HTTP/1.1" 304 -
186.29.13.35 - - [09/Feb/2023:08:57:56 -0500] "GET /sipse/faces/javax.faces.resource/images/ui-bg_flat_0_2d5972_40x100.png?ln=primefaces-aristo HTTP/1.1" 304 -
186.29.13.35 - - [09/Feb/2023:08:57:56 -0500] "POST /sipse/faces/presentacion/financiero/solicitudProceso/listarSolicitudProceso.xhtml HTTP/1.1" 200 1372
200.118.64.109 - - [09/Feb/2023:08:57:55 -0500] "POST /forms/lservlet;jsessionid=ac16012b30d67668fbefe48f4d798b6da6e62d384543.e3iSbxaKaheRe3qOaNiKbx8Ray1ynknvrkLOlQzNp65In0 HTTP/1.1" 200 14
200.118.64.109 - - [09/Feb/2023:08:57:57 -0500] "POST /forms/lservlet;jsessionid=ac16012b30d67668fbefe48f4d798b6da6e62d384543.e3iSbxaKaheRe3qOaNiKbx8Ray1ynknvrkLOlQzNp65In0 HTTP/1.1" 200 14
200.118.64.109 - - [09/Feb/2023:08:57:59 -0500] "POST /forms/lservlet;jsessionid=ac16012b30d67668fbefe48f4d798b6da6e62d384543.e3iSbxaKaheRe3qOaNiKbx8Ray1ynknvrkLOlQzNp65In0 HTTP/1.1" 200 110
200.118.64.109 - - [09/Feb/2023:08:57:59 -0500] "POST /forms/lservlet;jsessionid=ac16012b30d67668fbefe48f4d798b6da6e62d384543.e3iSbxaKaheRe3qOaNiKbx8Ray1ynknvrkLOlQzNp65In0 HTTP/1.1" 200 2
186.29.13.35 - - [09/Feb/2023:08:57:59 -0500] "POST /sipse/faces/presentacion/financiero/solicitudProceso/listarSolicitudProceso.xhtml HTTP/1.1" 200 32436
200.118.64.109 - - [09/Feb/2023:08:57:59 -0500] "GET /reports/rwservlet/getjobid83929?server=repnomi HTTP/1.1" 200 47763
200.118.64.109 - - [09/Feb/2023:08:57:59 -0500] "POST /forms/lservlet;jsessionid=ac16012b30d67668fbefe48f4d798b6da6e62d384543.e3iSbxaKaheRe3qOaNiKbx8Ray1ynknvrkLOlQzNp65In0 HTTP/1.1" 200 2
186.29.13.35 - - [09/Feb/2023:08:57:59 -0500] "POST /sipse/faces/presentacion/financiero/solicitudProceso/listarSolicitudProceso.xhtml HTTP/1.1" 200 44533
186.29.13.35 - - [09/Feb/2023:08:58:04 -0500] "POST /sipse/faces/presentacion/financiero/solicitudProceso/listarSolicitudProceso.xhtml HTTP/1.1" 200 31195
152.203.183.92 - - [09/Feb/2023:08:58:06 -0500] "POST /sipse/faces/presentacion/financiero/solicitudProceso/listarSolicitudProceso.xhtml HTTP/1.1" 200 4873
152.203.183.92 - - [09/Feb/2023:08:58:07 -0500] "POST /sipse/faces/presentacion/financiero/solicitudProceso/listarSolicitudProceso.xhtml HTTP/1.1" 200 4865
152.203.183.92 - - [09/Feb/2023:08:58:08 -0500] "POST /sipse/faces/presentacion/financiero/solicitudProceso/listarSolicitudProceso.xhtml HTTP/1.1" 200 34598
186.29.13.35 - - [09/Feb/2023:08:58:08 -0500] "POST /sipse/faces/presentacion/financiero/solicitudProceso/listarSolicitudProceso.xhtml HTTP/1.1" 200 42883
152.203.183.92 - - [09/Feb/2023:08:58:08 -0500] "POST /sipse/faces/presentacion/financiero/solicitudProceso/listarSolicitudProceso.xhtml HTTP/1.1" 200 34598
152.203.183.92 - - [09/Feb/2023:08:58:10 -0500] "POST /sipse/faces/presentacion/financiero/solicitudProceso/listarSolicitudProceso.xhtml HTTP/1.1" 200 33880
152.203.183.92 - - [09/Feb/2023:08:58:11 -0500] "POST /sipse/faces/presentacion/financiero/solicitudProceso/listarSolicitudProceso.xhtml HTTP/1.1" 200 7663
152.203.183.92 - - [09/Feb/2023:08:58:11 -0500] "POST /sipse/faces/presentacion/financiero/solicitudProceso/listarSolicitudProceso.xhtml HTTP/1.1" 200 7659
201.245.192.253 - - [09/Feb/2023:08:58:13 -0500] "POST /sipse/faces/presentacion/financiero/solicitudProceso/consultarSolicitudProceso.xhtml HTTP/1.1" 200 183598
186.29.13.35 - - [09/Feb/2023:08:58:17 -0500] "POST /sipse/faces/presentacion/financiero/solicitudProceso/listarSolicitudProceso.xhtml HTTP/1.1" 200 149282
186.29.13.35 - - [09/Feb/2023:08:58:18 -0500] "GET /sipse/faces/javax.faces.resource/theme.css?ln=primefaces-sipse HTTP/1.1" 304 -
186.29.13.35 - - [09/Feb/2023:08:58:18 -0500] "GET /sipse/faces/javax.faces.resource/primefaces.css?ln=primefaces&v=4.0 HTTP/1.1" 304 -
186.29.13.35 - - [09/Feb/2023:08:58:18 -0500] "GET /sipse/faces/javax.faces.resource/layout/layout.css?ln=primefaces&v=4.0 HTTP/1.1" 304 -
186.29.13.35 - - [09/Feb/2023:08:58:18 -0500] "GET /sipse/faces/javax.faces.resource/jquery/jquery.js?ln=primefaces&v=4.0 HTTP/1.1" 304 -
186.29.13.35 - - [09/Feb/2023:08:58:18 -0500] "GET /sipse/faces/javax.faces.resource/jquery/jquery-plugins.js?ln=primefaces&v=4.0 HTTP/1.1" 304 -
186.29.13.35 - - [09/Feb/2023:08:58:18 -0500] "GET /sipse/faces/javax.faces.resource/primefaces.js?ln=primefaces&v=4.0 HTTP/1.1" 304 -
186.29.13.35 - - [09/Feb/2023:08:58:18 -0500] "GET /sipse/faces/javax.faces.resource/layout/layout.js?ln=primefaces&v=4.0 HTTP/1.1" 304 -
152.203.183.92 - - [09/Feb/2023:08:58:19 -0500] "POST /sipse/faces/presentacion/financiero/solicitudProceso/listarSolicitudProceso.xhtml HTTP/1.1" 200 34594
152.203.183.92 - - [09/Feb/2023:08:58:20 -0500] "POST /sipse/faces/presentacion/financiero/solicitudProceso/listarSolicitudProceso.xhtml HTTP/1.1" 200 34818
152.203.183.92 - - [09/Feb/2023:08:58:20 -0500] "POST /sipse/faces/presentacion/financiero/solicitudProceso/listarSolicitudProceso.xhtml HTTP/1.1" 200 7820
152.203.183.92 - - [09/Feb/2023:08:58:21 -0500] "POST /sipse/faces/presentacion/financiero/solicitudProceso/listarSolicitudProceso.xhtml HTTP/1.1" 200 7820
152.203.183.92 - - [09/Feb/2023:08:58:27 -0500] "POST /sipse/faces/presentacion/financiero/solicitudProceso/listarSolicitudProceso.xhtml HTTP/1.1" 200 146823
152.203.183.92 - - [09/Feb/2023:08:58:28 -0500] "GET /sipse/faces/javax.faces.resource/theme.css?ln=primefaces-sipse HTTP/1.1" 304 -
152.203.183.92 - - [09/Feb/2023:08:58:28 -0500] "GET /sipse/faces/javax.faces.resource/primefaces.css?ln=primefaces&v=4.0 HTTP/1.1" 304 -
152.203.183.92 - - [09/Feb/2023:08:58:28 -0500] "GET /sipse/faces/javax.faces.resource/layout/layout.css?ln=primefaces&v=4.0 HTTP/1.1" 304 -
152.203.183.92 - - [09/Feb/2023:08:58:28 -0500] "GET /sipse/faces/javax.faces.resource/jquery/jquery.js?ln=primefaces&v=4.0 HTTP/1.1" 304 -
152.203.183.92 - - [09/Feb/2023:08:58:28 -0500] "GET /sipse/faces/javax.faces.resource/jquery/jquery-plugins.js?ln=primefaces&v=4.0 HTTP/1.1" 304 -
152.203.183.92 - - [09/Feb/2023:08:58:28 -0500] "GET /sipse/faces/javax.faces.resource/primefaces.js?ln=primefaces&v=4.0 HTTP/1.1" 304 -
152.203.183.92 - - [09/Feb/2023:08:58:28 -0500] "GET /sipse/faces/javax.faces.resource/layout/layout.js?ln=primefaces&v=4.0 HTTP/1.1" 304 -
181.61.39.98 - - [09/Feb/2023:08:58:29 -0500] "GET /sipse/faces/index.xhtml HTTP/1.1" 200 677
181.61.39.98 - - [09/Feb/2023:08:58:29 -0500] "GET /sipse/faces/javax.faces.resource/theme.css?ln=primefaces-sipse HTTP/1.1" 304 -
181.61.39.98 - - [09/Feb/2023:08:58:29 -0500] "GET /sipse/faces/faces/autenticacion.xhtml HTTP/1.1" 200 12179
181.61.39.98 - - [09/Feb/2023:08:58:29 -0500] "GET /sipse/js/disable_browser_buttons.js HTTP/1.1" 304 -
181.61.39.98 - - [09/Feb/2023:08:58:29 -0500] "GET /sipse/js/funciones.js HTTP/1.1" 304 -
181.61.39.98 - - [09/Feb/2023:08:58:29 -0500] "GET /sipse/css/custom_css_sg.css HTTP/1.1" 304 -
181.61.39.98 - - [09/Feb/2023:08:58:29 -0500] "GET /sipse/css/custom_css_sg_prime_login.css HTTP/1.1" 304 -
181.61.39.98 - - [09/Feb/2023:08:58:29 -0500] "GET /sipse/faces/javax.faces.resource/layout/layout.css?ln=primefaces&v=4.0 HTTP/1.1" 304 -
181.61.39.98 - - [09/Feb/2023:08:58:29 -0500] "GET /sipse/faces/javax.faces.resource/primefaces.css?ln=primefaces&v=4.0 HTTP/1.1" 304 -
181.61.39.98 - - [09/Feb/2023:08:58:29 -0500] "GET /sipse/faces/javax.faces.resource/theme.css?ln=primefaces-sipse HTTP/1.1" 304 -
181.61.39.98 - - [09/Feb/2023:08:58:29 -0500] "GET /sipse/faces/javax.faces.resource/jquery/jquery-plugins.js?ln=primefaces&v=4.0 HTTP/1.1" 304 -
181.61.39.98 - - [09/Feb/2023:08:58:29 -0500] "GET /sipse/faces/javax.faces.resource/primefaces.js?ln=primefaces&v=4.0 HTTP/1.1" 304 -
181.61.39.98 - - [09/Feb/2023:08:58:29 -0500] "GET /sipse/faces/javax.faces.resource/layout/layout.js?ln=primefaces&v=4.0 HTTP/1.1" 304 -
181.61.39.98 - - [09/Feb/2023:08:58:29 -0500] "GET /sipse/faces/javax.faces.resource/jquery/jquery.js?ln=primefaces&v=4.0 HTTP/1.1" 304 -
181.61.39.98 - - [09/Feb/2023:08:58:30 -0500] "GET /sipse/css/imagen/logoSDG.png HTTP/1.1" 304 -
181.61.39.98 - - [09/Feb/2023:08:58:30 -0500] "GET /sipse/css/imagen/loginimg.png HTTP/1.1" 304 -
181.61.39.98 - - [09/Feb/2023:08:58:30 -0500] "GET /sipse/faces/javax.faces.resource/images/ui-icons_898989_256x240.png?ln=primefaces-aristo HTTP/1.1" 304 -
152.203.183.92 - - [09/Feb/2023:08:58:31 -0500] "POST /sipse/faces/presentacion/financiero/solicitudProceso/consultarSolicitudProceso.xhtml HTTP/1.1" 200 38530
152.203.183.92 - - [09/Feb/2023:08:58:32 -0500] "GET /sipse/faces/javax.faces.resource/primefaces.js?ln=primefaces&v=4.0 HTTP/1.1" 304 -
152.203.183.92 - - [09/Feb/2023:08:58:32 -0500] "GET /sipse/faces/javax.faces.resource/primefaces.css?ln=primefaces&v=4.0 HTTP/1.1" 304 -
152.203.183.92 - - [09/Feb/2023:08:58:32 -0500] "GET /sipse/faces/javax.faces.resource/layout/layout.css?ln=primefaces&v=4.0 HTTP/1.1" 304 -
152.203.183.92 - - [09/Feb/2023:08:58:32 -0500] "GET /sipse/faces/javax.faces.resource/theme.css?ln=primefaces-sipse HTTP/1.1" 304 -
152.203.183.92 - - [09/Feb/2023:08:58:32 -0500] "GET /sipse/faces/javax.faces.resource/jquery/jquery.js?ln=primefaces&v=4.0 HTTP/1.1" 304 -
152.203.183.92 - - [09/Feb/2023:08:58:32 -0500] "GET /sipse/faces/javax.faces.resource/jquery/jquery-plugins.js?ln=primefaces&v=4.0 HTTP/1.1" 304 -
152.203.183.92 - - [09/Feb/2023:08:58:32 -0500] "GET /sipse/faces/javax.faces.resource/layout/layout.js?ln=primefaces&v=4.0 HTTP/1.1" 304 -
61.231.197.118 - - [09/Feb/2023:08:58:34 -0500] "-" 408 -
181.61.39.98 - - [09/Feb/2023:08:58:34 -0500] "POST /sipse/faces/autenticacion.xhtml HTTP/1.1" 200 11369
181.61.39.98 - - [09/Feb/2023:08:58:34 -0500] "GET /sipse/css/custom_css_sg_prime.css HTTP/1.1" 304 -
181.61.39.98 - - [09/Feb/2023:08:58:34 -0500] "GET /sipse/faces/javax.faces.resource/primefaces.css?ln=primefaces&v=4.0 HTTP/1.1" 304 -
181.61.39.98 - - [09/Feb/2023:08:58:34 -0500] "GET /sipse/faces/javax.faces.resource/theme.css?ln=primefaces-sipse HTTP/1.1" 304 -
181.61.39.98 - - [09/Feb/2023:08:58:34 -0500] "GET /sipse/faces/javax.faces.resource/layout/layout.css?ln=primefaces&v=4.0 HTTP/1.1" 304 -
181.61.39.98 - - [09/Feb/2023:08:58:34 -0500] "GET /sipse/faces/javax.faces.resource/jquery/jquery.js?ln=primefaces&v=4.0 HTTP/1.1" 304 -
181.61.39.98 - - [09/Feb/2023:08:58:34 -0500] "GET /sipse/faces/javax.faces.resource/jquery/jquery-plugins.js?ln=primefaces&v=4.0 HTTP/1.1" 304 -
181.61.39.98 - - [09/Feb/2023:08:58:35 -0500] "GET /sipse/faces/javax.faces.resource/primefaces.js?ln=primefaces&v=4.0 HTTP/1.1" 304 -
181.61.39.98 - - [09/Feb/2023:08:58:35 -0500] "GET /sipse/faces/javax.faces.resource/layout/layout.js?ln=primefaces&v=4.0 HTTP/1.1" 304 -
181.61.39.98 - - [09/Feb/2023:08:58:35 -0500] "GET /sipse/faces/javax.faces.resource/messages/messages.png?ln=primefaces&v=4.0 HTTP/1.1" 304 -
186.80.7.59 - - [09/Feb/2023:08:58:35 -0500] "GET /sipse/faces/javax.faces.resource/images/ui-bg_flat_0_2d5972_40x100.png?ln=primefaces-aristo HTTP/1.1" 304 -
186.80.7.59 - - [09/Feb/2023:08:58:35 -0500] "POST /sipse/faces/presentacion/financiero/solicitudProceso/consultarHistorialSolProceso.xhtml HTTP/1.1" 200 36967
186.80.7.59 - - [09/Feb/2023:08:58:36 -0500] "GET /sipse/faces/javax.faces.resource/theme.css?ln=primefaces-sipse HTTP/1.1" 304 -
186.80.7.59 - - [09/Feb/2023:08:58:36 -0500] "GET /sipse/faces/javax.faces.resource/layout/layout.css?ln=primefaces&v=4.0 HTTP/1.1" 304 -
186.80.7.59 - - [09/Feb/2023:08:58:36 -0500] "GET /sipse/faces/javax.faces.resource/primefaces.css?ln=primefaces&v=4.0 HTTP/1.1" 304 -
186.80.7.59 - - [09/Feb/2023:08:58:36 -0500] "GET /sipse/faces/javax.faces.resource/jquery/jquery.js?ln=primefaces&v=4.0 HTTP/1.1" 304 -
186.80.7.59 - - [09/Feb/2023:08:58:36 -0500] "GET /sipse/faces/javax.faces.resource/jquery/jquery-plugins.js?ln=primefaces&v=4.0 HTTP/1.1" 304 -
186.80.7.59 - - [09/Feb/2023:08:58:36 -0500] "GET /sipse/faces/javax.faces.resource/primefaces.js?ln=primefaces&v=4.0 HTTP/1.1" 304 -
186.80.7.59 - - [09/Feb/2023:08:58:36 -0500] "GET /sipse/css/imagen/contrasena.png HTTP/1.1" 404 383
186.80.7.59 - - [09/Feb/2023:08:58:37 -0500] "GET /sipse/faces/javax.faces.resource/layout/layout.js?ln=primefaces&v=4.0 HTTP/1.1" 304 -
181.61.39.98 - - [09/Feb/2023:08:58:37 -0500] "POST /sipse/faces/presentacion/sistema/seguridad/seleccionRol.xhtml HTTP/1.1" 200 5803
186.80.7.59 - - [09/Feb/2023:08:58:37 -0500] "POST /sipse/faces/presentacion/financiero/solicitudProceso/listarSolicitudProceso.xhtml HTTP/1.1" 200 1396
181.61.39.98 - - [09/Feb/2023:08:58:38 -0500] "POST /sipse/faces/presentacion/sistema/seguridad/seleccionRol.xhtml HTTP/1.1" 200 16306
201.245.192.253 - - [09/Feb/2023:08:58:38 -0500] "POST /sipse/faces/presentacion/financiero/solicitudProceso/consultarSolicitudProceso.xhtml HTTP/1.1" 200 81069
181.61.39.98 - - [09/Feb/2023:08:58:39 -0500] "GET /sipse/faces/javax.faces.resource/theme.css?ln=primefaces-sipse HTTP/1.1" 304 -
181.61.39.98 - - [09/Feb/2023:08:58:39 -0500] "GET /sipse/faces/javax.faces.resource/layout/layout.css?ln=primefaces&v=4.0 HTTP/1.1" 304 -
181.61.39.98 - - [09/Feb/2023:08:58:39 -0500] "GET /sipse/faces/javax.faces.resource/primefaces.css?ln=primefaces&v=4.0 HTTP/1.1" 304 -
181.61.39.98 - - [09/Feb/2023:08:58:39 -0500] "GET /sipse/js/jquery.min.js HTTP/1.1" 304 -
181.61.39.98 - - [09/Feb/2023:08:58:39 -0500] "GET /sipse/faces/javax.faces.resource/jquery/jquery.js?ln=primefaces&v=4.0 HTTP/1.1" 304 -
181.61.39.98 - - [09/Feb/2023:08:58:39 -0500] "GET /sipse/faces/javax.faces.resource/jquery/jquery-plugins.js?ln=primefaces&v=4.0 HTTP/1.1" 304 -
181.61.39.98 - - [09/Feb/2023:08:58:39 -0500] "GET /sipse/faces/javax.faces.resource/primefaces.js?ln=primefaces&v=4.0 HTTP/1.1" 304 -
181.61.39.98 - - [09/Feb/2023:08:58:39 -0500] "GET /sipse/faces/javax.faces.resource/layout/layout.js?ln=primefaces&v=4.0 HTTP/1.1" 304 -
181.61.39.98 - - [09/Feb/2023:08:58:39 -0500] "GET /sipse/imagenes/cargando.gif HTTP/1.1" 304 -
181.61.39.98 - - [09/Feb/2023:08:58:39 -0500] "GET /sipse/css/imagen/contrasena.png HTTP/1.1" 404 383
181.61.39.98 - - [09/Feb/2023:08:58:39 -0500] "GET /sipse/imagenes/logoAplicacion.jpg HTTP/1.1" 304 -
181.61.39.98 - - [09/Feb/2023:08:58:40 -0500] "GET /sipse/faces/javax.faces.resource/images/ui-bg_flat_0_2d5972_40x100.png?ln=primefaces-aristo HTTP/1.1" 304 -
181.61.39.98 - - [09/Feb/2023:08:58:40 -0500] "POST /sipse/faces/bienvenido.xhtml HTTP/1.1" 200 2658
186.80.7.59 - - [09/Feb/2023:08:58:41 -0500] "POST /sipse/faces/presentacion/financiero/solicitudProceso/listarSolicitudProceso.xhtml HTTP/1.1" 200 7684
181.61.39.98 - - [09/Feb/2023:08:58:41 -0500] "POST /sipse/faces/bienvenido.xhtml HTTP/1.1" 200 33096
181.61.39.98 - - [09/Feb/2023:08:58:42 -0500] "GET /sipse/faces/javax.faces.resource/theme.css?ln=primefaces-sipse HTTP/1.1" 304 -
181.61.39.98 - - [09/Feb/2023:08:58:42 -0500] "GET /sipse/faces/javax.faces.resource/layout/layout.css?ln=primefaces&v=4.0 HTTP/1.1" 304 -
181.61.39.98 - - [09/Feb/2023:08:58:42 -0500] "GET /sipse/faces/javax.faces.resource/primefaces.css?ln=primefaces&v=4.0 HTTP/1.1" 304 -
181.61.39.98 - - [09/Feb/2023:08:58:42 -0500] "GET /sipse/faces/javax.faces.resource/jquery/jquery.js?ln=primefaces&v=4.0 HTTP/1.1" 304 -
181.61.39.98 - - [09/Feb/2023:08:58:42 -0500] "GET /sipse/faces/javax.faces.resource/jquery/jquery-plugins.js?ln=primefaces&v=4.0 HTTP/1.1" 304 -
181.61.39.98 - - [09/Feb/2023:08:58:42 -0500] "GET /sipse/faces/javax.faces.resource/primefaces.js?ln=primefaces&v=4.0 HTTP/1.1" 304 -
181.61.39.98 - - [09/Feb/2023:08:58:42 -0500] "GET /sipse/faces/javax.faces.resource/layout/layout.js?ln=primefaces&v=4.0 HTTP/1.1" 304 -
181.61.39.98 - - [09/Feb/2023:08:58:42 -0500] "POST /sipse/faces/presentacion/financiero/solicitudProceso/listarSolicitudProceso.xhtml HTTP/1.1" 200 1372
181.61.39.98 - - [09/Feb/2023:08:58:45 -0500] "POST /sipse/faces/presentacion/financiero/solicitudProceso/listarSolicitudProceso.xhtml HTTP/1.1" 200 911
186.80.7.59 - - [09/Feb/2023:08:58:49 -0500] "POST /sipse/faces/presentacion/financiero/solicitudProceso/listarSolicitudProceso.xhtml HTTP/1.1" 200 148721
186.80.7.59 - - [09/Feb/2023:08:58:52 -0500] "GET /sipse/faces/javax.faces.resource/theme.css?ln=primefaces-sipse HTTP/1.1" 304 -
186.80.7.59 - - [09/Feb/2023:08:58:52 -0500] "GET /sipse/faces/javax.faces.resource/primefaces.css?ln=primefaces&v=4.0 HTTP/1.1" 304 -
186.80.7.59 - - [09/Feb/2023:08:58:52 -0500] "GET /sipse/faces/javax.faces.resource/layout/layout.css?ln=primefaces&v=4.0 HTTP/1.1" 304 -
186.80.7.59 - - [09/Feb/2023:08:58:52 -0500] "GET /sipse/faces/javax.faces.resource/jquery/jquery.js?ln=primefaces&v=4.0 HTTP/1.1" 304 -
186.80.7.59 - - [09/Feb/2023:08:58:52 -0500] "GET /sipse/faces/javax.faces.resource/jquery/jquery-plugins.js?ln=primefaces&v=4.0 HTTP/1.1" 304 -
186.80.7.59 - - [09/Feb/2023:08:58:52 -0500] "GET /sipse/faces/javax.faces.resource/primefaces.js?ln=primefaces&v=4.0 HTTP/1.1" 304 -
186.80.7.59 - - [09/Feb/2023:08:58:52 -0500] "GET /sipse/faces/javax.faces.resource/layout/layout.js?ln=primefaces&v=4.0 HTTP/1.1" 304 -
181.237.178.135 - - [09/Feb/2023:08:58:55 -0500] "GET /galeria/galeria/jquery.fancybox.js?v=2.1.5 HTTP/1.1" 200 48706
181.237.178.135 - - [09/Feb/2023:08:58:55 -0500] "GET /BLA/boletinlegal/js/jquery.scrollShow.js HTTP/1.1" 200 4586
181.237.178.135 - - [09/Feb/2023:08:58:55 -0500] "GET /galeria/galeria/jquery.fancybox.css?v=2.1.5 HTTP/1.1" 200 4895
181.237.178.135 - - [09/Feb/2023:08:58:55 -0500] "GET /galeria/carrusel/Carrusel/jquery.thumbnailScroller.css HTTP/1.1" 200 2066
181.237.178.135 - - [09/Feb/2023:08:58:55 -0500] "GET /galeria/carrusel/Carrusel/jquery-ui-1.8.13.custom.min.js HTTP/1.1" 200 10800
181.237.178.135 - - [09/Feb/2023:08:58:55 -0500] "GET /galeria/carrusel/Carrusel/jquery.thumbnailScroller.js HTTP/1.1" 200 8157
181.237.178.135 - - [09/Feb/2023:08:58:56 -0500] "GET /galeria/nivo-slider/demo/banner.html HTTP/1.1" 200 5446
181.237.178.135 - - [09/Feb/2023:08:58:56 -0500] "GET /galeria/nivo-slider/themes/default/default.css HTTP/1.1" 200 1569
181.237.178.135 - - [09/Feb/2023:08:58:56 -0500] "GET /galeria/nivo-slider/nivo-slider.css HTTP/1.1" 200 1507
181.237.178.135 - - [09/Feb/2023:08:58:56 -0500] "GET /galeria/nivo-slider/demo/style.css HTTP/1.1" 200 2222
181.237.178.135 - - [09/Feb/2023:08:58:56 -0500] "GET /galeria/nivo-slider/themes/pascal/pascal.css HTTP/1.1" 200 2258
181.237.178.135 - - [09/Feb/2023:08:58:56 -0500] "GET /galeria/nivo-slider/themes/orman/orman.css HTTP/1.1" 200 2152
181.237.178.135 - - [09/Feb/2023:08:58:56 -0500] "GET /galeria/nivo-slider/demo/scripts/jquery-1.7.1.min.js HTTP/1.1" 200 93868
181.237.178.135 - - [09/Feb/2023:08:58:56 -0500] "GET /galeria/nivo-slider/jquery.nivo.slider.pack.js HTTP/1.1" 200 11561
181.237.178.135 - - [09/Feb/2023:08:58:56 -0500] "GET /galeria/nivo-slider/demo/images/bannertortuga_optimized.jpg HTTP/1.1" 200 39066
181.237.178.135 - - [09/Feb/2023:08:58:56 -0500] "GET /galeria/nivo-slider/demo/images/Bannermujeresquereverdecen.jpg HTTP/1.1" 200 46558
181.237.178.135 - - [09/Feb/2023:08:58:56 -0500] "GET /galeria/nivo-slider/demo/images/Bannersedeelectronica.jpg HTTP/1.1" 200 40383
181.237.178.135 - - [09/Feb/2023:08:58:56 -0500] "GET /galeria/nivo-slider/demo/images/bannertrafico_optimized.jpg HTTP/1.1" 200 42578
181.237.178.135 - - [09/Feb/2023:08:58:56 -0500] "GET /galeria/nivo-slider/demo/images/4Simple_Slider.png HTTP/1.1" 200 11722
181.237.178.135 - - [09/Feb/2023:08:58:56 -0500] "GET /galeria/nivo-slider/themes/default/loading.gif HTTP/1.1" 200 1737
181.237.178.135 - - [09/Feb/2023:08:58:56 -0500] "GET /galeria/nivo-slider/demo/images/bannerrutaesperanza.jpg HTTP/1.1" 200 55560
181.237.178.135 - - [09/Feb/2023:08:58:56 -0500] "GET /galeria/nivo-slider/demo/images/banneraire2021.jpg HTTP/1.1" 200 265101
181.237.178.135 - - [09/Feb/2023:08:58:56 -0500] "GET /galeria/nivo-slider/demo/images/Bannerplasticosseptiembre.jpg HTTP/1.1" 200 45633
181.237.178.135 - - [09/Feb/2023:08:58:56 -0500] "GET /galeria/nivo-slider/demo/images/bannerresiduoshospitalariosagosto.jpg HTTP/1.1" 200 36499
181.237.178.135 - - [09/Feb/2023:08:58:56 -0500] "GET /galeria/nivo-slider/demo/images/banneraccionpopularcrr68.jpg HTTP/1.1" 200 51887
181.237.178.135 - - [09/Feb/2023:08:58:56 -0500] "GET /galeria/nivo-slider/demo/images/banneraccionpopular.jpeg HTTP/1.1" 200 41707
181.237.178.135 - - [09/Feb/2023:08:58:56 -0500] "GET /galeria/nivo-slider/demo/images/bannerclases2021.jpg HTTP/1.1" 200 68230
181.237.178.135 - - [09/Feb/2023:08:58:56 -0500] "GET /galeria/nivo-slider/demo/images/bannercapacitacionesbogota.jpg HTTP/1.1" 200 42416
181.237.178.135 - - [09/Feb/2023:08:58:56 -0500] "GET /galeria/nivo-slider/demo/images/Bannerenvases.jpg HTTP/1.1" 200 37316
181.237.178.135 - - [09/Feb/2023:08:58:56 -0500] "GET /galeria/nivo-slider/demo/images/Bannervirtualescanales.jpg HTTP/1.1" 200 174544
181.237.178.135 - - [09/Feb/2023:08:58:56 -0500] "GET /galeria/nivo-slider/themes/default/arrows.png HTTP/1.1" 200 824
181.237.178.135 - - [09/Feb/2023:08:58:56 -0500] "GET /galeria/nivo-slider/themes/default/bullets.png HTTP/1.1" 200 1281
201.245.192.253 - - [09/Feb/2023:08:58:55 -0500] "POST /sipse/faces/presentacion/financiero/solicitudProceso/consultarSolicitudProceso.xhtml HTTP/1.1" 200 4714000
201.245.192.253 - - [09/Feb/2023:08:58:58 -0500] "POST /sipse/faces/presentacion/financiero/solicitudProceso/consultarSolicitudProceso.xhtml HTTP/1.1" 200 21146
201.245.192.253 - - [09/Feb/2023:08:58:58 -0500] "GET /sipse/faces/javax.faces.resource/fileupload/fileupload.css?ln=primefaces&v=4.0 HTTP/1.1" 200 1330
201.245.192.253 - - [09/Feb/2023:08:58:58 -0500] "GET /sipse/faces/javax.faces.resource/theme.css?ln=primefaces-sipse HTTP/1.1" 304 -
201.245.192.253 - - [09/Feb/2023:08:58:58 -0500] "GET /sipse/faces/javax.faces.resource/jquery/jquery.js?ln=primefaces&v=4.0 HTTP/1.1" 304 -
201.245.192.253 - - [09/Feb/2023:08:58:58 -0500] "GET /sipse/faces/javax.faces.resource/jquery/jquery-plugins.js?ln=primefaces&v=4.0 HTTP/1.1" 304 -
201.245.192.253 - - [09/Feb/2023:08:58:58 -0500] "GET /sipse/faces/javax.faces.resource/primefaces.js?ln=primefaces&v=4.0 HTTP/1.1" 304 -
201.245.192.253 - - [09/Feb/2023:08:58:58 -0500] "GET /sipse/faces/javax.faces.resource/layout/layout.js?ln=primefaces&v=4.0 HTTP/1.1" 304 -
201.245.192.253 - - [09/Feb/2023:08:58:58 -0500] "GET /sipse/faces/javax.faces.resource/layout/layout.css?ln=primefaces&v=4.0 HTTP/1.1" 304 -
201.245.192.253 - - [09/Feb/2023:08:58:58 -0500] "GET /sipse/faces/javax.faces.resource/primefaces.css?ln=primefaces&v=4.0 HTTP/1.1" 304 -
201.245.192.253 - - [09/Feb/2023:08:58:58 -0500] "GET /sipse/faces/javax.faces.resource/fileupload/fileupload.js?ln=primefaces&v=4.0 HTTP/1.1" 304 -
201.245.192.253 - - [09/Feb/2023:08:58:58 -0500] "GET /sipse/faces/javax.faces.resource/images/ui-icons_898989_256x240.png?ln=primefaces-aristo HTTP/1.1" 200 5355
201.245.192.253 - - [09/Feb/2023:08:58:58 -0500] "GET /favicon.ico HTTP/1.1" 200 7782
201.245.192.253 - - [09/Feb/2023:08:59:00 -0500] "POST /sipse/faces/presentacion/financiero/solicitudProceso/consultarSolicitudProceso.xhtml HTTP/1.1" 200 183598
201.245.192.253 - - [09/Feb/2023:08:59:02 -0500] "POST /sipse/faces/presentacion/sistema/anexos/cargarAnexoSolicitudProceso.xhtml HTTP/1.1" 200 201566
201.245.192.253 - - [09/Feb/2023:08:59:03 -0500] "GET /sipse/faces/javax.faces.resource/theme.css?ln=primefaces-sipse HTTP/1.1" 304 -
201.245.192.253 - - [09/Feb/2023:08:59:03 -0500] "GET /sipse/faces/javax.faces.resource/primefaces.css?ln=primefaces&v=4.0 HTTP/1.1" 304 -
201.245.192.253 - - [09/Feb/2023:08:59:03 -0500] "GET /sipse/faces/javax.faces.resource/layout/layout.css?ln=primefaces&v=4.0 HTTP/1.1" 304 -
201.245.192.253 - - [09/Feb/2023:08:59:03 -0500] "GET /sipse/faces/javax.faces.resource/jquery/jquery.js?ln=primefaces&v=4.0 HTTP/1.1" 304 -
201.245.192.253 - - [09/Feb/2023:08:59:03 -0500] "GET /sipse/faces/javax.faces.resource/jquery/jquery-plugins.js?ln=primefaces&v=4.0 HTTP/1.1" 304 -
201.245.192.253 - - [09/Feb/2023:08:59:03 -0500] "GET /sipse/faces/javax.faces.resource/primefaces.js?ln=primefaces&v=4.0 HTTP/1.1" 304 -
201.245.192.253 - - [09/Feb/2023:08:59:03 -0500] "GET /sipse/faces/javax.faces.resource/layout/layout.js?ln=primefaces&v=4.0 HTTP/1.1" 304 -
201.245.192.253 - - [09/Feb/2023:08:59:03 -0500] "GET /sipse/faces/javax.faces.resource/images/ui-icons_898989_256x240.png?ln=primefaces-aristo HTTP/1.1" 304 -
201.245.192.253 - - [09/Feb/2023:08:59:04 -0500] "POST /sipse/faces/presentacion/financiero/solicitudProceso/consultarSolicitudProceso.xhtml HTTP/1.1" 200 21146
201.245.192.253 - - [09/Feb/2023:08:59:04 -0500] "GET /sipse/faces/javax.faces.resource/theme.css?ln=primefaces-sipse HTTP/1.1" 304 -
201.245.192.253 - - [09/Feb/2023:08:59:04 -0500] "GET /sipse/faces/javax.faces.resource/primefaces.css?ln=primefaces&v=4.0 HTTP/1.1" 304 -
201.245.192.253 - - [09/Feb/2023:08:59:04 -0500] "GET /sipse/faces/javax.faces.resource/layout/layout.css?ln=primefaces&v=4.0 HTTP/1.1" 304 -
201.245.192.253 - - [09/Feb/2023:08:59:04 -0500] "GET /sipse/faces/javax.faces.resource/jquery/jquery.js?ln=primefaces&v=4.0 HTTP/1.1" 304 -
201.245.192.253 - - [09/Feb/2023:08:59:04 -0500] "GET /sipse/faces/javax.faces.resource/jquery/jquery-plugins.js?ln=primefaces&v=4.0 HTTP/1.1" 304 -
201.245.192.253 - - [09/Feb/2023:08:59:04 -0500] "GET /sipse/faces/javax.faces.resource/primefaces.js?ln=primefaces&v=4.0 HTTP/1.1" 304 -
201.245.192.253 - - [09/Feb/2023:08:59:04 -0500] "GET /sipse/faces/javax.faces.resource/layout/layout.js?ln=primefaces&v=4.0 HTTP/1.1" 304 -
201.245.192.253 - - [09/Feb/2023:08:59:04 -0500] "GET /sipse/faces/javax.faces.resource/fileupload/fileupload.js?ln=primefaces&v=4.0 HTTP/1.1" 304 -
201.245.192.253 - - [09/Feb/2023:08:59:04 -0500] "GET /sipse/faces/javax.faces.resource/fileupload/fileupload.css?ln=primefaces&v=4.0 HTTP/1.1" 200 1330
201.245.192.253 - - [09/Feb/2023:08:59:04 -0500] "GET /sipse/faces/javax.faces.resource/images/ui-icons_898989_256x240.png?ln=primefaces-aristo HTTP/1.1" 304 -
172.22.2.4 - - [09/Feb/2023:08:59:21 -0500] "GET /BLA/boletinlegal/actuator/health HTTP/1.1" 404 1018
181.50.142.205 - - [09/Feb/2023:08:59:23 -0500] "GET /sipse/faces/javax.faces.resource/images/ui-icons_898989_256x240.png?ln=primefaces-aristo HTTP/1.1" 304 -
181.50.142.205 - - [09/Feb/2023:08:59:24 -0500] "POST /sipse/faces/presentacion/financiero/estudioPrevio/personalSolicitado/personalSolicitadoSolicitudProceso.xhtml HTTP/1.1" 200 7051
186.80.7.59 - - [09/Feb/2023:08:59:27 -0500] "POST /sipse/faces/presentacion/financiero/solicitudProceso/consultarSolicitudProceso.xhtml HTTP/1.1" 200 36995
200.118.64.109 - - [09/Feb/2023:08:59:28 -0500] "POST /forms/lservlet;jsessionid=ac16012b30d67668fbefe48f4d798b6da6e62d384543.e3iSbxaKaheRe3qOaNiKbx8Ray1ynknvrkLOlQzNp65In0 HTTP/1.1" 200 2
186.80.7.59 - - [09/Feb/2023:08:59:28 -0500] "GET /sipse/faces/javax.faces.resource/theme.css?ln=primefaces-sipse HTTP/1.1" 304 -
186.80.7.59 - - [09/Feb/2023:08:59:28 -0500] "GET /sipse/faces/javax.faces.resource/primefaces.css?ln=primefaces&v=4.0 HTTP/1.1" 304 -
186.80.7.59 - - [09/Feb/2023:08:59:28 -0500] "GET /sipse/faces/javax.faces.resource/layout/layout.css?ln=primefaces&v=4.0 HTTP/1.1" 304 -
186.80.7.59 - - [09/Feb/2023:08:59:28 -0500] "GET /sipse/faces/javax.faces.resource/jquery/jquery.js?ln=primefaces&v=4.0 HTTP/1.1" 304 -
186.80.7.59 - - [09/Feb/2023:08:59:29 -0500] "GET /sipse/faces/javax.faces.resource/jquery/jquery-plugins.js?ln=primefaces&v=4.0 HTTP/1.1" 304 -
186.80.7.59 - - [09/Feb/2023:08:59:29 -0500] "GET /sipse/faces/javax.faces.resource/primefaces.js?ln=primefaces&v=4.0 HTTP/1.1" 304 -
186.80.7.59 - - [09/Feb/2023:08:59:29 -0500] "GET /sipse/faces/javax.faces.resource/layout/layout.js?ln=primefaces&v=4.0 HTTP/1.1" 304 -
186.80.7.59 - - [09/Feb/2023:08:59:29 -0500] "POST /sipse/faces/presentacion/financiero/solicitudProceso/listarSolicitudProceso.xhtml HTTP/1.1" 200 30335
200.118.64.109 - - [09/Feb/2023:08:59:28 -0500] "POST /forms/lservlet;jsessionid=ac16012b30d67668fbefe48f4d798b6da6e62d384543.e3iSbxaKaheRe3qOaNiKbx8Ray1ynknvrkLOlQzNp65In0 HTTP/1.1" 200 14
186.80.7.59 - - [09/Feb/2023:08:59:29 -0500] "POST /sipse/faces/presentacion/financiero/solicitudProceso/listarSolicitudProceso.xhtml HTTP/1.1" 200 30335
186.80.7.59 - - [09/Feb/2023:08:59:29 -0500] "POST /sipse/faces/presentacion/financiero/solicitudProceso/listarSolicitudProceso.xhtml HTTP/1.1" 200 1396
200.118.64.109 - - [09/Feb/2023:08:59:30 -0500] "POST /forms/lservlet;jsessionid=ac16012b30d67668fbefe48f4d798b6da6e62d384543.e3iSbxaKaheRe3qOaNiKbx8Ray1ynknvrkLOlQzNp65In0 HTTP/1.1" 200 14
186.80.7.59 - - [09/Feb/2023:08:59:30 -0500] "POST /sipse/faces/presentacion/financiero/solicitudProceso/listarSolicitudProceso.xhtml HTTP/1.1" 200 1392
186.80.7.59 - - [09/Feb/2023:08:59:31 -0500] "POST /sipse/faces/presentacion/financiero/solicitudProceso/listarSolicitudProceso.xhtml HTTP/1.1" 200 1400
200.118.64.109 - - [09/Feb/2023:08:59:31 -0500] "POST /forms/lservlet;jsessionid=ac16012b30d67668fbefe48f4d798b6da6e62d384543.e3iSbxaKaheRe3qOaNiKbx8Ray1ynknvrkLOlQzNp65In0 HTTP/1.1" 200 14
152.203.183.92 - - [09/Feb/2023:08:59:32 -0500] "GET /sipse/faces/javax.faces.resource/images/ui-icons_898989_256x240.png?ln=primefaces-aristo HTTP/1.1" 304 -
200.118.64.109 - - [09/Feb/2023:08:59:32 -0500] "POST /forms/lservlet;jsessionid=ac16012b30d67668fbefe48f4d798b6da6e62d384543.e3iSbxaKaheRe3qOaNiKbx8Ray1ynknvrkLOlQzNp65In0 HTTP/1.1" 200 107
200.118.64.109 - - [09/Feb/2023:08:59:33 -0500] "POST /forms/lservlet;jsessionid=ac16012b30d67668fbefe48f4d798b6da6e62d384543.e3iSbxaKaheRe3qOaNiKbx8Ray1ynknvrkLOlQzNp65In0 HTTP/1.1" 200 2
181.50.142.205 - - [09/Feb/2023:08:59:32 -0500] "POST /sipse/faces/presentacion/financiero/estudioPrevio/personalSolicitado/personalSolicitadoSolicitudProceso.xhtml HTTP/1.1" 200 36805
181.50.142.205 - - [09/Feb/2023:08:59:33 -0500] "GET /sipse/faces/javax.faces.resource/layout/layout.css?ln=primefaces&v=4.0 HTTP/1.1" 304 -
181.50.142.205 - - [09/Feb/2023:08:59:33 -0500] "GET /sipse/faces/javax.faces.resource/primefaces.css?ln=primefaces&v=4.0 HTTP/1.1" 304 -
181.50.142.205 - - [09/Feb/2023:08:59:33 -0500] "GET /sipse/faces/javax.faces.resource/theme.css?ln=primefaces-sipse HTTP/1.1" 304 -
181.50.142.205 - - [09/Feb/2023:08:59:33 -0500] "GET /sipse/faces/javax.faces.resource/jquery/jquery.js?ln=primefaces&v=4.0 HTTP/1.1" 304 -
181.50.142.205 - - [09/Feb/2023:08:59:33 -0500] "GET /sipse/faces/javax.faces.resource/jquery/jquery-plugins.js?ln=primefaces&v=4.0 HTTP/1.1" 304 -
181.50.142.205 - - [09/Feb/2023:08:59:33 -0500] "GET /sipse/faces/javax.faces.resource/primefaces.js?ln=primefaces&v=4.0 HTTP/1.1" 304 -
