186.154.32.232 - - [09/Feb/2023:05:51:19 -0500] "POST /sipse/faces/presentacion/financiero/solicitudProceso/consultarSolicitudProceso.xhtml HTTP/1.1" 200 5602
201.245.192.253 - - [09/Feb/2023:05:51:39 -0500] "POST /kwsrmcab/Wsrmcab  HTTP/1.1" 200 213
186.154.32.232 - - [09/Feb/2023:05:51:56 -0500] "POST /sipse/faces/presentacion/financiero/solicitudProceso/consultarSolicitudProceso.xhtml HTTP/1.1" 200 55960
186.154.32.232 - - [09/Feb/2023:05:51:56 -0500] "GET /sipse/faces/javax.faces.resource/theme.css?ln=primefaces-sipse HTTP/1.1" 304 -
186.154.32.232 - - [09/Feb/2023:05:51:56 -0500] "GET /sipse/faces/javax.faces.resource/primefaces.css?ln=primefaces&v=4.0 HTTP/1.1" 304 -
186.154.32.232 - - [09/Feb/2023:05:51:56 -0500] "GET /sipse/faces/javax.faces.resource/layout/layout.css?ln=primefaces&v=4.0 HTTP/1.1" 304 -
186.154.32.232 - - [09/Feb/2023:05:51:56 -0500] "GET /sipse/faces/javax.faces.resource/jquery/jquery.js?ln=primefaces&v=4.0 HTTP/1.1" 304 -
186.154.32.232 - - [09/Feb/2023:05:51:56 -0500] "GET /sipse/faces/javax.faces.resource/jquery/jquery-plugins.js?ln=primefaces&v=4.0 HTTP/1.1" 304 -
186.154.32.232 - - [09/Feb/2023:05:51:56 -0500] "GET /sipse/faces/javax.faces.resource/primefaces.js?ln=primefaces&v=4.0 HTTP/1.1" 304 -
186.154.32.232 - - [09/Feb/2023:05:51:56 -0500] "GET /sipse/faces/javax.faces.resource/layout/layout.js?ln=primefaces&v=4.0 HTTP/1.1" 304 -
152.89.196.211 - - [09/Feb/2023:05:52:00 -0500] "GET /_ignition/execute-solution HTTP/1.1" 404 1018
186.154.32.232 - - [09/Feb/2023:05:52:00 -0500] "POST /sipse/faces/presentacion/financiero/estudioPrevio/personalSolicitado/expedirExperienciaIdoneidad.xhtml HTTP/1.1" 200 22755
186.154.32.232 - - [09/Feb/2023:05:52:00 -0500] "GET /sipse/faces/javax.faces.resource/theme.css?ln=primefaces-sipse HTTP/1.1" 304 -
186.154.32.232 - - [09/Feb/2023:05:52:00 -0500] "GET /sipse/faces/javax.faces.resource/layout/layout.css?ln=primefaces&v=4.0 HTTP/1.1" 304 -
186.154.32.232 - - [09/Feb/2023:05:52:00 -0500] "GET /sipse/faces/javax.faces.resource/primefaces.css?ln=primefaces&v=4.0 HTTP/1.1" 304 -
186.154.32.232 - - [09/Feb/2023:05:52:00 -0500] "GET /sipse/faces/javax.faces.resource/jquery/jquery.js?ln=primefaces&v=4.0 HTTP/1.1" 304 -
186.154.32.232 - - [09/Feb/2023:05:52:00 -0500] "GET /sipse/faces/javax.faces.resource/jquery/jquery-plugins.js?ln=primefaces&v=4.0 HTTP/1.1" 304 -
186.154.32.232 - - [09/Feb/2023:05:52:00 -0500] "GET /sipse/faces/javax.faces.resource/primefaces.js?ln=primefaces&v=4.0 HTTP/1.1" 304 -
186.154.32.232 - - [09/Feb/2023:05:52:00 -0500] "GET /sipse/faces/javax.faces.resource/layout/layout.js?ln=primefaces&v=4.0 HTTP/1.1" 304 -
157.55.39.142 - - [09/Feb/2023:05:52:56 -0500] "GET /BLA/boletinlegal/normativa.php HTTP/1.1" 200 8333
186.154.32.232 - - [09/Feb/2023:05:53:04 -0500] "POST /sipse/faces/presentacion/financiero/estudioPrevio/personalSolicitado/asociarExperienciaContratista.xhtml HTTP/1.1" 200 61483
186.154.32.232 - - [09/Feb/2023:05:53:04 -0500] "GET /sipse/faces/javax.faces.resource/theme.css?ln=primefaces-sipse HTTP/1.1" 304 -
186.154.32.232 - - [09/Feb/2023:05:53:04 -0500] "GET /sipse/faces/javax.faces.resource/primefaces.css?ln=primefaces&v=4.0 HTTP/1.1" 304 -
186.154.32.232 - - [09/Feb/2023:05:53:04 -0500] "GET /sipse/faces/javax.faces.resource/layout/layout.css?ln=primefaces&v=4.0 HTTP/1.1" 304 -
186.154.32.232 - - [09/Feb/2023:05:53:04 -0500] "GET /sipse/faces/javax.faces.resource/jquery/jquery.js?ln=primefaces&v=4.0 HTTP/1.1" 304 -
186.154.32.232 - - [09/Feb/2023:05:53:04 -0500] "GET /sipse/faces/javax.faces.resource/jquery/jquery-plugins.js?ln=primefaces&v=4.0 HTTP/1.1" 304 -
186.154.32.232 - - [09/Feb/2023:05:53:04 -0500] "GET /sipse/faces/javax.faces.resource/primefaces.js?ln=primefaces&v=4.0 HTTP/1.1" 304 -
186.154.32.232 - - [09/Feb/2023:05:53:04 -0500] "GET /sipse/faces/javax.faces.resource/layout/layout.js?ln=primefaces&v=4.0 HTTP/1.1" 304 -
186.154.32.232 - - [09/Feb/2023:05:53:04 -0500] "GET /sipse/css/imagen/contrasena.png HTTP/1.1" 404 383
186.154.32.232 - - [09/Feb/2023:05:53:04 -0500] "GET /sipse/faces/javax.faces.resource/images/ui-icons_898989_256x240.png?ln=primefaces-aristo HTTP/1.1" 304 -
186.154.32.232 - - [09/Feb/2023:05:53:13 -0500] "GET /sipse/faces/javax.faces.resource/images/ui-bg_flat_0_2d5972_40x100.png?ln=primefaces-aristo HTTP/1.1" 304 -
186.154.32.232 - - [09/Feb/2023:05:53:13 -0500] "POST /sipse/faces/presentacion/financiero/estudioPrevio/personalSolicitado/expedirExperienciaIdoneidad.xhtml HTTP/1.1" 200 135076
186.154.32.232 - - [09/Feb/2023:05:53:14 -0500] "GET /sipse/faces/javax.faces.resource/theme.css?ln=primefaces-sipse HTTP/1.1" 304 -
186.154.32.232 - - [09/Feb/2023:05:53:14 -0500] "GET /sipse/faces/javax.faces.resource/primefaces.css?ln=primefaces&v=4.0 HTTP/1.1" 304 -
186.154.32.232 - - [09/Feb/2023:05:53:14 -0500] "GET /sipse/faces/javax.faces.resource/layout/layout.css?ln=primefaces&v=4.0 HTTP/1.1" 304 -
186.154.32.232 - - [09/Feb/2023:05:53:14 -0500] "GET /sipse/faces/javax.faces.resource/jquery/jquery.js?ln=primefaces&v=4.0 HTTP/1.1" 304 -
186.154.32.232 - - [09/Feb/2023:05:53:14 -0500] "GET /sipse/faces/javax.faces.resource/jquery/jquery-plugins.js?ln=primefaces&v=4.0 HTTP/1.1" 304 -
186.154.32.232 - - [09/Feb/2023:05:53:14 -0500] "GET /sipse/faces/javax.faces.resource/primefaces.js?ln=primefaces&v=4.0 HTTP/1.1" 304 -
186.154.32.232 - - [09/Feb/2023:05:53:14 -0500] "GET /sipse/faces/javax.faces.resource/layout/layout.js?ln=primefaces&v=4.0 HTTP/1.1" 304 -
186.154.32.232 - - [09/Feb/2023:05:53:25 -0500] "POST /sipse/faces/presentacion/financiero/solicitudProceso/consultarSolicitudProceso.xhtml HTTP/1.1" 200 5602
66.249.64.45 - - [09/Feb/2023:05:53:56 -0500] "-" 408 -
172.22.2.4 - - [09/Feb/2023:05:54:03 -0500] "HEAD /BLA/boletinlegal/ HTTP/1.1" 200 -
216.245.221.92 - - [09/Feb/2023:05:56:14 -0500] "HEAD / HTTP/1.1" 200 -
207.46.13.10 - - [09/Feb/2023:05:56:22 -0500] "GET /bla/resoluciones/autos%202021/2033.pdf HTTP/1.1" 200 363250
172.22.2.4 - - [09/Feb/2023:05:54:54 -0500] "GET /BLA/boletinlegal/ HTTP/1.1" 200 57192
201.245.192.253 - - [09/Feb/2023:05:56:38 -0500] "POST /kwsrmcab/Wsrmcab  HTTP/1.1" 200 213
172.22.2.4 - - [09/Feb/2023:05:56:43 -0500] "GET /BLA/boletinlegal/jurisprudencia/analisis/AnalisisT-095-16.docx HTTP/1.1" 304 -
172.22.2.4 - - [09/Feb/2023:05:56:43 -0500] "GET /BLA/boletinlegal/robots.txt HTTP/1.1" 404 1038
207.46.13.155 - - [09/Feb/2023:05:58:03 -0500] "GET /images/pieza-dia-humedales-31-enero.jpg HTTP/1.1" 200 29095
186.154.34.117 - - [09/Feb/2023:05:58:22 -0500] "GET /galeria/galeria/jquery.fancybox.css?v=2.1.5 HTTP/1.1" 200 4895
186.154.34.117 - - [09/Feb/2023:05:58:22 -0500] "GET /BLA/boletinlegal/js/jquery.scrollShow.js HTTP/1.1" 200 4586
186.154.34.117 - - [09/Feb/2023:05:58:22 -0500] "GET /galeria/galeria/jquery.fancybox.js?v=2.1.5 HTTP/1.1" 200 48706
20.121.197.76 - - [09/Feb/2023:05:58:37 -0500] "GET /BLA/boletinlegal HTTP/1.1" 301 247
152.89.196.211 - - [09/Feb/2023:05:59:12 -0500] "GET / HTTP/1.1" 200 319
40.77.167.251 - - [09/Feb/2023:05:59:12 -0500] "GET /bla/resoluciones/autos%202021/4043.pdf HTTP/1.1" 200 389124
31.13.103.5 - - [09/Feb/2023:05:59:39 -0500] "GET /images/Secretarias%20Fondo%20carga%206%20de%20febrero.jpeg HTTP/1.1" 200 55460
20.121.197.76 - - [09/Feb/2023:05:58:37 -0500] "GET /BLA/boletinlegal/ HTTP/1.1" 200 59404
186.154.32.232 - - [09/Feb/2023:06:00:22 -0500] "POST /sipse/faces/presentacion/financiero/solicitudProceso/consultarSolicitudProceso.xhtml HTTP/1.1" 200 64130
186.154.32.232 - - [09/Feb/2023:06:00:22 -0500] "GET /sipse/faces/javax.faces.resource/theme.css?ln=primefaces-sipse HTTP/1.1" 304 -
186.154.32.232 - - [09/Feb/2023:06:00:22 -0500] "GET /sipse/faces/javax.faces.resource/primefaces.css?ln=primefaces&v=4.0 HTTP/1.1" 304 -
186.154.32.232 - - [09/Feb/2023:06:00:22 -0500] "GET /sipse/faces/javax.faces.resource/layout/layout.css?ln=primefaces&v=4.0 HTTP/1.1" 304 -
186.154.32.232 - - [09/Feb/2023:06:00:22 -0500] "GET /sipse/faces/javax.faces.resource/jquery/jquery.js?ln=primefaces&v=4.0 HTTP/1.1" 304 -
186.154.32.232 - - [09/Feb/2023:06:00:22 -0500] "GET /sipse/faces/javax.faces.resource/jquery/jquery-plugins.js?ln=primefaces&v=4.0 HTTP/1.1" 304 -
186.154.32.232 - - [09/Feb/2023:06:00:22 -0500] "GET /sipse/faces/javax.faces.resource/primefaces.js?ln=primefaces&v=4.0 HTTP/1.1" 304 -
186.154.32.232 - - [09/Feb/2023:06:00:22 -0500] "GET /sipse/faces/javax.faces.resource/layout/layout.js?ln=primefaces&v=4.0 HTTP/1.1" 304 -
186.154.32.232 - - [09/Feb/2023:06:00:23 -0500] "POST /sipse/faces/presentacion/financiero/solicitudProceso/listarSolicitudProceso.xhtml HTTP/1.1" 200 57464
186.154.32.232 - - [09/Feb/2023:06:00:23 -0500] "POST /sipse/faces/presentacion/financiero/solicitudProceso/listarSolicitudProceso.xhtml HTTP/1.1" 200 1556
186.154.32.232 - - [09/Feb/2023:06:00:23 -0500] "POST /sipse/faces/presentacion/financiero/solicitudProceso/listarSolicitudProceso.xhtml HTTP/1.1" 200 1552
20.121.197.76 - - [09/Feb/2023:06:00:28 -0500] "GET /BLA/boletinlegal/media/system/js/core.js HTTP/1.1" 404 1018
20.121.197.76 - - [09/Feb/2023:06:00:40 -0500] "GET /BLA/boletinlegal/wp-includes/js/jquery/jquery.js HTTP/1.1" 404 1018
216.245.221.92 - - [09/Feb/2023:06:01:14 -0500] "HEAD / HTTP/1.1" 200 -
172.22.2.4 - - [09/Feb/2023:05:59:53 -0500] "HEAD /BLA/boletinlegal/ HTTP/1.1" 200 -
201.245.192.253 - - [09/Feb/2023:06:01:38 -0500] "POST /kwsrmcab/Wsrmcab  HTTP/1.1" 200 213
172.22.2.4 - - [09/Feb/2023:06:00:44 -0500] "GET /BLA/boletinlegal/ HTTP/1.1" 200 59035
186.154.32.232 - - [09/Feb/2023:06:03:39 -0500] "POST /sipse/faces/presentacion/financiero/solicitudProceso/listarSolicitudProceso.xhtml HTTP/1.1" 200 57464
186.154.32.232 - - [09/Feb/2023:06:03:39 -0500] "POST /sipse/faces/presentacion/financiero/solicitudProceso/listarSolicitudProceso.xhtml HTTP/1.1" 200 57464
186.154.32.232 - - [09/Feb/2023:06:03:39 -0500] "POST /sipse/faces/presentacion/financiero/solicitudProceso/listarSolicitudProceso.xhtml HTTP/1.1" 200 1556
186.154.32.232 - - [09/Feb/2023:06:03:39 -0500] "POST /sipse/faces/presentacion/financiero/solicitudProceso/listarSolicitudProceso.xhtml HTTP/1.1" 200 1552
186.154.32.232 - - [09/Feb/2023:06:03:46 -0500] "POST /sipse/faces/presentacion/financiero/solicitudProceso/listarSolicitudProceso.xhtml HTTP/1.1" 200 57464
186.154.32.232 - - [09/Feb/2023:06:03:47 -0500] "POST /sipse/faces/presentacion/financiero/solicitudProceso/listarSolicitudProceso.xhtml HTTP/1.1" 200 57464
186.154.32.232 - - [09/Feb/2023:06:03:47 -0500] "POST /sipse/faces/presentacion/financiero/solicitudProceso/listarSolicitudProceso.xhtml HTTP/1.1" 200 1556
186.154.32.232 - - [09/Feb/2023:06:03:47 -0500] "POST /sipse/faces/presentacion/financiero/solicitudProceso/listarSolicitudProceso.xhtml HTTP/1.1" 200 1552
52.167.144.97 - - [09/Feb/2023:06:03:56 -0500] "GET /BLA/resoluciones/index.php?dir=RESOLUCIONES+2021%2F HTTP/1.1" 200 438284
172.22.2.4 - - [09/Feb/2023:06:03:30 -0500] "GET /BLA/boletinlegal/ HTTP/1.1" 200 32715
216.245.221.92 - - [09/Feb/2023:06:06:14 -0500] "HEAD / HTTP/1.1" 200 -
201.245.192.253 - - [09/Feb/2023:06:06:37 -0500] "POST /kwsrmcab/Wsrmcab  HTTP/1.1" 200 213
186.154.32.232 - - [09/Feb/2023:06:06:51 -0500] "POST /sipse/faces/presentacion/financiero/solicitudProceso/listarSolicitudProceso.xhtml HTTP/1.1" 200 57464
186.154.32.232 - - [09/Feb/2023:06:06:51 -0500] "POST /sipse/faces/presentacion/financiero/solicitudProceso/listarSolicitudProceso.xhtml HTTP/1.1" 200 57464
186.154.32.232 - - [09/Feb/2023:06:06:51 -0500] "POST /sipse/faces/presentacion/financiero/solicitudProceso/listarSolicitudProceso.xhtml HTTP/1.1" 200 1556
186.154.32.232 - - [09/Feb/2023:06:06:51 -0500] "POST /sipse/faces/presentacion/financiero/solicitudProceso/listarSolicitudProceso.xhtml HTTP/1.1" 200 1552
186.154.32.232 - - [09/Feb/2023:06:06:53 -0500] "POST /sipse/faces/presentacion/financiero/solicitudProceso/listarSolicitudProceso.xhtml HTTP/1.1" 200 31507
186.154.32.232 - - [09/Feb/2023:06:06:59 -0500] "POST /sipse/faces/presentacion/financiero/solicitudProceso/listarSolicitudProceso.xhtml HTTP/1.1" 200 32200
186.154.32.232 - - [09/Feb/2023:06:07:07 -0500] "POST /sipse/faces/presentacion/financiero/solicitudProceso/listarSolicitudProceso.xhtml HTTP/1.1" 200 129890
186.154.32.232 - - [09/Feb/2023:06:07:08 -0500] "GET /sipse/faces/javax.faces.resource/theme.css?ln=primefaces-sipse HTTP/1.1" 304 -
186.154.32.232 - - [09/Feb/2023:06:07:08 -0500] "GET /sipse/faces/javax.faces.resource/primefaces.css?ln=primefaces&v=4.0 HTTP/1.1" 304 -
186.154.32.232 - - [09/Feb/2023:06:07:08 -0500] "GET /sipse/faces/javax.faces.resource/layout/layout.css?ln=primefaces&v=4.0 HTTP/1.1" 304 -
186.154.32.232 - - [09/Feb/2023:06:07:08 -0500] "GET /sipse/faces/javax.faces.resource/jquery/jquery.js?ln=primefaces&v=4.0 HTTP/1.1" 304 -
186.154.32.232 - - [09/Feb/2023:06:07:08 -0500] "GET /sipse/faces/javax.faces.resource/jquery/jquery-plugins.js?ln=primefaces&v=4.0 HTTP/1.1" 304 -
186.154.32.232 - - [09/Feb/2023:06:07:08 -0500] "GET /sipse/faces/javax.faces.resource/primefaces.js?ln=primefaces&v=4.0 HTTP/1.1" 304 -
186.154.32.232 - - [09/Feb/2023:06:07:08 -0500] "GET /sipse/faces/javax.faces.resource/layout/layout.js?ln=primefaces&v=4.0 HTTP/1.1" 304 -
186.154.32.232 - - [09/Feb/2023:06:07:13 -0500] "POST /sipse/faces/presentacion/financiero/solicitudProceso/consultarSolicitudProceso.xhtml HTTP/1.1" 200 93804
172.22.2.4 - - [09/Feb/2023:06:05:43 -0500] "HEAD /BLA/boletinlegal/ HTTP/1.1" 200 -
79.110.73.100 - - [09/Feb/2023:06:08:05 -0500] "GET /BLA/resoluciones/AUTOS%202021/2091.pdf HTTP/1.1" 200 935571
172.22.2.4 - - [09/Feb/2023:06:06:34 -0500] "GET /BLA/boletinlegal/ HTTP/1.1" 200 53739
157.55.39.142 - - [09/Feb/2023:06:09:08 -0500] "GET /bla/resoluciones/autos%202021/1836.pdf HTTP/1.1" 200 402149
216.245.221.92 - - [09/Feb/2023:06:11:14 -0500] "HEAD / HTTP/1.1" 200 -
201.245.192.253 - - [09/Feb/2023:06:11:34 -0500] "POST /kwsrmcab/Wsrmcab  HTTP/1.1" 200 213
52.167.144.97 - - [09/Feb/2023:06:13:06 -0500] "GET /bla/resoluciones/autos%202021/4210.pdf HTTP/1.1" 200 378883
172.22.2.4 - - [09/Feb/2023:06:11:33 -0500] "HEAD /BLA/boletinlegal/ HTTP/1.1" 200 -
54.39.177.173 - - [09/Feb/2023:06:13:56 -0500] "GET /incendios-forestales-como-prevenirlos-y-aportar-al-cuidado-de-los-ecosistemas.html HTTP/1.1" 200 883
172.22.2.4 - - [09/Feb/2023:06:12:24 -0500] "GET /BLA/boletinlegal/ HTTP/1.1" 200 59035
186.154.32.232 - - [09/Feb/2023:06:14:14 -0500] "POST /sipse/faces/presentacion/financiero/solicitudProceso/consultarSolicitudProceso.xhtml HTTP/1.1" 200 64130
186.154.32.232 - - [09/Feb/2023:06:14:15 -0500] "GET /sipse/faces/javax.faces.resource/theme.css?ln=primefaces-sipse HTTP/1.1" 304 -
186.154.32.232 - - [09/Feb/2023:06:14:15 -0500] "GET /sipse/faces/javax.faces.resource/primefaces.css?ln=primefaces&v=4.0 HTTP/1.1" 304 -
186.154.32.232 - - [09/Feb/2023:06:14:15 -0500] "GET /sipse/faces/javax.faces.resource/layout/layout.css?ln=primefaces&v=4.0 HTTP/1.1" 304 -
186.154.32.232 - - [09/Feb/2023:06:14:15 -0500] "GET /sipse/faces/javax.faces.resource/jquery/jquery.js?ln=primefaces&v=4.0 HTTP/1.1" 304 -
186.154.32.232 - - [09/Feb/2023:06:14:15 -0500] "GET /sipse/faces/javax.faces.resource/jquery/jquery-plugins.js?ln=primefaces&v=4.0 HTTP/1.1" 304 -
186.154.32.232 - - [09/Feb/2023:06:14:15 -0500] "GET /sipse/faces/javax.faces.resource/primefaces.js?ln=primefaces&v=4.0 HTTP/1.1" 304 -
186.154.32.232 - - [09/Feb/2023:06:14:15 -0500] "GET /sipse/faces/javax.faces.resource/layout/layout.js?ln=primefaces&v=4.0 HTTP/1.1" 304 -
186.154.32.232 - - [09/Feb/2023:06:14:15 -0500] "POST /sipse/faces/presentacion/financiero/solicitudProceso/listarSolicitudProceso.xhtml HTTP/1.1" 200 57464
186.154.32.232 - - [09/Feb/2023:06:14:15 -0500] "POST /sipse/faces/presentacion/financiero/solicitudProceso/listarSolicitudProceso.xhtml HTTP/1.1" 200 57464
186.154.32.232 - - [09/Feb/2023:06:14:16 -0500] "POST /sipse/faces/presentacion/financiero/solicitudProceso/listarSolicitudProceso.xhtml HTTP/1.1" 200 1556
186.154.32.232 - - [09/Feb/2023:06:14:16 -0500] "POST /sipse/faces/presentacion/financiero/solicitudProceso/listarSolicitudProceso.xhtml HTTP/1.1" 200 1552
186.154.32.232 - - [09/Feb/2023:06:14:16 -0500] "POST /sipse/faces/presentacion/financiero/solicitudProceso/listarSolicitudProceso.xhtml HTTP/1.1" 200 1564
186.154.32.232 - - [09/Feb/2023:06:14:20 -0500] "POST /sipse/faces/presentacion/financiero/solicitudProceso/listarSolicitudProceso.xhtml HTTP/1.1" 200 57464
186.154.32.232 - - [09/Feb/2023:06:14:20 -0500] "POST /sipse/faces/presentacion/financiero/solicitudProceso/listarSolicitudProceso.xhtml HTTP/1.1" 200 57464
186.154.32.232 - - [09/Feb/2023:06:14:21 -0500] "POST /sipse/faces/presentacion/financiero/solicitudProceso/listarSolicitudProceso.xhtml HTTP/1.1" 200 57464
186.154.32.232 - - [09/Feb/2023:06:14:21 -0500] "POST /sipse/faces/presentacion/financiero/solicitudProceso/listarSolicitudProceso.xhtml HTTP/1.1" 200 57464
186.154.32.232 - - [09/Feb/2023:06:14:21 -0500] "POST /sipse/faces/presentacion/financiero/solicitudProceso/listarSolicitudProceso.xhtml HTTP/1.1" 200 1556
186.154.32.232 - - [09/Feb/2023:06:14:21 -0500] "POST /sipse/faces/presentacion/financiero/solicitudProceso/listarSolicitudProceso.xhtml HTTP/1.1" 200 1552
186.154.32.232 - - [09/Feb/2023:06:14:22 -0500] "POST /sipse/faces/presentacion/financiero/solicitudProceso/listarSolicitudProceso.xhtml HTTP/1.1" 200 1564
186.154.32.232 - - [09/Feb/2023:06:14:22 -0500] "POST /sipse/faces/presentacion/financiero/solicitudProceso/listarSolicitudProceso.xhtml HTTP/1.1" 200 1552
185.119.81.99 - - [09/Feb/2023:06:14:58 -0500] "GET /portaldeninos/wp-login.php HTTP/1.1" 200 2592
185.119.81.99 - - [09/Feb/2023:06:14:59 -0500] "POST /portaldeninos/wp-login.php HTTP/1.1" 200 3650
207.46.13.155 - - [09/Feb/2023:06:15:06 -0500] "GET /agendate-para-participar-en-las-caminatas-ecologicas-de-febrero.html HTTP/1.1" 200 830
191.156.146.6 - - [09/Feb/2023:06:15:59 -0500] "GET /BLA/boletinlegal/js/jquery.scrollShow.js HTTP/1.1" 200 4586
191.156.144.46 - - [09/Feb/2023:06:15:59 -0500] "GET /galeria/galeria/jquery.fancybox.js?v=2.1.5 HTTP/1.1" 200 48706
191.156.149.217 - - [09/Feb/2023:06:15:59 -0500] "GET /galeria/galeria/jquery.fancybox.css?v=2.1.5 HTTP/1.1" 200 4895
66.102.8.177 - - [09/Feb/2023:06:15:59 -0500] "GET /galeria/galeria/jquery.fancybox.css?v=2.1.5 HTTP/1.1" 200 4895
66.102.8.177 - - [09/Feb/2023:06:15:59 -0500] "GET /BLA/boletinlegal/js/jquery.scrollShow.js HTTP/1.1" 200 4586
66.102.8.173 - - [09/Feb/2023:06:15:59 -0500] "GET /galeria/galeria/jquery.fancybox.js?v=2.1.5 HTTP/1.1" 200 48706
66.102.8.177 - - [09/Feb/2023:06:15:59 -0500] "GET /galeria/galeria/jquery.fancybox.css?v=2.1.5 HTTP/1.1" 200 4895
216.245.221.92 - - [09/Feb/2023:06:16:14 -0500] "HEAD / HTTP/1.1" 200 -
201.245.192.253 - - [09/Feb/2023:06:16:34 -0500] "POST /kwsrmcab/Wsrmcab  HTTP/1.1" 200 213
206.189.57.162 - - [09/Feb/2023:06:16:51 -0500] "GET /aaa9 HTTP/1.1" 404 1018
206.189.57.162 - - [09/Feb/2023:06:16:51 -0500] "GET /aab8 HTTP/1.1" 404 1018
201.245.192.253 - - [09/Feb/2023:06:18:31 -0500] "POST /kwsrmcab/Wsrmcab HTTP/1.1" 200 42194
201.245.192.253 - - [09/Feb/2023:06:18:33 -0500] "POST /kwsrmcab/Wsrmcab HTTP/1.1" 200 41095
172.22.2.4 - - [09/Feb/2023:06:17:23 -0500] "HEAD /BLA/boletinlegal/ HTTP/1.1" 200 -
40.77.167.251 - - [09/Feb/2023:06:19:46 -0500] "GET /bla/resoluciones/autos%202021/3860.pdf HTTP/1.1" 200 349472
207.46.13.10 - - [09/Feb/2023:06:19:53 -0500] "GET /bla/resoluciones/autos%202021/4161.pdf HTTP/1.1" 200 350057
172.22.2.4 - - [09/Feb/2023:06:18:14 -0500] "GET /BLA/boletinlegal/ HTTP/1.1" 200 59404
66.249.64.47 - - [09/Feb/2023:06:20:06 -0500] "-" 408 -
216.245.221.92 - - [09/Feb/2023:06:21:14 -0500] "HEAD / HTTP/1.1" 200 -
201.245.192.253 - - [09/Feb/2023:06:21:33 -0500] "POST /kwsrmcab/Wsrmcab  HTTP/1.1" 200 213
40.77.167.251 - - [09/Feb/2023:06:22:45 -0500] "GET /BLA/resoluciones/RESOLUCIONES%202011/3529.pdf HTTP/1.1" 200 428033
54.187.98.108 - - [09/Feb/2023:06:24:02 -0500] "GET /portaldeninos/relatos-urbanos-de-los-ecosistemas-bogotanos-2/ HTTP/1.1" 200 88374
172.22.2.4 - - [09/Feb/2023:06:23:13 -0500] "HEAD /BLA/boletinlegal/ HTTP/1.1" 200 -
52.167.144.49 - - [09/Feb/2023:06:25:26 -0500] "GET /catalogoisis/ HTTP/1.1" 200 8575
186.155.12.12 - - [09/Feb/2023:06:25:39 -0500] "GET /sipse/faces/index.xhtml HTTP/1.1" 200 677
186.155.12.12 - - [09/Feb/2023:06:25:40 -0500] "GET /sipse/faces/javax.faces.resource/theme.css?ln=primefaces-sipse HTTP/1.1" 304 -
186.155.12.12 - - [09/Feb/2023:06:25:42 -0500] "GET /sipse/faces/faces/autenticacion.xhtml HTTP/1.1" 200 12179
186.155.12.12 - - [09/Feb/2023:06:25:43 -0500] "GET /sipse/js/disable_browser_buttons.js HTTP/1.1" 304 -
186.155.12.12 - - [09/Feb/2023:06:25:43 -0500] "GET /sipse/js/funciones.js HTTP/1.1" 304 -
186.155.12.12 - - [09/Feb/2023:06:25:43 -0500] "GET /sipse/faces/javax.faces.resource/theme.css?ln=primefaces-sipse HTTP/1.1" 304 -
186.155.12.12 - - [09/Feb/2023:06:25:43 -0500] "GET /sipse/faces/javax.faces.resource/primefaces.css?ln=primefaces&v=4.0 HTTP/1.1" 304 -
186.155.12.12 - - [09/Feb/2023:06:25:43 -0500] "GET /sipse/faces/javax.faces.resource/layout/layout.css?ln=primefaces&v=4.0 HTTP/1.1" 304 -
186.155.12.12 - - [09/Feb/2023:06:25:43 -0500] "GET /sipse/faces/javax.faces.resource/jquery/jquery.js?ln=primefaces&v=4.0 HTTP/1.1" 304 -
186.155.12.12 - - [09/Feb/2023:06:25:43 -0500] "GET /sipse/faces/javax.faces.resource/layout/layout.js?ln=primefaces&v=4.0 HTTP/1.1" 304 -
186.155.12.12 - - [09/Feb/2023:06:25:43 -0500] "GET /sipse/css/custom_css_sg.css HTTP/1.1" 200 9694
186.155.12.12 - - [09/Feb/2023:06:25:43 -0500] "GET /sipse/faces/javax.faces.resource/jquery/jquery-plugins.js?ln=primefaces&v=4.0 HTTP/1.1" 304 -
186.155.12.12 - - [09/Feb/2023:06:25:43 -0500] "GET /sipse/faces/javax.faces.resource/primefaces.js?ln=primefaces&v=4.0 HTTP/1.1" 304 -
186.155.12.12 - - [09/Feb/2023:06:25:43 -0500] "GET /sipse/css/custom_css_sg_prime_login.css HTTP/1.1" 200 443
172.22.2.4 - - [09/Feb/2023:06:24:04 -0500] "GET /BLA/boletinlegal/ HTTP/1.1" 200 59035
186.155.12.12 - - [09/Feb/2023:06:25:44 -0500] "GET /sipse/faces/javax.faces.resource/images/ui-icons_898989_256x240.png?ln=primefaces-aristo HTTP/1.1" 304 -
186.155.12.12 - - [09/Feb/2023:06:25:44 -0500] "GET /sipse/css/imagen/logoSDG.png HTTP/1.1" 200 53064
186.155.12.12 - - [09/Feb/2023:06:25:44 -0500] "GET /sipse/css/imagen/loginimg.png HTTP/1.1" 200 71635
186.155.12.12 - - [09/Feb/2023:06:25:50 -0500] "POST /sipse/faces/autenticacion.xhtml HTTP/1.1" 200 16122
186.155.12.12 - - [09/Feb/2023:06:25:54 -0500] "GET /sipse/css/custom_css_sg_prime.css HTTP/1.1" 200 5201
186.155.12.12 - - [09/Feb/2023:06:25:55 -0500] "GET /sipse/js/jquery.min.js HTTP/1.1" 304 -
186.155.12.12 - - [09/Feb/2023:06:25:55 -0500] "GET /sipse/faces/javax.faces.resource/jquery/jquery.js?ln=primefaces&v=4.0 HTTP/1.1" 304 -
186.155.12.12 - - [09/Feb/2023:06:25:56 -0500] "GET /sipse/faces/javax.faces.resource/jquery/jquery-plugins.js?ln=primefaces&v=4.0 HTTP/1.1" 304 -
186.155.12.12 - - [09/Feb/2023:06:25:57 -0500] "GET /sipse/faces/javax.faces.resource/primefaces.js?ln=primefaces&v=4.0 HTTP/1.1" 304 -
186.155.12.12 - - [09/Feb/2023:06:25:58 -0500] "GET /sipse/faces/javax.faces.resource/layout/layout.js?ln=primefaces&v=4.0 HTTP/1.1" 304 -
186.155.12.12 - - [09/Feb/2023:06:25:59 -0500] "GET /sipse/imagenes/cargando.gif HTTP/1.1" 304 -
186.155.12.12 - - [09/Feb/2023:06:25:59 -0500] "POST /sipse/faces/bienvenido.xhtml HTTP/1.1" 200 732
186.155.12.12 - - [09/Feb/2023:06:26:00 -0500] "GET /sipse/css/imagen/contrasena.png HTTP/1.1" 404 383
186.155.12.12 - - [09/Feb/2023:06:26:00 -0500] "GET /sipse/faces/javax.faces.resource/messages/messages.png?ln=primefaces&v=4.0 HTTP/1.1" 200 27209
66.249.64.45 - - [09/Feb/2023:06:26:10 -0500] "-" 408 -
186.155.12.12 - - [09/Feb/2023:06:26:11 -0500] "GET /sipse/faces/javax.faces.resource/images/ui-bg_flat_0_2d5972_40x100.png?ln=primefaces-aristo HTTP/1.1" 304 -
186.155.12.12 - - [09/Feb/2023:06:26:11 -0500] "POST /sipse/faces/bienvenido.xhtml HTTP/1.1" 200 1471
186.154.32.232 - - [09/Feb/2023:06:26:12 -0500] "POST /sipse/faces/presentacion/financiero/solicitudProceso/listarSolicitudProceso.xhtml HTTP/1.1" 200 57464
186.154.32.232 - - [09/Feb/2023:06:26:12 -0500] "POST /sipse/faces/presentacion/financiero/solicitudProceso/listarSolicitudProceso.xhtml HTTP/1.1" 200 57464
186.154.32.232 - - [09/Feb/2023:06:26:12 -0500] "POST /sipse/faces/presentacion/financiero/solicitudProceso/listarSolicitudProceso.xhtml HTTP/1.1" 200 57464
186.154.32.232 - - [09/Feb/2023:06:26:13 -0500] "POST /sipse/faces/presentacion/financiero/solicitudProceso/listarSolicitudProceso.xhtml HTTP/1.1" 200 57464
186.154.32.232 - - [09/Feb/2023:06:26:13 -0500] "POST /sipse/faces/presentacion/financiero/solicitudProceso/listarSolicitudProceso.xhtml HTTP/1.1" 200 1556
186.154.32.232 - - [09/Feb/2023:06:26:13 -0500] "POST /sipse/faces/presentacion/financiero/solicitudProceso/listarSolicitudProceso.xhtml HTTP/1.1" 200 1552
186.154.32.232 - - [09/Feb/2023:06:26:13 -0500] "POST /sipse/faces/presentacion/financiero/solicitudProceso/listarSolicitudProceso.xhtml HTTP/1.1" 200 1564
186.155.12.12 - - [09/Feb/2023:06:25:59 -0500] "GET /sipse/imagenes/logoAplicacion.jpg HTTP/1.1" 200 155084
186.154.32.232 - - [09/Feb/2023:06:26:14 -0500] "POST /sipse/faces/presentacion/financiero/solicitudProceso/listarSolicitudProceso.xhtml HTTP/1.1" 200 1552
216.245.221.92 - - [09/Feb/2023:06:26:14 -0500] "HEAD / HTTP/1.1" 200 -
186.154.32.232 - - [09/Feb/2023:06:26:29 -0500] "POST /sipse/faces/presentacion/financiero/solicitudProceso/listarSolicitudProceso.xhtml HTTP/1.1" 200 31503
186.154.32.232 - - [09/Feb/2023:06:26:31 -0500] "POST /sipse/faces/presentacion/financiero/solicitudProceso/listarSolicitudProceso.xhtml HTTP/1.1" 200 32200
186.155.12.12 - - [09/Feb/2023:06:26:13 -0500] "POST /sipse/faces/bienvenido.xhtml HTTP/1.1" 200 61920
186.155.12.12 - - [09/Feb/2023:06:26:34 -0500] "GET /sipse/faces/javax.faces.resource/jquery/jquery.js?ln=primefaces&v=4.0 HTTP/1.1" 304 -
186.155.12.12 - - [09/Feb/2023:06:26:35 -0500] "GET /sipse/faces/javax.faces.resource/jquery/jquery-plugins.js?ln=primefaces&v=4.0 HTTP/1.1" 304 -
201.245.192.253 - - [09/Feb/2023:06:26:33 -0500] "POST /kwsrmcab/Wsrmcab  HTTP/1.1" 200 213
186.155.12.12 - - [09/Feb/2023:06:26:36 -0500] "GET /sipse/faces/javax.faces.resource/primefaces.js?ln=primefaces&v=4.0 HTTP/1.1" 304 -
186.155.12.12 - - [09/Feb/2023:06:26:37 -0500] "GET /sipse/faces/javax.faces.resource/layout/layout.js?ln=primefaces&v=4.0 HTTP/1.1" 304 -
186.155.12.12 - - [09/Feb/2023:06:26:38 -0500] "POST /sipse/faces/presentacion/financiero/solicitudProceso/listarSolicitudProceso.xhtml HTTP/1.1" 200 1556
157.55.39.117 - - [09/Feb/2023:06:26:41 -0500] "GET /bla/resoluciones/autos%202021/3974.pdf HTTP/1.1" 200 376706
186.154.32.232 - - [09/Feb/2023:06:26:46 -0500] "POST /sipse/faces/presentacion/financiero/solicitudProceso/listarSolicitudProceso.xhtml HTTP/1.1" 200 129890
186.154.32.232 - - [09/Feb/2023:06:26:46 -0500] "GET /sipse/faces/javax.faces.resource/theme.css?ln=primefaces-sipse HTTP/1.1" 304 -
186.154.32.232 - - [09/Feb/2023:06:26:46 -0500] "GET /sipse/faces/javax.faces.resource/primefaces.css?ln=primefaces&v=4.0 HTTP/1.1" 304 -
186.154.32.232 - - [09/Feb/2023:06:26:46 -0500] "GET /sipse/faces/javax.faces.resource/layout/layout.css?ln=primefaces&v=4.0 HTTP/1.1" 304 -
186.154.32.232 - - [09/Feb/2023:06:26:46 -0500] "GET /sipse/faces/javax.faces.resource/jquery/jquery.js?ln=primefaces&v=4.0 HTTP/1.1" 304 -
186.154.32.232 - - [09/Feb/2023:06:26:46 -0500] "GET /sipse/faces/javax.faces.resource/jquery/jquery-plugins.js?ln=primefaces&v=4.0 HTTP/1.1" 304 -
186.154.32.232 - - [09/Feb/2023:06:26:46 -0500] "GET /sipse/faces/javax.faces.resource/primefaces.js?ln=primefaces&v=4.0 HTTP/1.1" 304 -
186.154.32.232 - - [09/Feb/2023:06:26:47 -0500] "GET /sipse/faces/javax.faces.resource/layout/layout.js?ln=primefaces&v=4.0 HTTP/1.1" 304 -
186.155.12.12 - - [09/Feb/2023:06:27:02 -0500] "POST /sipse/faces/presentacion/financiero/solicitudProceso/listarSolicitudProceso.xhtml HTTP/1.1" 200 28865
106.75.31.51 - - [09/Feb/2023:06:27:20 -0500] "-" 408 -
168.119.253.85 - - [09/Feb/2023:06:28:05 -0500] "GET / HTTP/1.1" 200 4720
168.119.253.85 - - [09/Feb/2023:06:28:08 -0500] "GET / HTTP/1.1" 200 319
40.77.167.251 - - [09/Feb/2023:06:28:18 -0500] "GET /bla/resoluciones/autos%202021/4018.pdf HTTP/1.1" 200 406917
201.245.192.253 - - [09/Feb/2023:06:28:31 -0500] "POST /kwsrmcab/Wsrmcab HTTP/1.1" 200 42194
201.245.192.253 - - [09/Feb/2023:06:28:34 -0500] "POST /kwsrmcab/Wsrmcab HTTP/1.1" 200 41095
186.155.12.12 - - [09/Feb/2023:06:29:14 -0500] "POST /sipse/faces/presentacion/financiero/solicitudProceso/listarSolicitudProceso.xhtml HTTP/1.1" 200 13891
186.155.12.12 - - [09/Feb/2023:06:29:26 -0500] "POST /sipse/faces/presentacion/financiero/solicitudProceso/listarSolicitudProceso.xhtml HTTP/1.1" 200 29586
106.75.31.51 - - [09/Feb/2023:06:30:23 -0500] "-" 408 -
186.154.32.232 - - [09/Feb/2023:06:30:29 -0500] "POST /sipse/faces/presentacion/financiero/solicitudProceso/consultarSolicitudProceso.xhtml HTTP/1.1" 200 39404
186.154.32.232 - - [09/Feb/2023:06:30:29 -0500] "GET /sipse/faces/javax.faces.resource/theme.css?ln=primefaces-sipse HTTP/1.1" 304 -
186.154.32.232 - - [09/Feb/2023:06:30:29 -0500] "GET /sipse/faces/javax.faces.resource/primefaces.css?ln=primefaces&v=4.0 HTTP/1.1" 304 -
186.154.32.232 - - [09/Feb/2023:06:30:29 -0500] "GET /sipse/faces/javax.faces.resource/layout/layout.css?ln=primefaces&v=4.0 HTTP/1.1" 304 -
186.154.32.232 - - [09/Feb/2023:06:30:29 -0500] "GET /sipse/faces/javax.faces.resource/jquery/jquery.js?ln=primefaces&v=4.0 HTTP/1.1" 304 -
186.154.32.232 - - [09/Feb/2023:06:30:29 -0500] "GET /sipse/faces/javax.faces.resource/jquery/jquery-plugins.js?ln=primefaces&v=4.0 HTTP/1.1" 304 -
186.154.32.232 - - [09/Feb/2023:06:30:29 -0500] "GET /sipse/faces/javax.faces.resource/primefaces.js?ln=primefaces&v=4.0 HTTP/1.1" 304 -
186.154.32.232 - - [09/Feb/2023:06:30:30 -0500] "GET /sipse/faces/javax.faces.resource/layout/layout.js?ln=primefaces&v=4.0 HTTP/1.1" 304 -
172.22.2.4 - - [09/Feb/2023:06:29:03 -0500] "HEAD /BLA/boletinlegal/ HTTP/1.1" 200 -
216.245.221.92 - - [09/Feb/2023:06:31:14 -0500] "HEAD / HTTP/1.1" 200 -
66.249.64.45 - - [09/Feb/2023:06:31:29 -0500] "-" 408 -
186.154.32.232 - - [09/Feb/2023:06:31:33 -0500] "POST /sipse/faces/presentacion/financiero/estudioPrevio/personalSolicitado/expedirExperienciaIdoneidad.xhtml HTTP/1.1" 200 5697
186.154.32.232 - - [09/Feb/2023:06:31:33 -0500] "POST /sipse/faces/presentacion/financiero/estudioPrevio/personalSolicitado/expedirExperienciaIdoneidad.xhtml HTTP/1.1" 200 32212
186.154.32.232 - - [09/Feb/2023:06:31:33 -0500] "GET /sipse/faces/javax.faces.resource/layout/layout.css?ln=primefaces&v=4.0 HTTP/1.1" 304 -
186.154.32.232 - - [09/Feb/2023:06:31:33 -0500] "GET /sipse/faces/javax.faces.resource/theme.css?ln=primefaces-sipse HTTP/1.1" 304 -
186.154.32.232 - - [09/Feb/2023:06:31:33 -0500] "GET /sipse/faces/javax.faces.resource/jquery/jquery-plugins.js?ln=primefaces&v=4.0 HTTP/1.1" 304 -
186.154.32.232 - - [09/Feb/2023:06:31:33 -0500] "GET /sipse/faces/javax.faces.resource/primefaces.js?ln=primefaces&v=4.0 HTTP/1.1" 304 -
186.154.32.232 - - [09/Feb/2023:06:31:33 -0500] "GET /sipse/faces/javax.faces.resource/primefaces.css?ln=primefaces&v=4.0 HTTP/1.1" 304 -
186.154.32.232 - - [09/Feb/2023:06:31:33 -0500] "GET /sipse/faces/javax.faces.resource/jquery/jquery.js?ln=primefaces&v=4.0 HTTP/1.1" 304 -
186.154.32.232 - - [09/Feb/2023:06:31:33 -0500] "GET /sipse/faces/javax.faces.resource/layout/layout.js?ln=primefaces&v=4.0 HTTP/1.1" 304 -
186.154.32.232 - - [09/Feb/2023:06:31:33 -0500] "GET /sipse/faces/javax.faces.resource/images/ui-icons_898989_256x240.png?ln=primefaces-aristo HTTP/1.1" 304 -
186.154.32.232 - - [09/Feb/2023:06:31:33 -0500] "GET /sipse/css/imagen/contrasena.png HTTP/1.1" 404 383
201.245.192.253 - - [09/Feb/2023:06:31:32 -0500] "POST /kwsrmcab/Wsrmcab  HTTP/1.1" 200 213
172.22.2.4 - - [09/Feb/2023:06:29:54 -0500] "GET /BLA/boletinlegal/ HTTP/1.1" 200 56474
172.22.2.4 - - [09/Feb/2023:06:31:35 -0500] "GET /BLA/boletinlegal/conceptos.php HTTP/1.1" 200 7486
172.22.2.4 - - [09/Feb/2023:06:31:35 -0500] "GET /BLA/boletinlegal/favicon.ico HTTP/1.1" 404 1334
186.154.32.232 - - [09/Feb/2023:06:31:36 -0500] "GET /sipse/faces/javax.faces.resource/images/ui-bg_flat_0_2d5972_40x100.png?ln=primefaces-aristo HTTP/1.1" 304 -
186.154.32.232 - - [09/Feb/2023:06:31:36 -0500] "POST /sipse/faces/presentacion/contratacion/procesoContractual/registrarInvitacionContratista.xhtml HTTP/1.1" 200 9693
186.154.32.232 - - [09/Feb/2023:06:31:53 -0500] "POST /sipse/faces/presentacion/contratacion/procesoContractual/registrarInvitacionContratista.xhtml HTTP/1.1" 200 8054
186.154.32.232 - - [09/Feb/2023:06:31:53 -0500] "GET /sipse/faces/javax.faces.resource/messages/messages.png?ln=primefaces&v=4.0 HTTP/1.1" 304 -
172.22.2.4 - - [09/Feb/2023:06:31:54 -0500] "GET /BLA/boletinlegal/consulta_conceptos.php?no=&solicitante=&radicado_entrada=&fecha_concepto=2021&objeto= HTTP/1.1" 200 36487
172.22.2.4 - - [09/Feb/2023:06:31:21 -0500] "GET /BLA/boletinlegal/ HTTP/1.1" 200 32715
186.154.32.232 - - [09/Feb/2023:06:32:03 -0500] "POST /sipse/faces/presentacion/contratacion/procesoContractual/registrarInvitacionContratista.xhtml HTTP/1.1" 200 65790
186.154.32.232 - - [09/Feb/2023:06:32:04 -0500] "GET /sipse/faces/javax.faces.resource/theme.css?ln=primefaces-sipse HTTP/1.1" 304 -
186.154.32.232 - - [09/Feb/2023:06:32:04 -0500] "GET /sipse/faces/javax.faces.resource/primefaces.css?ln=primefaces&v=4.0 HTTP/1.1" 304 -
186.154.32.232 - - [09/Feb/2023:06:32:04 -0500] "GET /sipse/faces/javax.faces.resource/layout/layout.css?ln=primefaces&v=4.0 HTTP/1.1" 304 -
186.154.32.232 - - [09/Feb/2023:06:32:04 -0500] "GET /sipse/faces/javax.faces.resource/jquery/jquery-plugins.js?ln=primefaces&v=4.0 HTTP/1.1" 304 -
186.154.32.232 - - [09/Feb/2023:06:32:04 -0500] "GET /sipse/faces/javax.faces.resource/primefaces.js?ln=primefaces&v=4.0 HTTP/1.1" 304 -
186.154.32.232 - - [09/Feb/2023:06:32:04 -0500] "GET /sipse/faces/javax.faces.resource/layout/layout.js?ln=primefaces&v=4.0 HTTP/1.1" 304 -
186.154.32.232 - - [09/Feb/2023:06:32:04 -0500] "GET /sipse/faces/javax.faces.resource/jquery/jquery.js?ln=primefaces&v=4.0 HTTP/1.1" 304 -
186.154.32.232 - - [09/Feb/2023:06:32:04 -0500] "GET /sipse/faces/javax.faces.resource/spacer/dot_clear.gif?ln=primefaces&v=4.0 HTTP/1.1" 304 -
186.154.32.232 - - [09/Feb/2023:06:32:04 -0500] "GET /sipse/css/imagen/contrasena.png HTTP/1.1" 404 383
186.154.32.232 - - [09/Feb/2023:06:32:04 -0500] "GET /sipse/faces/javax.faces.resource/images/ui-icons_898989_256x240.png?ln=primefaces-aristo HTTP/1.1" 304 -
172.22.2.4 - - [09/Feb/2023:06:32:08 -0500] "GET /BLA/boletinlegal/conceptos/2021/42.pdf HTTP/1.1" 200 332510
172.22.2.4 - - [09/Feb/2023:06:32:08 -0500] "GET /BLA/boletinlegal/conceptos/2021/42.pdf HTTP/1.1" 200 332510
172.22.2.4 - - [09/Feb/2023:06:32:08 -0500] "GET /BLA/boletinlegal/conceptos/2021/42.pdf HTTP/1.1" 206 1025
157.55.39.142 - - [09/Feb/2023:06:33:11 -0500] "GET /bla/resoluciones/autos%202021/4047.pdf HTTP/1.1" 200 348992
52.167.144.49 - - [09/Feb/2023:06:33:47 -0500] "GET /bla/resoluciones/autos%202021/2473.pdf HTTP/1.1" 200 487093
64.62.243.165 - - [09/Feb/2023:06:33:47 -0500] "GET / HTTP/1.1" 200 319
186.154.17.162 - - [09/Feb/2023:06:33:53 -0500] "GET /agendate-para-participar-en-las-caminatas-ecologicas-de-febrero.html HTTP/1.1" 200 830
190.109.20.166 - - [09/Feb/2023:06:34:15 -0500] "GET /reportes_sipse/jsp/inicio.jsp HTTP/1.1" 200 2935
190.109.20.166 - - [09/Feb/2023:06:34:15 -0500] "GET /reportes_sipse/css/estilos.css HTTP/1.1" 304 -
190.109.20.166 - - [09/Feb/2023:06:34:15 -0500] "GET /reportes_sipse/imagenes/logoAplicacion.jpg HTTP/1.1" 304 -
190.109.20.166 - - [09/Feb/2023:06:34:15 -0500] "GET /reportes_sipse/imagenes/fondo.jpg HTTP/1.1" 304 -
190.109.20.166 - - [09/Feb/2023:06:34:20 -0500] "POST /reportes_sipse/sdg/ServletReporte?saldo_actividades_contratacion_columnas& HTTP/1.1" 200 5986
190.109.20.166 - - [09/Feb/2023:06:34:20 -0500] "GET /reportes_sipse/js/funciones.js HTTP/1.1" 304 -
190.109.20.166 - - [09/Feb/2023:06:34:20 -0500] "GET /reportes_sipse/js/date-picker.js HTTP/1.1" 304 -
190.109.20.166 - - [09/Feb/2023:06:34:20 -0500] "GET /reportes_sipse/imagenes/calendario.gif HTTP/1.1" 304 -
190.109.20.166 - - [09/Feb/2023:06:34:20 -0500] "GET /reportes_sipse/imagenes/pdf.gif HTTP/1.1" 304 -
190.109.20.166 - - [09/Feb/2023:06:34:21 -0500] "GET /reportes_sipse/imagenes/excel.gif HTTP/1.1" 304 -
190.109.20.166 - - [09/Feb/2023:06:34:24 -0500] "GET /reportes_sipse/imagenes/retrocedeAgno.gif HTTP/1.1" 304 -
190.109.20.166 - - [09/Feb/2023:06:34:24 -0500] "GET /reportes_sipse/imagenes/retrocedeMes.gif HTTP/1.1" 304 -
190.109.20.166 - - [09/Feb/2023:06:34:24 -0500] "GET /reportes_sipse/imagenes/avanzaMes.gif HTTP/1.1" 304 -
190.109.20.166 - - [09/Feb/2023:06:34:24 -0500] "GET /reportes_sipse/imagenes/avanzaAgno.gif HTTP/1.1" 304 -
190.109.20.166 - - [09/Feb/2023:06:34:27 -0500] "POST /reportes_sipse/sdg/ServletControlador HTTP/1.1" 200 51309
157.55.39.142 - - [09/Feb/2023:06:36:10 -0500] "GET /bla/resoluciones/autos%202021/1970.pdf HTTP/1.1" 200 461372
216.245.221.92 - - [09/Feb/2023:06:36:14 -0500] "HEAD / HTTP/1.1" 200 -
186.154.32.232 - - [09/Feb/2023:06:36:23 -0500] "GET /sipse/faces/javax.faces.resource/images/ui-bg_flat_0_2d5972_40x100.png?ln=primefaces-aristo HTTP/1.1" 304 -
186.154.32.232 - - [09/Feb/2023:06:36:23 -0500] "POST /sipse/faces/presentacion/contratacion/contratista/crearModificarContratista.xhtml HTTP/1.1" 200 64130
186.154.32.232 - - [09/Feb/2023:06:36:23 -0500] "GET /sipse/faces/javax.faces.resource/theme.css?ln=primefaces-sipse HTTP/1.1" 304 -
186.154.32.232 - - [09/Feb/2023:06:36:23 -0500] "GET /sipse/faces/javax.faces.resource/primefaces.css?ln=primefaces&v=4.0 HTTP/1.1" 304 -
186.154.32.232 - - [09/Feb/2023:06:36:23 -0500] "GET /sipse/faces/javax.faces.resource/layout/layout.css?ln=primefaces&v=4.0 HTTP/1.1" 304 -
186.154.32.232 - - [09/Feb/2023:06:36:23 -0500] "GET /sipse/faces/javax.faces.resource/jquery/jquery.js?ln=primefaces&v=4.0 HTTP/1.1" 304 -
186.154.32.232 - - [09/Feb/2023:06:36:23 -0500] "GET /sipse/faces/javax.faces.resource/jquery/jquery-plugins.js?ln=primefaces&v=4.0 HTTP/1.1" 304 -
186.154.32.232 - - [09/Feb/2023:06:36:23 -0500] "GET /sipse/faces/javax.faces.resource/primefaces.js?ln=primefaces&v=4.0 HTTP/1.1" 304 -
186.154.32.232 - - [09/Feb/2023:06:36:23 -0500] "GET /sipse/faces/javax.faces.resource/layout/layout.js?ln=primefaces&v=4.0 HTTP/1.1" 304 -
186.154.32.232 - - [09/Feb/2023:06:36:23 -0500] "POST /sipse/faces/presentacion/financiero/solicitudProceso/listarSolicitudProceso.xhtml HTTP/1.1" 200 1556
172.22.2.4 - - [09/Feb/2023:06:34:53 -0500] "HEAD /BLA/boletinlegal/ HTTP/1.1" 200 -
201.245.192.253 - - [09/Feb/2023:06:36:32 -0500] "POST /kwsrmcab/Wsrmcab  HTTP/1.1" 200 213
190.109.20.166 - - [09/Feb/2023:06:36:37 -0500] "GET /sipse/faces/index.xhtml HTTP/1.1" 200 677
190.109.20.166 - - [09/Feb/2023:06:36:37 -0500] "GET /sipse/faces/javax.faces.resource/theme.css?ln=primefaces-sipse HTTP/1.1" 304 -
190.109.20.166 - - [09/Feb/2023:06:36:37 -0500] "GET /sipse/faces/faces/autenticacion.xhtml HTTP/1.1" 200 12179
190.109.20.166 - - [09/Feb/2023:06:36:37 -0500] "GET /sipse/js/disable_browser_buttons.js HTTP/1.1" 304 -
190.109.20.166 - - [09/Feb/2023:06:36:37 -0500] "GET /sipse/css/custom_css_sg.css HTTP/1.1" 304 -
190.109.20.166 - - [09/Feb/2023:06:36:37 -0500] "GET /sipse/css/custom_css_sg_prime_login.css HTTP/1.1" 304 -
190.109.20.166 - - [09/Feb/2023:06:36:37 -0500] "GET /sipse/faces/javax.faces.resource/theme.css?ln=primefaces-sipse HTTP/1.1" 304 -
190.109.20.166 - - [09/Feb/2023:06:36:37 -0500] "GET /sipse/faces/javax.faces.resource/primefaces.css?ln=primefaces&v=4.0 HTTP/1.1" 304 -
190.109.20.166 - - [09/Feb/2023:06:36:37 -0500] "GET /sipse/faces/javax.faces.resource/layout/layout.css?ln=primefaces&v=4.0 HTTP/1.1" 304 -
190.109.20.166 - - [09/Feb/2023:06:36:37 -0500] "GET /sipse/js/funciones.js HTTP/1.1" 304 -
190.109.20.166 - - [09/Feb/2023:06:36:37 -0500] "GET /sipse/faces/javax.faces.resource/jquery/jquery.js?ln=primefaces&v=4.0 HTTP/1.1" 304 -
190.109.20.166 - - [09/Feb/2023:06:36:37 -0500] "GET /sipse/faces/javax.faces.resource/jquery/jquery-plugins.js?ln=primefaces&v=4.0 HTTP/1.1" 304 -
190.109.20.166 - - [09/Feb/2023:06:36:37 -0500] "GET /sipse/faces/javax.faces.resource/primefaces.js?ln=primefaces&v=4.0 HTTP/1.1" 304 -
190.109.20.166 - - [09/Feb/2023:06:36:37 -0500] "GET /sipse/faces/javax.faces.resource/layout/layout.js?ln=primefaces&v=4.0 HTTP/1.1" 304 -
190.109.20.166 - - [09/Feb/2023:06:36:37 -0500] "GET /sipse/css/imagen/logoSDG.png HTTP/1.1" 304 -
190.109.20.166 - - [09/Feb/2023:06:36:37 -0500] "GET /sipse/css/imagen/loginimg.png HTTP/1.1" 304 -
190.109.20.166 - - [09/Feb/2023:06:36:37 -0500] "GET /sipse/faces/javax.faces.resource/images/ui-icons_898989_256x240.png?ln=primefaces-aristo HTTP/1.1" 304 -
190.109.20.166 - - [09/Feb/2023:06:36:41 -0500] "POST /sipse/faces/autenticacion.xhtml HTTP/1.1" 200 12789
190.109.20.166 - - [09/Feb/2023:06:36:41 -0500] "GET /sipse/css/custom_css_sg_prime.css HTTP/1.1" 304 -
190.109.20.166 - - [09/Feb/2023:06:36:41 -0500] "GET /sipse/faces/javax.faces.resource/theme.css?ln=primefaces-sipse HTTP/1.1" 304 -
190.109.20.166 - - [09/Feb/2023:06:36:41 -0500] "GET /sipse/faces/javax.faces.resource/layout/layout.css?ln=primefaces&v=4.0 HTTP/1.1" 304 -
190.109.20.166 - - [09/Feb/2023:06:36:41 -0500] "GET /sipse/faces/javax.faces.resource/primefaces.css?ln=primefaces&v=4.0 HTTP/1.1" 304 -
190.109.20.166 - - [09/Feb/2023:06:36:41 -0500] "GET /sipse/faces/javax.faces.resource/jquery/jquery.js?ln=primefaces&v=4.0 HTTP/1.1" 304 -
190.109.20.166 - - [09/Feb/2023:06:36:41 -0500] "GET /sipse/faces/javax.faces.resource/jquery/jquery-plugins.js?ln=primefaces&v=4.0 HTTP/1.1" 304 -
190.109.20.166 - - [09/Feb/2023:06:36:42 -0500] "GET /sipse/faces/javax.faces.resource/primefaces.js?ln=primefaces&v=4.0 HTTP/1.1" 304 -
190.109.20.166 - - [09/Feb/2023:06:36:42 -0500] "GET /sipse/faces/javax.faces.resource/layout/layout.js?ln=primefaces&v=4.0 HTTP/1.1" 304 -
190.109.20.166 - - [09/Feb/2023:06:36:42 -0500] "GET /sipse/faces/javax.faces.resource/messages/messages.png?ln=primefaces&v=4.0 HTTP/1.1" 304 -
186.154.32.232 - - [09/Feb/2023:06:36:43 -0500] "POST /sipse/faces/presentacion/financiero/solicitudProceso/listarSolicitudProceso.xhtml HTTP/1.1" 200 32016
186.154.32.232 - - [09/Feb/2023:06:36:47 -0500] "POST /sipse/faces/presentacion/financiero/solicitudProceso/listarSolicitudProceso.xhtml HTTP/1.1" 200 129890
186.154.32.232 - - [09/Feb/2023:06:36:48 -0500] "GET /sipse/faces/javax.faces.resource/theme.css?ln=primefaces-sipse HTTP/1.1" 304 -
186.154.32.232 - - [09/Feb/2023:06:36:48 -0500] "GET /sipse/faces/javax.faces.resource/primefaces.css?ln=primefaces&v=4.0 HTTP/1.1" 304 -
186.154.32.232 - - [09/Feb/2023:06:36:48 -0500] "GET /sipse/faces/javax.faces.resource/layout/layout.css?ln=primefaces&v=4.0 HTTP/1.1" 304 -
186.154.32.232 - - [09/Feb/2023:06:36:48 -0500] "GET /sipse/faces/javax.faces.resource/jquery/jquery.js?ln=primefaces&v=4.0 HTTP/1.1" 304 -
186.154.32.232 - - [09/Feb/2023:06:36:48 -0500] "GET /sipse/faces/javax.faces.resource/jquery/jquery-plugins.js?ln=primefaces&v=4.0 HTTP/1.1" 304 -
186.154.32.232 - - [09/Feb/2023:06:36:48 -0500] "GET /sipse/faces/javax.faces.resource/primefaces.js?ln=primefaces&v=4.0 HTTP/1.1" 304 -
186.154.32.232 - - [09/Feb/2023:06:36:48 -0500] "GET /sipse/faces/javax.faces.resource/layout/layout.js?ln=primefaces&v=4.0 HTTP/1.1" 304 -
190.109.20.166 - - [09/Feb/2023:06:36:54 -0500] "GET /sipsesda/ HTTP/1.1" 200 1477
190.109.20.166 - - [09/Feb/2023:06:36:54 -0500] "GET /css/segobdis.css HTTP/1.1" 404 1264
190.109.20.166 - - [09/Feb/2023:06:36:54 -0500] "GET /sipsesda/faces/login.jspx HTTP/1.1" 200 7588
190.109.20.166 - - [09/Feb/2023:06:36:54 -0500] "GET /sipsesda/js/disable_browser_buttons.js;jsessionid=ac16012b22b817932cc87a58400b8f3df958abf96346.e34Lc3uRbN4Oc40Lahz0 HTTP/1.1" 200 2767
190.109.20.166 - - [09/Feb/2023:06:36:54 -0500] "GET /sipsesda/js/funciones.js;jsessionid=ac16012b22b817932cc87a58400b8f3df958abf96346.e34Lc3uRbN4Oc40Lahz0 HTTP/1.1" 200 36377
190.109.20.166 - - [09/Feb/2023:06:36:54 -0500] "GET /sipsesda/adf/styles/cache/segobdis16-desktop-10_1_3_4_0-webkit.css;jsessionid=ac16012b22b817932cc87a58400b8f3df958abf96346.e34Lc3uRbN4Oc40Lahz0 HTTP/1.1" 200 57326
190.109.20.166 - - [09/Feb/2023:06:36:55 -0500] "GET /sipsesda/adf/images/t.gif;jsessionid=ac16012b22b817932cc87a58400b8f3df958abf96346.e34Lc3uRbN4Oc40Lahz0 HTTP/1.1" 200 86
190.109.20.166 - - [09/Feb/2023:06:36:55 -0500] "GET /sipsesda/imagenes/encabezado.jpg;jsessionid=ac16012b22b817932cc87a58400b8f3df958abf96346.e34Lc3uRbN4Oc40Lahz0 HTTP/1.1" 200 18018
190.109.20.166 - - [09/Feb/2023:06:36:55 -0500] "GET /sipsesda/adf/jsLibs/Common10_1_3_4_0.js;jsessionid=ac16012b22b817932cc87a58400b8f3df958abf96346.e34Lc3uRbN4Oc40Lahz0 HTTP/1.1" 200 132959
186.154.32.232 - - [09/Feb/2023:06:36:55 -0500] "POST /sipse/faces/presentacion/financiero/solicitudProceso/consultarSolicitudProceso.xhtml HTTP/1.1" 200 45436
186.154.32.232 - - [09/Feb/2023:06:36:56 -0500] "GET /sipse/faces/javax.faces.resource/primefaces.css?ln=primefaces&v=4.0 HTTP/1.1" 304 -
186.154.32.232 - - [09/Feb/2023:06:36:56 -0500] "GET /sipse/faces/javax.faces.resource/theme.css?ln=primefaces-sipse HTTP/1.1" 304 -
186.154.32.232 - - [09/Feb/2023:06:36:56 -0500] "GET /sipse/faces/javax.faces.resource/layout/layout.css?ln=primefaces&v=4.0 HTTP/1.1" 304 -
186.154.32.232 - - [09/Feb/2023:06:36:56 -0500] "GET /sipse/faces/javax.faces.resource/jquery/jquery.js?ln=primefaces&v=4.0 HTTP/1.1" 304 -
186.154.32.232 - - [09/Feb/2023:06:36:56 -0500] "GET /sipse/faces/javax.faces.resource/jquery/jquery-plugins.js?ln=primefaces&v=4.0 HTTP/1.1" 304 -
186.154.32.232 - - [09/Feb/2023:06:36:56 -0500] "GET /sipse/faces/javax.faces.resource/primefaces.js?ln=primefaces&v=4.0 HTTP/1.1" 304 -
186.154.32.232 - - [09/Feb/2023:06:36:56 -0500] "GET /sipse/faces/javax.faces.resource/layout/layout.js?ln=primefaces&v=4.0 HTTP/1.1" 304 -
190.109.20.166 - - [09/Feb/2023:06:36:58 -0500] "POST /sipsesda/faces/login.jspx;jsessionid=ac16012b22b817932cc87a58400b8f3df958abf96346.e34Lc3uRbN4Oc40Lahz0 HTTP/1.1" 200 5705
190.109.20.166 - - [09/Feb/2023:06:37:02 -0500] "POST /sipsesda/faces/vista/sistema/seleccionRol.jspx HTTP/1.1" 200 27993
34.90.203.132 - - [09/Feb/2023:06:37:11 -0500] "GET /inventario-de-emisiones-2020-transporte-publico-sitp-redujo-emisiones-de-pm-2-5-en-un-37.html HTTP/1.1" 200 925
186.154.32.232 - - [09/Feb/2023:06:37:13 -0500] "GET /sipse/faces/javax.faces.resource/theme.css?ln=primefaces-sipse HTTP/1.1" 304 -
186.154.32.232 - - [09/Feb/2023:06:37:13 -0500] "GET /sipse/faces/javax.faces.resource/primefaces.css?ln=primefaces&v=4.0 HTTP/1.1" 304 -
186.154.32.232 - - [09/Feb/2023:06:37:13 -0500] "GET /sipse/faces/javax.faces.resource/jquery/jquery.js?ln=primefaces&v=4.0 HTTP/1.1" 304 -
186.154.32.232 - - [09/Feb/2023:06:37:13 -0500] "GET /sipse/faces/javax.faces.resource/jquery/jquery-plugins.js?ln=primefaces&v=4.0 HTTP/1.1" 304 -
186.154.32.232 - - [09/Feb/2023:06:37:13 -0500] "GET /sipse/faces/javax.faces.resource/layout/layout.css?ln=primefaces&v=4.0 HTTP/1.1" 304 -
186.154.32.232 - - [09/Feb/2023:06:37:13 -0500] "GET /sipse/faces/javax.faces.resource/primefaces.js?ln=primefaces&v=4.0 HTTP/1.1" 304 -
186.154.32.232 - - [09/Feb/2023:06:37:13 -0500] "GET /sipse/faces/javax.faces.resource/layout/layout.js?ln=primefaces&v=4.0 HTTP/1.1" 304 -
186.154.32.232 - - [09/Feb/2023:06:37:13 -0500] "GET /sipse/css/imagen/contrasena.png HTTP/1.1" 404 383
186.154.32.232 - - [09/Feb/2023:06:37:13 -0500] "GET /sipse/faces/javax.faces.resource/images/ui-icons_898989_256x240.png?ln=primefaces-aristo HTTP/1.1" 304 -
186.154.32.232 - - [09/Feb/2023:06:37:12 -0500] "POST /sipse/faces/presentacion/financiero/estudioPrevio/personalSolicitado/personalSolicitadoSolicitudProceso.xhtml HTTP/1.1" 200 176740
186.154.32.232 - - [09/Feb/2023:06:37:18 -0500] "GET /sipse/faces/javax.faces.resource/images/ui-bg_flat_0_2d5972_40x100.png?ln=primefaces-aristo HTTP/1.1" 304 -
186.154.32.232 - - [09/Feb/2023:06:37:18 -0500] "POST /sipse/faces/presentacion/financiero/solicitudProceso/consultarSolicitudProceso.xhtml HTTP/1.1" 200 39404
186.154.32.232 - - [09/Feb/2023:06:37:18 -0500] "GET /sipse/faces/javax.faces.resource/layout/layout.css?ln=primefaces&v=4.0 HTTP/1.1" 304 -
186.154.32.232 - - [09/Feb/2023:06:37:18 -0500] "GET /sipse/faces/javax.faces.resource/primefaces.css?ln=primefaces&v=4.0 HTTP/1.1" 304 -
186.154.32.232 - - [09/Feb/2023:06:37:18 -0500] "GET /sipse/faces/javax.faces.resource/theme.css?ln=primefaces-sipse HTTP/1.1" 304 -
186.154.32.232 - - [09/Feb/2023:06:37:18 -0500] "GET /sipse/faces/javax.faces.resource/jquery/jquery.js?ln=primefaces&v=4.0 HTTP/1.1" 304 -
186.154.32.232 - - [09/Feb/2023:06:37:18 -0500] "GET /sipse/faces/javax.faces.resource/jquery/jquery-plugins.js?ln=primefaces&v=4.0 HTTP/1.1" 304 -
186.154.32.232 - - [09/Feb/2023:06:37:18 -0500] "GET /sipse/faces/javax.faces.resource/primefaces.js?ln=primefaces&v=4.0 HTTP/1.1" 304 -
186.154.32.232 - - [09/Feb/2023:06:37:18 -0500] "GET /sipse/faces/javax.faces.resource/layout/layout.js?ln=primefaces&v=4.0 HTTP/1.1" 304 -
186.154.32.232 - - [09/Feb/2023:06:37:20 -0500] "POST /sipse/faces/presentacion/financiero/estudioPrevio/personalSolicitado/expedirExperienciaIdoneidad.xhtml HTTP/1.1" 200 5697
186.154.32.232 - - [09/Feb/2023:06:37:20 -0500] "POST /sipse/faces/presentacion/financiero/estudioPrevio/personalSolicitado/expedirExperienciaIdoneidad.xhtml HTTP/1.1" 200 43386
186.154.32.232 - - [09/Feb/2023:06:37:21 -0500] "GET /sipse/faces/javax.faces.resource/jquery/jquery.js?ln=primefaces&v=4.0 HTTP/1.1" 304 -
