201.245.192.253 - - [14/Feb/2023:08:13:29 -0500] "GET /sipse/faces/javax.faces.resource/layout/layout.css?ln=primefaces&v=4.0 HTTP/1.1" 304 -
201.245.192.253 - - [14/Feb/2023:08:13:29 -0500] "GET /sipse/faces/javax.faces.resource/primefaces.css?ln=primefaces&v=4.0 HTTP/1.1" 304 -
201.245.192.253 - - [14/Feb/2023:08:13:29 -0500] "GET /sipse/faces/javax.faces.resource/theme.css?ln=primefaces-sipse HTTP/1.1" 304 -
201.245.192.253 - - [14/Feb/2023:08:13:29 -0500] "GET /sipse/faces/javax.faces.resource/jquery/jquery.js?ln=primefaces&v=4.0 HTTP/1.1" 304 -
201.245.192.253 - - [14/Feb/2023:08:13:30 -0500] "GET /sipse/faces/javax.faces.resource/jquery/jquery-plugins.js?ln=primefaces&v=4.0 HTTP/1.1" 304 -
201.245.192.253 - - [14/Feb/2023:08:13:30 -0500] "GET /sipse/faces/javax.faces.resource/primefaces.js?ln=primefaces&v=4.0 HTTP/1.1" 304 -
201.245.192.253 - - [14/Feb/2023:08:13:30 -0500] "GET /sipse/faces/javax.faces.resource/layout/layout.js?ln=primefaces&v=4.0 HTTP/1.1" 304 -
201.245.192.253 - - [14/Feb/2023:08:13:30 -0500] "POST /sipse/faces/presentacion/financiero/solicitudProceso/listarSolicitudProceso.xhtml HTTP/1.1" 200 30353
191.67.158.8 - - [14/Feb/2023:08:13:30 -0500] "POST /sipse/faces/presentacion/financiero/solicitudProceso/listarSolicitudProceso.xhtml HTTP/1.1" 200 146946
191.67.158.8 - - [14/Feb/2023:08:13:32 -0500] "GET /sipse/faces/javax.faces.resource/layout/layout.css?ln=primefaces&v=4.0 HTTP/1.1" 304 -
191.67.158.8 - - [14/Feb/2023:08:13:32 -0500] "GET /sipse/faces/javax.faces.resource/theme.css?ln=primefaces-sipse HTTP/1.1" 304 -
191.67.158.8 - - [14/Feb/2023:08:13:32 -0500] "GET /sipse/faces/javax.faces.resource/primefaces.css?ln=primefaces&v=4.0 HTTP/1.1" 304 -
191.67.158.8 - - [14/Feb/2023:08:13:32 -0500] "GET /sipse/faces/javax.faces.resource/jquery/jquery.js?ln=primefaces&v=4.0 HTTP/1.1" 304 -
191.67.158.8 - - [14/Feb/2023:08:13:32 -0500] "GET /sipse/faces/javax.faces.resource/jquery/jquery-plugins.js?ln=primefaces&v=4.0 HTTP/1.1" 304 -
201.245.192.253 - - [14/Feb/2023:08:13:30 -0500] "POST /sipse/faces/presentacion/financiero/solicitudProceso/listarSolicitudProceso.xhtml HTTP/1.1" 200 1396
191.67.158.8 - - [14/Feb/2023:08:13:32 -0500] "GET /sipse/faces/javax.faces.resource/primefaces.js?ln=primefaces&v=4.0 HTTP/1.1" 304 -
191.67.158.8 - - [14/Feb/2023:08:13:32 -0500] "GET /sipse/faces/javax.faces.resource/layout/layout.js?ln=primefaces&v=4.0 HTTP/1.1" 304 -
201.245.192.253 - - [14/Feb/2023:08:13:32 -0500] "POST /sipse/faces/presentacion/financiero/solicitudProceso/listarSolicitudProceso.xhtml HTTP/1.1" 200 1392
191.67.158.8 - - [14/Feb/2023:08:13:37 -0500] "POST /sipse/faces/presentacion/financiero/solicitudProceso/consultarSolicitudProceso.xhtml HTTP/1.1" 200 37362
191.67.158.8 - - [14/Feb/2023:08:13:39 -0500] "GET /sipse/faces/javax.faces.resource/primefaces.css?ln=primefaces&v=4.0 HTTP/1.1" 304 -
191.67.158.8 - - [14/Feb/2023:08:13:39 -0500] "GET /sipse/faces/javax.faces.resource/theme.css?ln=primefaces-sipse HTTP/1.1" 304 -
191.67.158.8 - - [14/Feb/2023:08:13:39 -0500] "GET /sipse/faces/javax.faces.resource/layout/layout.css?ln=primefaces&v=4.0 HTTP/1.1" 304 -
191.67.158.8 - - [14/Feb/2023:08:13:39 -0500] "GET /sipse/faces/javax.faces.resource/jquery/jquery.js?ln=primefaces&v=4.0 HTTP/1.1" 304 -
191.67.158.8 - - [14/Feb/2023:08:13:39 -0500] "GET /sipse/faces/javax.faces.resource/jquery/jquery-plugins.js?ln=primefaces&v=4.0 HTTP/1.1" 304 -
191.67.158.8 - - [14/Feb/2023:08:13:39 -0500] "GET /sipse/faces/javax.faces.resource/primefaces.js?ln=primefaces&v=4.0 HTTP/1.1" 304 -
191.67.158.8 - - [14/Feb/2023:08:13:40 -0500] "GET /sipse/faces/javax.faces.resource/layout/layout.js?ln=primefaces&v=4.0 HTTP/1.1" 304 -
186.155.60.24 - - [14/Feb/2023:08:13:38 -0500] "GET /BLA/resoluciones/index.php?dir=RESOLUCIONES+2010%2F HTTP/1.1" 200 1307967
191.67.158.8 - - [14/Feb/2023:08:13:40 -0500] "POST /sipse/faces/presentacion/financiero/solicitudProceso/listarSolicitudProceso.xhtml HTTP/1.1" 200 1396
201.245.192.253 - - [14/Feb/2023:08:13:40 -0500] "POST /sipse/faces/presentacion/financiero/solicitudProceso/listarSolicitudProceso.xhtml HTTP/1.1" 200 148634
201.245.192.253 - - [14/Feb/2023:08:13:41 -0500] "GET /sipse/faces/javax.faces.resource/theme.css?ln=primefaces-sipse HTTP/1.1" 304 -
201.245.192.253 - - [14/Feb/2023:08:13:41 -0500] "GET /sipse/faces/javax.faces.resource/primefaces.css?ln=primefaces&v=4.0 HTTP/1.1" 304 -
201.245.192.253 - - [14/Feb/2023:08:13:41 -0500] "GET /sipse/faces/javax.faces.resource/layout/layout.css?ln=primefaces&v=4.0 HTTP/1.1" 304 -
201.245.192.253 - - [14/Feb/2023:08:13:41 -0500] "GET /sipse/faces/javax.faces.resource/jquery/jquery.js?ln=primefaces&v=4.0 HTTP/1.1" 304 -
201.245.192.253 - - [14/Feb/2023:08:13:41 -0500] "GET /sipse/faces/javax.faces.resource/jquery/jquery-plugins.js?ln=primefaces&v=4.0 HTTP/1.1" 304 -
201.245.192.253 - - [14/Feb/2023:08:13:41 -0500] "GET /sipse/faces/javax.faces.resource/primefaces.js?ln=primefaces&v=4.0 HTTP/1.1" 304 -
201.245.192.253 - - [14/Feb/2023:08:13:41 -0500] "GET /sipse/faces/javax.faces.resource/layout/layout.js?ln=primefaces&v=4.0 HTTP/1.1" 304 -
201.245.192.253 - - [14/Feb/2023:08:13:44 -0500] "POST /sipse/faces/presentacion/financiero/solicitudProceso/listarSolicitudProceso.xhtml HTTP/1.1" 200 17006
186.155.60.24 - - [14/Feb/2023:08:13:44 -0500] "GET /BLA/resoluciones/RESOLUCIONES%202010/7277.pdf HTTP/1.1" 200 887384
191.67.158.8 - - [14/Feb/2023:08:13:44 -0500] "POST /sipse/faces/presentacion/financiero/solicitudProceso/listarSolicitudProceso.xhtml HTTP/1.1" 200 156256
191.67.158.8 - - [14/Feb/2023:08:13:45 -0500] "GET /sipse/faces/javax.faces.resource/layout/layout.css?ln=primefaces&v=4.0 HTTP/1.1" 304 -
191.67.158.8 - - [14/Feb/2023:08:13:45 -0500] "GET /sipse/faces/javax.faces.resource/theme.css?ln=primefaces-sipse HTTP/1.1" 304 -
191.67.158.8 - - [14/Feb/2023:08:13:45 -0500] "GET /sipse/faces/javax.faces.resource/primefaces.css?ln=primefaces&v=4.0 HTTP/1.1" 304 -
191.67.158.8 - - [14/Feb/2023:08:13:45 -0500] "GET /sipse/faces/javax.faces.resource/jquery/jquery.js?ln=primefaces&v=4.0 HTTP/1.1" 304 -
191.67.158.8 - - [14/Feb/2023:08:13:45 -0500] "GET /sipse/faces/javax.faces.resource/jquery/jquery-plugins.js?ln=primefaces&v=4.0 HTTP/1.1" 304 -
191.67.158.8 - - [14/Feb/2023:08:13:45 -0500] "GET /sipse/faces/javax.faces.resource/primefaces.js?ln=primefaces&v=4.0 HTTP/1.1" 304 -
191.67.158.8 - - [14/Feb/2023:08:13:45 -0500] "GET /sipse/faces/javax.faces.resource/layout/layout.js?ln=primefaces&v=4.0 HTTP/1.1" 304 -
201.245.192.253 - - [14/Feb/2023:08:13:45 -0500] "POST /sipse/faces/presentacion/financiero/solicitudProceso/listarSolicitudProceso.xhtml HTTP/1.1" 200 146215
201.245.192.253 - - [14/Feb/2023:08:13:46 -0500] "GET /sipse/faces/javax.faces.resource/theme.css?ln=primefaces-sipse HTTP/1.1" 304 -
201.245.192.253 - - [14/Feb/2023:08:13:46 -0500] "GET /sipse/faces/javax.faces.resource/primefaces.css?ln=primefaces&v=4.0 HTTP/1.1" 304 -
201.245.192.253 - - [14/Feb/2023:08:13:46 -0500] "GET /sipse/faces/javax.faces.resource/layout/layout.css?ln=primefaces&v=4.0 HTTP/1.1" 304 -
201.245.192.253 - - [14/Feb/2023:08:13:46 -0500] "GET /sipse/faces/javax.faces.resource/jquery/jquery.js?ln=primefaces&v=4.0 HTTP/1.1" 304 -
201.245.192.253 - - [14/Feb/2023:08:13:46 -0500] "GET /sipse/faces/javax.faces.resource/jquery/jquery-plugins.js?ln=primefaces&v=4.0 HTTP/1.1" 304 -
201.245.192.253 - - [14/Feb/2023:08:13:46 -0500] "GET /sipse/faces/javax.faces.resource/primefaces.js?ln=primefaces&v=4.0 HTTP/1.1" 304 -
201.245.192.253 - - [14/Feb/2023:08:13:46 -0500] "GET /sipse/faces/javax.faces.resource/layout/layout.js?ln=primefaces&v=4.0 HTTP/1.1" 304 -
201.245.192.253 - - [14/Feb/2023:08:13:48 -0500] "POST /sipse/faces/presentacion/financiero/solicitudProceso/consultarSolicitudProceso.xhtml HTTP/1.1" 200 94447
201.245.192.253 - - [14/Feb/2023:08:13:51 -0500] "POST /sipse/faces/presentacion/financiero/solicitudProceso/consultarSolicitudProceso.xhtml HTTP/1.1" 200 83918
191.67.158.8 - - [14/Feb/2023:08:13:51 -0500] "POST /sipse/faces/presentacion/financiero/solicitudProceso/consultarSolicitudProceso.xhtml HTTP/1.1" 200 34159
191.67.158.8 - - [14/Feb/2023:08:13:53 -0500] "GET /sipse/faces/javax.faces.resource/layout/layout.css?ln=primefaces&v=4.0 HTTP/1.1" 304 -
191.67.158.8 - - [14/Feb/2023:08:13:53 -0500] "GET /sipse/faces/javax.faces.resource/theme.css?ln=primefaces-sipse HTTP/1.1" 304 -
191.67.158.8 - - [14/Feb/2023:08:13:53 -0500] "GET /sipse/faces/javax.faces.resource/primefaces.css?ln=primefaces&v=4.0 HTTP/1.1" 304 -
191.67.158.8 - - [14/Feb/2023:08:13:54 -0500] "GET /sipse/faces/javax.faces.resource/jquery/jquery.js?ln=primefaces&v=4.0 HTTP/1.1" 304 -
191.67.158.8 - - [14/Feb/2023:08:13:54 -0500] "GET /sipse/faces/javax.faces.resource/jquery/jquery-plugins.js?ln=primefaces&v=4.0 HTTP/1.1" 304 -
191.67.158.8 - - [14/Feb/2023:08:13:54 -0500] "GET /sipse/faces/javax.faces.resource/primefaces.js?ln=primefaces&v=4.0 HTTP/1.1" 304 -
191.67.158.8 - - [14/Feb/2023:08:13:54 -0500] "GET /sipse/faces/javax.faces.resource/layout/layout.js?ln=primefaces&v=4.0 HTTP/1.1" 304 -
191.67.158.8 - - [14/Feb/2023:08:13:54 -0500] "POST /sipse/faces/presentacion/financiero/solicitudProceso/listarSolicitudProceso.xhtml HTTP/1.1" 200 1372
181.63.8.141 - - [14/Feb/2023:08:13:54 -0500] "POST /sipse/faces/presentacion/contratacion/contratista/listarContratista.xhtml HTTP/1.1" 200 3530
201.245.192.253 - - [14/Feb/2023:08:13:54 -0500] "POST /sipse/faces/presentacion/financiero/solicitudProceso/consultarSolicitudProceso.xhtml HTTP/1.1" 200 159802
181.63.8.141 - - [14/Feb/2023:08:13:56 -0500] "POST /sipse/faces/presentacion/contratacion/contratista/listarContratista.xhtml HTTP/1.1" 200 2945
181.63.8.141 - - [14/Feb/2023:08:13:58 -0500] "POST /sipse/faces/presentacion/contratacion/contratista/listarContratista.xhtml HTTP/1.1" 200 67082
181.63.8.141 - - [14/Feb/2023:08:13:59 -0500] "GET /sipse/faces/javax.faces.resource/theme.css?ln=primefaces-sipse HTTP/1.1" 304 -
181.63.8.141 - - [14/Feb/2023:08:13:59 -0500] "GET /sipse/faces/javax.faces.resource/primefaces.css?ln=primefaces&v=4.0 HTTP/1.1" 304 -
181.63.8.141 - - [14/Feb/2023:08:13:59 -0500] "GET /sipse/faces/javax.faces.resource/layout/layout.css?ln=primefaces&v=4.0 HTTP/1.1" 304 -
181.63.8.141 - - [14/Feb/2023:08:13:59 -0500] "GET /sipse/faces/javax.faces.resource/jquery/jquery.js?ln=primefaces&v=4.0 HTTP/1.1" 304 -
181.63.8.141 - - [14/Feb/2023:08:13:59 -0500] "GET /sipse/faces/javax.faces.resource/jquery/jquery-plugins.js?ln=primefaces&v=4.0 HTTP/1.1" 304 -
181.63.8.141 - - [14/Feb/2023:08:13:59 -0500] "GET /sipse/faces/javax.faces.resource/primefaces.js?ln=primefaces&v=4.0 HTTP/1.1" 304 -
191.67.158.8 - - [14/Feb/2023:08:13:59 -0500] "POST /sipse/faces/presentacion/financiero/solicitudProceso/listarSolicitudProceso.xhtml HTTP/1.1" 200 2673
181.63.8.141 - - [14/Feb/2023:08:13:59 -0500] "GET /sipse/faces/javax.faces.resource/layout/layout.js?ln=primefaces&v=4.0 HTTP/1.1" 304 -
181.63.8.141 - - [14/Feb/2023:08:13:59 -0500] "POST /sipse/faces/presentacion/financiero/solicitudProceso/listarSolicitudProceso.xhtml HTTP/1.1" 200 60407
181.63.8.141 - - [14/Feb/2023:08:14:00 -0500] "POST /sipse/faces/presentacion/financiero/solicitudProceso/listarSolicitudProceso.xhtml HTTP/1.1" 200 60407
190.27.131.48 - - [14/Feb/2023:08:14:00 -0500] "POST /sipse/faces/presentacion/financiero/solicitudProceso/listarSolicitudProceso.xhtml HTTP/1.1" 200 17292
181.63.8.141 - - [14/Feb/2023:08:14:00 -0500] "POST /sipse/faces/presentacion/financiero/solicitudProceso/listarSolicitudProceso.xhtml HTTP/1.1" 200 60407
191.67.158.8 - - [14/Feb/2023:08:14:00 -0500] "POST /sipse/faces/presentacion/financiero/solicitudProceso/listarSolicitudProceso.xhtml HTTP/1.1" 200 41379
181.63.8.141 - - [14/Feb/2023:08:14:00 -0500] "POST /sipse/faces/presentacion/financiero/solicitudProceso/listarSolicitudProceso.xhtml HTTP/1.1" 200 60407
191.67.158.8 - - [14/Feb/2023:08:14:01 -0500] "GET /sipse/faces/javax.faces.resource/layout/layout.css?ln=primefaces&v=4.0 HTTP/1.1" 304 -
191.67.158.8 - - [14/Feb/2023:08:14:01 -0500] "GET /sipse/faces/javax.faces.resource/theme.css?ln=primefaces-sipse HTTP/1.1" 304 -
191.67.158.8 - - [14/Feb/2023:08:14:01 -0500] "GET /sipse/faces/javax.faces.resource/primefaces.css?ln=primefaces&v=4.0 HTTP/1.1" 304 -
191.67.158.8 - - [14/Feb/2023:08:14:01 -0500] "GET /sipse/faces/javax.faces.resource/jquery/jquery.js?ln=primefaces&v=4.0 HTTP/1.1" 304 -
191.67.158.8 - - [14/Feb/2023:08:14:01 -0500] "GET /sipse/faces/javax.faces.resource/jquery/jquery-plugins.js?ln=primefaces&v=4.0 HTTP/1.1" 304 -
191.67.158.8 - - [14/Feb/2023:08:14:01 -0500] "GET /sipse/faces/javax.faces.resource/primefaces.js?ln=primefaces&v=4.0 HTTP/1.1" 304 -
181.63.8.141 - - [14/Feb/2023:08:14:01 -0500] "POST /sipse/faces/presentacion/financiero/solicitudProceso/listarSolicitudProceso.xhtml HTTP/1.1" 200 60407
191.67.158.8 - - [14/Feb/2023:08:14:01 -0500] "GET /sipse/faces/javax.faces.resource/layout/layout.js?ln=primefaces&v=4.0 HTTP/1.1" 304 -
191.67.158.8 - - [14/Feb/2023:08:14:01 -0500] "POST /sipse/faces/presentacion/financiero/solicitudProceso/consultar.xhtml HTTP/1.1" 200 34746
181.63.8.141 - - [14/Feb/2023:08:14:01 -0500] "POST /sipse/faces/presentacion/financiero/solicitudProceso/listarSolicitudProceso.xhtml HTTP/1.1" 200 60407
191.67.158.8 - - [14/Feb/2023:08:14:02 -0500] "POST /sipse/faces/presentacion/financiero/solicitudProceso/consultar.xhtml HTTP/1.1" 200 34746
181.63.8.141 - - [14/Feb/2023:08:14:02 -0500] "POST /sipse/faces/presentacion/financiero/solicitudProceso/listarSolicitudProceso.xhtml HTTP/1.1" 200 60407
191.67.158.8 - - [14/Feb/2023:08:14:02 -0500] "POST /sipse/faces/presentacion/financiero/solicitudProceso/consultar.xhtml HTTP/1.1" 200 34746
181.63.8.141 - - [14/Feb/2023:08:14:02 -0500] "POST /sipse/faces/presentacion/financiero/solicitudProceso/listarSolicitudProceso.xhtml HTTP/1.1" 200 1556
191.67.158.8 - - [14/Feb/2023:08:14:02 -0500] "POST /sipse/faces/presentacion/financiero/solicitudProceso/consultar.xhtml HTTP/1.1" 200 34746
191.67.158.8 - - [14/Feb/2023:08:14:03 -0500] "POST /sipse/faces/presentacion/financiero/solicitudProceso/consultar.xhtml HTTP/1.1" 200 34746
181.63.8.141 - - [14/Feb/2023:08:14:03 -0500] "POST /sipse/faces/presentacion/financiero/solicitudProceso/listarSolicitudProceso.xhtml HTTP/1.1" 200 1552
191.67.158.8 - - [14/Feb/2023:08:14:03 -0500] "POST /sipse/faces/presentacion/financiero/solicitudProceso/consultar.xhtml HTTP/1.1" 200 34746
181.63.8.141 - - [14/Feb/2023:08:14:03 -0500] "POST /sipse/faces/presentacion/financiero/solicitudProceso/listarSolicitudProceso.xhtml HTTP/1.1" 200 1564
191.67.158.8 - - [14/Feb/2023:08:14:03 -0500] "POST /sipse/faces/presentacion/financiero/solicitudProceso/consultar.xhtml HTTP/1.1" 200 34746
191.67.158.8 - - [14/Feb/2023:08:14:04 -0500] "POST /sipse/faces/presentacion/financiero/solicitudProceso/consultar.xhtml HTTP/1.1" 200 34746
181.63.8.141 - - [14/Feb/2023:08:14:04 -0500] "POST /sipse/faces/presentacion/financiero/solicitudProceso/listarSolicitudProceso.xhtml HTTP/1.1" 200 1552
191.67.158.8 - - [14/Feb/2023:08:14:04 -0500] "POST /sipse/faces/presentacion/financiero/solicitudProceso/consultar.xhtml HTTP/1.1" 200 34746
181.63.8.141 - - [14/Feb/2023:08:14:04 -0500] "POST /sipse/faces/presentacion/financiero/solicitudProceso/listarSolicitudProceso.xhtml HTTP/1.1" 200 1560
181.63.8.141 - - [14/Feb/2023:08:14:05 -0500] "POST /sipse/faces/presentacion/financiero/solicitudProceso/listarSolicitudProceso.xhtml HTTP/1.1" 200 1552
181.63.8.141 - - [14/Feb/2023:08:14:05 -0500] "POST /sipse/faces/presentacion/financiero/solicitudProceso/listarSolicitudProceso.xhtml HTTP/1.1" 200 1560
190.27.131.48 - - [14/Feb/2023:08:14:05 -0500] "POST /sipse/faces/presentacion/financiero/solicitudProceso/listarSolicitudProceso.xhtml HTTP/1.1" 200 135293
181.63.8.141 - - [14/Feb/2023:08:14:06 -0500] "POST /sipse/faces/presentacion/financiero/solicitudProceso/listarSolicitudProceso.xhtml HTTP/1.1" 200 1552
190.27.131.48 - - [14/Feb/2023:08:14:07 -0500] "GET /sipse/faces/javax.faces.resource/jquery/jquery.js?ln=primefaces&v=4.0 HTTP/1.1" 304 -
190.27.131.48 - - [14/Feb/2023:08:14:07 -0500] "GET /sipse/faces/javax.faces.resource/jquery/jquery-plugins.js?ln=primefaces&v=4.0 HTTP/1.1" 304 -
190.27.131.48 - - [14/Feb/2023:08:14:07 -0500] "GET /sipse/faces/javax.faces.resource/primefaces.js?ln=primefaces&v=4.0 HTTP/1.1" 304 -
190.27.131.48 - - [14/Feb/2023:08:14:07 -0500] "GET /sipse/faces/javax.faces.resource/layout/layout.js?ln=primefaces&v=4.0 HTTP/1.1" 304 -
191.67.158.8 - - [14/Feb/2023:08:14:09 -0500] "POST /sipse/faces/presentacion/financiero/solicitudProceso/consultar.xhtml HTTP/1.1" 200 12780
186.102.43.58 - - [14/Feb/2023:08:14:11 -0500] "GET /kwssiamovil/sm/ldap/au?x=U2FsdGVkX19teLwedNLrAIOBe3mniuqkbCRN3VRizLOVBqwUXSl3d2lA1HGnIyfv&y=U2FsdGVkX18gF65jLsMnvv/DrSTu66SrdwO1BE3+fH9dku89j0NueBYfN/c/XApq HTTP/1.1" 200 30
186.102.43.58 - - [14/Feb/2023:08:14:11 -0500] "GET /kwssiamovil/sm/acme/s?s=U2FsdGVkX1/vJkDESY9R7rY3qyTuqwaQljuGCOOUpl74f1ZQE5SEWumE9CgbclEypo2CJ7YvcQro26Nj7buCgOk5gwu4sfeoGlSKiuHzUC4=&u=U2FsdGVkX18w6AclCwfHdsHbd8qHUnsb3VPo/VBUArlkmkaGaR/w1DR5l56wHld0&y=U2FsdGVkX18gF65jLsMnvv/DrSTu66SrdwO1BE3+fH9dku89j0NueBYfN/c/XApq HTTP/1.1" 200 97
186.102.43.58 - - [14/Feb/2023:08:14:11 -0500] "GET /kwssiamovil/sm/acme/s?s=U2FsdGVkX19f4ndvNzWP6Iihrwqe4k8U1K/sq+w76rrNK7RIMSO8qJxXXgAjj9mttQNi9MMI7TmedJSnp2dElmGSrZuaPS6+PfXAX2ZyME8rvtnwiTjYX0X3IzMRio4eTDcN5DpMi4wzvFP3ZlEcRWRju21v6KRnzHhZBpTxz0EELPR4mCxrfsqTNvtIyE4+4eUrUqWn9MQgyWFwJMHSEgn4zjCYhSlAWiBI8yQdQECWnYyaMiPvxTGyyB3Z89G0/kQ+ssN+kOOL8Ry9HhKx2cTuL53VmrjjcTbebuRo2p6q8U8wPGroeNFXzEdbbngu0xup+U192jVfYnYctuLw/xkAKfxm+JsBDz7bzTm+F91UxC7DK9bf5BtVeVIJspOTJAruUR0mJztsPDtcFy2ODr0uQMXWARbHs42zMv0sCTXp4B7Csk8g/7rbKElXF3aPx+UOpa285u8+VMYL8L+LYKPJ/Mnjs+v7M7/r5+DHrLSXf0DET593lxJTVCl//toXWN8LW3smZuBaCf8U+LNHLv3Yq2birmyBEe6J5p+jHAM1Ewj/DUJL069RoS8bHXC7IBzPX77zuHVESP0IsWpY/t64c2i9rBfGOlp3q25+4CZ4gHA4Si/IgPVMJLoHJtSKC3szF/Yud0RvC+1FintdqSq9cKevMo31YnITwsiAu2tI8ZvC2bw8swSIk2PVufOJG7taVeqhYA5YxZiMAcPvJEvWOygF+V7LV0Qkrgf6Q/Xy6v//Hx8xPYFEqp6/cpvogGZH/0G2X3C/eYxeiBU689A8Lb940GK5vUQg/7cbzNje73hCShTmam7qqMO7/5RZMKfMUwntsBoA5u3a6YZ/apEzohMr76dnK+P0x43cUy/YT65j93jyzQEj5dTkgjVlyH8++t3uhs53cWGg7pHfoyt5Pks4L22cTO+lXM1H7hmurX4XTl2WNbypMIEhYQYyLUTa/rFgSzmGn/0xGf2eAmeKQ0oK0r+h++e5mbXsMMC8pg9YNOTIRqBVXnRRQoel0i4ChGL5HQ57xW9taN1PUNGyyXraU2FxIMSbni7n0y9Jkna3FFZ7ih5H3vCVD86Rfx/XO8B9NDbnGCifN6IZ0ZofPKg0qIN5Rc2FkDpwNyauN79AesdToYwlmTyje4gEbZMEnXz2d48c9OpEemVjM5TEt09/PpX5/ecTUhHLkb5mbNPs8ZVoprckPz5KEzlR4287M1kQVLs/2HPebEr2X+qdVjJfyewe7W/jvBWFSSWlNXb1s0URP42hB8OaUE/teZY5+dMcrZLH0hIf/utqEpbw2KuLOTkyjl2W1G42F++hi4AxPCofdkdBUlR3VZ7CVRJYAEPJ0Q1Lu7mtdOXDcKd6OkH8xq/dgAQ2Gp3fwmZBuHAaJaprQMhJPbd4FEiXl6J+v75RAituLiDKPMsQWvg0QE9B6sDSd/coZsqa04Q=&u=U2FsdGVkX18w6AclCwfHdsHbd8qHUnsb3VPo/VBUArlkmkaGaR/w1DR5l56wHld0&y=U2FsdGVkX18gF65jLsMnvv/DrSTu66SrdwO1BE3+fH9dku89j0NueBYfN/c/XApq HTTP/1.1" 200 2815
186.102.43.58 - - [14/Feb/2023:08:14:11 -0500] "GET /kwssiamovil/sm/acme/s?s=U2FsdGVkX199SHk80BbC4Nieu+vB3PqYjEUwL33ymFhDlWSRT3aaF47mLW5RK4I4RQBk8WUpz1OhDPErdT4phuHg16J3U2CcjqlipCW4WNFkv4geQ/kSMk7WT7lpG69Nsid4Zl6+e2JV/g1wLlxpdEYksoKivaGc5aYCHwATxGulA+Jfd+KqT7RHXcHMP0LEtNvDNImCS+5PvZPjCpICU+PCXdK+jSOQPqfcXntJRHyAoZb7n5cZnOlxYfEQNACsGUGf++wNp22uKAqvlBFK3KjvcHPbHLk4bTNO7EKbu53CO1+ODpMkNWGiWhXCDjrB06OoLnEpOWn1uqmoRQf55xZvDsRLNMocwP6Fqoc/MA0=&u=U2FsdGVkX18w6AclCwfHdsHbd8qHUnsb3VPo/VBUArlkmkaGaR/w1DR5l56wHld0&y=U2FsdGVkX18gF65jLsMnvv/DrSTu66SrdwO1BE3+fH9dku89j0NueBYfN/c/XApq HTTP/1.1" 200 196
186.102.43.58 - - [14/Feb/2023:08:14:11 -0500] "GET /kwssiamovil/sm/cjson/pre?f=1&x=U2FsdGVkX19teLwedNLrAIOBe3mniuqkbCRN3VRizLOVBqwUXSl3d2lA1HGnIyfv HTTP/1.1" 200 31032
201.245.192.253 - - [14/Feb/2023:08:14:10 -0500] "POST /sipse/faces/presentacion/financiero/solicitudProceso/consultarSolicitudProceso.xhtml HTTP/1.1" 200 56880
201.245.192.253 - - [14/Feb/2023:08:14:12 -0500] "GET /sipse/faces/javax.faces.resource/theme.css?ln=primefaces-sipse HTTP/1.1" 304 -
201.245.192.253 - - [14/Feb/2023:08:14:12 -0500] "GET /sipse/faces/javax.faces.resource/layout/layout.css?ln=primefaces&v=4.0 HTTP/1.1" 304 -
201.245.192.253 - - [14/Feb/2023:08:14:12 -0500] "GET /sipse/faces/javax.faces.resource/primefaces.css?ln=primefaces&v=4.0 HTTP/1.1" 304 -
201.245.192.253 - - [14/Feb/2023:08:14:13 -0500] "GET /sipse/faces/javax.faces.resource/jquery/jquery.js?ln=primefaces&v=4.0 HTTP/1.1" 304 -
201.245.192.253 - - [14/Feb/2023:08:14:13 -0500] "GET /sipse/faces/javax.faces.resource/jquery/jquery-plugins.js?ln=primefaces&v=4.0 HTTP/1.1" 304 -
201.245.192.253 - - [14/Feb/2023:08:14:13 -0500] "GET /sipse/faces/javax.faces.resource/primefaces.js?ln=primefaces&v=4.0 HTTP/1.1" 304 -
201.245.192.253 - - [14/Feb/2023:08:14:13 -0500] "GET /sipse/faces/javax.faces.resource/layout/layout.js?ln=primefaces&v=4.0 HTTP/1.1" 304 -
201.245.192.253 - - [14/Feb/2023:08:14:13 -0500] "POST /sipse/faces/presentacion/financiero/solicitudProceso/listarSolicitudProceso.xhtml HTTP/1.1" 200 1536
181.63.8.141 - - [14/Feb/2023:08:14:15 -0500] "POST /sipse/faces/presentacion/financiero/solicitudProceso/listarSolicitudProceso.xhtml HTTP/1.1" 200 32176
190.27.131.48 - - [14/Feb/2023:08:14:19 -0500] "POST /sipse/faces/presentacion/financiero/solicitudProceso/consultarSolicitudProceso.xhtml HTTP/1.1" 200 53795
190.27.131.48 - - [14/Feb/2023:08:14:19 -0500] "GET /sipse/faces/javax.faces.resource/jquery/jquery.js?ln=primefaces&v=4.0 HTTP/1.1" 304 -
190.27.131.48 - - [14/Feb/2023:08:14:19 -0500] "GET /sipse/faces/javax.faces.resource/jquery/jquery-plugins.js?ln=primefaces&v=4.0 HTTP/1.1" 304 -
190.27.131.48 - - [14/Feb/2023:08:14:19 -0500] "GET /sipse/faces/javax.faces.resource/primefaces.js?ln=primefaces&v=4.0 HTTP/1.1" 304 -
190.27.131.48 - - [14/Feb/2023:08:14:19 -0500] "GET /sipse/faces/javax.faces.resource/layout/layout.js?ln=primefaces&v=4.0 HTTP/1.1" 304 -
181.63.8.141 - - [14/Feb/2023:08:14:21 -0500] "POST /sipse/faces/presentacion/financiero/solicitudProceso/listarSolicitudProceso.xhtml HTTP/1.1" 200 32415
201.245.192.253 - - [14/Feb/2023:08:14:22 -0500] "POST /sipse/faces/presentacion/financiero/solicitudProceso/listarSolicitudProceso.xhtml HTTP/1.1" 200 155822
201.245.192.253 - - [14/Feb/2023:08:14:23 -0500] "GET /sipse/faces/javax.faces.resource/layout/layout.css?ln=primefaces&v=4.0 HTTP/1.1" 304 -
201.245.192.253 - - [14/Feb/2023:08:14:23 -0500] "GET /sipse/faces/javax.faces.resource/theme.css?ln=primefaces-sipse HTTP/1.1" 304 -
201.245.192.253 - - [14/Feb/2023:08:14:23 -0500] "GET /sipse/faces/javax.faces.resource/primefaces.css?ln=primefaces&v=4.0 HTTP/1.1" 304 -
201.245.192.253 - - [14/Feb/2023:08:14:23 -0500] "GET /sipse/faces/javax.faces.resource/jquery/jquery.js?ln=primefaces&v=4.0 HTTP/1.1" 304 -
201.245.192.253 - - [14/Feb/2023:08:14:23 -0500] "GET /sipse/faces/javax.faces.resource/jquery/jquery-plugins.js?ln=primefaces&v=4.0 HTTP/1.1" 304 -
201.245.192.253 - - [14/Feb/2023:08:14:23 -0500] "GET /sipse/faces/javax.faces.resource/primefaces.js?ln=primefaces&v=4.0 HTTP/1.1" 304 -
201.245.192.253 - - [14/Feb/2023:08:14:23 -0500] "GET /sipse/faces/javax.faces.resource/layout/layout.js?ln=primefaces&v=4.0 HTTP/1.1" 304 -
190.27.131.48 - - [14/Feb/2023:08:14:24 -0500] "POST /sipse/faces/presentacion/financiero/estudioPrevio/personalSolicitado/expedirExperienciaIdoneidad.xhtml HTTP/1.1" 200 5697
190.27.131.48 - - [14/Feb/2023:08:14:25 -0500] "GET /sipse/faces/javax.faces.resource/theme.css?ln=primefaces-sipse HTTP/1.1" 304 -
190.27.131.48 - - [14/Feb/2023:08:14:25 -0500] "GET /sipse/faces/javax.faces.resource/layout/layout.css?ln=primefaces&v=4.0 HTTP/1.1" 304 -
190.27.131.48 - - [14/Feb/2023:08:14:25 -0500] "GET /sipse/faces/javax.faces.resource/jquery/jquery-plugins.js?ln=primefaces&v=4.0 HTTP/1.1" 304 -
190.27.131.48 - - [14/Feb/2023:08:14:25 -0500] "GET /sipse/faces/javax.faces.resource/primefaces.css?ln=primefaces&v=4.0 HTTP/1.1" 304 -
190.27.131.48 - - [14/Feb/2023:08:14:25 -0500] "GET /sipse/faces/javax.faces.resource/jquery/jquery.js?ln=primefaces&v=4.0 HTTP/1.1" 304 -
190.27.131.48 - - [14/Feb/2023:08:14:24 -0500] "POST /sipse/faces/presentacion/financiero/estudioPrevio/personalSolicitado/expedirExperienciaIdoneidad.xhtml HTTP/1.1" 200 56475
190.27.131.48 - - [14/Feb/2023:08:14:25 -0500] "GET /sipse/faces/javax.faces.resource/primefaces.js?ln=primefaces&v=4.0 HTTP/1.1" 304 -
190.27.131.48 - - [14/Feb/2023:08:14:25 -0500] "GET /sipse/faces/javax.faces.resource/layout/layout.js?ln=primefaces&v=4.0 HTTP/1.1" 304 -
190.27.131.48 - - [14/Feb/2023:08:14:25 -0500] "GET /sipse/faces/javax.faces.resource/images/ui-icons_898989_256x240.png?ln=primefaces-aristo HTTP/1.1" 304 -
181.63.8.141 - - [14/Feb/2023:08:14:28 -0500] "POST /sipse/faces/presentacion/financiero/solicitudProceso/listarSolicitudProceso.xhtml HTTP/1.1" 200 32426
190.27.131.48 - - [14/Feb/2023:08:14:29 -0500] "GET /sipse/faces/javax.faces.resource/images/ui-bg_flat_0_2d5972_40x100.png?ln=primefaces-aristo HTTP/1.1" 304 -
190.27.131.48 - - [14/Feb/2023:08:14:29 -0500] "POST /sipse/faces/presentacion/financiero/estudioPrevio/personalSolicitado/expedirExperienciaIdoneidad.xhtml HTTP/1.1" 200 13384
190.27.131.48 - - [14/Feb/2023:08:14:30 -0500] "POST /sipse/faces/presentacion/financiero/estudioPrevio/personalSolicitado/expedirExperienciaIdoneidad.xhtml HTTP/1.1" 200 10963
190.27.131.48 - - [14/Feb/2023:08:14:31 -0500] "POST /sipse/faces/presentacion/financiero/estudioPrevio/personalSolicitado/expedirExperienciaIdoneidad.xhtml HTTP/1.1" 200 8542
190.27.131.48 - - [14/Feb/2023:08:14:31 -0500] "POST /sipse/faces/presentacion/financiero/estudioPrevio/personalSolicitado/expedirExperienciaIdoneidad.xhtml HTTP/1.1" 200 6187
190.27.131.48 - - [14/Feb/2023:08:14:32 -0500] "POST /sipse/faces/presentacion/financiero/estudioPrevio/personalSolicitado/expedirExperienciaIdoneidad.xhtml HTTP/1.1" 200 3938
190.27.131.48 - - [14/Feb/2023:08:14:37 -0500] "POST /sipse/faces/presentacion/financiero/estudioPrevio/personalSolicitado/expedirExperienciaIdoneidad.xhtml HTTP/1.1" 200 2206
190.27.131.48 - - [14/Feb/2023:08:14:37 -0500] "GET /sipse/faces/javax.faces.resource/messages/messages.png?ln=primefaces&v=4.0 HTTP/1.1" 304 -
181.63.8.141 - - [14/Feb/2023:08:14:38 -0500] "POST /sipse/faces/presentacion/financiero/solicitudProceso/listarSolicitudProceso.xhtml HTTP/1.1" 200 33943
190.27.131.48 - - [14/Feb/2023:08:14:43 -0500] "POST /sipse/faces/presentacion/financiero/estudioPrevio/personalSolicitado/expedirExperienciaIdoneidad.xhtml HTTP/1.1" 200 42482
190.27.131.48 - - [14/Feb/2023:08:14:44 -0500] "GET /sipse/faces/javax.faces.resource/theme.css?ln=primefaces-sipse HTTP/1.1" 304 -
190.27.131.48 - - [14/Feb/2023:08:14:44 -0500] "GET /sipse/faces/javax.faces.resource/primefaces.css?ln=primefaces&v=4.0 HTTP/1.1" 304 -
190.27.131.48 - - [14/Feb/2023:08:14:44 -0500] "GET /sipse/faces/javax.faces.resource/jquery/jquery.js?ln=primefaces&v=4.0 HTTP/1.1" 304 -
190.27.131.48 - - [14/Feb/2023:08:14:44 -0500] "GET /sipse/faces/javax.faces.resource/layout/layout.js?ln=primefaces&v=4.0 HTTP/1.1" 304 -
190.27.131.48 - - [14/Feb/2023:08:14:44 -0500] "GET /sipse/faces/javax.faces.resource/jquery/jquery-plugins.js?ln=primefaces&v=4.0 HTTP/1.1" 304 -
190.27.131.48 - - [14/Feb/2023:08:14:44 -0500] "GET /sipse/faces/javax.faces.resource/layout/layout.css?ln=primefaces&v=4.0 HTTP/1.1" 304 -
190.27.131.48 - - [14/Feb/2023:08:14:44 -0500] "GET /sipse/faces/javax.faces.resource/primefaces.js?ln=primefaces&v=4.0 HTTP/1.1" 304 -
190.27.131.48 - - [14/Feb/2023:08:14:44 -0500] "GET /sipse/faces/javax.faces.resource/images/ui-icons_898989_256x240.png?ln=primefaces-aristo HTTP/1.1" 304 -
190.27.131.48 - - [14/Feb/2023:08:14:46 -0500] "GET /sipse/faces/javax.faces.resource/layout/layout.css?ln=primefaces&v=4.0 HTTP/1.1" 304 -
190.27.131.48 - - [14/Feb/2023:08:14:46 -0500] "GET /sipse/faces/javax.faces.resource/primefaces.css?ln=primefaces&v=4.0 HTTP/1.1" 304 -
190.27.131.48 - - [14/Feb/2023:08:14:46 -0500] "GET /sipse/faces/javax.faces.resource/theme.css?ln=primefaces-sipse HTTP/1.1" 304 -
190.27.131.48 - - [14/Feb/2023:08:14:46 -0500] "GET /sipse/faces/javax.faces.resource/jquery/jquery.js?ln=primefaces&v=4.0 HTTP/1.1" 304 -
190.27.131.48 - - [14/Feb/2023:08:14:46 -0500] "GET /sipse/faces/javax.faces.resource/jquery/jquery-plugins.js?ln=primefaces&v=4.0 HTTP/1.1" 304 -
190.27.131.48 - - [14/Feb/2023:08:14:46 -0500] "POST /sipse/faces/presentacion/contratacion/contrato/adicionarSupervisor.xhtml HTTP/1.1" 200 43320
190.27.131.48 - - [14/Feb/2023:08:14:46 -0500] "GET /sipse/faces/javax.faces.resource/primefaces.js?ln=primefaces&v=4.0 HTTP/1.1" 304 -
190.27.131.48 - - [14/Feb/2023:08:14:46 -0500] "GET /sipse/faces/javax.faces.resource/layout/layout.js?ln=primefaces&v=4.0 HTTP/1.1" 304 -
190.27.131.48 - - [14/Feb/2023:08:14:46 -0500] "GET /sipse/faces/javax.faces.resource/messages/messages.png?ln=primefaces&v=4.0 HTTP/1.1" 304 -
190.27.131.48 - - [14/Feb/2023:08:14:46 -0500] "GET /sipse/faces/javax.faces.resource/images/ui-icons_898989_256x240.png?ln=primefaces-aristo HTTP/1.1" 304 -
190.27.131.48 - - [14/Feb/2023:08:14:48 -0500] "GET /sipse/faces/javax.faces.resource/images/ui-bg_flat_0_2d5972_40x100.png?ln=primefaces-aristo HTTP/1.1" 304 -
190.27.131.48 - - [14/Feb/2023:08:14:48 -0500] "POST /sipse/faces/presentacion/contratacion/contrato/adicionarSupervisor.xhtml HTTP/1.1" 200 41074
190.27.131.48 - - [14/Feb/2023:08:14:49 -0500] "GET /sipse/faces/javax.faces.resource/jquery/jquery.js?ln=primefaces&v=4.0 HTTP/1.1" 304 -
190.27.131.48 - - [14/Feb/2023:08:14:49 -0500] "GET /sipse/faces/javax.faces.resource/jquery/jquery-plugins.js?ln=primefaces&v=4.0 HTTP/1.1" 304 -
190.27.131.48 - - [14/Feb/2023:08:14:49 -0500] "GET /sipse/faces/javax.faces.resource/primefaces.js?ln=primefaces&v=4.0 HTTP/1.1" 304 -
190.27.131.48 - - [14/Feb/2023:08:14:49 -0500] "GET /sipse/faces/javax.faces.resource/layout/layout.js?ln=primefaces&v=4.0 HTTP/1.1" 304 -
190.27.131.48 - - [14/Feb/2023:08:14:51 -0500] "GET /sipse/faces/javax.faces.resource/primefaces.css?ln=primefaces&v=4.0 HTTP/1.1" 304 -
190.27.131.48 - - [14/Feb/2023:08:14:51 -0500] "GET /sipse/faces/javax.faces.resource/theme.css?ln=primefaces-sipse HTTP/1.1" 304 -
190.27.131.48 - - [14/Feb/2023:08:14:51 -0500] "GET /sipse/faces/javax.faces.resource/jquery/jquery.js?ln=primefaces&v=4.0 HTTP/1.1" 304 -
190.27.131.48 - - [14/Feb/2023:08:14:51 -0500] "GET /sipse/faces/javax.faces.resource/jquery/jquery-plugins.js?ln=primefaces&v=4.0 HTTP/1.1" 304 -
190.27.131.48 - - [14/Feb/2023:08:14:51 -0500] "GET /sipse/faces/javax.faces.resource/layout/layout.css?ln=primefaces&v=4.0 HTTP/1.1" 304 -
190.27.131.48 - - [14/Feb/2023:08:14:51 -0500] "GET /sipse/faces/javax.faces.resource/primefaces.js?ln=primefaces&v=4.0 HTTP/1.1" 304 -
190.27.131.48 - - [14/Feb/2023:08:14:51 -0500] "GET /sipse/faces/javax.faces.resource/layout/layout.js?ln=primefaces&v=4.0 HTTP/1.1" 304 -
190.27.131.48 - - [14/Feb/2023:08:14:50 -0500] "POST /sipse/faces/presentacion/financiero/estudioPrevio/personalSolicitado/expedirExperienciaIdoneidad.xhtml HTTP/1.1" 200 182143
190.27.131.48 - - [14/Feb/2023:08:14:51 -0500] "GET /sipse/faces/javax.faces.resource/images/ui-icons_898989_256x240.png?ln=primefaces-aristo HTTP/1.1" 304 -
181.63.8.141 - - [14/Feb/2023:08:14:59 -0500] "POST /sipse/faces/presentacion/financiero/solicitudProceso/listarSolicitudProceso.xhtml HTTP/1.1" 200 34348
181.63.8.141 - - [14/Feb/2023:08:15:03 -0500] "POST /sipse/faces/presentacion/financiero/solicitudProceso/listarSolicitudProceso.xhtml HTTP/1.1" 200 28345
172.22.2.4 - - [14/Feb/2023:08:15:04 -0500] "GET /BLA/boletinlegal/favicon.ico HTTP/1.1" 404 1326
201.245.192.253 - - [14/Feb/2023:08:15:06 -0500] "POST /kwsrmcab/Wsrmcab  HTTP/1.1" 200 213
181.63.8.141 - - [14/Feb/2023:08:15:07 -0500] "POST /sipse/faces/presentacion/financiero/solicitudProceso/listarSolicitudProceso.xhtml HTTP/1.1" 200 141028
181.63.8.141 - - [14/Feb/2023:08:15:08 -0500] "GET /sipse/faces/javax.faces.resource/theme.css?ln=primefaces-sipse HTTP/1.1" 304 -
181.63.8.141 - - [14/Feb/2023:08:15:08 -0500] "GET /sipse/faces/javax.faces.resource/primefaces.css?ln=primefaces&v=4.0 HTTP/1.1" 304 -
181.63.8.141 - - [14/Feb/2023:08:15:08 -0500] "GET /sipse/faces/javax.faces.resource/layout/layout.css?ln=primefaces&v=4.0 HTTP/1.1" 304 -
181.63.8.141 - - [14/Feb/2023:08:15:08 -0500] "GET /sipse/faces/javax.faces.resource/jquery/jquery.js?ln=primefaces&v=4.0 HTTP/1.1" 304 -
181.63.8.141 - - [14/Feb/2023:08:15:08 -0500] "GET /sipse/faces/javax.faces.resource/jquery/jquery-plugins.js?ln=primefaces&v=4.0 HTTP/1.1" 304 -
181.63.8.141 - - [14/Feb/2023:08:15:08 -0500] "GET /sipse/faces/javax.faces.resource/primefaces.js?ln=primefaces&v=4.0 HTTP/1.1" 304 -
181.63.8.141 - - [14/Feb/2023:08:15:08 -0500] "GET /sipse/faces/javax.faces.resource/layout/layout.js?ln=primefaces&v=4.0 HTTP/1.1" 304 -
181.63.8.141 - - [14/Feb/2023:08:15:15 -0500] "POST /sipse/faces/presentacion/financiero/solicitudProceso/consultarSolicitudProceso.xhtml HTTP/1.1" 200 40353
181.63.8.141 - - [14/Feb/2023:08:15:15 -0500] "GET /sipse/faces/javax.faces.resource/theme.css?ln=primefaces-sipse HTTP/1.1" 304 -
181.63.8.141 - - [14/Feb/2023:08:15:15 -0500] "GET /sipse/faces/javax.faces.resource/primefaces.css?ln=primefaces&v=4.0 HTTP/1.1" 304 -
181.63.8.141 - - [14/Feb/2023:08:15:15 -0500] "GET /sipse/faces/javax.faces.resource/layout/layout.css?ln=primefaces&v=4.0 HTTP/1.1" 304 -
181.63.8.141 - - [14/Feb/2023:08:15:15 -0500] "GET /sipse/faces/javax.faces.resource/jquery/jquery.js?ln=primefaces&v=4.0 HTTP/1.1" 304 -
181.63.8.141 - - [14/Feb/2023:08:15:15 -0500] "GET /sipse/faces/javax.faces.resource/jquery/jquery-plugins.js?ln=primefaces&v=4.0 HTTP/1.1" 304 -
181.63.8.141 - - [14/Feb/2023:08:15:15 -0500] "GET /sipse/faces/javax.faces.resource/layout/layout.js?ln=primefaces&v=4.0 HTTP/1.1" 304 -
181.63.8.141 - - [14/Feb/2023:08:15:15 -0500] "GET /sipse/faces/javax.faces.resource/primefaces.js?ln=primefaces&v=4.0 HTTP/1.1" 304 -
181.63.8.141 - - [14/Feb/2023:08:15:21 -0500] "GET /sipse/faces/javax.faces.resource/images/ui-icons_898989_256x240.png?ln=primefaces-aristo HTTP/1.1" 304 -
181.63.8.141 - - [14/Feb/2023:08:15:23 -0500] "GET /sipse/faces/javax.faces.resource/theme.css?ln=primefaces-sipse HTTP/1.1" 304 -
181.63.8.141 - - [14/Feb/2023:08:15:23 -0500] "GET /sipse/faces/javax.faces.resource/primefaces.css?ln=primefaces&v=4.0 HTTP/1.1" 304 -
181.63.8.141 - - [14/Feb/2023:08:15:23 -0500] "GET /sipse/faces/javax.faces.resource/jquery/jquery-plugins.js?ln=primefaces&v=4.0 HTTP/1.1" 304 -
181.63.8.141 - - [14/Feb/2023:08:15:23 -0500] "GET /sipse/faces/javax.faces.resource/jquery/jquery.js?ln=primefaces&v=4.0 HTTP/1.1" 304 -
181.63.8.141 - - [14/Feb/2023:08:15:23 -0500] "GET /sipse/faces/javax.faces.resource/layout/layout.css?ln=primefaces&v=4.0 HTTP/1.1" 304 -
181.63.8.141 - - [14/Feb/2023:08:15:23 -0500] "GET /sipse/faces/javax.faces.resource/layout/layout.js?ln=primefaces&v=4.0 HTTP/1.1" 304 -
181.63.8.141 - - [14/Feb/2023:08:15:23 -0500] "GET /sipse/faces/javax.faces.resource/primefaces.js?ln=primefaces&v=4.0 HTTP/1.1" 304 -
181.63.8.141 - - [14/Feb/2023:08:15:22 -0500] "POST /sipse/faces/presentacion/financiero/solicitudProceso/consultarHistorialSolProceso.xhtml HTTP/1.1" 200 186870
191.108.12.135 - - [14/Feb/2023:08:15:24 -0500] "GET /sipse/faces/faces/index.xhtml HTTP/1.1" 200 677
191.108.12.135 - - [14/Feb/2023:08:15:25 -0500] "GET /sipse/faces/javax.faces.resource/theme.css?ln=primefaces-sipse HTTP/1.1" 304 -
40.77.190.37 - - [14/Feb/2023:08:15:24 -0500] "GET /portaldeninos/wp-content/themes/betheme/fonts/mfn-icons.woff?93978679 HTTP/1.1" 200 80932
191.108.12.135 - - [14/Feb/2023:08:15:25 -0500] "GET /sipse/faces/faces/faces/autenticacion.xhtml HTTP/1.1" 200 12180
191.108.12.135 - - [14/Feb/2023:08:15:25 -0500] "GET /sipse/css/custom_css_sg_prime_login.css HTTP/1.1" 304 -
191.108.12.135 - - [14/Feb/2023:08:15:25 -0500] "GET /sipse/faces/javax.faces.resource/theme.css?ln=primefaces-sipse HTTP/1.1" 304 -
191.108.12.135 - - [14/Feb/2023:08:15:25 -0500] "GET /sipse/faces/javax.faces.resource/primefaces.css?ln=primefaces&v=4.0 HTTP/1.1" 304 -
191.108.12.135 - - [14/Feb/2023:08:15:25 -0500] "GET /sipse/faces/javax.faces.resource/jquery/jquery-plugins.js?ln=primefaces&v=4.0 HTTP/1.1" 304 -
191.108.12.135 - - [14/Feb/2023:08:15:25 -0500] "GET /sipse/faces/javax.faces.resource/jquery/jquery.js?ln=primefaces&v=4.0 HTTP/1.1" 304 -
191.108.12.135 - - [14/Feb/2023:08:15:25 -0500] "GET /sipse/faces/javax.faces.resource/layout/layout.css?ln=primefaces&v=4.0 HTTP/1.1" 304 -
191.108.12.135 - - [14/Feb/2023:08:15:25 -0500] "GET /sipse/faces/javax.faces.resource/primefaces.js?ln=primefaces&v=4.0 HTTP/1.1" 304 -
191.108.12.135 - - [14/Feb/2023:08:15:25 -0500] "GET /sipse/faces/javax.faces.resource/layout/layout.js?ln=primefaces&v=4.0 HTTP/1.1" 304 -
191.108.12.135 - - [14/Feb/2023:08:15:25 -0500] "GET /sipse/css/imagen/loginimg.png HTTP/1.1" 304 -
191.108.12.135 - - [14/Feb/2023:08:15:25 -0500] "GET /sipse/faces/javax.faces.resource/images/ui-icons_898989_256x240.png?ln=primefaces-aristo HTTP/1.1" 304 -
181.63.8.141 - - [14/Feb/2023:08:15:33 -0500] "GET /sipse/faces/javax.faces.resource/images/ui-bg_flat_0_2d5972_40x100.png?ln=primefaces-aristo HTTP/1.1" 304 -
181.63.8.141 - - [14/Feb/2023:08:15:33 -0500] "POST /sipse/faces/presentacion/financiero/solicitudProceso/consultarSolicitudProceso.xhtml HTTP/1.1" 200 65675
181.63.8.141 - - [14/Feb/2023:08:15:33 -0500] "GET /sipse/faces/javax.faces.resource/theme.css?ln=primefaces-sipse HTTP/1.1" 304 -
181.63.8.141 - - [14/Feb/2023:08:15:33 -0500] "GET /sipse/faces/javax.faces.resource/primefaces.css?ln=primefaces&v=4.0 HTTP/1.1" 304 -
181.63.8.141 - - [14/Feb/2023:08:15:33 -0500] "GET /sipse/faces/javax.faces.resource/layout/layout.css?ln=primefaces&v=4.0 HTTP/1.1" 304 -
181.63.8.141 - - [14/Feb/2023:08:15:33 -0500] "GET /sipse/faces/javax.faces.resource/jquery/jquery.js?ln=primefaces&v=4.0 HTTP/1.1" 304 -
181.63.8.141 - - [14/Feb/2023:08:15:33 -0500] "GET /sipse/faces/javax.faces.resource/jquery/jquery-plugins.js?ln=primefaces&v=4.0 HTTP/1.1" 304 -
181.63.8.141 - - [14/Feb/2023:08:15:34 -0500] "GET /sipse/faces/javax.faces.resource/primefaces.js?ln=primefaces&v=4.0 HTTP/1.1" 304 -
181.63.8.141 - - [14/Feb/2023:08:15:34 -0500] "GET /sipse/faces/javax.faces.resource/layout/layout.js?ln=primefaces&v=4.0 HTTP/1.1" 304 -
181.63.8.141 - - [14/Feb/2023:08:15:34 -0500] "POST /sipse/faces/presentacion/financiero/solicitudProceso/listarSolicitudProceso.xhtml HTTP/1.1" 200 1556
186.84.20.177 - - [14/Feb/2023:08:15:38 -0500] "POST /sipse/faces/presentacion/financiero/solicitudProceso/listarSolicitudProceso.xhtml HTTP/1.1" 200 911
186.84.20.177 - - [14/Feb/2023:08:15:40 -0500] "GET /sipse/faces/faces/autenticacion HTTP/1.1" 302 -
186.84.20.177 - - [14/Feb/2023:08:15:40 -0500] "GET /sipse/faces/autenticacion.xhtml HTTP/1.1" 200 12180
186.84.20.177 - - [14/Feb/2023:08:15:40 -0500] "GET /sipse/faces/javax.faces.resource/theme.css?ln=primefaces-sipse HTTP/1.1" 304 -
186.84.20.177 - - [14/Feb/2023:08:15:40 -0500] "GET /sipse/faces/javax.faces.resource/primefaces.css?ln=primefaces&v=4.0 HTTP/1.1" 304 -
186.84.20.177 - - [14/Feb/2023:08:15:40 -0500] "GET /sipse/faces/javax.faces.resource/jquery/jquery.js?ln=primefaces&v=4.0 HTTP/1.1" 304 -
186.84.20.177 - - [14/Feb/2023:08:15:40 -0500] "GET /sipse/faces/javax.faces.resource/layout/layout.css?ln=primefaces&v=4.0 HTTP/1.1" 304 -
186.84.20.177 - - [14/Feb/2023:08:15:40 -0500] "GET /sipse/faces/javax.faces.resource/jquery/jquery-plugins.js?ln=primefaces&v=4.0 HTTP/1.1" 304 -
186.84.20.177 - - [14/Feb/2023:08:15:40 -0500] "GET /sipse/faces/javax.faces.resource/layout/layout.js?ln=primefaces&v=4.0 HTTP/1.1" 304 -
186.84.20.177 - - [14/Feb/2023:08:15:40 -0500] "GET /sipse/faces/javax.faces.resource/primefaces.js?ln=primefaces&v=4.0 HTTP/1.1" 304 -
186.84.20.177 - - [14/Feb/2023:08:15:40 -0500] "GET /sipse/faces/javax.faces.resource/images/ui-icons_898989_256x240.png?ln=primefaces-aristo HTTP/1.1" 304 -
181.50.142.205 - - [14/Feb/2023:08:15:41 -0500] "POST /sipse/faces/presentacion/financiero/solicitudProceso/consultarSolicitudProceso.xhtml HTTP/1.1" 200 37290
181.50.142.205 - - [14/Feb/2023:08:15:41 -0500] "GET /sipse/faces/javax.faces.resource/layout/layout.css?ln=primefaces&v=4.0 HTTP/1.1" 304 -
181.50.142.205 - - [14/Feb/2023:08:15:41 -0500] "GET /sipse/faces/javax.faces.resource/primefaces.css?ln=primefaces&v=4.0 HTTP/1.1" 304 -
181.50.142.205 - - [14/Feb/2023:08:15:41 -0500] "GET /sipse/faces/javax.faces.resource/jquery/jquery.js?ln=primefaces&v=4.0 HTTP/1.1" 304 -
181.50.142.205 - - [14/Feb/2023:08:15:41 -0500] "GET /sipse/faces/javax.faces.resource/theme.css?ln=primefaces-sipse HTTP/1.1" 304 -
181.50.142.205 - - [14/Feb/2023:08:15:41 -0500] "GET /sipse/faces/javax.faces.resource/jquery/jquery-plugins.js?ln=primefaces&v=4.0 HTTP/1.1" 304 -
181.50.142.205 - - [14/Feb/2023:08:15:42 -0500] "GET /sipse/faces/javax.faces.resource/primefaces.js?ln=primefaces&v=4.0 HTTP/1.1" 304 -
181.50.142.205 - - [14/Feb/2023:08:15:42 -0500] "GET /sipse/faces/javax.faces.resource/layout/layout.js?ln=primefaces&v=4.0 HTTP/1.1" 304 -
181.50.142.205 - - [14/Feb/2023:08:15:42 -0500] "GET /sipse/faces/javax.faces.resource/images/ui-icons_898989_256x240.png?ln=primefaces-aristo HTTP/1.1" 304 -
181.50.142.205 - - [14/Feb/2023:08:15:42 -0500] "POST /sipse/faces/presentacion/financiero/solicitudProceso/listarSolicitudProceso.xhtml HTTP/1.1" 200 30615
181.50.142.205 - - [14/Feb/2023:08:15:42 -0500] "GET /sipse/faces/javax.faces.resource/images/ui-bg_flat_0_2d5972_40x100.png?ln=primefaces-aristo HTTP/1.1" 304 -
186.84.20.177 - - [14/Feb/2023:08:15:42 -0500] "POST /sipse/faces/autenticacion.xhtml HTTP/1.1" 200 2224
186.84.20.177 - - [14/Feb/2023:08:15:43 -0500] "GET /sipse/faces/javax.faces.resource/messages/messages.png?ln=primefaces&v=4.0 HTTP/1.1" 304 -
181.50.142.205 - - [14/Feb/2023:08:15:42 -0500] "POST /sipse/faces/presentacion/financiero/solicitudProceso/listarSolicitudProceso.xhtml HTTP/1.1" 200 30615
186.155.72.12 - - [14/Feb/2023:08:15:44 -0500] "POST /sipse/faces/presentacion/financiero/solicitudProceso/listarSolicitudProceso.xhtml HTTP/1.1" 302 -
186.84.20.177 - - [14/Feb/2023:08:15:44 -0500] "POST /sipse/faces/autenticacion.xhtml HTTP/1.1" 200 16296
186.84.20.177 - - [14/Feb/2023:08:15:44 -0500] "GET /sipse/faces/javax.faces.resource/layout/layout.css?ln=primefaces&v=4.0 HTTP/1.1" 304 -
186.84.20.177 - - [14/Feb/2023:08:15:44 -0500] "GET /sipse/faces/javax.faces.resource/primefaces.css?ln=primefaces&v=4.0 HTTP/1.1" 304 -
186.84.20.177 - - [14/Feb/2023:08:15:44 -0500] "GET /sipse/faces/javax.faces.resource/theme.css?ln=primefaces-sipse HTTP/1.1" 304 -
186.84.20.177 - - [14/Feb/2023:08:15:44 -0500] "GET /sipse/faces/javax.faces.resource/jquery/jquery.js?ln=primefaces&v=4.0 HTTP/1.1" 304 -
186.155.72.12 - - [14/Feb/2023:08:15:44 -0500] "GET /sipse/faces/autenticacion.xhtml HTTP/1.1" 200 1099
186.84.20.177 - - [14/Feb/2023:08:15:44 -0500] "GET /sipse/faces/javax.faces.resource/jquery/jquery-plugins.js?ln=primefaces&v=4.0 HTTP/1.1" 304 -
186.84.20.177 - - [14/Feb/2023:08:15:44 -0500] "GET /sipse/faces/javax.faces.resource/primefaces.js?ln=primefaces&v=4.0 HTTP/1.1" 304 -
186.84.20.177 - - [14/Feb/2023:08:15:44 -0500] "GET /sipse/faces/javax.faces.resource/layout/layout.js?ln=primefaces&v=4.0 HTTP/1.1" 304 -
186.84.20.177 - - [14/Feb/2023:08:15:44 -0500] "GET /sipse/css/imagen/contrasena.png HTTP/1.1" 404 383
181.50.142.205 - - [14/Feb/2023:08:15:44 -0500] "POST /sipse/faces/presentacion/financiero/solicitudProceso/listarSolicitudProceso.xhtml HTTP/1.1" 200 30615
181.50.142.205 - - [14/Feb/2023:08:15:44 -0500] "POST /sipse/faces/presentacion/financiero/solicitudProceso/listarSolicitudProceso.xhtml HTTP/1.1" 200 1396
181.50.142.205 - - [14/Feb/2023:08:15:45 -0500] "POST /sipse/faces/presentacion/financiero/solicitudProceso/listarSolicitudProceso.xhtml HTTP/1.1" 200 1392
186.155.72.12 - - [14/Feb/2023:08:15:46 -0500] "POST /sipse/faces/presentacion/financiero/solicitudProceso/listarSolicitudProceso.xhtml HTTP/1.1" 302 -
186.155.72.12 - - [14/Feb/2023:08:15:46 -0500] "GET /sipse/faces/autenticacion.xhtml HTTP/1.1" 200 1099
181.50.142.205 - - [14/Feb/2023:08:15:45 -0500] "POST /sipse/faces/presentacion/financiero/solicitudProceso/listarSolicitudProceso.xhtml HTTP/1.1" 200 1400
181.50.142.205 - - [14/Feb/2023:08:15:46 -0500] "POST /sipse/faces/presentacion/financiero/solicitudProceso/listarSolicitudProceso.xhtml HTTP/1.1" 200 1392
186.84.20.177 - - [14/Feb/2023:08:15:47 -0500] "GET /sipse/faces/javax.faces.resource/images/ui-bg_flat_0_2d5972_40x100.png?ln=primefaces-aristo HTTP/1.1" 304 -
186.84.20.177 - - [14/Feb/2023:08:15:47 -0500] "POST /sipse/faces/bienvenido.xhtml HTTP/1.1" 200 2658
181.50.142.205 - - [14/Feb/2023:08:15:48 -0500] "POST /sipse/faces/presentacion/financiero/solicitudProceso/listarSolicitudProceso.xhtml HTTP/1.1" 200 7173
201.245.192.253 - - [14/Feb/2023:08:15:48 -0500] "POST /sipse/faces/presentacion/financiero/solicitudProceso/consultarSolicitudProceso.xhtml HTTP/1.1" 200 5570
186.84.20.177 - - [14/Feb/2023:08:15:49 -0500] "POST /sipse/faces/bienvenido.xhtml HTTP/1.1" 200 64630
186.84.20.177 - - [14/Feb/2023:08:15:50 -0500] "GET /sipse/faces/javax.faces.resource/layout/layout.css?ln=primefaces&v=4.0 HTTP/1.1" 304 -
186.84.20.177 - - [14/Feb/2023:08:15:50 -0500] "GET /sipse/faces/javax.faces.resource/primefaces.css?ln=primefaces&v=4.0 HTTP/1.1" 304 -
186.84.20.177 - - [14/Feb/2023:08:15:50 -0500] "GET /sipse/faces/javax.faces.resource/theme.css?ln=primefaces-sipse HTTP/1.1" 304 -
186.84.20.177 - - [14/Feb/2023:08:15:50 -0500] "GET /sipse/faces/javax.faces.resource/jquery/jquery.js?ln=primefaces&v=4.0 HTTP/1.1" 304 -
186.84.20.177 - - [14/Feb/2023:08:15:50 -0500] "GET /sipse/faces/javax.faces.resource/jquery/jquery-plugins.js?ln=primefaces&v=4.0 HTTP/1.1" 304 -
186.84.20.177 - - [14/Feb/2023:08:15:50 -0500] "GET /sipse/faces/javax.faces.resource/primefaces.js?ln=primefaces&v=4.0 HTTP/1.1" 304 -
186.84.20.177 - - [14/Feb/2023:08:15:50 -0500] "GET /sipse/faces/javax.faces.resource/layout/layout.js?ln=primefaces&v=4.0 HTTP/1.1" 304 -
186.84.20.177 - - [14/Feb/2023:08:15:50 -0500] "POST /sipse/faces/presentacion/financiero/solicitudProceso/listarSolicitudProceso.xhtml HTTP/1.1" 200 1556
191.108.12.135 - - [14/Feb/2023:08:15:54 -0500] "POST /sipse/faces/autenticacion.xhtml HTTP/1.1" 200 2223
191.108.12.135 - - [14/Feb/2023:08:15:54 -0500] "GET /sipse/faces/javax.faces.resource/messages/messages.png?ln=primefaces&v=4.0 HTTP/1.1" 304 -
186.84.20.177 - - [14/Feb/2023:08:15:54 -0500] "POST /sipse/faces/presentacion/financiero/solicitudProceso/listarSolicitudProceso.xhtml HTTP/1.1" 200 7441
191.108.12.135 - - [14/Feb/2023:08:15:54 -0500] "POST /sipse/faces/autenticacion.xhtml HTTP/1.1" 200 2227
191.108.12.135 - - [14/Feb/2023:08:15:56 -0500] "POST /sipse/faces/autenticacion.xhtml HTTP/1.1" 200 16290
191.108.12.135 - - [14/Feb/2023:08:15:56 -0500] "GET /sipse/faces/javax.faces.resource/primefaces.css?ln=primefaces&v=4.0 HTTP/1.1" 304 -
191.108.12.135 - - [14/Feb/2023:08:15:56 -0500] "GET /sipse/faces/javax.faces.resource/theme.css?ln=primefaces-sipse HTTP/1.1" 304 -
191.108.12.135 - - [14/Feb/2023:08:15:56 -0500] "GET /sipse/faces/javax.faces.resource/layout/layout.css?ln=primefaces&v=4.0 HTTP/1.1" 304 -
191.108.12.135 - - [14/Feb/2023:08:15:56 -0500] "GET /sipse/faces/javax.faces.resource/jquery/jquery.js?ln=primefaces&v=4.0 HTTP/1.1" 304 -
191.108.12.135 - - [14/Feb/2023:08:15:56 -0500] "GET /sipse/faces/javax.faces.resource/jquery/jquery-plugins.js?ln=primefaces&v=4.0 HTTP/1.1" 304 -
191.108.12.135 - - [14/Feb/2023:08:15:56 -0500] "GET /sipse/faces/javax.faces.resource/primefaces.js?ln=primefaces&v=4.0 HTTP/1.1" 304 -
191.108.12.135 - - [14/Feb/2023:08:15:56 -0500] "GET /sipse/faces/javax.faces.resource/layout/layout.js?ln=primefaces&v=4.0 HTTP/1.1" 304 -
191.108.12.135 - - [14/Feb/2023:08:15:56 -0500] "GET /sipse/imagenes/logoAplicacion.jpg HTTP/1.1" 304 -
191.108.12.135 - - [14/Feb/2023:08:15:56 -0500] "GET /sipse/css/imagen/contrasena.png HTTP/1.1" 404 383
186.155.72.12 - - [14/Feb/2023:08:15:57 -0500] "GET /sipse/faces/index.xhtml HTTP/1.1" 200 677
186.84.20.177 - - [14/Feb/2023:08:15:56 -0500] "POST /sipse/faces/presentacion/financiero/solicitudProceso/listarSolicitudProceso.xhtml HTTP/1.1" 200 146982
186.84.20.177 - - [14/Feb/2023:08:15:57 -0500] "GET /sipse/faces/javax.faces.resource/layout/layout.css?ln=primefaces&v=4.0 HTTP/1.1" 304 -
186.84.20.177 - - [14/Feb/2023:08:15:57 -0500] "GET /sipse/faces/javax.faces.resource/primefaces.css?ln=primefaces&v=4.0 HTTP/1.1" 304 -
186.84.20.177 - - [14/Feb/2023:08:15:57 -0500] "GET /sipse/faces/javax.faces.resource/theme.css?ln=primefaces-sipse HTTP/1.1" 304 -
186.84.20.177 - - [14/Feb/2023:08:15:57 -0500] "GET /sipse/faces/javax.faces.resource/jquery/jquery.js?ln=primefaces&v=4.0 HTTP/1.1" 304 -
186.84.20.177 - - [14/Feb/2023:08:15:57 -0500] "GET /sipse/faces/javax.faces.resource/jquery/jquery-plugins.js?ln=primefaces&v=4.0 HTTP/1.1" 304 -
186.84.20.177 - - [14/Feb/2023:08:15:57 -0500] "GET /sipse/faces/javax.faces.resource/primefaces.js?ln=primefaces&v=4.0 HTTP/1.1" 304 -
186.84.20.177 - - [14/Feb/2023:08:15:57 -0500] "GET /sipse/faces/javax.faces.resource/layout/layout.js?ln=primefaces&v=4.0 HTTP/1.1" 304 -
186.155.72.12 - - [14/Feb/2023:08:15:57 -0500] "GET /sipse/faces/javax.faces.resource/theme.css?ln=primefaces-sipse HTTP/1.1" 200 50058
186.155.72.12 - - [14/Feb/2023:08:15:58 -0500] "GET /sipse/faces/faces/autenticacion.xhtml HTTP/1.1" 200 12180
186.155.72.12 - - [14/Feb/2023:08:15:58 -0500] "GET /sipse/js/disable_browser_buttons.js HTTP/1.1" 304 -
186.155.72.12 - - [14/Feb/2023:08:15:58 -0500] "GET /sipse/js/funciones.js HTTP/1.1" 304 -
186.155.72.12 - - [14/Feb/2023:08:15:58 -0500] "GET /sipse/css/custom_css_sg.css HTTP/1.1" 200 9694
