190.66.247.53 - - [17/Feb/2023:06:31:52 -0500] "GET /sipse/js/jquery.min.js HTTP/1.1" 304 -
190.66.247.53 - - [17/Feb/2023:06:31:52 -0500] "GET /sipse/js/funciones.js HTTP/1.1" 304 -
190.66.247.53 - - [17/Feb/2023:06:31:52 -0500] "GET /sipse/css/custom_css_sg.css HTTP/1.1" 304 -
190.66.247.53 - - [17/Feb/2023:06:31:52 -0500] "GET /sipse/css/custom_css_sg_prime.css HTTP/1.1" 304 -
190.66.247.53 - - [17/Feb/2023:06:31:52 -0500] "GET /sipse/faces/javax.faces.resource/theme.css?ln=primefaces-sipse HTTP/1.1" 304 -
190.66.247.53 - - [17/Feb/2023:06:31:52 -0500] "GET /sipse/faces/javax.faces.resource/primefaces.css?ln=primefaces&v=4.0 HTTP/1.1" 304 -
190.66.247.53 - - [17/Feb/2023:06:31:52 -0500] "GET /sipse/faces/javax.faces.resource/layout/layout.css?ln=primefaces&v=4.0 HTTP/1.1" 304 -
190.66.247.53 - - [17/Feb/2023:06:31:52 -0500] "GET /sipse/faces/javax.faces.resource/jquery/jquery.js?ln=primefaces&v=4.0 HTTP/1.1" 304 -
190.66.247.53 - - [17/Feb/2023:06:31:52 -0500] "GET /sipse/faces/javax.faces.resource/jquery/jquery-plugins.js?ln=primefaces&v=4.0 HTTP/1.1" 304 -
190.66.247.53 - - [17/Feb/2023:06:31:52 -0500] "GET /sipse/faces/javax.faces.resource/layout/layout.js?ln=primefaces&v=4.0 HTTP/1.1" 304 -
190.66.247.53 - - [17/Feb/2023:06:31:52 -0500] "GET /sipse/faces/javax.faces.resource/primefaces.js?ln=primefaces&v=4.0 HTTP/1.1" 304 -
190.66.247.53 - - [17/Feb/2023:06:31:52 -0500] "GET /sipse/imagenes/cargando.gif HTTP/1.1" 304 -
190.66.247.53 - - [17/Feb/2023:06:31:52 -0500] "POST /sipse/faces/presentacion/financiero/solicitudProceso/listarSolicitudProceso.xhtml HTTP/1.1" 200 1556
190.66.247.53 - - [17/Feb/2023:06:31:53 -0500] "POST /sipse/faces/presentacion/financiero/solicitudProceso/listarSolicitudProceso.xhtml HTTP/1.1" 200 1552
152.203.161.42 - - [17/Feb/2023:06:32:00 -0500] "POST /sipse/faces/presentacion/financiero/solicitudProceso/listarSolicitudProceso.xhtml HTTP/1.1" 200 19030
152.203.161.42 - - [17/Feb/2023:06:32:00 -0500] "POST /sipse/faces/presentacion/financiero/solicitudProceso/listarSolicitudProceso.xhtml HTTP/1.1" 200 19022
190.66.247.53 - - [17/Feb/2023:06:32:04 -0500] "POST /sipse/faces/presentacion/financiero/solicitudProceso/listarSolicitudProceso.xhtml HTTP/1.1" 200 148859
190.66.247.53 - - [17/Feb/2023:06:32:05 -0500] "GET /sipse/faces/javax.faces.resource/theme.css?ln=primefaces-sipse HTTP/1.1" 304 -
190.66.247.53 - - [17/Feb/2023:06:32:05 -0500] "GET /sipse/faces/javax.faces.resource/primefaces.css?ln=primefaces&v=4.0 HTTP/1.1" 304 -
190.66.247.53 - - [17/Feb/2023:06:32:05 -0500] "GET /sipse/faces/javax.faces.resource/layout/layout.css?ln=primefaces&v=4.0 HTTP/1.1" 304 -
190.66.247.53 - - [17/Feb/2023:06:32:06 -0500] "GET /sipse/faces/javax.faces.resource/jquery/jquery.js?ln=primefaces&v=4.0 HTTP/1.1" 304 -
190.66.247.53 - - [17/Feb/2023:06:32:06 -0500] "GET /sipse/faces/javax.faces.resource/jquery/jquery-plugins.js?ln=primefaces&v=4.0 HTTP/1.1" 304 -
190.66.247.53 - - [17/Feb/2023:06:32:06 -0500] "GET /sipse/faces/javax.faces.resource/primefaces.js?ln=primefaces&v=4.0 HTTP/1.1" 304 -
190.66.247.53 - - [17/Feb/2023:06:32:06 -0500] "GET /sipse/faces/javax.faces.resource/layout/layout.js?ln=primefaces&v=4.0 HTTP/1.1" 304 -
190.66.247.53 - - [17/Feb/2023:06:32:13 -0500] "POST /sipse/faces/presentacion/financiero/solicitudProceso/consultarSolicitudProceso.xhtml HTTP/1.1" 200 188571
152.203.161.42 - - [17/Feb/2023:06:32:15 -0500] "POST /sipse/faces/presentacion/financiero/solicitudProceso/listarSolicitudProceso.xhtml HTTP/1.1" 200 19042
152.203.161.42 - - [17/Feb/2023:06:32:15 -0500] "POST /sipse/faces/presentacion/financiero/solicitudProceso/listarSolicitudProceso.xhtml HTTP/1.1" 200 19034
190.66.247.53 - - [17/Feb/2023:06:32:27 -0500] "POST /sipse/faces/presentacion/financiero/solicitudProceso/consultarSolicitudProceso.xhtml HTTP/1.1" 200 1683420
159.65.111.248 - - [17/Feb/2023:06:32:43 -0500] "GET / HTTP/1.0" 200 319
190.66.247.53 - - [17/Feb/2023:06:32:45 -0500] "POST /sipse/faces/presentacion/financiero/solicitudProceso/consultarSolicitudProceso.xhtml HTTP/1.1" 200 188571
190.66.247.53 - - [17/Feb/2023:06:32:53 -0500] "POST /sipse/faces/presentacion/financiero/solicitudProceso/consultarSolicitudProceso.xhtml HTTP/1.1" 200 2747728
216.245.221.92 - - [17/Feb/2023:06:32:56 -0500] "HEAD / HTTP/1.1" 200 -
152.203.161.42 - - [17/Feb/2023:06:32:57 -0500] "POST /sipse/faces/presentacion/financiero/solicitudProceso/listarSolicitudProceso.xhtml HTTP/1.1" 200 45201
152.203.161.42 - - [17/Feb/2023:06:32:59 -0500] "POST /sipse/faces/presentacion/financiero/solicitudProceso/listarSolicitudProceso.xhtml HTTP/1.1" 200 18971
152.203.161.42 - - [17/Feb/2023:06:32:59 -0500] "POST /sipse/faces/presentacion/financiero/solicitudProceso/listarSolicitudProceso.xhtml HTTP/1.1" 200 18979
190.66.247.53 - - [17/Feb/2023:06:33:02 -0500] "POST /sipse/faces/presentacion/financiero/solicitudProceso/consultarSolicitudProceso.xhtml HTTP/1.1" 200 1690746
190.66.247.53 - - [17/Feb/2023:06:33:10 -0500] "POST /sipse/faces/presentacion/financiero/solicitudProceso/consultarSolicitudProceso.xhtml HTTP/1.1" 200 2269587
152.203.161.42 - - [17/Feb/2023:06:33:13 -0500] "POST /sipse/faces/presentacion/financiero/solicitudProceso/listarSolicitudProceso.xhtml HTTP/1.1" 200 45193
152.203.161.42 - - [17/Feb/2023:06:33:13 -0500] "POST /sipse/faces/presentacion/financiero/solicitudProceso/listarSolicitudProceso.xhtml HTTP/1.1" 200 45201
152.203.161.42 - - [17/Feb/2023:06:33:14 -0500] "POST /sipse/faces/presentacion/financiero/solicitudProceso/listarSolicitudProceso.xhtml HTTP/1.1" 200 45193
152.203.161.42 - - [17/Feb/2023:06:33:15 -0500] "POST /sipse/faces/presentacion/financiero/solicitudProceso/listarSolicitudProceso.xhtml HTTP/1.1" 200 45201
152.203.161.42 - - [17/Feb/2023:06:33:15 -0500] "POST /sipse/faces/presentacion/financiero/solicitudProceso/listarSolicitudProceso.xhtml HTTP/1.1" 200 45193
152.203.161.42 - - [17/Feb/2023:06:33:16 -0500] "POST /sipse/faces/presentacion/financiero/solicitudProceso/listarSolicitudProceso.xhtml HTTP/1.1" 200 45201
190.66.247.53 - - [17/Feb/2023:06:33:17 -0500] "POST /sipse/faces/presentacion/financiero/solicitudProceso/consultarSolicitudProceso.xhtml HTTP/1.1" 200 221104
152.203.161.42 - - [17/Feb/2023:06:33:18 -0500] "POST /sipse/faces/presentacion/financiero/solicitudProceso/listarSolicitudProceso.xhtml HTTP/1.1" 200 45161
152.203.161.42 - - [17/Feb/2023:06:33:19 -0500] "POST /sipse/faces/presentacion/financiero/solicitudProceso/listarSolicitudProceso.xhtml HTTP/1.1" 200 18997
152.203.161.42 - - [17/Feb/2023:06:33:20 -0500] "POST /sipse/faces/presentacion/financiero/solicitudProceso/listarSolicitudProceso.xhtml HTTP/1.1" 200 18989
40.77.167.225 - - [17/Feb/2023:06:33:19 -0500] "GET /portaldeninos/corresponsal-ambiental/ HTTP/1.1" 200 93768
190.66.247.53 - - [17/Feb/2023:06:33:27 -0500] "POST /sipse/faces/presentacion/financiero/solicitudProceso/consultarSolicitudProceso.xhtml HTTP/1.1" 200 55081
190.66.247.53 - - [17/Feb/2023:06:33:35 -0500] "POST /sipse/faces/presentacion/financiero/solicitudProceso/consultarSolicitudProceso.xhtml HTTP/1.1" 200 74589
40.77.167.225 - - [17/Feb/2023:06:33:38 -0500] "GET /portaldeninos/wp-content/themes/betheme/js/menu.js?ver=20.9.6 HTTP/1.1" 200 2449
40.77.167.225 - - [17/Feb/2023:06:33:38 -0500] "GET /portaldeninos/wp-includes/js/jquery/ui/mouse.min.js?ver=1.11.4 HTTP/1.1" 200 3148
40.77.167.225 - - [17/Feb/2023:06:33:38 -0500] "GET /portaldeninos/wp-includes/js/jquery/ui/tabs.min.js?ver=1.11.4 HTTP/1.1" 200 12110
40.77.167.225 - - [17/Feb/2023:06:33:39 -0500] "GET /portaldeninos/wp-includes/js/jquery/ui/widget.min.js?ver=1.11.4 HTTP/1.1" 200 6908
190.66.247.53 - - [17/Feb/2023:06:33:42 -0500] "POST /sipse/faces/presentacion/financiero/solicitudProceso/consultarSolicitudProceso.xhtml HTTP/1.1" 200 101284
207.46.13.25 - - [17/Feb/2023:06:33:42 -0500] "GET /portaldeninos/wp-content/plugins/gallery-videos/CSS/Total-Soft-Gallery-Video-Widget.css?ver=4.9.8 HTTP/1.1" 200 51554
207.46.13.25 - - [17/Feb/2023:06:33:43 -0500] "GET /portaldeninos/wp-content/plugins/gallery-videos/JS/modernizr.custom.js?ver=4.9.8 HTTP/1.1" 200 9019
207.46.13.25 - - [17/Feb/2023:06:33:43 -0500] "GET /portaldeninos/wp-content/themes/betheme/assets/jplayer/css/jplayer.blue.monday.css?ver=20.9.6 HTTP/1.1" 200 9834
207.46.13.25 - - [17/Feb/2023:06:33:43 -0500] "GET /portaldeninos/wp-content/themes/betheme/css/base.css?ver=20.9.6 HTTP/1.1" 200 57283
207.46.13.25 - - [17/Feb/2023:06:33:44 -0500] "GET /portaldeninos/wp-content/themes/betheme/css/responsive.css?ver=20.9.6 HTTP/1.1" 200 55740
207.46.13.25 - - [17/Feb/2023:06:33:44 -0500] "GET /portaldeninos/wp-includes/js/jquery/jquery-migrate.min.js?ver=1.4.1 HTTP/1.1" 200 10056
52.167.144.30 - - [17/Feb/2023:06:33:49 -0500] "GET /portaldeninos/wp-content/plugins/gallery-videos/CSS/totalsoft.css?ver=4.9.8 HTTP/1.1" 200 40622
52.167.144.30 - - [17/Feb/2023:06:33:50 -0500] "GET /portaldeninos/wp-content/themes/betheme/assets/ui/jquery.ui.all.css?ver=20.9.6 HTTP/1.1" 200 18765
52.167.144.30 - - [17/Feb/2023:06:33:50 -0500] "GET /portaldeninos/wp-content/themes/betheme/css/layout.css?ver=20.9.6 HTTP/1.1" 200 116639
52.167.144.30 - - [17/Feb/2023:06:33:50 -0500] "GET /portaldeninos/wp-content/themes/betheme/js/scripts.js?ver=20.9.6 HTTP/1.1" 200 77162
52.167.144.30 - - [17/Feb/2023:06:33:50 -0500] "GET /portaldeninos/wp-content/uploads/useanyfont/uaf.css?ver=1589905315 HTTP/1.1" 200 408
52.167.144.30 - - [17/Feb/2023:06:33:50 -0500] "GET /portaldeninos/wp-includes/js/jquery/jquery.js?ver=1.12.4 HTTP/1.1" 200 97184
190.66.247.53 - - [17/Feb/2023:06:33:56 -0500] "POST /sipse/faces/presentacion/financiero/solicitudProceso/consultarSolicitudProceso.xhtml HTTP/1.1" 200 728301
152.203.161.42 - - [17/Feb/2023:06:33:58 -0500] "POST /sipse/faces/presentacion/financiero/solicitudProceso/listarSolicitudProceso.xhtml HTTP/1.1" 200 45169
152.203.161.42 - - [17/Feb/2023:06:34:00 -0500] "POST /sipse/faces/presentacion/financiero/solicitudProceso/listarSolicitudProceso.xhtml HTTP/1.1" 200 18959
207.46.13.221 - - [17/Feb/2023:06:34:02 -0500] "GET /portaldeninos/wp-content/themes/betheme/assets/animations/animations.min.css?ver=20.9.6 HTTP/1.1" 200 58508
207.46.13.221 - - [17/Feb/2023:06:34:03 -0500] "GET /portaldeninos/wp-includes/js/jquery/ui/accordion.min.js?ver=1.11.4 HTTP/1.1" 200 8584
207.46.13.221 - - [17/Feb/2023:06:34:03 -0500] "GET /portaldeninos/wp-includes/js/wp-embed.min.js?ver=4.9.8 HTTP/1.1" 200 1398
190.66.247.53 - - [17/Feb/2023:06:34:13 -0500] "POST /sipse/faces/presentacion/financiero/solicitudProceso/consultarSolicitudProceso.xhtml HTTP/1.1" 200 5581
190.66.247.53 - - [17/Feb/2023:06:34:13 -0500] "GET /sipse/faces/javax.faces.resource/dynamiccontent.properties?ln=primefaces&pfdrid=XjOR5%2F%2FfPAZAuY9TpWQeCiM0BhlXxYRBGKi%2FQcXXfeA%3D&pfdrid_c=false HTTP/1.1" 200 165425
152.203.161.42 - - [17/Feb/2023:06:34:17 -0500] "POST /sipse/faces/presentacion/financiero/solicitudProceso/listarSolicitudProceso.xhtml HTTP/1.1" 200 24727
152.203.161.42 - - [17/Feb/2023:06:34:18 -0500] "POST /sipse/faces/presentacion/financiero/solicitudProceso/listarSolicitudProceso.xhtml HTTP/1.1" 200 24719
152.203.161.42 - - [17/Feb/2023:06:34:19 -0500] "POST /sipse/faces/presentacion/financiero/solicitudProceso/listarSolicitudProceso.xhtml HTTP/1.1" 200 24727
152.203.161.42 - - [17/Feb/2023:06:34:20 -0500] "POST /sipse/faces/presentacion/financiero/solicitudProceso/listarSolicitudProceso.xhtml HTTP/1.1" 200 24719
152.203.161.42 - - [17/Feb/2023:06:34:20 -0500] "POST /sipse/faces/presentacion/financiero/solicitudProceso/listarSolicitudProceso.xhtml HTTP/1.1" 200 24727
152.203.161.42 - - [17/Feb/2023:06:34:22 -0500] "POST /sipse/faces/presentacion/financiero/solicitudProceso/listarSolicitudProceso.xhtml HTTP/1.1" 200 18962
190.66.247.53 - - [17/Feb/2023:06:34:33 -0500] "POST /sipse/faces/presentacion/financiero/solicitudProceso/consultarSolicitudProceso.xhtml HTTP/1.1" 200 5570
201.245.192.253 - - [17/Feb/2023:06:34:42 -0500] "POST /kwsrmcab/Wsrmcab  HTTP/1.1" 200 213
172.22.2.4 - - [17/Feb/2023:06:33:06 -0500] "HEAD /BLA/boletinlegal/ HTTP/1.1" 200 -
190.66.247.53 - - [17/Feb/2023:06:35:16 -0500] "POST /sipse/faces/presentacion/financiero/solicitudProceso/consultarSolicitudProceso.xhtml HTTP/1.1" 200 65505
190.66.247.53 - - [17/Feb/2023:06:35:17 -0500] "GET /sipse/faces/javax.faces.resource/theme.css?ln=primefaces-sipse HTTP/1.1" 304 -
190.66.247.53 - - [17/Feb/2023:06:35:17 -0500] "GET /sipse/faces/javax.faces.resource/primefaces.css?ln=primefaces&v=4.0 HTTP/1.1" 304 -
190.66.247.53 - - [17/Feb/2023:06:35:17 -0500] "GET /sipse/faces/javax.faces.resource/jquery/jquery.js?ln=primefaces&v=4.0 HTTP/1.1" 304 -
190.66.247.53 - - [17/Feb/2023:06:35:17 -0500] "GET /sipse/faces/javax.faces.resource/layout/layout.css?ln=primefaces&v=4.0 HTTP/1.1" 304 -
190.66.247.53 - - [17/Feb/2023:06:35:17 -0500] "GET /sipse/faces/javax.faces.resource/jquery/jquery-plugins.js?ln=primefaces&v=4.0 HTTP/1.1" 304 -
190.66.247.53 - - [17/Feb/2023:06:35:17 -0500] "GET /sipse/faces/javax.faces.resource/layout/layout.js?ln=primefaces&v=4.0 HTTP/1.1" 304 -
190.66.247.53 - - [17/Feb/2023:06:35:17 -0500] "GET /sipse/faces/javax.faces.resource/primefaces.js?ln=primefaces&v=4.0 HTTP/1.1" 304 -
190.66.247.53 - - [17/Feb/2023:06:35:18 -0500] "POST /sipse/faces/presentacion/financiero/solicitudProceso/listarSolicitudProceso.xhtml HTTP/1.1" 200 1556
190.66.247.53 - - [17/Feb/2023:06:35:18 -0500] "POST /sipse/faces/presentacion/financiero/solicitudProceso/listarSolicitudProceso.xhtml HTTP/1.1" 200 1552
190.66.247.53 - - [17/Feb/2023:06:35:21 -0500] "POST /sipse/faces/presentacion/financiero/solicitudProceso/listarSolicitudProceso.xhtml HTTP/1.1" 200 155899
190.66.247.53 - - [17/Feb/2023:06:35:22 -0500] "GET /sipse/faces/javax.faces.resource/theme.css?ln=primefaces-sipse HTTP/1.1" 304 -
190.66.247.53 - - [17/Feb/2023:06:35:22 -0500] "GET /sipse/faces/javax.faces.resource/primefaces.css?ln=primefaces&v=4.0 HTTP/1.1" 304 -
190.66.247.53 - - [17/Feb/2023:06:35:22 -0500] "GET /sipse/faces/javax.faces.resource/layout/layout.css?ln=primefaces&v=4.0 HTTP/1.1" 304 -
190.66.247.53 - - [17/Feb/2023:06:35:22 -0500] "GET /sipse/faces/javax.faces.resource/jquery/jquery.js?ln=primefaces&v=4.0 HTTP/1.1" 304 -
190.66.247.53 - - [17/Feb/2023:06:35:22 -0500] "GET /sipse/faces/javax.faces.resource/jquery/jquery-plugins.js?ln=primefaces&v=4.0 HTTP/1.1" 304 -
190.66.247.53 - - [17/Feb/2023:06:35:22 -0500] "GET /sipse/faces/javax.faces.resource/primefaces.js?ln=primefaces&v=4.0 HTTP/1.1" 304 -
190.66.247.53 - - [17/Feb/2023:06:35:22 -0500] "GET /sipse/faces/javax.faces.resource/layout/layout.js?ln=primefaces&v=4.0 HTTP/1.1" 304 -
190.66.247.53 - - [17/Feb/2023:06:35:29 -0500] "POST /sipse/faces/presentacion/financiero/solicitudProceso/consultarSolicitudProceso.xhtml HTTP/1.1" 200 188571
172.22.2.4 - - [17/Feb/2023:06:33:56 -0500] "GET /BLA/boletinlegal/ HTTP/1.1" 200 54452
34.90.218.252 - - [17/Feb/2023:06:35:39 -0500] "GET /inventario-de-emisiones-2020-transporte-publico-sitp-redujo-emisiones-de-pm-2-5-en-un-37.html HTTP/1.1" 200 925
190.66.247.53 - - [17/Feb/2023:06:35:44 -0500] "POST /sipse/faces/presentacion/financiero/solicitudProceso/consultarSolicitudProceso.xhtml HTTP/1.1" 200 188571
190.66.247.53 - - [17/Feb/2023:06:35:55 -0500] "POST /sipse/faces/presentacion/financiero/solicitudProceso/consultarSolicitudProceso.xhtml HTTP/1.1" 200 1579391
66.249.66.79 - - [17/Feb/2023:06:36:03 -0500] "-" 408 -
190.66.247.53 - - [17/Feb/2023:06:36:05 -0500] "POST /sipse/faces/presentacion/financiero/solicitudProceso/consultarSolicitudProceso.xhtml HTTP/1.1" 200 1228058
190.66.247.53 - - [17/Feb/2023:06:36:13 -0500] "POST /sipse/faces/presentacion/financiero/solicitudProceso/consultarSolicitudProceso.xhtml HTTP/1.1" 200 1305561
190.66.247.53 - - [17/Feb/2023:06:36:25 -0500] "POST /sipse/faces/presentacion/financiero/solicitudProceso/consultarSolicitudProceso.xhtml HTTP/1.1" 200 1827574
190.66.247.53 - - [17/Feb/2023:06:36:40 -0500] "POST /sipse/faces/presentacion/financiero/solicitudProceso/consultarSolicitudProceso.xhtml HTTP/1.1" 200 214007
20.191.45.212 - - [17/Feb/2023:06:36:47 -0500] "GET / HTTP/1.1" 200 319
20.191.45.212 - - [17/Feb/2023:06:36:47 -0500] "GET /favicon.ico HTTP/1.1" 200 7782
190.66.247.53 - - [17/Feb/2023:06:36:47 -0500] "POST /sipse/faces/presentacion/financiero/solicitudProceso/consultarSolicitudProceso.xhtml HTTP/1.1" 200 55098
190.66.247.53 - - [17/Feb/2023:06:36:55 -0500] "POST /sipse/faces/presentacion/financiero/solicitudProceso/consultarSolicitudProceso.xhtml HTTP/1.1" 200 572400
190.66.247.53 - - [17/Feb/2023:06:37:05 -0500] "POST /sipse/faces/presentacion/financiero/solicitudProceso/consultarSolicitudProceso.xhtml HTTP/1.1" 200 101090
190.66.247.53 - - [17/Feb/2023:06:37:19 -0500] "POST /sipse/faces/presentacion/financiero/solicitudProceso/consultarSolicitudProceso.xhtml HTTP/1.1" 200 5581
190.66.247.53 - - [17/Feb/2023:06:37:20 -0500] "GET /sipse/faces/javax.faces.resource/dynamiccontent.properties?ln=primefaces&pfdrid=XjOR5%2F%2FfPAZAuY9TpWQeCiM0BhlXxYRBGKi%2FQcXXfeA%3D&pfdrid_c=false HTTP/1.1" 200 165421
190.66.247.53 - - [17/Feb/2023:06:37:46 -0500] "POST /sipse/faces/presentacion/financiero/solicitudProceso/consultarSolicitudProceso.xhtml HTTP/1.1" 200 5570
201.245.192.253 - - [17/Feb/2023:06:37:52 -0500] "POST /kwsrmcab/Wsrmcab HTTP/1.1" 200 38766
216.245.221.92 - - [17/Feb/2023:06:37:56 -0500] "HEAD / HTTP/1.1" 200 -
201.245.192.253 - - [17/Feb/2023:06:37:54 -0500] "POST /kwsrmcab/Wsrmcab HTTP/1.1" 200 41442
190.66.247.53 - - [17/Feb/2023:06:38:11 -0500] "POST /sipse/faces/presentacion/financiero/solicitudProceso/consultarSolicitudProceso.xhtml HTTP/1.1" 200 65505
190.66.247.53 - - [17/Feb/2023:06:38:12 -0500] "GET /sipse/faces/javax.faces.resource/theme.css?ln=primefaces-sipse HTTP/1.1" 304 -
190.66.247.53 - - [17/Feb/2023:06:38:12 -0500] "GET /sipse/faces/javax.faces.resource/primefaces.css?ln=primefaces&v=4.0 HTTP/1.1" 304 -
190.66.247.53 - - [17/Feb/2023:06:38:12 -0500] "GET /sipse/faces/javax.faces.resource/layout/layout.css?ln=primefaces&v=4.0 HTTP/1.1" 304 -
190.66.247.53 - - [17/Feb/2023:06:38:12 -0500] "GET /sipse/faces/javax.faces.resource/jquery/jquery.js?ln=primefaces&v=4.0 HTTP/1.1" 304 -
190.66.247.53 - - [17/Feb/2023:06:38:12 -0500] "GET /sipse/faces/javax.faces.resource/jquery/jquery-plugins.js?ln=primefaces&v=4.0 HTTP/1.1" 304 -
190.66.247.53 - - [17/Feb/2023:06:38:12 -0500] "GET /sipse/faces/javax.faces.resource/primefaces.js?ln=primefaces&v=4.0 HTTP/1.1" 304 -
190.66.247.53 - - [17/Feb/2023:06:38:12 -0500] "GET /sipse/faces/javax.faces.resource/layout/layout.js?ln=primefaces&v=4.0 HTTP/1.1" 304 -
190.66.247.53 - - [17/Feb/2023:06:38:13 -0500] "POST /sipse/faces/presentacion/financiero/solicitudProceso/listarSolicitudProceso.xhtml HTTP/1.1" 200 1556
190.66.247.53 - - [17/Feb/2023:06:38:13 -0500] "POST /sipse/faces/presentacion/financiero/solicitudProceso/listarSolicitudProceso.xhtml HTTP/1.1" 200 1552
190.66.247.53 - - [17/Feb/2023:06:39:29 -0500] "GET /sipse/css/custom_css_sg.css HTTP/1.1" 304 -
190.66.247.53 - - [17/Feb/2023:06:39:28 -0500] "POST /sipse/faces/presentacion/financiero/solicitudProceso/consultarSolicitudProceso.xhtml HTTP/1.1" 200 66001
190.66.247.53 - - [17/Feb/2023:06:39:29 -0500] "GET /sipse/faces/javax.faces.resource/theme.css?ln=primefaces-sipse HTTP/1.1" 304 -
190.66.247.53 - - [17/Feb/2023:06:39:29 -0500] "GET /sipse/faces/javax.faces.resource/primefaces.css?ln=primefaces&v=4.0 HTTP/1.1" 304 -
190.66.247.53 - - [17/Feb/2023:06:39:29 -0500] "GET /sipse/faces/javax.faces.resource/layout/layout.css?ln=primefaces&v=4.0 HTTP/1.1" 304 -
190.66.247.53 - - [17/Feb/2023:06:39:29 -0500] "GET /sipse/faces/javax.faces.resource/jquery/jquery.js?ln=primefaces&v=4.0 HTTP/1.1" 304 -
190.66.247.53 - - [17/Feb/2023:06:39:29 -0500] "GET /sipse/faces/javax.faces.resource/jquery/jquery-plugins.js?ln=primefaces&v=4.0 HTTP/1.1" 304 -
190.66.247.53 - - [17/Feb/2023:06:39:29 -0500] "GET /sipse/faces/javax.faces.resource/primefaces.js?ln=primefaces&v=4.0 HTTP/1.1" 304 -
190.66.247.53 - - [17/Feb/2023:06:39:29 -0500] "GET /sipse/faces/javax.faces.resource/layout/layout.js?ln=primefaces&v=4.0 HTTP/1.1" 304 -
190.66.247.53 - - [17/Feb/2023:06:39:29 -0500] "GET /sipse/imagenes/cargando.gif HTTP/1.1" 304 -
190.66.247.53 - - [17/Feb/2023:06:39:29 -0500] "GET /sipse/css/imagen/logoSDG.png HTTP/1.1" 304 -
190.66.247.53 - - [17/Feb/2023:06:39:29 -0500] "GET /sipse/css/imagen/contrasena.png HTTP/1.1" 404 383
190.66.247.53 - - [17/Feb/2023:06:39:29 -0500] "GET /sipse/faces/javax.faces.resource/images/ui-icons_898989_256x240.png?ln=primefaces-aristo HTTP/1.1" 304 -
190.66.247.53 - - [17/Feb/2023:06:39:29 -0500] "GET /sipse/faces/javax.faces.resource/messages/messages.png?ln=primefaces&v=4.0 HTTP/1.1" 304 -
190.66.247.53 - - [17/Feb/2023:06:39:29 -0500] "GET /sipse/faces/javax.faces.resource/images/ui-bg_flat_0_2d5972_40x100.png?ln=primefaces-aristo HTTP/1.1" 304 -
190.66.247.53 - - [17/Feb/2023:06:39:29 -0500] "POST /sipse/faces/presentacion/financiero/solicitudProceso/listarSolicitudProceso.xhtml HTTP/1.1" 200 1556
36.156.28.132 - - [17/Feb/2023:06:39:30 -0500] "GET /portaldeninos/wp-content/uploads/useanyfont/uaf.css?ver=1589905315 HTTP/1.1" 200 408
36.156.28.132 - - [17/Feb/2023:06:39:30 -0500] "GET /portaldeninos/wp-content/themes/betheme/style.css?ver=20.9.6 HTTP/1.1" 200 287
190.66.247.53 - - [17/Feb/2023:06:39:30 -0500] "POST /sipse/faces/presentacion/financiero/solicitudProceso/listarSolicitudProceso.xhtml HTTP/1.1" 200 1552
36.156.28.132 - - [17/Feb/2023:06:39:25 -0500] "GET /portaldeninos/ HTTP/1.1" 200 110197
190.66.247.53 - - [17/Feb/2023:06:39:32 -0500] "POST /sipse/faces/presentacion/financiero/solicitudProceso/listarSolicitudProceso.xhtml HTTP/1.1" 200 152149
157.55.39.142 - - [17/Feb/2023:06:39:33 -0500] "GET /BLA/resoluciones/AUTOS%202021/0260.pdf HTTP/1.1" 200 407150
190.66.247.53 - - [17/Feb/2023:06:39:33 -0500] "GET /sipse/faces/javax.faces.resource/theme.css?ln=primefaces-sipse HTTP/1.1" 304 -
190.66.247.53 - - [17/Feb/2023:06:39:33 -0500] "GET /sipse/faces/javax.faces.resource/primefaces.css?ln=primefaces&v=4.0 HTTP/1.1" 304 -
190.66.247.53 - - [17/Feb/2023:06:39:33 -0500] "GET /sipse/faces/javax.faces.resource/layout/layout.css?ln=primefaces&v=4.0 HTTP/1.1" 304 -
190.66.247.53 - - [17/Feb/2023:06:39:33 -0500] "GET /sipse/faces/javax.faces.resource/jquery/jquery.js?ln=primefaces&v=4.0 HTTP/1.1" 304 -
190.66.247.53 - - [17/Feb/2023:06:39:33 -0500] "GET /sipse/faces/javax.faces.resource/jquery/jquery-plugins.js?ln=primefaces&v=4.0 HTTP/1.1" 304 -
190.66.247.53 - - [17/Feb/2023:06:39:33 -0500] "GET /sipse/faces/javax.faces.resource/primefaces.js?ln=primefaces&v=4.0 HTTP/1.1" 304 -
190.66.247.53 - - [17/Feb/2023:06:39:33 -0500] "GET /sipse/faces/javax.faces.resource/layout/layout.js?ln=primefaces&v=4.0 HTTP/1.1" 304 -
36.156.28.132 - - [17/Feb/2023:06:39:34 -0500] "GET /portaldeninos/wp-content/themes/betheme/assets/animations/animations.min.css?ver=20.9.6 HTTP/1.1" 200 58508
36.156.28.132 - - [17/Feb/2023:06:39:38 -0500] "GET /portaldeninos/wp-content/themes/betheme/assets/ui/jquery.ui.all.css?ver=20.9.6 HTTP/1.1" 200 18765
36.156.28.132 - - [17/Feb/2023:06:39:27 -0500] "GET /portaldeninos/wp-content/plugins/gallery-videos/CSS/totalsoft.css?ver=4.9.8 HTTP/1.1" 200 40622
36.156.28.132 - - [17/Feb/2023:06:39:40 -0500] "GET /portaldeninos/wp-content/themes/betheme/assets/jplayer/css/jplayer.blue.monday.css?ver=20.9.6 HTTP/1.1" 200 9834
36.156.28.132 - - [17/Feb/2023:06:39:27 -0500] "GET /portaldeninos/wp-content/plugins/gallery-videos/CSS/Total-Soft-Gallery-Video-Widget.css?ver=4.9.8 HTTP/1.1" 200 51554
201.245.192.253 - - [17/Feb/2023:06:39:42 -0500] "POST /kwsrmcab/Wsrmcab  HTTP/1.1" 200 213
36.156.28.132 - - [17/Feb/2023:06:39:42 -0500] "GET /portaldeninos/wp-content/themes/betheme/css/responsive.css?ver=20.9.6 HTTP/1.1" 200 55740
36.156.28.132 - - [17/Feb/2023:06:39:47 -0500] "GET /portaldeninos/wp-content/plugins/popup-maker/assets/css/site.min.css?ver=1.8.14 HTTP/1.1" 200 8260
36.156.28.132 - - [17/Feb/2023:06:39:47 -0500] "GET /portaldeninos/wp-content/plugins/google-analytics-for-wordpress/assets/js/frontend-gtag.min.js?ver=8.5.0 HTTP/1.1" 200 11801
36.156.28.132 - - [17/Feb/2023:06:39:30 -0500] "GET /portaldeninos/wp-content/themes/betheme/css/base.css?ver=20.9.6 HTTP/1.1" 200 57283
36.156.28.132 - - [17/Feb/2023:06:39:51 -0500] "GET /portaldeninos/wp-includes/js/jquery/jquery-migrate.min.js?ver=1.4.1 HTTP/1.1" 200 10056
190.66.247.53 - - [17/Feb/2023:06:39:51 -0500] "POST /sipse/faces/presentacion/financiero/solicitudProceso/consultarSolicitudProceso.xhtml HTTP/1.1" 200 1109495
36.156.28.132 - - [17/Feb/2023:06:39:48 -0500] "GET /portaldeninos/wp-includes/js/jquery/jquery.js?ver=1.12.4 HTTP/1.1" 200 97184
36.156.28.132 - - [17/Feb/2023:06:39:30 -0500] "GET /portaldeninos/wp-content/themes/betheme/css/shortcodes.css?ver=20.9.6 HTTP/1.1" 200 138889
36.156.28.132 - - [17/Feb/2023:06:39:54 -0500] "GET /portaldeninos/wp-includes/js/jquery/ui/core.min.js?ver=1.11.4 HTTP/1.1" 200 4000
36.156.28.132 - - [17/Feb/2023:06:39:54 -0500] "GET /portaldeninos/wp-content/plugins/gallery-videos/JS/modernizr.custom.js?ver=4.9.8 HTTP/1.1" 200 9019
36.156.28.132 - - [17/Feb/2023:06:39:55 -0500] "GET /portaldeninos/wp-content/plugins/gallery-videos/JS/Total-Soft-Gallery-Video-Widget.js?ver=4.9.8 HTTP/1.1" 200 80264
36.156.28.132 - - [17/Feb/2023:06:39:56 -0500] "GET /portaldeninos/wp-includes/js/wp-emoji-release.min.js?ver=4.9.8 HTTP/1.1" 200 12026
36.156.28.132 - - [17/Feb/2023:06:39:30 -0500] "GET /portaldeninos/wp-content/themes/betheme/css/layout.css?ver=20.9.6 HTTP/1.1" 200 116639
190.66.247.53 - - [17/Feb/2023:06:40:04 -0500] "POST /sipse/faces/presentacion/financiero/solicitudProceso/consultarSolicitudProceso.xhtml HTTP/1.1" 200 188571
36.156.28.132 - - [17/Feb/2023:06:40:06 -0500] "GET /portaldeninos/wp-includes/js/jquery/ui/widget.min.js?ver=1.11.4 HTTP/1.1" 200 6908
36.156.28.132 - - [17/Feb/2023:06:40:07 -0500] "GET /portaldeninos/wp-includes/js/jquery/ui/mouse.min.js?ver=1.11.4 HTTP/1.1" 200 3148
36.156.28.132 - - [17/Feb/2023:06:40:09 -0500] "GET /portaldeninos/wp-includes/js/jquery/ui/sortable.min.js?ver=1.11.4 HTTP/1.1" 200 24899
36.156.28.132 - - [17/Feb/2023:06:40:15 -0500] "GET /portaldeninos/wp-includes/js/jquery/ui/tabs.min.js?ver=1.11.4 HTTP/1.1" 200 12110
36.156.28.132 - - [17/Feb/2023:06:40:25 -0500] "GET /portaldeninos/wp-includes/js/jquery/ui/accordion.min.js?ver=1.11.4 HTTP/1.1" 200 8584
190.66.247.53 - - [17/Feb/2023:06:40:25 -0500] "POST /sipse/faces/presentacion/financiero/solicitudProceso/consultarSolicitudProceso.xhtml HTTP/1.1" 200 3433533
173.252.107.21 - - [17/Feb/2023:06:40:32 -0500] "GET /images/foto%202.jpg HTTP/1.1" 200 63300
172.22.2.4 - - [17/Feb/2023:06:38:56 -0500] "HEAD /BLA/boletinlegal/ HTTP/1.1" 200 -
190.66.247.53 - - [17/Feb/2023:06:40:33 -0500] "POST /sipse/faces/presentacion/financiero/solicitudProceso/consultarSolicitudProceso.xhtml HTTP/1.1" 200 4315281
190.66.247.53 - - [17/Feb/2023:06:40:40 -0500] "POST /sipse/faces/presentacion/financiero/solicitudProceso/consultarSolicitudProceso.xhtml HTTP/1.1" 200 1138944
36.156.28.132 - - [17/Feb/2023:06:40:50 -0500] "GET /portaldeninos/wp-content/themes/betheme/js/menu.js?ver=20.9.6 HTTP/1.1" 200 2449
36.156.28.132 - - [17/Feb/2023:06:40:50 -0500] "GET /portaldeninos/wp-content/themes/betheme/assets/animations/animations.min.js?ver=20.9.6 HTTP/1.1" 200 1896
36.156.28.132 - - [17/Feb/2023:06:40:50 -0500] "GET /portaldeninos/wp-content/themes/betheme/assets/jplayer/jplayer.min.js?ver=20.9.6 HTTP/1.1" 200 52702
36.156.28.132 - - [17/Feb/2023:06:40:50 -0500] "GET /portaldeninos/wp-content/themes/betheme/fonts/mfn-icons.woff?93978679 HTTP/1.1" 200 80932
36.156.28.132 - - [17/Feb/2023:06:40:52 -0500] "GET /portaldeninos/wp-includes/js/jquery/ui/position.min.js?ver=1.11.4 HTTP/1.1" 200 6527
36.156.28.132 - - [17/Feb/2023:06:40:53 -0500] "GET /portaldeninos/wp-includes/js/wp-embed.min.js?ver=4.9.8 HTTP/1.1" 200 1398
36.156.28.132 - - [17/Feb/2023:06:40:52 -0500] "GET /portaldeninos/wp-content/plugins/popup-maker/assets/js/site.min.js?defer&ver=1.8.14 HTTP/1.1" 200 48457
36.156.28.132 - - [17/Feb/2023:06:40:50 -0500] "GET /portaldeninos/wp-content/themes/betheme/js/scripts.js?ver=20.9.6 HTTP/1.1" 200 77162
190.66.247.53 - - [17/Feb/2023:06:40:51 -0500] "POST /sipse/faces/presentacion/financiero/solicitudProceso/consultarSolicitudProceso.xhtml HTTP/1.1" 200 2103057
190.66.247.53 - - [17/Feb/2023:06:41:01 -0500] "POST /sipse/faces/presentacion/financiero/solicitudProceso/consultarSolicitudProceso.xhtml HTTP/1.1" 200 208983
36.156.28.132 - - [17/Feb/2023:06:40:53 -0500] "GET /portaldeninos/wp-content/uploads/2019/06/CabezoteAMBIENTIC.mp4 HTTP/1.1" 206 375014
36.156.28.132 - - [17/Feb/2023:06:40:36 -0500] "GET /portaldeninos/wp-content/themes/betheme/js/plugins.js?ver=20.9.6 HTTP/1.1" 200 162040
36.156.28.132 - - [17/Feb/2023:06:40:53 -0500] "GET /portaldeninos/wp-content/uploads/2022/01/Conoce-lo-que-hace-la-Secretar%C3%ADa-de-Ambiente.mp4 HTTP/1.1" 206 227562
190.66.247.53 - - [17/Feb/2023:06:41:12 -0500] "POST /sipse/faces/presentacion/financiero/solicitudProceso/consultarSolicitudProceso.xhtml HTTP/1.1" 200 2103057
190.66.247.53 - - [17/Feb/2023:06:41:19 -0500] "POST /sipse/faces/presentacion/financiero/solicitudProceso/consultarSolicitudProceso.xhtml HTTP/1.1" 200 208983
172.22.2.4 - - [17/Feb/2023:06:39:46 -0500] "GET /BLA/boletinlegal/ HTTP/1.1" 200 56825
190.66.247.53 - - [17/Feb/2023:06:41:27 -0500] "POST /sipse/faces/presentacion/financiero/solicitudProceso/consultarSolicitudProceso.xhtml HTTP/1.1" 200 55086
190.66.247.53 - - [17/Feb/2023:06:41:37 -0500] "POST /sipse/faces/presentacion/financiero/solicitudProceso/consultarSolicitudProceso.xhtml HTTP/1.1" 200 638128
190.66.247.53 - - [17/Feb/2023:06:41:47 -0500] "POST /sipse/faces/presentacion/financiero/solicitudProceso/consultarSolicitudProceso.xhtml HTTP/1.1" 200 104184
190.66.247.53 - - [17/Feb/2023:06:42:24 -0500] "POST /sipse/faces/presentacion/financiero/solicitudProceso/consultarSolicitudProceso.xhtml HTTP/1.1" 200 5581
190.66.247.53 - - [17/Feb/2023:06:42:24 -0500] "GET /sipse/faces/javax.faces.resource/dynamiccontent.properties?ln=primefaces&pfdrid=XjOR5%2F%2FfPAZAuY9TpWQeCiM0BhlXxYRBGKi%2FQcXXfeA%3D&pfdrid_c=false HTTP/1.1" 200 165285
216.245.221.92 - - [17/Feb/2023:06:42:56 -0500] "HEAD / HTTP/1.1" 200 -
190.66.247.53 - - [17/Feb/2023:06:42:57 -0500] "POST /sipse/faces/presentacion/financiero/solicitudProceso/consultarSolicitudProceso.xhtml HTTP/1.1" 200 5570
66.249.66.79 - - [17/Feb/2023:06:43:36 -0500] "-" 408 -
190.66.247.53 - - [17/Feb/2023:06:43:43 -0500] "POST /sipse/faces/presentacion/financiero/solicitudProceso/consultarSolicitudProceso.xhtml HTTP/1.1" 200 65505
190.66.247.53 - - [17/Feb/2023:06:43:44 -0500] "GET /sipse/faces/javax.faces.resource/theme.css?ln=primefaces-sipse HTTP/1.1" 304 -
190.66.247.53 - - [17/Feb/2023:06:43:44 -0500] "GET /sipse/faces/javax.faces.resource/primefaces.css?ln=primefaces&v=4.0 HTTP/1.1" 304 -
190.66.247.53 - - [17/Feb/2023:06:43:44 -0500] "GET /sipse/faces/javax.faces.resource/layout/layout.css?ln=primefaces&v=4.0 HTTP/1.1" 304 -
190.66.247.53 - - [17/Feb/2023:06:43:44 -0500] "GET /sipse/faces/javax.faces.resource/jquery/jquery.js?ln=primefaces&v=4.0 HTTP/1.1" 304 -
190.66.247.53 - - [17/Feb/2023:06:43:44 -0500] "GET /sipse/faces/javax.faces.resource/jquery/jquery-plugins.js?ln=primefaces&v=4.0 HTTP/1.1" 304 -
190.66.247.53 - - [17/Feb/2023:06:43:44 -0500] "GET /sipse/faces/javax.faces.resource/primefaces.js?ln=primefaces&v=4.0 HTTP/1.1" 304 -
190.66.247.53 - - [17/Feb/2023:06:43:44 -0500] "GET /sipse/faces/javax.faces.resource/layout/layout.js?ln=primefaces&v=4.0 HTTP/1.1" 304 -
190.66.247.53 - - [17/Feb/2023:06:43:45 -0500] "POST /sipse/faces/presentacion/financiero/solicitudProceso/listarSolicitudProceso.xhtml HTTP/1.1" 200 1556
190.66.247.53 - - [17/Feb/2023:06:43:45 -0500] "POST /sipse/faces/presentacion/financiero/solicitudProceso/listarSolicitudProceso.xhtml HTTP/1.1" 200 1552
190.66.247.53 - - [17/Feb/2023:06:44:09 -0500] "POST /sipse/faces/presentacion/financiero/solicitudProceso/listarSolicitudProceso.xhtml HTTP/1.1" 200 161461
190.66.247.53 - - [17/Feb/2023:06:44:10 -0500] "GET /sipse/faces/javax.faces.resource/theme.css?ln=primefaces-sipse HTTP/1.1" 304 -
190.66.247.53 - - [17/Feb/2023:06:44:10 -0500] "GET /sipse/faces/javax.faces.resource/primefaces.css?ln=primefaces&v=4.0 HTTP/1.1" 304 -
190.66.247.53 - - [17/Feb/2023:06:44:10 -0500] "GET /sipse/faces/javax.faces.resource/layout/layout.css?ln=primefaces&v=4.0 HTTP/1.1" 304 -
190.66.247.53 - - [17/Feb/2023:06:44:10 -0500] "GET /sipse/faces/javax.faces.resource/jquery/jquery.js?ln=primefaces&v=4.0 HTTP/1.1" 304 -
190.66.247.53 - - [17/Feb/2023:06:44:10 -0500] "GET /sipse/faces/javax.faces.resource/jquery/jquery-plugins.js?ln=primefaces&v=4.0 HTTP/1.1" 304 -
190.66.247.53 - - [17/Feb/2023:06:44:10 -0500] "GET /sipse/faces/javax.faces.resource/primefaces.js?ln=primefaces&v=4.0 HTTP/1.1" 304 -
190.66.247.53 - - [17/Feb/2023:06:44:10 -0500] "GET /sipse/faces/javax.faces.resource/layout/layout.js?ln=primefaces&v=4.0 HTTP/1.1" 304 -
201.245.192.253 - - [17/Feb/2023:06:44:41 -0500] "POST /kwsrmcab/Wsrmcab  HTTP/1.1" 200 213
190.66.247.53 - - [17/Feb/2023:06:44:52 -0500] "POST /sipse/faces/presentacion/financiero/solicitudProceso/consultarSolicitudProceso.xhtml HTTP/1.1" 200 101142
190.66.247.53 - - [17/Feb/2023:06:45:14 -0500] "POST /sipse/faces/presentacion/financiero/solicitudProceso/consultarSolicitudProceso.xhtml HTTP/1.1" 200 5581
190.66.247.53 - - [17/Feb/2023:06:45:15 -0500] "GET /sipse/faces/javax.faces.resource/dynamiccontent.properties?ln=primefaces&pfdrid=XjOR5%2F%2FfPAZAuY9TpWQeCiM0BhlXxYRBGKi%2FQcXXfeA%3D&pfdrid_c=false HTTP/1.1" 200 165625
190.66.247.53 - - [17/Feb/2023:06:45:43 -0500] "POST /sipse/faces/presentacion/financiero/solicitudProceso/consultarSolicitudProceso.xhtml HTTP/1.1" 200 5570
172.22.2.4 - - [17/Feb/2023:06:45:50 -0500] "GET /BLA/boletinlegal/Circulares/2009/Circular%20Instructiva%20-%20Memorando%202009IE24363.pdf HTTP/1.1" 200 1544636
172.22.2.4 - - [17/Feb/2023:06:44:46 -0500] "HEAD /BLA/boletinlegal/ HTTP/1.1" 200 -
172.22.2.4 - - [17/Feb/2023:06:45:36 -0500] "GET /BLA/boletinlegal/ HTTP/1.1" 200 52453
185.119.81.98 - - [17/Feb/2023:06:47:21 -0500] "GET /portaldeninos/wp-login.php HTTP/1.1" 200 2592
185.119.81.98 - - [17/Feb/2023:06:47:22 -0500] "POST /portaldeninos/wp-login.php HTTP/1.1" 200 3605
190.66.247.53 - - [17/Feb/2023:06:47:44 -0500] "POST /sipse/faces/presentacion/financiero/solicitudProceso/consultarSolicitudProceso.xhtml HTTP/1.1" 200 67330
190.66.247.53 - - [17/Feb/2023:06:47:45 -0500] "GET /sipse/faces/javax.faces.resource/theme.css?ln=primefaces-sipse HTTP/1.1" 304 -
190.66.247.53 - - [17/Feb/2023:06:47:45 -0500] "GET /sipse/faces/javax.faces.resource/primefaces.css?ln=primefaces&v=4.0 HTTP/1.1" 304 -
190.66.247.53 - - [17/Feb/2023:06:47:45 -0500] "GET /sipse/faces/javax.faces.resource/layout/layout.css?ln=primefaces&v=4.0 HTTP/1.1" 304 -
190.66.247.53 - - [17/Feb/2023:06:47:45 -0500] "GET /sipse/faces/javax.faces.resource/jquery/jquery.js?ln=primefaces&v=4.0 HTTP/1.1" 304 -
190.66.247.53 - - [17/Feb/2023:06:47:45 -0500] "GET /sipse/faces/javax.faces.resource/jquery/jquery-plugins.js?ln=primefaces&v=4.0 HTTP/1.1" 304 -
190.66.247.53 - - [17/Feb/2023:06:47:45 -0500] "GET /sipse/faces/javax.faces.resource/primefaces.js?ln=primefaces&v=4.0 HTTP/1.1" 304 -
190.66.247.53 - - [17/Feb/2023:06:47:45 -0500] "GET /sipse/faces/javax.faces.resource/layout/layout.js?ln=primefaces&v=4.0 HTTP/1.1" 304 -
216.245.221.92 - - [17/Feb/2023:06:47:56 -0500] "HEAD / HTTP/1.1" 200 -
190.66.247.53 - - [17/Feb/2023:06:48:08 -0500] "GET /sipse/faces/javax.faces.resource/theme.css?ln=primefaces-sipse HTTP/1.1" 304 -
190.66.247.53 - - [17/Feb/2023:06:48:08 -0500] "GET /sipse/faces/javax.faces.resource/primefaces.css?ln=primefaces&v=4.0 HTTP/1.1" 304 -
190.66.247.53 - - [17/Feb/2023:06:48:08 -0500] "GET /sipse/faces/javax.faces.resource/layout/layout.css?ln=primefaces&v=4.0 HTTP/1.1" 304 -
190.66.247.53 - - [17/Feb/2023:06:48:08 -0500] "GET /sipse/faces/javax.faces.resource/jquery/jquery.js?ln=primefaces&v=4.0 HTTP/1.1" 304 -
190.66.247.53 - - [17/Feb/2023:06:48:08 -0500] "GET /sipse/faces/javax.faces.resource/jquery/jquery-plugins.js?ln=primefaces&v=4.0 HTTP/1.1" 304 -
190.66.247.53 - - [17/Feb/2023:06:48:08 -0500] "GET /sipse/faces/javax.faces.resource/primefaces.js?ln=primefaces&v=4.0 HTTP/1.1" 304 -
190.66.247.53 - - [17/Feb/2023:06:48:08 -0500] "GET /sipse/faces/javax.faces.resource/layout/layout.js?ln=primefaces&v=4.0 HTTP/1.1" 304 -
190.66.247.53 - - [17/Feb/2023:06:48:07 -0500] "POST /sipse/faces/presentacion/financiero/solicitudProceso/consultarHistorialSolProceso.xhtml HTTP/1.1" 200 207879
190.66.247.53 - - [17/Feb/2023:06:48:33 -0500] "POST /sipse/faces/presentacion/financiero/solicitudProceso/consultarSolicitudProceso.xhtml HTTP/1.1" 200 6355
190.66.247.53 - - [17/Feb/2023:06:48:37 -0500] "POST /sipse/faces/presentacion/financiero/solicitudProceso/consultarSolicitudProceso.xhtml HTTP/1.1" 200 61522
190.66.247.53 - - [17/Feb/2023:06:48:38 -0500] "GET /sipse/faces/javax.faces.resource/theme.css?ln=primefaces-sipse HTTP/1.1" 304 -
190.66.247.53 - - [17/Feb/2023:06:48:38 -0500] "GET /sipse/faces/javax.faces.resource/primefaces.css?ln=primefaces&v=4.0 HTTP/1.1" 304 -
190.66.247.53 - - [17/Feb/2023:06:48:38 -0500] "GET /sipse/faces/javax.faces.resource/layout/layout.css?ln=primefaces&v=4.0 HTTP/1.1" 304 -
190.66.247.53 - - [17/Feb/2023:06:48:38 -0500] "GET /sipse/faces/javax.faces.resource/jquery/jquery.js?ln=primefaces&v=4.0 HTTP/1.1" 304 -
190.66.247.53 - - [17/Feb/2023:06:48:38 -0500] "GET /sipse/faces/javax.faces.resource/jquery/jquery-plugins.js?ln=primefaces&v=4.0 HTTP/1.1" 304 -
190.66.247.53 - - [17/Feb/2023:06:48:38 -0500] "GET /sipse/faces/javax.faces.resource/primefaces.js?ln=primefaces&v=4.0 HTTP/1.1" 304 -
190.66.247.53 - - [17/Feb/2023:06:48:38 -0500] "GET /sipse/faces/javax.faces.resource/layout/layout.js?ln=primefaces&v=4.0 HTTP/1.1" 304 -
190.66.247.53 - - [17/Feb/2023:06:48:39 -0500] "POST /sipse/faces/presentacion/financiero/solicitudProceso/listarSolicitudProceso.xhtml HTTP/1.1" 200 1556
190.66.247.53 - - [17/Feb/2023:06:48:41 -0500] "POST /sipse/faces/presentacion/financiero/solicitudProceso/listarSolicitudProceso.xhtml HTTP/1.1" 200 161461
190.66.247.53 - - [17/Feb/2023:06:48:42 -0500] "GET /sipse/faces/javax.faces.resource/theme.css?ln=primefaces-sipse HTTP/1.1" 304 -
190.66.247.53 - - [17/Feb/2023:06:48:42 -0500] "GET /sipse/faces/javax.faces.resource/primefaces.css?ln=primefaces&v=4.0 HTTP/1.1" 304 -
190.66.247.53 - - [17/Feb/2023:06:48:42 -0500] "GET /sipse/faces/javax.faces.resource/layout/layout.css?ln=primefaces&v=4.0 HTTP/1.1" 304 -
190.66.247.53 - - [17/Feb/2023:06:48:42 -0500] "GET /sipse/faces/javax.faces.resource/jquery/jquery.js?ln=primefaces&v=4.0 HTTP/1.1" 304 -
190.66.247.53 - - [17/Feb/2023:06:48:42 -0500] "GET /sipse/faces/javax.faces.resource/jquery/jquery-plugins.js?ln=primefaces&v=4.0 HTTP/1.1" 304 -
190.66.247.53 - - [17/Feb/2023:06:48:43 -0500] "GET /sipse/faces/javax.faces.resource/primefaces.js?ln=primefaces&v=4.0 HTTP/1.1" 304 -
190.66.247.53 - - [17/Feb/2023:06:48:43 -0500] "GET /sipse/faces/javax.faces.resource/layout/layout.js?ln=primefaces&v=4.0 HTTP/1.1" 304 -
190.66.247.53 - - [17/Feb/2023:06:49:04 -0500] "POST /sipse/faces/presentacion/financiero/solicitudProceso/consultarSolicitudProceso.xhtml HTTP/1.1" 200 6206
69.171.231.3 - - [17/Feb/2023:06:49:07 -0500] "GET /images/Juan%20Rey%20febrero%2013.jpg HTTP/1.1" 200 55934
190.66.247.53 - - [17/Feb/2023:06:49:13 -0500] "POST /sipse/faces/presentacion/financiero/solicitudProceso/consultarSolicitudProceso.xhtml HTTP/1.1" 200 61964
190.66.247.53 - - [17/Feb/2023:06:49:15 -0500] "GET /sipse/faces/javax.faces.resource/theme.css?ln=primefaces-sipse HTTP/1.1" 304 -
190.66.247.53 - - [17/Feb/2023:06:49:15 -0500] "GET /sipse/faces/javax.faces.resource/primefaces.css?ln=primefaces&v=4.0 HTTP/1.1" 304 -
190.66.247.53 - - [17/Feb/2023:06:49:15 -0500] "GET /sipse/faces/javax.faces.resource/layout/layout.css?ln=primefaces&v=4.0 HTTP/1.1" 304 -
190.66.247.53 - - [17/Feb/2023:06:49:16 -0500] "GET /sipse/faces/javax.faces.resource/jquery/jquery.js?ln=primefaces&v=4.0 HTTP/1.1" 304 -
190.66.247.53 - - [17/Feb/2023:06:49:16 -0500] "GET /sipse/faces/javax.faces.resource/jquery/jquery-plugins.js?ln=primefaces&v=4.0 HTTP/1.1" 304 -
190.66.247.53 - - [17/Feb/2023:06:49:16 -0500] "GET /sipse/faces/javax.faces.resource/primefaces.js?ln=primefaces&v=4.0 HTTP/1.1" 304 -
190.66.247.53 - - [17/Feb/2023:06:49:16 -0500] "GET /sipse/faces/javax.faces.resource/layout/layout.js?ln=primefaces&v=4.0 HTTP/1.1" 304 -
190.66.247.53 - - [17/Feb/2023:06:49:16 -0500] "POST /sipse/faces/presentacion/financiero/solicitudProceso/listarSolicitudProceso.xhtml HTTP/1.1" 200 1556
181.54.150.144 - - [17/Feb/2023:06:49:23 -0500] "GET /sipse/faces/index.xhtml HTTP/1.1" 200 677
181.54.150.144 - - [17/Feb/2023:06:49:25 -0500] "GET /sipse/faces/javax.faces.resource/theme.css?ln=primefaces-sipse HTTP/1.1" 304 -
181.54.150.144 - - [17/Feb/2023:06:49:25 -0500] "GET /sipse/faces/faces/autenticacion.xhtml HTTP/1.1" 200 12181
181.54.150.144 - - [17/Feb/2023:06:49:27 -0500] "GET /sipse/js/disable_browser_buttons.js HTTP/1.1" 304 -
181.54.150.144 - - [17/Feb/2023:06:49:27 -0500] "GET /sipse/css/custom_css_sg_prime_login.css HTTP/1.1" 304 -
181.54.150.144 - - [17/Feb/2023:06:49:27 -0500] "GET /sipse/css/custom_css_sg.css HTTP/1.1" 304 -
181.54.150.144 - - [17/Feb/2023:06:49:27 -0500] "GET /sipse/faces/javax.faces.resource/layout/layout.css?ln=primefaces&v=4.0 HTTP/1.1" 304 -
181.54.150.144 - - [17/Feb/2023:06:49:27 -0500] "GET /sipse/faces/javax.faces.resource/primefaces.css?ln=primefaces&v=4.0 HTTP/1.1" 304 -
181.54.150.144 - - [17/Feb/2023:06:49:27 -0500] "GET /sipse/faces/javax.faces.resource/theme.css?ln=primefaces-sipse HTTP/1.1" 304 -
181.54.150.144 - - [17/Feb/2023:06:49:27 -0500] "GET /sipse/faces/javax.faces.resource/jquery/jquery.js?ln=primefaces&v=4.0 HTTP/1.1" 304 -
181.54.150.144 - - [17/Feb/2023:06:49:27 -0500] "GET /sipse/faces/javax.faces.resource/jquery/jquery-plugins.js?ln=primefaces&v=4.0 HTTP/1.1" 304 -
181.54.150.144 - - [17/Feb/2023:06:49:27 -0500] "GET /sipse/faces/javax.faces.resource/primefaces.js?ln=primefaces&v=4.0 HTTP/1.1" 304 -
181.54.150.144 - - [17/Feb/2023:06:49:27 -0500] "GET /sipse/js/funciones.js HTTP/1.1" 304 -
181.54.150.144 - - [17/Feb/2023:06:49:27 -0500] "GET /sipse/faces/javax.faces.resource/layout/layout.js?ln=primefaces&v=4.0 HTTP/1.1" 304 -
181.54.150.144 - - [17/Feb/2023:06:49:27 -0500] "GET /sipse/css/imagen/logoSDG.png HTTP/1.1" 304 -
181.54.150.144 - - [17/Feb/2023:06:49:28 -0500] "GET /sipse/css/imagen/loginimg.png HTTP/1.1" 304 -
181.54.150.144 - - [17/Feb/2023:06:49:28 -0500] "GET /sipse/faces/javax.faces.resource/images/ui-icons_898989_256x240.png?ln=primefaces-aristo HTTP/1.1" 304 -
40.77.188.81 - - [17/Feb/2023:06:49:33 -0500] "GET /portaldeninos/wp-includes/js/jquery/ui/core.min.js?ver=1.11.4 HTTP/1.1" 200 4000
40.77.188.81 - - [17/Feb/2023:06:49:33 -0500] "GET /portaldeninos/wp-content/themes/betheme/style.css?ver=20.9.6 HTTP/1.1" 200 287
40.77.188.81 - - [17/Feb/2023:06:49:33 -0500] "GET /portaldeninos/wp-content/themes/betheme/css/shortcodes.css?ver=20.9.6 HTTP/1.1" 200 138889
40.77.188.81 - - [17/Feb/2023:06:49:34 -0500] "GET /portaldeninos/wp-content/themes/betheme/assets/animations/animations.min.js?ver=20.9.6 HTTP/1.1" 200 1896
40.77.188.81 - - [17/Feb/2023:06:49:33 -0500] "GET /portaldeninos/wp-includes/js/jquery/ui/sortable.min.js?ver=1.11.4 HTTP/1.1" 200 24899
40.77.188.81 - - [17/Feb/2023:06:49:34 -0500] "GET /portaldeninos/wp-includes/js/wp-emoji-release.min.js?ver=4.9.8 HTTP/1.1" 200 12026
40.77.188.81 - - [17/Feb/2023:06:49:34 -0500] "GET /portaldeninos/wp-content/themes/betheme/assets/jplayer/jplayer.min.js?ver=20.9.6 HTTP/1.1" 200 52702
40.77.188.81 - - [17/Feb/2023:06:49:34 -0500] "GET /portaldeninos/wp-content/themes/betheme/js/plugins.js?ver=20.9.6 HTTP/1.1" 200 197151
40.77.188.81 - - [17/Feb/2023:06:49:34 -0500] "GET /portaldeninos/wp-content/themes/betheme/fonts/mfn-icons.woff?93978679 HTTP/1.1" 200 80932
181.54.150.144 - - [17/Feb/2023:06:49:35 -0500] "POST /sipse/faces/autenticacion.xhtml HTTP/1.1" 200 16729
181.54.150.144 - - [17/Feb/2023:06:49:36 -0500] "GET /sipse/css/custom_css_sg_prime.css HTTP/1.1" 304 -
181.54.150.144 - - [17/Feb/2023:06:49:36 -0500] "GET /sipse/faces/javax.faces.resource/theme.css?ln=primefaces-sipse HTTP/1.1" 304 -
181.54.150.144 - - [17/Feb/2023:06:49:36 -0500] "GET /sipse/faces/javax.faces.resource/primefaces.css?ln=primefaces&v=4.0 HTTP/1.1" 304 -
181.54.150.144 - - [17/Feb/2023:06:49:36 -0500] "GET /sipse/faces/javax.faces.resource/layout/layout.css?ln=primefaces&v=4.0 HTTP/1.1" 304 -
181.54.150.144 - - [17/Feb/2023:06:49:36 -0500] "GET /sipse/js/jquery.min.js HTTP/1.1" 304 -
181.54.150.144 - - [17/Feb/2023:06:49:36 -0500] "GET /sipse/faces/javax.faces.resource/jquery/jquery.js?ln=primefaces&v=4.0 HTTP/1.1" 304 -
181.54.150.144 - - [17/Feb/2023:06:49:36 -0500] "GET /sipse/faces/javax.faces.resource/jquery/jquery-plugins.js?ln=primefaces&v=4.0 HTTP/1.1" 304 -
181.54.150.144 - - [17/Feb/2023:06:49:36 -0500] "GET /sipse/faces/javax.faces.resource/primefaces.js?ln=primefaces&v=4.0 HTTP/1.1" 304 -
181.54.150.144 - - [17/Feb/2023:06:49:36 -0500] "GET /sipse/faces/javax.faces.resource/layout/layout.js?ln=primefaces&v=4.0 HTTP/1.1" 304 -
181.54.150.144 - - [17/Feb/2023:06:49:36 -0500] "GET /sipse/imagenes/cargando.gif HTTP/1.1" 304 -
181.54.150.144 - - [17/Feb/2023:06:49:36 -0500] "GET /sipse/imagenes/logoAplicacion.jpg HTTP/1.1" 304 -
181.54.150.144 - - [17/Feb/2023:06:49:36 -0500] "GET /sipse/css/imagen/contrasena.png HTTP/1.1" 404 383
181.54.150.144 - - [17/Feb/2023:06:49:36 -0500] "GET /sipse/faces/javax.faces.resource/messages/messages.png?ln=primefaces&v=4.0 HTTP/1.1" 304 -
181.54.150.144 - - [17/Feb/2023:06:49:38 -0500] "GET /sipse/faces/javax.faces.resource/images/ui-bg_flat_0_2d5972_40x100.png?ln=primefaces-aristo HTTP/1.1" 304 -
181.54.150.144 - - [17/Feb/2023:06:49:38 -0500] "POST /sipse/faces/bienvenido.xhtml HTTP/1.1" 200 2073
201.245.192.253 - - [17/Feb/2023:06:49:40 -0500] "POST /kwsrmcab/Wsrmcab  HTTP/1.1" 200 213
181.54.150.144 - - [17/Feb/2023:06:49:42 -0500] "POST /sipse/faces/bienvenido.xhtml HTTP/1.1" 200 39025
181.54.150.144 - - [17/Feb/2023:06:49:42 -0500] "GET /sipse/faces/javax.faces.resource/theme.css?ln=primefaces-sipse HTTP/1.1" 304 -
181.54.150.144 - - [17/Feb/2023:06:49:42 -0500] "GET /sipse/faces/javax.faces.resource/layout/layout.css?ln=primefaces&v=4.0 HTTP/1.1" 304 -
181.54.150.144 - - [17/Feb/2023:06:49:42 -0500] "GET /sipse/faces/javax.faces.resource/primefaces.css?ln=primefaces&v=4.0 HTTP/1.1" 304 -
181.54.150.144 - - [17/Feb/2023:06:49:42 -0500] "GET /sipse/faces/javax.faces.resource/jquery/jquery.js?ln=primefaces&v=4.0 HTTP/1.1" 304 -
181.54.150.144 - - [17/Feb/2023:06:49:42 -0500] "GET /sipse/faces/javax.faces.resource/jquery/jquery-plugins.js?ln=primefaces&v=4.0 HTTP/1.1" 304 -
181.54.150.144 - - [17/Feb/2023:06:49:42 -0500] "GET /sipse/faces/javax.faces.resource/primefaces.js?ln=primefaces&v=4.0 HTTP/1.1" 304 -
181.54.150.144 - - [17/Feb/2023:06:49:42 -0500] "GET /sipse/faces/javax.faces.resource/layout/layout.js?ln=primefaces&v=4.0 HTTP/1.1" 304 -
181.54.150.144 - - [17/Feb/2023:06:50:00 -0500] "POST /sipse/faces/presentacion/financiero/solicitudProceso/consultar.xhtml HTTP/1.1" 200 12832
66.249.66.79 - - [17/Feb/2023:06:50:22 -0500] "-" 408 -
204.199.94.91 - - [17/Feb/2023:06:50:34 -0500] "GET /secretaria-de-ambiente-impone-sancion-por-puntos-de-obra-sin-permiso-en-el-humedal-tibabuyes.html HTTP/1.1" 200 990
64.124.8.27 - - [17/Feb/2023:06:52:03 -0500] "-" 408 -
3.81.50.235 - - [17/Feb/2023:06:52:04 -0500] "GET /BLA/resoluciones/AUTOS%202021/0544.pdf HTTP/1.1" 200 344726
173.252.107.19 - - [17/Feb/2023:06:52:10 -0500] "GET /images/8%20de%20febrero%20incendio%20forestal.jpeg HTTP/1.1" 200 56283
172.22.2.4 - - [17/Feb/2023:06:50:36 -0500] "HEAD /BLA/boletinlegal/ HTTP/1.1" 200 -
216.245.221.92 - - [17/Feb/2023:06:52:56 -0500] "HEAD / HTTP/1.1" 200 -
186.80.234.110 - - [17/Feb/2023:06:53:02 -0500] "GET /sipsesda/ HTTP/1.1" 200 1477
186.80.234.110 - - [17/Feb/2023:06:53:02 -0500] "GET /css/segobdis.css HTTP/1.1" 404 1264
186.80.234.110 - - [17/Feb/2023:06:53:02 -0500] "GET /sipsesda/faces/login.jspx HTTP/1.1" 200 7588
186.80.234.110 - - [17/Feb/2023:06:53:02 -0500] "GET /sipsesda/js/disable_browser_buttons.js;jsessionid=ac16012b22b8351407fd0a6749a3a942cdef9f5d4931.e34Lc3uRbN4Oc40Lax90 HTTP/1.1" 200 2767
186.80.234.110 - - [17/Feb/2023:06:53:02 -0500] "GET /sipsesda/js/funciones.js;jsessionid=ac16012b22b8351407fd0a6749a3a942cdef9f5d4931.e34Lc3uRbN4Oc40Lax90 HTTP/1.1" 200 36377
186.80.234.110 - - [17/Feb/2023:06:53:02 -0500] "GET /sipsesda/adf/styles/cache/segobdis16-desktop-10_1_3_4_0-webkit.css;jsessionid=ac16012b22b8351407fd0a6749a3a942cdef9f5d4931.e34Lc3uRbN4Oc40Lax90 HTTP/1.1" 200 57326
186.80.234.110 - - [17/Feb/2023:06:53:02 -0500] "GET /sipsesda/adf/images/t.gif;jsessionid=ac16012b22b8351407fd0a6749a3a942cdef9f5d4931.e34Lc3uRbN4Oc40Lax90 HTTP/1.1" 200 86
186.80.234.110 - - [17/Feb/2023:06:53:02 -0500] "GET /sipsesda/imagenes/encabezado.jpg;jsessionid=ac16012b22b8351407fd0a6749a3a942cdef9f5d4931.e34Lc3uRbN4Oc40Lax90 HTTP/1.1" 200 18018
186.80.234.110 - - [17/Feb/2023:06:53:02 -0500] "GET /sipsesda/adf/jsLibs/Common10_1_3_4_0.js;jsessionid=ac16012b22b8351407fd0a6749a3a942cdef9f5d4931.e34Lc3uRbN4Oc40Lax90 HTTP/1.1" 200 132959
172.22.2.4 - - [17/Feb/2023:06:51:26 -0500] "GET /BLA/boletinlegal/ HTTP/1.1" 200 56825
