181.56.89.136 - - [17/Feb/2023:00:26:40 -0500] "GET /sipse/faces/javax.faces.resource/layout/layout.css?ln=primefaces&v=4.0 HTTP/1.1" 304 -
181.56.89.136 - - [17/Feb/2023:00:26:40 -0500] "GET /sipse/faces/javax.faces.resource/jquery/jquery.js?ln=primefaces&v=4.0 HTTP/1.1" 304 -
181.56.89.136 - - [17/Feb/2023:00:26:40 -0500] "GET /sipse/faces/javax.faces.resource/jquery/jquery-plugins.js?ln=primefaces&v=4.0 HTTP/1.1" 304 -
181.56.89.136 - - [17/Feb/2023:00:26:40 -0500] "GET /sipse/faces/javax.faces.resource/primefaces.js?ln=primefaces&v=4.0 HTTP/1.1" 304 -
181.56.89.136 - - [17/Feb/2023:00:26:40 -0500] "GET /sipse/faces/javax.faces.resource/layout/layout.js?ln=primefaces&v=4.0 HTTP/1.1" 304 -
181.56.89.136 - - [17/Feb/2023:00:26:46 -0500] "POST /sipse/faces/presentacion/financiero/solicitudProceso/consultarSolicitudProceso.xhtml HTTP/1.1" 200 5602
172.22.2.4 - - [17/Feb/2023:00:26:00 -0500] "GET /BLA/boletinlegal/ HTTP/1.1" 200 32715
181.56.89.136 - - [17/Feb/2023:00:27:12 -0500] "POST /sipse/faces/presentacion/financiero/solicitudProceso/consultarSolicitudProceso.xhtml HTTP/1.1" 200 7003
172.22.2.4 - - [17/Feb/2023:00:25:37 -0500] "HEAD /BLA/boletinlegal/ HTTP/1.1" 200 -
181.56.89.136 - - [17/Feb/2023:00:27:26 -0500] "POST /sipse/faces/presentacion/financiero/solicitudProceso/consultarSolicitudProceso.xhtml HTTP/1.1" 200 37911
181.56.89.136 - - [17/Feb/2023:00:27:31 -0500] "GET /sipse/faces/javax.faces.resource/theme.css?ln=primefaces-sipse HTTP/1.1" 304 -
181.56.89.136 - - [17/Feb/2023:00:27:31 -0500] "GET /sipse/faces/javax.faces.resource/layout/layout.css?ln=primefaces&v=4.0 HTTP/1.1" 304 -
181.56.89.136 - - [17/Feb/2023:00:27:31 -0500] "GET /sipse/faces/javax.faces.resource/primefaces.css?ln=primefaces&v=4.0 HTTP/1.1" 304 -
181.56.89.136 - - [17/Feb/2023:00:27:31 -0500] "GET /sipse/faces/javax.faces.resource/jquery/jquery.js?ln=primefaces&v=4.0 HTTP/1.1" 304 -
181.56.89.136 - - [17/Feb/2023:00:27:31 -0500] "GET /sipse/faces/javax.faces.resource/jquery/jquery-plugins.js?ln=primefaces&v=4.0 HTTP/1.1" 304 -
181.56.89.136 - - [17/Feb/2023:00:27:31 -0500] "GET /sipse/faces/javax.faces.resource/primefaces.js?ln=primefaces&v=4.0 HTTP/1.1" 304 -
181.56.89.136 - - [17/Feb/2023:00:27:31 -0500] "GET /sipse/faces/javax.faces.resource/layout/layout.js?ln=primefaces&v=4.0 HTTP/1.1" 304 -
181.56.89.136 - - [17/Feb/2023:00:27:32 -0500] "POST /sipse/faces/presentacion/financiero/solicitudProceso/listarSolicitudProceso.xhtml HTTP/1.1" 200 1396
207.46.13.224 - - [17/Feb/2023:00:27:34 -0500] "GET / HTTP/1.1" 200 319
201.245.192.253 - - [17/Feb/2023:00:27:54 -0500] "POST /kwsrmcab/Wsrmcab HTTP/1.1" 200 39082
216.245.221.92 - - [17/Feb/2023:00:27:56 -0500] "HEAD / HTTP/1.1" 200 -
201.245.192.253 - - [17/Feb/2023:00:27:56 -0500] "POST /kwsrmcab/Wsrmcab HTTP/1.1" 200 41428
172.22.2.4 - - [17/Feb/2023:00:26:27 -0500] "GET /BLA/boletinlegal/ HTTP/1.1" 200 55680
190.27.19.46 - - [17/Feb/2023:00:28:23 -0500] "GET /secretaria-de-ambiente-abre-inscripciones-para-recorridos-gratuitos-en-aulas-ambientales-de-bogota.html HTTP/1.1" 200 916
52.167.144.97 - - [17/Feb/2023:00:30:03 -0500] "GET /BLA/resoluciones/AUTOS%202021/6208.pdf HTTP/1.1" 304 -
201.245.192.253 - - [17/Feb/2023:00:31:02 -0500] "POST /kwsrmcab/Wsrmcab  HTTP/1.1" 200 213
66.249.66.79 - - [17/Feb/2023:00:31:18 -0500] "-" 408 -
52.167.144.97 - - [17/Feb/2023:00:32:12 -0500] "GET /BLA/resoluciones/AUTOS%202022/7411.pdf HTTP/1.1" 304 -
216.245.221.92 - - [17/Feb/2023:00:32:56 -0500] "HEAD / HTTP/1.1" 200 -
207.46.13.224 - - [17/Feb/2023:00:33:02 -0500] "GET /BLA/resoluciones/RESOLUCIONES%202008/4895.pdf HTTP/1.1" 200 251368
172.22.2.4 - - [17/Feb/2023:00:31:27 -0500] "HEAD /BLA/boletinlegal/ HTTP/1.1" 200 -
172.22.2.4 - - [17/Feb/2023:00:32:17 -0500] "GET /BLA/boletinlegal/ HTTP/1.1" 200 55680
201.245.192.253 - - [17/Feb/2023:00:36:01 -0500] "POST /kwsrmcab/Wsrmcab  HTTP/1.1" 200 213
157.55.39.142 - - [17/Feb/2023:00:37:19 -0500] "GET /BLA/resoluciones/AUTOS%202021/0260.pdf HTTP/1.1" 200 407150
172.22.2.4 - - [17/Feb/2023:00:37:26 -0500] "HEAD /BLA/boletinlegal/robots.txt HTTP/1.1" 404 -
172.22.2.4 - - [17/Feb/2023:00:37:27 -0500] "GET /BLA/boletinlegal/robots.txt HTTP/1.1" 404 1038
201.245.192.253 - - [17/Feb/2023:00:37:53 -0500] "POST /kwsrmcab/Wsrmcab HTTP/1.1" 200 39082
216.245.221.92 - - [17/Feb/2023:00:37:56 -0500] "HEAD / HTTP/1.1" 200 -
201.245.192.253 - - [17/Feb/2023:00:37:56 -0500] "POST /kwsrmcab/Wsrmcab HTTP/1.1" 200 41428
66.249.69.229 - - [17/Feb/2023:00:38:47 -0500] "-" 408 -
172.22.2.4 - - [17/Feb/2023:00:37:17 -0500] "HEAD /BLA/boletinlegal/ HTTP/1.1" 200 -
172.22.2.4 - - [17/Feb/2023:00:37:27 -0500] "GET /BLA/boletinlegal/ HTTP/1.1" 200 48801
172.22.2.4 - - [17/Feb/2023:00:38:07 -0500] "GET /BLA/boletinlegal/ HTTP/1.1" 200 50855
162.55.165.184 - - [17/Feb/2023:00:40:58 -0500] "GET / HTTP/1.1" 200 319
162.55.165.184 - - [17/Feb/2023:00:41:00 -0500] "GET / HTTP/1.1" 200 4720
201.245.192.253 - - [17/Feb/2023:00:40:59 -0500] "POST /kwsrmcab/Wsrmcab  HTTP/1.1" 200 213
66.249.66.79 - - [17/Feb/2023:00:41:25 -0500] "-" 408 -
216.245.221.92 - - [17/Feb/2023:00:42:56 -0500] "HEAD / HTTP/1.1" 200 -
172.22.2.4 - - [17/Feb/2023:00:43:28 -0500] "GET /BLA/boletinlegal/Circulares/2013/Circular%20No.%201%20del%2014%20de%20enero%20de%202013.pdf HTTP/1.1" 304 -
185.124.164.27 - - [17/Feb/2023:00:44:25 -0500] "GET / HTTP/1.1" 200 319
172.22.2.4 - - [17/Feb/2023:00:43:07 -0500] "HEAD /BLA/boletinlegal/ HTTP/1.1" 200 -
172.22.2.4 - - [17/Feb/2023:00:43:57 -0500] "GET /BLA/boletinlegal/ HTTP/1.1" 200 56825
201.245.192.253 - - [17/Feb/2023:00:45:58 -0500] "POST /kwsrmcab/Wsrmcab  HTTP/1.1" 200 213
216.245.221.92 - - [17/Feb/2023:00:47:56 -0500] "HEAD / HTTP/1.1" 200 -
179.43.177.242 - - [17/Feb/2023:00:47:58 -0500] "GET / HTTP/1.1" 200 319
172.22.2.4 - - [17/Feb/2023:00:48:57 -0500] "HEAD /BLA/boletinlegal/ HTTP/1.1" 200 -
201.245.192.253 - - [17/Feb/2023:00:50:56 -0500] "POST /kwsrmcab/Wsrmcab  HTTP/1.1" 200 213
172.22.2.4 - - [17/Feb/2023:00:49:47 -0500] "GET /BLA/boletinlegal/ HTTP/1.1" 200 58612
45.225.57.69 - - [17/Feb/2023:00:52:49 -0500] "-" 408 -
216.245.221.92 - - [17/Feb/2023:00:52:56 -0500] "HEAD / HTTP/1.1" 200 -
201.245.192.253 - - [17/Feb/2023:00:55:55 -0500] "POST /kwsrmcab/Wsrmcab  HTTP/1.1" 200 213
172.22.2.4 - - [17/Feb/2023:00:54:47 -0500] "HEAD /BLA/boletinlegal/ HTTP/1.1" 200 -
172.22.2.4 - - [17/Feb/2023:00:55:37 -0500] "GET /BLA/boletinlegal/ HTTP/1.1" 200 59035
216.245.221.92 - - [17/Feb/2023:00:57:56 -0500] "HEAD / HTTP/1.1" 200 -
201.245.192.253 - - [17/Feb/2023:01:00:54 -0500] "POST /kwsrmcab/Wsrmcab  HTTP/1.1" 200 213
172.22.2.4 - - [17/Feb/2023:01:00:37 -0500] "HEAD /BLA/boletinlegal/ HTTP/1.1" 200 -
66.249.77.28 - - [17/Feb/2023:01:02:54 -0500] "-" 408 -
216.245.221.92 - - [17/Feb/2023:01:02:56 -0500] "HEAD / HTTP/1.1" 200 -
172.22.2.4 - - [17/Feb/2023:01:01:27 -0500] "GET /BLA/boletinlegal/ HTTP/1.1" 200 57192
201.245.192.253 - - [17/Feb/2023:01:05:53 -0500] "POST /kwsrmcab/Wsrmcab  HTTP/1.1" 200 213
152.61.192.232 - - [17/Feb/2023:01:07:03 -0500] "GET / HTTP/1.1" 200 319
216.245.221.92 - - [17/Feb/2023:01:07:56 -0500] "HEAD / HTTP/1.1" 200 -
172.22.2.4 - - [17/Feb/2023:01:06:26 -0500] "HEAD /BLA/boletinlegal/ HTTP/1.1" 200 -
172.22.2.4 - - [17/Feb/2023:01:07:17 -0500] "GET /BLA/boletinlegal/ HTTP/1.1" 200 57824
66.249.77.28 - - [17/Feb/2023:01:10:23 -0500] "-" 408 -
66.249.66.81 - - [17/Feb/2023:01:10:41 -0500] "-" 408 -
201.245.192.253 - - [17/Feb/2023:01:10:52 -0500] "POST /kwsrmcab/Wsrmcab  HTTP/1.1" 200 213
114.119.149.91 - - [17/Feb/2023:01:11:59 -0500] "-" 408 -
216.245.221.92 - - [17/Feb/2023:01:12:56 -0500] "HEAD / HTTP/1.1" 200 -
172.22.2.4 - - [17/Feb/2023:01:12:17 -0500] "HEAD /BLA/boletinlegal/ HTTP/1.1" 200 -
172.22.2.4 - - [17/Feb/2023:01:13:07 -0500] "GET /BLA/boletinlegal/ HTTP/1.1" 200 59035
201.245.192.253 - - [17/Feb/2023:01:15:52 -0500] "POST /kwsrmcab/Wsrmcab  HTTP/1.1" 200 213
201.245.192.253 - - [17/Feb/2023:01:17:53 -0500] "POST /kwsrmcab/Wsrmcab HTTP/1.1" 200 39213
216.245.221.92 - - [17/Feb/2023:01:17:56 -0500] "HEAD / HTTP/1.1" 200 -
201.245.192.253 - - [17/Feb/2023:01:17:56 -0500] "POST /kwsrmcab/Wsrmcab HTTP/1.1" 200 41117
172.22.2.4 - - [17/Feb/2023:01:18:06 -0500] "HEAD /BLA/boletinlegal/ HTTP/1.1" 200 -
34.141.168.74 - - [17/Feb/2023:01:20:12 -0500] "GET /inventario-de-emisiones-2020-transporte-publico-sitp-redujo-emisiones-de-pm-2-5-en-un-37.html HTTP/1.1" 200 925
152.61.128.50 - - [17/Feb/2023:01:20:17 -0500] "GET / HTTP/1.1" 200 319
172.22.2.4 - - [17/Feb/2023:01:18:57 -0500] "GET /BLA/boletinlegal/ HTTP/1.1" 200 58185
201.245.192.253 - - [17/Feb/2023:01:20:51 -0500] "POST /kwsrmcab/Wsrmcab  HTTP/1.1" 200 213
216.245.221.92 - - [17/Feb/2023:01:22:56 -0500] "HEAD / HTTP/1.1" 200 -
40.77.167.225 - - [17/Feb/2023:01:23:41 -0500] "GET / HTTP/1.1" 200 4720
66.249.69.231 - - [17/Feb/2023:01:23:47 -0500] "-" 408 -
64.62.197.55 - - [17/Feb/2023:01:24:12 -0500] "GET /favicon.ico HTTP/1.1" 200 7782
143.42.102.53 - - [17/Feb/2023:01:24:43 -0500] "GET / HTTP/1.1" 200 319
172.22.2.4 - - [17/Feb/2023:01:23:56 -0500] "HEAD /BLA/boletinlegal/ HTTP/1.1" 200 -
201.245.192.253 - - [17/Feb/2023:01:25:50 -0500] "POST /kwsrmcab/Wsrmcab  HTTP/1.1" 200 213
172.22.2.4 - - [17/Feb/2023:01:24:47 -0500] "GET /BLA/boletinlegal/ HTTP/1.1" 200 52942
201.245.192.253 - - [17/Feb/2023:01:27:53 -0500] "POST /kwsrmcab/Wsrmcab HTTP/1.1" 200 39213
216.245.221.92 - - [17/Feb/2023:01:27:56 -0500] "HEAD / HTTP/1.1" 200 -
201.245.192.253 - - [17/Feb/2023:01:27:55 -0500] "POST /kwsrmcab/Wsrmcab HTTP/1.1" 200 41117
201.245.192.253 - - [17/Feb/2023:01:30:49 -0500] "POST /kwsrmcab/Wsrmcab  HTTP/1.1" 200 213
172.22.2.4 - - [17/Feb/2023:01:29:46 -0500] "HEAD /BLA/boletinlegal/ HTTP/1.1" 200 -
172.22.2.4 - - [17/Feb/2023:01:30:37 -0500] "GET /BLA/boletinlegal/ HTTP/1.1" 200 56825
216.245.221.92 - - [17/Feb/2023:01:32:56 -0500] "HEAD / HTTP/1.1" 200 -
201.245.192.253 - - [17/Feb/2023:01:35:47 -0500] "POST /kwsrmcab/Wsrmcab  HTTP/1.1" 503 1020
51.161.84.125 - - [17/Feb/2023:01:36:18 -0500] "GET /auambari-deleito-con-sus-sonidos-ambientales-a-los-asistentes-de-fima-2021.html HTTP/1.1" 200 888
172.22.2.4 - - [17/Feb/2023:01:35:36 -0500] "HEAD /BLA/boletinlegal/ HTTP/1.1" 200 -
103.43.19.36 - - [17/Feb/2023:01:37:43 -0500] "GET / HTTP/1.1" 200 319
201.245.192.253 - - [17/Feb/2023:01:37:53 -0500] "POST /kwsrmcab/Wsrmcab HTTP/1.1" 200 39213
216.245.221.92 - - [17/Feb/2023:01:37:56 -0500] "HEAD / HTTP/1.1" 200 -
201.245.192.253 - - [17/Feb/2023:01:37:56 -0500] "POST /kwsrmcab/Wsrmcab HTTP/1.1" 200 41117
172.22.2.4 - - [17/Feb/2023:01:36:27 -0500] "GET /BLA/boletinlegal/ HTTP/1.1" 200 59035
201.245.192.253 - - [17/Feb/2023:01:40:46 -0500] "POST /kwsrmcab/Wsrmcab  HTTP/1.1" 200 213
216.245.221.92 - - [17/Feb/2023:01:42:56 -0500] "HEAD / HTTP/1.1" 200 -
172.22.2.4 - - [17/Feb/2023:01:41:26 -0500] "HEAD /BLA/boletinlegal/ HTTP/1.1" 200 -
172.22.2.4 - - [17/Feb/2023:01:42:17 -0500] "GET /BLA/boletinlegal/ HTTP/1.1" 200 55680
201.245.192.253 - - [17/Feb/2023:01:45:45 -0500] "POST /kwsrmcab/Wsrmcab  HTTP/1.1" 200 213
216.245.221.92 - - [17/Feb/2023:01:47:56 -0500] "HEAD / HTTP/1.1" 200 -
92.118.39.82 - - [17/Feb/2023:01:48:12 -0500] "GET / HTTP/1.1" 200 319
92.118.39.82 - - [17/Feb/2023:01:48:13 -0500] "GET /cgi-bin/downloadFlile.cgi HTTP/1.1" 404 1018
172.22.2.4 - - [17/Feb/2023:01:47:16 -0500] "HEAD /BLA/boletinlegal/ HTTP/1.1" 200 -
172.22.2.4 - - [17/Feb/2023:01:48:07 -0500] "GET /BLA/boletinlegal/ HTTP/1.1" 200 57192
152.61.192.232 - - [17/Feb/2023:01:50:03 -0500] "GET /arcgis/services/Calidad_del_Agua_WQI/MapServer/WMSServer?request=GetCapabilities&service=WMS HTTP/1.1" 503 1020
152.61.192.232 - - [17/Feb/2023:01:50:04 -0500] "GET /arcgis/services/Calidad_del_Agua_WQI/MapServer/WMSServer?SERVICE=WMS&REQUEST=GetCapabilities HTTP/1.1" 503 1020
152.61.192.232 - - [17/Feb/2023:01:50:04 -0500] "GET /arcgis/services/Calidad_del_Agua_WQI/MapServer/WMSServer?WMTVER=1.0.0&REQUEST=capabilities HTTP/1.1" 503 1020
192.133.77.16 - - [17/Feb/2023:01:50:33 -0500] "GET /images/cronica-amanda-rodriguez-30-abril.jpg HTTP/1.1" 200 26304
201.245.192.253 - - [17/Feb/2023:01:50:44 -0500] "POST /kwsrmcab/Wsrmcab  HTTP/1.1" 200 213
216.245.221.92 - - [17/Feb/2023:01:52:56 -0500] "HEAD / HTTP/1.1" 200 -
172.22.2.4 - - [17/Feb/2023:01:53:06 -0500] "HEAD /BLA/boletinlegal/ HTTP/1.1" 200 -
172.22.2.4 - - [17/Feb/2023:01:53:57 -0500] "GET /BLA/boletinlegal/ HTTP/1.1" 200 54452
201.245.192.253 - - [17/Feb/2023:01:55:43 -0500] "POST /kwsrmcab/Wsrmcab  HTTP/1.1" 200 213
66.249.66.79 - - [17/Feb/2023:01:56:18 -0500] "-" 408 -
216.245.221.92 - - [17/Feb/2023:01:57:56 -0500] "HEAD / HTTP/1.1" 200 -
172.22.2.4 - - [17/Feb/2023:01:58:56 -0500] "HEAD /BLA/boletinlegal/ HTTP/1.1" 200 -
201.245.192.253 - - [17/Feb/2023:02:00:42 -0500] "POST /kwsrmcab/Wsrmcab  HTTP/1.1" 200 213
172.22.2.4 - - [17/Feb/2023:01:59:47 -0500] "GET /BLA/boletinlegal/ HTTP/1.1" 200 57192
103.173.157.210 - - [17/Feb/2023:02:02:31 -0500] "GET /config/getuser?index=0 HTTP/1.1" 404 1018
216.245.221.92 - - [17/Feb/2023:02:02:56 -0500] "HEAD / HTTP/1.1" 200 -
172.22.2.4 - - [17/Feb/2023:02:03:55 -0500] "GET /BLA/boletinlegal/robots.txt HTTP/1.1" 404 1038
186.84.140.58 - - [17/Feb/2023:02:04:16 -0500] "GET /secretaria-de-ambiente-impone-sancion-por-puntos-de-obra-sin-permiso-en-el-humedal-tibabuyes.html HTTP/1.1" 200 990
172.22.2.4 - - [17/Feb/2023:02:03:57 -0500] "GET /BLA/boletinlegal/index.php HTTP/1.1" 200 58185
201.245.192.253 - - [17/Feb/2023:02:05:41 -0500] "POST /kwsrmcab/Wsrmcab  HTTP/1.1" 200 213
34.250.24.75 - - [17/Feb/2023:02:06:11 -0500] "GET /BLA/resoluciones/RESOLUCIONES%202022/4350.pdf HTTP/1.1" 200 406362
172.22.2.4 - - [17/Feb/2023:02:05:30 -0500] "GET /BLA/boletinlegal/ HTTP/1.1" 200 24523
172.22.2.4 - - [17/Feb/2023:02:04:46 -0500] "HEAD /BLA/boletinlegal/ HTTP/1.1" 200 -
152.61.128.50 - - [17/Feb/2023:02:06:33 -0500] "GET /arcgis/services/Calidad_del_Agua_WQI/MapServer/WMSServer?request=GetCapabilities&service=WMS HTTP/1.1" 503 1020
152.61.128.50 - - [17/Feb/2023:02:06:34 -0500] "GET /arcgis/services/Calidad_del_Agua_WQI/MapServer/WMSServer?SERVICE=WMS&REQUEST=GetCapabilities HTTP/1.1" 503 1020
152.61.128.50 - - [17/Feb/2023:02:06:35 -0500] "GET /arcgis/services/Calidad_del_Agua_WQI/MapServer/WMSServer?WMTVER=1.0.0&REQUEST=capabilities HTTP/1.1" 503 1020
172.22.2.4 - - [17/Feb/2023:02:05:37 -0500] "GET /BLA/boletinlegal/ HTTP/1.1" 200 53739
207.46.13.213 - - [17/Feb/2023:02:07:17 -0500] "GET /sendero/ HTTP/1.1" 200 36439
216.245.221.92 - - [17/Feb/2023:02:07:56 -0500] "HEAD / HTTP/1.1" 200 -
201.245.192.253 - - [17/Feb/2023:02:10:40 -0500] "POST /kwsrmcab/Wsrmcab  HTTP/1.1" 200 213
172.22.2.4 - - [17/Feb/2023:02:10:36 -0500] "HEAD /BLA/boletinlegal/ HTTP/1.1" 200 -
216.245.221.92 - - [17/Feb/2023:02:12:56 -0500] "HEAD / HTTP/1.1" 200 -
172.22.2.4 - - [17/Feb/2023:02:11:27 -0500] "GET /BLA/boletinlegal/ HTTP/1.1" 200 56825
201.245.192.253 - - [17/Feb/2023:02:15:40 -0500] "POST /kwsrmcab/Wsrmcab  HTTP/1.1" 200 213
172.22.2.4 - - [17/Feb/2023:02:17:05 -0500] "GET /BLA/boletinlegal/zEjNyczNxQDO3kTMyETL1xSMxMzN2MDN5IjN3YTMsETL0xyLt92YuQ2dzl2Zuc3d39yL6MHc0RHasAjM6ATM6AjMgcDMtIDMtMjMwITLkxiNx0id HTTP/1.1" 404 1338
172.22.2.4 - - [17/Feb/2023:02:16:35 -0500] "GET /BLA/boletinlegal/ HTTP/1.1" 200 24523
143.244.50.172 - - [17/Feb/2023:02:17:23 -0500] "GET /config/getuser?index=0 HTTP/1.1" 404 1018
201.245.192.253 - - [17/Feb/2023:02:17:52 -0500] "POST /kwsrmcab/Wsrmcab HTTP/1.1" 200 39376
216.245.221.92 - - [17/Feb/2023:02:17:56 -0500] "HEAD / HTTP/1.1" 200 -
201.245.192.253 - - [17/Feb/2023:02:17:55 -0500] "POST /kwsrmcab/Wsrmcab HTTP/1.1" 200 41278
172.22.2.4 - - [17/Feb/2023:02:16:26 -0500] "HEAD /BLA/boletinlegal/ HTTP/1.1" 200 -
172.22.2.4 - - [17/Feb/2023:02:17:17 -0500] "GET /BLA/boletinlegal/ HTTP/1.1" 200 57192
201.245.192.253 - - [17/Feb/2023:02:20:39 -0500] "POST /kwsrmcab/Wsrmcab  HTTP/1.1" 200 213
216.245.221.92 - - [17/Feb/2023:02:22:56 -0500] "HEAD / HTTP/1.1" 200 -
66.249.66.80 - - [17/Feb/2023:02:23:55 -0500] "-" 408 -
172.22.2.4 - - [17/Feb/2023:02:22:16 -0500] "HEAD /BLA/boletinlegal/ HTTP/1.1" 200 -
172.22.2.4 - - [17/Feb/2023:02:23:07 -0500] "GET /BLA/boletinlegal/ HTTP/1.1" 200 57824
201.245.192.253 - - [17/Feb/2023:02:25:38 -0500] "POST /kwsrmcab/Wsrmcab  HTTP/1.1" 200 213
109.237.98.226 - - [17/Feb/2023:02:26:25 -0500] "GET /.env HTTP/1.1" 404 1018
109.237.98.226 - - [17/Feb/2023:02:26:25 -0500] "\x16\x03\x01\x01H\x01" 400 226
201.245.192.253 - - [17/Feb/2023:02:27:53 -0500] "POST /kwsrmcab/Wsrmcab HTTP/1.1" 200 39376
216.245.221.92 - - [17/Feb/2023:02:27:56 -0500] "HEAD / HTTP/1.1" 200 -
201.245.192.253 - - [17/Feb/2023:02:27:56 -0500] "POST /kwsrmcab/Wsrmcab HTTP/1.1" 200 41278
157.55.39.142 - - [17/Feb/2023:02:29:01 -0500] "GET /forest/ HTTP/1.1" 200 12041
167.248.133.45 - - [17/Feb/2023:02:29:31 -0500] "GET / HTTP/1.1" 200 319
167.248.133.45 - - [17/Feb/2023:02:29:32 -0500] "GET / HTTP/1.1" 200 319
167.248.133.45 - - [17/Feb/2023:02:29:32 -0500] "PRI * HTTP/2.0" 400 946
167.248.133.45 - - [17/Feb/2023:02:29:32 -0500] "GET /favicon.ico HTTP/1.1" 200 7782
172.22.2.4 - - [17/Feb/2023:02:28:06 -0500] "HEAD /BLA/boletinlegal/ HTTP/1.1" 200 -
64.124.8.54 - - [17/Feb/2023:02:30:14 -0500] "GET /galeria/galeria/fotos/Huemdal-el-Tunjo1P.jpg HTTP/1.1" 200 24430
172.22.2.4 - - [17/Feb/2023:02:28:57 -0500] "GET /BLA/boletinlegal/ HTTP/1.1" 200 57192
201.245.192.253 - - [17/Feb/2023:02:30:36 -0500] "POST /kwsrmcab/Wsrmcab  HTTP/1.1" 200 213
216.245.221.92 - - [17/Feb/2023:02:32:56 -0500] "HEAD / HTTP/1.1" 200 -
172.22.2.4 - - [17/Feb/2023:02:33:56 -0500] "HEAD /BLA/boletinlegal/ HTTP/1.1" 200 -
201.245.192.253 - - [17/Feb/2023:02:35:35 -0500] "POST /kwsrmcab/Wsrmcab  HTTP/1.1" 200 213
172.22.2.4 - - [17/Feb/2023:02:34:47 -0500] "GET /BLA/boletinlegal/ HTTP/1.1" 200 57192
201.245.192.253 - - [17/Feb/2023:02:37:52 -0500] "POST /kwsrmcab/Wsrmcab HTTP/1.1" 200 39376
216.245.221.92 - - [17/Feb/2023:02:37:56 -0500] "HEAD / HTTP/1.1" 200 -
201.245.192.253 - - [17/Feb/2023:02:37:55 -0500] "POST /kwsrmcab/Wsrmcab HTTP/1.1" 200 41278
201.245.192.253 - - [17/Feb/2023:02:40:34 -0500] "POST /kwsrmcab/Wsrmcab  HTTP/1.1" 200 213
172.22.2.4 - - [17/Feb/2023:02:39:46 -0500] "HEAD /BLA/boletinlegal/ HTTP/1.1" 200 -
172.22.2.4 - - [17/Feb/2023:02:40:37 -0500] "GET /BLA/boletinlegal/ HTTP/1.1" 200 57192
216.245.221.92 - - [17/Feb/2023:02:42:56 -0500] "HEAD / HTTP/1.1" 200 -
201.245.192.253 - - [17/Feb/2023:02:45:33 -0500] "POST /kwsrmcab/Wsrmcab  HTTP/1.1" 200 213
92.109.223.126 - - [17/Feb/2023:02:46:02 -0500] "GET /lideres-de-bogota-circular-se-reunieron-para-seguir-construyendo-una-ciudad-mas-sostenible.html HTTP/1.1" 200 928
92.109.223.126 - - [17/Feb/2023:02:46:03 -0500] "GET /favicon.ico HTTP/1.1" 404 1388
31.13.103.19 - - [17/Feb/2023:02:46:16 -0500] "GET /images/Conversatorio%20aire%201%20(1).jpeg HTTP/1.1" 200 72040
66.249.66.80 - - [17/Feb/2023:02:46:18 -0500] "-" 408 -
172.22.2.4 - - [17/Feb/2023:02:45:36 -0500] "HEAD /BLA/boletinlegal/ HTTP/1.1" 200 -
216.245.221.92 - - [17/Feb/2023:02:47:56 -0500] "HEAD / HTTP/1.1" 200 -
172.22.2.4 - - [17/Feb/2023:02:46:27 -0500] "GET /BLA/boletinlegal/ HTTP/1.1" 200 59035
201.245.192.253 - - [17/Feb/2023:02:50:32 -0500] "POST /kwsrmcab/Wsrmcab  HTTP/1.1" 200 213
172.22.2.4 - - [17/Feb/2023:02:50:11 -0500] "GET /BLA/boletinlegal/ HTTP/1.1" 200 24523
35.204.172.29 - - [17/Feb/2023:02:52:11 -0500] "GET /inventario-de-emisiones-2020-transporte-publico-sitp-redujo-emisiones-de-pm-2-5-en-un-37.html HTTP/1.1" 200 925
216.245.221.92 - - [17/Feb/2023:02:52:56 -0500] "HEAD / HTTP/1.1" 200 -
34.90.182.97 - - [17/Feb/2023:02:53:04 -0500] "GET /inventario-de-emisiones-2020-transporte-publico-sitp-redujo-emisiones-de-pm-2-5-en-un-37.html HTTP/1.1" 200 925
172.22.2.4 - - [17/Feb/2023:02:51:26 -0500] "HEAD /BLA/boletinlegal/ HTTP/1.1" 200 -
172.22.2.4 - - [17/Feb/2023:02:52:17 -0500] "GET /BLA/boletinlegal/ HTTP/1.1" 200 57192
201.245.192.253 - - [17/Feb/2023:02:55:30 -0500] "POST /kwsrmcab/Wsrmcab  HTTP/1.1" 200 213
216.245.221.92 - - [17/Feb/2023:02:57:56 -0500] "HEAD / HTTP/1.1" 200 -
143.42.102.186 - - [17/Feb/2023:02:58:00 -0500] "GET / HTTP/1.1" 200 319
172.22.2.4 - - [17/Feb/2023:02:57:16 -0500] "HEAD /BLA/boletinlegal/ HTTP/1.1" 200 -
5.161.133.63 - - [17/Feb/2023:02:59:46 -0500] "GET /BLA/resoluciones/AUTOS%202021/0358.pdf HTTP/1.1" 200 504267
172.22.2.4 - - [17/Feb/2023:02:58:07 -0500] "GET /BLA/boletinlegal/ HTTP/1.1" 200 53739
5.161.107.211 - - [17/Feb/2023:02:59:54 -0500] "GET /BLA/resoluciones/AUTOS%202021/0259.pdf HTTP/1.1" 200 401686
201.245.192.253 - - [17/Feb/2023:03:00:29 -0500] "POST /kwsrmcab/Wsrmcab  HTTP/1.1" 200 213
40.88.21.235 - - [17/Feb/2023:03:00:44 -0500] "GET / HTTP/1.1" 200 319
40.88.21.235 - - [17/Feb/2023:03:00:44 -0500] "GET /favicon.ico HTTP/1.1" 200 7782
34.147.55.179 - - [17/Feb/2023:03:00:47 -0500] "GET /inventario-de-emisiones-2020-transporte-publico-sitp-redujo-emisiones-de-pm-2-5-en-un-37.html HTTP/1.1" 200 925
34.90.53.82 - - [17/Feb/2023:03:01:13 -0500] "GET /inventario-de-emisiones-2020-transporte-publico-sitp-redujo-emisiones-de-pm-2-5-en-un-37.html HTTP/1.1" 200 925
192.241.223.25 - - [17/Feb/2023:03:02:36 -0500] "MGLNDD_190.27.245.106_80" 501 953
40.77.167.251 - - [17/Feb/2023:03:02:55 -0500] "GET /BLA/resoluciones/AUTOS%202021/0961.pdf HTTP/1.1" 200 327624
216.245.221.92 - - [17/Feb/2023:03:02:56 -0500] "HEAD / HTTP/1.1" 200 -
40.77.167.251 - - [17/Feb/2023:03:04:15 -0500] "GET /sipse/faces/faces/autenticacion.xhtml HTTP/1.1" 200 12503
172.22.2.4 - - [17/Feb/2023:03:03:06 -0500] "HEAD /BLA/boletinlegal/ HTTP/1.1" 200 -
201.245.192.253 - - [17/Feb/2023:03:05:28 -0500] "POST /kwsrmcab/Wsrmcab  HTTP/1.1" 200 213
172.22.2.4 - - [17/Feb/2023:03:03:57 -0500] "GET /BLA/boletinlegal/ HTTP/1.1" 200 59035
216.245.221.92 - - [17/Feb/2023:03:07:56 -0500] "HEAD / HTTP/1.1" 200 -
157.55.39.142 - - [17/Feb/2023:03:08:03 -0500] "GET /BLA/resoluciones/AUTOS%202021/0260.pdf HTTP/1.1" 200 407150
201.245.192.253 - - [17/Feb/2023:03:10:27 -0500] "POST /kwsrmcab/Wsrmcab  HTTP/1.1" 200 213
172.22.2.4 - - [17/Feb/2023:03:08:56 -0500] "HEAD /BLA/boletinlegal/ HTTP/1.1" 200 -
40.77.167.251 - - [17/Feb/2023:03:11:26 -0500] "GET /sipse/faces/faces/autenticacion.xhtml HTTP/1.1" 200 12503
172.22.2.4 - - [17/Feb/2023:03:09:47 -0500] "GET /BLA/boletinlegal/ HTTP/1.1" 200 58612
34.90.53.82 - - [17/Feb/2023:03:12:19 -0500] "GET /inventario-de-emisiones-2020-transporte-publico-sitp-redujo-emisiones-de-pm-2-5-en-un-37.html HTTP/1.1" 200 925
35.204.172.29 - - [17/Feb/2023:03:12:44 -0500] "GET /inventario-de-emisiones-2020-transporte-publico-sitp-redujo-emisiones-de-pm-2-5-en-un-37.html HTTP/1.1" 200 925
216.245.221.92 - - [17/Feb/2023:03:12:56 -0500] "HEAD / HTTP/1.1" 200 -
201.245.192.253 - - [17/Feb/2023:03:15:24 -0500] "POST /kwsrmcab/Wsrmcab  HTTP/1.1" 200 213
69.171.249.116 - - [17/Feb/2023:03:15:28 -0500] "GET /images/Juan%20Rey%20febrero%2013.jpg HTTP/1.1" 200 55934
69.171.249.12 - - [17/Feb/2023:03:15:28 -0500] "GET /images/8%20de%20febrero%20incendio%20forestal.jpeg HTTP/1.1" 200 56283
69.171.249.23 - - [17/Feb/2023:03:15:28 -0500] "GET /images/2%20de%20febrero%20liberaci\xc3\xb3n%20Tunjo.jpeg HTTP/1.1" 404 1034
69.171.249.20 - - [17/Feb/2023:03:15:28 -0500] "GET /images/vertimiento-Comprimida%20(1).png HTTP/1.1" 200 22870
69.171.249.117 - - [17/Feb/2023:03:15:28 -0500] "GET /images/Secretarias%20Fondo%20carga%206%20de%20febrero.jpeg HTTP/1.1" 200 55460
69.171.249.1 - - [17/Feb/2023:03:15:33 -0500] "GET /images/foto%202.jpg HTTP/1.1" 200 63300
69.171.249.118 - - [17/Feb/2023:03:15:33 -0500] "GET /images/IMG_3028%20(1).jpg HTTP/1.1" 200 435206
69.171.249.12 - - [17/Feb/2023:03:15:33 -0500] "GET /images/Secretaria%20Urrutia%20evento%20h\xc3\xa1bitat%20Francia%2024%20de%20enero.jpeg HTTP/1.1" 404 1034
69.171.249.7 - - [17/Feb/2023:03:15:33 -0500] "GET /images/1%20de%20febrero%20Humedal%20El%20Tunjo.jpeg HTTP/1.1" 200 52973
69.171.249.4 - - [17/Feb/2023:03:15:33 -0500] "GET /images/19%20de%20enero%20\xc3\xa1rbol%20bosque%20San%20Carlos.jpg HTTP/1.1" 404 1034
69.171.249.5 - - [17/Feb/2023:03:15:33 -0500] "GET /images/1%20de%20febrero%20D\xc3\xada%20sin%20carro.jpeg HTTP/1.1" 404 1034
69.171.249.5 - - [17/Feb/2023:03:15:33 -0500] "GET /images/1%20de%20febrer%20Operativo%20hornos.jpg HTTP/1.1" 200 69569
69.171.249.21 - - [17/Feb/2023:03:15:33 -0500] "GET /images/Archivo%20pacto%20aire%2023%20enero.jpeg HTTP/1.1" 200 28889
172.22.2.4 - - [17/Feb/2023:03:14:46 -0500] "HEAD /BLA/boletinlegal/ HTTP/1.1" 200 -
172.22.2.4 - - [17/Feb/2023:03:15:37 -0500] "GET /BLA/boletinlegal/ HTTP/1.1" 200 59035
201.245.192.253 - - [17/Feb/2023:03:17:53 -0500] "POST /kwsrmcab/Wsrmcab HTTP/1.1" 200 39383
216.245.221.92 - - [17/Feb/2023:03:17:56 -0500] "HEAD / HTTP/1.1" 200 -
201.245.192.253 - - [17/Feb/2023:03:17:56 -0500] "POST /kwsrmcab/Wsrmcab HTTP/1.1" 200 41433
162.55.175.142 - - [17/Feb/2023:03:20:14 -0500] "GET / HTTP/1.1" 200 319
162.55.175.142 - - [17/Feb/2023:03:20:14 -0500] "GET / HTTP/1.1" 200 4720
162.55.173.23 - - [17/Feb/2023:03:20:25 -0500] "GET / HTTP/1.1" 200 4720
201.245.192.253 - - [17/Feb/2023:03:20:24 -0500] "POST /kwsrmcab/Wsrmcab  HTTP/1.1" 200 213
162.55.173.23 - - [17/Feb/2023:03:20:27 -0500] "GET / HTTP/1.1" 200 319
172.22.2.4 - - [17/Feb/2023:03:18:56 -0500] "GET /BLA/boletinlegal/ HTTP/1.1" 200 61905
172.22.2.4 - - [17/Feb/2023:03:20:36 -0500] "HEAD /BLA/boletinlegal/ HTTP/1.1" 200 -
216.245.221.92 - - [17/Feb/2023:03:22:56 -0500] "HEAD / HTTP/1.1" 200 -
172.22.2.4 - - [17/Feb/2023:03:21:27 -0500] "GET /BLA/boletinlegal/ HTTP/1.1" 200 59035
201.245.192.253 - - [17/Feb/2023:03:25:22 -0500] "POST /kwsrmcab/Wsrmcab  HTTP/1.1" 200 213
152.89.196.211 - - [17/Feb/2023:03:25:44 -0500] "GET /?XDEBUG_SESSION_START=phpstorm HTTP/1.1" 200 319
185.119.81.98 - - [17/Feb/2023:03:27:53 -0500] "GET /portaldeninos/wp-login.php HTTP/1.1" 200 2592
185.119.81.98 - - [17/Feb/2023:03:27:54 -0500] "POST /portaldeninos/wp-login.php HTTP/1.1" 200 3650
201.245.192.253 - - [17/Feb/2023:03:27:53 -0500] "POST /kwsrmcab/Wsrmcab HTTP/1.1" 200 39383
216.245.221.92 - - [17/Feb/2023:03:27:56 -0500] "HEAD / HTTP/1.1" 200 -
201.245.192.253 - - [17/Feb/2023:03:27:55 -0500] "POST /kwsrmcab/Wsrmcab HTTP/1.1" 200 41433
172.22.2.4 - - [17/Feb/2023:03:26:26 -0500] "HEAD /BLA/boletinlegal/ HTTP/1.1" 200 -
172.22.2.4 - - [17/Feb/2023:03:27:17 -0500] "GET /BLA/boletinlegal/ HTTP/1.1" 200 52942
201.245.192.253 - - [17/Feb/2023:03:30:21 -0500] "POST /kwsrmcab/Wsrmcab  HTTP/1.1" 200 213
216.245.221.92 - - [17/Feb/2023:03:32:56 -0500] "HEAD / HTTP/1.1" 200 -
172.22.2.4 - - [17/Feb/2023:03:32:16 -0500] "HEAD /BLA/boletinlegal/ HTTP/1.1" 200 -
172.22.2.4 - - [17/Feb/2023:03:33:07 -0500] "GET /BLA/boletinlegal/ HTTP/1.1" 200 54452
66.249.77.1 - - [17/Feb/2023:03:35:04 -0500] "-" 408 -
201.245.192.253 - - [17/Feb/2023:03:35:20 -0500] "POST /kwsrmcab/Wsrmcab  HTTP/1.1" 200 213
201.245.192.253 - - [17/Feb/2023:03:37:52 -0500] "POST /kwsrmcab/Wsrmcab HTTP/1.1" 200 39383
216.245.221.92 - - [17/Feb/2023:03:37:56 -0500] "HEAD / HTTP/1.1" 200 -
201.245.192.253 - - [17/Feb/2023:03:37:55 -0500] "POST /kwsrmcab/Wsrmcab HTTP/1.1" 200 41433
66.249.66.81 - - [17/Feb/2023:03:38:28 -0500] "-" 408 -
186.30.66.34 - - [17/Feb/2023:03:39:38 -0500] "GET /BLA/resoluciones/RESOLUCIONES%202016/0198.pdf HTTP/1.1" 200 1797806
172.22.2.4 - - [17/Feb/2023:03:38:06 -0500] "HEAD /BLA/boletinlegal/ HTTP/1.1" 200 -
201.245.192.253 - - [17/Feb/2023:03:40:18 -0500] "POST /kwsrmcab/Wsrmcab  HTTP/1.1" 200 213
172.22.2.4 - - [17/Feb/2023:03:38:57 -0500] "GET /BLA/boletinlegal/ HTTP/1.1" 200 58185
216.245.221.92 - - [17/Feb/2023:03:42:56 -0500] "HEAD / HTTP/1.1" 200 -
201.245.192.253 - - [17/Feb/2023:03:45:17 -0500] "POST /kwsrmcab/Wsrmcab  HTTP/1.1" 200 213
172.22.2.4 - - [17/Feb/2023:03:43:56 -0500] "HEAD /BLA/boletinlegal/ HTTP/1.1" 200 -
172.22.2.4 - - [17/Feb/2023:03:44:47 -0500] "GET /BLA/boletinlegal/ HTTP/1.1" 200 53739
216.245.221.92 - - [17/Feb/2023:03:47:56 -0500] "HEAD / HTTP/1.1" 200 -
201.245.192.253 - - [17/Feb/2023:03:50:17 -0500] "POST /kwsrmcab/Wsrmcab  HTTP/1.1" 200 213
185.119.81.98 - - [17/Feb/2023:03:50:31 -0500] "GET /portaldeninos/wp-login.php HTTP/1.1" 200 2592
185.119.81.98 - - [17/Feb/2023:03:50:32 -0500] "POST /portaldeninos/wp-login.php HTTP/1.1" 200 3670
172.22.2.4 - - [17/Feb/2023:03:49:46 -0500] "HEAD /BLA/boletinlegal/ HTTP/1.1" 200 -
172.22.2.4 - - [17/Feb/2023:03:50:37 -0500] "GET /BLA/boletinlegal/ HTTP/1.1" 200 56825
31.148.130.148 - - [17/Feb/2023:03:52:33 -0500] "GET /BLA/resoluciones/AUTOS%202022/1892.pdf HTTP/1.1" 200 388475
216.245.221.92 - - [17/Feb/2023:03:52:56 -0500] "HEAD / HTTP/1.1" 200 -
201.245.192.253 - - [17/Feb/2023:03:55:16 -0500] "POST /kwsrmcab/Wsrmcab  HTTP/1.1" 200 213
172.22.2.4 - - [17/Feb/2023:03:56:06 -0500] "GET /BLA/boletinlegal/owa/auth/logon.aspx?url=https%3a%2f%2f1%2fecp%2f HTTP/1.1" 404 1018
34.90.53.82 - - [17/Feb/2023:03:56:56 -0500] "GET /inventario-de-emisiones-2020-transporte-publico-sitp-redujo-emisiones-de-pm-2-5-en-un-37.html HTTP/1.1" 200 925
172.22.2.4 - - [17/Feb/2023:03:55:36 -0500] "HEAD /BLA/boletinlegal/ HTTP/1.1" 200 -
34.90.203.132 - - [17/Feb/2023:03:57:29 -0500] "GET /inventario-de-emisiones-2020-transporte-publico-sitp-redujo-emisiones-de-pm-2-5-en-un-37.html HTTP/1.1" 200 925
216.245.221.92 - - [17/Feb/2023:03:57:56 -0500] "HEAD / HTTP/1.1" 200 -
172.22.2.4 - - [17/Feb/2023:03:56:27 -0500] "GET /BLA/boletinlegal/ HTTP/1.1" 200 59035
201.245.192.253 - - [17/Feb/2023:04:00:15 -0500] "POST /kwsrmcab/Wsrmcab  HTTP/1.1" 200 213
172.22.2.4 - - [17/Feb/2023:04:02:20 -0500] "GET /BLA/boletinlegal/.env HTTP/1.1" 404 1018
152.89.196.211 - - [17/Feb/2023:04:02:24 -0500] "-" 408 -
216.245.221.92 - - [17/Feb/2023:04:02:56 -0500] "HEAD / HTTP/1.1" 200 -
172.22.2.4 - - [17/Feb/2023:04:01:26 -0500] "HEAD /BLA/boletinlegal/ HTTP/1.1" 200 -
172.22.2.4 - - [17/Feb/2023:04:02:20 -0500] "POST /BLA/boletinlegal/ HTTP/1.1" 200 24523
172.22.2.4 - - [17/Feb/2023:04:02:17 -0500] "GET /BLA/boletinlegal/ HTTP/1.1" 200 52942
34.90.53.82 - - [17/Feb/2023:04:04:21 -0500] "GET /inventario-de-emisiones-2020-transporte-publico-sitp-redujo-emisiones-de-pm-2-5-en-un-37.html HTTP/1.1" 200 925
201.245.192.253 - - [17/Feb/2023:04:05:14 -0500] "POST /kwsrmcab/Wsrmcab  HTTP/1.1" 200 213
172.22.2.4 - - [17/Feb/2023:04:06:47 -0500] "GET /BLA/boletinlegal/favicon.ico HTTP/1.1" 404 1018
79.110.72.138 - - [17/Feb/2023:04:07:01 -0500] "GET /BLA/resoluciones/RESOLUCIONES%202015/0995.pdf HTTP/1.1" 200 6388920
172.22.2.4 - - [17/Feb/2023:04:06:31 -0500] "GET /BLA/boletinlegal/ HTTP/1.1" 200 20427
172.22.2.4 - - [17/Feb/2023:04:06:31 -0500] "GET /BLA/boletinlegal/ HTTP/1.1" 200 32715
64.124.8.40 - - [17/Feb/2023:04:07:46 -0500] "GET /portaldeninos/residuos HTTP/1.1" 301 -
216.245.221.92 - - [17/Feb/2023:04:07:56 -0500] "HEAD / HTTP/1.1" 200 -
64.124.8.40 - - [17/Feb/2023:04:07:56 -0500] "GET /portaldeninos/residuos/ HTTP/1.1" 200 87443
162.221.192.26 - - [17/Feb/2023:04:08:10 -0500] "GET / HTTP/1.1" 200 319
172.22.2.4 - - [17/Feb/2023:04:07:16 -0500] "HEAD /BLA/boletinlegal/ HTTP/1.1" 200 -
172.22.2.4 - - [17/Feb/2023:04:08:07 -0500] "GET /BLA/boletinlegal/ HTTP/1.1" 200 59035
201.245.192.253 - - [17/Feb/2023:04:10:13 -0500] "POST /kwsrmcab/Wsrmcab  HTTP/1.1" 200 213
162.55.175.143 - - [17/Feb/2023:04:10:36 -0500] "GET / HTTP/1.1" 200 319
162.55.175.143 - - [17/Feb/2023:04:10:38 -0500] "GET / HTTP/1.1" 200 4720
162.55.175.143 - - [17/Feb/2023:04:10:46 -0500] "GET / HTTP/1.1" 200 319
162.55.175.143 - - [17/Feb/2023:04:10:47 -0500] "GET / HTTP/1.1" 200 4720
34.141.168.74 - - [17/Feb/2023:04:11:28 -0500] "GET /inventario-de-emisiones-2020-transporte-publico-sitp-redujo-emisiones-de-pm-2-5-en-un-37.html HTTP/1.1" 200 925
216.245.221.92 - - [17/Feb/2023:04:12:56 -0500] "HEAD / HTTP/1.1" 200 -
172.22.2.4 - - [17/Feb/2023:04:13:06 -0500] "HEAD /BLA/boletinlegal/ HTTP/1.1" 200 -
201.245.192.253 - - [17/Feb/2023:04:15:11 -0500] "POST /kwsrmcab/Wsrmcab  HTTP/1.1" 200 213
172.22.2.4 - - [17/Feb/2023:04:13:57 -0500] "GET /BLA/boletinlegal/ HTTP/1.1" 200 57192
201.245.192.253 - - [17/Feb/2023:04:17:52 -0500] "POST /kwsrmcab/Wsrmcab HTTP/1.1" 200 39384
216.245.221.92 - - [17/Feb/2023:04:17:56 -0500] "HEAD / HTTP/1.1" 200 -
201.245.192.253 - - [17/Feb/2023:04:17:55 -0500] "POST /kwsrmcab/Wsrmcab HTTP/1.1" 200 41444
201.245.192.253 - - [17/Feb/2023:04:20:11 -0500] "POST /kwsrmcab/Wsrmcab  HTTP/1.1" 200 213
172.22.2.4 - - [17/Feb/2023:04:18:56 -0500] "HEAD /BLA/boletinlegal/ HTTP/1.1" 200 -
172.22.2.4 - - [17/Feb/2023:04:19:47 -0500] "GET /BLA/boletinlegal/ HTTP/1.1" 200 53739
216.245.221.92 - - [17/Feb/2023:04:22:56 -0500] "HEAD / HTTP/1.1" 200 -
191.156.144.23 - - [17/Feb/2023:04:23:31 -0500] "GET /agendate-para-participar-en-las-caminatas-ecologicas-de-febrero.html HTTP/1.1" 200 830
191.156.151.72 - - [17/Feb/2023:04:24:27 -0500] "GET /secretaria-de-ambiente-abre-inscripciones-para-recorridos-gratuitos-en-aulas-ambientales-de-bogota.html HTTP/1.1" 200 916
201.245.192.253 - - [17/Feb/2023:04:25:09 -0500] "POST /kwsrmcab/Wsrmcab  HTTP/1.1" 200 213
172.22.2.4 - - [17/Feb/2023:04:24:46 -0500] "HEAD /BLA/boletinlegal/ HTTP/1.1" 200 -
172.22.2.4 - - [17/Feb/2023:04:25:37 -0500] "GET /BLA/boletinlegal/ HTTP/1.1" 200 54816
201.245.192.253 - - [17/Feb/2023:04:27:52 -0500] "POST /kwsrmcab/Wsrmcab HTTP/1.1" 200 39384
216.245.221.92 - - [17/Feb/2023:04:27:56 -0500] "HEAD / HTTP/1.1" 200 -
201.245.192.253 - - [17/Feb/2023:04:27:55 -0500] "POST /kwsrmcab/Wsrmcab HTTP/1.1" 200 41444
157.55.39.142 - - [17/Feb/2023:04:28:21 -0500] "GET /BLA/resoluciones/AUTOS%202021/0260.pdf HTTP/1.1" 200 407150
64.124.8.34 - - [17/Feb/2023:04:28:39 -0500] "GET /Residuos/metalmecanica/metalmecanica.html HTTP/1.1" 304 -
201.245.192.253 - - [17/Feb/2023:04:30:08 -0500] "POST /kwsrmcab/Wsrmcab  HTTP/1.1" 200 213
173.252.107.119 - - [17/Feb/2023:04:30:27 -0500] "GET /images/Acuerdos1.jpeg HTTP/1.1" 200 59889
172.22.2.4 - - [17/Feb/2023:04:30:36 -0500] "HEAD /BLA/boletinlegal/ HTTP/1.1" 200 -
216.245.221.92 - - [17/Feb/2023:04:32:56 -0500] "HEAD / HTTP/1.1" 200 -
172.22.2.4 - - [17/Feb/2023:04:31:27 -0500] "GET /BLA/boletinlegal/ HTTP/1.1" 200 56825
172.104.242.173 - - [17/Feb/2023:04:33:18 -0500] "\xba\xabd\xa1EZC\xdbM\x87\xee^\xfd\xbf\x159 X\xd4>\x12\x98\xc4<\xe0\x13\xcf" 400 226
201.245.192.253 - - [17/Feb/2023:04:35:07 -0500] "POST /kwsrmcab/Wsrmcab  HTTP/1.1" 200 213
168.119.253.13 - - [17/Feb/2023:04:36:41 -0500] "GET / HTTP/1.1" 200 4720
168.119.253.13 - - [17/Feb/2023:04:36:44 -0500] "GET / HTTP/1.1" 200 319
168.119.253.6 - - [17/Feb/2023:04:36:54 -0500] "GET / HTTP/1.1" 200 319
168.119.253.6 - - [17/Feb/2023:04:36:54 -0500] "GET / HTTP/1.1" 200 4720
173.252.107.13 - - [17/Feb/2023:04:37:27 -0500] "GET /camino-guadalupe-aguanoso-abierto-este-fin-de-semana-y-cerrado-los-primeros-dias-de-febrero-por-mantenimiento.html HTTP/1.1" 206 804
201.245.192.253 - - [17/Feb/2023:04:37:52 -0500] "POST /kwsrmcab/Wsrmcab HTTP/1.1" 200 39384
216.245.221.92 - - [17/Feb/2023:04:37:56 -0500] "HEAD / HTTP/1.1" 200 -
201.245.192.253 - - [17/Feb/2023:04:37:55 -0500] "POST /kwsrmcab/Wsrmcab HTTP/1.1" 200 41444
172.22.2.4 - - [17/Feb/2023:04:36:26 -0500] "HEAD /BLA/boletinlegal/ HTTP/1.1" 200 -
193.32.162.159 - - [17/Feb/2023:04:38:27 -0500] "GET / HTTP/1.1" 200 319
172.22.2.4 - - [17/Feb/2023:04:37:17 -0500] "GET /BLA/boletinlegal/ HTTP/1.1" 200 59404
201.245.192.253 - - [17/Feb/2023:04:40:06 -0500] "POST /kwsrmcab/Wsrmcab  HTTP/1.1" 200 213
216.245.221.92 - - [17/Feb/2023:04:42:56 -0500] "HEAD / HTTP/1.1" 200 -
64.124.8.43 - - [17/Feb/2023:04:43:09 -0500] "GET /portaldeninos/2018/06/06/hola-mundo-2/feed/ HTTP/1.1" 200 982
172.22.2.4 - - [17/Feb/2023:04:42:16 -0500] "HEAD /BLA/boletinlegal/ HTTP/1.1" 200 -
172.22.2.4 - - [17/Feb/2023:04:44:06 -0500] "GET /BLA/boletinlegal/style.css HTTP/1.1" 200 9406
172.22.2.4 - - [17/Feb/2023:04:44:06 -0500] "GET /BLA/boletinlegal/styles2.css HTTP/1.1" 200 1838
172.22.2.4 - - [17/Feb/2023:04:44:06 -0500] "GET /BLA/boletinlegal/js/jquery.js HTTP/1.1" 200 57254
172.22.2.4 - - [17/Feb/2023:04:44:06 -0500] "GET /BLA/boletinlegal/js/jquery.scrollTo-min.js HTTP/1.1" 200 1150
172.22.2.4 - - [17/Feb/2023:04:44:06 -0500] "GET /BLA/boletinlegal/js/jquery.scrollShow.js HTTP/1.1" 200 4586
172.22.2.4 - - [17/Feb/2023:04:44:06 -0500] "GET /BLA/boletinlegal/images/cabezote%20BLEGAL.jpg HTTP/1.1" 200 118164
172.22.2.4 - - [17/Feb/2023:04:44:06 -0500] "GET /BLA/boletinlegal/images/subscribe-icon-big.png HTTP/1.1" 200 47702
172.22.2.4 - - [17/Feb/2023:04:44:06 -0500] "GET /BLA/boletinlegal/images/historia.png HTTP/1.1" 200 52775
172.22.2.4 - - [17/Feb/2023:04:44:07 -0500] "GET /BLA/boletinlegal/images/registro-usuarios.png HTTP/1.1" 200 8106
172.22.2.4 - - [17/Feb/2023:04:44:07 -0500] "GET /BLA/boletinlegal/images/arr_l.jpg HTTP/1.1" 200 1979
172.22.2.4 - - [17/Feb/2023:04:44:07 -0500] "GET /BLA/boletinlegal/images/screen_1.png HTTP/1.1" 200 202547
172.22.2.4 - - [17/Feb/2023:04:44:07 -0500] "GET /BLA/boletinlegal/images/launch.jpg HTTP/1.1" 200 14577
172.22.2.4 - - [17/Feb/2023:04:44:07 -0500] "GET /BLA/boletinlegal/images/menu_lft.gif HTTP/1.1" 200 1713
172.22.2.4 - - [17/Feb/2023:04:44:07 -0500] "GET /BLA/boletinlegal/images/body_bg.jpg HTTP/1.1" 200 1601
172.22.2.4 - - [17/Feb/2023:04:44:07 -0500] "GET /BLA/boletinlegal/images/menu_rght.gif HTTP/1.1" 200 1627
172.22.2.4 - - [17/Feb/2023:04:44:07 -0500] "GET /BLA/boletinlegal/images/bg_top.jpg HTTP/1.1" 200 522
172.22.2.4 - - [17/Feb/2023:04:44:07 -0500] "GET /BLA/boletinlegal/images/menu_bg.jpg HTTP/1.1" 200 620
172.22.2.4 - - [17/Feb/2023:04:44:08 -0500] "GET /BLA/boletinlegal/images/text.jpg HTTP/1.1" 200 568
172.22.2.4 - - [17/Feb/2023:04:44:08 -0500] "GET /BLA/boletinlegal/images/hover.jpg HTTP/1.1" 200 640
172.22.2.4 - - [17/Feb/2023:04:44:15 -0500] "GET /BLA/boletinlegal/images/screen_2.png HTTP/1.1" 200 362502
172.22.2.4 - - [17/Feb/2023:04:44:15 -0500] "GET /BLA/boletinlegal/images/screen_3.png HTTP/1.1" 200 210620
172.22.2.4 - - [17/Feb/2023:04:44:15 -0500] "GET /BLA/boletinlegal/images/screen_5.png HTTP/1.1" 200 368876
172.22.2.4 - - [17/Feb/2023:04:44:16 -0500] "GET /BLA/boletinlegal/images/arr_r.jpg HTTP/1.1" 200 1998
172.22.2.4 - - [17/Feb/2023:04:44:25 -0500] "GET /BLA/boletinlegal/images/pdf.gif HTTP/1.1" 200 567
152.89.196.211 - - [17/Feb/2023:04:44:37 -0500] "GET /actuator/gateway/routes HTTP/1.1" 404 1018
172.22.2.4 - - [17/Feb/2023:04:43:06 -0500] "GET /BLA/boletinlegal/ HTTP/1.1" 200 50149
201.245.192.253 - - [17/Feb/2023:04:45:05 -0500] "POST /kwsrmcab/Wsrmcab  HTTP/1.1" 200 213
172.22.2.4 - - [17/Feb/2023:04:45:20 -0500] "GET /BLA/boletinlegal/images/footer_bg.jpg HTTP/1.1" 200 586
172.22.2.4 - - [17/Feb/2023:04:45:21 -0500] "GET /BLA/boletinlegal/images/background.gif HTTP/1.1" 200 -
35.204.61.76 - - [17/Feb/2023:04:45:24 -0500] "GET /inventario-de-emisiones-2020-transporte-publico-sitp-redujo-emisiones-de-pm-2-5-en-un-37.html HTTP/1.1" 200 925
172.22.2.4 - - [17/Feb/2023:04:44:05 -0500] "GET /BLA/boletinlegal/ HTTP/1.1" 200 58185
34.90.218.252 - - [17/Feb/2023:04:46:07 -0500] "GET /inventario-de-emisiones-2020-transporte-publico-sitp-redujo-emisiones-de-pm-2-5-en-un-37.html HTTP/1.1" 200 925
64.124.8.57 - - [17/Feb/2023:04:47:43 -0500] "GET /galeria/galeria/fotos/Humedal-Tibanica3P.jpg HTTP/1.1" 200 28016
216.245.221.92 - - [17/Feb/2023:04:47:56 -0500] "HEAD / HTTP/1.1" 200 -
34.90.182.97 - - [17/Feb/2023:04:48:36 -0500] "GET /inventario-de-emisiones-2020-transporte-publico-sitp-redujo-emisiones-de-pm-2-5-en-un-37.html HTTP/1.1" 200 925
173.252.107.1 - - [17/Feb/2023:04:49:43 -0500] "GET /images/mercados-campesinos-5-mayo.jpg HTTP/1.1" 200 95848
172.22.2.4 - - [17/Feb/2023:04:48:06 -0500] "HEAD /BLA/boletinlegal/ HTTP/1.1" 200 -
201.245.192.253 - - [17/Feb/2023:04:50:04 -0500] "POST /kwsrmcab/Wsrmcab  HTTP/1.1" 200 213
172.22.2.4 - - [17/Feb/2023:04:48:56 -0500] "GET /BLA/boletinlegal/ HTTP/1.1" 200 57192
34.90.203.132 - - [17/Feb/2023:04:51:12 -0500] "GET /inventario-de-emisiones-2020-transporte-publico-sitp-redujo-emisiones-de-pm-2-5-en-un-37.html HTTP/1.1" 200 925
216.245.221.92 - - [17/Feb/2023:04:52:56 -0500] "HEAD / HTTP/1.1" 200 -
201.245.192.253 - - [17/Feb/2023:04:55:03 -0500] "POST /kwsrmcab/Wsrmcab  HTTP/1.1" 200 213
172.22.2.4 - - [17/Feb/2023:04:53:56 -0500] "HEAD /BLA/boletinlegal/ HTTP/1.1" 200 -
173.252.107.13 - - [17/Feb/2023:04:55:43 -0500] "GET /images/Juan%20Rey%20febrero%2013.jpg HTTP/1.1" 200 55934
172.22.2.4 - - [17/Feb/2023:04:54:46 -0500] "GET /BLA/boletinlegal/ HTTP/1.1" 200 56825
52.167.144.56 - - [17/Feb/2023:04:57:13 -0500] "-" 408 -
216.245.221.92 - - [17/Feb/2023:04:57:56 -0500] "HEAD / HTTP/1.1" 200 -
157.55.39.142 - - [17/Feb/2023:04:58:54 -0500] "GET /BLA/resoluciones/AUTOS%202021/0260.pdf HTTP/1.1" 200 407150
201.245.192.253 - - [17/Feb/2023:05:00:02 -0500] "POST /kwsrmcab/Wsrmcab  HTTP/1.1" 200 213
172.22.2.4 - - [17/Feb/2023:04:59:46 -0500] "HEAD /BLA/boletinlegal/ HTTP/1.1" 200 -
172.22.2.4 - - [17/Feb/2023:05:00:36 -0500] "GET /BLA/boletinlegal/ HTTP/1.1" 200 52942
216.245.221.92 - - [17/Feb/2023:05:02:56 -0500] "HEAD / HTTP/1.1" 200 -
172.22.2.4 - - [17/Feb/2023:05:04:18 -0500] "GET /BLA/boletinlegal/ HTTP/1.1" 200 32715
201.245.192.253 - - [17/Feb/2023:05:05:01 -0500] "POST /kwsrmcab/Wsrmcab  HTTP/1.1" 200 213
34.91.43.87 - - [17/Feb/2023:05:06:13 -0500] "GET /inventario-de-emisiones-2020-transporte-publico-sitp-redujo-emisiones-de-pm-2-5-en-un-37.html HTTP/1.1" 200 925
172.22.2.4 - - [17/Feb/2023:05:05:36 -0500] "HEAD /BLA/boletinlegal/ HTTP/1.1" 200 -
66.249.66.80 - - [17/Feb/2023:05:07:21 -0500] "-" 408 -
216.245.221.92 - - [17/Feb/2023:05:07:56 -0500] "HEAD / HTTP/1.1" 200 -
172.22.2.4 - - [17/Feb/2023:05:06:26 -0500] "GET /BLA/boletinlegal/ HTTP/1.1" 200 59404
201.245.192.253 - - [17/Feb/2023:05:10:00 -0500] "POST /kwsrmcab/Wsrmcab  HTTP/1.1" 200 213
64.124.8.27 - - [17/Feb/2023:05:12:12 -0500] "GET /BLA/boletinlegal/conceptos.php HTTP/1.1" 200 7486
216.245.221.92 - - [17/Feb/2023:05:12:56 -0500] "HEAD / HTTP/1.1" 200 -
172.22.2.4 - - [17/Feb/2023:05:11:26 -0500] "HEAD /BLA/boletinlegal/ HTTP/1.1" 200 -
172.22.2.4 - - [17/Feb/2023:05:12:17 -0500] "GET /BLA/boletinlegal/ HTTP/1.1" 200 53337
201.245.192.253 - - [17/Feb/2023:05:14:59 -0500] "POST /kwsrmcab/Wsrmcab  HTTP/1.1" 200 213
193.32.162.159 - - [17/Feb/2023:05:17:52 -0500] "GET / HTTP/1.1" 200 319
201.245.192.253 - - [17/Feb/2023:05:17:52 -0500] "POST /kwsrmcab/Wsrmcab HTTP/1.1" 200 38744
216.245.221.92 - - [17/Feb/2023:05:17:56 -0500] "HEAD / HTTP/1.1" 200 -
201.245.192.253 - - [17/Feb/2023:05:17:55 -0500] "POST /kwsrmcab/Wsrmcab HTTP/1.1" 200 41452
172.22.2.4 - - [17/Feb/2023:05:17:16 -0500] "HEAD /BLA/boletinlegal/ HTTP/1.1" 200 -
172.22.2.4 - - [17/Feb/2023:05:18:06 -0500] "GET /BLA/boletinlegal/ HTTP/1.1" 200 59035
201.245.192.253 - - [17/Feb/2023:05:19:58 -0500] "POST /kwsrmcab/Wsrmcab  HTTP/1.1" 200 213
66.249.66.79 - - [17/Feb/2023:05:20:39 -0500] "-" 408 -
216.245.221.92 - - [17/Feb/2023:05:22:56 -0500] "HEAD / HTTP/1.1" 200 -
172.22.2.4 - - [17/Feb/2023:05:23:06 -0500] "HEAD /BLA/boletinlegal/ HTTP/1.1" 200 -
201.245.192.253 - - [17/Feb/2023:05:24:57 -0500] "POST /kwsrmcab/Wsrmcab  HTTP/1.1" 200 213
52.167.144.97 - - [17/Feb/2023:05:24:59 -0500] "GET /BLA/resoluciones/index.php?dir=RESOLUCIONES+2012%2F HTTP/1.1" 200 140066
172.22.2.4 - - [17/Feb/2023:05:23:56 -0500] "GET /BLA/boletinlegal/ HTTP/1.1" 200 57192
157.55.39.142 - - [17/Feb/2023:05:27:28 -0500] "GET /BLA/resoluciones/AUTOS%202021/2988.pdf HTTP/1.1" 304 -
201.245.192.253 - - [17/Feb/2023:05:27:52 -0500] "POST /kwsrmcab/Wsrmcab HTTP/1.1" 200 38744
216.245.221.92 - - [17/Feb/2023:05:27:56 -0500] "HEAD / HTTP/1.1" 200 -
201.245.192.253 - - [17/Feb/2023:05:27:55 -0500] "POST /kwsrmcab/Wsrmcab HTTP/1.1" 200 41452
193.118.53.210 - - [17/Feb/2023:05:29:14 -0500] "GET /portaldeninos/ HTTP/1.1" 200 110197
207.46.13.224 - - [17/Feb/2023:05:29:30 -0500] "GET /BLA/resoluciones/AUTOS%202017/0313.pdf HTTP/1.1" 200 513971
157.55.39.142 - - [17/Feb/2023:05:29:56 -0500] "GET /galeria/nivo-slider/nivo-slider.css HTTP/1.1" 200 1507
201.245.192.253 - - [17/Feb/2023:05:29:56 -0500] "POST /kwsrmcab/Wsrmcab  HTTP/1.1" 200 213
172.22.2.4 - - [17/Feb/2023:05:28:56 -0500] "HEAD /BLA/boletinlegal/ HTTP/1.1" 200 -
172.22.2.4 - - [17/Feb/2023:05:29:47 -0500] "GET /BLA/boletinlegal/ HTTP/1.1" 200 59035
66.249.66.79 - - [17/Feb/2023:05:32:17 -0500] "-" 408 -
216.245.221.92 - - [17/Feb/2023:05:32:56 -0500] "HEAD / HTTP/1.1" 200 -
201.245.192.253 - - [17/Feb/2023:05:34:55 -0500] "POST /kwsrmcab/Wsrmcab  HTTP/1.1" 200 213
172.22.2.4 - - [17/Feb/2023:05:34:46 -0500] "HEAD /BLA/boletinlegal/ HTTP/1.1" 200 -
172.22.2.4 - - [17/Feb/2023:05:35:36 -0500] "GET /BLA/boletinlegal/ HTTP/1.1" 200 56825
34.91.43.87 - - [17/Feb/2023:05:37:53 -0500] "GET /inventario-de-emisiones-2020-transporte-publico-sitp-redujo-emisiones-de-pm-2-5-en-un-37.html HTTP/1.1" 200 925
201.245.192.253 - - [17/Feb/2023:05:37:52 -0500] "POST /kwsrmcab/Wsrmcab HTTP/1.1" 200 38744
216.245.221.92 - - [17/Feb/2023:05:37:56 -0500] "HEAD / HTTP/1.1" 200 -
201.245.192.253 - - [17/Feb/2023:05:37:55 -0500] "POST /kwsrmcab/Wsrmcab HTTP/1.1" 200 41452
66.249.66.79 - - [17/Feb/2023:05:38:52 -0500] "-" 408 -
201.245.192.253 - - [17/Feb/2023:05:39:54 -0500] "POST /kwsrmcab/Wsrmcab  HTTP/1.1" 200 213
34.90.182.97 - - [17/Feb/2023:05:40:45 -0500] "GET /inventario-de-emisiones-2020-transporte-publico-sitp-redujo-emisiones-de-pm-2-5-en-un-37.html HTTP/1.1" 200 925
34.91.43.87 - - [17/Feb/2023:05:40:56 -0500] "GET /inventario-de-emisiones-2020-transporte-publico-sitp-redujo-emisiones-de-pm-2-5-en-un-37.html HTTP/1.1" 200 925
40.77.188.105 - - [17/Feb/2023:05:41:11 -0500] "GET /BLA/resoluciones/dlf/styles.css HTTP/1.1" 200 3049
64.124.8.43 - - [17/Feb/2023:05:41:14 -0500] "GET /portaldeninos/humedal-torca-y-guaymaral-2/ HTTP/1.1" 200 88086
34.90.218.252 - - [17/Feb/2023:05:41:58 -0500] "GET /inventario-de-emisiones-2020-transporte-publico-sitp-redujo-emisiones-de-pm-2-5-en-un-37.html HTTP/1.1" 200 925
172.22.2.4 - - [17/Feb/2023:05:40:36 -0500] "HEAD /BLA/boletinlegal/ HTTP/1.1" 200 -
216.245.221.92 - - [17/Feb/2023:05:42:56 -0500] "HEAD / HTTP/1.1" 200 -
172.22.2.4 - - [17/Feb/2023:05:41:26 -0500] "GET /BLA/boletinlegal/ HTTP/1.1" 200 55272
66.249.66.79 - - [17/Feb/2023:05:44:51 -0500] "-" 408 -
181.143.188.114 - - [17/Feb/2023:05:44:51 -0500] "GET /galeria/galeria/jquery.fancybox.js?v=2.1.5 HTTP/1.1" 200 48706
181.143.188.114 - - [17/Feb/2023:05:44:51 -0500] "GET /BLA/boletinlegal/js/jquery.scrollShow.js HTTP/1.1" 200 4586
181.143.188.114 - - [17/Feb/2023:05:44:51 -0500] "GET /galeria/galeria/jquery.fancybox.css?v=2.1.5 HTTP/1.1" 200 4895
201.245.192.253 - - [17/Feb/2023:05:44:53 -0500] "POST /kwsrmcab/Wsrmcab  HTTP/1.1" 200 213
64.124.8.40 - - [17/Feb/2023:05:47:36 -0500] "-" 408 -
31.13.127.25 - - [17/Feb/2023:05:47:43 -0500] "GET /images/WhatsApp%20Image%202023-02-15%20at%205.07.25%20PM.jpeg HTTP/1.1" 200 50573
31.13.103.13 - - [17/Feb/2023:05:47:43 -0500] "GET /images/Conversatorio%20aire%201%20(1).jpeg HTTP/1.1" 200 72040
216.245.221.92 - - [17/Feb/2023:05:47:56 -0500] "HEAD / HTTP/1.1" 200 -
172.22.2.4 - - [17/Feb/2023:05:46:26 -0500] "HEAD /BLA/boletinlegal/ HTTP/1.1" 200 -
172.22.2.4 - - [17/Feb/2023:05:48:13 -0500] "GET /BLA/boletinlegal/actos.php HTTP/1.1" 200 9606
172.22.2.4 - - [17/Feb/2023:05:47:16 -0500] "GET /BLA/boletinlegal/ HTTP/1.1" 200 52942
201.245.192.253 - - [17/Feb/2023:05:49:52 -0500] "POST /kwsrmcab/Wsrmcab  HTTP/1.1" 200 213
66.249.66.79 - - [17/Feb/2023:05:50:45 -0500] "-" 408 -
216.245.221.92 - - [17/Feb/2023:05:52:56 -0500] "HEAD / HTTP/1.1" 200 -
172.22.2.4 - - [17/Feb/2023:05:52:16 -0500] "HEAD /BLA/boletinlegal/ HTTP/1.1" 200 -
172.22.2.4 - - [17/Feb/2023:05:53:06 -0500] "GET /BLA/boletinlegal/ HTTP/1.1" 200 59035
201.245.192.253 - - [17/Feb/2023:05:54:51 -0500] "POST /kwsrmcab/Wsrmcab  HTTP/1.1" 200 213
66.249.66.79 - - [17/Feb/2023:05:56:58 -0500] "-" 408 -
216.245.221.92 - - [17/Feb/2023:05:57:56 -0500] "HEAD / HTTP/1.1" 200 -
172.22.2.4 - - [17/Feb/2023:05:58:19 -0500] "GET /BLA/boletinlegal/jurisprudencia/analisis/CUADRO%20ANALISIS%20SENTENCIA%20T-411%20DE%201992.doc HTTP/1.1" 200 41984
172.22.2.4 - - [17/Feb/2023:05:58:20 -0500] "GET /BLA/boletinlegal/favicon.ico HTTP/1.1" 404 1038
172.22.2.4 - - [17/Feb/2023:05:58:06 -0500] "HEAD /BLA/boletinlegal/ HTTP/1.1" 200 -
201.245.192.253 - - [17/Feb/2023:05:59:50 -0500] "POST /kwsrmcab/Wsrmcab  HTTP/1.1" 200 213
172.22.2.4 - - [17/Feb/2023:05:58:56 -0500] "GET /BLA/boletinlegal/ HTTP/1.1" 200 57192
66.249.66.79 - - [17/Feb/2023:06:02:46 -0500] "-" 408 -
216.245.221.92 - - [17/Feb/2023:06:02:56 -0500] "HEAD / HTTP/1.1" 200 -
201.245.192.253 - - [17/Feb/2023:06:04:49 -0500] "POST /kwsrmcab/Wsrmcab  HTTP/1.1" 200 213
172.22.2.4 - - [17/Feb/2023:06:03:56 -0500] "HEAD /BLA/boletinlegal/ HTTP/1.1" 200 -
172.22.2.4 - - [17/Feb/2023:06:04:46 -0500] "GET /BLA/boletinlegal/ HTTP/1.1" 200 59035
186.80.52.59 - - [17/Feb/2023:06:06:57 -0500] "GET /forest/ HTTP/1.1" 200 12041
186.80.52.59 - - [17/Feb/2023:06:07:06 -0500] "POST /forest/index.php HTTP/1.1" 200 12268
216.245.221.92 - - [17/Feb/2023:06:07:56 -0500] "HEAD / HTTP/1.1" 200 -
66.249.66.79 - - [17/Feb/2023:06:08:27 -0500] "-" 408 -
64.124.8.34 - - [17/Feb/2023:06:08:30 -0500] "-" 408 -
66.249.69.227 - - [17/Feb/2023:06:08:45 -0500] "-" 408 -
201.245.192.253 - - [17/Feb/2023:06:09:48 -0500] "POST /kwsrmcab/Wsrmcab  HTTP/1.1" 200 213
52.167.144.30 - - [17/Feb/2023:06:10:42 -0500] "GET /reporte-calidad-del-aire-martes.html HTTP/1.1" 200 885
157.55.39.142 - - [17/Feb/2023:06:11:10 -0500] "GET /forest/ HTTP/1.1" 200 12041
168.119.100.88 - - [17/Feb/2023:06:11:19 -0500] "GET / HTTP/1.1" 200 319
168.119.100.88 - - [17/Feb/2023:06:11:20 -0500] "GET / HTTP/1.1" 200 4720
172.22.2.4 - - [17/Feb/2023:06:09:46 -0500] "HEAD /BLA/boletinlegal/ HTTP/1.1" 200 -
172.22.2.4 - - [17/Feb/2023:06:10:36 -0500] "GET /BLA/boletinlegal/ HTTP/1.1" 200 58185
216.245.221.92 - - [17/Feb/2023:06:12:56 -0500] "HEAD / HTTP/1.1" 200 -
