172.22.2.4 - - [23/Feb/2023:00:24:41 -0500] "HEAD /BLA/boletinlegal/ HTTP/1.1" 200 -
201.245.192.253 - - [23/Feb/2023:00:26:23 -0500] "POST /kwsrmcab/Wsrmcab  HTTP/1.1" 200 213
172.22.2.4 - - [23/Feb/2023:00:25:31 -0500] "GET /BLA/boletinlegal/ HTTP/1.1" 200 52622
216.245.221.92 - - [23/Feb/2023:00:27:47 -0500] "HEAD / HTTP/1.1" 200 -
201.245.192.253 - - [23/Feb/2023:00:28:25 -0500] "POST /kwsrmcab/Wsrmcab HTTP/1.1" 200 40923
201.245.192.253 - - [23/Feb/2023:00:28:27 -0500] "POST /kwsrmcab/Wsrmcab HTTP/1.1" 200 41592
40.77.167.233 - - [23/Feb/2023:00:28:43 -0500] "GET /Residuos/pinturas/files/guia_pinturas.pdf HTTP/1.1" 200 16736247
66.249.66.32 - - [23/Feb/2023:00:29:15 -0500] "-" 408 -
186.155.18.80 - - [23/Feb/2023:00:29:24 -0500] "GET /BLA/resoluciones/index.php?dir=RESOLUCIONES+2008%2F HTTP/1.1" 200 976272
186.155.18.80 - - [23/Feb/2023:00:29:28 -0500] "GET /BLA/resoluciones/RESOLUCIONES%202008/2206.pdf HTTP/1.1" 200 377488
201.245.192.253 - - [23/Feb/2023:00:31:21 -0500] "POST /kwsrmcab/Wsrmcab  HTTP/1.1" 200 213
172.22.2.4 - - [23/Feb/2023:00:30:31 -0500] "HEAD /BLA/boletinlegal/ HTTP/1.1" 200 -
52.167.144.40 - - [23/Feb/2023:00:32:21 -0500] "GET / HTTP/1.1" 200 319
216.245.221.92 - - [23/Feb/2023:00:32:47 -0500] "HEAD / HTTP/1.1" 200 -
172.22.2.4 - - [23/Feb/2023:00:32:00 -0500] "GET /BLA/boletinlegal/ HTTP/1.1" 200 28619
172.22.2.4 - - [23/Feb/2023:00:31:21 -0500] "GET /BLA/boletinlegal/ HTTP/1.1" 200 54316
191.109.173.93 - - [23/Feb/2023:00:33:53 -0500] "POST /sipse/faces/presentacion/financiero/solicitudProceso/crearModificarSolicitudProceso.xhtml HTTP/1.1" 200 22327
191.109.173.93 - - [23/Feb/2023:00:33:53 -0500] "GET /sipse/faces/javax.faces.resource/theme.css?ln=primefaces-sipse HTTP/1.1" 304 -
191.109.173.93 - - [23/Feb/2023:00:33:53 -0500] "GET /sipse/faces/javax.faces.resource/primefaces.css?ln=primefaces&v=4.0 HTTP/1.1" 304 -
191.109.173.93 - - [23/Feb/2023:00:33:53 -0500] "GET /sipse/faces/javax.faces.resource/layout/layout.css?ln=primefaces&v=4.0 HTTP/1.1" 304 -
191.109.173.93 - - [23/Feb/2023:00:33:53 -0500] "GET /sipse/faces/javax.faces.resource/fileupload/fileupload.css?ln=primefaces&v=4.0 HTTP/1.1" 304 -
191.109.173.93 - - [23/Feb/2023:00:33:53 -0500] "GET /sipse/faces/javax.faces.resource/jquery/jquery.js?ln=primefaces&v=4.0 HTTP/1.1" 304 -
191.109.173.93 - - [23/Feb/2023:00:33:53 -0500] "GET /sipse/faces/javax.faces.resource/jquery/jquery-plugins.js?ln=primefaces&v=4.0 HTTP/1.1" 304 -
191.109.173.93 - - [23/Feb/2023:00:33:53 -0500] "GET /sipse/faces/javax.faces.resource/primefaces.js?ln=primefaces&v=4.0 HTTP/1.1" 304 -
191.109.173.93 - - [23/Feb/2023:00:33:53 -0500] "GET /sipse/faces/javax.faces.resource/layout/layout.js?ln=primefaces&v=4.0 HTTP/1.1" 304 -
191.109.173.93 - - [23/Feb/2023:00:33:53 -0500] "GET /sipse/faces/javax.faces.resource/fileupload/fileupload.js?ln=primefaces&v=4.0 HTTP/1.1" 304 -
191.109.173.93 - - [23/Feb/2023:00:33:53 -0500] "GET /sipse/css/imagen/contrasena.png HTTP/1.1" 404 383
191.109.173.93 - - [23/Feb/2023:00:33:53 -0500] "GET /sipse/faces/javax.faces.resource/images/ui-icons_898989_256x240.png?ln=primefaces-aristo HTTP/1.1" 304 -
191.109.173.93 - - [23/Feb/2023:00:34:02 -0500] "POST /sipse/faces/presentacion/sistema/anexos/cargarAnexoSolicitudProceso.xhtml HTTP/1.1" 200 89923
191.109.173.93 - - [23/Feb/2023:00:34:02 -0500] "GET /sipse/faces/javax.faces.resource/theme.css?ln=primefaces-sipse HTTP/1.1" 304 -
191.109.173.93 - - [23/Feb/2023:00:34:02 -0500] "GET /sipse/faces/javax.faces.resource/primefaces.css?ln=primefaces&v=4.0 HTTP/1.1" 304 -
191.109.173.93 - - [23/Feb/2023:00:34:02 -0500] "GET /sipse/faces/javax.faces.resource/primefaces.js?ln=primefaces&v=4.0 HTTP/1.1" 304 -
191.109.173.93 - - [23/Feb/2023:00:34:02 -0500] "GET /sipse/faces/javax.faces.resource/jquery/jquery-plugins.js?ln=primefaces&v=4.0 HTTP/1.1" 304 -
191.109.173.93 - - [23/Feb/2023:00:34:02 -0500] "GET /sipse/faces/javax.faces.resource/jquery/jquery.js?ln=primefaces&v=4.0 HTTP/1.1" 304 -
191.109.173.93 - - [23/Feb/2023:00:34:02 -0500] "GET /sipse/faces/javax.faces.resource/layout/layout.css?ln=primefaces&v=4.0 HTTP/1.1" 304 -
191.109.173.93 - - [23/Feb/2023:00:34:02 -0500] "GET /sipse/faces/javax.faces.resource/layout/layout.js?ln=primefaces&v=4.0 HTTP/1.1" 304 -
191.109.173.93 - - [23/Feb/2023:00:34:03 -0500] "GET /sipse/faces/javax.faces.resource/images/ui-icons_898989_256x240.png?ln=primefaces-aristo HTTP/1.1" 304 -
191.109.173.93 - - [23/Feb/2023:00:34:07 -0500] "GET /sipse/faces/javax.faces.resource/images/ui-bg_flat_0_2d5972_40x100.png?ln=primefaces-aristo HTTP/1.1" 304 -
191.109.173.93 - - [23/Feb/2023:00:34:07 -0500] "POST /sipse/faces/presentacion/financiero/solicitudProceso/crearModificarSolicitudProceso.xhtml HTTP/1.1" 200 130083
191.109.173.93 - - [23/Feb/2023:00:34:08 -0500] "GET /sipse/faces/javax.faces.resource/theme.css?ln=primefaces-sipse HTTP/1.1" 304 -
191.109.173.93 - - [23/Feb/2023:00:34:08 -0500] "GET /sipse/faces/javax.faces.resource/primefaces.css?ln=primefaces&v=4.0 HTTP/1.1" 304 -
191.109.173.93 - - [23/Feb/2023:00:34:08 -0500] "GET /sipse/faces/javax.faces.resource/layout/layout.css?ln=primefaces&v=4.0 HTTP/1.1" 304 -
191.109.173.93 - - [23/Feb/2023:00:34:08 -0500] "GET /sipse/faces/javax.faces.resource/jquery/jquery.js?ln=primefaces&v=4.0 HTTP/1.1" 304 -
191.109.173.93 - - [23/Feb/2023:00:34:08 -0500] "GET /sipse/faces/javax.faces.resource/jquery/jquery-plugins.js?ln=primefaces&v=4.0 HTTP/1.1" 304 -
191.109.173.93 - - [23/Feb/2023:00:34:08 -0500] "GET /sipse/faces/javax.faces.resource/primefaces.js?ln=primefaces&v=4.0 HTTP/1.1" 304 -
191.109.173.93 - - [23/Feb/2023:00:34:08 -0500] "GET /sipse/faces/javax.faces.resource/layout/layout.js?ln=primefaces&v=4.0 HTTP/1.1" 304 -
191.109.173.93 - - [23/Feb/2023:00:34:08 -0500] "GET /sipse/faces/javax.faces.resource/messages/messages.png?ln=primefaces&v=4.0 HTTP/1.1" 304 -
191.109.173.93 - - [23/Feb/2023:00:34:40 -0500] "POST /sipse/faces/presentacion/financiero/solicitudProceso/consultarSolicitudProceso.xhtml HTTP/1.1" 200 86467
191.109.173.93 - - [23/Feb/2023:00:34:41 -0500] "GET /sipse/faces/javax.faces.resource/theme.css?ln=primefaces-sipse HTTP/1.1" 304 -
191.109.173.93 - - [23/Feb/2023:00:34:41 -0500] "GET /sipse/faces/javax.faces.resource/primefaces.css?ln=primefaces&v=4.0 HTTP/1.1" 304 -
191.109.173.93 - - [23/Feb/2023:00:34:41 -0500] "GET /sipse/faces/javax.faces.resource/layout/layout.css?ln=primefaces&v=4.0 HTTP/1.1" 304 -
191.109.173.93 - - [23/Feb/2023:00:34:41 -0500] "GET /sipse/faces/javax.faces.resource/jquery/jquery.js?ln=primefaces&v=4.0 HTTP/1.1" 304 -
191.109.173.93 - - [23/Feb/2023:00:34:41 -0500] "GET /sipse/faces/javax.faces.resource/jquery/jquery-plugins.js?ln=primefaces&v=4.0 HTTP/1.1" 304 -
191.109.173.93 - - [23/Feb/2023:00:34:41 -0500] "GET /sipse/faces/javax.faces.resource/primefaces.js?ln=primefaces&v=4.0 HTTP/1.1" 304 -
191.109.173.93 - - [23/Feb/2023:00:34:41 -0500] "GET /sipse/faces/javax.faces.resource/layout/layout.js?ln=primefaces&v=4.0 HTTP/1.1" 304 -
191.109.173.93 - - [23/Feb/2023:00:34:50 -0500] "POST /sipse/faces/presentacion/financiero/solicitudProceso/crearModificarSolicitudProceso.xhtml HTTP/1.1" 200 130083
191.109.173.93 - - [23/Feb/2023:00:34:51 -0500] "GET /sipse/faces/javax.faces.resource/layout/layout.css?ln=primefaces&v=4.0 HTTP/1.1" 304 -
191.109.173.93 - - [23/Feb/2023:00:34:51 -0500] "GET /sipse/faces/javax.faces.resource/theme.css?ln=primefaces-sipse HTTP/1.1" 304 -
191.109.173.93 - - [23/Feb/2023:00:34:51 -0500] "GET /sipse/faces/javax.faces.resource/primefaces.css?ln=primefaces&v=4.0 HTTP/1.1" 304 -
191.109.173.93 - - [23/Feb/2023:00:34:51 -0500] "GET /sipse/faces/javax.faces.resource/jquery/jquery.js?ln=primefaces&v=4.0 HTTP/1.1" 304 -
191.109.173.93 - - [23/Feb/2023:00:34:51 -0500] "GET /sipse/faces/javax.faces.resource/jquery/jquery-plugins.js?ln=primefaces&v=4.0 HTTP/1.1" 304 -
191.109.173.93 - - [23/Feb/2023:00:34:51 -0500] "GET /sipse/faces/javax.faces.resource/primefaces.js?ln=primefaces&v=4.0 HTTP/1.1" 304 -
191.109.173.93 - - [23/Feb/2023:00:34:51 -0500] "GET /sipse/faces/javax.faces.resource/layout/layout.js?ln=primefaces&v=4.0 HTTP/1.1" 304 -
172.22.2.4 - - [23/Feb/2023:00:34:08 -0500] "GET /BLA/boletinlegal/index.php?s=/Index/\\think\\app/invokefunction&function=call_user_func_array&vars[0]=md5&vars[1][]=HelloThinkPHP21 HTTP/1.1" 200 53195
66.249.66.79 - - [23/Feb/2023:00:35:43 -0500] "-" 408 -
191.109.173.93 - - [23/Feb/2023:00:35:58 -0500] "POST /sipse/faces/presentacion/financiero/solicitudProceso/consultarSolicitudProceso.xhtml HTTP/1.1" 200 86467
191.109.173.93 - - [23/Feb/2023:00:35:58 -0500] "GET /sipse/faces/javax.faces.resource/theme.css?ln=primefaces-sipse HTTP/1.1" 304 -
191.109.173.93 - - [23/Feb/2023:00:35:58 -0500] "GET /sipse/faces/javax.faces.resource/primefaces.css?ln=primefaces&v=4.0 HTTP/1.1" 304 -
191.109.173.93 - - [23/Feb/2023:00:35:58 -0500] "GET /sipse/faces/javax.faces.resource/layout/layout.css?ln=primefaces&v=4.0 HTTP/1.1" 304 -
191.109.173.93 - - [23/Feb/2023:00:35:58 -0500] "GET /sipse/faces/javax.faces.resource/jquery/jquery.js?ln=primefaces&v=4.0 HTTP/1.1" 304 -
191.109.173.93 - - [23/Feb/2023:00:35:58 -0500] "GET /sipse/faces/javax.faces.resource/jquery/jquery-plugins.js?ln=primefaces&v=4.0 HTTP/1.1" 304 -
191.109.173.93 - - [23/Feb/2023:00:35:58 -0500] "GET /sipse/faces/javax.faces.resource/primefaces.js?ln=primefaces&v=4.0 HTTP/1.1" 304 -
191.109.173.93 - - [23/Feb/2023:00:35:58 -0500] "GET /sipse/faces/javax.faces.resource/layout/layout.js?ln=primefaces&v=4.0 HTTP/1.1" 304 -
191.109.173.93 - - [23/Feb/2023:00:36:19 -0500] "POST /sipse/faces/presentacion/financiero/solicitudProceso/crearModificarSolicitudProceso.xhtml HTTP/1.1" 200 129859
191.109.173.93 - - [23/Feb/2023:00:36:20 -0500] "GET /sipse/faces/javax.faces.resource/theme.css?ln=primefaces-sipse HTTP/1.1" 304 -
191.109.173.93 - - [23/Feb/2023:00:36:20 -0500] "GET /sipse/faces/javax.faces.resource/primefaces.css?ln=primefaces&v=4.0 HTTP/1.1" 304 -
191.109.173.93 - - [23/Feb/2023:00:36:20 -0500] "GET /sipse/faces/javax.faces.resource/layout/layout.css?ln=primefaces&v=4.0 HTTP/1.1" 304 -
191.109.173.93 - - [23/Feb/2023:00:36:20 -0500] "GET /sipse/faces/javax.faces.resource/jquery/jquery.js?ln=primefaces&v=4.0 HTTP/1.1" 304 -
191.109.173.93 - - [23/Feb/2023:00:36:20 -0500] "GET /sipse/faces/javax.faces.resource/jquery/jquery-plugins.js?ln=primefaces&v=4.0 HTTP/1.1" 304 -
191.109.173.93 - - [23/Feb/2023:00:36:20 -0500] "GET /sipse/faces/javax.faces.resource/primefaces.js?ln=primefaces&v=4.0 HTTP/1.1" 304 -
191.109.173.93 - - [23/Feb/2023:00:36:20 -0500] "GET /sipse/faces/javax.faces.resource/layout/layout.js?ln=primefaces&v=4.0 HTTP/1.1" 304 -
201.245.192.253 - - [23/Feb/2023:00:36:21 -0500] "POST /kwsrmcab/Wsrmcab  HTTP/1.1" 200 213
191.109.173.93 - - [23/Feb/2023:00:37:24 -0500] "POST /sipse/faces/presentacion/financiero/solicitudProceso/consultarSolicitudProceso.xhtml HTTP/1.1" 200 52439
191.109.173.93 - - [23/Feb/2023:00:37:24 -0500] "GET /sipse/faces/javax.faces.resource/theme.css?ln=primefaces-sipse HTTP/1.1" 304 -
191.109.173.93 - - [23/Feb/2023:00:37:24 -0500] "GET /sipse/faces/javax.faces.resource/primefaces.css?ln=primefaces&v=4.0 HTTP/1.1" 304 -
191.109.173.93 - - [23/Feb/2023:00:37:24 -0500] "GET /sipse/faces/javax.faces.resource/layout/layout.css?ln=primefaces&v=4.0 HTTP/1.1" 304 -
191.109.173.93 - - [23/Feb/2023:00:37:24 -0500] "GET /sipse/faces/javax.faces.resource/jquery/jquery.js?ln=primefaces&v=4.0 HTTP/1.1" 304 -
191.109.173.93 - - [23/Feb/2023:00:37:24 -0500] "GET /sipse/faces/javax.faces.resource/jquery/jquery-plugins.js?ln=primefaces&v=4.0 HTTP/1.1" 304 -
191.109.173.93 - - [23/Feb/2023:00:37:24 -0500] "GET /sipse/faces/javax.faces.resource/primefaces.js?ln=primefaces&v=4.0 HTTP/1.1" 304 -
191.109.173.93 - - [23/Feb/2023:00:37:24 -0500] "GET /sipse/faces/javax.faces.resource/layout/layout.js?ln=primefaces&v=4.0 HTTP/1.1" 304 -
191.109.173.93 - - [23/Feb/2023:00:37:31 -0500] "POST /sipse/faces/presentacion/financiero/estudioPrevio/personalSolicitado/personalSolicitadoSolicitudProceso.xhtml HTTP/1.1" 200 7035
216.245.221.92 - - [23/Feb/2023:00:37:47 -0500] "HEAD / HTTP/1.1" 200 -
172.22.2.4 - - [23/Feb/2023:00:36:21 -0500] "HEAD /BLA/boletinlegal/ HTTP/1.1" 200 -
201.245.192.253 - - [23/Feb/2023:00:38:24 -0500] "POST /kwsrmcab/Wsrmcab HTTP/1.1" 200 40923
201.245.192.253 - - [23/Feb/2023:00:38:26 -0500] "POST /kwsrmcab/Wsrmcab HTTP/1.1" 200 41592
172.22.2.4 - - [23/Feb/2023:00:37:11 -0500] "GET /BLA/boletinlegal/ HTTP/1.1" 200 58171
191.109.173.93 - - [23/Feb/2023:00:39:27 -0500] "POST /sipse/faces/presentacion/financiero/estudioPrevio/personalSolicitado/personalSolicitadoSolicitudProceso.xhtml HTTP/1.1" 200 184199
191.109.173.93 - - [23/Feb/2023:00:39:27 -0500] "GET /sipse/faces/javax.faces.resource/theme.css?ln=primefaces-sipse HTTP/1.1" 304 -
191.109.173.93 - - [23/Feb/2023:00:39:27 -0500] "GET /sipse/faces/javax.faces.resource/primefaces.css?ln=primefaces&v=4.0 HTTP/1.1" 304 -
191.109.173.93 - - [23/Feb/2023:00:39:27 -0500] "GET /sipse/faces/javax.faces.resource/jquery/jquery.js?ln=primefaces&v=4.0 HTTP/1.1" 304 -
191.109.173.93 - - [23/Feb/2023:00:39:27 -0500] "GET /sipse/faces/javax.faces.resource/jquery/jquery-plugins.js?ln=primefaces&v=4.0 HTTP/1.1" 304 -
191.109.173.93 - - [23/Feb/2023:00:39:27 -0500] "GET /sipse/faces/javax.faces.resource/primefaces.js?ln=primefaces&v=4.0 HTTP/1.1" 304 -
191.109.173.93 - - [23/Feb/2023:00:39:27 -0500] "GET /sipse/faces/javax.faces.resource/layout/layout.css?ln=primefaces&v=4.0 HTTP/1.1" 304 -
191.109.173.93 - - [23/Feb/2023:00:39:27 -0500] "GET /sipse/faces/javax.faces.resource/layout/layout.js?ln=primefaces&v=4.0 HTTP/1.1" 304 -
191.109.173.93 - - [23/Feb/2023:00:39:44 -0500] "POST /sipse/faces/presentacion/financiero/solicitudProceso/consultarSolicitudProceso.xhtml HTTP/1.1" 200 38360
191.109.173.93 - - [23/Feb/2023:00:39:46 -0500] "GET /sipse/faces/javax.faces.resource/theme.css?ln=primefaces-sipse HTTP/1.1" 304 -
191.109.173.93 - - [23/Feb/2023:00:39:46 -0500] "GET /sipse/faces/javax.faces.resource/layout/layout.css?ln=primefaces&v=4.0 HTTP/1.1" 304 -
191.109.173.93 - - [23/Feb/2023:00:39:46 -0500] "GET /sipse/faces/javax.faces.resource/primefaces.css?ln=primefaces&v=4.0 HTTP/1.1" 304 -
191.109.173.93 - - [23/Feb/2023:00:39:46 -0500] "GET /sipse/faces/javax.faces.resource/jquery/jquery.js?ln=primefaces&v=4.0 HTTP/1.1" 304 -
191.109.173.93 - - [23/Feb/2023:00:39:46 -0500] "GET /sipse/faces/javax.faces.resource/jquery/jquery-plugins.js?ln=primefaces&v=4.0 HTTP/1.1" 304 -
191.109.173.93 - - [23/Feb/2023:00:39:46 -0500] "GET /sipse/faces/javax.faces.resource/primefaces.js?ln=primefaces&v=4.0 HTTP/1.1" 304 -
191.109.173.93 - - [23/Feb/2023:00:39:47 -0500] "GET /sipse/faces/javax.faces.resource/layout/layout.js?ln=primefaces&v=4.0 HTTP/1.1" 304 -
191.109.173.93 - - [23/Feb/2023:00:39:47 -0500] "POST /sipse/faces/presentacion/financiero/solicitudProceso/listarSolicitudProceso.xhtml HTTP/1.1" 200 1396
191.109.173.93 - - [23/Feb/2023:00:39:50 -0500] "POST /sipse/faces/presentacion/financiero/solicitudProceso/listarSolicitudProceso.xhtml HTTP/1.1" 200 43870
191.109.173.93 - - [23/Feb/2023:00:39:50 -0500] "GET /sipse/faces/javax.faces.resource/theme.css?ln=primefaces-sipse HTTP/1.1" 304 -
191.109.173.93 - - [23/Feb/2023:00:39:50 -0500] "GET /sipse/faces/javax.faces.resource/layout/layout.css?ln=primefaces&v=4.0 HTTP/1.1" 304 -
191.109.173.93 - - [23/Feb/2023:00:39:50 -0500] "GET /sipse/faces/javax.faces.resource/primefaces.css?ln=primefaces&v=4.0 HTTP/1.1" 304 -
191.109.173.93 - - [23/Feb/2023:00:39:50 -0500] "GET /sipse/faces/javax.faces.resource/jquery/jquery.js?ln=primefaces&v=4.0 HTTP/1.1" 304 -
191.109.173.93 - - [23/Feb/2023:00:39:50 -0500] "GET /sipse/faces/javax.faces.resource/jquery/jquery-plugins.js?ln=primefaces&v=4.0 HTTP/1.1" 304 -
191.109.173.93 - - [23/Feb/2023:00:39:50 -0500] "GET /sipse/faces/javax.faces.resource/primefaces.js?ln=primefaces&v=4.0 HTTP/1.1" 304 -
191.109.173.93 - - [23/Feb/2023:00:39:50 -0500] "GET /sipse/faces/javax.faces.resource/layout/layout.js?ln=primefaces&v=4.0 HTTP/1.1" 304 -
191.109.173.93 - - [23/Feb/2023:00:39:50 -0500] "POST /sipse/faces/presentacion/financiero/solicitudProceso/consultar.xhtml HTTP/1.1" 200 37234
191.109.173.93 - - [23/Feb/2023:00:39:55 -0500] "POST /sipse/faces/presentacion/financiero/solicitudProceso/consultar.xhtml HTTP/1.1" 200 12874
173.252.79.111 - - [23/Feb/2023:00:40:14 -0500] "GET /images/20%20de%20febrero%20panor\xc3\xa1mica%20de%20Bogot\xc3\xa1%20(1)%20(1).jpeg HTTP/1.1" 404 1034
201.245.192.253 - - [23/Feb/2023:00:41:19 -0500] "POST /kwsrmcab/Wsrmcab  HTTP/1.1" 200 213
172.22.2.4 - - [23/Feb/2023:00:40:21 -0500] "GET /BLA/boletinlegal/ HTTP/1.1" 200 62302
216.245.221.92 - - [23/Feb/2023:00:42:47 -0500] "HEAD / HTTP/1.1" 200 -
172.22.2.4 - - [23/Feb/2023:00:42:11 -0500] "HEAD /BLA/boletinlegal/ HTTP/1.1" 200 -
172.22.2.4 - - [23/Feb/2023:00:43:53 -0500] "GET /BLA/boletinlegal/robots.txt HTTP/1.1" 404 1038
172.22.2.4 - - [23/Feb/2023:00:43:56 -0500] "GET /BLA/boletinlegal/Circulares/2014/Circular%20No.%201%20del%2008%20de%20Mayo%20de%202014.pdf HTTP/1.1" 200 180124
66.249.66.45 - - [23/Feb/2023:00:44:12 -0500] "-" 408 -
172.22.2.4 - - [23/Feb/2023:00:43:01 -0500] "GET /BLA/boletinlegal/ HTTP/1.1" 200 53058
173.252.79.5 - - [23/Feb/2023:00:46:06 -0500] "GET /images/20%20de%20febrero%20panor\xc3\xa1mica%20de%20Bogot\xc3\xa1%20(1)%20(1).jpeg HTTP/1.1" 404 1034
201.245.192.253 - - [23/Feb/2023:00:46:18 -0500] "POST /kwsrmcab/Wsrmcab  HTTP/1.1" 200 213
162.55.175.144 - - [23/Feb/2023:00:46:40 -0500] "GET / HTTP/1.1" 200 4720
162.55.175.144 - - [23/Feb/2023:00:46:43 -0500] "GET / HTTP/1.1" 200 319
186.155.18.80 - - [23/Feb/2023:00:47:24 -0500] "GET /BLA/resoluciones/RESOLUCIONES%202008/3956.pdf HTTP/1.1" 200 595652
216.245.221.92 - - [23/Feb/2023:00:47:47 -0500] "HEAD / HTTP/1.1" 200 -
172.22.2.4 - - [23/Feb/2023:00:48:01 -0500] "HEAD /BLA/boletinlegal/ HTTP/1.1" 200 -
66.249.66.79 - - [23/Feb/2023:00:49:59 -0500] "-" 408 -
172.22.2.4 - - [23/Feb/2023:00:48:51 -0500] "GET /BLA/boletinlegal/ HTTP/1.1" 200 57453
201.245.192.253 - - [23/Feb/2023:00:51:17 -0500] "POST /kwsrmcab/Wsrmcab  HTTP/1.1" 200 213
168.119.253.6 - - [23/Feb/2023:00:51:37 -0500] "GET / HTTP/1.1" 200 4720
168.119.253.6 - - [23/Feb/2023:00:51:37 -0500] "GET / HTTP/1.1" 200 319
216.245.221.92 - - [23/Feb/2023:00:52:47 -0500] "HEAD / HTTP/1.1" 200 -
66.220.149.14 - - [23/Feb/2023:00:54:03 -0500] "GET /images/reunion-planta-termovalorizacion-11-mayo.jpg HTTP/1.1" 200 34782
186.155.18.80 - - [23/Feb/2023:00:54:33 -0500] "GET /BLA/resoluciones/index.php?dir=RESOLUCIONES+2009%2F HTTP/1.1" 200 1694101
186.155.18.80 - - [23/Feb/2023:00:54:39 -0500] "GET /BLA/resoluciones/RESOLUCIONES%202009/0932.pdf HTTP/1.1" 200 232616
172.22.2.4 - - [23/Feb/2023:00:53:51 -0500] "HEAD /BLA/boletinlegal/ HTTP/1.1" 200 -
201.245.192.253 - - [23/Feb/2023:00:56:16 -0500] "POST /kwsrmcab/Wsrmcab  HTTP/1.1" 200 213
172.22.2.4 - - [23/Feb/2023:00:54:41 -0500] "GET /BLA/boletinlegal/ HTTP/1.1" 200 57804
216.245.221.92 - - [23/Feb/2023:00:57:47 -0500] "HEAD / HTTP/1.1" 200 -
185.119.81.104 - - [23/Feb/2023:00:59:01 -0500] "GET /portaldeninos/wp-login.php HTTP/1.1" 200 2592
185.119.81.104 - - [23/Feb/2023:00:59:02 -0500] "POST /portaldeninos/wp-login.php HTTP/1.1" 200 3670
66.249.66.79 - - [23/Feb/2023:00:59:22 -0500] "-" 408 -
186.155.18.80 - - [23/Feb/2023:00:59:42 -0500] "GET /BLA/resoluciones/RESOLUCIONES%202009/3860.pdf HTTP/1.1" 200 1287621
92.118.39.82 - - [23/Feb/2023:01:00:55 -0500] "GET / HTTP/1.1" 200 319
92.118.39.82 - - [23/Feb/2023:01:00:55 -0500] "GET /cgi-bin/downloadFlile.cgi HTTP/1.1" 404 1018
201.245.192.253 - - [23/Feb/2023:01:01:15 -0500] "POST /kwsrmcab/Wsrmcab  HTTP/1.1" 200 213
172.22.2.4 - - [23/Feb/2023:00:59:41 -0500] "HEAD /BLA/boletinlegal/ HTTP/1.1" 200 -
172.22.2.4 - - [23/Feb/2023:01:00:31 -0500] "GET /BLA/boletinlegal/ HTTP/1.1" 200 57453
216.245.221.92 - - [23/Feb/2023:01:02:47 -0500] "HEAD / HTTP/1.1" 200 -
190.24.67.245 - - [23/Feb/2023:01:04:06 -0500] "GET /sipse/faces/index.xhtml HTTP/1.1" 200 677
190.24.67.245 - - [23/Feb/2023:01:04:06 -0500] "GET /sipse/faces/javax.faces.resource/theme.css?ln=primefaces-sipse HTTP/1.1" 304 -
190.24.67.245 - - [23/Feb/2023:01:04:06 -0500] "GET /sipse/faces/faces/autenticacion.xhtml HTTP/1.1" 200 12172
190.24.67.245 - - [23/Feb/2023:01:04:06 -0500] "GET /sipse/faces/javax.faces.resource/theme.css?ln=primefaces-sipse HTTP/1.1" 304 -
190.24.67.245 - - [23/Feb/2023:01:04:06 -0500] "GET /sipse/faces/javax.faces.resource/primefaces.css?ln=primefaces&v=4.0 HTTP/1.1" 304 -
190.24.67.245 - - [23/Feb/2023:01:04:06 -0500] "GET /sipse/faces/javax.faces.resource/layout/layout.css?ln=primefaces&v=4.0 HTTP/1.1" 304 -
190.24.67.245 - - [23/Feb/2023:01:04:06 -0500] "GET /sipse/faces/javax.faces.resource/layout/layout.js?ln=primefaces&v=4.0 HTTP/1.1" 304 -
190.24.67.245 - - [23/Feb/2023:01:04:06 -0500] "GET /sipse/faces/javax.faces.resource/jquery/jquery-plugins.js?ln=primefaces&v=4.0 HTTP/1.1" 304 -
190.24.67.245 - - [23/Feb/2023:01:04:06 -0500] "GET /sipse/faces/javax.faces.resource/primefaces.js?ln=primefaces&v=4.0 HTTP/1.1" 304 -
190.24.67.245 - - [23/Feb/2023:01:04:06 -0500] "GET /sipse/faces/javax.faces.resource/jquery/jquery.js?ln=primefaces&v=4.0 HTTP/1.1" 304 -
190.24.67.245 - - [23/Feb/2023:01:04:06 -0500] "GET /sipse/faces/javax.faces.resource/images/ui-icons_898989_256x240.png?ln=primefaces-aristo HTTP/1.1" 304 -
190.24.67.245 - - [23/Feb/2023:01:04:17 -0500] "POST /sipse/faces/autenticacion.xhtml HTTP/1.1" 200 11205
190.24.67.245 - - [23/Feb/2023:01:04:17 -0500] "GET /sipse/faces/javax.faces.resource/primefaces.css?ln=primefaces&v=4.0 HTTP/1.1" 304 -
190.24.67.245 - - [23/Feb/2023:01:04:17 -0500] "GET /sipse/faces/javax.faces.resource/theme.css?ln=primefaces-sipse HTTP/1.1" 304 -
190.24.67.245 - - [23/Feb/2023:01:04:17 -0500] "GET /sipse/faces/javax.faces.resource/layout/layout.css?ln=primefaces&v=4.0 HTTP/1.1" 304 -
190.24.67.245 - - [23/Feb/2023:01:04:17 -0500] "GET /sipse/faces/javax.faces.resource/jquery/jquery.js?ln=primefaces&v=4.0 HTTP/1.1" 304 -
190.24.67.245 - - [23/Feb/2023:01:04:17 -0500] "GET /sipse/faces/javax.faces.resource/jquery/jquery-plugins.js?ln=primefaces&v=4.0 HTTP/1.1" 304 -
190.24.67.245 - - [23/Feb/2023:01:04:17 -0500] "GET /sipse/faces/javax.faces.resource/primefaces.js?ln=primefaces&v=4.0 HTTP/1.1" 304 -
190.24.67.245 - - [23/Feb/2023:01:04:17 -0500] "GET /sipse/faces/javax.faces.resource/layout/layout.js?ln=primefaces&v=4.0 HTTP/1.1" 304 -
190.24.67.245 - - [23/Feb/2023:01:04:17 -0500] "GET /sipse/faces/javax.faces.resource/messages/messages.png?ln=primefaces&v=4.0 HTTP/1.1" 304 -
190.24.67.245 - - [23/Feb/2023:01:04:20 -0500] "POST /sipse/faces/presentacion/sistema/seguridad/seleccionRol.xhtml HTTP/1.1" 200 5911
190.24.67.245 - - [23/Feb/2023:01:04:21 -0500] "GET /sipse/faces/javax.faces.resource/images/ui-bg_flat_0_2d5972_40x100.png?ln=primefaces-aristo HTTP/1.1" 304 -
190.24.67.245 - - [23/Feb/2023:01:04:23 -0500] "POST /sipse/faces/presentacion/sistema/seguridad/seleccionRol.xhtml HTTP/1.1" 200 16304
190.24.67.245 - - [23/Feb/2023:01:04:23 -0500] "GET /sipse/faces/javax.faces.resource/theme.css?ln=primefaces-sipse HTTP/1.1" 304 -
190.24.67.245 - - [23/Feb/2023:01:04:23 -0500] "GET /sipse/faces/javax.faces.resource/primefaces.css?ln=primefaces&v=4.0 HTTP/1.1" 304 -
190.24.67.245 - - [23/Feb/2023:01:04:23 -0500] "GET /sipse/faces/javax.faces.resource/layout/layout.css?ln=primefaces&v=4.0 HTTP/1.1" 304 -
190.24.67.245 - - [23/Feb/2023:01:04:23 -0500] "GET /sipse/faces/javax.faces.resource/jquery/jquery.js?ln=primefaces&v=4.0 HTTP/1.1" 304 -
190.24.67.245 - - [23/Feb/2023:01:04:23 -0500] "GET /sipse/faces/javax.faces.resource/jquery/jquery-plugins.js?ln=primefaces&v=4.0 HTTP/1.1" 304 -
190.24.67.245 - - [23/Feb/2023:01:04:23 -0500] "GET /sipse/faces/javax.faces.resource/primefaces.js?ln=primefaces&v=4.0 HTTP/1.1" 304 -
190.24.67.245 - - [23/Feb/2023:01:04:23 -0500] "GET /sipse/faces/javax.faces.resource/layout/layout.js?ln=primefaces&v=4.0 HTTP/1.1" 304 -
190.24.67.245 - - [23/Feb/2023:01:04:23 -0500] "GET /sipse/css/imagen/contrasena.png HTTP/1.1" 404 383
190.24.67.245 - - [23/Feb/2023:01:04:25 -0500] "POST /sipse/faces/bienvenido.xhtml HTTP/1.1" 200 9754
190.24.67.245 - - [23/Feb/2023:01:04:26 -0500] "POST /sipse/faces/bienvenido.xhtml HTTP/1.1" 200 2658
190.24.67.245 - - [23/Feb/2023:01:04:27 -0500] "POST /sipse/faces/bienvenido.xhtml HTTP/1.1" 200 36098
190.24.67.245 - - [23/Feb/2023:01:04:27 -0500] "GET /sipse/faces/javax.faces.resource/theme.css?ln=primefaces-sipse HTTP/1.1" 304 -
190.24.67.245 - - [23/Feb/2023:01:04:27 -0500] "GET /sipse/faces/javax.faces.resource/primefaces.css?ln=primefaces&v=4.0 HTTP/1.1" 304 -
190.24.67.245 - - [23/Feb/2023:01:04:27 -0500] "GET /sipse/faces/javax.faces.resource/layout/layout.css?ln=primefaces&v=4.0 HTTP/1.1" 304 -
190.24.67.245 - - [23/Feb/2023:01:04:27 -0500] "GET /sipse/faces/javax.faces.resource/jquery/jquery.js?ln=primefaces&v=4.0 HTTP/1.1" 304 -
190.24.67.245 - - [23/Feb/2023:01:04:27 -0500] "GET /sipse/faces/javax.faces.resource/jquery/jquery-plugins.js?ln=primefaces&v=4.0 HTTP/1.1" 304 -
190.24.67.245 - - [23/Feb/2023:01:04:27 -0500] "GET /sipse/faces/javax.faces.resource/primefaces.js?ln=primefaces&v=4.0 HTTP/1.1" 304 -
190.24.67.245 - - [23/Feb/2023:01:04:27 -0500] "GET /sipse/faces/javax.faces.resource/layout/layout.js?ln=primefaces&v=4.0 HTTP/1.1" 304 -
190.24.67.245 - - [23/Feb/2023:01:04:27 -0500] "POST /sipse/faces/presentacion/financiero/solicitudProceso/listarSolicitudProceso.xhtml HTTP/1.1" 200 1396
201.245.192.253 - - [23/Feb/2023:01:06:14 -0500] "POST /kwsrmcab/Wsrmcab  HTTP/1.1" 200 213
172.22.2.4 - - [23/Feb/2023:01:05:31 -0500] "HEAD /BLA/boletinlegal/ HTTP/1.1" 200 -
152.61.192.232 - - [23/Feb/2023:01:07:30 -0500] "GET / HTTP/1.1" 200 319
216.245.221.92 - - [23/Feb/2023:01:07:47 -0500] "HEAD / HTTP/1.1" 200 -
185.119.81.104 - - [23/Feb/2023:01:07:51 -0500] "GET /portaldeninos/wp-login.php HTTP/1.1" 200 2592
185.119.81.104 - - [23/Feb/2023:01:07:52 -0500] "POST /portaldeninos/wp-login.php HTTP/1.1" 200 3605
172.22.2.4 - - [23/Feb/2023:01:06:21 -0500] "GET /BLA/boletinlegal/ HTTP/1.1" 200 57453
173.252.107.119 - - [23/Feb/2023:01:10:24 -0500] "GET /si-te-gusta-la-pintura-el-dibujo-o-la-fotografia-el-concurso-a-vuelo-de-pajaro-es-para-ti.html HTTP/1.1" 206 861
201.245.192.253 - - [23/Feb/2023:01:11:13 -0500] "POST /kwsrmcab/Wsrmcab  HTTP/1.1" 200 213
216.245.221.92 - - [23/Feb/2023:01:12:47 -0500] "HEAD / HTTP/1.1" 200 -
172.22.2.4 - - [23/Feb/2023:01:11:21 -0500] "HEAD /BLA/boletinlegal/ HTTP/1.1" 200 -
173.252.79.1 - - [23/Feb/2023:01:13:19 -0500] "GET /images/20%20de%20febrero%20panor\xc3\xa1mica%20de%20Bogot\xc3\xa1%20(1)%20(1).jpeg HTTP/1.1" 404 1034
172.22.2.4 - - [23/Feb/2023:01:12:11 -0500] "GET /BLA/boletinlegal/ HTTP/1.1" 200 59164
201.245.192.253 - - [23/Feb/2023:01:16:12 -0500] "POST /kwsrmcab/Wsrmcab  HTTP/1.1" 200 213
203.209.239.105 - - [23/Feb/2023:01:16:48 -0500] "GET /galeria/galeria/fotos/2humedal-Burro2P.jpg HTTP/1.1" 200 8996
216.245.221.92 - - [23/Feb/2023:01:17:47 -0500] "HEAD / HTTP/1.1" 200 -
201.245.192.253 - - [23/Feb/2023:01:18:24 -0500] "POST /kwsrmcab/Wsrmcab HTTP/1.1" 200 40620
201.245.192.253 - - [23/Feb/2023:01:18:28 -0500] "POST /kwsrmcab/Wsrmcab HTTP/1.1" 200 41267
172.22.2.4 - - [23/Feb/2023:01:17:11 -0500] "HEAD /BLA/boletinlegal/ HTTP/1.1" 200 -
185.119.81.104 - - [23/Feb/2023:01:19:03 -0500] "GET /portaldeninos/wp-login.php HTTP/1.1" 200 2592
185.119.81.104 - - [23/Feb/2023:01:19:04 -0500] "POST /portaldeninos/wp-login.php HTTP/1.1" 200 3650
172.22.2.4 - - [23/Feb/2023:01:18:01 -0500] "GET /BLA/boletinlegal/ HTTP/1.1" 200 52227
152.61.128.50 - - [23/Feb/2023:01:20:53 -0500] "GET / HTTP/1.1" 200 319
201.245.192.253 - - [23/Feb/2023:01:21:12 -0500] "POST /kwsrmcab/Wsrmcab  HTTP/1.1" 200 213
51.255.62.11 - - [23/Feb/2023:01:21:34 -0500] "GET /portaldeninos/xmlrpc.php HTTP/1.1" 405 42
51.255.62.1 - - [23/Feb/2023:01:21:34 -0500] "GET /portaldeninos/ HTTP/1.1" 200 110197
216.245.221.92 - - [23/Feb/2023:01:22:47 -0500] "HEAD / HTTP/1.1" 200 -
172.22.2.4 - - [23/Feb/2023:01:23:01 -0500] "HEAD /BLA/boletinlegal/ HTTP/1.1" 200 -
172.22.2.4 - - [23/Feb/2023:01:23:51 -0500] "GET /BLA/boletinlegal/ HTTP/1.1" 200 57453
201.245.192.253 - - [23/Feb/2023:01:26:10 -0500] "POST /kwsrmcab/Wsrmcab  HTTP/1.1" 200 213
216.245.221.92 - - [23/Feb/2023:01:27:47 -0500] "HEAD / HTTP/1.1" 200 -
122.161.83.150 - - [23/Feb/2023:01:28:05 -0500] "GET / HTTP/1.1" 200 319
201.245.192.253 - - [23/Feb/2023:01:28:24 -0500] "POST /kwsrmcab/Wsrmcab HTTP/1.1" 200 40620
201.245.192.253 - - [23/Feb/2023:01:28:28 -0500] "POST /kwsrmcab/Wsrmcab HTTP/1.1" 200 41267
66.249.72.72 - - [23/Feb/2023:01:30:21 -0500] "-" 408 -
157.55.39.209 - - [23/Feb/2023:01:30:29 -0500] "GET /Publicaciones/2022EE30172.pdf HTTP/1.1" 404 227
172.22.2.4 - - [23/Feb/2023:01:28:51 -0500] "HEAD /BLA/boletinlegal/ HTTP/1.1" 200 -
34.90.230.199 - - [23/Feb/2023:01:30:55 -0500] "GET /inventario-de-emisiones-2020-transporte-publico-sitp-redujo-emisiones-de-pm-2-5-en-un-37.html HTTP/1.1" 200 925
201.245.192.253 - - [23/Feb/2023:01:31:10 -0500] "POST /kwsrmcab/Wsrmcab  HTTP/1.1" 200 213
172.22.2.4 - - [23/Feb/2023:01:29:41 -0500] "GET /BLA/boletinlegal/ HTTP/1.1" 200 49262
172.22.2.4 - - [23/Feb/2023:01:30:30 -0500] "GET /BLA/boletinlegal/ HTTP/1.1" 200 51834
216.245.221.92 - - [23/Feb/2023:01:32:47 -0500] "HEAD / HTTP/1.1" 200 -
34.141.217.75 - - [23/Feb/2023:01:33:49 -0500] "GET /inventario-de-emisiones-2020-transporte-publico-sitp-redujo-emisiones-de-pm-2-5-en-un-37.html HTTP/1.1" 200 925
201.245.192.253 - - [23/Feb/2023:01:36:08 -0500] "POST /kwsrmcab/Wsrmcab  HTTP/1.1" 200 213
172.22.2.4 - - [23/Feb/2023:01:34:41 -0500] "HEAD /BLA/boletinlegal/ HTTP/1.1" 200 -
34.147.55.102 - - [23/Feb/2023:01:37:05 -0500] "GET /inventario-de-emisiones-2020-transporte-publico-sitp-redujo-emisiones-de-pm-2-5-en-un-37.html HTTP/1.1" 200 925
167.114.1.28 - - [23/Feb/2023:01:37:07 -0500] "GET /auambari-deleito-con-sus-sonidos-ambientales-a-los-asistentes-de-fima-2021.html HTTP/1.1" 200 888
181.53.12.253 - - [23/Feb/2023:01:37:07 -0500] "-" 408 -
172.22.2.4 - - [23/Feb/2023:01:35:31 -0500] "GET /BLA/boletinlegal/ HTTP/1.1" 200 57453
216.245.221.92 - - [23/Feb/2023:01:37:47 -0500] "HEAD / HTTP/1.1" 200 -
201.245.192.253 - - [23/Feb/2023:01:38:24 -0500] "POST /kwsrmcab/Wsrmcab HTTP/1.1" 200 40620
201.245.192.253 - - [23/Feb/2023:01:38:27 -0500] "POST /kwsrmcab/Wsrmcab HTTP/1.1" 200 41267
193.32.162.159 - - [23/Feb/2023:01:40:13 -0500] "GET / HTTP/1.1" 200 319
52.167.144.97 - - [23/Feb/2023:01:40:34 -0500] "GET /catalogoisis/ HTTP/1.1" 200 8575
201.245.192.253 - - [23/Feb/2023:01:41:08 -0500] "POST /kwsrmcab/Wsrmcab  HTTP/1.1" 200 213
172.22.2.4 - - [23/Feb/2023:01:40:31 -0500] "HEAD /BLA/boletinlegal/ HTTP/1.1" 200 -
216.245.221.92 - - [23/Feb/2023:01:42:47 -0500] "HEAD / HTTP/1.1" 200 -
172.22.2.4 - - [23/Feb/2023:01:41:21 -0500] "GET /BLA/boletinlegal/ HTTP/1.1" 200 58171
201.245.192.253 - - [23/Feb/2023:01:46:07 -0500] "POST /kwsrmcab/Wsrmcab  HTTP/1.1" 200 213
185.119.81.104 - - [23/Feb/2023:01:46:21 -0500] "GET /portaldeninos/wp-login.php HTTP/1.1" 200 2592
185.119.81.104 - - [23/Feb/2023:01:46:22 -0500] "POST /portaldeninos/wp-login.php HTTP/1.1" 200 3605
216.245.221.92 - - [23/Feb/2023:01:47:47 -0500] "HEAD / HTTP/1.1" 200 -
172.22.2.4 - - [23/Feb/2023:01:46:21 -0500] "HEAD /BLA/boletinlegal/ HTTP/1.1" 200 -
172.22.2.4 - - [23/Feb/2023:01:47:11 -0500] "GET /BLA/boletinlegal/ HTTP/1.1" 200 57058
201.245.192.253 - - [23/Feb/2023:01:51:02 -0500] "POST /kwsrmcab/Wsrmcab  HTTP/1.1" 200 213
152.61.192.232 - - [23/Feb/2023:01:51:09 -0500] "GET /arcgis/services/Calidad_del_Agua_WQI/MapServer/WMSServer?request=GetCapabilities&service=WMS HTTP/1.1" 503 1020
152.61.192.232 - - [23/Feb/2023:01:51:10 -0500] "GET /arcgis/services/Calidad_del_Agua_WQI/MapServer/WMSServer?SERVICE=WMS&REQUEST=GetCapabilities HTTP/1.1" 503 1020
152.61.192.232 - - [23/Feb/2023:01:51:10 -0500] "GET /arcgis/services/Calidad_del_Agua_WQI/MapServer/WMSServer?WMTVER=1.0.0&REQUEST=capabilities HTTP/1.1" 503 1020
40.77.167.201 - - [23/Feb/2023:01:51:56 -0500] "GET /sipse/faces/index.xhtml HTTP/1.1" 200 677
216.245.221.92 - - [23/Feb/2023:01:52:46 -0500] "HEAD / HTTP/1.1" 200 -
172.22.2.4 - - [23/Feb/2023:01:52:11 -0500] "HEAD /BLA/boletinlegal/ HTTP/1.1" 200 -
172.22.2.4 - - [23/Feb/2023:01:53:01 -0500] "GET /BLA/boletinlegal/ HTTP/1.1" 200 56659
40.77.167.194 - - [23/Feb/2023:01:55:31 -0500] "GET /BLA/resoluciones/RESOLUCIONES%202019/1651.pdf HTTP/1.1" 200 792463
201.245.192.253 - - [23/Feb/2023:01:56:00 -0500] "POST /kwsrmcab/Wsrmcab  HTTP/1.1" 200 213
216.245.221.92 - - [23/Feb/2023:01:57:46 -0500] "HEAD / HTTP/1.1" 200 -
40.77.167.233 - - [23/Feb/2023:01:59:11 -0500] "GET / HTTP/1.1" 200 319
172.22.2.4 - - [23/Feb/2023:01:58:01 -0500] "HEAD /BLA/boletinlegal/ HTTP/1.1" 200 -
172.22.2.4 - - [23/Feb/2023:01:58:51 -0500] "GET /BLA/boletinlegal/ HTTP/1.1" 200 58803
201.245.192.253 - - [23/Feb/2023:02:01:02 -0500] "POST /kwsrmcab/Wsrmcab  HTTP/1.1" 200 213
216.245.221.92 - - [23/Feb/2023:02:02:46 -0500] "HEAD / HTTP/1.1" 200 -
69.171.249.6 - - [23/Feb/2023:02:04:12 -0500] "GET /images/negocios-verdes-mayo-2022.jpg HTTP/1.1" 200 48000
107.170.247.18 - - [23/Feb/2023:02:04:32 -0500] "GET / HTTP/1.1" 200 319
66.249.66.81 - - [23/Feb/2023:02:05:14 -0500] "-" 408 -
172.22.2.4 - - [23/Feb/2023:02:03:51 -0500] "HEAD /BLA/boletinlegal/ HTTP/1.1" 200 -
172.22.2.4 - - [23/Feb/2023:02:05:35 -0500] "GET /BLA/boletinlegal/actos.php HTTP/1.1" 200 9606
201.245.192.253 - - [23/Feb/2023:02:06:02 -0500] "POST /kwsrmcab/Wsrmcab  HTTP/1.1" 200 213
172.22.2.4 - - [23/Feb/2023:02:04:41 -0500] "GET /BLA/boletinlegal/ HTTP/1.1" 200 57453
216.245.221.92 - - [23/Feb/2023:02:07:46 -0500] "HEAD / HTTP/1.1" 200 -
172.22.2.4 - - [23/Feb/2023:02:10:10 -0500] "GET /BLA/boletinlegal/robots.txt HTTP/1.1" 404 1038
172.22.2.4 - - [23/Feb/2023:02:10:14 -0500] "GET /BLA/boletinlegal/Directivas/2017/Directiva%20No.%2006%20del%2016%20de%20Agosto%20de%202017.pdf HTTP/1.1" 200 310598
152.61.128.50 - - [23/Feb/2023:02:10:36 -0500] "GET /arcgis/services/Calidad_del_Agua_WQI/MapServer/WMSServer?request=GetCapabilities&service=WMS HTTP/1.1" 503 1020
152.61.128.50 - - [23/Feb/2023:02:10:37 -0500] "GET /arcgis/services/Calidad_del_Agua_WQI/MapServer/WMSServer?SERVICE=WMS&REQUEST=GetCapabilities HTTP/1.1" 503 1020
152.61.128.50 - - [23/Feb/2023:02:10:38 -0500] "GET /arcgis/services/Calidad_del_Agua_WQI/MapServer/WMSServer?WMTVER=1.0.0&REQUEST=capabilities HTTP/1.1" 503 1020
201.245.192.253 - - [23/Feb/2023:02:10:59 -0500] "POST /kwsrmcab/Wsrmcab  HTTP/1.1" 200 213
172.22.2.4 - - [23/Feb/2023:02:09:41 -0500] "HEAD /BLA/boletinlegal/ HTTP/1.1" 200 -
172.22.2.4 - - [23/Feb/2023:02:10:31 -0500] "GET /BLA/boletinlegal/ HTTP/1.1" 200 58171
216.245.221.92 - - [23/Feb/2023:02:12:46 -0500] "HEAD / HTTP/1.1" 200 -
185.119.81.104 - - [23/Feb/2023:02:13:26 -0500] "GET /portaldeninos/wp-login.php HTTP/1.1" 200 2592
185.119.81.104 - - [23/Feb/2023:02:13:27 -0500] "POST /portaldeninos/wp-login.php HTTP/1.1" 200 3605
172.22.2.4 - - [23/Feb/2023:02:13:51 -0500] "GET /BLA/boletinlegal/robots.txt HTTP/1.1" 404 1140
176.197.82.70 - - [23/Feb/2023:02:14:10 -0500] "GET / HTTP/1.1" 200 319
176.197.82.70 - - [23/Feb/2023:02:14:25 -0500] "GET / HTTP/1.1" 200 319
89.208.103.146 - - [23/Feb/2023:02:15:31 -0500] "GET http://ip-api.com/json/ HTTP/1.1" 404 1014
138.201.157.89 - - [23/Feb/2023:02:15:59 -0500] "GET / HTTP/1.1" 200 319
138.201.157.89 - - [23/Feb/2023:02:16:00 -0500] "GET / HTTP/1.1" 200 4720
201.245.192.253 - - [23/Feb/2023:02:15:58 -0500] "POST /kwsrmcab/Wsrmcab  HTTP/1.1" 200 213
172.22.2.4 - - [23/Feb/2023:02:15:31 -0500] "HEAD /BLA/boletinlegal/ HTTP/1.1" 200 -
216.245.221.92 - - [23/Feb/2023:02:17:46 -0500] "HEAD / HTTP/1.1" 200 -
172.22.2.4 - - [23/Feb/2023:02:16:21 -0500] "GET /BLA/boletinlegal/ HTTP/1.1" 200 59591
201.245.192.253 - - [23/Feb/2023:02:18:24 -0500] "POST /kwsrmcab/Wsrmcab HTTP/1.1" 200 40932
201.245.192.253 - - [23/Feb/2023:02:18:27 -0500] "POST /kwsrmcab/Wsrmcab HTTP/1.1" 200 41580
201.245.192.253 - - [23/Feb/2023:02:20:58 -0500] "POST /kwsrmcab/Wsrmcab  HTTP/1.1" 200 213
216.245.221.92 - - [23/Feb/2023:02:22:46 -0500] "HEAD / HTTP/1.1" 200 -
172.22.2.4 - - [23/Feb/2023:02:21:21 -0500] "HEAD /BLA/boletinlegal/ HTTP/1.1" 200 -
185.119.81.104 - - [23/Feb/2023:02:23:05 -0500] "GET /portaldeninos/wp-login.php HTTP/1.1" 200 2592
185.119.81.104 - - [23/Feb/2023:02:23:06 -0500] "POST /portaldeninos/wp-login.php HTTP/1.1" 200 3650
172.22.2.4 - - [23/Feb/2023:02:22:11 -0500] "GET /BLA/boletinlegal/ HTTP/1.1" 200 54316
201.245.192.253 - - [23/Feb/2023:02:25:55 -0500] "POST /kwsrmcab/Wsrmcab  HTTP/1.1" 200 213
66.249.66.80 - - [23/Feb/2023:02:27:13 -0500] "-" 408 -
216.245.221.92 - - [23/Feb/2023:02:27:46 -0500] "HEAD / HTTP/1.1" 200 -
201.245.192.253 - - [23/Feb/2023:02:28:24 -0500] "POST /kwsrmcab/Wsrmcab HTTP/1.1" 200 40932
201.245.192.253 - - [23/Feb/2023:02:28:26 -0500] "POST /kwsrmcab/Wsrmcab HTTP/1.1" 200 41580
172.22.2.4 - - [23/Feb/2023:02:27:10 -0500] "HEAD /BLA/boletinlegal/ HTTP/1.1" 200 -
172.22.2.4 - - [23/Feb/2023:02:28:01 -0500] "GET /BLA/boletinlegal/ HTTP/1.1" 200 57058
201.245.192.253 - - [23/Feb/2023:02:30:54 -0500] "POST /kwsrmcab/Wsrmcab  HTTP/1.1" 200 213
216.245.221.92 - - [23/Feb/2023:02:32:46 -0500] "HEAD / HTTP/1.1" 200 -
172.22.2.4 - - [23/Feb/2023:02:33:00 -0500] "HEAD /BLA/boletinlegal/ HTTP/1.1" 200 -
172.22.2.4 - - [23/Feb/2023:02:33:51 -0500] "GET /BLA/boletinlegal/ HTTP/1.1" 200 57453
185.119.81.104 - - [23/Feb/2023:02:35:54 -0500] "GET /portaldeninos/wp-login.php HTTP/1.1" 200 2592
185.119.81.104 - - [23/Feb/2023:02:35:55 -0500] "POST /portaldeninos/wp-login.php HTTP/1.1" 200 3605
201.245.192.253 - - [23/Feb/2023:02:35:55 -0500] "POST /kwsrmcab/Wsrmcab  HTTP/1.1" 200 213
216.245.221.92 - - [23/Feb/2023:02:37:46 -0500] "HEAD / HTTP/1.1" 200 -
201.245.192.253 - - [23/Feb/2023:02:38:24 -0500] "POST /kwsrmcab/Wsrmcab HTTP/1.1" 200 40932
201.245.192.253 - - [23/Feb/2023:02:38:27 -0500] "POST /kwsrmcab/Wsrmcab HTTP/1.1" 200 41580
172.22.2.4 - - [23/Feb/2023:02:38:50 -0500] "HEAD /BLA/boletinlegal/ HTTP/1.1" 200 -
201.245.192.253 - - [23/Feb/2023:02:40:54 -0500] "POST /kwsrmcab/Wsrmcab  HTTP/1.1" 200 213
172.22.2.4 - - [23/Feb/2023:02:39:41 -0500] "GET /BLA/boletinlegal/ HTTP/1.1" 200 57453
216.245.221.92 - - [23/Feb/2023:02:42:46 -0500] "HEAD / HTTP/1.1" 200 -
201.245.192.253 - - [23/Feb/2023:02:45:55 -0500] "POST /kwsrmcab/Wsrmcab  HTTP/1.1" 200 213
172.22.2.4 - - [23/Feb/2023:02:44:40 -0500] "HEAD /BLA/boletinlegal/ HTTP/1.1" 200 -
172.22.2.4 - - [23/Feb/2023:02:45:31 -0500] "GET /BLA/boletinlegal/ HTTP/1.1" 200 57058
216.245.221.92 - - [23/Feb/2023:02:47:46 -0500] "HEAD / HTTP/1.1" 200 -
168.119.49.52 - - [23/Feb/2023:02:48:34 -0500] "GET / HTTP/1.1" 200 319
168.119.49.52 - - [23/Feb/2023:02:48:34 -0500] "GET / HTTP/1.1" 200 4720
114.119.146.195 - - [23/Feb/2023:02:50:22 -0500] "-" 408 -
201.245.192.253 - - [23/Feb/2023:02:50:54 -0500] "POST /kwsrmcab/Wsrmcab  HTTP/1.1" 200 213
172.22.2.4 - - [23/Feb/2023:02:50:30 -0500] "HEAD /BLA/boletinlegal/ HTTP/1.1" 200 -
216.245.221.92 - - [23/Feb/2023:02:52:46 -0500] "HEAD / HTTP/1.1" 200 -
172.22.2.4 - - [23/Feb/2023:02:51:21 -0500] "GET /BLA/boletinlegal/ HTTP/1.1" 200 59164
31.13.127.7 - - [23/Feb/2023:02:53:51 -0500] "GET /images/mercados-campesinos-5-mayo.jpg HTTP/1.1" 200 95848
40.77.167.225 - - [23/Feb/2023:02:55:09 -0500] "GET / HTTP/1.1" 200 4720
201.245.192.253 - - [23/Feb/2023:02:55:53 -0500] "POST /kwsrmcab/Wsrmcab  HTTP/1.1" 200 213
34.141.217.75 - - [23/Feb/2023:02:56:08 -0500] "GET /inventario-de-emisiones-2020-transporte-publico-sitp-redujo-emisiones-de-pm-2-5-en-un-37.html HTTP/1.1" 200 925
216.245.221.92 - - [23/Feb/2023:02:57:46 -0500] "HEAD / HTTP/1.1" 200 -
172.22.2.4 - - [23/Feb/2023:02:56:20 -0500] "HEAD /BLA/boletinlegal/ HTTP/1.1" 200 -
185.119.81.104 - - [23/Feb/2023:02:58:37 -0500] "GET /portaldeninos/wp-login.php HTTP/1.1" 200 2592
185.119.81.104 - - [23/Feb/2023:02:58:38 -0500] "POST /portaldeninos/wp-login.php HTTP/1.1" 200 3650
172.22.2.4 - - [23/Feb/2023:02:57:11 -0500] "GET /BLA/boletinlegal/ HTTP/1.1" 200 57453
34.90.230.199 - - [23/Feb/2023:02:59:05 -0500] "GET /inventario-de-emisiones-2020-transporte-publico-sitp-redujo-emisiones-de-pm-2-5-en-un-37.html HTTP/1.1" 200 925
201.245.192.253 - - [23/Feb/2023:03:00:52 -0500] "POST /kwsrmcab/Wsrmcab  HTTP/1.1" 200 213
216.245.221.92 - - [23/Feb/2023:03:02:46 -0500] "HEAD / HTTP/1.1" 200 -
103.247.151.88 - - [23/Feb/2023:03:02:49 -0500] "GET /BLA/resoluciones/RESOLUCIONES%202022/3117.pdf HTTP/1.1" 200 387245
167.94.138.118 - - [23/Feb/2023:03:03:06 -0500] "GET / HTTP/1.1" 200 319
167.94.138.118 - - [23/Feb/2023:03:03:06 -0500] "GET / HTTP/1.1" 200 319
167.94.138.118 - - [23/Feb/2023:03:03:06 -0500] "PRI * HTTP/2.0" 400 946
167.94.138.118 - - [23/Feb/2023:03:03:06 -0500] "GET /favicon.ico HTTP/1.1" 200 7782
172.22.2.4 - - [23/Feb/2023:03:01:40 -0500] "GET /BLA/boletinlegal/ HTTP/1.1" 200 56659
172.22.2.4 - - [23/Feb/2023:03:02:10 -0500] "HEAD /BLA/boletinlegal/ HTTP/1.1" 200 -
172.22.2.4 - - [23/Feb/2023:03:03:01 -0500] "GET /BLA/boletinlegal/ HTTP/1.1" 200 53921
201.245.192.253 - - [23/Feb/2023:03:05:51 -0500] "POST /kwsrmcab/Wsrmcab  HTTP/1.1" 200 213
172.22.2.4 - - [23/Feb/2023:03:04:43 -0500] "GET /BLA/boletinlegal/ HTTP/1.1" 200 62302
157.55.39.209 - - [23/Feb/2023:03:07:45 -0500] "GET /sipse/faces/autenticacion.xhtml HTTP/1.1" 200 12494
216.245.221.92 - - [23/Feb/2023:03:07:46 -0500] "HEAD / HTTP/1.1" 200 -
35.204.184.59 - - [23/Feb/2023:03:08:52 -0500] "GET /inventario-de-emisiones-2020-transporte-publico-sitp-redujo-emisiones-de-pm-2-5-en-un-37.html HTTP/1.1" 200 925
172.22.2.4 - - [23/Feb/2023:03:08:00 -0500] "HEAD /BLA/boletinlegal/ HTTP/1.1" 200 -
172.22.2.4 - - [23/Feb/2023:03:08:51 -0500] "GET /BLA/boletinlegal/ HTTP/1.1" 200 57804
31.148.131.212 - - [23/Feb/2023:03:10:38 -0500] "GET /BLA/resoluciones/RESOLUCIONES%202019/2165.pdf HTTP/1.1" 200 3035629
201.245.192.253 - - [23/Feb/2023:03:10:52 -0500] "POST /kwsrmcab/Wsrmcab  HTTP/1.1" 200 213
216.245.221.92 - - [23/Feb/2023:03:12:46 -0500] "HEAD / HTTP/1.1" 200 -
193.32.162.159 - - [23/Feb/2023:03:14:58 -0500] "GET / HTTP/1.1" 200 319
172.22.2.4 - - [23/Feb/2023:03:13:50 -0500] "HEAD /BLA/boletinlegal/ HTTP/1.1" 200 -
201.245.192.253 - - [23/Feb/2023:03:15:49 -0500] "POST /kwsrmcab/Wsrmcab  HTTP/1.1" 200 213
62.210.217.40 - - [23/Feb/2023:03:16:13 -0500] "GET / HTTP/1.1" 200 319
172.22.2.4 - - [23/Feb/2023:03:14:41 -0500] "GET /BLA/boletinlegal/ HTTP/1.1" 200 59164
185.119.81.104 - - [23/Feb/2023:03:16:29 -0500] "GET /portaldeninos/wp-login.php HTTP/1.1" 200 2592
185.119.81.104 - - [23/Feb/2023:03:16:30 -0500] "POST /portaldeninos/wp-login.php HTTP/1.1" 200 3605
173.252.79.23 - - [23/Feb/2023:03:17:27 -0500] "GET /images/20%20de%20febrero%20panor\xc3\xa1mica%20de%20Bogot\xc3\xa1%20(1)%20(1).jpeg HTTP/1.1" 404 1034
216.245.221.92 - - [23/Feb/2023:03:17:46 -0500] "HEAD / HTTP/1.1" 200 -
201.245.192.253 - - [23/Feb/2023:03:18:23 -0500] "POST /kwsrmcab/Wsrmcab HTTP/1.1" 200 40770
201.245.192.253 - - [23/Feb/2023:03:18:26 -0500] "POST /kwsrmcab/Wsrmcab HTTP/1.1" 200 41585
201.245.192.253 - - [23/Feb/2023:03:20:45 -0500] "POST /kwsrmcab/Wsrmcab  HTTP/1.1" 200 213
172.22.2.4 - - [23/Feb/2023:03:20:15 -0500] "GET /BLA/boletinlegal/ HTTP/1.1" 200 24523
172.22.2.4 - - [23/Feb/2023:03:19:40 -0500] "HEAD /BLA/boletinlegal/ HTTP/1.1" 200 -
172.22.2.4 - - [23/Feb/2023:03:20:31 -0500] "GET /BLA/boletinlegal/ HTTP/1.1" 200 55795
216.245.221.92 - - [23/Feb/2023:03:22:46 -0500] "HEAD / HTTP/1.1" 200 -
201.245.192.253 - - [23/Feb/2023:03:25:43 -0500] "POST /kwsrmcab/Wsrmcab  HTTP/1.1" 200 213
172.22.2.4 - - [23/Feb/2023:03:25:30 -0500] "HEAD /BLA/boletinlegal/ HTTP/1.1" 200 -
185.119.81.104 - - [23/Feb/2023:03:27:29 -0500] "GET /portaldeninos/wp-login.php HTTP/1.1" 200 2592
185.119.81.104 - - [23/Feb/2023:03:27:30 -0500] "POST /portaldeninos/wp-login.php HTTP/1.1" 200 3605
216.245.221.92 - - [23/Feb/2023:03:27:46 -0500] "HEAD / HTTP/1.1" 200 -
172.22.2.4 - - [23/Feb/2023:03:26:21 -0500] "GET /BLA/boletinlegal/ HTTP/1.1" 200 56251
185.224.128.250 - - [23/Feb/2023:03:28:12 -0500] "GET / HTTP/1.1" 200 319
201.245.192.253 - - [23/Feb/2023:03:28:24 -0500] "POST /kwsrmcab/Wsrmcab HTTP/1.1" 200 40770
201.245.192.253 - - [23/Feb/2023:03:28:27 -0500] "POST /kwsrmcab/Wsrmcab HTTP/1.1" 200 41585
66.249.72.80 - - [23/Feb/2023:03:28:30 -0500] "-" 408 -
213.180.203.108 - - [23/Feb/2023:03:29:40 -0500] "GET /concentracion-de-material-particulado-disminuye-y-secretaria-de-ambiente-levanta-alerta-fase-i-por-calidad-del-aire.html HTTP/1.1" 200 927
69.171.249.12 - - [23/Feb/2023:03:30:05 -0500] "GET /images/8%20de%20febrero%20incendio%20forestal.jpeg HTTP/1.1" 200 56283
69.171.249.3 - - [23/Feb/2023:03:30:05 -0500] "GET /images/17%20de%20febrero%20mujeres%20que%20reverdecen.jpeg HTTP/1.1" 200 85735
69.171.249.16 - - [23/Feb/2023:03:30:11 -0500] "GET /images/Juan%20Rey%20febrero%2013.jpg HTTP/1.1" 200 55934
69.171.249.119 - - [23/Feb/2023:03:30:14 -0500] "GET /images/Secretarias%20Fondo%20carga%206%20de%20febrero.jpeg HTTP/1.1" 200 55460
69.171.249.1 - - [23/Feb/2023:03:30:14 -0500] "GET /images/IMG_3028%20(1).jpg HTTP/1.1" 200 435206
201.245.192.253 - - [23/Feb/2023:03:30:41 -0500] "POST /kwsrmcab/Wsrmcab  HTTP/1.1" 200 213
69.63.184.119 - - [23/Feb/2023:03:31:59 -0500] "GET /images/20%20de%20febrero%20panor\xc3\xa1mica%20de%20Bogot\xc3\xa1%20(1)%20(1).jpeg HTTP/1.1" 404 1034
216.245.221.92 - - [23/Feb/2023:03:32:46 -0500] "HEAD / HTTP/1.1" 200 -
172.22.2.4 - - [23/Feb/2023:03:31:20 -0500] "HEAD /BLA/boletinlegal/ HTTP/1.1" 200 -
172.22.2.4 - - [23/Feb/2023:03:32:11 -0500] "GET /BLA/boletinlegal/ HTTP/1.1" 200 57453
201.245.192.253 - - [23/Feb/2023:03:35:43 -0500] "POST /kwsrmcab/Wsrmcab  HTTP/1.1" 200 213
52.167.144.97 - - [23/Feb/2023:03:37:17 -0500] "GET /sipse/faces/presentacion/sistema/anexos/cargarAnexoSolicitudProceso.xhtml HTTP/1.1" 302 -
52.167.144.97 - - [23/Feb/2023:03:37:18 -0500] "GET /sipse/faces/autenticacion.xhtml HTTP/1.1" 200 12172
216.245.221.92 - - [23/Feb/2023:03:37:46 -0500] "HEAD / HTTP/1.1" 200 -
201.245.192.253 - - [23/Feb/2023:03:38:23 -0500] "POST /kwsrmcab/Wsrmcab HTTP/1.1" 200 40770
201.245.192.253 - - [23/Feb/2023:03:38:26 -0500] "POST /kwsrmcab/Wsrmcab HTTP/1.1" 200 41585
172.22.2.4 - - [23/Feb/2023:03:37:10 -0500] "HEAD /BLA/boletinlegal/ HTTP/1.1" 200 -
185.119.81.104 - - [23/Feb/2023:03:39:15 -0500] "GET /portaldeninos/wp-login.php HTTP/1.1" 200 2592
185.119.81.104 - - [23/Feb/2023:03:39:16 -0500] "POST /portaldeninos/wp-login.php HTTP/1.1" 200 3605
172.22.2.4 - - [23/Feb/2023:03:39:27 -0500] "GET /BLA/boletinlegal/sugar_version.json HTTP/1.1" 404 1018
172.22.2.4 - - [23/Feb/2023:03:38:01 -0500] "GET /BLA/boletinlegal/ HTTP/1.1" 200 54316
201.245.192.253 - - [23/Feb/2023:03:40:43 -0500] "POST /kwsrmcab/Wsrmcab  HTTP/1.1" 200 213
66.249.69.183 - - [23/Feb/2023:03:41:37 -0500] "-" 408 -
216.245.221.92 - - [23/Feb/2023:03:42:46 -0500] "HEAD / HTTP/1.1" 200 -
172.22.2.4 - - [23/Feb/2023:03:43:00 -0500] "HEAD /BLA/boletinlegal/ HTTP/1.1" 200 -
172.22.2.4 - - [23/Feb/2023:03:43:51 -0500] "GET /BLA/boletinlegal/ HTTP/1.1" 200 59164
201.245.192.253 - - [23/Feb/2023:03:45:41 -0500] "POST /kwsrmcab/Wsrmcab  HTTP/1.1" 200 213
52.167.144.40 - - [23/Feb/2023:03:46:27 -0500] "GET /portaldeninos/wp-content/uploads/2020/11/Jaboque-B-768x432.jpg HTTP/1.1" 200 70892
172.22.2.4 - - [23/Feb/2023:03:47:32 -0500] "GET /BLA/boletinlegal/robots.txt HTTP/1.1" 404 1038
172.22.2.4 - - [23/Feb/2023:03:47:33 -0500] "GET /BLA/boletinlegal/Circulares/2017/Circular%20No.%20011%20del%2005%20de%20julio%20de%202017.pdf HTTP/1.1" 304 -
216.245.221.92 - - [23/Feb/2023:03:47:46 -0500] "HEAD / HTTP/1.1" 200 -
172.22.2.4 - - [23/Feb/2023:03:48:24 -0500] "GET /BLA/boletinlegal/robots.txt HTTP/1.1" 404 1038
172.22.2.4 - - [23/Feb/2023:03:48:27 -0500] "GET /BLA/boletinlegal/actos.php HTTP/1.1" 200 9606
172.22.2.4 - - [23/Feb/2023:03:48:28 -0500] "GET /BLA/boletinlegal/actos.php HTTP/1.1" 200 9606
172.22.2.4 - - [23/Feb/2023:03:48:28 -0500] "GET /BLA/boletinlegal/styles2.css HTTP/1.1" 200 1838
172.22.2.4 - - [23/Feb/2023:03:48:28 -0500] "GET /BLA/boletinlegal/js/ajax_actos.js HTTP/1.1" 200 1322
172.22.2.4 - - [23/Feb/2023:03:48:28 -0500] "GET /BLA/boletinlegal/niceforms.js HTTP/1.1" 200 22876
172.22.2.4 - - [23/Feb/2023:03:48:28 -0500] "GET /BLA/boletinlegal/niceforms-default.css HTTP/1.1" 200 6694
172.22.2.4 - - [23/Feb/2023:03:48:28 -0500] "GET /BLA/boletinlegal/style.css HTTP/1.1" 200 9406
172.22.2.4 - - [23/Feb/2023:03:48:28 -0500] "GET /BLA/boletinlegal/js/lib.js HTTP/1.1" 200 6474
172.22.2.4 - - [23/Feb/2023:03:48:28 -0500] "GET /BLA/boletinlegal/js/popup.js HTTP/1.1" 200 1270
172.22.2.4 - - [23/Feb/2023:03:48:28 -0500] "GET /BLA/boletinlegal/js/jquery1.js HTTP/1.1" 200 29846
172.22.2.4 - - [23/Feb/2023:03:48:28 -0500] "GET /BLA/boletinlegal/images/cabezote%20BLEGAL.jpg HTTP/1.1" 200 118164
172.22.2.4 - - [23/Feb/2023:03:48:28 -0500] "GET /BLA/boletinlegal/images/subscribe-icon-big.png HTTP/1.1" 200 47702
172.22.2.4 - - [23/Feb/2023:03:48:28 -0500] "GET /BLA/boletinlegal/images/historia.png HTTP/1.1" 200 52775
172.22.2.4 - - [23/Feb/2023:03:48:28 -0500] "GET /BLA/boletinlegal/images/body_bg.jpg HTTP/1.1" 200 1601
172.22.2.4 - - [23/Feb/2023:03:48:28 -0500] "GET /BLA/boletinlegal/images/menu_lft.gif HTTP/1.1" 200 1713
172.22.2.4 - - [23/Feb/2023:03:48:28 -0500] "GET /BLA/boletinlegal/images/menu_rght.gif HTTP/1.1" 200 1627
172.22.2.4 - - [23/Feb/2023:03:48:28 -0500] "GET /BLA/boletinlegal/images/bg_top.jpg HTTP/1.1" 200 522
172.22.2.4 - - [23/Feb/2023:03:48:28 -0500] "GET /BLA/boletinlegal/images/footer_bg.jpg HTTP/1.1" 200 586
172.22.2.4 - - [23/Feb/2023:03:48:28 -0500] "GET /BLA/boletinlegal/images/menu_bg.jpg HTTP/1.1" 200 620
