186.84.21.222 - - [24/Feb/2023:00:13:30 -0500] "GET /sipse/faces/javax.faces.resource/jquery/jquery.js?ln=primefaces&v=4.0 HTTP/1.1" 304 -
186.84.21.222 - - [24/Feb/2023:00:13:30 -0500] "GET /sipse/faces/javax.faces.resource/jquery/jquery-plugins.js?ln=primefaces&v=4.0 HTTP/1.1" 304 -
186.84.21.222 - - [24/Feb/2023:00:13:30 -0500] "GET /sipse/faces/javax.faces.resource/primefaces.js?ln=primefaces&v=4.0 HTTP/1.1" 304 -
186.84.21.222 - - [24/Feb/2023:00:13:30 -0500] "GET /sipse/faces/javax.faces.resource/layout/layout.js?ln=primefaces&v=4.0 HTTP/1.1" 304 -
186.84.21.222 - - [24/Feb/2023:00:13:41 -0500] "POST /sipse/faces/presentacion/financiero/solicitudProceso/consultarSolicitudProceso.xhtml HTTP/1.1" 200 80885
186.84.21.222 - - [24/Feb/2023:00:14:09 -0500] "POST /sipse/faces/presentacion/financiero/solicitudProceso/consultarSolicitudProceso.xhtml HTTP/1.1" 200 40460
186.84.21.222 - - [24/Feb/2023:00:14:10 -0500] "GET /sipse/faces/javax.faces.resource/jquery/jquery.js?ln=primefaces&v=4.0 HTTP/1.1" 304 -
186.84.21.222 - - [24/Feb/2023:00:14:10 -0500] "GET /sipse/faces/javax.faces.resource/jquery/jquery-plugins.js?ln=primefaces&v=4.0 HTTP/1.1" 304 -
186.84.21.222 - - [24/Feb/2023:00:14:10 -0500] "GET /sipse/faces/javax.faces.resource/primefaces.js?ln=primefaces&v=4.0 HTTP/1.1" 304 -
186.84.21.222 - - [24/Feb/2023:00:14:11 -0500] "GET /sipse/faces/javax.faces.resource/layout/layout.js?ln=primefaces&v=4.0 HTTP/1.1" 304 -
186.84.21.222 - - [24/Feb/2023:00:14:11 -0500] "POST /sipse/faces/presentacion/financiero/solicitudProceso/listarSolicitudProceso.xhtml HTTP/1.1" 200 33736
186.84.21.222 - - [24/Feb/2023:00:14:14 -0500] "POST /sipse/faces/presentacion/financiero/solicitudProceso/listarSolicitudProceso.xhtml HTTP/1.1" 200 33736
186.84.21.222 - - [24/Feb/2023:00:14:15 -0500] "POST /sipse/faces/presentacion/financiero/solicitudProceso/listarSolicitudProceso.xhtml HTTP/1.1" 200 33736
186.84.21.222 - - [24/Feb/2023:00:14:16 -0500] "POST /sipse/faces/presentacion/financiero/solicitudProceso/listarSolicitudProceso.xhtml HTTP/1.1" 200 33736
186.84.21.222 - - [24/Feb/2023:00:14:23 -0500] "POST /sipse/faces/presentacion/financiero/solicitudProceso/listarSolicitudProceso.xhtml HTTP/1.1" 200 1392
216.245.221.92 - - [24/Feb/2023:00:14:26 -0500] "HEAD / HTTP/1.1" 200 -
186.84.21.222 - - [24/Feb/2023:00:14:34 -0500] "POST /sipse/faces/presentacion/financiero/solicitudProceso/listarSolicitudProceso.xhtml HTTP/1.1" 200 1392
186.84.21.222 - - [24/Feb/2023:00:14:35 -0500] "POST /sipse/faces/presentacion/financiero/solicitudProceso/listarSolicitudProceso.xhtml HTTP/1.1" 200 1400
186.84.21.222 - - [24/Feb/2023:00:14:35 -0500] "POST /sipse/faces/presentacion/financiero/solicitudProceso/listarSolicitudProceso.xhtml HTTP/1.1" 200 1392
186.84.21.222 - - [24/Feb/2023:00:14:35 -0500] "POST /sipse/faces/presentacion/financiero/solicitudProceso/listarSolicitudProceso.xhtml HTTP/1.1" 200 1400
186.84.21.222 - - [24/Feb/2023:00:14:38 -0500] "POST /sipse/faces/presentacion/financiero/solicitudProceso/listarSolicitudProceso.xhtml HTTP/1.1" 200 32230
186.84.21.222 - - [24/Feb/2023:00:14:42 -0500] "POST /sipse/faces/presentacion/financiero/solicitudProceso/listarSolicitudProceso.xhtml HTTP/1.1" 200 32230
186.84.21.222 - - [24/Feb/2023:00:14:45 -0500] "POST /sipse/faces/presentacion/financiero/solicitudProceso/listarSolicitudProceso.xhtml HTTP/1.1" 200 32230
186.84.21.222 - - [24/Feb/2023:00:14:49 -0500] "POST /sipse/faces/presentacion/financiero/solicitudProceso/listarSolicitudProceso.xhtml HTTP/1.1" 200 31773
186.84.21.222 - - [24/Feb/2023:00:14:53 -0500] "POST /sipse/faces/presentacion/financiero/solicitudProceso/listarSolicitudProceso.xhtml HTTP/1.1" 200 31773
186.84.21.222 - - [24/Feb/2023:00:14:55 -0500] "POST /sipse/faces/presentacion/financiero/solicitudProceso/listarSolicitudProceso.xhtml HTTP/1.1" 200 8082
186.84.21.222 - - [24/Feb/2023:00:14:57 -0500] "POST /sipse/faces/presentacion/financiero/solicitudProceso/listarSolicitudProceso.xhtml HTTP/1.1" 200 145067
186.84.21.222 - - [24/Feb/2023:00:15:01 -0500] "GET /sipse/faces/javax.faces.resource/jquery/jquery.js?ln=primefaces&v=4.0 HTTP/1.1" 304 -
186.84.21.222 - - [24/Feb/2023:00:15:02 -0500] "GET /sipse/faces/javax.faces.resource/jquery/jquery-plugins.js?ln=primefaces&v=4.0 HTTP/1.1" 304 -
186.84.21.222 - - [24/Feb/2023:00:15:02 -0500] "GET /sipse/faces/javax.faces.resource/primefaces.js?ln=primefaces&v=4.0 HTTP/1.1" 304 -
186.84.21.222 - - [24/Feb/2023:00:15:02 -0500] "GET /sipse/faces/javax.faces.resource/layout/layout.js?ln=primefaces&v=4.0 HTTP/1.1" 304 -
186.84.21.222 - - [24/Feb/2023:00:15:15 -0500] "POST /sipse/faces/presentacion/financiero/solicitudProceso/consultarSolicitudProceso.xhtml HTTP/1.1" 200 83068
199.16.157.180 - - [24/Feb/2023:00:15:43 -0500] "GET /images/foto%202.jpg HTTP/1.1" 200 63300
185.119.81.99 - - [24/Feb/2023:00:15:43 -0500] "GET /portaldeninos/wp-login.php HTTP/1.1" 200 2592
185.119.81.99 - - [24/Feb/2023:00:15:44 -0500] "POST /portaldeninos/wp-login.php HTTP/1.1" 200 3650
172.22.2.4 - - [24/Feb/2023:00:17:06 -0500] "GET /BLA/boletinlegal/robots.txt HTTP/1.1" 404 1038
173.252.83.17 - - [24/Feb/2023:00:17:08 -0500] "-" 408 -
172.22.2.4 - - [24/Feb/2023:00:16:02 -0500] "HEAD /BLA/boletinlegal/ HTTP/1.1" 200 -
201.245.192.253 - - [24/Feb/2023:00:17:54 -0500] "POST /kwsrmcab/Wsrmcab  HTTP/1.1" 200 41116
152.203.132.238 - - [24/Feb/2023:00:18:10 -0500] "GET /Publicaciones/SSFFS-01155-2023.zip HTTP/1.1" 200 1188064
201.245.192.253 - - [24/Feb/2023:00:18:19 -0500] "POST /kwsrmcab/Wsrmcab HTTP/1.1" 200 40441
201.245.192.253 - - [24/Feb/2023:00:18:22 -0500] "POST /kwsrmcab/Wsrmcab HTTP/1.1" 200 41582
172.22.2.4 - - [24/Feb/2023:00:16:53 -0500] "GET /BLA/boletinlegal/ HTTP/1.1" 200 52622
157.55.39.253 - - [24/Feb/2023:00:18:47 -0500] "GET /BLA/resoluciones/RESOLUCIONES%202022/3149.pdf HTTP/1.1" 304 -
172.22.2.4 - - [24/Feb/2023:00:17:10 -0500] "GET /BLA/boletinlegal/ HTTP/1.1" 200 53058
216.245.221.92 - - [24/Feb/2023:00:19:26 -0500] "HEAD / HTTP/1.1" 200 -
200.114.49.9 - - [24/Feb/2023:00:19:44 -0500] "-" 408 -
201.245.192.253 - - [24/Feb/2023:00:22:53 -0500] "POST /kwsrmcab/Wsrmcab  HTTP/1.1" 200 41116
66.249.66.6 - - [24/Feb/2023:00:23:21 -0500] "-" 408 -
172.22.2.4 - - [24/Feb/2023:00:21:52 -0500] "HEAD /BLA/boletinlegal/ HTTP/1.1" 200 -
172.22.2.4 - - [24/Feb/2023:00:22:43 -0500] "GET /BLA/boletinlegal/ HTTP/1.1" 200 57453
216.245.221.92 - - [24/Feb/2023:00:24:26 -0500] "HEAD / HTTP/1.1" 200 -
173.252.95.7 - - [24/Feb/2023:00:24:51 -0500] "GET /images/8%20de%20febrero%20incendio%20forestal.jpeg HTTP/1.1" 200 56283
40.77.167.194 - - [24/Feb/2023:00:24:55 -0500] "GET /BLA/resoluciones/RESOLUCIONES%202022/2655.pdf HTTP/1.1" 304 -
207.46.13.210 - - [24/Feb/2023:00:25:28 -0500] "GET /portaldeninos/2021/02/05/la-virtualidad-una-oportunidad-para-que-mas-personas-conozcan-e-interactuen-con-los-ecosistemas-y-la-biodiversidad-de-bogota/ HTTP/1.1" 200 109801
201.245.192.253 - - [24/Feb/2023:00:27:53 -0500] "POST /kwsrmcab/Wsrmcab  HTTP/1.1" 200 41116
172.22.2.4 - - [24/Feb/2023:00:26:30 -0500] "GET /BLA/boletinlegal/ HTTP/1.1" 200 58803
201.245.192.253 - - [24/Feb/2023:00:28:20 -0500] "POST /kwsrmcab/Wsrmcab HTTP/1.1" 200 40441
201.245.192.253 - - [24/Feb/2023:00:28:23 -0500] "POST /kwsrmcab/Wsrmcab HTTP/1.1" 200 41582
172.22.2.4 - - [24/Feb/2023:00:27:42 -0500] "HEAD /BLA/boletinlegal/ HTTP/1.1" 200 -
216.245.221.92 - - [24/Feb/2023:00:29:26 -0500] "HEAD / HTTP/1.1" 200 -
66.249.66.45 - - [24/Feb/2023:00:29:48 -0500] "-" 408 -
172.22.2.4 - - [24/Feb/2023:00:28:33 -0500] "GET /BLA/boletinlegal/ HTTP/1.1" 200 57453
173.252.95.116 - - [24/Feb/2023:00:32:00 -0500] "GET /images/20%20de%20febrero%20panor\xc3\xa1mica%20de%20Bogot\xc3\xa1%20(1)%20(1).jpeg HTTP/1.1" 404 1034
201.245.192.253 - - [24/Feb/2023:00:32:50 -0500] "POST /kwsrmcab/Wsrmcab  HTTP/1.1" 200 41116
172.22.2.4 - - [24/Feb/2023:00:34:09 -0500] "GET /BLA/boletinlegal/actos.php HTTP/1.1" 200 9606
216.245.221.92 - - [24/Feb/2023:00:34:26 -0500] "HEAD / HTTP/1.1" 200 -
172.22.2.4 - - [24/Feb/2023:00:33:32 -0500] "HEAD /BLA/boletinlegal/ HTTP/1.1" 200 -
34.147.111.197 - - [24/Feb/2023:00:35:36 -0500] "GET /inventario-de-emisiones-2020-transporte-publico-sitp-redujo-emisiones-de-pm-2-5-en-un-37.html HTTP/1.1" 200 925
172.22.2.4 - - [24/Feb/2023:00:34:23 -0500] "GET /BLA/boletinlegal/ HTTP/1.1" 200 57453
172.22.2.4 - - [24/Feb/2023:00:36:08 -0500] "GET /BLA/boletinlegal/actos.php HTTP/1.1" 200 9606
201.245.192.253 - - [24/Feb/2023:00:37:47 -0500] "POST /kwsrmcab/Wsrmcab  HTTP/1.1" 200 41116
66.249.66.79 - - [24/Feb/2023:00:38:05 -0500] "-" 408 -
201.245.192.253 - - [24/Feb/2023:00:38:19 -0500] "POST /kwsrmcab/Wsrmcab HTTP/1.1" 200 40441
201.245.192.253 - - [24/Feb/2023:00:38:22 -0500] "POST /kwsrmcab/Wsrmcab HTTP/1.1" 200 41582
186.84.21.222 - - [24/Feb/2023:00:39:05 -0500] "POST /sipse/faces/presentacion/financiero/solicitudProceso/consultarSolicitudProceso.xhtml HTTP/1.1" 200 43358
186.84.21.222 - - [24/Feb/2023:00:39:05 -0500] "GET /sipse/js/disable_browser_buttons.js HTTP/1.1" 304 -
186.84.21.222 - - [24/Feb/2023:00:39:05 -0500] "GET /sipse/js/jquery.min.js HTTP/1.1" 304 -
186.84.21.222 - - [24/Feb/2023:00:39:05 -0500] "GET /sipse/js/funciones.js HTTP/1.1" 304 -
186.84.21.222 - - [24/Feb/2023:00:39:06 -0500] "GET /sipse/faces/javax.faces.resource/jquery/jquery.js?ln=primefaces&v=4.0 HTTP/1.1" 304 -
186.84.21.222 - - [24/Feb/2023:00:39:06 -0500] "GET /sipse/faces/javax.faces.resource/jquery/jquery-plugins.js?ln=primefaces&v=4.0 HTTP/1.1" 304 -
186.84.21.222 - - [24/Feb/2023:00:39:06 -0500] "GET /sipse/faces/javax.faces.resource/primefaces.js?ln=primefaces&v=4.0 HTTP/1.1" 304 -
186.84.21.222 - - [24/Feb/2023:00:39:06 -0500] "GET /sipse/faces/javax.faces.resource/layout/layout.js?ln=primefaces&v=4.0 HTTP/1.1" 304 -
186.84.21.222 - - [24/Feb/2023:00:39:06 -0500] "POST /sipse/faces/presentacion/financiero/solicitudProceso/listarSolicitudProceso.xhtml HTTP/1.1" 200 36634
186.84.21.222 - - [24/Feb/2023:00:39:07 -0500] "POST /sipse/faces/presentacion/financiero/solicitudProceso/listarSolicitudProceso.xhtml HTTP/1.1" 200 36634
186.84.21.222 - - [24/Feb/2023:00:39:07 -0500] "POST /sipse/faces/presentacion/financiero/solicitudProceso/listarSolicitudProceso.xhtml HTTP/1.1" 200 36634
186.84.21.222 - - [24/Feb/2023:00:39:07 -0500] "POST /sipse/faces/presentacion/financiero/solicitudProceso/listarSolicitudProceso.xhtml HTTP/1.1" 200 36634
186.84.21.222 - - [24/Feb/2023:00:39:08 -0500] "POST /sipse/faces/presentacion/financiero/solicitudProceso/listarSolicitudProceso.xhtml HTTP/1.1" 200 36634
186.84.21.222 - - [24/Feb/2023:00:39:08 -0500] "POST /sipse/faces/presentacion/financiero/solicitudProceso/listarSolicitudProceso.xhtml HTTP/1.1" 200 36634
186.84.21.222 - - [24/Feb/2023:00:39:09 -0500] "POST /sipse/faces/presentacion/financiero/solicitudProceso/listarSolicitudProceso.xhtml HTTP/1.1" 200 1420
186.84.21.222 - - [24/Feb/2023:00:39:09 -0500] "POST /sipse/faces/presentacion/financiero/solicitudProceso/listarSolicitudProceso.xhtml HTTP/1.1" 200 1424
186.84.21.222 - - [24/Feb/2023:00:39:09 -0500] "POST /sipse/faces/presentacion/financiero/solicitudProceso/listarSolicitudProceso.xhtml HTTP/1.1" 200 1424
186.84.21.222 - - [24/Feb/2023:00:39:09 -0500] "POST /sipse/faces/presentacion/financiero/solicitudProceso/listarSolicitudProceso.xhtml HTTP/1.1" 200 1424
186.84.21.222 - - [24/Feb/2023:00:39:10 -0500] "POST /sipse/faces/presentacion/financiero/solicitudProceso/listarSolicitudProceso.xhtml HTTP/1.1" 200 1424
186.84.21.222 - - [24/Feb/2023:00:39:10 -0500] "POST /sipse/faces/presentacion/financiero/solicitudProceso/listarSolicitudProceso.xhtml HTTP/1.1" 200 1424
186.84.21.222 - - [24/Feb/2023:00:39:10 -0500] "POST /sipse/faces/presentacion/financiero/solicitudProceso/listarSolicitudProceso.xhtml HTTP/1.1" 200 1424
216.245.221.92 - - [24/Feb/2023:00:39:26 -0500] "HEAD / HTTP/1.1" 200 -
186.84.21.222 - - [24/Feb/2023:00:39:59 -0500] "POST /sipse/faces/presentacion/financiero/solicitudProceso/listarSolicitudProceso.xhtml HTTP/1.1" 200 32230
186.84.21.222 - - [24/Feb/2023:00:40:01 -0500] "POST /sipse/faces/presentacion/financiero/solicitudProceso/listarSolicitudProceso.xhtml HTTP/1.1" 200 11452
186.84.21.222 - - [24/Feb/2023:00:40:02 -0500] "POST /sipse/faces/presentacion/financiero/solicitudProceso/listarSolicitudProceso.xhtml HTTP/1.1" 200 8324
186.84.21.222 - - [24/Feb/2023:00:40:03 -0500] "POST /sipse/faces/presentacion/financiero/solicitudProceso/listarSolicitudProceso.xhtml HTTP/1.1" 200 5288
186.84.21.222 - - [24/Feb/2023:00:40:05 -0500] "POST /sipse/faces/presentacion/financiero/solicitudProceso/listarSolicitudProceso.xhtml HTTP/1.1" 200 157055
186.84.21.222 - - [24/Feb/2023:00:40:06 -0500] "GET /sipse/faces/javax.faces.resource/jquery/jquery.js?ln=primefaces&v=4.0 HTTP/1.1" 304 -
186.84.21.222 - - [24/Feb/2023:00:40:06 -0500] "GET /sipse/faces/javax.faces.resource/jquery/jquery-plugins.js?ln=primefaces&v=4.0 HTTP/1.1" 304 -
186.84.21.222 - - [24/Feb/2023:00:40:06 -0500] "GET /sipse/faces/javax.faces.resource/primefaces.js?ln=primefaces&v=4.0 HTTP/1.1" 304 -
186.84.21.222 - - [24/Feb/2023:00:40:06 -0500] "GET /sipse/faces/javax.faces.resource/layout/layout.js?ln=primefaces&v=4.0 HTTP/1.1" 304 -
186.84.21.222 - - [24/Feb/2023:00:40:32 -0500] "POST /sipse/faces/presentacion/financiero/solicitudProceso/consultarSolicitudProceso.xhtml HTTP/1.1" 200 5514
185.119.81.99 - - [24/Feb/2023:00:41:01 -0500] "GET /portaldeninos/wp-login.php HTTP/1.1" 200 2592
172.22.2.4 - - [24/Feb/2023:00:39:22 -0500] "HEAD /BLA/boletinlegal/ HTTP/1.1" 200 -
185.119.81.99 - - [24/Feb/2023:00:41:02 -0500] "POST /portaldeninos/wp-login.php HTTP/1.1" 200 3650
173.252.83.5 - - [24/Feb/2023:00:41:46 -0500] "GET /images/Secretaria%20Urrutia%20evento%20h\xc3\xa1bitat%20Francia%2024%20de%20enero.jpeg HTTP/1.1" 404 1034
172.22.2.4 - - [24/Feb/2023:00:40:13 -0500] "GET /BLA/boletinlegal/ HTTP/1.1" 200 44641
172.22.2.4 - - [24/Feb/2023:00:40:19 -0500] "GET /BLA/boletinlegal/ HTTP/1.1" 200 46696
172.22.2.4 - - [24/Feb/2023:00:42:07 -0500] "OPTIONS /BLA/boletinlegal/images/body_bg.jpg HTTP/1.1" 200 -
172.22.2.4 - - [24/Feb/2023:00:42:07 -0500] "OPTIONS /BLA/boletinlegal/images/menu_lft.gif HTTP/1.1" 200 -
172.22.2.4 - - [24/Feb/2023:00:42:07 -0500] "OPTIONS /BLA/boletinlegal/images/bg_top.jpg HTTP/1.1" 200 -
172.22.2.4 - - [24/Feb/2023:00:42:07 -0500] "OPTIONS /BLA/boletinlegal/images/hover.jpg HTTP/1.1" 200 -
172.22.2.4 - - [24/Feb/2023:00:42:07 -0500] "OPTIONS /BLA/boletinlegal/images/menu_rght.gif HTTP/1.1" 200 -
172.22.2.4 - - [24/Feb/2023:00:42:07 -0500] "OPTIONS /BLA/boletinlegal/images/menu_bg.jpg HTTP/1.1" 200 -
172.22.2.4 - - [24/Feb/2023:00:42:07 -0500] "OPTIONS /BLA/boletinlegal/images/text.jpg HTTP/1.1" 200 -
172.22.2.4 - - [24/Feb/2023:00:42:09 -0500] "GET /BLA/boletinlegal/actos.php HTTP/1.1" 200 9606
172.22.2.4 - - [24/Feb/2023:00:42:09 -0500] "OPTIONS /BLA/boletinlegal/niceforms.js HTTP/1.1" 200 -
172.22.2.4 - - [24/Feb/2023:00:42:09 -0500] "OPTIONS /BLA/boletinlegal/js/ajax_actos.js HTTP/1.1" 200 -
172.22.2.4 - - [24/Feb/2023:00:42:09 -0500] "OPTIONS /BLA/boletinlegal/js/lib.js HTTP/1.1" 200 -
172.22.2.4 - - [24/Feb/2023:00:42:09 -0500] "OPTIONS /BLA/boletinlegal/niceforms-default.css HTTP/1.1" 200 -
172.22.2.4 - - [24/Feb/2023:00:42:09 -0500] "OPTIONS /BLA/boletinlegal/js/jquery1.js HTTP/1.1" 200 -
172.22.2.4 - - [24/Feb/2023:00:42:09 -0500] "OPTIONS /BLA/boletinlegal/js/popup.js HTTP/1.1" 200 -
172.22.2.4 - - [24/Feb/2023:00:42:09 -0500] "OPTIONS /BLA/boletinlegal/images/tel.png HTTP/1.1" 200 -
172.22.2.4 - - [24/Feb/2023:00:42:09 -0500] "OPTIONS /BLA/boletinlegal/images/green-yellow-blue-pink-th.png HTTP/1.1" 200 -
172.22.2.4 - - [24/Feb/2023:00:42:09 -0500] "OPTIONS /BLA/boletinlegal/images/footer_bg.jpg HTTP/1.1" 200 -
172.22.2.4 - - [24/Feb/2023:00:42:09 -0500] "OPTIONS /BLA/boletinlegal/images/icono-email.png HTTP/1.1" 200 -
172.22.2.4 - - [24/Feb/2023:00:42:09 -0500] "OPTIONS /BLA/boletinlegal/images/footer_bg_l.jpg HTTP/1.1" 200 -
172.22.2.4 - - [24/Feb/2023:00:42:09 -0500] "OPTIONS /BLA/boletinlegal/img/0.png HTTP/1.1" 200 -
172.22.2.4 - - [24/Feb/2023:00:42:09 -0500] "OPTIONS /BLA/boletinlegal/img/select-right.png HTTP/1.1" 200 -
172.22.2.4 - - [24/Feb/2023:00:42:09 -0500] "OPTIONS /BLA/boletinlegal/img/select-left.png HTTP/1.1" 200 -
172.22.2.4 - - [24/Feb/2023:00:42:09 -0500] "OPTIONS /BLA/boletinlegal/img/button-right.png HTTP/1.1" 200 -
172.22.2.4 - - [24/Feb/2023:00:42:09 -0500] "OPTIONS /BLA/boletinlegal/img/button-left.png HTTP/1.1" 200 -
172.22.2.4 - - [24/Feb/2023:00:42:09 -0500] "OPTIONS /BLA/boletinlegal/img/button.png HTTP/1.1" 200 -
172.22.2.4 - - [24/Feb/2023:00:42:09 -0500] "GET /BLA/boletinlegal/favicon.ico HTTP/1.1" 404 1326
172.22.2.4 - - [24/Feb/2023:00:42:12 -0500] "OPTIONS /BLA/boletinlegal/images/screen_2.png HTTP/1.1" 200 -
172.22.2.4 - - [24/Feb/2023:00:42:12 -0500] "OPTIONS /BLA/boletinlegal/images/screen_5.png HTTP/1.1" 200 -
172.22.2.4 - - [24/Feb/2023:00:42:12 -0500] "OPTIONS /BLA/boletinlegal/images/arr_r.jpg HTTP/1.1" 200 -
172.22.2.4 - - [24/Feb/2023:00:42:12 -0500] "OPTIONS /BLA/boletinlegal/images/screen_3.png HTTP/1.1" 200 -
172.22.2.4 - - [24/Feb/2023:00:42:31 -0500] "GET /BLA/boletinlegal/consulta_actos.php?tipo=resoluciones&no=1142&usuario=&sector=&fecha=2018&resuelve= HTTP/1.1" 200 1245
181.59.31.46 - - [24/Feb/2023:00:42:34 -0500] "GET /BLA/resoluciones/RESOLUCIONES%202018/1142.pdf HTTP/1.1" 200 421276
201.245.192.253 - - [24/Feb/2023:00:42:45 -0500] "POST /kwsrmcab/Wsrmcab  HTTP/1.1" 200 41116
172.22.2.4 - - [24/Feb/2023:00:42:05 -0500] "GET /BLA/boletinlegal/ HTTP/1.1" 200 62302
216.245.221.92 - - [24/Feb/2023:00:44:26 -0500] "HEAD / HTTP/1.1" 200 -
186.84.21.222 - - [24/Feb/2023:00:44:33 -0500] "POST /sipse/faces/presentacion/financiero/solicitudProceso/consultarSolicitudProceso.xhtml HTTP/1.1" 200 85179
172.22.2.4 - - [24/Feb/2023:00:45:12 -0500] "HEAD /BLA/boletinlegal/ HTTP/1.1" 200 -
172.22.2.4 - - [24/Feb/2023:00:46:03 -0500] "GET /BLA/boletinlegal/ HTTP/1.1" 200 59164
201.245.192.253 - - [24/Feb/2023:00:47:43 -0500] "POST /kwsrmcab/Wsrmcab  HTTP/1.1" 200 41116
186.84.21.222 - - [24/Feb/2023:00:47:01 -0500] "POST /sipse/faces/presentacion/financiero/solicitudProceso/consultarSolicitudProceso.xhtml HTTP/1.1" 200 4830200
64.124.8.56 - - [24/Feb/2023:00:48:46 -0500] "GET /galeria/galeria/fotos/Humedal-Tibanica2P.jpg HTTP/1.1" 200 29568
216.245.221.92 - - [24/Feb/2023:00:49:26 -0500] "HEAD / HTTP/1.1" 200 -
52.167.144.44 - - [24/Feb/2023:00:49:57 -0500] "GET /privados-y-distrito-inauguraron-vivero-en-la-reserva-van-der-hammen-con-capacidad-para-producir-50-mil-arboles-al-ano.html HTTP/1.1" 304 -
172.22.2.4 - - [24/Feb/2023:00:51:02 -0500] "HEAD /BLA/boletinlegal/ HTTP/1.1" 200 -
201.245.192.253 - - [24/Feb/2023:00:52:42 -0500] "POST /kwsrmcab/Wsrmcab  HTTP/1.1" 200 41116
172.22.2.4 - - [24/Feb/2023:00:51:53 -0500] "GET /BLA/boletinlegal/ HTTP/1.1" 200 53058
216.245.221.92 - - [24/Feb/2023:00:54:26 -0500] "HEAD / HTTP/1.1" 200 -
201.245.192.253 - - [24/Feb/2023:00:57:41 -0500] "POST /kwsrmcab/Wsrmcab  HTTP/1.1" 200 41116
172.22.2.4 - - [24/Feb/2023:00:56:52 -0500] "HEAD /BLA/boletinlegal/ HTTP/1.1" 200 -
157.55.39.209 - - [24/Feb/2023:00:58:39 -0500] "GET /transparencia/directorioservidores/ HTTP/1.1" 200 549
172.22.2.4 - - [24/Feb/2023:00:57:39 -0500] "GET /BLA/boletinlegal/ HTTP/1.1" 200 48638
172.22.2.4 - - [24/Feb/2023:00:57:43 -0500] "GET /BLA/boletinlegal/ HTTP/1.1" 200 48638
193.32.162.159 - - [24/Feb/2023:00:59:24 -0500] "GET / HTTP/1.1" 200 319
216.245.221.92 - - [24/Feb/2023:00:59:26 -0500] "HEAD / HTTP/1.1" 200 -
66.249.66.80 - - [24/Feb/2023:00:59:54 -0500] "-" 408 -
172.22.2.4 - - [24/Feb/2023:01:01:57 -0500] "GET /BLA/boletinlegal/Circulares/2022/CIRCULAR%20No.%2000003%20DEL%2007%20DE%20MARZO%20DEL%202022.pdf HTTP/1.1" 200 311468
172.22.2.4 - - [24/Feb/2023:01:01:57 -0500] "GET /BLA/boletinlegal/favicon.ico HTTP/1.1" 404 1498
201.245.192.253 - - [24/Feb/2023:01:02:39 -0500] "POST /kwsrmcab/Wsrmcab  HTTP/1.1" 200 41116
172.22.2.4 - - [24/Feb/2023:01:02:42 -0500] "HEAD /BLA/boletinlegal/ HTTP/1.1" 200 -
216.245.221.92 - - [24/Feb/2023:01:04:26 -0500] "HEAD / HTTP/1.1" 200 -
172.22.2.4 - - [24/Feb/2023:01:03:33 -0500] "GET /BLA/boletinlegal/ HTTP/1.1" 200 57804
157.55.39.209 - - [24/Feb/2023:01:05:39 -0500] "GET /BLA/resoluciones/RESOLUCIONES%202022/2866.pdf HTTP/1.1" 304 -
40.77.167.194 - - [24/Feb/2023:01:06:40 -0500] "GET /BLA/resoluciones/AUTOS%202021/5113.pdf HTTP/1.1" 304 -
201.245.192.253 - - [24/Feb/2023:01:07:38 -0500] "POST /kwsrmcab/Wsrmcab  HTTP/1.1" 200 41116
152.61.192.232 - - [24/Feb/2023:01:07:46 -0500] "GET / HTTP/1.1" 200 319
216.245.221.92 - - [24/Feb/2023:01:09:26 -0500] "HEAD / HTTP/1.1" 200 -
172.22.2.4 - - [24/Feb/2023:01:08:32 -0500] "HEAD /BLA/boletinlegal/ HTTP/1.1" 200 -
172.22.2.4 - - [24/Feb/2023:01:09:23 -0500] "GET /BLA/boletinlegal/ HTTP/1.1" 200 59164
172.22.2.4 - - [24/Feb/2023:01:11:10 -0500] "GET /BLA/boletinlegal/robots.txt HTTP/1.1" 404 1038
201.245.192.253 - - [24/Feb/2023:01:12:37 -0500] "POST /kwsrmcab/Wsrmcab  HTTP/1.1" 200 41116
172.22.2.4 - - [24/Feb/2023:01:11:13 -0500] "GET /BLA/boletinlegal/ HTTP/1.1" 200 62302
66.249.66.6 - - [24/Feb/2023:01:13:44 -0500] "-" 408 -
216.245.221.92 - - [24/Feb/2023:01:14:26 -0500] "HEAD / HTTP/1.1" 200 -
172.22.2.4 - - [24/Feb/2023:01:14:22 -0500] "HEAD /BLA/boletinlegal/ HTTP/1.1" 200 -
40.77.167.194 - - [24/Feb/2023:01:16:31 -0500] "GET /BLA/resoluciones/AUTOS%202022/7358.pdf HTTP/1.1" 200 964091
172.22.2.4 - - [24/Feb/2023:01:15:13 -0500] "GET /BLA/boletinlegal/ HTTP/1.1" 200 59164
201.245.192.253 - - [24/Feb/2023:01:17:37 -0500] "POST /kwsrmcab/Wsrmcab  HTTP/1.1" 200 41116
201.245.192.253 - - [24/Feb/2023:01:18:19 -0500] "POST /kwsrmcab/Wsrmcab HTTP/1.1" 200 39809
201.245.192.253 - - [24/Feb/2023:01:18:22 -0500] "POST /kwsrmcab/Wsrmcab HTTP/1.1" 200 41416
40.77.167.233 - - [24/Feb/2023:01:18:51 -0500] "GET / HTTP/1.1" 200 319
216.245.221.92 - - [24/Feb/2023:01:19:26 -0500] "HEAD / HTTP/1.1" 200 -
66.249.66.6 - - [24/Feb/2023:01:20:00 -0500] "-" 408 -
152.61.128.50 - - [24/Feb/2023:01:21:33 -0500] "GET / HTTP/1.1" 200 319
172.22.2.4 - - [24/Feb/2023:01:20:12 -0500] "HEAD /BLA/boletinlegal/ HTTP/1.1" 200 -
178.79.165.253 - - [24/Feb/2023:01:22:18 -0500] "GET / HTTP/1.1" 200 319
201.245.192.253 - - [24/Feb/2023:01:22:37 -0500] "POST /kwsrmcab/Wsrmcab  HTTP/1.1" 200 41116
172.22.2.4 - - [24/Feb/2023:01:21:03 -0500] "GET /BLA/boletinlegal/ HTTP/1.1" 200 57453
172.22.2.4 - - [24/Feb/2023:01:22:22 -0500] "GET /BLA/boletinlegal/ HTTP/1.1" 200 60014
216.245.221.92 - - [24/Feb/2023:01:24:26 -0500] "HEAD / HTTP/1.1" 200 -
172.22.2.4 - - [24/Feb/2023:01:25:05 -0500] "GET /BLA/boletinlegal/_ignition/execute-solution HTTP/1.1" 404 1018
201.245.192.253 - - [24/Feb/2023:01:27:36 -0500] "POST /kwsrmcab/Wsrmcab  HTTP/1.1" 200 41116
172.22.2.4 - - [24/Feb/2023:01:26:02 -0500] "HEAD /BLA/boletinlegal/ HTTP/1.1" 200 -
201.245.192.253 - - [24/Feb/2023:01:28:19 -0500] "POST /kwsrmcab/Wsrmcab HTTP/1.1" 200 39809
201.245.192.253 - - [24/Feb/2023:01:28:22 -0500] "POST /kwsrmcab/Wsrmcab HTTP/1.1" 200 41416
172.22.2.4 - - [24/Feb/2023:01:26:53 -0500] "GET /BLA/boletinlegal/ HTTP/1.1" 200 54718
216.245.221.92 - - [24/Feb/2023:01:29:26 -0500] "HEAD / HTTP/1.1" 200 -
66.249.66.6 - - [24/Feb/2023:01:29:48 -0500] "-" 408 -
201.245.192.253 - - [24/Feb/2023:01:32:35 -0500] "POST /kwsrmcab/Wsrmcab  HTTP/1.1" 200 41116
172.22.2.4 - - [24/Feb/2023:01:31:52 -0500] "HEAD /BLA/boletinlegal/ HTTP/1.1" 200 -
66.249.72.76 - - [24/Feb/2023:01:34:21 -0500] "-" 408 -
172.22.2.4 - - [24/Feb/2023:01:32:43 -0500] "GET /BLA/boletinlegal/ HTTP/1.1" 200 52227
216.245.221.92 - - [24/Feb/2023:01:34:26 -0500] "HEAD / HTTP/1.1" 200 -
172.22.2.4 - - [24/Feb/2023:01:33:05 -0500] "GET /BLA/boletinlegal/ HTTP/1.1" 200 54316
161.18.174.17 - - [24/Feb/2023:01:35:45 -0500] "GET /distrito-declara-alerta-fase-i-en-suroccidente-de-bogota-por-altas-concentraciones-de-material-particulado.html HTTP/1.1" 200 883
186.102.78.230 - - [24/Feb/2023:01:36:39 -0500] "GET /kwssiamovil/sm/acme/a?s=U2FsdGVkX1947EoU0H1X17X3CjCmuzgmDsrXoW+kMgSqXsUp190hmMTN6CoS2lnwYKsi7ZNiFZnhGjfqUW06tiSUCFHkviQTObuhxKXDSJy1S8pXo1j1ifR4XcRPeYNBTb/0am/Gv/Cv7WRmkcLlzoTsL/vqvfovg7AdWVQ8tYgtyYXf/auqi069GorRA/MCBsbYVB2g9dO8cae2z0kBZPxLomGuLP5STXywL99gMoiVRucW2BS7tPDFldg1YbJ7RfkmuqS6H/lwRD6U4MgBcg==&u=U2FsdGVkX194Eqwd/V7Vb6X1MAfLQARhQPt9wz+m3sw=&y=U2FsdGVkX19YAcOtMj1zX2yAE4mJGwBlWe0AooJj7kZm73rJqiSzHrVuF3S5n+v2 HTTP/1.1" 503 1124
186.102.78.230 - - [24/Feb/2023:01:37:21 -0500] "GET /kwssiamovil/sm/acme/a?s=U2FsdGVkX1/b4MZzPoA2vQ4iYa/ykBYCciZpdzjsPaOaI5mQ0R6+IXk+45A7zJZ2WSqEnV4VlgaiZYAzxRtqZ94jN+ogOJKc4LV3U8PMKit40QUWls5kcHqcYauqPTXoj/ORKUA8N7UlwXdMpA8bPSJFXstGulJIdXUYBXJqM+GXjax8kCccKuUSy2rZU7A0bXE2CQZLBq46Ek/h17xoosxl4DKCXZvnhFoqHZp/QnBsJ7P11rzxASQNfE0dVrqIKcxWZkatb4kM63dVinMfow==&u=U2FsdGVkX194Eqwd/V7Vb6X1MAfLQARhQPt9wz+m3sw=&y=U2FsdGVkX19YAcOtMj1zX2yAE4mJGwBlWe0AooJj7kZm73rJqiSzHrVuF3S5n+v2 HTTP/1.1" 503 1124
201.245.192.253 - - [24/Feb/2023:01:37:33 -0500] "POST /kwsrmcab/Wsrmcab  HTTP/1.1" 200 41116
186.102.78.230 - - [24/Feb/2023:01:38:09 -0500] "GET /kwssiamovil/sm/acme/a?s=U2FsdGVkX18aEdQKX6fkTMBTX/sxsTPPJ+NS3gkWDep54JXOynihWpbdJnbYaTs9E2Eck1Bg46wLoXoXcAcvhocF4QMhiwmBrn996/fiPBlaDxZ8NwVyNdSW3QvQxm4WauKV3SpeC44rvCJCouddmL4P6DZFF+OK5IjUd9TennZP4xexICthfQDOtige2hI99aM/tAhuFzRgrX8Eh28vz58bHCrGswAhhSJaVwJvCYmvwGJiU3acoqoKqwkSpLTaHU4MHKnC3OGMMweLmOQjRw==&u=U2FsdGVkX194Eqwd/V7Vb6X1MAfLQARhQPt9wz+m3sw=&y=U2FsdGVkX19YAcOtMj1zX2yAE4mJGwBlWe0AooJj7kZm73rJqiSzHrVuF3S5n+v2 HTTP/1.1" 200 26
186.102.78.230 - - [24/Feb/2023:01:38:09 -0500] "GET /kwssiamovil/sm/acme/a?s=U2FsdGVkX1/jxc9c7k9WDwranze1CQDyl5hUFwCF9m2TpimNw3wdEYNdbz3WTiSu2hB9UirzockErJoAO0AtKhyXdwe2M8ef6CZypQCOAAltgDDw7JUmZo5mm/TYwZVtTzXRGLsk/0sK4zthODr4x/9a1sW9+DtnggWFk+7VeUQMZZ5dqeFMJPpLb5LNXXsV25CdPm4pn5nIu6n9Cd5r2P2QpX5l7JFeFAieMPj6O7/TXHc8slP6lICe6DROq5PDn0KBp92l55PAWdULue14R5MaXP8VZ34VnyqQyUcGC0e+dojArG3Hz6KF7a4FEQisacDCHZHt3n9A2EmIjmoTv0ZhHkXynkcqDO0GS84oGuF++PITDGAyazOoUCM9x8QJZcyo9iqm8SBoueq0HkiTdt7ujKeP6zcu6WVUZ0ZmRO5+2b29wLwPGQmm0B6Tae77Us5jJzp7e8ClRj7yzx00/dXhQ0cPL2slJrnr3SkBJULIeRpjR0ZlotROnYZs9mVC272ulTohi6QeK43xj/7ib7R60KZFpT424ctFz4jl/WOJa6hOIPdOdU0QjTK+GJDoN2vZuPKqezw1DXIV9dIGi1Fh1OiY5RrjaWJ0CtEFBJi1uzqn1wJGxJbv8PDc+rLkecksEw2kgBtLDvrC3Lb6vtRiYN5BIh1PsC0Uklz7eIm4uOEueo9GQwa9NpjJYfD1mQ2wwvCra6q+9i1fV85i5fHiZNnmM6f/oQrXvEaSV4kpiFM6NhEWGSmgiyewvX9IIRu/5Mb02fsbRqBaJkuVqoonDat4l89jYTtATL+Xgd5o6E6NM3nbyGIfhejJiAjZuB6ujxOPMIAcN40YAI6neJeLY4F6InaKInhWojlLLXS4iyo72qP2QN7P7TmKPLrVri2LPfsleyp11tSWHCYOjsQE7SE/zSTR7rsvUv+ElucAdiXyls8M4CehRrScpkZOad4kzSCTqeqRaaLrsw29oxMykTpQVTVdu+JXUX/sMNCpMUIYrd734dYiPEmaHrV+LpPIxJCgA4bxdNOyG2+CTWF4o4pOExdX6nGqGOtnoHGOZcx7my1b5hwYbj2idEEAWcH7NZY1Xq+CSLD0Ui1V+Fk/ZNnswDqbcpgAYfOJ/LFuD/OsrnIK6SdQ3sCqOeklACUHNwQ6i/piuEcoiHPclfh6+E3FlCSKvk164H+xo0ygM60XZsb6BzJaIQhToydW9c6OA8mrd8Z+3yE2o9g+n1qutvUCZbPhRGpCcEcda/WUvPks5PXGVt8CbLav2gwRieJLC8QynJL1JjqGg+1EuZCszQSQM4loBe7JlGmgyYwgsorIx30D0q0KKC609Xp2DRpfLv+MYIJGpvyGOhBbMg==&u=U2FsdGVkX194Eqwd/V7Vb6X1MAfLQARhQPt9wz+m3sw=&y=U2FsdGVkX19YAcOtMj1zX2yAE4mJGwBlWe0AooJj7kZm73rJqiSzHrVuF3S5n+v2 HTTP/1.1" 200 26
186.102.78.230 - - [24/Feb/2023:01:38:10 -0500] "GET /kwssiamovil/sm/acme/a?s=U2FsdGVkX1+mwjivKIyCz4l5BzDk7J+slQAtYBufgGZs4l6uLnuE8xuUaELSjgtWk0wEgMwO+vfhHPwZo4hfELZxBownVAYFXLIkB8edJb218VY949T8Bh68AfiKDB9lEtM+uDB1sn7OVV46NzEWU6DJ10Ih6I/KX68N23rgX80=&u=U2FsdGVkX194Eqwd/V7Vb6X1MAfLQARhQPt9wz+m3sw=&y=U2FsdGVkX19YAcOtMj1zX2yAE4mJGwBlWe0AooJj7kZm73rJqiSzHrVuF3S5n+v2 HTTP/1.1" 200 26
186.102.78.230 - - [24/Feb/2023:01:38:10 -0500] "GET /kwssiamovil/sm/acme/a?s=U2FsdGVkX18aZI9t8PyvGfVkzbXZ61Hh7AFimNUlU5FDxRMD9FEbZ9xMsMFnHz0LxKTVVsYohD5977gsGJKqDsDW1BFT1Vb0E2ok7505l6pcg05KnU96/Cs/EcKRFx+c52ia4IAWSz3GMkm3M/UjCe50Vx15yhbsSogLx1/ucFw=&u=U2FsdGVkX194Eqwd/V7Vb6X1MAfLQARhQPt9wz+m3sw=&y=U2FsdGVkX19YAcOtMj1zX2yAE4mJGwBlWe0AooJj7kZm73rJqiSzHrVuF3S5n+v2 HTTP/1.1" 200 26
186.102.78.230 - - [24/Feb/2023:01:38:10 -0500] "GET /kwssiamovil/sm/acme/a?s=U2FsdGVkX18dGFf4N7ww9RLYe0FClRDf7p2qzmvH4YFMew7PFb9yTNmqr74dU+sqQaPb7wj7Tx4FS2WtyWjp6p8i3APzITvgUqD8aml7abH2cf9CsdYCHTHxNpgjneQZlKWIv/SKqQK+cgitQlvn9d49rNe5h+KMSkzNyp3Qe6c=&u=U2FsdGVkX194Eqwd/V7Vb6X1MAfLQARhQPt9wz+m3sw=&y=U2FsdGVkX19YAcOtMj1zX2yAE4mJGwBlWe0AooJj7kZm73rJqiSzHrVuF3S5n+v2 HTTP/1.1" 200 26
186.102.78.230 - - [24/Feb/2023:01:38:10 -0500] "GET /kwssiamovil/sm/acme/a?s=U2FsdGVkX1/nikCHXsRuyV/JLbtXc2zNvo0pVnFXW8EbjP9JAXzlhy/jCDlBFqR4gbcjiF3l4bLdKz3y3zzKb2Hi/leavgTLWFwsD1SV1Pf5TK1ma+/fsZOEu31Lf/MjqRxHKfVcvoHMqlI6kDlPJjwkdy/8RO/QSwHxHFBqWqeUuao3URq8YC04kPEcZrjE&u=U2FsdGVkX194Eqwd/V7Vb6X1MAfLQARhQPt9wz+m3sw=&y=U2FsdGVkX19YAcOtMj1zX2yAE4mJGwBlWe0AooJj7kZm73rJqiSzHrVuF3S5n+v2 HTTP/1.1" 200 26
201.245.192.253 - - [24/Feb/2023:01:38:19 -0500] "POST /kwsrmcab/Wsrmcab HTTP/1.1" 200 39809
201.245.192.253 - - [24/Feb/2023:01:38:22 -0500] "POST /kwsrmcab/Wsrmcab HTTP/1.1" 200 41416
172.22.2.4 - - [24/Feb/2023:01:37:42 -0500] "HEAD /BLA/boletinlegal/ HTTP/1.1" 200 -
216.245.221.92 - - [24/Feb/2023:01:39:26 -0500] "HEAD / HTTP/1.1" 200 -
52.167.144.97 - - [24/Feb/2023:01:40:02 -0500] "GET /catalogoisis/ HTTP/1.1" 200 8575
172.22.2.4 - - [24/Feb/2023:01:38:33 -0500] "GET /BLA/boletinlegal/ HTTP/1.1" 200 59164
201.245.192.253 - - [24/Feb/2023:01:42:32 -0500] "POST /kwsrmcab/Wsrmcab  HTTP/1.1" 200 41116
173.252.107.23 - - [24/Feb/2023:01:43:24 -0500] "GET /images/8%20de%20febrero%20incendio%20forestal.jpeg HTTP/1.1" 200 56283
216.245.221.92 - - [24/Feb/2023:01:44:26 -0500] "HEAD / HTTP/1.1" 200 -
172.22.2.4 - - [24/Feb/2023:01:42:51 -0500] "GET /BLA/boletinlegal/ HTTP/1.1" 200 55431
172.22.2.4 - - [24/Feb/2023:01:43:32 -0500] "HEAD /BLA/boletinlegal/ HTTP/1.1" 200 -
172.22.2.4 - - [24/Feb/2023:01:44:23 -0500] "GET /BLA/boletinlegal/ HTTP/1.1" 200 57058
186.102.78.230 - - [24/Feb/2023:01:46:21 -0500] "GET /kwssiamovil/sm/acme/a?s=U2FsdGVkX1+tpNUQbrM/jzsaorHNT/srV8BflWMwUuHA3bw92Y+f8p4Nw/VE00UHAuwpvRxTxideiLYjO8EAKnijBGV1WTOujcevpIudi6A5v4HgllA0yK2EA8J4zBj8mx6eSg14mZFI6325mbxdQrIQsVXIg1RpqBS84MI/fk/1/Q7qBAcuHKjWDSQZt+IMdM1eBtXlnR/tUBm2VNlVfcQtTba+eEnVvZP7hqmVDTq1EFX2FDRFp+ZldArev+ICvZ3AIkGFNgTLrsa/pSeJBg==&u=U2FsdGVkX194Eqwd/V7Vb6X1MAfLQARhQPt9wz+m3sw=&y=U2FsdGVkX19YAcOtMj1zX2yAE4mJGwBlWe0AooJj7kZm73rJqiSzHrVuF3S5n+v2 HTTP/1.1" 200 26
186.102.78.230 - - [24/Feb/2023:01:46:22 -0500] "GET /kwssiamovil/sm/acme/a?s=U2FsdGVkX19FCWZ1/8Sd+OBjGWc6HPKfYITjATF4R7dh+5Wp8uqFpARKcnKwmc6tpL4pOF+JgljcwK08Hpu6Nm7nKuXYKcO9O5brn1M2v2iI33LNg2EldXf/jIcjd2mmfwmbW++FKmAn0zKw58Ef9cr+fWkNfxngs48KCoG0SaLO60PyLfRrP+FGA+GPmutsKw5DFLX+96jRI+as+M9801l/uQm+go26ikP2F239LVjasHh0p6sjk5IkevkLsgBW6la3GyVbNqHv77J+P3fD3wAYS8h2ekPwDuJohUmF8E0GgNwp/10cmNceirBbOcdbTPz7x4+Lu28Wwaxuf87xwMV200IhJ8qTz3BOiiyTiOwgem3RJwtXI5ycdqHNjwy0OPepKqisF33cbwaJM45VwxqkdSI8PuJmZeMRcz4oMX2dcWyUo+URjVnDAAyhCxnq+YP8jFoHPXvHxNbbAnsQQ4w5zppIuqF+4Hbm2HUuE/NhnZpZ5omeqYAP/Ay/iWkop3bzkMyYecM29Lt0RZJmOasOFQNkztoO3MMMPqNV5cQzuzCVwaJUmxIIyqWU476InDTr3I+ehFoTq4QR+ogvT3JUKdu+4nsUCl6tS8tAA4AXrCY/EFBahvGQ1Iw1T3wWdZf0enGBQRAiRRM4cYMa9dNX4GBL0Pku3GPWsZBlxlvYCDZWF04ty/AYSVMDq0l4vaDXBsjjeCUg7SwXtAP9EsOhr8foUHDARpi+BcJSQXMaNq3x4XD0se9wPnLml86hLJ1POXeNk8zYGhAx66ItSeFe8G+F63IfUQahkYWloY9NB/mFGDA9glExb+av+g/XMQrKQyddUnd6txhSfZ6zKNuuyOENg8Vw4g/uki83D216tKKh41guJ9s18Qm7uhAra4tww2hKcx2ajAkDJkrBEbxF50khhe1ts7kgjAA5FRFX7WP44O7Rmri+ey59I48nAdzmbhopaEUasEDIBGi4wBNbo3CHgMIPPdpSaJqzJKTHI1TOufm5+8lzebFdjfIx7gSE4tRnzd44yfHxs5bOvhHu0AIS1EuLtfh1X8KJEnvSRTXJrjTFcWqvBGdIa5RFW5llefPvUoW/Zmd7xv+XeTzUI9NQfNoA25cds2epEU0wTjccpJDwXkHnXEI9iWzYh9zwBb8GqzNTFv8/9B2MJIorpWE1C51z2RYU52ZN0GSYK5x+yGyjjZlPUzRkAmYGyCCqhXF7Z+tnCRPw56h03gWGl/YGXqyfc32tqXI8SC139YKUPlrNwFMjTB5bo8vYCfGf2XPZ05thY6D6UNUX/Gw6CmAC/o+huM+ihaJiyRTUzHSwa+2YZv3XW9Xk/jjJro3sBd8BScq2RQuDVpDqaQ7sTdX32lXF0Q/+Njh/e+UnzEiBxO18ALczOaoqrVd7&u=U2FsdGVkX194Eqwd/V7Vb6X1MAfLQARhQPt9wz+m3sw=&y=U2FsdGVkX19YAcOtMj1zX2yAE4mJGwBlWe0AooJj7kZm73rJqiSzHrVuF3S5n+v2 HTTP/1.1" 200 26
186.102.78.230 - - [24/Feb/2023:01:46:22 -0500] "GET /kwssiamovil/sm/acme/a?s=U2FsdGVkX19eTnNYEzZfHSZMWWwqejOFqCUc066zUgYydOYuO4uD3EI7GD5YTckY1jMG6/f/Pw21WArobSBq3Ib1wtoUb4Ko7+IKh/xLhgQIQAppL8cBrjZth2qMSuLGKvYnQCtQDKWtTeOxVZLM+Cbdyp4QD87YSNZnCdFF7xw=&u=U2FsdGVkX194Eqwd/V7Vb6X1MAfLQARhQPt9wz+m3sw=&y=U2FsdGVkX19YAcOtMj1zX2yAE4mJGwBlWe0AooJj7kZm73rJqiSzHrVuF3S5n+v2 HTTP/1.1" 200 26
186.102.78.230 - - [24/Feb/2023:01:46:22 -0500] "GET /kwssiamovil/sm/acme/a?s=U2FsdGVkX18VATLX6rqKYO9g57dtVz33Osw33RBAHe4WKjsoZiU1JTJB5gRPhXPJzDR6nKrGhauNKVdlMP3OJ0YBho9QN4HVzFGd7LkZ4VWVa6Gx6wvLDvf6Scx0QWJOuAQ+K9/NutitD/BsMYWTqi20MZrBzt+3U7ZqzTJog2U=&u=U2FsdGVkX194Eqwd/V7Vb6X1MAfLQARhQPt9wz+m3sw=&y=U2FsdGVkX19YAcOtMj1zX2yAE4mJGwBlWe0AooJj7kZm73rJqiSzHrVuF3S5n+v2 HTTP/1.1" 200 26
186.102.78.230 - - [24/Feb/2023:01:46:22 -0500] "GET /kwssiamovil/sm/acme/a?s=U2FsdGVkX19VTx7OSpyr9zVF27yvnS1BKn1/kLcJRZN6qd3peNZrMWs/IXSzRETVw5M6fsjzEOcD/SJn8ui0Z40ldbVv2okfyTISILyZtfzCR3FbY7lZOA2oEVOoHjZV30wQvsPL88ZzZARrcQoIogVpOhRwTKsBkBChjJMunQ4=&u=U2FsdGVkX194Eqwd/V7Vb6X1MAfLQARhQPt9wz+m3sw=&y=U2FsdGVkX19YAcOtMj1zX2yAE4mJGwBlWe0AooJj7kZm73rJqiSzHrVuF3S5n+v2 HTTP/1.1" 200 26
186.102.78.230 - - [24/Feb/2023:01:46:22 -0500] "GET /kwssiamovil/sm/acme/a?s=U2FsdGVkX19mw7YxaXJkFFQmxtnRy2ukFZW1WKxihAZz5AyOMtS7B1VyqXfPZ1E3UBpcXBAwm6HmwDtibIwptSq9OZ7Rlk4fgAEn1KIS2niiweeChvQWZlFL5SiNoqKK38H69qokTA/k90Dl/4Lyx+CM/EdxLGO3iNAz55eb137Y1vAlaShC+G/hVEtmtEwu&u=U2FsdGVkX194Eqwd/V7Vb6X1MAfLQARhQPt9wz+m3sw=&y=U2FsdGVkX19YAcOtMj1zX2yAE4mJGwBlWe0AooJj7kZm73rJqiSzHrVuF3S5n+v2 HTTP/1.1" 200 26
201.245.192.253 - - [24/Feb/2023:01:47:31 -0500] "POST /kwsrmcab/Wsrmcab  HTTP/1.1" 200 41116
179.43.177.242 - - [24/Feb/2023:01:49:13 -0500] "POST /boaform/admin/formLogin HTTP/1.1" 404 1186
216.245.221.92 - - [24/Feb/2023:01:49:26 -0500] "HEAD / HTTP/1.1" 200 -
66.249.66.79 - - [24/Feb/2023:01:51:00 -0500] "-" 408 -
172.22.2.4 - - [24/Feb/2023:01:49:22 -0500] "HEAD /BLA/boletinlegal/ HTTP/1.1" 200 -
152.61.192.232 - - [24/Feb/2023:01:51:22 -0500] "GET /arcgis/services/Calidad_del_Agua_WQI/MapServer/WMSServer?request=GetCapabilities&service=WMS HTTP/1.1" 503 1020
152.61.192.232 - - [24/Feb/2023:01:51:24 -0500] "GET /arcgis/services/Calidad_del_Agua_WQI/MapServer/WMSServer?SERVICE=WMS&REQUEST=GetCapabilities HTTP/1.1" 503 1020
152.61.192.232 - - [24/Feb/2023:01:51:24 -0500] "GET /arcgis/services/Calidad_del_Agua_WQI/MapServer/WMSServer?WMTVER=1.0.0&REQUEST=capabilities HTTP/1.1" 503 1020
172.22.2.4 - - [24/Feb/2023:01:50:13 -0500] "GET /BLA/boletinlegal/ HTTP/1.1" 200 57804
201.245.192.253 - - [24/Feb/2023:01:52:30 -0500] "POST /kwsrmcab/Wsrmcab  HTTP/1.1" 200 41116
172.22.2.4 - - [24/Feb/2023:01:53:05 -0500] "GET /BLA/boletinlegal/robots.txt HTTP/1.1" 404 1038
216.245.221.92 - - [24/Feb/2023:01:54:26 -0500] "HEAD / HTTP/1.1" 200 -
172.22.2.4 - - [24/Feb/2023:01:53:08 -0500] "GET /BLA/boletinlegal/ HTTP/1.1" 200 62302
172.22.2.4 - - [24/Feb/2023:01:55:12 -0500] "HEAD /BLA/boletinlegal/ HTTP/1.1" 200 -
201.245.192.253 - - [24/Feb/2023:01:57:28 -0500] "POST /kwsrmcab/Wsrmcab  HTTP/1.1" 200 41116
178.79.165.160 - - [24/Feb/2023:01:57:32 -0500] "GET /portaldeninos/ HTTP/1.1" 200 110197
172.22.2.4 - - [24/Feb/2023:01:56:03 -0500] "GET /BLA/boletinlegal/ HTTP/1.1" 200 57804
216.245.221.92 - - [24/Feb/2023:01:59:26 -0500] "HEAD / HTTP/1.1" 200 -
35.204.9.91 - - [24/Feb/2023:01:59:48 -0500] "GET /inventario-de-emisiones-2020-transporte-publico-sitp-redujo-emisiones-de-pm-2-5-en-un-37.html HTTP/1.1" 200 925
173.252.83.14 - - [24/Feb/2023:02:00:22 -0500] "GET /galeria/galeria/fotos/mico1P.jpg HTTP/1.1" 200 28110
201.245.192.253 - - [24/Feb/2023:02:02:27 -0500] "POST /kwsrmcab/Wsrmcab  HTTP/1.1" 200 41116
172.22.2.4 - - [24/Feb/2023:02:01:02 -0500] "HEAD /BLA/boletinlegal/ HTTP/1.1" 200 -
172.22.2.4 - - [24/Feb/2023:02:01:53 -0500] "GET /BLA/boletinlegal/ HTTP/1.1" 200 57058
191.102.224.199 - - [24/Feb/2023:02:04:24 -0500] "-" 408 -
216.245.221.92 - - [24/Feb/2023:02:04:26 -0500] "HEAD / HTTP/1.1" 200 -
172.22.2.4 - - [24/Feb/2023:02:03:56 -0500] "GET /BLA/boletinlegal/ HTTP/1.1" 200 62302
173.252.87.5 - - [24/Feb/2023:02:05:48 -0500] "GET /images/20%20de%20febrero%20panor\xc3\xa1mica%20de%20Bogot\xc3\xa1%20(1)%20(1).jpeg HTTP/1.1" 404 1034
66.249.66.79 - - [24/Feb/2023:02:06:19 -0500] "-" 408 -
201.245.192.253 - - [24/Feb/2023:02:07:26 -0500] "POST /kwsrmcab/Wsrmcab  HTTP/1.1" 200 41116
66.249.69.181 - - [24/Feb/2023:02:08:24 -0500] "-" 408 -
172.22.2.4 - - [24/Feb/2023:02:06:52 -0500] "HEAD /BLA/boletinlegal/ HTTP/1.1" 200 -
66.249.72.72 - - [24/Feb/2023:02:08:41 -0500] "-" 408 -
172.22.2.4 - - [24/Feb/2023:02:07:43 -0500] "GET /BLA/boletinlegal/ HTTP/1.1" 200 57453
216.245.221.92 - - [24/Feb/2023:02:09:26 -0500] "HEAD / HTTP/1.1" 200 -
201.245.192.253 - - [24/Feb/2023:02:12:25 -0500] "POST /kwsrmcab/Wsrmcab  HTTP/1.1" 200 41116
152.61.128.50 - - [24/Feb/2023:02:13:47 -0500] "GET /arcgis/services/Calidad_del_Agua_WQI/MapServer/WMSServer?request=GetCapabilities&service=WMS HTTP/1.1" 503 1020
152.61.128.50 - - [24/Feb/2023:02:13:48 -0500] "GET /arcgis/services/Calidad_del_Agua_WQI/MapServer/WMSServer?SERVICE=WMS&REQUEST=GetCapabilities HTTP/1.1" 503 1020
152.61.128.50 - - [24/Feb/2023:02:13:48 -0500] "GET /arcgis/services/Calidad_del_Agua_WQI/MapServer/WMSServer?WMTVER=1.0.0&REQUEST=capabilities HTTP/1.1" 503 1020
172.22.2.4 - - [24/Feb/2023:02:12:42 -0500] "HEAD /BLA/boletinlegal/ HTTP/1.1" 200 -
66.249.69.179 - - [24/Feb/2023:02:14:25 -0500] "-" 408 -
216.245.221.92 - - [24/Feb/2023:02:14:26 -0500] "HEAD / HTTP/1.1" 200 -
66.249.66.79 - - [24/Feb/2023:02:14:30 -0500] "-" 408 -
40.77.167.225 - - [24/Feb/2023:02:15:05 -0500] "GET / HTTP/1.1" 200 4720
172.22.2.4 - - [24/Feb/2023:02:13:32 -0500] "GET /BLA/boletinlegal/ HTTP/1.1" 200 57453
172.22.2.4 - - [24/Feb/2023:02:15:27 -0500] "GET /BLA/boletinlegal/ HTTP/1.1" 200 40907
201.245.192.253 - - [24/Feb/2023:02:17:24 -0500] "POST /kwsrmcab/Wsrmcab  HTTP/1.1" 200 41116
201.245.192.253 - - [24/Feb/2023:02:18:19 -0500] "POST /kwsrmcab/Wsrmcab HTTP/1.1" 200 39815
201.245.192.253 - - [24/Feb/2023:02:18:21 -0500] "POST /kwsrmcab/Wsrmcab HTTP/1.1" 200 41578
216.245.221.92 - - [24/Feb/2023:02:19:26 -0500] "HEAD / HTTP/1.1" 200 -
172.22.2.4 - - [24/Feb/2023:02:18:32 -0500] "HEAD /BLA/boletinlegal/ HTTP/1.1" 200 -
172.22.2.4 - - [24/Feb/2023:02:19:23 -0500] "GET /BLA/boletinlegal/ HTTP/1.1" 200 59591
201.245.192.253 - - [24/Feb/2023:02:22:24 -0500] "POST /kwsrmcab/Wsrmcab  HTTP/1.1" 200 41116
207.46.13.223 - - [24/Feb/2023:02:24:15 -0500] "GET /Publicaciones/2022EE26751.pdf HTTP/1.1" 404 227
216.245.221.92 - - [24/Feb/2023:02:24:26 -0500] "HEAD / HTTP/1.1" 200 -
172.22.2.4 - - [24/Feb/2023:02:24:05 -0500] "GET /BLA/boletinlegal/ HTTP/1.1" 200 55079
172.22.2.4 - - [24/Feb/2023:02:24:22 -0500] "HEAD /BLA/boletinlegal/ HTTP/1.1" 200 -
172.22.2.4 - - [24/Feb/2023:02:25:13 -0500] "GET /BLA/boletinlegal/ HTTP/1.1" 200 55795
201.245.192.253 - - [24/Feb/2023:02:27:23 -0500] "POST /kwsrmcab/Wsrmcab  HTTP/1.1" 200 41116
201.245.192.253 - - [24/Feb/2023:02:28:19 -0500] "POST /kwsrmcab/Wsrmcab HTTP/1.1" 200 39815
201.245.192.253 - - [24/Feb/2023:02:28:21 -0500] "POST /kwsrmcab/Wsrmcab HTTP/1.1" 200 41578
216.245.221.92 - - [24/Feb/2023:02:29:26 -0500] "HEAD / HTTP/1.1" 200 -
157.55.39.223 - - [24/Feb/2023:02:29:41 -0500] "-" 408 -
66.249.66.79 - - [24/Feb/2023:02:29:48 -0500] "-" 408 -
172.22.2.4 - - [24/Feb/2023:02:30:12 -0500] "HEAD /BLA/boletinlegal/ HTTP/1.1" 200 -
201.245.192.253 - - [24/Feb/2023:02:32:22 -0500] "POST /kwsrmcab/Wsrmcab  HTTP/1.1" 200 41116
172.22.2.4 - - [24/Feb/2023:02:31:02 -0500] "GET /BLA/boletinlegal/ HTTP/1.1" 200 59164
216.245.221.92 - - [24/Feb/2023:02:34:26 -0500] "HEAD / HTTP/1.1" 200 -
172.22.2.4 - - [24/Feb/2023:02:33:12 -0500] "GET /BLA/boletinlegal/ HTTP/1.1" 200 62302
223.38.60.101 - - [24/Feb/2023:02:34:59 -0500] "GET /galeria/galeria/fotos/Humedal-Tibanica3P.jpg HTTP/1.1" 200 28016
128.199.209.106 - - [24/Feb/2023:02:35:59 -0500] "GET /portaldeninos/ HTTP/1.1" 200 110197
201.245.192.253 - - [24/Feb/2023:02:37:21 -0500] "POST /kwsrmcab/Wsrmcab  HTTP/1.1" 200 41116
172.22.2.4 - - [24/Feb/2023:02:37:28 -0500] "GET /BLA/boletinlegal/.env HTTP/1.1" 404 1018
172.22.2.4 - - [24/Feb/2023:02:36:02 -0500] "HEAD /BLA/boletinlegal/ HTTP/1.1" 200 -
201.245.192.253 - - [24/Feb/2023:02:38:19 -0500] "POST /kwsrmcab/Wsrmcab HTTP/1.1" 200 39815
201.245.192.253 - - [24/Feb/2023:02:38:22 -0500] "POST /kwsrmcab/Wsrmcab HTTP/1.1" 200 41578
172.22.2.4 - - [24/Feb/2023:02:36:52 -0500] "GET /BLA/boletinlegal/ HTTP/1.1" 200 57058
216.245.221.92 - - [24/Feb/2023:02:39:26 -0500] "HEAD / HTTP/1.1" 200 -
201.245.192.253 - - [24/Feb/2023:02:42:20 -0500] "POST /kwsrmcab/Wsrmcab  HTTP/1.1" 200 41116
66.249.66.79 - - [24/Feb/2023:02:43:12 -0500] "-" 408 -
35.204.9.91 - - [24/Feb/2023:02:43:30 -0500] "GET /inventario-de-emisiones-2020-transporte-publico-sitp-redujo-emisiones-de-pm-2-5-en-un-37.html HTTP/1.1" 200 925
172.22.2.4 - - [24/Feb/2023:02:41:52 -0500] "HEAD /BLA/boletinlegal/ HTTP/1.1" 200 -
172.22.2.4 - - [24/Feb/2023:02:42:43 -0500] "GET /BLA/boletinlegal/ HTTP/1.1" 200 59591
216.245.221.92 - - [24/Feb/2023:02:44:26 -0500] "HEAD / HTTP/1.1" 200 -
172.22.2.4 - - [24/Feb/2023:02:44:49 -0500] "GET /BLA/boletinlegal/actos.php HTTP/1.1" 200 9606
201.245.192.253 - - [24/Feb/2023:02:47:20 -0500] "POST /kwsrmcab/Wsrmcab  HTTP/1.1" 200 41116
172.22.2.4 - - [24/Feb/2023:02:47:32 -0500] "GET /BLA/boletinlegal/robots.txt HTTP/1.1" 404 1038
172.22.2.4 - - [24/Feb/2023:02:47:35 -0500] "GET /BLA/boletinlegal/ HTTP/1.1" 200 51834
172.22.2.4 - - [24/Feb/2023:02:47:42 -0500] "HEAD /BLA/boletinlegal/ HTTP/1.1" 200 -
216.245.221.92 - - [24/Feb/2023:02:49:26 -0500] "HEAD / HTTP/1.1" 200 -
172.22.2.4 - - [24/Feb/2023:02:48:32 -0500] "GET /BLA/boletinlegal/ HTTP/1.1" 200 55431
178.79.157.239 - - [24/Feb/2023:02:50:35 -0500] "GET / HTTP/1.1" 200 319
203.209.239.105 - - [24/Feb/2023:02:51:00 -0500] "GET /galeria/galeria/fotos/1humedal-Burro1P.jpg HTTP/1.1" 200 7921
172.22.2.4 - - [24/Feb/2023:02:51:28 -0500] "GET /BLA/boletinlegal/Directivas/2011/Directiva%20No.%205%20del%2029%20de%20Agosto%20de%202011.pdf HTTP/1.1" 200 444404
201.245.192.253 - - [24/Feb/2023:02:52:19 -0500] "POST /kwsrmcab/Wsrmcab  HTTP/1.1" 200 41116
66.102.8.185 - - [24/Feb/2023:02:53:34 -0500] "GET /galeria/galeria/fotos/Movilizacion13G.jpg HTTP/1.1" 200 120282
157.55.39.253 - - [24/Feb/2023:02:53:49 -0500] "GET /BLA/resoluciones/AUTOS%202021/2549.pdf HTTP/1.1" 200 485027
216.245.221.92 - - [24/Feb/2023:02:54:26 -0500] "HEAD / HTTP/1.1" 200 -
66.249.66.79 - - [24/Feb/2023:02:54:52 -0500] "-" 408 -
172.22.2.4 - - [24/Feb/2023:02:53:32 -0500] "HEAD /BLA/boletinlegal/ HTTP/1.1" 200 -
71.114.73.172 - - [24/Feb/2023:02:55:51 -0500] "GET / HTTP/1.1" 200 319
172.22.2.4 - - [24/Feb/2023:02:54:23 -0500] "GET /BLA/boletinlegal/ HTTP/1.1" 200 54718
201.245.192.253 - - [24/Feb/2023:02:57:20 -0500] "POST /kwsrmcab/Wsrmcab  HTTP/1.1" 200 41116
172.22.2.4 - - [24/Feb/2023:02:56:10 -0500] "GET /BLA/boletinlegal/ HTTP/1.1" 200 62302
216.245.221.92 - - [24/Feb/2023:02:59:26 -0500] "HEAD / HTTP/1.1" 200 -
172.22.2.4 - - [24/Feb/2023:02:59:22 -0500] "HEAD /BLA/boletinlegal/ HTTP/1.1" 200 -
172.22.2.4 - - [24/Feb/2023:03:00:12 -0500] "GET /BLA/boletinlegal/ HTTP/1.1" 200 57453
201.245.192.253 - - [24/Feb/2023:03:02:19 -0500] "POST /kwsrmcab/Wsrmcab  HTTP/1.1" 200 41116
216.245.221.92 - - [24/Feb/2023:03:04:26 -0500] "HEAD / HTTP/1.1" 200 -
172.22.2.4 - - [24/Feb/2023:03:04:45 -0500] "GET /BLA/boletinlegal/ HTTP/1.1" 200 56251
172.22.2.4 - - [24/Feb/2023:03:05:12 -0500] "HEAD /BLA/boletinlegal/ HTTP/1.1" 200 -
201.245.192.253 - - [24/Feb/2023:03:07:16 -0500] "POST /kwsrmcab/Wsrmcab  HTTP/1.1" 200 41116
172.22.2.4 - - [24/Feb/2023:03:06:02 -0500] "GET /BLA/boletinlegal/ HTTP/1.1" 200 53432
216.245.221.92 - - [24/Feb/2023:03:09:26 -0500] "HEAD / HTTP/1.1" 200 -
64.124.8.53 - - [24/Feb/2023:03:11:01 -0500] "GET /galeria/galeria/fotos/Jaboque1P.jpg HTTP/1.1" 200 29995
66.249.66.79 - - [24/Feb/2023:03:11:18 -0500] "-" 408 -
201.245.192.253 - - [24/Feb/2023:03:12:15 -0500] "POST /kwsrmcab/Wsrmcab  HTTP/1.1" 200 41116
172.22.2.4 - - [24/Feb/2023:03:11:01 -0500] "GET /BLA/boletinlegal/index.php HTTP/1.1" 200 50529
172.22.2.4 - - [24/Feb/2023:03:11:02 -0500] "HEAD /BLA/boletinlegal/ HTTP/1.1" 200 -
172.22.2.4 - - [24/Feb/2023:03:13:00 -0500] "GET /BLA/boletinlegal/js/jquery.scrollShow.js HTTP/1.1" 200 4586
172.22.2.4 - - [24/Feb/2023:03:13:00 -0500] "GET /BLA/boletinlegal/js/jquery.scrollTo-min.js HTTP/1.1" 200 1150
172.22.2.4 - - [24/Feb/2023:03:11:52 -0500] "GET /BLA/boletinlegal/ HTTP/1.1" 200 56251
172.22.2.4 - - [24/Feb/2023:03:14:15 -0500] "GET /BLA/boletinlegal/robots.txt HTTP/1.1" 404 1038
216.245.221.92 - - [24/Feb/2023:03:14:26 -0500] "HEAD / HTTP/1.1" 200 -
128.14.209.242 - - [24/Feb/2023:03:15:58 -0500] "GET /portaldeninos/ HTTP/1.1" 200 110197
201.245.192.253 - - [24/Feb/2023:03:17:13 -0500] "POST /kwsrmcab/Wsrmcab  HTTP/1.1" 200 41116
172.104.11.46 - - [24/Feb/2023:03:18:13 -0500] "GET / HTTP/1.1" 200 319
201.245.192.253 - - [24/Feb/2023:03:18:19 -0500] "POST /kwsrmcab/Wsrmcab HTTP/1.1" 200 40137
201.245.192.253 - - [24/Feb/2023:03:18:22 -0500] "POST /kwsrmcab/Wsrmcab HTTP/1.1" 200 41577
172.22.2.4 - - [24/Feb/2023:03:16:52 -0500] "HEAD /BLA/boletinlegal/ HTTP/1.1" 200 -
179.43.177.242 - - [24/Feb/2023:03:18:56 -0500] "GET / HTTP/1.1" 200 319
172.22.2.4 - - [24/Feb/2023:03:17:42 -0500] "GET /BLA/boletinlegal/ HTTP/1.1" 200 57453
216.245.221.92 - - [24/Feb/2023:03:19:26 -0500] "HEAD / HTTP/1.1" 200 -
172.22.2.4 - - [24/Feb/2023:03:20:08 -0500] "GET /BLA/boletinlegal/actos.php HTTP/1.1" 200 9606
172.22.2.4 - - [24/Feb/2023:03:20:26 -0500] "GET /BLA/boletinlegal/ HTTP/1.1" 200 61720
201.245.192.253 - - [24/Feb/2023:03:22:12 -0500] "POST /kwsrmcab/Wsrmcab  HTTP/1.1" 200 41116
172.22.2.4 - - [24/Feb/2023:03:22:20 -0500] "GET /BLA/boletinlegal/ HTTP/1.1" 200 24523
172.22.2.4 - - [24/Feb/2023:03:22:42 -0500] "HEAD /BLA/boletinlegal/ HTTP/1.1" 200 -
216.245.221.92 - - [24/Feb/2023:03:24:26 -0500] "HEAD / HTTP/1.1" 200 -
172.22.2.4 - - [24/Feb/2023:03:23:32 -0500] "GET /BLA/boletinlegal/ HTTP/1.1" 200 57058
201.245.192.253 - - [24/Feb/2023:03:27:10 -0500] "POST /kwsrmcab/Wsrmcab  HTTP/1.1" 200 41116
173.252.127.23 - - [24/Feb/2023:03:27:26 -0500] "GET /images/20%20de%20febrero%20panor\xc3\xa1mica%20de%20Bogot\xc3\xa1%20(1)%20(1).jpeg HTTP/1.1" 404 1034
201.245.192.253 - - [24/Feb/2023:03:28:19 -0500] "POST /kwsrmcab/Wsrmcab HTTP/1.1" 200 40137
201.245.192.253 - - [24/Feb/2023:03:28:21 -0500] "POST /kwsrmcab/Wsrmcab HTTP/1.1" 200 41577
172.22.2.4 - - [24/Feb/2023:03:28:53 -0500] "GET /BLA/boletinlegal/styles2.css HTTP/1.1" 200 1838
172.22.2.4 - - [24/Feb/2023:03:28:53 -0500] "GET /BLA/boletinlegal/style.css HTTP/1.1" 200 9406
172.22.2.4 - - [24/Feb/2023:03:28:53 -0500] "GET /BLA/boletinlegal/js/jquery.js HTTP/1.1" 200 57254
216.245.221.92 - - [24/Feb/2023:03:29:26 -0500] "HEAD / HTTP/1.1" 200 -
172.22.2.4 - - [24/Feb/2023:03:28:32 -0500] "HEAD /BLA/boletinlegal/ HTTP/1.1" 200 -
34.91.128.203 - - [24/Feb/2023:03:30:29 -0500] "GET /inventario-de-emisiones-2020-transporte-publico-sitp-redujo-emisiones-de-pm-2-5-en-un-37.html HTTP/1.1" 200 925
172.22.2.4 - - [24/Feb/2023:03:29:22 -0500] "GET /BLA/boletinlegal/ HTTP/1.1" 200 57058
201.245.192.253 - - [24/Feb/2023:03:32:09 -0500] "POST /kwsrmcab/Wsrmcab  HTTP/1.1" 200 41116
107.170.246.18 - - [24/Feb/2023:03:32:48 -0500] "MGLNDD_190.27.245.106_80" 501 953
216.245.221.92 - - [24/Feb/2023:03:34:26 -0500] "HEAD / HTTP/1.1" 200 -
172.22.2.4 - - [24/Feb/2023:03:34:22 -0500] "HEAD /BLA/boletinlegal/ HTTP/1.1" 200 -
172.22.2.4 - - [24/Feb/2023:03:35:12 -0500] "GET /BLA/boletinlegal/ HTTP/1.1" 200 55795
201.245.192.253 - - [24/Feb/2023:03:37:08 -0500] "POST /kwsrmcab/Wsrmcab  HTTP/1.1" 200 41116
172.22.2.4 - - [24/Feb/2023:03:37:29 -0500] "GET /BLA/boletinlegal/robots.txt HTTP/1.1" 404 1038
172.22.2.4 - - [24/Feb/2023:03:37:24 -0500] "GET /BLA/boletinlegal/ HTTP/1.1" 200 24523
201.245.192.253 - - [24/Feb/2023:03:38:19 -0500] "POST /kwsrmcab/Wsrmcab HTTP/1.1" 200 40137
201.245.192.253 - - [24/Feb/2023:03:38:22 -0500] "POST /kwsrmcab/Wsrmcab HTTP/1.1" 200 41577
172.22.2.4 - - [24/Feb/2023:03:37:33 -0500] "GET /BLA/boletinlegal/ HTTP/1.1" 200 56251
216.245.221.92 - - [24/Feb/2023:03:39:26 -0500] "HEAD / HTTP/1.1" 200 -
203.209.239.101 - - [24/Feb/2023:03:40:35 -0500] "GET /galeria/galeria/fotos/juan-amarillo2P.jpg HTTP/1.1" 200 32696
66.249.66.79 - - [24/Feb/2023:03:40:40 -0500] "-" 408 -
172.22.2.4 - - [24/Feb/2023:03:40:12 -0500] "HEAD /BLA/boletinlegal/ HTTP/1.1" 200 -
201.245.192.253 - - [24/Feb/2023:03:42:07 -0500] "POST /kwsrmcab/Wsrmcab  HTTP/1.1" 200 41116
172.22.2.4 - - [24/Feb/2023:03:41:02 -0500] "GET /BLA/boletinlegal/ HTTP/1.1" 200 59164
216.245.221.92 - - [24/Feb/2023:03:44:26 -0500] "HEAD / HTTP/1.1" 200 -
66.249.66.79 - - [24/Feb/2023:03:46:31 -0500] "-" 408 -
201.245.192.253 - - [24/Feb/2023:03:47:06 -0500] "POST /kwsrmcab/Wsrmcab  HTTP/1.1" 200 41116
172.22.2.4 - - [24/Feb/2023:03:46:02 -0500] "HEAD /BLA/boletinlegal/ HTTP/1.1" 200 -
172.22.2.4 - - [24/Feb/2023:03:46:52 -0500] "GET /BLA/boletinlegal/ HTTP/1.1" 200 59591
216.245.221.92 - - [24/Feb/2023:03:49:26 -0500] "HEAD / HTTP/1.1" 200 -
35.204.61.76 - - [24/Feb/2023:03:50:57 -0500] "GET /inventario-de-emisiones-2020-transporte-publico-sitp-redujo-emisiones-de-pm-2-5-en-un-37.html HTTP/1.1" 200 925
201.245.192.253 - - [24/Feb/2023:03:52:05 -0500] "POST /kwsrmcab/Wsrmcab  HTTP/1.1" 200 41116
172.22.2.4 - - [24/Feb/2023:03:51:52 -0500] "HEAD /BLA/boletinlegal/ HTTP/1.1" 200 -
172.22.2.4 - - [24/Feb/2023:03:52:42 -0500] "GET /BLA/boletinlegal/ HTTP/1.1" 200 57453
216.245.221.92 - - [24/Feb/2023:03:54:26 -0500] "HEAD / HTTP/1.1" 200 -
193.118.53.210 - - [24/Feb/2023:03:56:03 -0500] "GET /portaldeninos/ HTTP/1.1" 200 110197
64.124.8.52 - - [24/Feb/2023:03:56:10 -0500] "GET /galeria/galeria/fotos/Humedal-techo3P.jpg HTTP/1.1" 200 8516
201.245.192.253 - - [24/Feb/2023:03:57:05 -0500] "POST /kwsrmcab/Wsrmcab  HTTP/1.1" 200 41116
172.22.2.4 - - [24/Feb/2023:03:57:42 -0500] "HEAD /BLA/boletinlegal/ HTTP/1.1" 200 -
