172.22.2.4 - - [26/Feb/2023:06:23:19 -0500] "GET /BLA/boletinlegal/ HTTP/1.1" 200 36811
216.245.221.92 - - [26/Feb/2023:06:24:18 -0500] "HEAD / HTTP/1.1" 200 -
186.84.22.63 - - [26/Feb/2023:06:24:27 -0500] "POST /sipse/faces/presentacion/financiero/solicitudProceso/consultarSolicitudProceso.xhtml HTTP/1.1" 200 114184
186.84.22.63 - - [26/Feb/2023:06:25:15 -0500] "POST /sipse/faces/presentacion/financiero/solicitudProceso/consultarSolicitudProceso.xhtml HTTP/1.1" 200 5574
185.119.81.97 - - [26/Feb/2023:06:26:26 -0500] "GET /portaldeninos/wp-login.php HTTP/1.1" 200 2592
185.119.81.97 - - [26/Feb/2023:06:26:27 -0500] "POST /portaldeninos/wp-login.php HTTP/1.1" 200 3670
172.22.2.4 - - [26/Feb/2023:06:27:08 -0500] "GET /BLA/boletinlegal/robots.txt HTTP/1.1" 404 1038
201.245.192.253 - - [26/Feb/2023:06:27:10 -0500] "POST /kwsrmcab/Wsrmcab  HTTP/1.1" 200 41116
172.22.2.4 - - [26/Feb/2023:06:25:51 -0500] "GET /BLA/boletinlegal/ HTTP/1.1" 200 58171
186.84.22.63 - - [26/Feb/2023:06:27:45 -0500] "POST /sipse/faces/presentacion/financiero/solicitudProceso/consultarSolicitudProceso.xhtml HTTP/1.1" 200 9601
186.84.22.63 - - [26/Feb/2023:06:27:47 -0500] "POST /sipse/faces/presentacion/financiero/solicitudProceso/consultarSolicitudProceso.xhtml HTTP/1.1" 200 34188
186.84.22.63 - - [26/Feb/2023:06:27:48 -0500] "GET /sipse/faces/javax.faces.resource/theme.css?ln=primefaces-sipse HTTP/1.1" 304 -
186.84.22.63 - - [26/Feb/2023:06:27:49 -0500] "GET /sipse/faces/javax.faces.resource/jquery/jquery.js?ln=primefaces&v=4.0 HTTP/1.1" 304 -
186.84.22.63 - - [26/Feb/2023:06:27:49 -0500] "GET /sipse/faces/javax.faces.resource/primefaces.css?ln=primefaces&v=4.0 HTTP/1.1" 304 -
186.84.22.63 - - [26/Feb/2023:06:27:49 -0500] "GET /sipse/faces/javax.faces.resource/layout/layout.css?ln=primefaces&v=4.0 HTTP/1.1" 304 -
186.84.22.63 - - [26/Feb/2023:06:27:49 -0500] "GET /sipse/faces/javax.faces.resource/jquery/jquery-plugins.js?ln=primefaces&v=4.0 HTTP/1.1" 304 -
186.84.22.63 - - [26/Feb/2023:06:27:49 -0500] "GET /sipse/faces/javax.faces.resource/primefaces.js?ln=primefaces&v=4.0 HTTP/1.1" 304 -
186.84.22.63 - - [26/Feb/2023:06:27:50 -0500] "GET /sipse/faces/javax.faces.resource/layout/layout.js?ln=primefaces&v=4.0 HTTP/1.1" 304 -
186.84.22.63 - - [26/Feb/2023:06:27:51 -0500] "POST /sipse/faces/presentacion/sistema/reporte/listarReportes.xhtml HTTP/1.1" 200 27619
186.84.22.63 - - [26/Feb/2023:06:27:54 -0500] "POST /sipse/faces/presentacion/sistema/reporte/listarReportes.xhtml HTTP/1.1" 200 27619
186.84.22.63 - - [26/Feb/2023:06:27:54 -0500] "POST /sipse/faces/presentacion/sistema/reporte/listarReportes.xhtml HTTP/1.1" 200 27619
186.84.22.63 - - [26/Feb/2023:06:27:55 -0500] "POST /sipse/faces/presentacion/sistema/reporte/listarReportes.xhtml HTTP/1.1" 200 27619
186.84.22.63 - - [26/Feb/2023:06:27:55 -0500] "POST /sipse/faces/presentacion/sistema/reporte/listarReportes.xhtml HTTP/1.1" 200 27619
186.84.22.63 - - [26/Feb/2023:06:27:56 -0500] "POST /sipse/faces/presentacion/sistema/reporte/listarReportes.xhtml HTTP/1.1" 200 27619
186.84.22.63 - - [26/Feb/2023:06:27:56 -0500] "POST /sipse/faces/presentacion/sistema/reporte/listarReportes.xhtml HTTP/1.1" 200 27619
186.84.22.63 - - [26/Feb/2023:06:27:57 -0500] "POST /sipse/faces/presentacion/sistema/reporte/listarReportes.xhtml HTTP/1.1" 200 27619
186.84.22.63 - - [26/Feb/2023:06:27:57 -0500] "POST /sipse/faces/presentacion/sistema/reporte/listarReportes.xhtml HTTP/1.1" 200 27619
186.84.22.63 - - [26/Feb/2023:06:27:57 -0500] "POST /sipse/faces/presentacion/sistema/reporte/listarReportes.xhtml HTTP/1.1" 200 27619
186.84.22.63 - - [26/Feb/2023:06:28:00 -0500] "GET /sipse/faces/javax.faces.resource/theme.css?ln=primefaces-sipse HTTP/1.1" 304 -
186.84.22.63 - - [26/Feb/2023:06:28:00 -0500] "GET /sipse/faces/javax.faces.resource/layout/layout.css?ln=primefaces&v=4.0 HTTP/1.1" 304 -
186.84.22.63 - - [26/Feb/2023:06:28:00 -0500] "GET /sipse/faces/javax.faces.resource/jquery/jquery.js?ln=primefaces&v=4.0 HTTP/1.1" 304 -
186.84.22.63 - - [26/Feb/2023:06:28:00 -0500] "GET /sipse/faces/javax.faces.resource/primefaces.css?ln=primefaces&v=4.0 HTTP/1.1" 304 -
186.84.22.63 - - [26/Feb/2023:06:28:00 -0500] "GET /sipse/faces/javax.faces.resource/jquery/jquery-plugins.js?ln=primefaces&v=4.0 HTTP/1.1" 304 -
186.84.22.63 - - [26/Feb/2023:06:28:00 -0500] "GET /sipse/faces/javax.faces.resource/primefaces.js?ln=primefaces&v=4.0 HTTP/1.1" 304 -
186.84.22.63 - - [26/Feb/2023:06:28:00 -0500] "GET /sipse/faces/javax.faces.resource/layout/layout.js?ln=primefaces&v=4.0 HTTP/1.1" 304 -
186.84.22.63 - - [26/Feb/2023:06:27:59 -0500] "POST /sipse/faces/presentacion/sistema/reporte/listarReportes.xhtml HTTP/1.1" 200 22816
186.84.22.63 - - [26/Feb/2023:06:28:00 -0500] "GET /sipse/imagenes/cargando.gif HTTP/1.1" 304 -
186.84.22.63 - - [26/Feb/2023:06:28:03 -0500] "GET /sipse/faces/javax.faces.resource/images/ui-icons_898989_256x240.png?ln=primefaces-aristo HTTP/1.1" 304 -
186.84.22.63 - - [26/Feb/2023:06:28:03 -0500] "GET /sipse/css/imagen/contrasena.png HTTP/1.1" 404 383
186.84.22.63 - - [26/Feb/2023:06:28:03 -0500] "GET /sipse/css/imagen/logoSDG.png HTTP/1.1" 304 -
201.245.192.253 - - [26/Feb/2023:06:28:09 -0500] "POST /kwsrmcab/Wsrmcab HTTP/1.1" 200 40945
201.245.192.253 - - [26/Feb/2023:06:28:12 -0500] "POST /kwsrmcab/Wsrmcab HTTP/1.1" 200 41451
172.22.2.4 - - [26/Feb/2023:06:26:34 -0500] "HEAD /BLA/boletinlegal/ HTTP/1.1" 200 -
172.22.2.4 - - [26/Feb/2023:06:27:25 -0500] "GET /BLA/boletinlegal/ HTTP/1.1" 200 57058
216.245.221.92 - - [26/Feb/2023:06:29:18 -0500] "HEAD / HTTP/1.1" 200 -
69.63.184.3 - - [26/Feb/2023:06:29:56 -0500] "GET /images/24%20de%20febrero%20Sendero%20guadalupe%202.jpeg HTTP/1.1" 200 70964
66.249.66.79 - - [26/Feb/2023:06:30:47 -0500] "-" 408 -
186.84.22.63 - - [26/Feb/2023:06:31:51 -0500] "GET /sipse/faces/javax.faces.resource/images/ui-bg_flat_0_2d5972_40x100.png?ln=primefaces-aristo HTTP/1.1" 304 -
186.84.22.63 - - [26/Feb/2023:06:31:51 -0500] "POST /sipse/faces/presentacion/sistema/reporte/ventanaVerReporteParametros.xhtml HTTP/1.1" 200 67057
186.84.22.63 - - [26/Feb/2023:06:31:51 -0500] "GET /sipse/faces/javax.faces.resource/theme.css?ln=primefaces-sipse HTTP/1.1" 304 -
186.84.22.63 - - [26/Feb/2023:06:31:51 -0500] "GET /sipse/faces/javax.faces.resource/primefaces.css?ln=primefaces&v=4.0 HTTP/1.1" 304 -
186.84.22.63 - - [26/Feb/2023:06:31:51 -0500] "GET /sipse/faces/javax.faces.resource/layout/layout.css?ln=primefaces&v=4.0 HTTP/1.1" 304 -
186.84.22.63 - - [26/Feb/2023:06:31:51 -0500] "GET /sipse/faces/javax.faces.resource/jquery/jquery.js?ln=primefaces&v=4.0 HTTP/1.1" 304 -
186.84.22.63 - - [26/Feb/2023:06:31:51 -0500] "GET /sipse/faces/javax.faces.resource/jquery/jquery-plugins.js?ln=primefaces&v=4.0 HTTP/1.1" 304 -
186.84.22.63 - - [26/Feb/2023:06:31:51 -0500] "GET /sipse/faces/javax.faces.resource/primefaces.js?ln=primefaces&v=4.0 HTTP/1.1" 304 -
186.84.22.63 - - [26/Feb/2023:06:31:51 -0500] "GET /sipse/faces/javax.faces.resource/layout/layout.js?ln=primefaces&v=4.0 HTTP/1.1" 304 -
186.84.22.63 - - [26/Feb/2023:06:31:51 -0500] "POST /sipse/faces/presentacion/financiero/solicitudProceso/listarSolicitudProceso.xhtml HTTP/1.1" 200 1556
186.84.22.63 - - [26/Feb/2023:06:32:01 -0500] "POST /sipse/faces/presentacion/financiero/solicitudProceso/listarSolicitudProceso.xhtml HTTP/1.1" 200 150962
186.84.22.63 - - [26/Feb/2023:06:32:02 -0500] "GET /sipse/faces/javax.faces.resource/theme.css?ln=primefaces-sipse HTTP/1.1" 304 -
186.84.22.63 - - [26/Feb/2023:06:32:02 -0500] "GET /sipse/faces/javax.faces.resource/layout/layout.css?ln=primefaces&v=4.0 HTTP/1.1" 304 -
186.84.22.63 - - [26/Feb/2023:06:32:02 -0500] "GET /sipse/faces/javax.faces.resource/primefaces.css?ln=primefaces&v=4.0 HTTP/1.1" 304 -
186.84.22.63 - - [26/Feb/2023:06:32:02 -0500] "GET /sipse/faces/javax.faces.resource/jquery/jquery.js?ln=primefaces&v=4.0 HTTP/1.1" 304 -
186.84.22.63 - - [26/Feb/2023:06:32:02 -0500] "GET /sipse/faces/javax.faces.resource/jquery/jquery-plugins.js?ln=primefaces&v=4.0 HTTP/1.1" 304 -
186.84.22.63 - - [26/Feb/2023:06:32:02 -0500] "GET /sipse/faces/javax.faces.resource/primefaces.js?ln=primefaces&v=4.0 HTTP/1.1" 304 -
186.84.22.63 - - [26/Feb/2023:06:32:02 -0500] "GET /sipse/faces/javax.faces.resource/layout/layout.js?ln=primefaces&v=4.0 HTTP/1.1" 304 -
186.84.89.41 - - [26/Feb/2023:06:32:08 -0500] "GET /sipse/faces/index.xhtml HTTP/1.1" 200 677
186.84.89.41 - - [26/Feb/2023:06:32:08 -0500] "GET /sipse/faces/javax.faces.resource/theme.css?ln=primefaces-sipse HTTP/1.1" 304 -
186.84.89.41 - - [26/Feb/2023:06:32:08 -0500] "GET /sipse/faces/faces/autenticacion.xhtml HTTP/1.1" 200 12173
186.84.89.41 - - [26/Feb/2023:06:32:08 -0500] "GET /sipse/js/disable_browser_buttons.js HTTP/1.1" 200 3230
186.84.89.41 - - [26/Feb/2023:06:32:08 -0500] "GET /sipse/css/custom_css_sg.css HTTP/1.1" 200 9694
186.84.89.41 - - [26/Feb/2023:06:32:08 -0500] "GET /sipse/faces/javax.faces.resource/theme.css?ln=primefaces-sipse HTTP/1.1" 304 -
186.84.89.41 - - [26/Feb/2023:06:32:08 -0500] "GET /sipse/faces/javax.faces.resource/primefaces.css?ln=primefaces&v=4.0 HTTP/1.1" 304 -
186.84.89.41 - - [26/Feb/2023:06:32:08 -0500] "GET /sipse/css/custom_css_sg_prime_login.css HTTP/1.1" 200 443
186.84.89.41 - - [26/Feb/2023:06:32:08 -0500] "GET /sipse/js/funciones.js HTTP/1.1" 200 12592
186.84.89.41 - - [26/Feb/2023:06:32:08 -0500] "GET /sipse/faces/javax.faces.resource/layout/layout.css?ln=primefaces&v=4.0 HTTP/1.1" 304 -
186.84.89.41 - - [26/Feb/2023:06:32:08 -0500] "GET /sipse/faces/javax.faces.resource/jquery/jquery.js?ln=primefaces&v=4.0 HTTP/1.1" 304 -
186.84.89.41 - - [26/Feb/2023:06:32:08 -0500] "GET /sipse/faces/javax.faces.resource/jquery/jquery-plugins.js?ln=primefaces&v=4.0 HTTP/1.1" 304 -
186.84.89.41 - - [26/Feb/2023:06:32:08 -0500] "GET /sipse/faces/javax.faces.resource/primefaces.js?ln=primefaces&v=4.0 HTTP/1.1" 304 -
186.84.89.41 - - [26/Feb/2023:06:32:08 -0500] "GET /sipse/faces/javax.faces.resource/layout/layout.js?ln=primefaces&v=4.0 HTTP/1.1" 304 -
186.84.89.41 - - [26/Feb/2023:06:32:08 -0500] "GET /sipse/faces/javax.faces.resource/images/ui-icons_898989_256x240.png?ln=primefaces-aristo HTTP/1.1" 304 -
186.84.89.41 - - [26/Feb/2023:06:32:08 -0500] "GET /sipse/css/imagen/logoSDG.png HTTP/1.1" 200 53064
186.84.89.41 - - [26/Feb/2023:06:32:08 -0500] "GET /sipse/css/imagen/loginimg.png HTTP/1.1" 200 71635
201.245.192.253 - - [26/Feb/2023:06:32:09 -0500] "POST /kwsrmcab/Wsrmcab  HTTP/1.1" 200 41116
186.84.89.41 - - [26/Feb/2023:06:32:25 -0500] "POST /sipse/faces/autenticacion.xhtml HTTP/1.1" 200 16678
186.84.89.41 - - [26/Feb/2023:06:32:26 -0500] "GET /sipse/css/custom_css_sg_prime.css HTTP/1.1" 200 5201
186.84.89.41 - - [26/Feb/2023:06:32:26 -0500] "GET /sipse/faces/javax.faces.resource/primefaces.css?ln=primefaces&v=4.0 HTTP/1.1" 304 -
186.84.89.41 - - [26/Feb/2023:06:32:26 -0500] "GET /sipse/faces/javax.faces.resource/theme.css?ln=primefaces-sipse HTTP/1.1" 304 -
186.84.89.41 - - [26/Feb/2023:06:32:26 -0500] "GET /sipse/faces/javax.faces.resource/layout/layout.css?ln=primefaces&v=4.0 HTTP/1.1" 304 -
186.84.89.41 - - [26/Feb/2023:06:32:26 -0500] "GET /sipse/js/jquery.min.js HTTP/1.1" 200 85582
186.84.89.41 - - [26/Feb/2023:06:32:26 -0500] "GET /sipse/faces/javax.faces.resource/jquery/jquery.js?ln=primefaces&v=4.0 HTTP/1.1" 304 -
186.84.89.41 - - [26/Feb/2023:06:32:26 -0500] "GET /sipse/faces/javax.faces.resource/jquery/jquery-plugins.js?ln=primefaces&v=4.0 HTTP/1.1" 304 -
186.84.89.41 - - [26/Feb/2023:06:32:26 -0500] "GET /sipse/faces/javax.faces.resource/primefaces.js?ln=primefaces&v=4.0 HTTP/1.1" 304 -
186.84.89.41 - - [26/Feb/2023:06:32:26 -0500] "GET /sipse/faces/javax.faces.resource/layout/layout.js?ln=primefaces&v=4.0 HTTP/1.1" 304 -
186.84.89.41 - - [26/Feb/2023:06:32:26 -0500] "GET /sipse/css/imagen/contrasena.png HTTP/1.1" 404 383
186.84.89.41 - - [26/Feb/2023:06:32:26 -0500] "GET /sipse/imagenes/cargando.gif HTTP/1.1" 200 36959
186.84.89.41 - - [26/Feb/2023:06:32:26 -0500] "GET /sipse/faces/javax.faces.resource/messages/messages.png?ln=primefaces&v=4.0 HTTP/1.1" 304 -
186.84.89.41 - - [26/Feb/2023:06:32:26 -0500] "GET /sipse/imagenes/logoAplicacion.jpg HTTP/1.1" 200 155084
186.84.89.41 - - [26/Feb/2023:06:32:29 -0500] "GET /sipse/faces/javax.faces.resource/images/ui-bg_flat_0_2d5972_40x100.png?ln=primefaces-aristo HTTP/1.1" 304 -
186.84.89.41 - - [26/Feb/2023:06:32:29 -0500] "POST /sipse/faces/bienvenido.xhtml HTTP/1.1" 200 2073
186.84.89.41 - - [26/Feb/2023:06:32:31 -0500] "POST /sipse/faces/bienvenido.xhtml HTTP/1.1" 200 38962
186.84.89.41 - - [26/Feb/2023:06:32:31 -0500] "GET /sipse/faces/javax.faces.resource/theme.css?ln=primefaces-sipse HTTP/1.1" 304 -
186.84.89.41 - - [26/Feb/2023:06:32:31 -0500] "GET /sipse/faces/javax.faces.resource/primefaces.css?ln=primefaces&v=4.0 HTTP/1.1" 304 -
186.84.89.41 - - [26/Feb/2023:06:32:31 -0500] "GET /sipse/faces/javax.faces.resource/layout/layout.css?ln=primefaces&v=4.0 HTTP/1.1" 304 -
186.84.89.41 - - [26/Feb/2023:06:32:31 -0500] "GET /sipse/faces/javax.faces.resource/jquery/jquery.js?ln=primefaces&v=4.0 HTTP/1.1" 304 -
186.84.89.41 - - [26/Feb/2023:06:32:31 -0500] "GET /sipse/faces/javax.faces.resource/jquery/jquery-plugins.js?ln=primefaces&v=4.0 HTTP/1.1" 304 -
186.84.89.41 - - [26/Feb/2023:06:32:31 -0500] "GET /sipse/faces/javax.faces.resource/primefaces.js?ln=primefaces&v=4.0 HTTP/1.1" 304 -
186.84.89.41 - - [26/Feb/2023:06:32:31 -0500] "GET /sipse/faces/javax.faces.resource/layout/layout.js?ln=primefaces&v=4.0 HTTP/1.1" 304 -
186.84.89.41 - - [26/Feb/2023:06:32:35 -0500] "POST /sipse/faces/presentacion/financiero/solicitudProceso/consultar.xhtml HTTP/1.1" 200 4375
186.84.89.41 - - [26/Feb/2023:06:32:37 -0500] "POST /sipse/faces/presentacion/financiero/solicitudProceso/consultar.xhtml HTTP/1.1" 200 44256
186.84.89.41 - - [26/Feb/2023:06:32:37 -0500] "GET /sipse/faces/javax.faces.resource/layout/layout.css?ln=primefaces&v=4.0 HTTP/1.1" 304 -
186.84.89.41 - - [26/Feb/2023:06:32:37 -0500] "GET /sipse/faces/javax.faces.resource/primefaces.css?ln=primefaces&v=4.0 HTTP/1.1" 304 -
186.84.89.41 - - [26/Feb/2023:06:32:37 -0500] "GET /sipse/faces/javax.faces.resource/theme.css?ln=primefaces-sipse HTTP/1.1" 304 -
186.84.89.41 - - [26/Feb/2023:06:32:37 -0500] "GET /sipse/faces/javax.faces.resource/jquery/jquery.js?ln=primefaces&v=4.0 HTTP/1.1" 304 -
186.84.89.41 - - [26/Feb/2023:06:32:37 -0500] "GET /sipse/faces/javax.faces.resource/jquery/jquery-plugins.js?ln=primefaces&v=4.0 HTTP/1.1" 304 -
186.84.89.41 - - [26/Feb/2023:06:32:37 -0500] "GET /sipse/faces/javax.faces.resource/primefaces.js?ln=primefaces&v=4.0 HTTP/1.1" 304 -
186.84.89.41 - - [26/Feb/2023:06:32:37 -0500] "GET /sipse/faces/javax.faces.resource/layout/layout.js?ln=primefaces&v=4.0 HTTP/1.1" 304 -
186.84.89.41 - - [26/Feb/2023:06:32:37 -0500] "POST /sipse/faces/presentacion/financiero/solicitudProceso/listarSolicitudProceso.xhtml HTTP/1.1" 200 37647
186.84.89.41 - - [26/Feb/2023:06:32:37 -0500] "POST /sipse/faces/presentacion/financiero/solicitudProceso/listarSolicitudProceso.xhtml HTTP/1.1" 200 1436
186.84.89.41 - - [26/Feb/2023:06:32:37 -0500] "POST /sipse/faces/presentacion/financiero/solicitudProceso/listarSolicitudProceso.xhtml HTTP/1.1" 200 1436
186.84.89.41 - - [26/Feb/2023:06:32:56 -0500] "POST /sipse/faces/presentacion/financiero/solicitudProceso/listarSolicitudProceso.xhtml HTTP/1.1" 200 144491
186.84.89.41 - - [26/Feb/2023:06:32:57 -0500] "GET /sipse/faces/javax.faces.resource/theme.css?ln=primefaces-sipse HTTP/1.1" 304 -
186.84.89.41 - - [26/Feb/2023:06:32:57 -0500] "GET /sipse/faces/javax.faces.resource/primefaces.css?ln=primefaces&v=4.0 HTTP/1.1" 304 -
186.84.89.41 - - [26/Feb/2023:06:32:57 -0500] "GET /sipse/faces/javax.faces.resource/layout/layout.css?ln=primefaces&v=4.0 HTTP/1.1" 304 -
186.84.89.41 - - [26/Feb/2023:06:32:57 -0500] "GET /sipse/faces/javax.faces.resource/jquery/jquery.js?ln=primefaces&v=4.0 HTTP/1.1" 304 -
186.84.89.41 - - [26/Feb/2023:06:32:57 -0500] "GET /sipse/faces/javax.faces.resource/jquery/jquery-plugins.js?ln=primefaces&v=4.0 HTTP/1.1" 304 -
186.84.89.41 - - [26/Feb/2023:06:32:57 -0500] "GET /sipse/faces/javax.faces.resource/primefaces.js?ln=primefaces&v=4.0 HTTP/1.1" 304 -
186.84.89.41 - - [26/Feb/2023:06:32:57 -0500] "GET /sipse/faces/javax.faces.resource/layout/layout.js?ln=primefaces&v=4.0 HTTP/1.1" 304 -
34.91.247.101 - - [26/Feb/2023:06:33:32 -0500] "GET /inventario-de-emisiones-2020-transporte-publico-sitp-redujo-emisiones-de-pm-2-5-en-un-37.html HTTP/1.1" 200 925
172.22.2.1 - - [26/Feb/2023:06:33:10 -0500] "GET /reportes_sipse/sdg/ServletFirma?solicitud=21345 HTTP/1.1" 200 -
186.84.89.41 - - [26/Feb/2023:06:33:10 -0500] "POST /sipse/faces/presentacion/financiero/solicitudProceso/consultarSolicitudProceso.xhtml HTTP/1.1" 200 41758
186.84.89.41 - - [26/Feb/2023:06:33:45 -0500] "GET /sipse/faces/javax.faces.resource/theme.css?ln=primefaces-sipse HTTP/1.1" 304 -
186.84.89.41 - - [26/Feb/2023:06:33:45 -0500] "GET /sipse/faces/javax.faces.resource/primefaces.css?ln=primefaces&v=4.0 HTTP/1.1" 304 -
186.84.89.41 - - [26/Feb/2023:06:33:45 -0500] "GET /sipse/faces/javax.faces.resource/layout/layout.css?ln=primefaces&v=4.0 HTTP/1.1" 304 -
186.84.89.41 - - [26/Feb/2023:06:33:45 -0500] "GET /sipse/faces/javax.faces.resource/jquery/jquery.js?ln=primefaces&v=4.0 HTTP/1.1" 304 -
186.84.89.41 - - [26/Feb/2023:06:33:45 -0500] "GET /sipse/faces/javax.faces.resource/jquery/jquery-plugins.js?ln=primefaces&v=4.0 HTTP/1.1" 304 -
186.84.89.41 - - [26/Feb/2023:06:33:45 -0500] "GET /sipse/faces/javax.faces.resource/primefaces.js?ln=primefaces&v=4.0 HTTP/1.1" 304 -
186.84.89.41 - - [26/Feb/2023:06:33:45 -0500] "GET /sipse/faces/javax.faces.resource/layout/layout.js?ln=primefaces&v=4.0 HTTP/1.1" 304 -
186.84.89.41 - - [26/Feb/2023:06:33:45 -0500] "POST /sipse/faces/presentacion/financiero/solicitudProceso/listarSolicitudProceso.xhtml HTTP/1.1" 200 1416
186.84.89.41 - - [26/Feb/2023:06:33:54 -0500] "POST /sipse/faces/presentacion/financiero/solicitudProceso/listarSolicitudProceso.xhtml HTTP/1.1" 200 148333
186.84.89.41 - - [26/Feb/2023:06:33:55 -0500] "GET /sipse/faces/javax.faces.resource/theme.css?ln=primefaces-sipse HTTP/1.1" 304 -
186.84.89.41 - - [26/Feb/2023:06:33:55 -0500] "GET /sipse/faces/javax.faces.resource/primefaces.css?ln=primefaces&v=4.0 HTTP/1.1" 304 -
186.84.89.41 - - [26/Feb/2023:06:33:55 -0500] "GET /sipse/faces/javax.faces.resource/layout/layout.css?ln=primefaces&v=4.0 HTTP/1.1" 304 -
186.84.89.41 - - [26/Feb/2023:06:33:55 -0500] "GET /sipse/faces/javax.faces.resource/jquery/jquery.js?ln=primefaces&v=4.0 HTTP/1.1" 304 -
186.84.89.41 - - [26/Feb/2023:06:33:55 -0500] "GET /sipse/faces/javax.faces.resource/jquery/jquery-plugins.js?ln=primefaces&v=4.0 HTTP/1.1" 304 -
186.84.89.41 - - [26/Feb/2023:06:33:55 -0500] "GET /sipse/faces/javax.faces.resource/primefaces.js?ln=primefaces&v=4.0 HTTP/1.1" 304 -
186.84.89.41 - - [26/Feb/2023:06:33:55 -0500] "GET /sipse/faces/javax.faces.resource/layout/layout.js?ln=primefaces&v=4.0 HTTP/1.1" 304 -
172.22.2.4 - - [26/Feb/2023:06:32:24 -0500] "HEAD /BLA/boletinlegal/ HTTP/1.1" 200 -
216.245.221.92 - - [26/Feb/2023:06:34:18 -0500] "HEAD / HTTP/1.1" 200 -
172.22.2.1 - - [26/Feb/2023:06:34:09 -0500] "GET /reportes_sipse/sdg/ServletFirma?solicitud=21260 HTTP/1.1" 200 -
186.84.89.41 - - [26/Feb/2023:06:34:09 -0500] "POST /sipse/faces/presentacion/financiero/solicitudProceso/consultarSolicitudProceso.xhtml HTTP/1.1" 200 38585
186.84.89.41 - - [26/Feb/2023:06:34:24 -0500] "GET /sipse/faces/javax.faces.resource/theme.css?ln=primefaces-sipse HTTP/1.1" 304 -
186.84.89.41 - - [26/Feb/2023:06:34:24 -0500] "GET /sipse/faces/javax.faces.resource/primefaces.css?ln=primefaces&v=4.0 HTTP/1.1" 304 -
186.84.89.41 - - [26/Feb/2023:06:34:24 -0500] "GET /sipse/faces/javax.faces.resource/layout/layout.css?ln=primefaces&v=4.0 HTTP/1.1" 304 -
186.84.89.41 - - [26/Feb/2023:06:34:24 -0500] "GET /sipse/faces/javax.faces.resource/jquery/jquery.js?ln=primefaces&v=4.0 HTTP/1.1" 304 -
186.84.89.41 - - [26/Feb/2023:06:34:24 -0500] "GET /sipse/faces/javax.faces.resource/jquery/jquery-plugins.js?ln=primefaces&v=4.0 HTTP/1.1" 304 -
186.84.89.41 - - [26/Feb/2023:06:34:24 -0500] "GET /sipse/faces/javax.faces.resource/primefaces.js?ln=primefaces&v=4.0 HTTP/1.1" 304 -
186.84.89.41 - - [26/Feb/2023:06:34:24 -0500] "GET /sipse/faces/javax.faces.resource/layout/layout.js?ln=primefaces&v=4.0 HTTP/1.1" 304 -
186.84.89.41 - - [26/Feb/2023:06:34:24 -0500] "POST /sipse/faces/presentacion/financiero/solicitudProceso/listarSolicitudProceso.xhtml HTTP/1.1" 200 1396
186.84.89.41 - - [26/Feb/2023:06:34:32 -0500] "POST /sipse/faces/presentacion/financiero/solicitudProceso/listarSolicitudProceso.xhtml HTTP/1.1" 200 144597
186.84.89.41 - - [26/Feb/2023:06:34:32 -0500] "GET /sipse/faces/javax.faces.resource/theme.css?ln=primefaces-sipse HTTP/1.1" 304 -
186.84.89.41 - - [26/Feb/2023:06:34:32 -0500] "GET /sipse/faces/javax.faces.resource/primefaces.css?ln=primefaces&v=4.0 HTTP/1.1" 304 -
186.84.89.41 - - [26/Feb/2023:06:34:32 -0500] "GET /sipse/faces/javax.faces.resource/layout/layout.css?ln=primefaces&v=4.0 HTTP/1.1" 304 -
186.84.89.41 - - [26/Feb/2023:06:34:32 -0500] "GET /sipse/faces/javax.faces.resource/jquery/jquery.js?ln=primefaces&v=4.0 HTTP/1.1" 304 -
186.84.89.41 - - [26/Feb/2023:06:34:32 -0500] "GET /sipse/faces/javax.faces.resource/jquery/jquery-plugins.js?ln=primefaces&v=4.0 HTTP/1.1" 304 -
186.84.89.41 - - [26/Feb/2023:06:34:32 -0500] "GET /sipse/faces/javax.faces.resource/primefaces.js?ln=primefaces&v=4.0 HTTP/1.1" 304 -
186.84.89.41 - - [26/Feb/2023:06:34:32 -0500] "GET /sipse/faces/javax.faces.resource/layout/layout.js?ln=primefaces&v=4.0 HTTP/1.1" 304 -
207.46.13.211 - - [26/Feb/2023:06:34:43 -0500] "GET /BLA/resoluciones/AUTOS%202020/4581.pdf HTTP/1.1" 200 378084
172.22.2.4 - - [26/Feb/2023:06:33:15 -0500] "GET /BLA/boletinlegal/ HTTP/1.1" 200 57058
69.171.231.5 - - [26/Feb/2023:06:35:05 -0500] "GET /images/20%20de%20febrero%20panor\xc3\xa1mica%20de%20Bogot\xc3\xa1%20(1)%20(1).jpeg HTTP/1.1" 404 1034
172.22.2.1 - - [26/Feb/2023:06:35:01 -0500] "GET /reportes_sipse/sdg/ServletFirma?solicitud=21062 HTTP/1.1" 200 -
186.84.89.41 - - [26/Feb/2023:06:35:01 -0500] "POST /sipse/faces/presentacion/financiero/solicitudProceso/consultarSolicitudProceso.xhtml HTTP/1.1" 200 35280
186.84.89.41 - - [26/Feb/2023:06:35:16 -0500] "GET /sipse/faces/javax.faces.resource/theme.css?ln=primefaces-sipse HTTP/1.1" 304 -
186.84.89.41 - - [26/Feb/2023:06:35:16 -0500] "GET /sipse/faces/javax.faces.resource/layout/layout.css?ln=primefaces&v=4.0 HTTP/1.1" 304 -
186.84.89.41 - - [26/Feb/2023:06:35:16 -0500] "GET /sipse/faces/javax.faces.resource/primefaces.css?ln=primefaces&v=4.0 HTTP/1.1" 304 -
186.84.89.41 - - [26/Feb/2023:06:35:16 -0500] "GET /sipse/faces/javax.faces.resource/jquery/jquery.js?ln=primefaces&v=4.0 HTTP/1.1" 304 -
186.84.89.41 - - [26/Feb/2023:06:35:16 -0500] "GET /sipse/faces/javax.faces.resource/jquery/jquery-plugins.js?ln=primefaces&v=4.0 HTTP/1.1" 304 -
186.84.89.41 - - [26/Feb/2023:06:35:16 -0500] "GET /sipse/faces/javax.faces.resource/primefaces.js?ln=primefaces&v=4.0 HTTP/1.1" 304 -
186.84.89.41 - - [26/Feb/2023:06:35:16 -0500] "GET /sipse/faces/javax.faces.resource/layout/layout.js?ln=primefaces&v=4.0 HTTP/1.1" 304 -
186.84.89.41 - - [26/Feb/2023:06:35:16 -0500] "POST /sipse/faces/presentacion/financiero/solicitudProceso/listarSolicitudProceso.xhtml HTTP/1.1" 200 1376
186.84.89.41 - - [26/Feb/2023:06:35:21 -0500] "POST /sipse/faces/presentacion/financiero/solicitudProceso/listarSolicitudProceso.xhtml HTTP/1.1" 200 41317
186.84.89.41 - - [26/Feb/2023:06:35:21 -0500] "GET /sipse/faces/javax.faces.resource/theme.css?ln=primefaces-sipse HTTP/1.1" 304 -
186.84.89.41 - - [26/Feb/2023:06:35:22 -0500] "GET /sipse/faces/javax.faces.resource/primefaces.css?ln=primefaces&v=4.0 HTTP/1.1" 304 -
186.84.89.41 - - [26/Feb/2023:06:35:22 -0500] "GET /sipse/faces/javax.faces.resource/layout/layout.css?ln=primefaces&v=4.0 HTTP/1.1" 304 -
186.84.89.41 - - [26/Feb/2023:06:35:22 -0500] "GET /sipse/faces/javax.faces.resource/jquery/jquery.js?ln=primefaces&v=4.0 HTTP/1.1" 304 -
186.84.89.41 - - [26/Feb/2023:06:35:22 -0500] "GET /sipse/faces/javax.faces.resource/jquery/jquery-plugins.js?ln=primefaces&v=4.0 HTTP/1.1" 304 -
186.84.89.41 - - [26/Feb/2023:06:35:22 -0500] "GET /sipse/faces/javax.faces.resource/primefaces.js?ln=primefaces&v=4.0 HTTP/1.1" 304 -
186.84.89.41 - - [26/Feb/2023:06:35:22 -0500] "GET /sipse/faces/javax.faces.resource/layout/layout.js?ln=primefaces&v=4.0 HTTP/1.1" 304 -
186.84.89.41 - - [26/Feb/2023:06:35:22 -0500] "POST /sipse/faces/presentacion/financiero/solicitudProceso/consultar.xhtml HTTP/1.1" 200 34734
186.84.89.41 - - [26/Feb/2023:06:35:22 -0500] "POST /sipse/faces/presentacion/financiero/solicitudProceso/consultar.xhtml HTTP/1.1" 200 34734
186.84.89.41 - - [26/Feb/2023:06:35:22 -0500] "POST /sipse/faces/presentacion/financiero/solicitudProceso/consultar.xhtml HTTP/1.1" 200 34734
186.84.89.41 - - [26/Feb/2023:06:35:22 -0500] "POST /sipse/faces/presentacion/financiero/solicitudProceso/consultar.xhtml HTTP/1.1" 200 34734
186.84.89.41 - - [26/Feb/2023:06:35:23 -0500] "POST /sipse/faces/presentacion/financiero/solicitudProceso/consultar.xhtml HTTP/1.1" 200 34734
186.84.89.41 - - [26/Feb/2023:06:35:23 -0500] "POST /sipse/faces/presentacion/financiero/solicitudProceso/consultar.xhtml HTTP/1.1" 200 34734
186.84.89.41 - - [26/Feb/2023:06:35:23 -0500] "POST /sipse/faces/presentacion/financiero/solicitudProceso/consultar.xhtml HTTP/1.1" 200 34734
186.84.89.41 - - [26/Feb/2023:06:35:23 -0500] "POST /sipse/faces/presentacion/financiero/solicitudProceso/consultar.xhtml HTTP/1.1" 200 34734
186.84.89.41 - - [26/Feb/2023:06:35:28 -0500] "POST /sipse/faces/presentacion/financiero/solicitudProceso/consultar.xhtml HTTP/1.1" 200 12873
186.84.89.41 - - [26/Feb/2023:06:35:50 -0500] "POST /sipse/faces/presentacion/financiero/solicitudProceso/consultar.xhtml HTTP/1.1" 200 13013
167.0.135.99 - - [26/Feb/2023:06:36:58 -0500] "GET /calidad-del-aire-en-bogota-afectada-de-nuevo-por-incendios-forestales-se-decreta-alerta-fase-1.html HTTP/1.1" 200 1057
201.245.192.253 - - [26/Feb/2023:06:37:09 -0500] "POST /kwsrmcab/Wsrmcab  HTTP/1.1" 200 41116
66.249.66.79 - - [26/Feb/2023:06:37:27 -0500] "-" 408 -
186.84.89.41 - - [26/Feb/2023:06:37:42 -0500] "POST /sipse/faces/presentacion/financiero/solicitudProceso/consultar.xhtml HTTP/1.1" 200 13499
201.245.192.253 - - [26/Feb/2023:06:38:09 -0500] "POST /kwsrmcab/Wsrmcab HTTP/1.1" 200 40945
201.245.192.253 - - [26/Feb/2023:06:38:11 -0500] "POST /kwsrmcab/Wsrmcab HTTP/1.1" 200 41451
186.84.89.41 - - [26/Feb/2023:06:38:23 -0500] "POST /sipse/faces/presentacion/financiero/solicitudProceso/consultar.xhtml HTTP/1.1" 200 13495
186.84.89.41 - - [26/Feb/2023:06:38:25 -0500] "POST /sipse/faces/presentacion/financiero/solicitudProceso/consultar.xhtml HTTP/1.1" 200 13495
186.84.89.41 - - [26/Feb/2023:06:38:27 -0500] "POST /sipse/faces/presentacion/financiero/solicitudProceso/consultar.xhtml HTTP/1.1" 200 26826
186.84.89.41 - - [26/Feb/2023:06:38:40 -0500] "POST /sipse/faces/presentacion/financiero/solicitudProceso/consultar.xhtml HTTP/1.1" 200 12881
186.84.89.41 - - [26/Feb/2023:06:38:47 -0500] "POST /sipse/faces/presentacion/financiero/solicitudProceso/consultar.xhtml HTTP/1.1" 200 143367
186.84.89.41 - - [26/Feb/2023:06:38:47 -0500] "GET /sipse/faces/javax.faces.resource/theme.css?ln=primefaces-sipse HTTP/1.1" 304 -
186.84.89.41 - - [26/Feb/2023:06:38:47 -0500] "GET /sipse/faces/javax.faces.resource/layout/layout.css?ln=primefaces&v=4.0 HTTP/1.1" 304 -
186.84.89.41 - - [26/Feb/2023:06:38:47 -0500] "GET /sipse/faces/javax.faces.resource/primefaces.css?ln=primefaces&v=4.0 HTTP/1.1" 304 -
186.84.89.41 - - [26/Feb/2023:06:38:47 -0500] "GET /sipse/faces/javax.faces.resource/jquery/jquery.js?ln=primefaces&v=4.0 HTTP/1.1" 304 -
186.84.89.41 - - [26/Feb/2023:06:38:47 -0500] "GET /sipse/faces/javax.faces.resource/jquery/jquery-plugins.js?ln=primefaces&v=4.0 HTTP/1.1" 304 -
186.84.89.41 - - [26/Feb/2023:06:38:48 -0500] "GET /sipse/faces/javax.faces.resource/primefaces.js?ln=primefaces&v=4.0 HTTP/1.1" 304 -
186.84.89.41 - - [26/Feb/2023:06:38:48 -0500] "GET /sipse/faces/javax.faces.resource/layout/layout.js?ln=primefaces&v=4.0 HTTP/1.1" 304 -
186.84.89.41 - - [26/Feb/2023:06:38:56 -0500] "POST /sipse/faces/presentacion/financiero/solicitudProceso/consultarSolicitudProceso.xhtml HTTP/1.1" 200 59482
186.84.89.41 - - [26/Feb/2023:06:38:57 -0500] "GET /sipse/faces/javax.faces.resource/theme.css?ln=primefaces-sipse HTTP/1.1" 304 -
186.84.89.41 - - [26/Feb/2023:06:38:57 -0500] "GET /sipse/faces/javax.faces.resource/layout/layout.css?ln=primefaces&v=4.0 HTTP/1.1" 304 -
186.84.89.41 - - [26/Feb/2023:06:38:57 -0500] "GET /sipse/faces/javax.faces.resource/primefaces.css?ln=primefaces&v=4.0 HTTP/1.1" 304 -
186.84.89.41 - - [26/Feb/2023:06:38:57 -0500] "GET /sipse/faces/javax.faces.resource/jquery/jquery.js?ln=primefaces&v=4.0 HTTP/1.1" 304 -
186.84.89.41 - - [26/Feb/2023:06:38:57 -0500] "GET /sipse/faces/javax.faces.resource/primefaces.js?ln=primefaces&v=4.0 HTTP/1.1" 304 -
186.84.89.41 - - [26/Feb/2023:06:38:57 -0500] "GET /sipse/faces/javax.faces.resource/jquery/jquery-plugins.js?ln=primefaces&v=4.0 HTTP/1.1" 304 -
186.84.89.41 - - [26/Feb/2023:06:38:57 -0500] "GET /sipse/faces/javax.faces.resource/layout/layout.js?ln=primefaces&v=4.0 HTTP/1.1" 304 -
216.245.221.92 - - [26/Feb/2023:06:39:18 -0500] "HEAD / HTTP/1.1" 200 -
172.22.2.4 - - [26/Feb/2023:06:38:14 -0500] "HEAD /BLA/boletinlegal/ HTTP/1.1" 200 -
186.84.89.41 - - [26/Feb/2023:06:40:11 -0500] "POST /sipse/faces/presentacion/financiero/solicitudProceso/consultarHistorialSolProceso.xhtml HTTP/1.1" 200 44415
186.84.89.41 - - [26/Feb/2023:06:40:11 -0500] "GET /sipse/faces/javax.faces.resource/theme.css?ln=primefaces-sipse HTTP/1.1" 304 -
186.84.89.41 - - [26/Feb/2023:06:40:11 -0500] "GET /sipse/faces/javax.faces.resource/jquery/jquery.js?ln=primefaces&v=4.0 HTTP/1.1" 304 -
186.84.89.41 - - [26/Feb/2023:06:40:11 -0500] "GET /sipse/faces/javax.faces.resource/primefaces.css?ln=primefaces&v=4.0 HTTP/1.1" 304 -
186.84.89.41 - - [26/Feb/2023:06:40:11 -0500] "GET /sipse/faces/javax.faces.resource/layout/layout.css?ln=primefaces&v=4.0 HTTP/1.1" 304 -
186.84.89.41 - - [26/Feb/2023:06:40:11 -0500] "GET /sipse/faces/javax.faces.resource/jquery/jquery-plugins.js?ln=primefaces&v=4.0 HTTP/1.1" 304 -
186.84.89.41 - - [26/Feb/2023:06:40:11 -0500] "GET /sipse/faces/javax.faces.resource/primefaces.js?ln=primefaces&v=4.0 HTTP/1.1" 304 -
186.84.89.41 - - [26/Feb/2023:06:40:12 -0500] "GET /sipse/faces/javax.faces.resource/layout/layout.js?ln=primefaces&v=4.0 HTTP/1.1" 304 -
186.84.89.41 - - [26/Feb/2023:06:40:19 -0500] "POST /sipse/faces/presentacion/financiero/solicitudProceso/consultar.xhtml HTTP/1.1" 200 12927
172.22.2.4 - - [26/Feb/2023:06:39:05 -0500] "GET /BLA/boletinlegal/ HTTP/1.1" 200 57453
186.84.89.41 - - [26/Feb/2023:06:40:51 -0500] "POST /sipse/faces/presentacion/financiero/solicitudProceso/consultar.xhtml HTTP/1.1" 200 12896
186.84.89.41 - - [26/Feb/2023:06:41:32 -0500] "POST /sipse/faces/presentacion/financiero/solicitudProceso/consultar.xhtml HTTP/1.1" 200 12977
186.84.89.41 - - [26/Feb/2023:06:41:34 -0500] "POST /sipse/faces/presentacion/financiero/solicitudProceso/consultar.xhtml HTTP/1.1" 200 12977
186.84.89.41 - - [26/Feb/2023:06:41:47 -0500] "POST /sipse/faces/presentacion/financiero/solicitudProceso/consultar.xhtml HTTP/1.1" 200 12940
186.84.89.41 - - [26/Feb/2023:06:41:56 -0500] "POST /sipse/faces/presentacion/financiero/solicitudProceso/consultar.xhtml HTTP/1.1" 200 12955
173.252.83.118 - - [26/Feb/2023:06:42:05 -0500] "-" 408 -
201.245.192.253 - - [26/Feb/2023:06:42:09 -0500] "POST /kwsrmcab/Wsrmcab  HTTP/1.1" 200 41116
186.84.22.63 - - [26/Feb/2023:06:43:30 -0500] "POST /sipse/faces/presentacion/financiero/solicitudProceso/consultarSolicitudProceso.xhtml HTTP/1.1" 200 67057
186.84.22.63 - - [26/Feb/2023:06:43:30 -0500] "GET /sipse/faces/javax.faces.resource/theme.css?ln=primefaces-sipse HTTP/1.1" 304 -
186.84.22.63 - - [26/Feb/2023:06:43:30 -0500] "GET /sipse/faces/javax.faces.resource/primefaces.css?ln=primefaces&v=4.0 HTTP/1.1" 304 -
186.84.22.63 - - [26/Feb/2023:06:43:30 -0500] "GET /sipse/faces/javax.faces.resource/layout/layout.css?ln=primefaces&v=4.0 HTTP/1.1" 304 -
186.84.22.63 - - [26/Feb/2023:06:43:30 -0500] "GET /sipse/faces/javax.faces.resource/jquery/jquery.js?ln=primefaces&v=4.0 HTTP/1.1" 304 -
186.84.22.63 - - [26/Feb/2023:06:43:30 -0500] "GET /sipse/faces/javax.faces.resource/jquery/jquery-plugins.js?ln=primefaces&v=4.0 HTTP/1.1" 304 -
186.84.22.63 - - [26/Feb/2023:06:43:30 -0500] "GET /sipse/faces/javax.faces.resource/primefaces.js?ln=primefaces&v=4.0 HTTP/1.1" 304 -
186.84.22.63 - - [26/Feb/2023:06:43:30 -0500] "GET /sipse/faces/javax.faces.resource/layout/layout.js?ln=primefaces&v=4.0 HTTP/1.1" 304 -
186.84.22.63 - - [26/Feb/2023:06:43:30 -0500] "POST /sipse/faces/presentacion/financiero/solicitudProceso/listarSolicitudProceso.xhtml HTTP/1.1" 200 60448
186.84.22.63 - - [26/Feb/2023:06:43:31 -0500] "POST /sipse/faces/presentacion/financiero/solicitudProceso/listarSolicitudProceso.xhtml HTTP/1.1" 200 60448
186.84.22.63 - - [26/Feb/2023:06:43:31 -0500] "POST /sipse/faces/presentacion/financiero/solicitudProceso/listarSolicitudProceso.xhtml HTTP/1.1" 200 1556
186.84.22.63 - - [26/Feb/2023:06:43:31 -0500] "POST /sipse/faces/presentacion/financiero/solicitudProceso/listarSolicitudProceso.xhtml HTTP/1.1" 200 1564
186.84.22.63 - - [26/Feb/2023:06:43:31 -0500] "POST /sipse/faces/presentacion/financiero/solicitudProceso/listarSolicitudProceso.xhtml HTTP/1.1" 200 1564
186.84.22.63 - - [26/Feb/2023:06:43:37 -0500] "POST /sipse/faces/presentacion/financiero/solicitudProceso/listarSolicitudProceso.xhtml HTTP/1.1" 200 151833
186.84.22.63 - - [26/Feb/2023:06:43:37 -0500] "GET /sipse/faces/javax.faces.resource/theme.css?ln=primefaces-sipse HTTP/1.1" 304 -
186.84.22.63 - - [26/Feb/2023:06:43:38 -0500] "GET /sipse/faces/javax.faces.resource/primefaces.css?ln=primefaces&v=4.0 HTTP/1.1" 304 -
186.84.22.63 - - [26/Feb/2023:06:43:38 -0500] "GET /sipse/faces/javax.faces.resource/layout/layout.css?ln=primefaces&v=4.0 HTTP/1.1" 304 -
186.84.22.63 - - [26/Feb/2023:06:43:38 -0500] "GET /sipse/faces/javax.faces.resource/jquery/jquery.js?ln=primefaces&v=4.0 HTTP/1.1" 304 -
186.84.22.63 - - [26/Feb/2023:06:43:38 -0500] "GET /sipse/faces/javax.faces.resource/jquery/jquery-plugins.js?ln=primefaces&v=4.0 HTTP/1.1" 304 -
186.84.22.63 - - [26/Feb/2023:06:43:38 -0500] "GET /sipse/faces/javax.faces.resource/primefaces.js?ln=primefaces&v=4.0 HTTP/1.1" 304 -
186.84.22.63 - - [26/Feb/2023:06:43:38 -0500] "GET /sipse/faces/javax.faces.resource/layout/layout.js?ln=primefaces&v=4.0 HTTP/1.1" 304 -
69.63.184.1 - - [26/Feb/2023:06:43:38 -0500] "GET /images/24%20de%20febrero%20Sendero%20guadalupe%202.jpeg HTTP/1.1" 200 70964
173.252.83.120 - - [26/Feb/2023:06:43:45 -0500] "GET /galeria/galeria/fotos/boa8P.jpg HTTP/1.1" 200 28060
186.84.22.63 - - [26/Feb/2023:06:43:46 -0500] "POST /sipse/faces/presentacion/financiero/solicitudProceso/consultarSolicitudProceso.xhtml HTTP/1.1" 200 5574
186.84.22.63 - - [26/Feb/2023:06:44:16 -0500] "POST /sipse/faces/presentacion/financiero/solicitudProceso/consultarSolicitudProceso.xhtml HTTP/1.1" 200 114769
216.245.221.92 - - [26/Feb/2023:06:44:18 -0500] "HEAD / HTTP/1.1" 200 -
66.249.66.79 - - [26/Feb/2023:06:44:41 -0500] "-" 408 -
172.22.2.4 - - [26/Feb/2023:06:44:04 -0500] "HEAD /BLA/boletinlegal/ HTTP/1.1" 200 -
172.22.2.4 - - [26/Feb/2023:06:46:28 -0500] "GET /BLA/boletinlegal/favicon.ico HTTP/1.1" 404 1326
172.22.2.4 - - [26/Feb/2023:06:44:55 -0500] "GET /BLA/boletinlegal/ HTTP/1.1" 200 57453
52.167.144.68 - - [26/Feb/2023:06:46:39 -0500] "GET /BLA/resoluciones/AUTOS%202021/0633.pdf HTTP/1.1" 304 -
201.245.192.253 - - [26/Feb/2023:06:47:08 -0500] "POST /kwsrmcab/Wsrmcab  HTTP/1.1" 200 41116
89.138.46.213 - - [26/Feb/2023:06:48:41 -0500] "GET /conoce-las-medidas-de-prevencion-y-mitigacion-contempladas-en-la-alerta-fase-1-por-calidad-del-aire.html HTTP/1.1" 200 917
216.245.221.92 - - [26/Feb/2023:06:49:18 -0500] "HEAD / HTTP/1.1" 200 -
173.252.95.2 - - [26/Feb/2023:06:51:03 -0500] "GET /images/20%20de%20febrero%20panor\xc3\xa1mica%20de%20Bogot\xc3\xa1%20(1)%20(1).jpeg HTTP/1.1" 404 1034
172.22.2.4 - - [26/Feb/2023:06:49:54 -0500] "HEAD /BLA/boletinlegal/ HTTP/1.1" 200 -
201.245.192.253 - - [26/Feb/2023:06:52:07 -0500] "POST /kwsrmcab/Wsrmcab  HTTP/1.1" 200 41116
172.22.2.4 - - [26/Feb/2023:06:50:45 -0500] "GET /BLA/boletinlegal/ HTTP/1.1" 200 57804
216.245.221.92 - - [26/Feb/2023:06:54:18 -0500] "HEAD / HTTP/1.1" 200 -
201.245.192.253 - - [26/Feb/2023:06:57:07 -0500] "POST /kwsrmcab/Wsrmcab  HTTP/1.1" 200 41116
172.22.2.4 - - [26/Feb/2023:06:55:44 -0500] "HEAD /BLA/boletinlegal/ HTTP/1.1" 200 -
172.22.2.4 - - [26/Feb/2023:06:56:35 -0500] "GET /BLA/boletinlegal/ HTTP/1.1" 200 52622
216.245.221.92 - - [26/Feb/2023:06:59:18 -0500] "HEAD / HTTP/1.1" 200 -
173.252.111.11 - - [26/Feb/2023:06:59:39 -0500] "GET /conoce-las-medidas-de-prevencion-y-mitigacion-contempladas-en-la-alerta-fase-1-por-calidad-del-aire.htmli HTTP/1.1" 404 1034
173.252.111.11 - - [26/Feb/2023:06:59:40 -0500] "GET /conoce-las-medidas-de-prevencion-y-mitigacion-contempladas-en-la-alerta-fase-1-por-calidad-del-aire.htmli HTTP/1.1" 404 1034
66.249.66.79 - - [26/Feb/2023:07:00:18 -0500] "-" 408 -
34.141.162.102 - - [26/Feb/2023:07:00:27 -0500] "GET /inventario-de-emisiones-2020-transporte-publico-sitp-redujo-emisiones-de-pm-2-5-en-un-37.html HTTP/1.1" 200 925
201.245.192.253 - - [26/Feb/2023:07:02:06 -0500] "POST /kwsrmcab/Wsrmcab  HTTP/1.1" 200 41116
34.141.217.75 - - [26/Feb/2023:07:03:11 -0500] "GET /inventario-de-emisiones-2020-transporte-publico-sitp-redujo-emisiones-de-pm-2-5-en-un-37.html HTTP/1.1" 200 925
172.22.2.4 - - [26/Feb/2023:07:01:34 -0500] "HEAD /BLA/boletinlegal/ HTTP/1.1" 200 -
173.252.127.10 - - [26/Feb/2023:07:03:41 -0500] "GET /images/20%20de%20febrero%20panor\xc3\xa1mica%20de%20Bogot\xc3\xa1%20(1)%20(1).jpeg HTTP/1.1" 404 1034
172.22.2.4 - - [26/Feb/2023:07:02:25 -0500] "GET /BLA/boletinlegal/ HTTP/1.1" 200 52227
216.245.221.92 - - [26/Feb/2023:07:04:18 -0500] "HEAD / HTTP/1.1" 200 -
201.245.192.253 - - [26/Feb/2023:07:07:05 -0500] "POST /kwsrmcab/Wsrmcab  HTTP/1.1" 200 41116
66.249.66.79 - - [26/Feb/2023:07:08:19 -0500] "-" 408 -
172.22.2.4 - - [26/Feb/2023:07:07:24 -0500] "HEAD /BLA/boletinlegal/ HTTP/1.1" 200 -
94.102.61.10 - - [26/Feb/2023:07:09:11 -0500] "GET /portaldeninos/ HTTP/1.1" 200 110197
216.245.221.92 - - [26/Feb/2023:07:09:18 -0500] "HEAD / HTTP/1.1" 200 -
172.22.2.4 - - [26/Feb/2023:07:08:15 -0500] "GET /BLA/boletinlegal/ HTTP/1.1" 200 57453
201.245.192.253 - - [26/Feb/2023:07:12:04 -0500] "POST /kwsrmcab/Wsrmcab  HTTP/1.1" 200 41116
216.245.221.92 - - [26/Feb/2023:07:14:18 -0500] "HEAD / HTTP/1.1" 200 -
172.22.2.4 - - [26/Feb/2023:07:13:14 -0500] "HEAD /BLA/boletinlegal/ HTTP/1.1" 200 -
172.22.2.4 - - [26/Feb/2023:07:14:05 -0500] "GET /BLA/boletinlegal/ HTTP/1.1" 200 55795
201.245.192.253 - - [26/Feb/2023:07:17:04 -0500] "POST /kwsrmcab/Wsrmcab  HTTP/1.1" 200 41116
201.245.192.253 - - [26/Feb/2023:07:18:08 -0500] "POST /kwsrmcab/Wsrmcab HTTP/1.1" 200 40203
201.245.192.253 - - [26/Feb/2023:07:18:11 -0500] "POST /kwsrmcab/Wsrmcab HTTP/1.1" 200 41458
207.46.13.211 - - [26/Feb/2023:07:18:46 -0500] "GET /galeria/nivo-slider/jquery.nivo.slider.pack.js HTTP/1.1" 200 11561
40.77.167.182 - - [26/Feb/2023:07:18:49 -0500] "GET /galeria/nivo-slider/themes/pascal/pascal.css HTTP/1.1" 200 2258
69.63.184.2 - - [26/Feb/2023:07:19:03 -0500] "GET /zuma-propuesta-de-pot-una-herramienta-clave-para-seguir-mejorando-la-calidad-del-aire-de-bogota.html HTTP/1.1" 206 1029
52.167.144.27 - - [26/Feb/2023:07:19:05 -0500] "GET /galeria/nivo-slider/demo/style.css HTTP/1.1" 200 2222
52.167.144.27 - - [26/Feb/2023:07:19:14 -0500] "GET /galeria/nivo-slider/themes/default/default.css HTTP/1.1" 200 1569
52.167.144.27 - - [26/Feb/2023:07:19:14 -0500] "GET /galeria/nivo-slider/demo/scripts/jquery-1.7.1.min.js HTTP/1.1" 200 93868
216.245.221.92 - - [26/Feb/2023:07:19:18 -0500] "HEAD / HTTP/1.1" 200 -
173.252.83.5 - - [26/Feb/2023:07:19:42 -0500] "GET /images/20%20de%20febrero%20panor\xc3\xa1mica%20de%20Bogot\xc3\xa1%20(1)%20(1).jpeg HTTP/1.1" 404 1034
207.46.13.211 - - [26/Feb/2023:07:20:31 -0500] "GET /BLA/resoluciones/RESOLUCIONES%202022/5209.pdf HTTP/1.1" 304 -
172.22.2.4 - - [26/Feb/2023:07:19:04 -0500] "HEAD /BLA/boletinlegal/ HTTP/1.1" 200 -
172.22.2.4 - - [26/Feb/2023:07:19:55 -0500] "GET /BLA/boletinlegal/ HTTP/1.1" 200 57058
201.245.192.253 - - [26/Feb/2023:07:22:04 -0500] "POST /kwsrmcab/Wsrmcab  HTTP/1.1" 200 41116
52.167.144.97 - - [26/Feb/2023:07:24:00 -0500] "GET /BLA/resoluciones/AUTOS%202022/7169.pdf HTTP/1.1" 200 601357
216.245.221.92 - - [26/Feb/2023:07:24:18 -0500] "HEAD / HTTP/1.1" 200 -
181.252.121.15 - - [26/Feb/2023:07:26:23 -0500] "GET /conoce-las-medidas-de-prevencion-y-mitigacion-contempladas-en-la-alerta-fase-1-por-calidad-del-aire.html HTTP/1.1" 200 917
172.22.2.4 - - [26/Feb/2023:07:24:54 -0500] "HEAD /BLA/boletinlegal/ HTTP/1.1" 200 -
201.245.192.253 - - [26/Feb/2023:07:27:03 -0500] "POST /kwsrmcab/Wsrmcab  HTTP/1.1" 200 41116
173.252.107.10 - - [26/Feb/2023:07:27:17 -0500] "GET /images/20%20de%20febrero%20panor\xc3\xa1mica%20de%20Bogot\xc3\xa1%20(1)%20(1).jpeg HTTP/1.1" 404 1034
172.22.2.4 - - [26/Feb/2023:07:25:45 -0500] "GET /BLA/boletinlegal/ HTTP/1.1" 200 57804
172.22.2.4 - - [26/Feb/2023:07:27:42 -0500] "GET /BLA/boletinlegal/styles2.css HTTP/1.1" 200 1838
172.22.2.4 - - [26/Feb/2023:07:27:42 -0500] "GET /BLA/boletinlegal/actos.php HTTP/1.1" 200 9606
172.22.2.4 - - [26/Feb/2023:07:27:42 -0500] "GET /BLA/boletinlegal/niceforms-default.css HTTP/1.1" 200 6694
172.22.2.4 - - [26/Feb/2023:07:27:42 -0500] "GET /BLA/boletinlegal/style.css HTTP/1.1" 200 9406
172.22.2.4 - - [26/Feb/2023:07:27:42 -0500] "GET /BLA/boletinlegal/js/lib.js HTTP/1.1" 200 6474
172.22.2.4 - - [26/Feb/2023:07:27:42 -0500] "GET /BLA/boletinlegal/niceforms.js HTTP/1.1" 200 22876
172.22.2.4 - - [26/Feb/2023:07:27:42 -0500] "GET /BLA/boletinlegal/js/ajax_actos.js HTTP/1.1" 200 1322
172.22.2.4 - - [26/Feb/2023:07:27:42 -0500] "GET /BLA/boletinlegal/js/popup.js HTTP/1.1" 200 1270
172.22.2.4 - - [26/Feb/2023:07:27:42 -0500] "GET /BLA/boletinlegal/js/jquery1.js HTTP/1.1" 200 29846
172.22.2.4 - - [26/Feb/2023:07:27:42 -0500] "GET /BLA/boletinlegal/images/cabezote%20BLEGAL.jpg HTTP/1.1" 200 118164
172.22.2.4 - - [26/Feb/2023:07:27:42 -0500] "GET /BLA/boletinlegal/images/subscribe-icon-big.png HTTP/1.1" 200 47702
172.22.2.4 - - [26/Feb/2023:07:27:42 -0500] "GET /BLA/boletinlegal/images/historia.png HTTP/1.1" 200 52775
172.22.2.4 - - [26/Feb/2023:07:27:42 -0500] "GET /BLA/boletinlegal/images/registro-usuarios.png HTTP/1.1" 200 8106
172.22.2.4 - - [26/Feb/2023:07:27:42 -0500] "GET /BLA/boletinlegal/images/green-yellow-blue-pink-th.png HTTP/1.1" 200 7394
172.22.2.4 - - [26/Feb/2023:07:27:42 -0500] "GET /BLA/boletinlegal/images/tel.png HTTP/1.1" 200 14477
172.22.2.4 - - [26/Feb/2023:07:27:42 -0500] "GET /BLA/boletinlegal/images/body_bg.jpg HTTP/1.1" 200 1601
172.22.2.4 - - [26/Feb/2023:07:27:42 -0500] "GET /BLA/boletinlegal/images/footer_bg.jpg HTTP/1.1" 200 586
172.22.2.4 - - [26/Feb/2023:07:27:42 -0500] "GET /BLA/boletinlegal/images/menu_lft.gif HTTP/1.1" 200 1713
172.22.2.4 - - [26/Feb/2023:07:27:42 -0500] "GET /BLA/boletinlegal/images/menu_rght.gif HTTP/1.1" 200 1627
172.22.2.4 - - [26/Feb/2023:07:27:43 -0500] "GET /BLA/boletinlegal/images/bg_top.jpg HTTP/1.1" 200 522
172.22.2.4 - - [26/Feb/2023:07:27:43 -0500] "GET /BLA/boletinlegal/images/text.jpg HTTP/1.1" 200 568
172.22.2.4 - - [26/Feb/2023:07:27:43 -0500] "GET /BLA/boletinlegal/images/menu_bg.jpg HTTP/1.1" 200 620
172.22.2.4 - - [26/Feb/2023:07:27:43 -0500] "GET /BLA/boletinlegal/images/footer_bg_l.jpg HTTP/1.1" 200 776
172.22.2.4 - - [26/Feb/2023:07:27:43 -0500] "GET /BLA/boletinlegal/images/hover.jpg HTTP/1.1" 200 640
172.22.2.4 - - [26/Feb/2023:07:27:43 -0500] "GET /BLA/boletinlegal/images/icono-email.png HTTP/1.1" 200 5544
172.22.2.4 - - [26/Feb/2023:07:27:43 -0500] "GET /BLA/boletinlegal/img/select-right.png HTTP/1.1" 200 44019
172.22.2.4 - - [26/Feb/2023:07:27:43 -0500] "GET /BLA/boletinlegal/img/button-left.png HTTP/1.1" 200 57071
172.22.2.4 - - [26/Feb/2023:07:27:43 -0500] "GET /BLA/boletinlegal/img/0.png HTTP/1.1" 200 110
172.22.2.4 - - [26/Feb/2023:07:27:43 -0500] "GET /BLA/boletinlegal/img/select-left.png HTTP/1.1" 200 263
172.22.2.4 - - [26/Feb/2023:07:27:43 -0500] "GET /BLA/boletinlegal/img/button-right.png HTTP/1.1" 200 57878
172.22.2.4 - - [26/Feb/2023:07:27:43 -0500] "GET /BLA/boletinlegal/img/button.png HTTP/1.1" 200 43241
172.22.2.4 - - [26/Feb/2023:07:27:43 -0500] "GET /BLA/boletinlegal/favicon.ico HTTP/1.1" 404 1326
172.22.2.4 - - [26/Feb/2023:07:27:50 -0500] "GET /BLA/boletinlegal/consulta_actos.php?tipo=resoluciones&no=&usuario=&sector=&fecha=2023&resuelve= HTTP/1.1" 200 20079
172.22.2.4 - - [26/Feb/2023:07:27:50 -0500] "GET /BLA/boletinlegal/images/pdf.gif HTTP/1.1" 200 567
172.22.2.4 - - [26/Feb/2023:07:27:51 -0500] "GET /BLA/boletinlegal/images/background.gif HTTP/1.1" 200 -
181.252.121.15 - - [26/Feb/2023:07:27:59 -0500] "GET /BLA/resoluciones/RESOLUCIONES%202023/0308.pdf HTTP/1.1" 200 855203
181.252.121.15 - - [26/Feb/2023:07:28:07 -0500] "GET /BLA/resoluciones/RESOLUCIONES%202023/0308.pdf HTTP/1.1" 206 1
181.252.121.15 - - [26/Feb/2023:07:28:07 -0500] "GET /BLA/resoluciones/RESOLUCIONES%202023/0308.pdf HTTP/1.1" 206 828935
201.245.192.253 - - [26/Feb/2023:07:28:09 -0500] "POST /kwsrmcab/Wsrmcab HTTP/1.1" 200 40203
181.252.121.15 - - [26/Feb/2023:07:28:12 -0500] "GET /BLA/resoluciones/RESOLUCIONES%202023/0247.pdf HTTP/1.1" 200 1384715
201.245.192.253 - - [26/Feb/2023:07:28:11 -0500] "POST /kwsrmcab/Wsrmcab HTTP/1.1" 200 41458
191.102.224.200 - - [26/Feb/2023:07:28:14 -0500] "GET /BLA/resoluciones/RESOLUCIONES%202023/0247.pdf HTTP/1.1" 200 1384715
181.252.121.15 - - [26/Feb/2023:07:28:25 -0500] "GET /BLA/resoluciones/RESOLUCIONES%202023/0308.pdf HTTP/1.1" 206 1
181.252.121.15 - - [26/Feb/2023:07:28:25 -0500] "GET /BLA/resoluciones/RESOLUCIONES%202023/0308.pdf HTTP/1.1" 206 828935
181.252.121.15 - - [26/Feb/2023:07:28:28 -0500] "GET /BLA/resoluciones/RESOLUCIONES%202023/0308.pdf HTTP/1.1" 206 1
181.252.121.15 - - [26/Feb/2023:07:28:28 -0500] "GET /BLA/resoluciones/RESOLUCIONES%202023/0308.pdf HTTP/1.1" 206 828935
216.245.221.92 - - [26/Feb/2023:07:29:18 -0500] "HEAD / HTTP/1.1" 200 -
66.249.66.79 - - [26/Feb/2023:07:29:19 -0500] "-" 408 -
116.202.35.81 - - [26/Feb/2023:07:29:28 -0500] "GET /conoce-las-medidas-de-prevencion-y-mitigacion-contempladas-en-la-alerta-fase-1-por-calidad-del-aire.html HTTP/1.1" 200 917
181.252.121.15 - - [26/Feb/2023:07:29:33 -0500] "GET /BLA/resoluciones/RESOLUCIONES%202023/0308.pdf HTTP/1.1" 206 1
181.252.121.15 - - [26/Feb/2023:07:29:33 -0500] "GET /BLA/resoluciones/RESOLUCIONES%202023/0308.pdf HTTP/1.1" 206 828935
181.252.121.15 - - [26/Feb/2023:07:29:42 -0500] "GET /BLA/resoluciones/RESOLUCIONES%202023/0224.pdf HTTP/1.1" 200 357621
66.249.72.76 - - [26/Feb/2023:07:30:47 -0500] "-" 408 -
172.22.2.4 - - [26/Feb/2023:07:31:13 -0500] "GET /BLA/boletinlegal/consulta_actos.php?tipo=resoluciones&no=0308&usuario=&sector=&fecha=2023&resuelve= HTTP/1.1" 200 1123
181.252.121.15 - - [26/Feb/2023:07:31:18 -0500] "GET /BLA/resoluciones/RESOLUCIONES%202023/0308.pdf HTTP/1.1" 206 1
181.252.121.15 - - [26/Feb/2023:07:31:18 -0500] "GET /BLA/resoluciones/RESOLUCIONES%202023/0308.pdf HTTP/1.1" 206 828935
52.167.144.97 - - [26/Feb/2023:07:31:22 -0500] "GET /BLA/resoluciones/AUTOS%202021/2834.pdf HTTP/1.1" 304 -
181.252.121.15 - - [26/Feb/2023:07:31:26 -0500] "GET /BLA/resoluciones/RESOLUCIONES%202023/0308.pdf HTTP/1.1" 200 855203
201.245.192.253 - - [26/Feb/2023:07:32:02 -0500] "POST /kwsrmcab/Wsrmcab  HTTP/1.1" 200 41116
172.22.2.4 - - [26/Feb/2023:07:30:44 -0500] "HEAD /BLA/boletinlegal/ HTTP/1.1" 200 -
172.22.2.4 - - [26/Feb/2023:07:31:35 -0500] "GET /BLA/boletinlegal/ HTTP/1.1" 200 57058
173.252.127.15 - - [26/Feb/2023:07:34:07 -0500] "GET /images/Rmasar%2018%20de%20febrero%20Grupo.jpg HTTP/1.1" 200 68398
173.252.111.22 - - [26/Feb/2023:07:34:11 -0500] "GET /conoce-las-medidas-de-prevencion-y-mitigacion-contempladas-en-la-alerta-fase-1-por-calidad-del-aire.htmli HTTP/1.1" 404 1034
173.252.111.13 - - [26/Feb/2023:07:34:12 -0500] "GET /conoce-las-medidas-de-prevencion-y-mitigacion-contempladas-en-la-alerta-fase-1-por-calidad-del-aire.htmli HTTP/1.1" 404 1034
216.245.221.92 - - [26/Feb/2023:07:34:18 -0500] "HEAD / HTTP/1.1" 200 -
157.55.39.225 - - [26/Feb/2023:07:35:43 -0500] "-" 408 -
173.252.83.19 - - [26/Feb/2023:07:36:59 -0500] "GET /images/mercados-campesinos-5-mayo.jpg HTTP/1.1" 200 95848
201.245.192.253 - - [26/Feb/2023:07:37:02 -0500] "POST /kwsrmcab/Wsrmcab  HTTP/1.1" 200 41116
172.22.2.4 - - [26/Feb/2023:07:37:37 -0500] "GET /BLA/boletinlegal/style.css HTTP/1.1" 200 9406
172.22.2.4 - - [26/Feb/2023:07:37:37 -0500] "GET /BLA/boletinlegal/niceforms-default.css HTTP/1.1" 200 6694
172.22.2.4 - - [26/Feb/2023:07:37:37 -0500] "GET /BLA/boletinlegal/styles2.css HTTP/1.1" 200 1838
172.22.2.4 - - [26/Feb/2023:07:37:37 -0500] "GET /BLA/boletinlegal/normativa.php HTTP/1.1" 200 8333
172.22.2.4 - - [26/Feb/2023:07:37:37 -0500] "GET /BLA/boletinlegal/js/ajax_normativa.js HTTP/1.1" 200 1154
172.22.2.4 - - [26/Feb/2023:07:37:37 -0500] "GET /BLA/boletinlegal/niceforms.js HTTP/1.1" 200 22876
172.22.2.4 - - [26/Feb/2023:07:37:37 -0500] "GET /BLA/boletinlegal/images/cabezote%20BLEGAL.jpg HTTP/1.1" 200 118164
172.22.2.4 - - [26/Feb/2023:07:37:37 -0500] "GET /BLA/boletinlegal/images/subscribe-icon-big.png HTTP/1.1" 200 47702
172.22.2.4 - - [26/Feb/2023:07:37:37 -0500] "GET /BLA/boletinlegal/images/historia.png HTTP/1.1" 200 52775
172.22.2.4 - - [26/Feb/2023:07:37:37 -0500] "GET /BLA/boletinlegal/images/registro-usuarios.png HTTP/1.1" 200 8106
