186.80.52.163 - - [26/Feb/2023:22:23:04 -0500] "POST /sipse/faces/presentacion/financiero/solicitudProceso/listarSolicitudProceso.xhtml HTTP/1.1" 200 122746
186.80.52.163 - - [26/Feb/2023:22:23:05 -0500] "GET /sipse/faces/javax.faces.resource/primefaces.css?ln=primefaces&v=4.0 HTTP/1.1" 304 -
186.80.52.163 - - [26/Feb/2023:22:23:05 -0500] "GET /sipse/faces/javax.faces.resource/theme.css?ln=primefaces-sipse HTTP/1.1" 304 -
186.80.52.163 - - [26/Feb/2023:22:23:05 -0500] "GET /sipse/faces/javax.faces.resource/layout/layout.css?ln=primefaces&v=4.0 HTTP/1.1" 304 -
186.80.52.163 - - [26/Feb/2023:22:23:05 -0500] "GET /sipse/faces/javax.faces.resource/jquery/jquery.js?ln=primefaces&v=4.0 HTTP/1.1" 304 -
186.80.52.163 - - [26/Feb/2023:22:23:05 -0500] "GET /sipse/faces/javax.faces.resource/jquery/jquery-plugins.js?ln=primefaces&v=4.0 HTTP/1.1" 304 -
186.80.52.163 - - [26/Feb/2023:22:23:05 -0500] "GET /sipse/faces/javax.faces.resource/primefaces.js?ln=primefaces&v=4.0 HTTP/1.1" 304 -
186.80.52.163 - - [26/Feb/2023:22:23:05 -0500] "GET /sipse/faces/javax.faces.resource/layout/layout.js?ln=primefaces&v=4.0 HTTP/1.1" 304 -
186.80.52.163 - - [26/Feb/2023:22:23:05 -0500] "GET /sipse/faces/javax.faces.resource/dynamiccontent.properties?ln=primefaces&pfdrid=XjOR5%2F%2FfPAZAuY9TpWQeCiM0BhlXxYRBGKi%2FQcXXfeA%3D&pfdrid_c=false HTTP/1.1" 500 383
186.154.62.27 - - [26/Feb/2023:22:23:07 -0500] "GET /BLA/boletinlegal/js/jquery.scrollShow.js HTTP/1.1" 200 4586
186.154.62.27 - - [26/Feb/2023:22:23:07 -0500] "GET /galeria/galeria/jquery.fancybox.js?v=2.1.5 HTTP/1.1" 200 48706
186.154.62.27 - - [26/Feb/2023:22:23:07 -0500] "GET /galeria/galeria/jquery.fancybox.css?v=2.1.5 HTTP/1.1" 200 4895
186.80.52.163 - - [26/Feb/2023:22:23:08 -0500] "POST /sipse/faces/presentacion/financiero/solicitudProceso/consultarSolicitudProceso.xhtml HTTP/1.1" 200 37395
186.80.52.163 - - [26/Feb/2023:22:23:10 -0500] "GET /sipse/faces/javax.faces.resource/primefaces.css?ln=primefaces&v=4.0 HTTP/1.1" 304 -
186.80.52.163 - - [26/Feb/2023:22:23:10 -0500] "GET /sipse/faces/javax.faces.resource/layout/layout.css?ln=primefaces&v=4.0 HTTP/1.1" 304 -
186.80.52.163 - - [26/Feb/2023:22:23:10 -0500] "GET /sipse/faces/javax.faces.resource/theme.css?ln=primefaces-sipse HTTP/1.1" 304 -
186.80.52.163 - - [26/Feb/2023:22:23:10 -0500] "GET /sipse/faces/javax.faces.resource/jquery/jquery.js?ln=primefaces&v=4.0 HTTP/1.1" 304 -
186.80.52.163 - - [26/Feb/2023:22:23:10 -0500] "GET /sipse/faces/javax.faces.resource/jquery/jquery-plugins.js?ln=primefaces&v=4.0 HTTP/1.1" 304 -
186.80.52.163 - - [26/Feb/2023:22:23:10 -0500] "GET /sipse/faces/javax.faces.resource/primefaces.js?ln=primefaces&v=4.0 HTTP/1.1" 304 -
186.80.52.163 - - [26/Feb/2023:22:23:10 -0500] "GET /sipse/faces/javax.faces.resource/layout/layout.js?ln=primefaces&v=4.0 HTTP/1.1" 304 -
172.22.2.4 - - [26/Feb/2023:22:23:10 -0500] "GET /BLA/boletinlegal/consulta_actos.php?tipo=resoluciones&no=&usuario=&sector=&fecha=2023&resuelve=aire HTTP/1.1" 200 626
186.80.52.163 - - [26/Feb/2023:22:23:10 -0500] "POST /sipse/faces/presentacion/financiero/solicitudProceso/listarSolicitudProceso.xhtml HTTP/1.1" 200 1396
186.80.52.163 - - [26/Feb/2023:22:23:13 -0500] "POST /sipse/faces/presentacion/financiero/solicitudProceso/listarSolicitudProceso.xhtml HTTP/1.1" 200 911
186.80.52.163 - - [26/Feb/2023:22:23:15 -0500] "GET /sipse/faces/faces/autenticacion HTTP/1.1" 302 -
186.80.52.163 - - [26/Feb/2023:22:23:15 -0500] "GET /sipse/faces/autenticacion.xhtml HTTP/1.1" 200 12173
186.80.52.163 - - [26/Feb/2023:22:23:15 -0500] "GET /sipse/faces/javax.faces.resource/layout/layout.css?ln=primefaces&v=4.0 HTTP/1.1" 304 -
186.80.52.163 - - [26/Feb/2023:22:23:15 -0500] "GET /sipse/faces/javax.faces.resource/primefaces.css?ln=primefaces&v=4.0 HTTP/1.1" 304 -
186.80.52.163 - - [26/Feb/2023:22:23:15 -0500] "GET /sipse/faces/javax.faces.resource/theme.css?ln=primefaces-sipse HTTP/1.1" 304 -
186.80.52.163 - - [26/Feb/2023:22:23:15 -0500] "GET /sipse/faces/javax.faces.resource/jquery/jquery-plugins.js?ln=primefaces&v=4.0 HTTP/1.1" 304 -
186.80.52.163 - - [26/Feb/2023:22:23:15 -0500] "GET /sipse/faces/javax.faces.resource/jquery/jquery.js?ln=primefaces&v=4.0 HTTP/1.1" 304 -
186.80.52.163 - - [26/Feb/2023:22:23:15 -0500] "GET /sipse/faces/javax.faces.resource/primefaces.js?ln=primefaces&v=4.0 HTTP/1.1" 304 -
186.80.52.163 - - [26/Feb/2023:22:23:15 -0500] "GET /sipse/faces/javax.faces.resource/layout/layout.js?ln=primefaces&v=4.0 HTTP/1.1" 304 -
186.80.52.163 - - [26/Feb/2023:22:23:18 -0500] "POST /sipse/faces/autenticacion.xhtml HTTP/1.1" 200 2217
186.80.52.163 - - [26/Feb/2023:22:23:19 -0500] "POST /sipse/faces/autenticacion.xhtml HTTP/1.1" 200 16233
186.80.52.163 - - [26/Feb/2023:22:23:19 -0500] "GET /sipse/faces/javax.faces.resource/primefaces.css?ln=primefaces&v=4.0 HTTP/1.1" 304 -
186.80.52.163 - - [26/Feb/2023:22:23:19 -0500] "GET /sipse/faces/javax.faces.resource/theme.css?ln=primefaces-sipse HTTP/1.1" 304 -
186.80.52.163 - - [26/Feb/2023:22:23:19 -0500] "GET /sipse/faces/javax.faces.resource/layout/layout.css?ln=primefaces&v=4.0 HTTP/1.1" 304 -
186.80.52.163 - - [26/Feb/2023:22:23:19 -0500] "GET /sipse/faces/javax.faces.resource/jquery/jquery.js?ln=primefaces&v=4.0 HTTP/1.1" 304 -
186.80.52.163 - - [26/Feb/2023:22:23:19 -0500] "GET /sipse/faces/javax.faces.resource/jquery/jquery-plugins.js?ln=primefaces&v=4.0 HTTP/1.1" 304 -
186.80.52.163 - - [26/Feb/2023:22:23:19 -0500] "GET /sipse/faces/javax.faces.resource/primefaces.js?ln=primefaces&v=4.0 HTTP/1.1" 304 -
186.80.52.163 - - [26/Feb/2023:22:23:19 -0500] "GET /sipse/faces/javax.faces.resource/layout/layout.js?ln=primefaces&v=4.0 HTTP/1.1" 304 -
186.80.52.163 - - [26/Feb/2023:22:23:20 -0500] "POST /sipse/faces/bienvenido.xhtml HTTP/1.1" 200 2658
186.80.52.163 - - [26/Feb/2023:22:23:21 -0500] "POST /sipse/faces/bienvenido.xhtml HTTP/1.1" 200 65347
186.80.52.163 - - [26/Feb/2023:22:23:22 -0500] "GET /sipse/faces/javax.faces.resource/theme.css?ln=primefaces-sipse HTTP/1.1" 304 -
186.80.52.163 - - [26/Feb/2023:22:23:22 -0500] "GET /sipse/faces/javax.faces.resource/primefaces.css?ln=primefaces&v=4.0 HTTP/1.1" 304 -
186.80.52.163 - - [26/Feb/2023:22:23:22 -0500] "GET /sipse/faces/javax.faces.resource/layout/layout.css?ln=primefaces&v=4.0 HTTP/1.1" 304 -
186.80.52.163 - - [26/Feb/2023:22:23:22 -0500] "GET /sipse/faces/javax.faces.resource/jquery/jquery.js?ln=primefaces&v=4.0 HTTP/1.1" 304 -
186.80.52.163 - - [26/Feb/2023:22:23:22 -0500] "GET /sipse/faces/javax.faces.resource/jquery/jquery-plugins.js?ln=primefaces&v=4.0 HTTP/1.1" 304 -
186.80.52.163 - - [26/Feb/2023:22:23:22 -0500] "GET /sipse/faces/javax.faces.resource/primefaces.js?ln=primefaces&v=4.0 HTTP/1.1" 304 -
186.80.52.163 - - [26/Feb/2023:22:23:22 -0500] "GET /sipse/faces/javax.faces.resource/layout/layout.js?ln=primefaces&v=4.0 HTTP/1.1" 304 -
186.80.52.163 - - [26/Feb/2023:22:23:22 -0500] "POST /sipse/faces/presentacion/financiero/solicitudProceso/listarSolicitudProceso.xhtml HTTP/1.1" 200 1556
172.22.2.4 - - [26/Feb/2023:22:22:49 -0500] "GET /BLA/boletinlegal/ HTTP/1.1" 200 24523
31.13.127.28 - - [26/Feb/2023:22:23:27 -0500] "GET /images/20%20de%20febrero%20panor\xc3\xa1mica%20de%20Bogot\xc3\xa1%20(1)%20(1).jpeg HTTP/1.1" 404 1034
31.13.127.5 - - [26/Feb/2023:22:23:30 -0500] "GET /images/17%20de%20febrero%20mujeres%20que%20reverdecen.jpeg HTTP/1.1" 200 85735
172.22.2.4 - - [26/Feb/2023:22:23:48 -0500] "GET /BLA/boletinlegal/consulta_actos.php?tipo=resoluciones&no=&usuario=&sector=&fecha=2023&resuelve=aire HTTP/1.1" 200 626
172.22.2.4 - - [26/Feb/2023:22:23:52 -0500] "GET /BLA/boletinlegal/favicon.ico HTTP/1.1" 404 1018
172.22.2.4 - - [26/Feb/2023:22:23:52 -0500] "GET /BLA/boletinlegal/consulta_actos.php?tipo=resoluciones&no=&usuario=&sector=&fecha=2023&resuelve=aire HTTP/1.1" 200 626
172.22.2.4 - - [26/Feb/2023:22:23:36 -0500] "GET /BLA/boletinlegal/ HTTP/1.1" 200 20427
216.245.221.92 - - [26/Feb/2023:22:24:16 -0500] "HEAD / HTTP/1.1" 200 -
172.22.2.4 - - [26/Feb/2023:22:22:47 -0500] "GET /BLA/boletinlegal/ HTTP/1.1" 200 54316
172.22.2.4 - - [26/Feb/2023:22:23:36 -0500] "GET /BLA/boletinlegal/ HTTP/1.1" 200 28619
190.145.230.233 - - [26/Feb/2023:22:25:06 -0500] "GET /conoce-las-medidas-de-prevencion-y-mitigacion-contempladas-en-la-alerta-fase-1-por-calidad-del-aire.html?fbclid=IwAR1NMy2Mh8MIzoyxkGcwheXYVodL-f0ifijNdU2pxn5wAglHo8Zj3oJ79TE HTTP/1.1" 200 917
172.22.2.4 - - [26/Feb/2023:22:25:01 -0500] "HEAD /BLA/boletinlegal/ HTTP/1.1" 200 -
172.22.2.4 - - [26/Feb/2023:22:26:44 -0500] "GET /BLA/boletinlegal/consulta_actos.php?tipo=resoluciones&no=&usuario=&sector=&fecha=2023&resuelve= HTTP/1.1" 200 20079
172.22.2.4 - - [26/Feb/2023:22:26:44 -0500] "GET /BLA/boletinlegal/images/background.gif HTTP/1.1" 200 -
201.244.169.66 - - [26/Feb/2023:22:26:46 -0500] "GET /camino-guadalupe-aguanoso-abierto-de-nuevo-al-publico.html?fbclid=IwAR2jbxnYxBpgselBhRczC4W134zAif9NXFQReWe3MVQfZIchUlk6xbG6YhU HTTP/1.1" 200 879
179.51.111.52 - - [26/Feb/2023:22:26:59 -0500] "GET /BLA/resoluciones/RESOLUCIONES%202023/0308.pdf HTTP/1.1" 200 855203
179.51.111.52 - - [26/Feb/2023:22:26:59 -0500] "GET /favicon.ico HTTP/1.1" 200 7782
172.22.2.4 - - [26/Feb/2023:22:25:51 -0500] "GET /BLA/boletinlegal/ HTTP/1.1" 200 57453
201.245.192.253 - - [26/Feb/2023:22:27:43 -0500] "POST /kwsrmcab/Wsrmcab  HTTP/1.1" 200 41116
66.220.149.12 - - [26/Feb/2023:22:28:02 -0500] "GET /images/facebook-live-ivc-MAYO27.png HTTP/1.1" 200 480404
201.245.192.253 - - [26/Feb/2023:22:28:05 -0500] "POST /kwsrmcab/Wsrmcab HTTP/1.1" 200 41367
201.245.192.253 - - [26/Feb/2023:22:28:08 -0500] "POST /kwsrmcab/Wsrmcab HTTP/1.1" 200 41680
216.245.221.92 - - [26/Feb/2023:22:29:16 -0500] "HEAD / HTTP/1.1" 200 -
185.119.81.97 - - [26/Feb/2023:22:29:31 -0500] "GET /portaldeninos/wp-login.php HTTP/1.1" 200 2592
185.119.81.97 - - [26/Feb/2023:22:29:32 -0500] "POST /portaldeninos/wp-login.php HTTP/1.1" 200 3605
201.244.238.63 - - [26/Feb/2023:22:29:42 -0500] "GET /BLA/resoluciones/index.php?dir=AUTOS+2012%2F HTTP/1.1" 200 275989
201.244.238.63 - - [26/Feb/2023:22:30:05 -0500] "GET /BLA/resoluciones/index.php?dir=AUTOS+2014%2F HTTP/1.1" 200 886613
66.249.66.79 - - [26/Feb/2023:22:30:24 -0500] "-" 408 -
172.22.2.4 - - [26/Feb/2023:22:30:51 -0500] "HEAD /BLA/boletinlegal/ HTTP/1.1" 200 -
201.245.192.253 - - [26/Feb/2023:22:32:41 -0500] "POST /kwsrmcab/Wsrmcab  HTTP/1.1" 200 41116
161.18.126.75 - - [26/Feb/2023:22:33:11 -0500] "GET /conoce-las-medidas-de-prevencion-y-mitigacion-contempladas-en-la-alerta-fase-1-por-calidad-del-aire.html HTTP/1.1" 200 917
172.22.2.4 - - [26/Feb/2023:22:31:41 -0500] "GET /BLA/boletinlegal/ HTTP/1.1" 200 57453
216.245.221.92 - - [26/Feb/2023:22:34:16 -0500] "HEAD / HTTP/1.1" 200 -
186.31.119.70 - - [26/Feb/2023:22:34:35 -0500] "-" 408 -
172.22.2.4 - - [26/Feb/2023:22:33:38 -0500] "GET /BLA/boletinlegal/ HTTP/1.1" 200 61720
172.22.2.4 - - [26/Feb/2023:22:36:11 -0500] "GET /BLA/boletinlegal/consulta_actos.php?tipo=resoluciones&no=3414&usuario=&sector=&fecha=2022&resuelve= HTTP/1.1" 200 626
172.22.2.4 - - [26/Feb/2023:22:36:27 -0500] "GET /BLA/boletinlegal/consulta_actos.php?tipo=resoluciones&no=3414&usuario=&sector=AIRE&fecha=2022&resuelve= HTTP/1.1" 200 626
173.252.83.3 - - [26/Feb/2023:22:36:34 -0500] "GET /images/20%20de%20febrero%20panor\xc3\xa1mica%20de%20Bogot\xc3\xa1%20(1)%20(1).jpeg HTTP/1.1" 404 1034
172.22.2.4 - - [26/Feb/2023:22:36:38 -0500] "GET /BLA/boletinlegal/consulta_actos.php?tipo=resoluciones&no=3415&usuario=&sector=AIRE&fecha=2022&resuelve= HTTP/1.1" 200 626
172.22.2.4 - - [26/Feb/2023:22:36:45 -0500] "GET /BLA/boletinlegal/consulta_actos.php?tipo=resoluciones&no=3415&usuario=&sector=AIRE&fecha=2022&resuelve= HTTP/1.1" 200 626
31.13.127.30 - - [26/Feb/2023:22:36:46 -0500] "GET /images/20%20de%20febrero%20panor\xc3\xa1mica%20de%20Bogot\xc3\xa1%20(1)%20(1).jpeg HTTP/1.1" 404 1034
31.13.127.4 - - [26/Feb/2023:22:36:50 -0500] "GET /images/17%20de%20febrero%20mujeres%20que%20reverdecen.jpeg HTTP/1.1" 200 85735
173.252.83.12 - - [26/Feb/2023:22:36:51 -0500] "GET /images/Juan%20Rey%20febrero%2013.jpg HTTP/1.1" 200 55934
31.13.127.5 - - [26/Feb/2023:22:36:57 -0500] "GET /images/Juan%20Rey%20febrero%2013.jpg HTTP/1.1" 200 55934
31.13.127.26 - - [26/Feb/2023:22:36:57 -0500] "GET /images/Rmasar%2018%20de%20febrero%20Grupo.jpg HTTP/1.1" 200 68398
31.13.127.118 - - [26/Feb/2023:22:36:57 -0500] "GET /images/WhatsApp%20Image%202023-02-15%20at%205.07.25%20PM.jpeg HTTP/1.1" 200 50573
31.13.127.30 - - [26/Feb/2023:22:36:57 -0500] "GET /images/Conversatorio%20aire%201%20(1).jpeg HTTP/1.1" 200 72040
31.13.127.11 - - [26/Feb/2023:22:36:57 -0500] "GET /images/Sello%201%20JA-2.jpeg HTTP/1.1" 200 42236
172.22.2.4 - - [26/Feb/2023:22:37:00 -0500] "GET /BLA/boletinlegal/consulta_actos.php?tipo=resoluciones&no=3415&usuario=&sector=AIRE&fecha=2022&resuelve=POR%20LA%20CUAL%20SE%20RESUELVE%20UNA%20SOLI HTTP/1.1" 200 626
172.22.2.4 - - [26/Feb/2023:22:37:06 -0500] "GET /BLA/boletinlegal/consulta_actos.php?tipo=resoluciones&no=3415&usuario=&sector=AIRE&fecha=2022&resuelve=POR%20LA%20CUAL%20SE%20RESUELVE%20UNA%20SOLI HTTP/1.1" 200 626
172.22.2.4 - - [26/Feb/2023:22:37:07 -0500] "GET /BLA/boletinlegal/consulta_actos.php?tipo=resoluciones&no=3415&usuario=&sector=AIRE&fecha=2022&resuelve=POR%20LA%20CUAL%20SE%20RESUELVE%20UNA%20SOLI HTTP/1.1" 200 626
172.22.2.4 - - [26/Feb/2023:22:37:07 -0500] "GET /BLA/boletinlegal/consulta_actos.php?tipo=resoluciones&no=3415&usuario=&sector=AIRE&fecha=2022&resuelve=POR%20LA%20CUAL%20SE%20RESUELVE%20UNA%20SOLI HTTP/1.1" 200 626
172.22.2.4 - - [26/Feb/2023:22:37:08 -0500] "GET /BLA/boletinlegal/consulta_actos.php?tipo=resoluciones&no=3415&usuario=&sector=AIRE&fecha=2022&resuelve=POR%20LA%20CUAL%20SE%20RESUELVE%20UNA%20SOLI HTTP/1.1" 200 626
172.22.2.4 - - [26/Feb/2023:22:37:16 -0500] "GET /BLA/boletinlegal/consulta_actos.php?tipo=resoluciones&no=3415&usuario=&sector=PEV&fecha=2022&resuelve=POR%20LA%20CUAL%20SE%20RESUELVE%20UNA%20SOLI HTTP/1.1" 200 1782
172.22.2.4 - - [26/Feb/2023:22:37:16 -0500] "GET /BLA/boletinlegal/images/pdf.gif HTTP/1.1" 200 567
172.22.2.4 - - [26/Feb/2023:22:37:29 -0500] "GET /BLA/boletinlegal/consulta_actos.php?tipo=resoluciones&no=3414&usuario=&sector=PEV&fecha=2022&resuelve=POR%20LA%20CUAL%20SE%20RESUELVE%20UNA%20SOLI HTTP/1.1" 200 626
172.22.2.4 - - [26/Feb/2023:22:37:30 -0500] "GET /BLA/boletinlegal/Circulares/2019/.pdf HTTP/1.1" 404 1218
172.22.2.4 - - [26/Feb/2023:22:37:39 -0500] "GET /BLA/boletinlegal/Circulares/2012/Circular%20No.%2010%20del%2026%20de%20Enero%20de%202012.pdf HTTP/1.1" 404 1218
172.22.2.4 - - [26/Feb/2023:22:37:39 -0500] "GET /BLA/boletinlegal/consulta_actos.php?tipo=resoluciones&no=3413&usuario=&sector=PEV&fecha=2022&resuelve=POR%20LA%20CUAL%20SE%20RESUELVE%20UNA%20SOLI HTTP/1.1" 200 626
201.245.192.253 - - [26/Feb/2023:22:37:39 -0500] "POST /kwsrmcab/Wsrmcab  HTTP/1.1" 200 41116
172.22.2.4 - - [26/Feb/2023:22:37:45 -0500] "GET /BLA/boletinlegal/consulta_actos.php?tipo=resoluciones&no=3413&usuario=&sector=PEV&fecha=2022&resuelve=POR%20LA%20CUAL%20SE%20RESUELVE%20UNA%20SOLI HTTP/1.1" 200 626
172.22.2.4 - - [26/Feb/2023:22:37:50 -0500] "GET /BLA/boletinlegal/consulta_actos.php?tipo=resoluciones&no=3413&usuario=&sector=PEV&fecha=2022&resuelve=POR%20LA%20CUAL%20SE%20RESUELVE%20UNA%20SOLI HTTP/1.1" 200 626
172.22.2.4 - - [26/Feb/2023:22:37:52 -0500] "GET /BLA/boletinlegal/consulta_actos.php?tipo=resoluciones&no=3413&usuario=&sector=PEV&fecha=2022&resuelve=POR%20LA%20CUAL%20SE%20RESUELVE%20UNA%20SOLI HTTP/1.1" 200 626
172.22.2.4 - - [26/Feb/2023:22:37:53 -0500] "GET /BLA/boletinlegal/consulta_actos.php?tipo=resoluciones&no=3413&usuario=&sector=PEV&fecha=2022&resuelve=POR%20LA%20CUAL%20SE%20RESUELVE%20UNA%20SOLI HTTP/1.1" 200 626
172.22.2.4 - - [26/Feb/2023:22:37:53 -0500] "GET /BLA/boletinlegal/consulta_actos.php?tipo=resoluciones&no=3413&usuario=&sector=PEV&fecha=2022&resuelve=POR%20LA%20CUAL%20SE%20RESUELVE%20UNA%20SOLI HTTP/1.1" 200 626
172.22.2.4 - - [26/Feb/2023:22:38:06 -0500] "GET /BLA/boletinlegal/consulta_actos.php?tipo=resoluciones&no=3415&usuario=&sector=PEV&fecha=2022&resuelve=POR%20LA%20CUAL%20SE%20RESUELVE%20UNA%20SOLI HTTP/1.1" 200 1782
201.245.192.253 - - [26/Feb/2023:22:38:05 -0500] "POST /kwsrmcab/Wsrmcab HTTP/1.1" 200 41367
201.245.192.253 - - [26/Feb/2023:22:38:08 -0500] "POST /kwsrmcab/Wsrmcab HTTP/1.1" 200 41680
172.22.2.4 - - [26/Feb/2023:22:36:41 -0500] "HEAD /BLA/boletinlegal/ HTTP/1.1" 200 -
201.244.238.63 - - [26/Feb/2023:22:38:22 -0500] "GET /BLA/resoluciones/index.php?dir=AUTOS+2016%2F HTTP/1.1" 200 327873
201.244.238.63 - - [26/Feb/2023:22:38:38 -0500] "GET /BLA/resoluciones/AUTOS%202016/1761.pdf HTTP/1.1" 200 482533
173.252.107.9 - - [26/Feb/2023:22:38:54 -0500] "GET /si-tienes-ropa-y-calzado-que-ya-no-usas-aca-te-presentamos-seis-puntos-a-donde-los-puedes-llevar.html HTTP/1.1" 206 872
173.252.79.118 - - [26/Feb/2023:22:38:56 -0500] "GET /images/prendas-1_optimized.jpeg HTTP/1.1" 200 65869
172.22.2.4 - - [26/Feb/2023:22:39:01 -0500] "GET /BLA/boletinlegal/favicon.ico HTTP/1.1" 404 1326
181.53.13.61 - - [26/Feb/2023:22:39:03 -0500] "GET /BLA/resoluciones/index.php?dir=RESOLUCIONES+2022%2F HTTP/1.1" 200 288318
172.22.2.4 - - [26/Feb/2023:22:37:31 -0500] "GET /BLA/boletinlegal/ HTTP/1.1" 200 54718
216.245.221.92 - - [26/Feb/2023:22:39:16 -0500] "HEAD / HTTP/1.1" 200 -
66.249.72.77 - - [26/Feb/2023:22:39:35 -0500] "-" 408 -
52.167.144.81 - - [26/Feb/2023:22:40:02 -0500] "GET / HTTP/1.1" 200 319
201.245.192.253 - - [26/Feb/2023:22:42:38 -0500] "POST /kwsrmcab/Wsrmcab  HTTP/1.1" 200 41116
40.77.167.172 - - [26/Feb/2023:22:42:49 -0500] "GET /portaldeninos/wp-content/uploads/2020/11/Juan-Amarillo-B-768x432.jpg HTTP/1.1" 200 62229
172.22.2.4 - - [26/Feb/2023:22:42:31 -0500] "HEAD /BLA/boletinlegal/ HTTP/1.1" 200 -
216.245.221.92 - - [26/Feb/2023:22:44:16 -0500] "HEAD / HTTP/1.1" 200 -
172.22.2.4 - - [26/Feb/2023:22:43:21 -0500] "GET /BLA/boletinlegal/ HTTP/1.1" 200 53432
201.245.192.253 - - [26/Feb/2023:22:47:36 -0500] "POST /kwsrmcab/Wsrmcab  HTTP/1.1" 200 41116
66.249.72.73 - - [26/Feb/2023:22:47:49 -0500] "-" 408 -
216.245.221.92 - - [26/Feb/2023:22:49:16 -0500] "HEAD / HTTP/1.1" 200 -
207.46.13.211 - - [26/Feb/2023:22:49:25 -0500] "GET /sipse/faces/autenticacion.xhtml HTTP/1.1" 200 12495
172.22.2.4 - - [26/Feb/2023:22:48:21 -0500] "HEAD /BLA/boletinlegal/ HTTP/1.1" 200 -
172.22.2.4 - - [26/Feb/2023:22:49:11 -0500] "GET /BLA/boletinlegal/ HTTP/1.1" 200 53432
5.102.173.71 - - [26/Feb/2023:22:51:21 -0500] "-" 408 -
201.245.192.253 - - [26/Feb/2023:22:52:34 -0500] "POST /kwsrmcab/Wsrmcab  HTTP/1.1" 200 41116
40.77.167.249 - - [26/Feb/2023:22:53:04 -0500] "GET /portaldeninos/parque-mirador-de-los-nevados/ HTTP/1.1" 200 89855
216.245.221.92 - - [26/Feb/2023:22:54:16 -0500] "HEAD / HTTP/1.1" 200 -
172.22.2.4 - - [26/Feb/2023:22:54:11 -0500] "HEAD /BLA/boletinlegal/ HTTP/1.1" 200 -
69.171.249.5 - - [26/Feb/2023:22:55:56 -0500] "GET /camino-guadalupe-aguanoso-abierto-de-nuevo-al-publico.html HTTP/1.1" 206 879
172.22.2.4 - - [26/Feb/2023:22:55:01 -0500] "GET /BLA/boletinlegal/ HTTP/1.1" 200 57453
172.22.2.4 - - [26/Feb/2023:22:56:58 -0500] "GET /BLA/boletinlegal/Circulares/2017/Circular%20No.%20011%20del%2005%20de%20julio%20de%202017.pdf HTTP/1.1" 200 965526
172.22.2.4 - - [26/Feb/2023:22:56:59 -0500] "GET /BLA/boletinlegal/Circulares/2017/Circular%20No.%20011%20del%2005%20de%20julio%20de%202017.pdf HTTP/1.1" 206 1025
172.22.2.4 - - [26/Feb/2023:22:56:59 -0500] "GET /BLA/boletinlegal/Circulares/2017/Circular%20No.%20011%20del%2005%20de%20julio%20de%202017.pdf HTTP/1.1" 200 965526
201.245.192.253 - - [26/Feb/2023:22:57:32 -0500] "POST /kwsrmcab/Wsrmcab  HTTP/1.1" 200 41116
216.245.221.92 - - [26/Feb/2023:22:59:16 -0500] "HEAD / HTTP/1.1" 200 -
135.125.219.40 - - [26/Feb/2023:23:01:39 -0500] "GET /calidad-del-aire-en-bogota-afectada-de-nuevo-por-incendios-forestales-se-decreta-alerta-fase-1.html HTTP/1.1" 200 1057
172.22.2.4 - - [26/Feb/2023:23:00:01 -0500] "HEAD /BLA/boletinlegal/ HTTP/1.1" 200 -
172.22.2.4 - - [26/Feb/2023:23:00:51 -0500] "GET /BLA/boletinlegal/ HTTP/1.1" 200 59164
201.245.192.253 - - [26/Feb/2023:23:02:30 -0500] "POST /kwsrmcab/Wsrmcab  HTTP/1.1" 200 41116
201.244.238.63 - - [26/Feb/2023:23:02:44 -0500] "GET /BLA/resoluciones/index.php?dir=AUTOS+2014%2F HTTP/1.1" 200 886613
201.244.238.63 - - [26/Feb/2023:23:03:25 -0500] "GET /BLA/resoluciones/AUTOS%202014/3724.pdf HTTP/1.1" 200 491816
69.171.249.6 - - [26/Feb/2023:23:03:34 -0500] "GET /images/foto%202.jpg HTTP/1.1" 200 63300
173.252.127.7 - - [26/Feb/2023:23:03:43 -0500] "GET /images/Fauna%20Silvestre%20SDA%2002.jpeg HTTP/1.1" 200 41590
216.245.221.92 - - [26/Feb/2023:23:04:16 -0500] "HEAD / HTTP/1.1" 200 -
52.167.144.90 - - [26/Feb/2023:23:05:30 -0500] "GET /BLA/resoluciones/RESOLUCIONES%202002/ANEXOS/2002RES590.tif HTTP/1.1" 200 388166
52.167.144.97 - - [26/Feb/2023:23:05:54 -0500] "GET /sipse/faces/faces/autenticacion.xhtml HTTP/1.1" 200 12495
172.22.2.4 - - [26/Feb/2023:23:05:51 -0500] "HEAD /BLA/boletinlegal/ HTTP/1.1" 200 -
201.245.192.253 - - [26/Feb/2023:23:07:32 -0500] "POST /kwsrmcab/Wsrmcab  HTTP/1.1" 200 41116
172.22.2.4 - - [26/Feb/2023:23:06:41 -0500] "GET /BLA/boletinlegal/ HTTP/1.1" 200 59164
191.95.55.207 - - [26/Feb/2023:23:08:27 -0500] "GET /kwssiamovil/sm/acme/a?s=U2FsdGVkX1+568yYlg3BZbRuGgUoYPyVCfn1MdcRCFcN2jWK95JDxT44SzqVRIS+DAqIt40Su3Ym4Oqt9KGaW+ugfvlYgKHrAHuV5XFxFEVNOXuxmh9ByWvDBAdJQAwMZEdT4glPXiFzjS6ouZwAQ7+daYQCH3FRS/8m/3xRT/soCJ8sM/mjvlCVszlsR/IWss7mRFOi7DEiH54bfm4LzuJVWm3gE7eSOb/cswIVV/ZQKHawh1BfU7lYeHjbfndh5Mk1Eyq66UEMK9VzUjLc+g==&u=U2FsdGVkX1+z3SEpCHtRb9gWWShfxyqPQEQXc88M9szIR8gTzDWcyoVA/Sjie3Kw&y=U2FsdGVkX18rLbXjYNklGOgXNcbGpToXAeno+VtfitgeWqAij+6jQCRhYhKwu90f HTTP/1.1" 200 26
191.95.55.207 - - [26/Feb/2023:23:08:27 -0500] "GET /kwssiamovil/sm/acme/a?s=U2FsdGVkX19EhPc61xDszAyzyoyqFXRgwDcUf+WVEpPTnZHIZ8b5Qhol8Eor+kfY7Bx01+I51oO6kZnz2WAbUv1VklF3F1H/YjwCySxyMlVdRHl/KbzVaZH6gGaHpzqa3JwP+YMdSDqC/K8DQIyTvrRBCJXdGoBvsGE83qOgxFMzv1WACvRxBqLri2RvAEFZwqeCLEJ9xxE3SPOMYlweejZSqyilp+BkrLK/hIQZH6SMmiFSd21LQHEcXpTHNvHTD1GcTQ/M76eYxxg/i6He51qDT7TPtf15paX5SGCq2xpvozvXFufxRvv9QKHGj4ZZ53aAfhhgK9McooqZoWWOA+TkVrw1w4Wtf2J4md4tJterLJeBNm+j6y3w2Ban6xNW87a1AaqEIFvQRMCgBujMNjgytHGKCozrwtyd95+fweUJ967wxOynzn+TU/WzreGFQXitnuVeejjLr7HttW5E+ldTc81AnPIgzzM7chn158VQFqezVrMrgT4Ut81lnd/rRqOUWdNbtpHozPcuR2EzNLAVYlGqR9455V3kBsRHa2CNUwXIy0Z0r1mLzSuYR4lXshxqoBp4U/3fxXInqSwXNiuB3SdijYs5G/UoogwQ5OrQD6iEJV8qAJoxYNZJjH4j7Xsm3t8hKV3lgRdodUVF37fe3nF7+nFx0lF7+Gyv6whf/Dt5s5BeQjGoSL/z0YmiBz0D7mtyj/xFvZXIRzBm90aXsU/nZiquazlkXTXX6ANf44KZLr4QX12mwJUct7rT00vKk3A4FduZPze7JBeBgXXa28dz7Cwg89mgG5oYjqr7+E2wSuysj9SbT+uUF7bJ5KzMpDUK8QdqkNjMYHlOY/tAYhp05pvontz8YbCppkxTGwJ9U4PVJPdrAvIC7YdmoSS9a4p93OrgVEU91W4WA0njYWoCiKVfFXT9yFkxPP43sPJdCyi270AX6/56GMRYz1MtJ0jXbdnzlGnUAImr8NzZDQlWNaDSsC7X2GVIfBR28lpxhHJmWnNemtPl0dJmjv/uMBJMMbcB9WETgrA7ojjQvUGdir7rB+rQ9JXetlKnSicHe5OP2ydgA3Ciax2+XdVPaHZXhpkj3nEWQPUhWLNZMGM38L+mXlOQgcMm8su4HRXQqzZ3eGlSwTaIqRE5HzgSwmiY3FRLDG7xJeKUIBmVvMbaq8B6V0H9OorJXApZi/ZtpEAlKgeoursmIt2cweakS+aag69FzxkRcbOSl4jyruwSWD01RB6HnLjEJjaIaBDpm85jiVAouZk3DBgGuUQmacu3NJhCF83zew4XAeflyCPTTfgGUVJABf5xdTHjs9FCX3dIZug2PJVCgSAKXpcFtdB5V73qk+bApv4CrA==&u=U2FsdGVkX1+z3SEpCHtRb9gWWShfxyqPQEQXc88M9szIR8gTzDWcyoVA/Sjie3Kw&y=U2FsdGVkX18rLbXjYNklGOgXNcbGpToXAeno+VtfitgeWqAij+6jQCRhYhKwu90f HTTP/1.1" 200 26
191.95.55.207 - - [26/Feb/2023:23:08:27 -0500] "GET /kwssiamovil/sm/acme/a?s=U2FsdGVkX1+gBQ95N+/Or4nf2V/ytXgwX0+bvsC7N4MFxWXiRtMDB2eiSRRtZdZzSeUXuFYkMzkxaZWf1650M2NOvBCLrEMHPoaWf5e8p5cTdKkLHmXfBIy41EsPKNCSbPjEzcRvl6czYmK9fpqNxuvsfs1xyuoYzOrjO43QHYo=&u=U2FsdGVkX1+z3SEpCHtRb9gWWShfxyqPQEQXc88M9szIR8gTzDWcyoVA/Sjie3Kw&y=U2FsdGVkX18rLbXjYNklGOgXNcbGpToXAeno+VtfitgeWqAij+6jQCRhYhKwu90f HTTP/1.1" 200 26
191.95.55.207 - - [26/Feb/2023:23:08:28 -0500] "GET /kwssiamovil/sm/acme/a?s=U2FsdGVkX1+KWpX0PKOYrVAUfqOITZDmymDZ95ljdih++Ih8eK0JvDArC8U7txAUl7ae4/eQI9qiVeRLy8EGa8uyO7Gq9I5W8nqROVAAiTaKhHKjhQqxCLQmdVwVPpptW7NECHcYtY77XVoRf01UBvIgdi0QljincTao3MI4DOQ=&u=U2FsdGVkX1+z3SEpCHtRb9gWWShfxyqPQEQXc88M9szIR8gTzDWcyoVA/Sjie3Kw&y=U2FsdGVkX18rLbXjYNklGOgXNcbGpToXAeno+VtfitgeWqAij+6jQCRhYhKwu90f HTTP/1.1" 200 26
191.95.55.207 - - [26/Feb/2023:23:08:28 -0500] "GET /kwssiamovil/sm/acme/a?s=U2FsdGVkX1/SE4WYC/fgLegRbau8qYXY0+EIJGSxvESHzTyOlz7Zt16mjkGpRAnXeePw/FTSxdMJ1fdYPXTyjy63WkIcbpebBQ0sLIDJvVQC1u3XNyU0cV/ANbOHcGe9GhcPBm0IrEP67KVUS0XK33ESqc4s2LgFCcoyLMYB/u0=&u=U2FsdGVkX1+z3SEpCHtRb9gWWShfxyqPQEQXc88M9szIR8gTzDWcyoVA/Sjie3Kw&y=U2FsdGVkX18rLbXjYNklGOgXNcbGpToXAeno+VtfitgeWqAij+6jQCRhYhKwu90f HTTP/1.1" 200 26
191.95.55.207 - - [26/Feb/2023:23:08:28 -0500] "GET /kwssiamovil/sm/acme/a?s=U2FsdGVkX1+kWIBGz6TzbxewORv3yD2VhKeBFuIjWXoU3AwEHMpCZAjgcFqF2FL0PD2EoJdx8zYzBWWEEUJwgFI5XHUQsxgcY33IHxPj6D8d7qI1+r0087Tj2hR0fKxtUqwVEmjpLH/6jNFaKO8hXx/zWhJIB79wN0SygbcoB/zxc4vkkYQ1DFZlsCXBmwC+SdIz+SYMRwodOZJvUrWWcA==&u=U2FsdGVkX1+z3SEpCHtRb9gWWShfxyqPQEQXc88M9szIR8gTzDWcyoVA/Sjie3Kw&y=U2FsdGVkX18rLbXjYNklGOgXNcbGpToXAeno+VtfitgeWqAij+6jQCRhYhKwu90f HTTP/1.1" 200 26
216.245.221.92 - - [26/Feb/2023:23:09:16 -0500] "HEAD / HTTP/1.1" 200 -
201.245.192.253 - - [26/Feb/2023:23:12:30 -0500] "POST /kwsrmcab/Wsrmcab  HTTP/1.1" 200 41116
172.22.2.4 - - [26/Feb/2023:23:11:41 -0500] "HEAD /BLA/boletinlegal/ HTTP/1.1" 200 -
69.171.249.12 - - [26/Feb/2023:23:14:05 -0500] "GET /images/20%20de%20febrero%20panor\xc3\xa1mica%20de%20Bogot\xc3\xa1%20(1)%20(1).jpeg HTTP/1.1" 404 1034
69.171.249.12 - - [26/Feb/2023:23:14:07 -0500] "GET /images/17%20de%20febrero%20mujeres%20que%20reverdecen.jpeg HTTP/1.1" 200 85735
172.22.2.4 - - [26/Feb/2023:23:12:31 -0500] "GET /BLA/boletinlegal/ HTTP/1.1" 200 57453
216.245.221.92 - - [26/Feb/2023:23:14:16 -0500] "HEAD / HTTP/1.1" 200 -
201.245.192.253 - - [26/Feb/2023:23:17:28 -0500] "POST /kwsrmcab/Wsrmcab  HTTP/1.1" 200 41116
201.245.192.253 - - [26/Feb/2023:23:18:05 -0500] "POST /kwsrmcab/Wsrmcab HTTP/1.1" 200 41222
201.245.192.253 - - [26/Feb/2023:23:18:08 -0500] "POST /kwsrmcab/Wsrmcab HTTP/1.1" 200 41683
172.22.2.4 - - [26/Feb/2023:23:17:31 -0500] "HEAD /BLA/boletinlegal/ HTTP/1.1" 200 -
216.245.221.92 - - [26/Feb/2023:23:19:16 -0500] "HEAD / HTTP/1.1" 200 -
172.22.2.4 - - [26/Feb/2023:23:18:21 -0500] "GET /BLA/boletinlegal/ HTTP/1.1" 200 52622
40.77.167.248 - - [26/Feb/2023:23:21:59 -0500] "GET /portaldeninos/aulas-ambientales/aula-ambiental-sorotama/ HTTP/1.1" 200 89596
201.245.192.253 - - [26/Feb/2023:23:22:26 -0500] "POST /kwsrmcab/Wsrmcab  HTTP/1.1" 200 41116
216.245.221.92 - - [26/Feb/2023:23:24:16 -0500] "HEAD / HTTP/1.1" 200 -
172.22.2.4 - - [26/Feb/2023:23:23:21 -0500] "HEAD /BLA/boletinlegal/ HTTP/1.1" 200 -
172.22.2.4 - - [26/Feb/2023:23:24:11 -0500] "GET /BLA/boletinlegal/ HTTP/1.1" 200 57058
69.63.184.4 - - [26/Feb/2023:23:26:38 -0500] "GET /semana-ambiental-2022-del-31-de-mayo-al-5-de-junio-se-celebrara-en-bogota.html HTTP/1.1" 206 799
201.245.192.253 - - [26/Feb/2023:23:27:24 -0500] "POST /kwsrmcab/Wsrmcab  HTTP/1.1" 200 41116
31.13.127.31 - - [26/Feb/2023:23:28:03 -0500] "GET /conoce-las-medidas-de-prevencion-y-mitigacion-contempladas-en-la-alerta-fase-1-por-calidad-del-aire.htmli?fbclid=IwAR3wkyp50GDNGjmknhotBm4GC13FvRmETVWxx8aUMx-ZhFc-jx0lYvlUbBk HTTP/1.1" 404 1034
31.13.127.31 - - [26/Feb/2023:23:28:03 -0500] "GET /favicon.ico HTTP/1.1" 404 1550
201.245.192.253 - - [26/Feb/2023:23:28:05 -0500] "POST /kwsrmcab/Wsrmcab HTTP/1.1" 200 41222
201.245.192.253 - - [26/Feb/2023:23:28:08 -0500] "GET /kwsrmcab/Wsrmcab?wsdl HTTP/1.1" 200 6948
201.245.192.253 - - [26/Feb/2023:23:28:08 -0500] "POST /kwsrmcab/Wsrmcab HTTP/1.1" 200 41683
31.13.115.5 - - [26/Feb/2023:23:28:28 -0500] "GET /conoce-las-medidas-de-prevencion-y-mitigacion-contempladas-en-la-alerta-fase-1-por-calidad-del-aire.htmli HTTP/1.1" 404 1034
40.77.167.248 - - [26/Feb/2023:23:28:50 -0500] "GET /portaldeninos/aulas-ambientales/aula-ambiental-sorotama/ HTTP/1.1" 200 89596
216.245.221.92 - - [26/Feb/2023:23:29:16 -0500] "HEAD / HTTP/1.1" 200 -
66.249.66.81 - - [26/Feb/2023:23:30:23 -0500] "-" 408 -
172.22.2.4 - - [26/Feb/2023:23:29:11 -0500] "HEAD /BLA/boletinlegal/ HTTP/1.1" 200 -
172.22.2.4 - - [26/Feb/2023:23:30:01 -0500] "GET /BLA/boletinlegal/ HTTP/1.1" 200 58803
201.245.192.253 - - [26/Feb/2023:23:32:24 -0500] "POST /kwsrmcab/Wsrmcab  HTTP/1.1" 200 41116
173.252.127.11 - - [26/Feb/2023:23:32:32 -0500] "GET /images/reunion-planta-termovalorizacion-11-mayo.jpg HTTP/1.1" 200 34782
40.77.167.249 - - [26/Feb/2023:23:33:18 -0500] "GET /calidad-del-aire-en-bogota-afectada-de-nuevo-por-incendios-forestales-se-decreta-alerta-fase-1.html HTTP/1.1" 200 1057
216.245.221.92 - - [26/Feb/2023:23:34:16 -0500] "HEAD / HTTP/1.1" 200 -
172.22.2.4 - - [26/Feb/2023:23:33:36 -0500] "GET /BLA/boletinlegal/ HTTP/1.1" 200 60383
172.22.2.4 - - [26/Feb/2023:23:35:23 -0500] "GET /BLA/boletinlegal/jurisprudencia/analisis/CUADRO%20ANALISIS%20SENTENCIA%20T-411%20DE%201992.doc HTTP/1.1" 200 41984
157.90.251.233 - - [26/Feb/2023:23:36:22 -0500] "GET / HTTP/1.1" 200 319
157.90.251.233 - - [26/Feb/2023:23:36:24 -0500] "GET / HTTP/1.1" 200 4720
172.22.2.4 - - [26/Feb/2023:23:35:01 -0500] "HEAD /BLA/boletinlegal/ HTTP/1.1" 200 -
201.245.192.253 - - [26/Feb/2023:23:37:22 -0500] "POST /kwsrmcab/Wsrmcab  HTTP/1.1" 200 41116
172.22.2.4 - - [26/Feb/2023:23:37:30 -0500] "GET /BLA/boletinlegal/Circulares/2019/.pdf HTTP/1.1" 404 1218
172.22.2.4 - - [26/Feb/2023:23:35:51 -0500] "GET /BLA/boletinlegal/ HTTP/1.1" 200 59164
172.22.2.4 - - [26/Feb/2023:23:37:39 -0500] "GET /BLA/boletinlegal/Circulares/2012/Circular%20No.%2010%20del%2026%20de%20Enero%20de%202012.pdf HTTP/1.1" 404 1218
201.245.192.253 - - [26/Feb/2023:23:38:05 -0500] "POST /kwsrmcab/Wsrmcab HTTP/1.1" 200 41222
201.245.192.253 - - [26/Feb/2023:23:38:08 -0500] "POST /kwsrmcab/Wsrmcab HTTP/1.1" 200 41683
216.245.221.92 - - [26/Feb/2023:23:39:16 -0500] "HEAD / HTTP/1.1" 200 -
191.95.55.207 - - [26/Feb/2023:23:42:11 -0500] "GET /kwssiamovil/sm/acme/a?s=U2FsdGVkX1+0tx2/xrcBrFkMuEuNzy+7U5brfcPaANra+Zt8I76C8pf70o54jdBSdb83I/obGqC+3rJwKpcLmTKc0Ab6kPrMpu+ZLTV9kmQUkxphE4wXMUsCS8JfxxId6qpybIUVtmGc0j8tyrNPzdplDNNeInei6WPORPgsBe4OPHRhGjBOkayLEQHVPoxg3cKQiXidYkGebeW+mDNRaCjaLbSjfO7R1QUM/yihi9b4BQpbmAD314VMd7misouTqIKNPRyShOIgl1KKO8T0Xg==&u=U2FsdGVkX1+z3SEpCHtRb9gWWShfxyqPQEQXc88M9szIR8gTzDWcyoVA/Sjie3Kw&y=U2FsdGVkX18rLbXjYNklGOgXNcbGpToXAeno+VtfitgeWqAij+6jQCRhYhKwu90f HTTP/1.1" 200 26
191.95.55.207 - - [26/Feb/2023:23:42:11 -0500] "GET /kwssiamovil/sm/acme/a?s=U2FsdGVkX19axdnEOeIU/GPUHyLsSkVr/PWoJtLn3bM0Qo30uBy/Vp0K1by+gbvipZVxOqWg5rg70AxqiMZAEcURWODfxcJt8ElMa2JAJZslHFOcPeIYRHRoo0QXfxFzScYdJ5t3b6SZ1dSYDE1pJYSEknJ4FDf0y1oj5Dtnzo2SeIANuPblCLMqwkevZCdnlv3eupjm9f9f9H1Xt9jP5bK90GVguurCQmLz5pVQbhRuzmqDfZ3cVnq/1JtvtKR3V8TIxp+dmRKHp6P5RyjdVp21x0Fod5hhiaOBQFtBYMTvuOgXn4vhWP/qCZT6JA4BtaBB3lCGGzpi2q0NxGHEwvP82XJWXi4mrCEPyaLhJ81dK47tVAcBFhVKqpKJpdej+KtgBAwzvC+bmWrTJ2Fo/qk5tXaqDemKlAxFBPTLNnREoRPjVpm0Q4R5Dy98rYya7h3iPvg7wlo2sB+HCgohtwxRJpPfCncjoEps152EHd9D8JP3pi5MkdnSvwTZO0oxL5t43uYzEM8HuMMaEXBRBKWH4YlCk4Bip2md72a0o4mOvBIMyFLhDa6/0KBLEeyKhIq2IR/Lymnszd7m+VcaxeBGCoyqskDE5ZaJ3ZOFGo06sUsgb6DPAn84rpYPzSyIreTt/X7ZirRScur0Es/itrJGoiFpgaqYMzSitPYRr9rM3Je1DsLe1PvzR58rvaOldkLnv2I96Mfa+ZA4SZnGRtQeWbOH3Rs2bxFcspR+zXZArIby3pNXOzTYPtofOOGDKixMhATEwJOp18gvpMDD1fFoSSal1YUMubCa6A5aoO/IX7uXk/aLY+Sy/iXYgbQgm3vVwJ6w+ISZ0lxHgsvuPUmt97sPS3Llfxp17UD+Yd6QHrduJtGGyrrKCMNynkUhxyrjcEocxxUhe6UqHsaWGHMPc7rjDTzZDdqJ2ob+dIpA9LJlkyvSUbePTTNcZgiwhZwSF2RReIOCTFcwOo9o8J4gHmFFqz90cuD86onex0O81ppytDUp2MBVZqYHbOcB35YCoNFFLRhL4IjA5iZo0YYexUqmFwKiZ51sKGTb/GBPjK+anTcJAVpuMsoloTrbGBt1nBP1JTyMMA7euRdLJX6KzcBLuVFjVeIBBMtCF9s36Rg7q/RLKeh30z8R3+Umk8MxSen3DUhZrcv6t90viB0gK3OVM3P4c9wriVio8wpydyYJa2qGX5J3s5Jj1xnuibY4FT5Ip9KarBqkjes7NPxgD74zJi8TGbi0TCRYfkgOQIkmTL5OoGNlvSWXVUR04xoHwt53QkzfyZMW+ACUAEqN880VeJWQc0LIcqfWp7xJCIvaEtR50kNIPZH/jGjTH0M2agibWMeM2z10s00p9qxcoAyF/kbpjaSbrV29I0Q4oEjmrzBcA4BLy5qyaoZxegBQukoJ+nMcY/1NEWTDeYODi97YVlmMi1jRw2P/BS/EPALQAlqjlApBkQkHSyuQ1fxbEGdKlb09PtbSVnZo5lk3fq9lHHG2ih5HW/RVdDy32wnAoEjIH9Kbug6JQTpjBZw3xz8K5442r5GVRWNkQG1IGUiublnxWsxv/xYRG301XSSev3MWY8CnHw/oIxIwg52Vdpzeb3FpXPnJaG3iTIEhYzPlxastZV/4YVopDGca0Wn7lhspToxxksr8uGusGaG4wWaEENrQBlrh9BVWVmycsBXV72LOKnEkHKM2Cy/AXywsFmItbrRSHbK20wFS4pDTbklU2w59DnnMpfucnOncFf8M79U5XbvAKbkEuqZM0VpC6kEd8vcnuUjZikFcpZe0kUuRnfI8P4drz5zWy9HK2WNKxvlfokYPfFsdsfUjLcF0/8RLIq0YntCGXLDolDK+PPqvX+Nxk6HVbMP51wQBCH9qWO2py1DauBYTs5xlFv50z7XUAn8RhOS1DUouSRaiwExlixxvIOgaG8hGyk1jf5LBq4yRMUdf9gT1YpJPqFDItFFtlbVLnuAY2uod7zIvKfhGB+GnzdEkxD6chdAVN3GO/vxfgSEdNK3UCGFlNjus9e50W3YCbeGF2vZfqIzhdt4H882rZ4UzwoyPF/qGmRFxjriD6xGxM6wc/QCfMLWE4UuvcuuIOlh1FUDgoG03udwe/BYCQm9gUTAY+Cs+ciHugMVw0Po7AIw4LJ1T616UnANgZidzFz1cEYmdcyVxiL2IWZQKsN5nFWPy08ZlfBhl1XUb0cLxHz/x1lvj/Q1Ev8bcsrwEYWayd2WUThc3cGz0e0T4UUAJdvate6T8m5L16Aj7OBLi5dEmrfTJg0stG4FzMj7Wj3Ck2v211EZmXD2K1cMtROgsmL4JsscJ+KDgPrM4TUmYpsPBC7fyejTH4/7Y35nY1D8OcIm5&u=U2FsdGVkX1+z3SEpCHtRb9gWWShfxyqPQEQXc88M9szIR8gTzDWcyoVA/Sjie3Kw&y=U2FsdGVkX18rLbXjYNklGOgXNcbGpToXAeno+VtfitgeWqAij+6jQCRhYhKwu90f HTTP/1.1" 200 26
191.95.55.207 - - [26/Feb/2023:23:42:12 -0500] "GET /kwssiamovil/sm/acme/a?s=U2FsdGVkX19ZoX/rOrigeN2b7ZIi6bQYXo6g6q76VEDp2tWnhXmFfxsM9iMxekvS2extI/TSP8CkuAD9WB3xu0enx9rK6DxS83cJOzWLoNyo36fms6b9hZ89ED6IoIXaSLKbnu4VVpJz08vU8bjLK4ukYiE3OcRWSQNTkIdcI0k=&u=U2FsdGVkX1+z3SEpCHtRb9gWWShfxyqPQEQXc88M9szIR8gTzDWcyoVA/Sjie3Kw&y=U2FsdGVkX18rLbXjYNklGOgXNcbGpToXAeno+VtfitgeWqAij+6jQCRhYhKwu90f HTTP/1.1" 200 26
191.95.55.207 - - [26/Feb/2023:23:42:12 -0500] "GET /kwssiamovil/sm/acme/a?s=U2FsdGVkX18QTGOnt1r4vYiRFRgOsiijjj2n818VE7XNGEc5OXB2EnzX+OxWVNKHFhJNwRxvQ2XjB/L+Z/lOHGwVsRPM7iBpomx40t73E08FBG90CJ/9GwmLdxlu8tJ+QjU2DMtcnwf7qDvsKefn77zcqSOuxfsQzS+ijwW0x1o=&u=U2FsdGVkX1+z3SEpCHtRb9gWWShfxyqPQEQXc88M9szIR8gTzDWcyoVA/Sjie3Kw&y=U2FsdGVkX18rLbXjYNklGOgXNcbGpToXAeno+VtfitgeWqAij+6jQCRhYhKwu90f HTTP/1.1" 200 26
191.95.55.207 - - [26/Feb/2023:23:42:12 -0500] "GET /kwssiamovil/sm/acme/a?s=U2FsdGVkX18Gh9d4mkZlY9oo38ZQtNWayQ/uW/4SzvMQbcW4GqcVBAVChwVYtXhO2dNSH67oQIMQ5tGDpR5zRhxuHoRQFOX0og4QRDix0mEiCJjMmFY1scAERFuezHgaSDs5TraET6Lfex5iNcOtvVMTr1gB5aW1UbxZ4F/mVtI=&u=U2FsdGVkX1+z3SEpCHtRb9gWWShfxyqPQEQXc88M9szIR8gTzDWcyoVA/Sjie3Kw&y=U2FsdGVkX18rLbXjYNklGOgXNcbGpToXAeno+VtfitgeWqAij+6jQCRhYhKwu90f HTTP/1.1" 200 26
191.95.55.207 - - [26/Feb/2023:23:42:12 -0500] "GET /kwssiamovil/sm/acme/a?s=U2FsdGVkX1+bScSUnRpEqDeK0MecgWG4Se399t+R2yCbOeuIryTCBKU7y5PNwi+51zc1KSKe3auBt1JlRgcbjLaxkQ6cz3Oz8xUailKj+JXf2zbDNOppma0+a5pVs7zIDEx26SlRMIS/uhajiOOr3Vv6mGjYsT0qHPUxtItuC6MXhJTuHmR9I6nclaqKx05KNXVdhgS99WAPO3FLA+RbFw==&u=U2FsdGVkX1+z3SEpCHtRb9gWWShfxyqPQEQXc88M9szIR8gTzDWcyoVA/Sjie3Kw&y=U2FsdGVkX18rLbXjYNklGOgXNcbGpToXAeno+VtfitgeWqAij+6jQCRhYhKwu90f HTTP/1.1" 200 26
201.245.192.253 - - [26/Feb/2023:23:42:21 -0500] "POST /kwsrmcab/Wsrmcab  HTTP/1.1" 200 41116
172.22.2.4 - - [26/Feb/2023:23:40:51 -0500] "HEAD /BLA/boletinlegal/ HTTP/1.1" 200 -
172.22.2.4 - - [26/Feb/2023:23:41:41 -0500] "GET /BLA/boletinlegal/ HTTP/1.1" 200 57058
216.245.221.92 - - [26/Feb/2023:23:44:16 -0500] "HEAD / HTTP/1.1" 200 -
173.252.127.3 - - [26/Feb/2023:23:45:49 -0500] "GET /images/20%20de%20febrero%20panor\xc3\xa1mica%20de%20Bogot\xc3\xa1%20(1)%20(1).jpeg HTTP/1.1" 404 1034
201.245.192.253 - - [26/Feb/2023:23:47:19 -0500] "POST /kwsrmcab/Wsrmcab  HTTP/1.1" 200 41116
172.22.2.4 - - [26/Feb/2023:23:46:41 -0500] "HEAD /BLA/boletinlegal/ HTTP/1.1" 200 -
173.252.127.1 - - [26/Feb/2023:23:48:57 -0500] "GET /images/Puntos%20calientes%2024%20de%20febrero.jpeg HTTP/1.1" 200 42626
173.252.127.16 - - [26/Feb/2023:23:49:04 -0500] "GET /images/17%20de%20febrero%20mujeres%20que%20reverdecen.jpeg HTTP/1.1" 200 85735
173.252.127.119 - - [26/Feb/2023:23:49:04 -0500] "GET /images/24%20de%20febrero%20Sendero%20guadalupe%202.jpeg HTTP/1.1" 200 70964
173.252.127.20 - - [26/Feb/2023:23:49:04 -0500] "GET /images/Rmasar%2018%20de%20febrero%20Grupo.jpg HTTP/1.1" 200 68398
173.252.127.23 - - [26/Feb/2023:23:49:04 -0500] "GET /images/WhatsApp%20Image%202023-02-15%20at%205.07.25%20PM.jpeg HTTP/1.1" 200 50573
173.252.127.10 - - [26/Feb/2023:23:49:04 -0500] "GET /images/Juan%20Rey%20febrero%2013.jpg HTTP/1.1" 200 55934
173.252.127.16 - - [26/Feb/2023:23:49:04 -0500] "GET /images/Conversatorio%20aire%201%20(1).jpeg HTTP/1.1" 200 72040
173.252.127.15 - - [26/Feb/2023:23:49:04 -0500] "GET /images/20%20de%20febrero%20panor\xc3\xa1mica%20de%20Bogot\xc3\xa1%20(1)%20(1).jpeg HTTP/1.1" 404 1034
69.171.249.20 - - [26/Feb/2023:23:49:09 -0500] "GET /en-semana-santa-no-uses-palmas-ni-traigas-o-consumas-animales-silvestres.html HTTP/1.1" 206 959
172.22.2.4 - - [26/Feb/2023:23:47:31 -0500] "GET /BLA/boletinlegal/ HTTP/1.1" 200 57804
173.252.127.16 - - [26/Feb/2023:23:49:13 -0500] "GET /images/Secretarias%20Fondo%20carga%206%20de%20febrero.jpeg HTTP/1.1" 200 55460
173.252.127.14 - - [26/Feb/2023:23:49:13 -0500] "GET /images/vertimiento-Comprimida%20(1).png HTTP/1.1" 200 22870
173.252.127.12 - - [26/Feb/2023:23:49:13 -0500] "GET /images/IMG_3028%20(1).jpg HTTP/1.1" 200 435206
173.252.127.11 - - [26/Feb/2023:23:49:13 -0500] "GET /images/2%20de%20febrero%20liberaci\xc3\xb3n%20Tunjo.jpeg HTTP/1.1" 404 1034
173.252.127.14 - - [26/Feb/2023:23:49:13 -0500] "GET /images/8%20de%20febrero%20incendio%20forestal.jpeg HTTP/1.1" 200 56283
173.252.127.12 - - [26/Feb/2023:23:49:13 -0500] "GET /images/1%20de%20febrero%20D\xc3\xada%20sin%20carro.jpeg HTTP/1.1" 404 1034
173.252.127.8 - - [26/Feb/2023:23:49:13 -0500] "GET /images/1%20de%20febrero%20Humedal%20El%20Tunjo.jpeg HTTP/1.1" 200 52973
216.245.221.92 - - [26/Feb/2023:23:49:16 -0500] "HEAD / HTTP/1.1" 200 -
40.77.167.248 - - [26/Feb/2023:23:51:44 -0500] "GET /portaldeninos/aulas-ambientales/aula-ambiental-sorotama/ HTTP/1.1" 200 89596
201.245.192.253 - - [26/Feb/2023:23:52:18 -0500] "POST /kwsrmcab/Wsrmcab  HTTP/1.1" 200 41116
52.167.144.98 - - [26/Feb/2023:23:52:46 -0500] "GET /BLA/resoluciones/AUTOS%202021/2781.pdf HTTP/1.1" 304 -
172.22.2.4 - - [26/Feb/2023:23:52:31 -0500] "HEAD /BLA/boletinlegal/ HTTP/1.1" 200 -
216.245.221.92 - - [26/Feb/2023:23:54:16 -0500] "HEAD / HTTP/1.1" 200 -
69.171.251.24 - - [26/Feb/2023:23:54:25 -0500] "GET /camino-guadalupe-aguanoso-abierto-de-nuevo-al-publico.html?fbclid=IwAR0gRyRGHR4-XkAUb6WVyefqGUKZTneOukzvq1XT3iWLFjPSpSbvgK2tv6U HTTP/1.1" 200 879
172.22.2.4 - - [26/Feb/2023:23:53:21 -0500] "GET /BLA/boletinlegal/ HTTP/1.1" 200 52622
150.136.254.151 - - [26/Feb/2023:23:55:40 -0500] "GET /.env HTTP/1.1" 404 1018
150.136.254.151 - - [26/Feb/2023:23:55:40 -0500] "POST / HTTP/1.1" 200 319
172.22.2.4 - - [26/Feb/2023:23:56:35 -0500] "GET /BLA/boletinlegal/actos.php HTTP/1.1" 200 9606
172.22.2.4 - - [26/Feb/2023:23:56:36 -0500] "GET /BLA/boletinlegal/styles2.css HTTP/1.1" 200 1838
172.22.2.4 - - [26/Feb/2023:23:56:36 -0500] "GET /BLA/boletinlegal/js/ajax_actos.js HTTP/1.1" 200 1322
172.22.2.4 - - [26/Feb/2023:23:56:36 -0500] "GET /BLA/boletinlegal/niceforms-default.css HTTP/1.1" 200 6694
172.22.2.4 - - [26/Feb/2023:23:56:36 -0500] "GET /BLA/boletinlegal/style.css HTTP/1.1" 200 9406
172.22.2.4 - - [26/Feb/2023:23:56:36 -0500] "GET /BLA/boletinlegal/niceforms.js HTTP/1.1" 200 22876
172.22.2.4 - - [26/Feb/2023:23:56:36 -0500] "GET /BLA/boletinlegal/js/lib.js HTTP/1.1" 200 6474
172.22.2.4 - - [26/Feb/2023:23:56:36 -0500] "GET /BLA/boletinlegal/js/popup.js HTTP/1.1" 200 1270
172.22.2.4 - - [26/Feb/2023:23:56:36 -0500] "GET /BLA/boletinlegal/js/jquery1.js HTTP/1.1" 200 29846
172.22.2.4 - - [26/Feb/2023:23:56:36 -0500] "GET /BLA/boletinlegal/images/cabezote%20BLEGAL.jpg HTTP/1.1" 200 118164
172.22.2.4 - - [26/Feb/2023:23:56:36 -0500] "GET /BLA/boletinlegal/images/subscribe-icon-big.png HTTP/1.1" 200 47702
172.22.2.4 - - [26/Feb/2023:23:56:36 -0500] "GET /BLA/boletinlegal/images/historia.png HTTP/1.1" 200 52775
172.22.2.4 - - [26/Feb/2023:23:56:36 -0500] "GET /BLA/boletinlegal/images/green-yellow-blue-pink-th.png HTTP/1.1" 200 7394
172.22.2.4 - - [26/Feb/2023:23:56:36 -0500] "GET /BLA/boletinlegal/images/registro-usuarios.png HTTP/1.1" 200 8106
172.22.2.4 - - [26/Feb/2023:23:56:36 -0500] "GET /BLA/boletinlegal/images/tel.png HTTP/1.1" 200 14477
172.22.2.4 - - [26/Feb/2023:23:56:36 -0500] "GET /BLA/boletinlegal/images/icono-email.png HTTP/1.1" 200 5544
172.22.2.4 - - [26/Feb/2023:23:56:36 -0500] "GET /BLA/boletinlegal/images/body_bg.jpg HTTP/1.1" 200 1601
172.22.2.4 - - [26/Feb/2023:23:56:36 -0500] "GET /BLA/boletinlegal/images/menu_lft.gif HTTP/1.1" 200 1713
172.22.2.4 - - [26/Feb/2023:23:56:36 -0500] "GET /BLA/boletinlegal/images/text.jpg HTTP/1.1" 200 568
172.22.2.4 - - [26/Feb/2023:23:56:36 -0500] "GET /BLA/boletinlegal/images/hover.jpg HTTP/1.1" 200 640
172.22.2.4 - - [26/Feb/2023:23:56:36 -0500] "GET /BLA/boletinlegal/images/footer_bg.jpg HTTP/1.1" 200 586
172.22.2.4 - - [26/Feb/2023:23:56:36 -0500] "GET /BLA/boletinlegal/images/menu_rght.gif HTTP/1.1" 200 1627
172.22.2.4 - - [26/Feb/2023:23:56:36 -0500] "GET /BLA/boletinlegal/images/bg_top.jpg HTTP/1.1" 200 522
172.22.2.4 - - [26/Feb/2023:23:56:36 -0500] "GET /BLA/boletinlegal/images/menu_bg.jpg HTTP/1.1" 200 620
172.22.2.4 - - [26/Feb/2023:23:56:36 -0500] "GET /BLA/boletinlegal/images/footer_bg_l.jpg HTTP/1.1" 200 776
172.22.2.4 - - [26/Feb/2023:23:56:36 -0500] "GET /BLA/boletinlegal/img/0.png HTTP/1.1" 200 110
172.22.2.4 - - [26/Feb/2023:23:56:36 -0500] "GET /BLA/boletinlegal/img/select-left.png HTTP/1.1" 200 263
172.22.2.4 - - [26/Feb/2023:23:56:36 -0500] "GET /BLA/boletinlegal/img/select-right.png HTTP/1.1" 200 44019
172.22.2.4 - - [26/Feb/2023:23:56:36 -0500] "GET /BLA/boletinlegal/img/button-left.png HTTP/1.1" 200 57071
172.22.2.4 - - [26/Feb/2023:23:56:36 -0500] "GET /BLA/boletinlegal/img/button.png HTTP/1.1" 200 43241
172.22.2.4 - - [26/Feb/2023:23:56:36 -0500] "GET /BLA/boletinlegal/img/button-right.png HTTP/1.1" 200 57878
172.22.2.4 - - [26/Feb/2023:23:56:36 -0500] "GET /BLA/boletinlegal/favicon.ico HTTP/1.1" 404 1326
187.133.32.94 - - [26/Feb/2023:23:56:48 -0500] "GET /galeria/galeria/jquery.fancybox.css?v=2.1.5 HTTP/1.1" 200 4895
187.133.32.94 - - [26/Feb/2023:23:56:48 -0500] "GET /BLA/boletinlegal/js/jquery.scrollShow.js HTTP/1.1" 200 4586
187.133.32.94 - - [26/Feb/2023:23:56:48 -0500] "GET /galeria/galeria/jquery.fancybox.js?v=2.1.5 HTTP/1.1" 200 48706
172.22.2.4 - - [26/Feb/2023:23:56:50 -0500] "GET /BLA/boletinlegal/robots.txt HTTP/1.1" 404 1038
201.245.192.253 - - [26/Feb/2023:23:57:16 -0500] "POST /kwsrmcab/Wsrmcab  HTTP/1.1" 200 41116
186.84.21.183 - - [26/Feb/2023:23:57:32 -0500] "GET /appsia/controlador HTTP/1.1" 200 4799
186.84.21.183 - - [26/Feb/2023:23:57:34 -0500] "GET /appsia/css/estilos.css HTTP/1.1" 200 4804
186.84.21.183 - - [26/Feb/2023:23:57:34 -0500] "GET /appsia/scripts/validarIngreso.js HTTP/1.1" 200 851
186.84.21.183 - - [26/Feb/2023:23:57:34 -0500] "GET /appsia/images/cabezoteHojaVida.png HTTP/1.1" 200 32493
186.84.21.183 - - [26/Feb/2023:23:57:34 -0500] "GET /appsia/images/logo_bogota_p.png HTTP/1.1" 200 14951
186.84.21.183 - - [26/Feb/2023:23:57:34 -0500] "GET /favicon.ico HTTP/1.1" 200 7782
186.84.21.183 - - [26/Feb/2023:23:57:51 -0500] "POST /appsia/controlador HTTP/1.1" 200 3601
186.84.21.183 - - [26/Feb/2023:23:57:52 -0500] "GET /appsia/jscripts/validarSolicitud.js HTTP/1.1" 404 68
186.84.21.183 - - [26/Feb/2023:23:58:03 -0500] "POST /appsia/controlador HTTP/1.1" 200 4799
186.84.21.183 - - [26/Feb/2023:23:58:12 -0500] "POST /appsia/controlador HTTP/1.1" 200 5437
172.22.2.4 - - [26/Feb/2023:23:56:54 -0500] "GET /BLA/boletinlegal/ HTTP/1.1" 200 61256
186.84.21.183 - - [26/Feb/2023:23:58:41 -0500] "POST /appsia/controlador HTTP/1.1" 200 7725
186.84.21.183 - - [26/Feb/2023:23:58:41 -0500] "GET /appsia/images/logo_escudo.png HTTP/1.1" 200 36965
216.245.221.92 - - [26/Feb/2023:23:59:16 -0500] "HEAD / HTTP/1.1" 200 -

:: Command execute ::

Enter:
 
Select:
 

:: Search ::
regexp 

:: Upload ::
 
[ ok ]

:: Make Dir ::
 
[ ok ]
:: Make File ::
 
[ ok ]

:: Go Dir ::
 
:: Go File ::
 

--[ c99shell v. 1.0 pre-release build #13 powered by Captain Crunch Security Team | http://ccteam.ru | Generation time: 0.8736 ]--