172.22.2.4 - - [26/Feb/2023:18:22:26 -0500] "GET /BLA/boletinlegal/img/0.png HTTP/1.1" 200 110
172.22.2.4 - - [26/Feb/2023:18:22:26 -0500] "GET /BLA/boletinlegal/img/select-left.png HTTP/1.1" 200 263
172.22.2.4 - - [26/Feb/2023:18:22:26 -0500] "GET /BLA/boletinlegal/img/select-right.png HTTP/1.1" 200 44019
172.22.2.4 - - [26/Feb/2023:18:22:26 -0500] "GET /BLA/boletinlegal/img/button-left.png HTTP/1.1" 200 57071
172.22.2.4 - - [26/Feb/2023:18:22:26 -0500] "GET /BLA/boletinlegal/img/button.png HTTP/1.1" 200 43241
172.22.2.4 - - [26/Feb/2023:18:22:26 -0500] "GET /BLA/boletinlegal/img/button-right.png HTTP/1.1" 200 57878
172.22.2.4 - - [26/Feb/2023:18:22:26 -0500] "GET /BLA/boletinlegal/favicon.ico HTTP/1.1" 404 1326
172.22.2.4 - - [26/Feb/2023:18:20:51 -0500] "GET /BLA/boletinlegal/ HTTP/1.1" 200 57804
186.80.52.163 - - [26/Feb/2023:18:23:08 -0500] "POST /sipse/faces/presentacion/financiero/solicitudProceso/consultarSolicitudProceso.xhtml HTTP/1.1" 200 5578
201.245.192.253 - - [26/Feb/2023:18:24:00 -0500] "POST /kwsrmcab/Wsrmcab  HTTP/1.1" 200 41116
186.80.52.163 - - [26/Feb/2023:18:24:11 -0500] "POST /sipse/faces/presentacion/financiero/solicitudProceso/consultarSolicitudProceso.xhtml HTTP/1.1" 200 82508
216.245.221.92 - - [26/Feb/2023:18:24:16 -0500] "HEAD / HTTP/1.1" 200 -
172.22.2.4 - - [26/Feb/2023:18:25:50 -0500] "HEAD /BLA/boletinlegal/ HTTP/1.1" 200 -
201.245.192.253 - - [26/Feb/2023:18:28:06 -0500] "POST /kwsrmcab/Wsrmcab HTTP/1.1" 200 41401
201.245.192.253 - - [26/Feb/2023:18:28:09 -0500] "POST /kwsrmcab/Wsrmcab HTTP/1.1" 200 41722
172.22.2.4 - - [26/Feb/2023:18:26:41 -0500] "GET /BLA/boletinlegal/ HTTP/1.1" 200 58171
201.245.192.253 - - [26/Feb/2023:18:28:59 -0500] "POST /kwsrmcab/Wsrmcab  HTTP/1.1" 200 41116
216.245.221.92 - - [26/Feb/2023:18:29:16 -0500] "HEAD / HTTP/1.1" 200 -
168.119.252.243 - - [26/Feb/2023:18:29:54 -0500] "GET / HTTP/1.1" 200 4720
168.119.252.243 - - [26/Feb/2023:18:29:54 -0500] "GET / HTTP/1.1" 200 319
5.255.253.144 - - [26/Feb/2023:18:32:52 -0500] "-" 408 -
35.204.220.36 - - [26/Feb/2023:18:32:58 -0500] "GET /inventario-de-emisiones-2020-transporte-publico-sitp-redujo-emisiones-de-pm-2-5-en-un-37.html HTTP/1.1" 200 925
172.22.2.4 - - [26/Feb/2023:18:31:40 -0500] "HEAD /BLA/boletinlegal/ HTTP/1.1" 200 -
201.245.192.253 - - [26/Feb/2023:18:33:58 -0500] "POST /kwsrmcab/Wsrmcab  HTTP/1.1" 200 41116
172.22.2.4 - - [26/Feb/2023:18:32:31 -0500] "GET /BLA/boletinlegal/ HTTP/1.1" 200 48638
216.245.221.92 - - [26/Feb/2023:18:34:16 -0500] "HEAD / HTTP/1.1" 200 -
172.22.2.4 - - [26/Feb/2023:18:33:18 -0500] "GET /BLA/boletinlegal/ HTTP/1.1" 200 53058
181.53.13.22 - - [26/Feb/2023:18:35:24 -0500] "GET /BLA/resoluciones/RESOLUCIONES%202023/0308.pdf HTTP/1.1" 200 855203
181.53.13.22 - - [26/Feb/2023:18:35:25 -0500] "GET /BLA/resoluciones/RESOLUCIONES%202023/0308.pdf HTTP/1.1" 200 855203
173.252.107.117 - - [26/Feb/2023:18:36:48 -0500] "GET /conoce-los-requisitos-ambientales-para-abrir-un-establecimiento-comercial-en-bogota.html HTTP/1.1" 206 796
173.252.107.15 - - [26/Feb/2023:18:36:48 -0500] "GET /este-fin-de-semana-feria-de-servicios-ambientales-en-el-centro-de-bogota.html HTTP/1.1" 206 802
172.22.2.4 - - [26/Feb/2023:18:37:09 -0500] "GET /BLA/boletinlegal/Circulares/2019/.pdf HTTP/1.1" 404 1218
201.245.192.253 - - [26/Feb/2023:18:38:06 -0500] "POST /kwsrmcab/Wsrmcab HTTP/1.1" 200 41401
201.245.192.253 - - [26/Feb/2023:18:38:09 -0500] "POST /kwsrmcab/Wsrmcab HTTP/1.1" 200 41722
201.245.192.253 - - [26/Feb/2023:18:38:58 -0500] "POST /kwsrmcab/Wsrmcab  HTTP/1.1" 200 41116
191.156.225.219 - - [26/Feb/2023:18:39:00 -0500] "GET /fauna-silvestre-acciones-de-control-y-recuperacion-en-puente-de-reyes.html HTTP/1.1" 200 1061
172.22.2.4 - - [26/Feb/2023:18:37:30 -0500] "HEAD /BLA/boletinlegal/ HTTP/1.1" 200 -
216.245.221.92 - - [26/Feb/2023:18:39:16 -0500] "HEAD / HTTP/1.1" 200 -
172.22.2.4 - - [26/Feb/2023:18:38:21 -0500] "GET /BLA/boletinlegal/ HTTP/1.1" 200 57058
186.80.52.163 - - [26/Feb/2023:18:40:03 -0500] "POST /sipse/faces/presentacion/financiero/solicitudProceso/consultarSolicitudProceso.xhtml HTTP/1.1" 200 40495
186.80.52.163 - - [26/Feb/2023:18:40:05 -0500] "GET /sipse/faces/javax.faces.resource/theme.css?ln=primefaces-sipse HTTP/1.1" 304 -
186.80.52.163 - - [26/Feb/2023:18:40:05 -0500] "GET /sipse/faces/javax.faces.resource/layout/layout.css?ln=primefaces&v=4.0 HTTP/1.1" 304 -
186.80.52.163 - - [26/Feb/2023:18:40:05 -0500] "GET /sipse/faces/javax.faces.resource/jquery/jquery.js?ln=primefaces&v=4.0 HTTP/1.1" 304 -
186.80.52.163 - - [26/Feb/2023:18:40:05 -0500] "GET /sipse/faces/javax.faces.resource/jquery/jquery-plugins.js?ln=primefaces&v=4.0 HTTP/1.1" 304 -
186.80.52.163 - - [26/Feb/2023:18:40:05 -0500] "GET /sipse/faces/javax.faces.resource/primefaces.css?ln=primefaces&v=4.0 HTTP/1.1" 304 -
186.80.52.163 - - [26/Feb/2023:18:40:05 -0500] "GET /sipse/faces/javax.faces.resource/primefaces.js?ln=primefaces&v=4.0 HTTP/1.1" 304 -
186.80.52.163 - - [26/Feb/2023:18:40:05 -0500] "GET /sipse/faces/javax.faces.resource/layout/layout.js?ln=primefaces&v=4.0 HTTP/1.1" 304 -
186.80.52.163 - - [26/Feb/2023:18:40:05 -0500] "GET /sipse/faces/javax.faces.resource/images/ui-icons_898989_256x240.png?ln=primefaces-aristo HTTP/1.1" 304 -
186.80.52.163 - - [26/Feb/2023:18:40:05 -0500] "GET /sipse/css/imagen/contrasena.png HTTP/1.1" 404 383
186.80.52.163 - - [26/Feb/2023:18:40:05 -0500] "GET /sipse/faces/javax.faces.resource/images/ui-bg_flat_0_2d5972_40x100.png?ln=primefaces-aristo HTTP/1.1" 304 -
186.80.52.163 - - [26/Feb/2023:18:40:05 -0500] "POST /sipse/faces/presentacion/financiero/solicitudProceso/listarSolicitudProceso.xhtml HTTP/1.1" 200 1396
186.80.52.163 - - [26/Feb/2023:18:40:05 -0500] "POST /sipse/faces/presentacion/financiero/solicitudProceso/listarSolicitudProceso.xhtml HTTP/1.1" 200 1396
186.80.52.163 - - [26/Feb/2023:18:40:08 -0500] "POST /sipse/faces/presentacion/financiero/solicitudProceso/listarSolicitudProceso.xhtml HTTP/1.1" 200 17173
186.80.52.163 - - [26/Feb/2023:18:40:10 -0500] "POST /sipse/faces/presentacion/financiero/solicitudProceso/listarSolicitudProceso.xhtml HTTP/1.1" 200 148065
186.80.52.163 - - [26/Feb/2023:18:40:10 -0500] "GET /sipse/faces/javax.faces.resource/layout/layout.css?ln=primefaces&v=4.0 HTTP/1.1" 304 -
186.80.52.163 - - [26/Feb/2023:18:40:10 -0500] "GET /sipse/faces/javax.faces.resource/theme.css?ln=primefaces-sipse HTTP/1.1" 304 -
186.80.52.163 - - [26/Feb/2023:18:40:10 -0500] "GET /sipse/faces/javax.faces.resource/primefaces.css?ln=primefaces&v=4.0 HTTP/1.1" 304 -
186.80.52.163 - - [26/Feb/2023:18:40:11 -0500] "GET /sipse/faces/javax.faces.resource/jquery/jquery.js?ln=primefaces&v=4.0 HTTP/1.1" 304 -
186.80.52.163 - - [26/Feb/2023:18:40:11 -0500] "GET /sipse/faces/javax.faces.resource/jquery/jquery-plugins.js?ln=primefaces&v=4.0 HTTP/1.1" 304 -
186.80.52.163 - - [26/Feb/2023:18:40:11 -0500] "GET /sipse/faces/javax.faces.resource/primefaces.js?ln=primefaces&v=4.0 HTTP/1.1" 304 -
186.80.52.163 - - [26/Feb/2023:18:40:11 -0500] "GET /sipse/faces/javax.faces.resource/layout/layout.js?ln=primefaces&v=4.0 HTTP/1.1" 304 -
186.80.52.163 - - [26/Feb/2023:18:40:51 -0500] "POST /sipse/faces/presentacion/financiero/solicitudProceso/consultarSolicitudProceso.xhtml HTTP/1.1" 200 93955
186.28.138.63 - - [26/Feb/2023:18:41:19 -0500] "POST /sipse/faces/presentacion/financiero/solicitudProceso/consultarSolicitudProceso.xhtml HTTP/1.1" 200 911
190.156.200.23 - - [26/Feb/2023:18:41:19 -0500] "GET /conoce-las-medidas-de-prevencion-y-mitigacion-contempladas-en-la-alerta-fase-1-por-calidad-del-aire.html HTTP/1.1" 200 917
186.28.138.63 - - [26/Feb/2023:18:41:20 -0500] "GET /sipse/faces/presentacion/financiero/solicitudProceso/faces/autenticacion HTTP/1.1" 302 -
186.28.138.63 - - [26/Feb/2023:18:41:21 -0500] "GET /sipse/faces/autenticacion.xhtml HTTP/1.1" 200 12173
186.28.138.63 - - [26/Feb/2023:18:41:21 -0500] "GET /sipse/js/disable_browser_buttons.js HTTP/1.1" 304 -
186.28.138.63 - - [26/Feb/2023:18:41:21 -0500] "GET /sipse/js/funciones.js HTTP/1.1" 304 -
186.28.138.63 - - [26/Feb/2023:18:41:21 -0500] "GET /sipse/css/custom_css_sg.css HTTP/1.1" 304 -
186.28.138.63 - - [26/Feb/2023:18:41:21 -0500] "GET /sipse/css/custom_css_sg_prime_login.css HTTP/1.1" 304 -
186.28.138.63 - - [26/Feb/2023:18:41:21 -0500] "GET /sipse/faces/javax.faces.resource/theme.css?ln=primefaces-sipse HTTP/1.1" 304 -
186.28.138.63 - - [26/Feb/2023:18:41:21 -0500] "GET /sipse/faces/javax.faces.resource/primefaces.css?ln=primefaces&v=4.0 HTTP/1.1" 304 -
186.28.138.63 - - [26/Feb/2023:18:41:21 -0500] "GET /sipse/faces/javax.faces.resource/layout/layout.css?ln=primefaces&v=4.0 HTTP/1.1" 304 -
186.28.138.63 - - [26/Feb/2023:18:41:21 -0500] "GET /sipse/faces/javax.faces.resource/jquery/jquery.js?ln=primefaces&v=4.0 HTTP/1.1" 304 -
186.28.138.63 - - [26/Feb/2023:18:41:21 -0500] "GET /sipse/faces/javax.faces.resource/primefaces.js?ln=primefaces&v=4.0 HTTP/1.1" 304 -
186.28.138.63 - - [26/Feb/2023:18:41:21 -0500] "GET /sipse/faces/javax.faces.resource/jquery/jquery-plugins.js?ln=primefaces&v=4.0 HTTP/1.1" 304 -
186.28.138.63 - - [26/Feb/2023:18:41:21 -0500] "GET /sipse/faces/javax.faces.resource/layout/layout.js?ln=primefaces&v=4.0 HTTP/1.1" 304 -
186.28.138.63 - - [26/Feb/2023:18:41:21 -0500] "GET /sipse/css/imagen/loginimg.png HTTP/1.1" 304 -
186.28.138.63 - - [26/Feb/2023:18:41:21 -0500] "GET /sipse/css/imagen/logoSDG.png HTTP/1.1" 304 -
186.28.138.63 - - [26/Feb/2023:18:41:21 -0500] "GET /sipse/faces/javax.faces.resource/images/ui-icons_898989_256x240.png?ln=primefaces-aristo HTTP/1.1" 304 -
186.28.138.63 - - [26/Feb/2023:18:41:23 -0500] "POST /sipse/faces/autenticacion.xhtml HTTP/1.1" 200 2216
186.28.138.63 - - [26/Feb/2023:18:41:23 -0500] "GET /sipse/faces/javax.faces.resource/messages/messages.png?ln=primefaces&v=4.0 HTTP/1.1" 304 -
186.28.138.63 - - [26/Feb/2023:18:41:24 -0500] "POST /sipse/faces/autenticacion.xhtml HTTP/1.1" 200 16264
186.28.138.63 - - [26/Feb/2023:18:41:24 -0500] "GET /sipse/css/custom_css_sg_prime.css HTTP/1.1" 304 -
186.28.138.63 - - [26/Feb/2023:18:41:24 -0500] "GET /sipse/js/jquery.min.js HTTP/1.1" 304 -
186.28.138.63 - - [26/Feb/2023:18:41:24 -0500] "GET /sipse/faces/javax.faces.resource/jquery/jquery.js?ln=primefaces&v=4.0 HTTP/1.1" 304 -
186.28.138.63 - - [26/Feb/2023:18:41:24 -0500] "GET /sipse/faces/javax.faces.resource/jquery/jquery-plugins.js?ln=primefaces&v=4.0 HTTP/1.1" 304 -
186.28.138.63 - - [26/Feb/2023:18:41:24 -0500] "GET /sipse/faces/javax.faces.resource/primefaces.js?ln=primefaces&v=4.0 HTTP/1.1" 304 -
186.28.138.63 - - [26/Feb/2023:18:41:24 -0500] "GET /sipse/faces/javax.faces.resource/layout/layout.js?ln=primefaces&v=4.0 HTTP/1.1" 304 -
186.28.138.63 - - [26/Feb/2023:18:41:24 -0500] "GET /sipse/imagenes/cargando.gif HTTP/1.1" 304 -
186.28.138.63 - - [26/Feb/2023:18:41:25 -0500] "GET /sipse/imagenes/logoAplicacion.jpg HTTP/1.1" 304 -
186.28.138.63 - - [26/Feb/2023:18:41:25 -0500] "GET /sipse/css/imagen/contrasena.png HTTP/1.1" 404 383
186.28.138.63 - - [26/Feb/2023:18:41:26 -0500] "GET /sipse/faces/javax.faces.resource/images/ui-bg_flat_0_2d5972_40x100.png?ln=primefaces-aristo HTTP/1.1" 304 -
186.28.138.63 - - [26/Feb/2023:18:41:26 -0500] "POST /sipse/faces/bienvenido.xhtml HTTP/1.1" 200 2658
186.28.138.63 - - [26/Feb/2023:18:41:27 -0500] "POST /sipse/faces/bienvenido.xhtml HTTP/1.1" 200 64946
186.28.138.63 - - [26/Feb/2023:18:41:27 -0500] "GET /sipse/faces/javax.faces.resource/jquery/jquery.js?ln=primefaces&v=4.0 HTTP/1.1" 304 -
186.28.138.63 - - [26/Feb/2023:18:41:27 -0500] "GET /sipse/faces/javax.faces.resource/jquery/jquery-plugins.js?ln=primefaces&v=4.0 HTTP/1.1" 304 -
186.28.138.63 - - [26/Feb/2023:18:41:27 -0500] "GET /sipse/faces/javax.faces.resource/primefaces.js?ln=primefaces&v=4.0 HTTP/1.1" 304 -
186.28.138.63 - - [26/Feb/2023:18:41:27 -0500] "GET /sipse/faces/javax.faces.resource/layout/layout.js?ln=primefaces&v=4.0 HTTP/1.1" 304 -
186.28.138.63 - - [26/Feb/2023:18:41:28 -0500] "POST /sipse/faces/presentacion/financiero/solicitudProceso/listarSolicitudProceso.xhtml HTTP/1.1" 200 1556
186.28.138.63 - - [26/Feb/2023:18:41:31 -0500] "POST /sipse/faces/presentacion/financiero/solicitudProceso/listarSolicitudProceso.xhtml HTTP/1.1" 200 11382
186.28.138.63 - - [26/Feb/2023:18:41:32 -0500] "POST /sipse/faces/presentacion/financiero/solicitudProceso/listarSolicitudProceso.xhtml HTTP/1.1" 200 134992
186.28.138.63 - - [26/Feb/2023:18:41:33 -0500] "GET /sipse/faces/javax.faces.resource/jquery/jquery.js?ln=primefaces&v=4.0 HTTP/1.1" 304 -
186.28.138.63 - - [26/Feb/2023:18:41:33 -0500] "GET /sipse/faces/javax.faces.resource/jquery/jquery-plugins.js?ln=primefaces&v=4.0 HTTP/1.1" 304 -
186.28.138.63 - - [26/Feb/2023:18:41:33 -0500] "GET /sipse/faces/javax.faces.resource/primefaces.js?ln=primefaces&v=4.0 HTTP/1.1" 304 -
186.28.138.63 - - [26/Feb/2023:18:41:33 -0500] "GET /sipse/faces/javax.faces.resource/layout/layout.js?ln=primefaces&v=4.0 HTTP/1.1" 304 -
173.252.83.24 - - [26/Feb/2023:18:41:36 -0500] "GET /images/Puntos%20calientes%2024%20de%20febrero.jpeg HTTP/1.1" 200 42626
186.28.138.63 - - [26/Feb/2023:18:41:37 -0500] "POST /sipse/faces/presentacion/financiero/solicitudProceso/consultarSolicitudProceso.xhtml HTTP/1.1" 200 40346
186.28.138.63 - - [26/Feb/2023:18:41:37 -0500] "GET /sipse/faces/javax.faces.resource/theme.css?ln=primefaces-sipse HTTP/1.1" 304 -
186.28.138.63 - - [26/Feb/2023:18:41:37 -0500] "GET /sipse/faces/javax.faces.resource/primefaces.css?ln=primefaces&v=4.0 HTTP/1.1" 304 -
186.28.138.63 - - [26/Feb/2023:18:41:37 -0500] "GET /sipse/faces/javax.faces.resource/layout/layout.css?ln=primefaces&v=4.0 HTTP/1.1" 304 -
186.28.138.63 - - [26/Feb/2023:18:41:37 -0500] "GET /sipse/faces/javax.faces.resource/jquery/jquery.js?ln=primefaces&v=4.0 HTTP/1.1" 304 -
186.28.138.63 - - [26/Feb/2023:18:41:37 -0500] "GET /sipse/faces/javax.faces.resource/primefaces.js?ln=primefaces&v=4.0 HTTP/1.1" 304 -
186.28.138.63 - - [26/Feb/2023:18:41:37 -0500] "GET /sipse/faces/javax.faces.resource/jquery/jquery-plugins.js?ln=primefaces&v=4.0 HTTP/1.1" 304 -
186.28.138.63 - - [26/Feb/2023:18:41:37 -0500] "GET /sipse/faces/javax.faces.resource/layout/layout.js?ln=primefaces&v=4.0 HTTP/1.1" 304 -
186.28.138.63 - - [26/Feb/2023:18:41:38 -0500] "GET /sipse/faces/javax.faces.resource/images/ui-icons_898989_256x240.png?ln=primefaces-aristo HTTP/1.1" 304 -
186.28.138.63 - - [26/Feb/2023:18:41:38 -0500] "GET /sipse/faces/javax.faces.resource/images/ui-bg_flat_0_2d5972_40x100.png?ln=primefaces-aristo HTTP/1.1" 304 -
186.28.138.63 - - [26/Feb/2023:18:41:38 -0500] "POST /sipse/faces/presentacion/financiero/solicitudProceso/listarSolicitudProceso.xhtml HTTP/1.1" 200 1396
186.28.138.63 - - [26/Feb/2023:18:41:38 -0500] "POST /sipse/faces/presentacion/financiero/solicitudProceso/listarSolicitudProceso.xhtml HTTP/1.1" 200 1396
186.28.138.63 - - [26/Feb/2023:18:41:41 -0500] "POST /sipse/faces/presentacion/financiero/solicitudProceso/listarSolicitudProceso.xhtml HTTP/1.1" 200 37971
186.28.138.63 - - [26/Feb/2023:18:41:47 -0500] "POST /sipse/faces/presentacion/financiero/solicitudProceso/listarSolicitudProceso.xhtml HTTP/1.1" 200 127269
186.28.138.63 - - [26/Feb/2023:18:41:48 -0500] "GET /sipse/faces/javax.faces.resource/jquery/jquery.js?ln=primefaces&v=4.0 HTTP/1.1" 304 -
186.28.138.63 - - [26/Feb/2023:18:41:48 -0500] "GET /sipse/faces/javax.faces.resource/jquery/jquery-plugins.js?ln=primefaces&v=4.0 HTTP/1.1" 304 -
186.28.138.63 - - [26/Feb/2023:18:41:48 -0500] "GET /sipse/faces/javax.faces.resource/primefaces.js?ln=primefaces&v=4.0 HTTP/1.1" 304 -
186.28.138.63 - - [26/Feb/2023:18:41:48 -0500] "GET /sipse/faces/javax.faces.resource/layout/layout.js?ln=primefaces&v=4.0 HTTP/1.1" 304 -
186.28.138.63 - - [26/Feb/2023:18:41:53 -0500] "POST /sipse/faces/presentacion/financiero/solicitudProceso/consultarSolicitudProceso.xhtml HTTP/1.1" 200 67657
186.28.138.63 - - [26/Feb/2023:18:41:53 -0500] "GET /sipse/faces/javax.faces.resource/primefaces.css?ln=primefaces&v=4.0 HTTP/1.1" 304 -
186.28.138.63 - - [26/Feb/2023:18:41:53 -0500] "GET /sipse/faces/javax.faces.resource/theme.css?ln=primefaces-sipse HTTP/1.1" 304 -
186.28.138.63 - - [26/Feb/2023:18:41:53 -0500] "GET /sipse/faces/javax.faces.resource/layout/layout.css?ln=primefaces&v=4.0 HTTP/1.1" 304 -
186.28.138.63 - - [26/Feb/2023:18:41:53 -0500] "GET /sipse/faces/javax.faces.resource/layout/layout.js?ln=primefaces&v=4.0 HTTP/1.1" 304 -
186.28.138.63 - - [26/Feb/2023:18:41:53 -0500] "GET /sipse/faces/javax.faces.resource/jquery/jquery-plugins.js?ln=primefaces&v=4.0 HTTP/1.1" 304 -
186.28.138.63 - - [26/Feb/2023:18:41:53 -0500] "GET /sipse/faces/javax.faces.resource/primefaces.js?ln=primefaces&v=4.0 HTTP/1.1" 304 -
186.28.138.63 - - [26/Feb/2023:18:41:53 -0500] "GET /sipse/faces/javax.faces.resource/jquery/jquery.js?ln=primefaces&v=4.0 HTTP/1.1" 304 -
186.28.138.63 - - [26/Feb/2023:18:41:53 -0500] "GET /sipse/faces/javax.faces.resource/images/ui-icons_898989_256x240.png?ln=primefaces-aristo HTTP/1.1" 304 -
186.28.138.63 - - [26/Feb/2023:18:41:54 -0500] "GET /sipse/faces/javax.faces.resource/images/ui-bg_flat_0_2d5972_40x100.png?ln=primefaces-aristo HTTP/1.1" 304 -
186.28.138.63 - - [26/Feb/2023:18:41:54 -0500] "POST /sipse/faces/presentacion/financiero/solicitudProceso/listarSolicitudProceso.xhtml HTTP/1.1" 200 1556
186.28.138.63 - - [26/Feb/2023:18:41:54 -0500] "POST /sipse/faces/presentacion/financiero/solicitudProceso/listarSolicitudProceso.xhtml HTTP/1.1" 200 1564
186.28.120.157 - - [26/Feb/2023:18:42:02 -0500] "GET /kwssiamovil/sm/acme/a?s=U2FsdGVkX19VrBVQSSjjy2hQ0GKOL+OQjLrPtykhzLbRU0mIxw6/dMR62pTwbr9u2sPWLzpDyJ1Qtq5agARg7UgMPTrzl6AO+rpcmvrsN7EUWmRRI2480Mwsly6qF5Y2QMorwzZCDh7v6el1hOgx+E4l9PNfpi4TsWo/zDViFTDKA10vu69Ow+rx5oJjtix6w4ktFFJmueDJ7XFIDmfVv+Z9XZp0IVchXUXk84ATF6QsGuLlV5JhxdICuqPgf284rcVy3Fz3DjW8+bsvgHSpeQ==&u=U2FsdGVkX18vT9X7ZCZwMtI/bv5J52Fb9Y71W07lfH0=&y=U2FsdGVkX19xM7mYf/UkdyozyrQuQ7n2o1RK3l7J1K4= HTTP/1.1" 200 26
186.28.120.157 - - [26/Feb/2023:18:42:02 -0500] "GET /kwssiamovil/sm/acme/a?s=U2FsdGVkX18RFn+8AknWv2G+EET349FlR3QFETyXuOmZDF8fXsuNfn8k+gBwVQ8wW67pmuu2b/iMudBsdn2s6ccMr6s+Em4arTduF44G69TvfoDM8uWiBuuGIM5j5nHFQp83ri9nAZmyjxn0SR2ruP4YO5y9r+TR0kbi18iOTc3timFLfJ2pyW3vUin/Hjpv7DLUE0WK8e+PuRY6BmfCK3dNMKeUXA5mb2TlcFXs/so59L0k2xI1NhTg2vusVQicpsx0qCZRmb6dxAo9X0V1wsB9vFxjEj6kIM9qA4mntsVo+Su64rM6cLH5CqbVZE+EqsZ9jp9nJQnfNhifhyUgyLr9enmf8JNMe6P0hGCnI6vUa0/4nKRujcb6zYnIEJA4qE+kkLQ6xFfsoFTwX4BT/cgWAhwTfUvwOohC3Ld2wrdp0tf9Bp4bYp8U9i9RMBx30npKt5iUlxjsnzwxdhSfzHmbNz5GghXKaS1SI0jplyli9fv7/lHlLK4J/1ftIeCb9T8o4E+eOPl7tQ+aQUuAHitK/1dmQudTvjPqJYS/aTiS9y3F67ad6aWeKcWSK6q0IVt05OZeAWT+KTOxYRaSof6aamfgtqNMWl6J9mtJ1kygxNTwqb3HR9yEEBfDou+0YlUlNnSYVXJEv8TfaU0mAgHifmX0Ia6rXwKWPJCPvMvP01zrGIsY2cWdv9kIYNvtXXxWPf7ijMjH1Rj3y3QMtfJBkQhrZen2034c9mLFu7PF19StABMTcFMyiaBbwPDtVoPmtG51uXY0fDfvEzhaOSQsiGGMxpVjUdWcYX6crhVojSW8hy4FJJOOIRKe61sftYOJhreivYqFadYTdxmK5Pe31UhrcwbbJjNi8oTj0w9LIHphIAJKmhMn6/KXvEwXbXdMorwbwrT7e3vIYlog0P7IbbrkXFrlrlHK7lPEgkGNAcqYhT3hozBvZTXG3a05ZsJzcZHEtgSuZH/y0D0WPQC2ue01zj2jFKw1fj+4nyp7gbKJkiAmkZmnM9HyYQOm1hwZSS1amQOHpwbh7+M1Y2AQD/QC5PsW+sM3rIq2694bLbita4oxBw2H0udE81K/A9Uu2GWbK5HchbTnn4IZIWcGKK13bO85k0Y4WFyKF6MJOWezN2n7sjYTFvC9GfHfuPuG9p0Q3HuerSkbIQpZBVCwGfmt7mKAlRYoGR3xZij5vJI3Qj/lATAFMZKB+3oPZNWLadRJjLUEbNmlUnEpOPi9nDYY7GAm8NPH8mnb3rppi53rwFnWNBKVsdlb3bYXRyAaKvgaAntQWmeGEVeL/4vwHQ90FAw9S+KaqbDdsMowofkc+GaitkY10ooa8dI0L9hzgZFKtGyr+ugbR/otEpFyn2cwtGzJGfucEMzE0u5PWBQqZm8AVuz/k8zqNEdUKGNaFru4X3ant6UTfPbb6tyofaKo9+pg8skGEQ9QAcymnBycEfH4mN1k80jhONDXnW1kBCHQIdMsG3oNtNAFg5KuE8t52xctmavV9DRlfljrNWF7Ziiv6xqmSpGy0fE782TFnK/9pn9swz0IuLdZAb/wsZ2hyL+qtqAxYhd8/tx4OL1ZA6NgNpKEfJTamBjadaW02ngX6mQeIOMGjDreHRtEYgftNtIVNPhQiqMvKrHFdx/IiW0wBG4009nSZehqYZGbOQMk4L1A+UrGsfQlZLV8RrDqvt9Lgb67oDDNWpbd6AvBXTVT9oCBOXbSRhncMEbRseNVo70PbCulFNnU2kLTuLqVEoDiJ3q2H0OMwwciZlSVU+9NjFV4rCYjfBqERtfRmYaSg7lghu8jKXifWwPvXQ6MwMJjndHORw5iBzpr8znMXvXGlKEtHaGqqjuFcTMifTE3RLAO73kR3GNW/N2f5KDouJj8DPPKF3av2UEHvh4h8DZutAsg7+dZiEXnLpInhbkeI4hEw7LmO7Q6399iQxwdCLc/873UPPbVy3U=&u=U2FsdGVkX18vT9X7ZCZwMtI/bv5J52Fb9Y71W07lfH0=&y=U2FsdGVkX19xM7mYf/UkdyozyrQuQ7n2o1RK3l7J1K4= HTTP/1.1" 200 26
186.28.120.157 - - [26/Feb/2023:18:42:03 -0500] "GET /kwssiamovil/sm/acme/a?s=U2FsdGVkX1+t26dQO73sqkRcsG2CDOkKsM3pP5M969xVXK8QSbVt5wcvf77KCEugQ48NMg5u8qMgau5EHZTwj8OWPG2JnT02M6Hn1PpQ5hUzczGa/Sth+kBrsX/I0PEH9W2oE2tLV1TraHZJnnJr0tQW8ROo3NFhajUCeqvbjx4=&u=U2FsdGVkX18vT9X7ZCZwMtI/bv5J52Fb9Y71W07lfH0=&y=U2FsdGVkX19xM7mYf/UkdyozyrQuQ7n2o1RK3l7J1K4= HTTP/1.1" 200 26
186.28.120.157 - - [26/Feb/2023:18:42:03 -0500] "GET /kwssiamovil/sm/acme/a?s=U2FsdGVkX1+dPNGnlU24Rk4N4JNmvJvFVujkz677QvdoxM5DUv4qseRxiRYv5SldY37/62+z/iB3G7gCrc1XM/ieIres8ODr9/8x/xMZqeARVE3HylkPWMUz4Vh6/uyrv5LMG8dtbaFfnMOxUa/srtK4MfZCQ+/5bHbEJ7n1LOQ=&u=U2FsdGVkX18vT9X7ZCZwMtI/bv5J52Fb9Y71W07lfH0=&y=U2FsdGVkX19xM7mYf/UkdyozyrQuQ7n2o1RK3l7J1K4= HTTP/1.1" 200 26
186.28.120.157 - - [26/Feb/2023:18:42:03 -0500] "GET /kwssiamovil/sm/acme/a?s=U2FsdGVkX19A4ueVr4BQVDAcytoVwitPPl18K6JYKE3ptEyQsnfRwR6HQHW37MppqYqW4o1b1lkii5pZiBcbEnjQOfHE5nLniiBeOtrePhFCqK76gRHwmaYqZCN3N2KQouX+zjzXmijzR0/xNjqRBZ8UAmI/ZqhAO767yFMerZQ=&u=U2FsdGVkX18vT9X7ZCZwMtI/bv5J52Fb9Y71W07lfH0=&y=U2FsdGVkX19xM7mYf/UkdyozyrQuQ7n2o1RK3l7J1K4= HTTP/1.1" 200 26
186.28.120.157 - - [26/Feb/2023:18:42:03 -0500] "GET /kwssiamovil/sm/acme/a?s=U2FsdGVkX1/WEtx9JxyTrK5mEdEXIVbNjvM434pIN7D8zBfRFQWf2K4dZm4Nc5LySE9xbu8C4XlUppVrHml12zFGeQXm9BSyMaJFueuFkZUjCqH6qS020PqCV+/zetpIbqCaWNO1reIVbrHm7q4ecrcNlvSOEwGCLf21KT7zIWMsdBLdXdecIkjRn0J4/D1/&u=U2FsdGVkX18vT9X7ZCZwMtI/bv5J52Fb9Y71W07lfH0=&y=U2FsdGVkX19xM7mYf/UkdyozyrQuQ7n2o1RK3l7J1K4= HTTP/1.1" 200 26
186.28.138.63 - - [26/Feb/2023:18:42:16 -0500] "POST /sipse/faces/presentacion/financiero/solicitudProceso/listarSolicitudProceso.xhtml HTTP/1.1" 200 17256
186.28.138.63 - - [26/Feb/2023:18:42:20 -0500] "POST /sipse/faces/presentacion/financiero/solicitudProceso/listarSolicitudProceso.xhtml HTTP/1.1" 200 911
186.28.138.63 - - [26/Feb/2023:18:42:21 -0500] "GET /sipse/faces/presentacion/financiero/solicitudProceso/faces/autenticacion HTTP/1.1" 302 -
186.28.138.63 - - [26/Feb/2023:18:42:21 -0500] "GET /sipse/faces/autenticacion.xhtml HTTP/1.1" 200 12173
186.28.138.63 - - [26/Feb/2023:18:42:21 -0500] "GET /sipse/faces/javax.faces.resource/theme.css?ln=primefaces-sipse HTTP/1.1" 304 -
186.28.138.63 - - [26/Feb/2023:18:42:21 -0500] "GET /sipse/faces/javax.faces.resource/layout/layout.css?ln=primefaces&v=4.0 HTTP/1.1" 304 -
186.28.138.63 - - [26/Feb/2023:18:42:21 -0500] "GET /sipse/faces/javax.faces.resource/jquery/jquery-plugins.js?ln=primefaces&v=4.0 HTTP/1.1" 304 -
186.28.138.63 - - [26/Feb/2023:18:42:21 -0500] "GET /sipse/faces/javax.faces.resource/primefaces.css?ln=primefaces&v=4.0 HTTP/1.1" 304 -
186.28.138.63 - - [26/Feb/2023:18:42:21 -0500] "GET /sipse/faces/javax.faces.resource/primefaces.js?ln=primefaces&v=4.0 HTTP/1.1" 304 -
186.28.138.63 - - [26/Feb/2023:18:42:21 -0500] "GET /sipse/faces/javax.faces.resource/jquery/jquery.js?ln=primefaces&v=4.0 HTTP/1.1" 304 -
186.28.138.63 - - [26/Feb/2023:18:42:21 -0500] "GET /sipse/faces/javax.faces.resource/layout/layout.js?ln=primefaces&v=4.0 HTTP/1.1" 304 -
186.28.138.63 - - [26/Feb/2023:18:42:21 -0500] "GET /sipse/faces/javax.faces.resource/images/ui-icons_898989_256x240.png?ln=primefaces-aristo HTTP/1.1" 304 -
186.28.138.63 - - [26/Feb/2023:18:42:23 -0500] "POST /sipse/faces/autenticacion.xhtml HTTP/1.1" 200 2216
186.28.138.63 - - [26/Feb/2023:18:42:23 -0500] "GET /sipse/faces/javax.faces.resource/messages/messages.png?ln=primefaces&v=4.0 HTTP/1.1" 304 -
186.28.138.63 - - [26/Feb/2023:18:42:24 -0500] "POST /sipse/faces/autenticacion.xhtml HTTP/1.1" 200 16264
186.28.138.63 - - [26/Feb/2023:18:42:24 -0500] "GET /sipse/faces/javax.faces.resource/jquery/jquery.js?ln=primefaces&v=4.0 HTTP/1.1" 304 -
186.28.138.63 - - [26/Feb/2023:18:42:24 -0500] "GET /sipse/faces/javax.faces.resource/jquery/jquery-plugins.js?ln=primefaces&v=4.0 HTTP/1.1" 304 -
186.28.138.63 - - [26/Feb/2023:18:42:24 -0500] "GET /sipse/faces/javax.faces.resource/primefaces.js?ln=primefaces&v=4.0 HTTP/1.1" 304 -
186.28.138.63 - - [26/Feb/2023:18:42:24 -0500] "GET /sipse/faces/javax.faces.resource/layout/layout.js?ln=primefaces&v=4.0 HTTP/1.1" 304 -
186.28.138.63 - - [26/Feb/2023:18:42:26 -0500] "GET /sipse/faces/javax.faces.resource/images/ui-bg_flat_0_2d5972_40x100.png?ln=primefaces-aristo HTTP/1.1" 304 -
186.28.138.63 - - [26/Feb/2023:18:42:26 -0500] "POST /sipse/faces/bienvenido.xhtml HTTP/1.1" 200 2658
186.28.138.63 - - [26/Feb/2023:18:42:27 -0500] "POST /sipse/faces/bienvenido.xhtml HTTP/1.1" 200 64946
186.28.138.63 - - [26/Feb/2023:18:42:28 -0500] "GET /sipse/faces/javax.faces.resource/jquery/jquery.js?ln=primefaces&v=4.0 HTTP/1.1" 304 -
186.28.138.63 - - [26/Feb/2023:18:42:28 -0500] "GET /sipse/faces/javax.faces.resource/jquery/jquery-plugins.js?ln=primefaces&v=4.0 HTTP/1.1" 304 -
186.28.138.63 - - [26/Feb/2023:18:42:28 -0500] "GET /sipse/faces/javax.faces.resource/primefaces.js?ln=primefaces&v=4.0 HTTP/1.1" 304 -
186.28.138.63 - - [26/Feb/2023:18:42:28 -0500] "GET /sipse/faces/javax.faces.resource/layout/layout.js?ln=primefaces&v=4.0 HTTP/1.1" 304 -
186.28.138.63 - - [26/Feb/2023:18:42:28 -0500] "POST /sipse/faces/presentacion/financiero/solicitudProceso/listarSolicitudProceso.xhtml HTTP/1.1" 200 1556
186.28.138.63 - - [26/Feb/2023:18:42:33 -0500] "POST /sipse/faces/presentacion/financiero/solicitudProceso/listarSolicitudProceso.xhtml HTTP/1.1" 200 11506
186.28.138.63 - - [26/Feb/2023:18:42:35 -0500] "POST /sipse/faces/presentacion/financiero/solicitudProceso/listarSolicitudProceso.xhtml HTTP/1.1" 200 155347
186.28.138.63 - - [26/Feb/2023:18:42:35 -0500] "GET /sipse/faces/javax.faces.resource/jquery/jquery.js?ln=primefaces&v=4.0 HTTP/1.1" 304 -
186.28.138.63 - - [26/Feb/2023:18:42:35 -0500] "GET /sipse/faces/javax.faces.resource/jquery/jquery-plugins.js?ln=primefaces&v=4.0 HTTP/1.1" 304 -
186.28.138.63 - - [26/Feb/2023:18:42:35 -0500] "GET /sipse/faces/javax.faces.resource/primefaces.js?ln=primefaces&v=4.0 HTTP/1.1" 304 -
186.28.138.63 - - [26/Feb/2023:18:42:35 -0500] "GET /sipse/faces/javax.faces.resource/layout/layout.js?ln=primefaces&v=4.0 HTTP/1.1" 304 -
186.80.52.163 - - [26/Feb/2023:18:43:41 -0500] "POST /sipse/faces/presentacion/financiero/solicitudProceso/consultarSolicitudProceso.xhtml HTTP/1.1" 200 5578
201.245.192.253 - - [26/Feb/2023:18:43:57 -0500] "POST /kwsrmcab/Wsrmcab  HTTP/1.1" 200 41116
216.245.221.92 - - [26/Feb/2023:18:44:16 -0500] "HEAD / HTTP/1.1" 200 -
172.22.2.4 - - [26/Feb/2023:18:43:20 -0500] "HEAD /BLA/boletinlegal/ HTTP/1.1" 200 -
172.22.2.4 - - [26/Feb/2023:18:44:11 -0500] "GET /BLA/boletinlegal/ HTTP/1.1" 200 59164
181.60.42.72 - - [26/Feb/2023:18:47:02 -0500] "GET /siipev/Diseno%20de%20Elementos%20de%20Mobiliario%20Urbano/Diseno%20pertenecientes%20al%20mobiliario%20urbano%20M10-M160/PARTE%20A/Dise%C3%B1o%20de%20Elementos%20M-10.pdf HTTP/1.1" 200 2286537
181.60.42.72 - - [26/Feb/2023:18:47:02 -0500] "GET /favicon.ico HTTP/1.1" 200 7782
66.249.72.76 - - [26/Feb/2023:18:48:22 -0500] "-" 408 -
201.245.192.253 - - [26/Feb/2023:18:48:54 -0500] "POST /kwsrmcab/Wsrmcab  HTTP/1.1" 200 41116
216.245.221.92 - - [26/Feb/2023:18:49:16 -0500] "HEAD / HTTP/1.1" 200 -
173.252.95.11 - - [26/Feb/2023:18:50:23 -0500] "GET /images/Acuerdos%2001%20(1)%20(1).jpeg HTTP/1.1" 200 32884
186.80.52.163 - - [26/Feb/2023:18:50:31 -0500] "POST /sipse/faces/presentacion/financiero/solicitudProceso/consultarSolicitudProceso.xhtml HTTP/1.1" 200 37004
186.80.52.163 - - [26/Feb/2023:18:50:32 -0500] "GET /sipse/faces/javax.faces.resource/theme.css?ln=primefaces-sipse HTTP/1.1" 304 -
186.80.52.163 - - [26/Feb/2023:18:50:32 -0500] "GET /sipse/faces/javax.faces.resource/layout/layout.css?ln=primefaces&v=4.0 HTTP/1.1" 304 -
186.80.52.163 - - [26/Feb/2023:18:50:32 -0500] "GET /sipse/faces/javax.faces.resource/primefaces.css?ln=primefaces&v=4.0 HTTP/1.1" 304 -
186.80.52.163 - - [26/Feb/2023:18:50:32 -0500] "GET /sipse/faces/javax.faces.resource/jquery/jquery.js?ln=primefaces&v=4.0 HTTP/1.1" 304 -
186.80.52.163 - - [26/Feb/2023:18:50:32 -0500] "GET /sipse/faces/javax.faces.resource/jquery/jquery-plugins.js?ln=primefaces&v=4.0 HTTP/1.1" 304 -
186.80.52.163 - - [26/Feb/2023:18:50:33 -0500] "GET /sipse/faces/javax.faces.resource/primefaces.js?ln=primefaces&v=4.0 HTTP/1.1" 304 -
186.80.52.163 - - [26/Feb/2023:18:50:33 -0500] "GET /sipse/faces/javax.faces.resource/layout/layout.js?ln=primefaces&v=4.0 HTTP/1.1" 304 -
186.80.52.163 - - [26/Feb/2023:18:50:33 -0500] "POST /sipse/faces/presentacion/financiero/solicitudProceso/listarSolicitudProceso.xhtml HTTP/1.1" 200 30399
186.80.52.163 - - [26/Feb/2023:18:50:34 -0500] "POST /sipse/faces/presentacion/financiero/solicitudProceso/listarSolicitudProceso.xhtml HTTP/1.1" 200 1396
186.80.52.163 - - [26/Feb/2023:18:50:35 -0500] "POST /sipse/faces/presentacion/financiero/solicitudProceso/listarSolicitudProceso.xhtml HTTP/1.1" 200 1396
186.80.52.163 - - [26/Feb/2023:18:50:41 -0500] "POST /sipse/faces/presentacion/financiero/solicitudProceso/listarSolicitudProceso.xhtml HTTP/1.1" 200 17246
186.80.52.163 - - [26/Feb/2023:18:50:43 -0500] "POST /sipse/faces/presentacion/financiero/solicitudProceso/listarSolicitudProceso.xhtml HTTP/1.1" 200 146212
186.80.52.163 - - [26/Feb/2023:18:50:45 -0500] "GET /sipse/faces/javax.faces.resource/layout/layout.css?ln=primefaces&v=4.0 HTTP/1.1" 304 -
186.80.52.163 - - [26/Feb/2023:18:50:45 -0500] "GET /sipse/faces/javax.faces.resource/primefaces.css?ln=primefaces&v=4.0 HTTP/1.1" 304 -
186.80.52.163 - - [26/Feb/2023:18:50:45 -0500] "GET /sipse/faces/javax.faces.resource/theme.css?ln=primefaces-sipse HTTP/1.1" 304 -
186.80.52.163 - - [26/Feb/2023:18:50:45 -0500] "GET /sipse/faces/javax.faces.resource/jquery/jquery.js?ln=primefaces&v=4.0 HTTP/1.1" 304 -
186.80.52.163 - - [26/Feb/2023:18:50:45 -0500] "GET /sipse/faces/javax.faces.resource/jquery/jquery-plugins.js?ln=primefaces&v=4.0 HTTP/1.1" 304 -
186.80.52.163 - - [26/Feb/2023:18:50:45 -0500] "GET /sipse/faces/javax.faces.resource/primefaces.js?ln=primefaces&v=4.0 HTTP/1.1" 304 -
186.80.52.163 - - [26/Feb/2023:18:50:45 -0500] "GET /sipse/faces/javax.faces.resource/layout/layout.js?ln=primefaces&v=4.0 HTTP/1.1" 304 -
172.22.2.4 - - [26/Feb/2023:18:49:10 -0500] "HEAD /BLA/boletinlegal/ HTTP/1.1" 200 -
40.77.167.186 - - [26/Feb/2023:18:50:58 -0500] "GET /BLA/resoluciones/AUTOS%202021/5115.pdf HTTP/1.1" 304 -
186.80.52.163 - - [26/Feb/2023:18:51:14 -0500] "POST /sipse/faces/presentacion/financiero/solicitudProceso/consultarSolicitudProceso.xhtml HTTP/1.1" 200 5578
172.22.2.4 - - [26/Feb/2023:18:50:02 -0500] "GET /BLA/boletinlegal/ HTTP/1.1" 200 59591
186.80.52.163 - - [26/Feb/2023:18:52:32 -0500] "POST /sipse/faces/presentacion/financiero/solicitudProceso/consultarSolicitudProceso.xhtml HTTP/1.1" 200 82605
223.130.30.165 - - [26/Feb/2023:18:53:06 -0500] "POST /GponForm/diag_Form?images/ HTTP/1.1" 404 1013
201.245.192.253 - - [26/Feb/2023:18:53:52 -0500] "POST /kwsrmcab/Wsrmcab  HTTP/1.1" 200 41116
216.245.221.92 - - [26/Feb/2023:18:54:16 -0500] "HEAD / HTTP/1.1" 200 -
172.22.2.4 - - [26/Feb/2023:18:54:18 -0500] "GET /BLA/boletinlegal/actos.php HTTP/1.1" 200 9606
172.22.2.4 - - [26/Feb/2023:18:54:28 -0500] "GET /BLA/boletinlegal/consulta_actos.php?tipo=autos&no=&usuario=&sector=&fecha=2022&resuelve= HTTP/1.1" 200 1601753
186.155.14.230 - - [26/Feb/2023:18:54:35 -0500] "GET /BLA/resoluciones/ HTTP/1.1" 200 13502
186.155.14.230 - - [26/Feb/2023:18:54:45 -0500] "GET /BLA/resoluciones/index.php?dir=AUTOS+2022%2F HTTP/1.1" 200 431653
186.28.120.157 - - [26/Feb/2023:18:55:10 -0500] "GET /kwssiamovil/sm/acme/a?s=U2FsdGVkX19WXkqlfiYL5csJfHOhev7yOAZwKFxYYtnTL9J0pXD/QrfGh8JWhaBOXRUa2M0qzugaOIUNG2vTdKv+YfhlC2cbhcGm4ZC44d+qYInEDM8BNmUo7B5ipTbzKSw94nEg06EBizyfbL3vAjjzB8vG9C49yVLAS3XLz6Q8MW7wfuhyqgWZ5TEPrjurUWN2CoM7yqQmKycTn80zc1sdsHzVsP8ZhaeOzZ+h8qmUfquwfW5KR92azTg4BpTO6k8voELpr+afpdgFtG1AEg==&u=U2FsdGVkX18vT9X7ZCZwMtI/bv5J52Fb9Y71W07lfH0=&y=U2FsdGVkX19xM7mYf/UkdyozyrQuQ7n2o1RK3l7J1K4= HTTP/1.1" 200 26
186.28.120.157 - - [26/Feb/2023:18:55:10 -0500] "GET /kwssiamovil/sm/acme/a?s=U2FsdGVkX19Wls3TORqg96BPwNPTJIBNi//4Xt2dOrR3mPGtHWt1W6mPZK3d/FZNIa1uEJnzdgUUHWna6VakFnkGv069vWn9r8i3g5pjbmeMiwRUibnPnSqlsF8LgxHK/lLs/k5j5EnshqzvreKrl81p3AJOO9mhLU2Y/XiTqlvMrLzbnwl50FFy00YaHFl3Y4eFBf2W3syzw3nGZ+G1C3BbBtn/6o1nqr0Ywt0MlsbSEBN85iAAAgoozlvdyFosrgUIiDtOM0lBskz6sHovXQln6o250E75B9h18jdCzYUnfWypSJlriAjSCfcSAFRC7p26eXvS8zCydBGDXz5Oa+QaTL6WURSG5fcYmHDblY9LlSHiMXij2JBk1iDS/vTjHI6Z62dEtDUWM6+Rhzf9FiIvxSwiNVOFmuan1oaQXA81EJ2l8fxHcOcL7CzBz5NBgYsaYv/2qFeDtlWp2LlYPUHnBvTP9eLK6eKSgnajWYi3fXcI1abPBGtNF51+6na5KbBd8rFZTpB3W3EtIKlbMLoMvjft7IQn67py0bpddFUEBk7PJYN+5lGQ6SC9lLQo8HXHu41R28wnkgHv6uXsHdVhSbFxZHX+gNMvSYR9SWQg3qUerS7zT5Dco2Nkdg5liJTJ84ZGyWHy9Wp2dz8kd6UmMJVV+Fdq3zIH6knRdu6o7esjllY2maV2p7bfwBoAG7fScbd/GffQ8eFOiy5Dcz2WoHL749HG6Imyh7QYwGbqUXSR54oQsRHW9SmzgBl6ESvpSAkGTej1vSRhjVa54TCDErrfDRoUrcsc9PsTO6rui34mPknpOB6VXaElhMUo2/UUgxwEXK2x/U3Ixf5PhZwigsY1k+BiyFUZmgpVt/1mTaLsQcow7kANLeRiY8+xoQP8PcHCmA5yRxMgL/+gV6qG1e2VH9D7f6Sj5JFx3DoXhPYo264gqXAqmntPvIvMTm4fPqFfTwNA6kysLzQFrkV+LVyHcRitSLIvINtSkFnIBZkeZVYEX8Hfsb6dalPOohf8i0LuVeJCsNj6Xz2gQVa6wiN/JgWKJXc8szOAM/M23SOGK3i2AUH5q0KWqbvwdTmWydka/xf0fX3oXNV5P4k5ezsnTuFaBxsVuAJMpuEJ/avesS4757rOxlRu+IHzjMzGCTLKrqivn5LPKquzCgGg25yHfflczsf+/D7Cd9xeTKLYqz2TuBaZJ41BFQBnFNP5CF4nUzXuTnQZADyDYpF4da07CeApMEaRLtO1gSgxh1TJlN+u5LG/rjJ3RtxlTyFcyrr33ueGfilg3TPyaCMrvRvaW26fEsh+0SnYlWCnMi3qztyAk+ZFWxLs9PYYdUyKY9tX9r+iQa3F+RapuLQBygjpWS2qIraREgcKNT93QpjRwWlF61f+m8jpmb7jUYt3ImNY9NLwgKZCah9y5Wn0rQyIvBDO5KoxyBFM3PhTLyEBCN7NkXykp7kEQftajRLttOZbeJeLCUr9VD3FJnsyQV/QOer4EwA9bLgAQqAlK1yW1HUIIq7edNRcyXsD6n9Y8v2IxF5Kcv1HdPFDKfAmYUeafdUDRZYrpBVsYE8V4DW0mAFM1cHTmwPP6pecy1wVlqFrp94pU+Mt3t1TyWG+cWBBq4pc39bCBHZuU/Hdxjm9F3pWs77Qiy2FV3hp0bYtx+hRiqlXFzETIRHYW7AxgEjXrKNWmedmnw7tA/3NGNKxcQZfGZneFF1ZRznXMqPI9kzcldl9dbcnuG5YHarBptbLGBmJFrLgcW8V/D80qTeAF+Wrfy+3ZwKefiP60jsclEwwrritMP0hQpUnETa7DmoCpbYwoYX8a4xXDMebIxSqW3HZ5IPwaQBhhPFStK5PnPnYj3Bb+XEr5LST6X0h3RrUNKPRmd/Ae9DqUYH4IXMfT1wegZntdzv0Aeft3NjLxJuilhjjFKec3cgZKg==&u=U2FsdGVkX18vT9X7ZCZwMtI/bv5J52Fb9Y71W07lfH0=&y=U2FsdGVkX19xM7mYf/UkdyozyrQuQ7n2o1RK3l7J1K4= HTTP/1.1" 200 26
186.28.120.157 - - [26/Feb/2023:18:55:10 -0500] "GET /kwssiamovil/sm/acme/a?s=U2FsdGVkX19f/u6YCdLO2gq4s/3hW8zOZLoMBt+EIefJ3TMb+oYvGgchkt6mLpk5Eff2vWekbgqcGco/71g0vhq+9aPGn4KZ42P0yr1QLi1f0RyZ0HQA+/4Hv1dc9gR7bdKzTuM+RtUf4s/Tmma8wYYCBhEbqnvB5gnSDh5Lo4Y=&u=U2FsdGVkX18vT9X7ZCZwMtI/bv5J52Fb9Y71W07lfH0=&y=U2FsdGVkX19xM7mYf/UkdyozyrQuQ7n2o1RK3l7J1K4= HTTP/1.1" 200 26
186.28.120.157 - - [26/Feb/2023:18:55:11 -0500] "GET /kwssiamovil/sm/acme/a?s=U2FsdGVkX1+jIyE5+L38IZrrvhd/i0sAhq9DidIzO9ztzQT/y42h+ECxY9wFogbXJBWvAw3CCTSmQHTbExBiRCUh/eD7Z86BwDKd8omQNp0n/9TnD8JyOtRWT8FTO6J2CuY1WXA1M9GW+LHiQVjzP/1g3OZowGjYafbgnAoon4w=&u=U2FsdGVkX18vT9X7ZCZwMtI/bv5J52Fb9Y71W07lfH0=&y=U2FsdGVkX19xM7mYf/UkdyozyrQuQ7n2o1RK3l7J1K4= HTTP/1.1" 200 26
186.28.120.157 - - [26/Feb/2023:18:55:11 -0500] "GET /kwssiamovil/sm/acme/a?s=U2FsdGVkX1/BnXRNdV6S42aRNGmOBsxCJrlpTrUpMlncj/Krz8Ur9wvi5Unn9xbbkhVf9cbyjKYjH0VcGT5a2hEg7a+/VYABHFo8lo7TuKqFMb6W1N9EKa8k4IAOoJD+jvgSD015kAlb0vVpV6rfIglzxdCZbK7Dbc7tuHtERMg=&u=U2FsdGVkX18vT9X7ZCZwMtI/bv5J52Fb9Y71W07lfH0=&y=U2FsdGVkX19xM7mYf/UkdyozyrQuQ7n2o1RK3l7J1K4= HTTP/1.1" 200 26
186.28.120.157 - - [26/Feb/2023:18:55:11 -0500] "GET /kwssiamovil/sm/acme/a?s=U2FsdGVkX1+/n35ZOfQj8A/vh6XfwCNJBlflLvLpHvF8FMsDjrZL4gJ5C2pPBv3mYDXN73rxbFl/plp7exKijhXBucZmxqDb3Dyrerpc8+LBgzsLnnjVYfcEgSQi6B/+O2OWMb9L1S0ACvkfsopStuZdq8ifOjoDfeISzEPk6DVILRiyqLCe85utSyCNToCc&u=U2FsdGVkX18vT9X7ZCZwMtI/bv5J52Fb9Y71W07lfH0=&y=U2FsdGVkX19xM7mYf/UkdyozyrQuQ7n2o1RK3l7J1K4= HTTP/1.1" 200 26
173.252.79.11 - - [26/Feb/2023:18:56:06 -0500] "GET /images/20%20de%20febrero%20panor\xc3\xa1mica%20de%20Bogot\xc3\xa1%20(1)%20(1).jpeg HTTP/1.1" 404 1034
186.28.138.63 - - [26/Feb/2023:18:56:21 -0500] "POST /sipse/faces/presentacion/financiero/solicitudProceso/consultarSolicitudProceso.xhtml HTTP/1.1" 200 36983
186.28.138.63 - - [26/Feb/2023:18:56:21 -0500] "GET /sipse/faces/javax.faces.resource/jquery/jquery.js?ln=primefaces&v=4.0 HTTP/1.1" 304 -
186.28.138.63 - - [26/Feb/2023:18:56:21 -0500] "GET /sipse/faces/javax.faces.resource/jquery/jquery-plugins.js?ln=primefaces&v=4.0 HTTP/1.1" 304 -
186.28.138.63 - - [26/Feb/2023:18:56:21 -0500] "GET /sipse/faces/javax.faces.resource/primefaces.js?ln=primefaces&v=4.0 HTTP/1.1" 304 -
186.28.138.63 - - [26/Feb/2023:18:56:22 -0500] "GET /sipse/faces/javax.faces.resource/layout/layout.js?ln=primefaces&v=4.0 HTTP/1.1" 304 -
186.28.138.63 - - [26/Feb/2023:18:56:22 -0500] "POST /sipse/faces/presentacion/financiero/solicitudProceso/listarSolicitudProceso.xhtml HTTP/1.1" 200 30347
186.28.138.63 - - [26/Feb/2023:18:56:22 -0500] "POST /sipse/faces/presentacion/financiero/solicitudProceso/listarSolicitudProceso.xhtml HTTP/1.1" 200 30347
186.28.138.63 - - [26/Feb/2023:18:56:22 -0500] "POST /sipse/faces/presentacion/financiero/solicitudProceso/listarSolicitudProceso.xhtml HTTP/1.1" 200 1396
186.28.138.63 - - [26/Feb/2023:18:56:23 -0500] "POST /sipse/faces/presentacion/financiero/solicitudProceso/listarSolicitudProceso.xhtml HTTP/1.1" 200 1396
186.28.138.63 - - [26/Feb/2023:18:56:23 -0500] "POST /sipse/faces/presentacion/financiero/solicitudProceso/listarSolicitudProceso.xhtml HTTP/1.1" 200 1404
186.28.138.63 - - [26/Feb/2023:18:56:26 -0500] "POST /sipse/faces/presentacion/financiero/solicitudProceso/listarSolicitudProceso.xhtml HTTP/1.1" 200 11459
186.28.138.63 - - [26/Feb/2023:18:56:27 -0500] "POST /sipse/faces/presentacion/financiero/solicitudProceso/listarSolicitudProceso.xhtml HTTP/1.1" 200 155325
186.28.138.63 - - [26/Feb/2023:18:56:27 -0500] "GET /sipse/faces/javax.faces.resource/jquery/jquery.js?ln=primefaces&v=4.0 HTTP/1.1" 304 -
186.28.138.63 - - [26/Feb/2023:18:56:27 -0500] "GET /sipse/faces/javax.faces.resource/jquery/jquery-plugins.js?ln=primefaces&v=4.0 HTTP/1.1" 304 -
186.28.138.63 - - [26/Feb/2023:18:56:27 -0500] "GET /sipse/faces/javax.faces.resource/primefaces.js?ln=primefaces&v=4.0 HTTP/1.1" 304 -
186.28.138.63 - - [26/Feb/2023:18:56:27 -0500] "GET /sipse/faces/javax.faces.resource/layout/layout.js?ln=primefaces&v=4.0 HTTP/1.1" 304 -
186.155.14.230 - - [26/Feb/2023:18:56:33 -0500] "GET /BLA/resoluciones/index.php?dir=AUTOS+2022%2F HTTP/1.1" 200 431653
172.22.2.4 - - [26/Feb/2023:18:55:00 -0500] "HEAD /BLA/boletinlegal/ HTTP/1.1" 200 -
186.155.14.230 - - [26/Feb/2023:18:57:00 -0500] "GET /BLA/resoluciones/index.php?dir=AUTOS+2022%2F HTTP/1.1" 200 431653
190.25.168.46 - - [26/Feb/2023:18:57:25 -0500] "GET /appsia/controlador HTTP/1.1" 200 4799
190.25.168.46 - - [26/Feb/2023:18:57:28 -0500] "POST /appsia/controlador HTTP/1.1" 200 4621
190.25.168.46 - - [26/Feb/2023:18:57:31 -0500] "POST /appsia/controlador HTTP/1.1" 200 12388
172.22.2.4 - - [26/Feb/2023:18:55:51 -0500] "GET /BLA/boletinlegal/ HTTP/1.1" 200 59164
186.155.14.230 - - [26/Feb/2023:18:57:34 -0500] "GET /BLA/resoluciones/index.php?dir=AUTOS+2021%2F HTTP/1.1" 200 397076
190.25.168.46 - - [26/Feb/2023:18:57:36 -0500] "POST /appsia/controlador HTTP/1.1" 200 4621
190.25.168.46 - - [26/Feb/2023:18:57:38 -0500] "POST /appsia/controlador HTTP/1.1" 200 4799
186.155.14.230 - - [26/Feb/2023:18:57:57 -0500] "GET /BLA/resoluciones/index.php?dir=AUTOS+2022%2F HTTP/1.1" 200 431653
186.155.14.230 - - [26/Feb/2023:18:58:20 -0500] "GET /BLA/resoluciones/AUTOS%202022/3688.pdf HTTP/1.1" 200 403602
201.245.192.253 - - [26/Feb/2023:18:58:51 -0500] "POST /kwsrmcab/Wsrmcab  HTTP/1.1" 200 41116
172.22.2.4 - - [26/Feb/2023:18:58:57 -0500] "GET /BLA/boletinlegal/robots.txt HTTP/1.1" 404 1038
216.245.221.92 - - [26/Feb/2023:18:59:16 -0500] "HEAD / HTTP/1.1" 200 -
66.249.66.81 - - [26/Feb/2023:19:00:23 -0500] "-" 408 -
172.22.2.4 - - [26/Feb/2023:18:59:01 -0500] "GET /BLA/boletinlegal/ HTTP/1.1" 200 61720
172.22.2.4 - - [26/Feb/2023:19:00:50 -0500] "HEAD /BLA/boletinlegal/ HTTP/1.1" 200 -
207.46.13.211 - - [26/Feb/2023:19:02:45 -0500] "GET /BLA/resoluciones/AUTOS%202021/0238.pdf HTTP/1.1" 304 -
172.22.2.4 - - [26/Feb/2023:19:01:41 -0500] "GET /BLA/boletinlegal/ HTTP/1.1" 200 56251
201.245.192.253 - - [26/Feb/2023:19:03:48 -0500] "POST /kwsrmcab/Wsrmcab  HTTP/1.1" 200 41116
172.22.2.4 - - [26/Feb/2023:19:03:59 -0500] "GET /BLA/boletinlegal/images/screen_5.png HTTP/1.1" 200 368876
172.22.2.4 - - [26/Feb/2023:19:03:59 -0500] "GET /BLA/boletinlegal/images/arr_r.jpg HTTP/1.1" 200 1998
172.22.2.4 - - [26/Feb/2023:19:03:59 -0500] "GET /BLA/boletinlegal/images/screen_3.png HTTP/1.1" 200 210620
172.22.2.4 - - [26/Feb/2023:19:03:59 -0500] "GET /BLA/boletinlegal/images/screen_2.png HTTP/1.1" 200 362502
40.77.167.162 - - [26/Feb/2023:19:03:59 -0500] "GET /BLA/resoluciones/AUTOS%202021/2388.pdf HTTP/1.1" 304 -
172.22.2.4 - - [26/Feb/2023:19:04:01 -0500] "GET /BLA/boletinlegal/actos.php HTTP/1.1" 200 9606
181.53.13.61 - - [26/Feb/2023:19:04:03 -0500] "GET /BLA/resoluciones/ HTTP/1.1" 200 13502
181.53.13.61 - - [26/Feb/2023:19:04:06 -0500] "GET /BLA/resoluciones/index.php?dir=RESOLUCIONES+2022%2F HTTP/1.1" 200 288318
216.245.221.92 - - [26/Feb/2023:19:04:16 -0500] "HEAD / HTTP/1.1" 200 -
172.22.2.4 - - [26/Feb/2023:19:03:52 -0500] "GET /BLA/boletinlegal/ HTTP/1.1" 200 28619
40.77.167.186 - - [26/Feb/2023:19:04:38 -0500] "GET /BLA/boletinlegal/Circulares/2012/Circular%20No.%206%20del%2025%20de%20Mayo%20de%202012.pdf HTTP/1.1" 200 387391
173.252.83.9 - - [26/Feb/2023:19:04:49 -0500] "GET /images/20%20de%20febrero%20panor\xc3\xa1mica%20de%20Bogot\xc3\xa1%20(1)%20(1).jpeg HTTP/1.1" 404 1034
181.53.13.61 - - [26/Feb/2023:19:04:54 -0500] "GET /BLA/resoluciones/RESOLUCIONES%202022/3415.pdf HTTP/1.1" 200 1230431
191.156.18.4 - - [26/Feb/2023:19:05:11 -0500] "GET /galeria/galeria/jquery.fancybox.css?v=2.1.5 HTTP/1.1" 200 4895
191.156.18.4 - - [26/Feb/2023:19:05:11 -0500] "GET /BLA/boletinlegal/js/jquery.scrollShow.js HTTP/1.1" 200 4586
191.156.18.4 - - [26/Feb/2023:19:05:11 -0500] "GET /galeria/galeria/jquery.fancybox.js?v=2.1.5 HTTP/1.1" 200 48706
173.252.127.9 - - [26/Feb/2023:19:05:17 -0500] "GET /camino-guadalupe-aguanoso-abierto-de-nuevo-al-publico.html?fbclid=IwAR06dmDC0kqqKm4_VPhM14VbXvyL4mcDYy4aMgKEY_qABMDshaJq370zkrI HTTP/1.1" 200 879
186.28.120.157 - - [26/Feb/2023:19:06:52 -0500] "GET /kwssiamovil/sm/acme/a?s=U2FsdGVkX191tkTA/DP4hwf+sZ7ZxYGT0rmTpieKSjTUG4e9BX7r+LPmse1dpCSPxAXPas4/ah4bw4XB92xencgRuyl2P+UrFBhF4cxWTFbWce7ErtOQzlZjCWfK6R3AtKCW+WLWySXlSapz5hoXNpR93JEzs3v7+2zAIfWKfnRgTliUwkuC2MvJJUSRjyo4hqkolwCl0+TRS7qDg6i4jNTC5JenL5/df6QvGLTh1jMtVaurWa7jDjaV44Ol0xy7VBDs6wtpHluC4hePrvZLxA==&u=U2FsdGVkX18vT9X7ZCZwMtI/bv5J52Fb9Y71W07lfH0=&y=U2FsdGVkX19xM7mYf/UkdyozyrQuQ7n2o1RK3l7J1K4= HTTP/1.1" 200 26
186.28.120.157 - - [26/Feb/2023:19:06:52 -0500] "GET /kwssiamovil/sm/acme/a?s=U2FsdGVkX18MI2SD+xofdyKpA7rsNDs0/9PrbMXVlTPBxnICJ961fV8nF8irWgY5SekyfAyKkHGwSkkeFl9EdpyLIG0MFUBqk4Is8lxGQYPfkLzLZ1HtIAKovCKtH1bulato2bAl7mCm3ACDViXiuVtTg1zKymSMEQ86uLsKxeWdvRiIRa8vuh3rJ3CSkGFaWCxhGLh+E5johnq4nIl5t29JFlpC/ZHb2hG+tGIx1Q12NgZK7F8JMLyMGNPZunlaF0zt48D2errfP4FuJAnqRViKgRAvdk/dGEM1qBUEmAiN6EbaWTeqY8VnwEK4pV1mj212mFXKHNyL1mvvx0QCyxeFz+k4ezZIhnF/FH7gxExn2+wDu713l+5xkZhHlVmSHfDtCcmXjffXA9dS3fiyIKXBrK7aIzVmGu6KDtXwmavT59/ijv2io8fIHM2QAdginLg1Ym6GtrCaXtl7YrvKSvZTEZvKIo901qIMGHBJ2C9D2ixeADpXsD9I81GZilwYTi2TJ4EqsELfIKPQLwBYozlkoVOkmQ4HkuvvaNkntFP6SMWeOpUuw/j2egetOL3mUB+1oshKsQv15yKBG0dbBuKIQRuaX0tV5uiGVXmG9UbHiDKmUJ/c+3Yj6yEENMyxDlr4pwaMTbp9z48LigAkd/TcOFCi3CPJPtbJPi4bWmhyt3vFL9Bsoprdfb281MgPb8RpMAJQXX0u5tT1Qcnvv8umdeBp3rUOldD717bGFnLd767s1Cqdv1MU/IZEWrqsNaslq/4JAB+cEQiF3wAARWjF3hpbT+tOikZ8lR8BLEH6hcZHY3qrvgimRSu56Lma3HuRO+Fb/VhIrgCtXdDhGA1tTlcamw7OHCgH6/rM+zSN/yRnqAodJr5Es5KgwEZ9LxlnyMJ6FZJ9bLfveYxF7hgetiXpH3Knb/wK2t8qnt+53HWlciXev9yxdxjFzBEx+U0FOYp9+q4rP5PHXsIooLMDMwGBxtPOCnii0mgIUiAhLTQjrLjGVHV/GtubNDRFTjPWPE+P3vuSvnwb4uVD63Ld/vcnB1gUYfc0kP3zS2NQzWmt8tGJQO/mdsP1k5JwNGaPOVdlUh5boBV/9OC72TUjuYo7gxgGUkNuV3EMINbiXRFBMlg4jGYHemFtvyajqnrUvKzF0tQ2HBex5Gg6uweh7cdKhqqlvRdbWAXe6vAERjjfVPy1yoe2YvPGi0MUxTFvxP2LYtCH+OGg6CCHlzG9eVTcAXut9xexz/4oENKeI1SFLLru1TvzoXFW9SZaKXlErELSRm2JdAMNvB4bwDbTqaYj0n7pP8LIJ9MAUsQ02zJBnod4UDo3XURzD5mh6WfizaBr8pklqdzASJtn78ym75HckWcTLandjxSKobCOwzBO55h2tgU5p10h3j1dgg/1Iy3DdMrCgYznE/GXrH1s71TWYWYNtrkWs/DVgCXn7rxuHlGrM28mNNGTwx0RYd3qDOOxL++99u8gYW4tmDPh2eXU2QUc90gajc8gI7BLlTBt7g0DWagN6OhdyPJxiG5sN1xSv3vHf8nqbdl8fjQalfZi76oNmojF/pOH7/SLsDWLu+RW7b2uLbfG/NFH5Cgo5hsb/0wTagc4nu1HCgVEnOCTdwdsnDqTi5YQjpeXf67mIh121nl+MWNwRhSeQisALeOm3Bl1XD0An/x7Q1ziVTfZg1zeoQivFwSCsIn4h2wdw+UGeHGbdDqzb3ks5oI5vOpwvGk/LPQK0guPKKeE3TGBNCOJB3KbP2950h0ruevt9zfGnAEHZsYZALdSpy8DPHC4uE91id/EGX8ByDMtGHy99dQKUcFGLlOPMlkRV+MWosWNawRfeEqsLbJFw2z3a0gLn7m3nJT5zAnPpjTDaRAa2F8FLM4D0bh/qgGGSvyJPRiegxwQY5xlVFcKp4PKgCCr/kE7ts5+wZ54nw==&u=U2FsdGVkX18vT9X7ZCZwMtI/bv5J52Fb9Y71W07lfH0=&y=U2FsdGVkX19xM7mYf/UkdyozyrQuQ7n2o1RK3l7J1K4= HTTP/1.1" 200 26
186.28.120.157 - - [26/Feb/2023:19:06:52 -0500] "GET /kwssiamovil/sm/acme/a?s=U2FsdGVkX19RprThwkGdC4kFpPcxZr/zIgj57SQyKMD6GnNTqmFXfLooT3w56R8V8BsJ9NgopawJxbmhA0jMP635vrRlDT7Gge1uqgg9XtP8+7cfMW4QI7D7q07/6+Q61gJk1BeTHm5C4UORXBxyjYoSgXvIA9nZ0eZxsNfaabQ=&u=U2FsdGVkX18vT9X7ZCZwMtI/bv5J52Fb9Y71W07lfH0=&y=U2FsdGVkX19xM7mYf/UkdyozyrQuQ7n2o1RK3l7J1K4= HTTP/1.1" 200 26
186.28.120.157 - - [26/Feb/2023:19:06:52 -0500] "GET /kwssiamovil/sm/acme/a?s=U2FsdGVkX1+mDQDCAG8gXgtFeeLj7xJGu+f9FgQ1rrWxdpghFK/3E/8rvNW96VdNreUAVJkHODZEfg1YhZu5sUTy8sqJVTu52T2MKrkQr/m7TTcKk7cx+1FKNs25hTRjBc7Y+h/2IukLSi8o5UNRkVzQnT+1lCBiCZXCQoTcUEY=&u=U2FsdGVkX18vT9X7ZCZwMtI/bv5J52Fb9Y71W07lfH0=&y=U2FsdGVkX19xM7mYf/UkdyozyrQuQ7n2o1RK3l7J1K4= HTTP/1.1" 200 26
186.28.120.157 - - [26/Feb/2023:19:06:53 -0500] "GET /kwssiamovil/sm/acme/a?s=U2FsdGVkX19VoH7ZZcYc8tCd7PqH4L/PZ8yu2rLU1U/+fcsf9R/gp1ANMvD5d/n/SAJwMOKtJjlCXxMQe/PBrkjrRCwJpUWKppeUyAUErUVux3tEov9QOucIATnIeKzI2aq0LC5ra9TgwFtBUfwc2fnpBLecFBKudLJu3FBeyYE=&u=U2FsdGVkX18vT9X7ZCZwMtI/bv5J52Fb9Y71W07lfH0=&y=U2FsdGVkX19xM7mYf/UkdyozyrQuQ7n2o1RK3l7J1K4= HTTP/1.1" 200 26
186.28.120.157 - - [26/Feb/2023:19:06:53 -0500] "GET /kwssiamovil/sm/acme/a?s=U2FsdGVkX1+kK9FGx/9hV4sumcf8OgIp7L6yuOntD4eSDd+V1C/nX+sGiJYTMyiqzmtFSBnp9wsMAtmHTqRTjqjTSQptfX3SpnsvK7LYWH5mB5Cmxac6xc19zSIKY2ig3ODO7ksbjCOhUKbBrRzQBAYhHfUDmJdJNhfjIES9Nr5F8Vc49XVDOjFQIrnY6Wrs&u=U2FsdGVkX18vT9X7ZCZwMtI/bv5J52Fb9Y71W07lfH0=&y=U2FsdGVkX19xM7mYf/UkdyozyrQuQ7n2o1RK3l7J1K4= HTTP/1.1" 200 26
172.22.2.4 - - [26/Feb/2023:19:06:41 -0500] "HEAD /BLA/boletinlegal/ HTTP/1.1" 200 -
201.245.192.253 - - [26/Feb/2023:19:08:46 -0500] "POST /kwsrmcab/Wsrmcab  HTTP/1.1" 200 41116
186.81.98.193 - - [26/Feb/2023:19:09:04 -0500] "GET /mesa/contrasena.pdf HTTP/1.1" 200 443199
186.81.98.193 - - [26/Feb/2023:19:09:05 -0500] "GET /mesa/contrasena.pdf HTTP/1.1" 206 1
186.81.98.193 - - [26/Feb/2023:19:09:05 -0500] "GET /mesa/contrasena.pdf HTTP/1.1" 206 435071
172.22.2.4 - - [26/Feb/2023:19:07:31 -0500] "GET /BLA/boletinlegal/ HTTP/1.1" 200 59164
216.245.221.92 - - [26/Feb/2023:19:09:16 -0500] "HEAD / HTTP/1.1" 200 -
201.245.192.253 - - [26/Feb/2023:19:13:45 -0500] "POST /kwsrmcab/Wsrmcab  HTTP/1.1" 200 41116
172.22.2.4 - - [26/Feb/2023:19:12:32 -0500] "HEAD /BLA/boletinlegal/ HTTP/1.1" 200 -
157.55.39.239 - - [26/Feb/2023:19:14:16 -0500] "GET /galeria/carrusel/Carrusel/jquery.thumbnailScroller.css HTTP/1.1" 200 2066
157.55.39.239 - - [26/Feb/2023:19:14:16 -0500] "GET /galeria/nivo-slider/demo/banner.html HTTP/1.1" 200 5446
216.245.221.92 - - [26/Feb/2023:19:14:16 -0500] "HEAD / HTTP/1.1" 200 -
40.77.167.186 - - [26/Feb/2023:19:14:20 -0500] "GET /galeria/carrusel/Carrusel/jquery.thumbnailScroller.js HTTP/1.1" 200 8157
186.28.120.157 - - [26/Feb/2023:19:14:35 -0500] "GET /kwssiamovil/sm/acme/a?s=U2FsdGVkX193NoX6+tZQeuciUpcKnuZWPJ/DzkaQkNslyViXpQbw22iZBgImTT8Yas7apcr2eimTxdOEFFSK/QBSAEjYHFY8bEVJYyRX3+hPsk8Y13PlV5UVwZZt+WR4ieX/LD0gvokmXfh3K9HzgvwkXxGP/6tbSt6GeFypAWBd3lsvjwxTjYg2iC7d+NcxFvd3lo/qiDdA/CL6S20yzw/pWn3TCUTMzzW+QoRVHebiZLzuQGCZ+TLrwTCPVsvAWcyxu2146PZ6KCxDAdgyYw==&u=U2FsdGVkX18vT9X7ZCZwMtI/bv5J52Fb9Y71W07lfH0=&y=U2FsdGVkX19xM7mYf/UkdyozyrQuQ7n2o1RK3l7J1K4= HTTP/1.1" 200 26
186.28.120.157 - - [26/Feb/2023:19:14:36 -0500] "GET /kwssiamovil/sm/acme/a?s=U2FsdGVkX1+Abs8NEMNQxnq1Zpt6dtd07jUr3HsD6LWRlKYQPq6XevOi4cJypz2BCQBnbRV+udn1Jhar1UfdueIYQbDQVJmakrLfjEFvaD+3Tc0Jln1JE5dsLxkxrQ6YVj8l4j0KcG7o0W+aMZSZeiV1VxFZdsmwt2zi6Rga5rUTVkbM5zve4AAJ6xLPIAMfKUD7hN3v5XpgcfNURxqVnbMsGeSs0DXHL4pbqg8W5lWMWLcaX7Kz/TpUBy9AKM+SLefYb84Ssnz3rol/y8OJV86Ssd5bvnQEiMjfv1vGXYrcgxjt6IUJxaIh48oulIkL6D0swWXvZ1Uf+Kb1y/sq79luZ4g9wfbIt5eG/dk+y7FTa2WfF/f2Hc0yNd4hq/WEIc3eTY/GV336V//3kuhUeE9TkYUaSA4Zx7UmCHlIzPf4ObO0APEU1/P5TaHaqPRd8m79akyPxc7Z5GeZ3XF07L4EMdtTLTZQL+wIPsUqVs2TtPSalLmUMMCoZi0IljcOlwHmCxcsoGGJJtsS7P7ddFLyjkhVbhQMsEyXRHlTkDxz4lRe0DMOfn+lPl46QKcFCuk8Nw1lOV1XoIzgFQIVjHfqeffZeewxL15n21ktIlljG5OEzxVvHWvFGiCaDytzshAcafXQWVg8CSnbe4bEv9FFJ7FE7siGFBY2eXFcAkvwLXLfIvCDRYf2E1VhY7gwMY9Dq59+FQ1605ioV5yu6Hn+fs/FvcP8k3lLEbazT02eyj0jt3zTrjMtCQIIxeJcid58JZ3WcjDVcF+geHpvT7fGXVV4k+cP1lMYZyKDBejWzkEy/zeKee065uBSogHglPqwpbNhGU5M/1GOM9R6BDqztzyv7osqT0/J7Gcq8P050jQbthjpM90fF/pzCyslSjt5sT+2r3Xq5K/TkPFyPqHFVRZRHQFG6ISS/Tp8Y/F+GRQ+qA0JIALKIi3qQToJc4xzH9yx0fPM8j4EbwJluVG1VQ4YlzLvvzBv/CaF5GF5ykoQ++xujzwhaLPXLP3RfHyDVnu1N4lo2Za/vKvvFuv7t75v1RZEELGzTFT2jY8d3rSCLFCC+Omlh5bQa8t4/i4JEg3gfZ3Jq33nTynSQZdWmHLHaauW4s2GGfPTylsjh/5FF8JeWeqGIRmLsZ6fVoQZyU4ej9SScB1g7c6KhTLUFZQblBjOmDU4lqAXwngqULr5/WBP7m4Il3sPQ7veZ9U8XJdnAmX0XbSobq9Hf3MGWy6b0BrxaobrzU0jMMjgnH4gjSc6k3D8VCUquy1pUM7pxThKhTfwE3E5QScWp/QgXW+E2bLeyHBRMfLrvRBVbZ5SPv921h0WP2B8/i9u4t0oIbretYe2AhC3u7RppCtfGo/IBEvQUcwfW/E/lvgHE4A0WSwkSvJW58Y4zX0GgMgSYE0/F7muN/RTcbpxTnOaYH7jAeEJYih7wSXtcd50MYAp8+Io7iDZMen/ovZtCKvr330UUysdZn9M/UbjeT/5EtO55bKqgU0QGREk9yVggD+Yg9TaKpKgPYP/Q3UWo6/Yl7gW4hTfCltjPuiTQWfeM6/dQDcxPPUIJM4lmTDwHKCimPK+CZsNaxIdpegQE36km3fycEhKLMI0e30RvitBXFda3CiTl2LWuE6grNXgsNCHG4Tujoqq2UyFKphwgPAJ+Cr5szXn69ubnw5itK6a3g+3JmeGTv9CsQAQvFv1UWFZGEApK8zO4C7T2XZLMy7n/G5nJrRitWHHUacZL9yht+CUBWjmtQytTXybDOkPYXCHw+C9dofjJPUJ6xVTVzroUvF2m/F5xqKaewZtgU5ihsP2YG8xQMr2V+ZfKEw8bRF5l+rBTqBjWMeja6EHdbPSqLfPUEC2LV0vRwKd2bjBh4gWscZvM+p8bPK+L0ZzGkbH8whHjVAcso+JKn1jURoVvD+HwfDEdGY/CYvXCSh84mbxyA5wm9F9xD12Uuk=&u=U2FsdGVkX18vT9X7ZCZwMtI/bv5J52Fb9Y71W07lfH0=&y=U2FsdGVkX19xM7mYf/UkdyozyrQuQ7n2o1RK3l7J1K4= HTTP/1.1" 200 26
