216.245.221.92 - - [27/Feb/2023:03:29:15 -0500] "HEAD / HTTP/1.1" 200 -
172.22.2.4 - - [27/Feb/2023:03:28:20 -0500] "HEAD /BLA/boletinlegal/ HTTP/1.1" 200 -
172.22.2.4 - - [27/Feb/2023:03:29:11 -0500] "GET /BLA/boletinlegal/ HTTP/1.1" 200 58171
201.245.192.253 - - [27/Feb/2023:03:34:07 -0500] "POST /kwsrmcab/Wsrmcab  HTTP/1.1" 200 41116
216.245.221.92 - - [27/Feb/2023:03:34:15 -0500] "HEAD / HTTP/1.1" 200 -
172.22.2.4 - - [27/Feb/2023:03:34:10 -0500] "HEAD /BLA/boletinlegal/ HTTP/1.1" 200 -
172.22.2.4 - - [27/Feb/2023:03:35:57 -0500] "GET /BLA/boletinlegal/actos.php HTTP/1.1" 200 9606
172.22.2.4 - - [27/Feb/2023:03:35:01 -0500] "GET /BLA/boletinlegal/ HTTP/1.1" 200 57453
201.245.192.253 - - [27/Feb/2023:03:38:04 -0500] "POST /kwsrmcab/Wsrmcab HTTP/1.1" 200 41113
201.245.192.253 - - [27/Feb/2023:03:38:07 -0500] "POST /kwsrmcab/Wsrmcab HTTP/1.1" 200 41418
201.245.192.253 - - [27/Feb/2023:03:39:06 -0500] "POST /kwsrmcab/Wsrmcab  HTTP/1.1" 200 41116
216.245.221.92 - - [27/Feb/2023:03:39:15 -0500] "HEAD / HTTP/1.1" 200 -
172.22.2.4 - - [27/Feb/2023:03:41:25 -0500] "GET /BLA/boletinlegal/actas/079-2013.pdf HTTP/1.1" 200 1500109
172.22.2.4 - - [27/Feb/2023:03:40:00 -0500] "HEAD /BLA/boletinlegal/ HTTP/1.1" 200 -
172.22.2.4 - - [27/Feb/2023:03:40:51 -0500] "GET /BLA/boletinlegal/ HTTP/1.1" 200 57058
201.245.192.253 - - [27/Feb/2023:03:44:06 -0500] "POST /kwsrmcab/Wsrmcab  HTTP/1.1" 200 41116
216.245.221.92 - - [27/Feb/2023:03:44:15 -0500] "HEAD / HTTP/1.1" 200 -
172.22.2.4 - - [27/Feb/2023:03:45:50 -0500] "HEAD /BLA/boletinlegal/ HTTP/1.1" 200 -
172.22.2.4 - - [27/Feb/2023:03:46:41 -0500] "GET /BLA/boletinlegal/ HTTP/1.1" 200 59164
201.245.192.253 - - [27/Feb/2023:03:49:04 -0500] "POST /kwsrmcab/Wsrmcab  HTTP/1.1" 200 41116
216.245.221.92 - - [27/Feb/2023:03:49:15 -0500] "HEAD / HTTP/1.1" 200 -
40.77.167.244 - - [27/Feb/2023:03:49:55 -0500] "GET /BLA/resoluciones/AUTOS%202018/2158.pdf HTTP/1.1" 200 266570
172.22.2.4 - - [27/Feb/2023:03:51:40 -0500] "HEAD /BLA/boletinlegal/ HTTP/1.1" 200 -
201.245.192.253 - - [27/Feb/2023:03:54:03 -0500] "POST /kwsrmcab/Wsrmcab  HTTP/1.1" 200 41116
172.22.2.4 - - [27/Feb/2023:03:52:31 -0500] "GET /BLA/boletinlegal/ HTTP/1.1" 200 53058
216.245.221.92 - - [27/Feb/2023:03:54:15 -0500] "HEAD / HTTP/1.1" 200 -
172.22.2.4 - - [27/Feb/2023:03:58:09 -0500] "GET /BLA/boletinlegal/actos.php HTTP/1.1" 200 9606
201.245.192.253 - - [27/Feb/2023:03:59:02 -0500] "POST /kwsrmcab/Wsrmcab  HTTP/1.1" 200 41116
191.96.227.225 - - [27/Feb/2023:03:59:08 -0500] "GET /wp-login.php HTTP/1.1" 404 1018
172.22.2.4 - - [27/Feb/2023:03:57:30 -0500] "HEAD /BLA/boletinlegal/ HTTP/1.1" 200 -
216.245.221.92 - - [27/Feb/2023:03:59:15 -0500] "HEAD / HTTP/1.1" 200 -
172.22.2.4 - - [27/Feb/2023:03:59:59 -0500] "GET /BLA/boletinlegal/actos.php HTTP/1.1" 200 9606
172.22.2.4 - - [27/Feb/2023:03:58:21 -0500] "GET /BLA/boletinlegal/ HTTP/1.1" 200 55079
35.204.191.61 - - [27/Feb/2023:04:02:15 -0500] "GET /inventario-de-emisiones-2020-transporte-publico-sitp-redujo-emisiones-de-pm-2-5-en-un-37.html HTTP/1.1" 200 925
40.77.167.244 - - [27/Feb/2023:04:03:03 -0500] "GET /BLA/resoluciones/RESOLUCIONES%202016/2543.pdf HTTP/1.1" 304 -
201.245.192.253 - - [27/Feb/2023:04:04:01 -0500] "POST /kwsrmcab/Wsrmcab  HTTP/1.1" 200 41116
216.245.221.92 - - [27/Feb/2023:04:04:15 -0500] "HEAD / HTTP/1.1" 200 -
34.65.212.210 - - [27/Feb/2023:04:04:36 -0500] "\x16\x03\x01" 400 226
34.65.212.210 - - [27/Feb/2023:04:04:41 -0500] "OPTIONS / HTTP/1.0" 200 -
172.22.2.4 - - [27/Feb/2023:04:03:20 -0500] "HEAD /BLA/boletinlegal/ HTTP/1.1" 200 -
172.22.2.4 - - [27/Feb/2023:04:04:11 -0500] "GET /BLA/boletinlegal/ HTTP/1.1" 200 57453
201.245.192.253 - - [27/Feb/2023:04:08:59 -0500] "POST /kwsrmcab/Wsrmcab  HTTP/1.1" 200 41116
216.245.221.92 - - [27/Feb/2023:04:09:15 -0500] "HEAD / HTTP/1.1" 200 -
172.22.2.4 - - [27/Feb/2023:04:08:39 -0500] "GET /BLA/boletinlegal/ HTTP/1.1" 200 53432
69.171.249.24 - - [27/Feb/2023:04:10:24 -0500] "GET /secretaria-de-ambiente-impone-sancion-por-puntos-de-obra-sin-permiso-en-el-humedal-tibabuyes.html HTTP/1.1" 206 990
172.22.2.4 - - [27/Feb/2023:04:09:10 -0500] "HEAD /BLA/boletinlegal/ HTTP/1.1" 200 -
173.252.83.21 - - [27/Feb/2023:04:11:25 -0500] "GET /images/WhatsApp%20Image%202023-02-15%20at%205.07.25%20PM.jpeg HTTP/1.1" 200 50573
172.22.2.4 - - [27/Feb/2023:04:10:01 -0500] "GET /BLA/boletinlegal/ HTTP/1.1" 200 56659
172.22.2.4 - - [27/Feb/2023:04:13:05 -0500] "GET /BLA/boletinlegal/actos.php HTTP/1.1" 200 9606
201.245.192.253 - - [27/Feb/2023:04:13:57 -0500] "POST /kwsrmcab/Wsrmcab  HTTP/1.1" 200 41116
216.245.221.92 - - [27/Feb/2023:04:14:15 -0500] "HEAD / HTTP/1.1" 200 -
172.22.2.4 - - [27/Feb/2023:04:15:00 -0500] "HEAD /BLA/boletinlegal/ HTTP/1.1" 200 -
172.22.2.4 - - [27/Feb/2023:04:15:51 -0500] "GET /BLA/boletinlegal/ HTTP/1.1" 200 55431
201.245.192.253 - - [27/Feb/2023:04:18:04 -0500] "POST /kwsrmcab/Wsrmcab HTTP/1.1" 200 41099
201.245.192.253 - - [27/Feb/2023:04:18:07 -0500] "POST /kwsrmcab/Wsrmcab HTTP/1.1" 200 41418
52.167.144.97 - - [27/Feb/2023:04:18:30 -0500] "GET /sipse/faces/faces/autenticacion.xhtml HTTP/1.1" 200 12493
201.245.192.253 - - [27/Feb/2023:04:18:57 -0500] "POST /kwsrmcab/Wsrmcab  HTTP/1.1" 200 41116
216.245.221.92 - - [27/Feb/2023:04:19:15 -0500] "HEAD / HTTP/1.1" 200 -
172.22.2.4 - - [27/Feb/2023:04:20:50 -0500] "HEAD /BLA/boletinlegal/ HTTP/1.1" 200 -
172.22.2.4 - - [27/Feb/2023:04:21:41 -0500] "GET /BLA/boletinlegal/ HTTP/1.1" 200 59164
201.245.192.253 - - [27/Feb/2023:04:23:53 -0500] "POST /kwsrmcab/Wsrmcab  HTTP/1.1" 200 41116
216.245.221.92 - - [27/Feb/2023:04:24:15 -0500] "HEAD / HTTP/1.1" 200 -
181.53.13.120 - - [27/Feb/2023:04:24:42 -0500] "GET /secretaria-de-ambiente-advierte-sobre-falso-mensaje-para-inscripciones-al-programa-mujeres-que-reverdecen.html HTTP/1.1" 200 1039
181.56.237.181 - - [27/Feb/2023:04:25:48 -0500] "GET /galeria/galeria/jquery.fancybox.css?v=2.1.5 HTTP/1.1" 200 4895
181.56.237.181 - - [27/Feb/2023:04:25:49 -0500] "GET /BLA/boletinlegal/js/jquery.scrollShow.js HTTP/1.1" 200 4586
181.56.237.181 - - [27/Feb/2023:04:25:49 -0500] "GET /galeria/galeria/jquery.fancybox.js?v=2.1.5 HTTP/1.1" 200 48706
201.245.192.253 - - [27/Feb/2023:04:28:04 -0500] "POST /kwsrmcab/Wsrmcab HTTP/1.1" 200 41099
201.245.192.253 - - [27/Feb/2023:04:28:07 -0500] "POST /kwsrmcab/Wsrmcab HTTP/1.1" 200 41418
172.22.2.4 - - [27/Feb/2023:04:26:40 -0500] "HEAD /BLA/boletinlegal/ HTTP/1.1" 200 -
201.245.192.253 - - [27/Feb/2023:04:28:50 -0500] "POST /kwsrmcab/Wsrmcab  HTTP/1.1" 200 41116
172.22.2.4 - - [27/Feb/2023:04:27:31 -0500] "GET /BLA/boletinlegal/ HTTP/1.1" 200 52227
216.245.221.92 - - [27/Feb/2023:04:29:15 -0500] "HEAD / HTTP/1.1" 200 -
201.245.192.253 - - [27/Feb/2023:04:33:48 -0500] "POST /kwsrmcab/Wsrmcab  HTTP/1.1" 200 41116
172.22.2.4 - - [27/Feb/2023:04:32:30 -0500] "HEAD /BLA/boletinlegal/ HTTP/1.1" 200 -
216.245.221.92 - - [27/Feb/2023:04:34:15 -0500] "HEAD / HTTP/1.1" 200 -
172.22.2.4 - - [27/Feb/2023:04:33:20 -0500] "GET /BLA/boletinlegal/ HTTP/1.1" 200 54718
40.77.167.186 - - [27/Feb/2023:04:35:29 -0500] "GET /BLA/resoluciones/AUTOS%202021/1825.pdf HTTP/1.1" 304 -
71.6.232.23 - - [27/Feb/2023:04:37:55 -0500] "GET / HTTP/1.1" 200 319
201.245.192.253 - - [27/Feb/2023:04:38:04 -0500] "POST /kwsrmcab/Wsrmcab HTTP/1.1" 200 41099
201.245.192.253 - - [27/Feb/2023:04:38:07 -0500] "POST /kwsrmcab/Wsrmcab HTTP/1.1" 200 41418
201.245.192.253 - - [27/Feb/2023:04:38:49 -0500] "POST /kwsrmcab/Wsrmcab  HTTP/1.1" 200 41116
216.245.221.92 - - [27/Feb/2023:04:39:15 -0500] "HEAD / HTTP/1.1" 200 -
172.22.2.4 - - [27/Feb/2023:04:38:20 -0500] "HEAD /BLA/boletinlegal/ HTTP/1.1" 200 -
172.22.2.4 - - [27/Feb/2023:04:39:10 -0500] "GET /BLA/boletinlegal/ HTTP/1.1" 200 57453
201.245.192.253 - - [27/Feb/2023:04:43:48 -0500] "POST /kwsrmcab/Wsrmcab  HTTP/1.1" 200 41116
216.245.221.92 - - [27/Feb/2023:04:44:15 -0500] "HEAD / HTTP/1.1" 200 -
172.22.2.4 - - [27/Feb/2023:04:44:10 -0500] "HEAD /BLA/boletinlegal/ HTTP/1.1" 200 -
172.22.2.4 - - [27/Feb/2023:04:45:01 -0500] "GET /BLA/boletinlegal/ HTTP/1.1" 200 57453
201.245.192.253 - - [27/Feb/2023:04:48:46 -0500] "POST /kwsrmcab/Wsrmcab  HTTP/1.1" 200 41116
216.245.221.92 - - [27/Feb/2023:04:49:15 -0500] "HEAD / HTTP/1.1" 200 -
172.22.2.4 - - [27/Feb/2023:04:50:00 -0500] "HEAD /BLA/boletinlegal/ HTTP/1.1" 200 -
172.22.2.4 - - [27/Feb/2023:04:50:51 -0500] "GET /BLA/boletinlegal/ HTTP/1.1" 200 58803
172.22.2.4 - - [27/Feb/2023:04:53:13 -0500] "GET /BLA/boletinlegal/actos.php HTTP/1.1" 200 9606
186.155.14.230 - - [27/Feb/2023:04:53:17 -0500] "GET /BLA/resoluciones/ HTTP/1.1" 200 13502
186.155.14.230 - - [27/Feb/2023:04:53:22 -0500] "GET /BLA/resoluciones/index.php?dir=AUTOS+2021%2F HTTP/1.1" 200 397076
172.22.2.4 - - [27/Feb/2023:04:53:08 -0500] "GET /BLA/boletinlegal/ HTTP/1.1" 200 24523
201.245.192.253 - - [27/Feb/2023:04:53:45 -0500] "POST /kwsrmcab/Wsrmcab  HTTP/1.1" 200 41116
216.245.221.92 - - [27/Feb/2023:04:54:15 -0500] "HEAD / HTTP/1.1" 200 -
172.22.2.4 - - [27/Feb/2023:04:55:50 -0500] "HEAD /BLA/boletinlegal/ HTTP/1.1" 200 -
172.22.2.4 - - [27/Feb/2023:04:56:41 -0500] "GET /BLA/boletinlegal/ HTTP/1.1" 200 59164
201.245.192.253 - - [27/Feb/2023:04:58:43 -0500] "POST /kwsrmcab/Wsrmcab  HTTP/1.1" 200 41116
216.245.221.92 - - [27/Feb/2023:04:59:15 -0500] "HEAD / HTTP/1.1" 200 -
173.252.127.116 - - [27/Feb/2023:04:59:19 -0500] "GET /images/1%20de%20febrer%20Operativo%20hornos.jpg HTTP/1.1" 200 69569
66.249.66.79 - - [27/Feb/2023:04:59:24 -0500] "-" 408 -
34.141.233.102 - - [27/Feb/2023:04:59:32 -0500] "GET /inventario-de-emisiones-2020-transporte-publico-sitp-redujo-emisiones-de-pm-2-5-en-un-37.html HTTP/1.1" 200 925
186.155.18.80 - - [27/Feb/2023:04:59:45 -0500] "GET /BLA/resoluciones/ HTTP/1.1" 200 13502
173.252.83.22 - - [27/Feb/2023:05:00:29 -0500] "GET /galeria/galeria/fotos/micos7P.jpg HTTP/1.1" 200 30212
194.87.151.116 - - [27/Feb/2023:05:02:56 -0500] "POST /boaform/admin/formLogin HTTP/1.1" 404 1186
172.22.2.4 - - [27/Feb/2023:05:01:40 -0500] "HEAD /BLA/boletinlegal/ HTTP/1.1" 200 -
201.245.192.253 - - [27/Feb/2023:05:03:41 -0500] "POST /kwsrmcab/Wsrmcab  HTTP/1.1" 200 41116
66.220.149.8 - - [27/Feb/2023:05:03:57 -0500] "GET /images/20%20de%20febrero%20panor\xc3\xa1mica%20de%20Bogot\xc3\xa1%20(1)%20(1).jpeg HTTP/1.1" 404 1034
172.22.2.4 - - [27/Feb/2023:05:02:30 -0500] "GET /BLA/boletinlegal/ HTTP/1.1" 200 57453
216.245.221.92 - - [27/Feb/2023:05:04:15 -0500] "HEAD / HTTP/1.1" 200 -
66.220.149.15 - - [27/Feb/2023:05:04:58 -0500] "GET /images/20%20de%20febrero%20panor\xc3\xa1mica%20de%20Bogot\xc3\xa1%20(1)%20(1).jpeg HTTP/1.1" 404 1034
40.77.167.222 - - [27/Feb/2023:05:06:07 -0500] "GET /BLA/resoluciones/AUTOS%202019/4716.pdf HTTP/1.1" 200 294663
186.155.18.80 - - [27/Feb/2023:05:07:32 -0500] "GET /BLA/resoluciones/index.php?dir=RESOLUCIONES+2010%2F HTTP/1.1" 200 1307967
40.77.167.222 - - [27/Feb/2023:05:07:40 -0500] "GET /BLA/resoluciones/AUTOS%202021/5891.pdf HTTP/1.1" 304 -
186.155.18.80 - - [27/Feb/2023:05:07:44 -0500] "GET /BLA/resoluciones/RESOLUCIONES%202010/4744.pdf HTTP/1.1" 200 222873
201.245.192.253 - - [27/Feb/2023:05:08:40 -0500] "POST /kwsrmcab/Wsrmcab  HTTP/1.1" 200 41116
186.80.52.163 - - [27/Feb/2023:05:09:03 -0500] "GET /sipse/faces/index.xhtml HTTP/1.1" 200 677
186.80.52.163 - - [27/Feb/2023:05:09:03 -0500] "GET /sipse/faces/javax.faces.resource/theme.css?ln=primefaces-sipse HTTP/1.1" 304 -
186.80.52.163 - - [27/Feb/2023:05:09:03 -0500] "GET /sipse/faces/faces/autenticacion.xhtml HTTP/1.1" 200 12171
186.80.52.163 - - [27/Feb/2023:05:09:04 -0500] "GET /sipse/js/disable_browser_buttons.js HTTP/1.1" 304 -
186.80.52.163 - - [27/Feb/2023:05:09:04 -0500] "GET /sipse/css/custom_css_sg_prime_login.css HTTP/1.1" 304 -
186.80.52.163 - - [27/Feb/2023:05:09:04 -0500] "GET /sipse/css/custom_css_sg.css HTTP/1.1" 304 -
186.80.52.163 - - [27/Feb/2023:05:09:04 -0500] "GET /sipse/faces/javax.faces.resource/primefaces.css?ln=primefaces&v=4.0 HTTP/1.1" 304 -
186.80.52.163 - - [27/Feb/2023:05:09:04 -0500] "GET /sipse/faces/javax.faces.resource/theme.css?ln=primefaces-sipse HTTP/1.1" 304 -
186.80.52.163 - - [27/Feb/2023:05:09:04 -0500] "GET /sipse/faces/javax.faces.resource/layout/layout.css?ln=primefaces&v=4.0 HTTP/1.1" 304 -
186.80.52.163 - - [27/Feb/2023:05:09:04 -0500] "GET /sipse/js/funciones.js HTTP/1.1" 304 -
186.80.52.163 - - [27/Feb/2023:05:09:04 -0500] "GET /sipse/faces/javax.faces.resource/jquery/jquery.js?ln=primefaces&v=4.0 HTTP/1.1" 304 -
186.80.52.163 - - [27/Feb/2023:05:09:04 -0500] "GET /sipse/faces/javax.faces.resource/jquery/jquery-plugins.js?ln=primefaces&v=4.0 HTTP/1.1" 304 -
186.80.52.163 - - [27/Feb/2023:05:09:04 -0500] "GET /sipse/faces/javax.faces.resource/primefaces.js?ln=primefaces&v=4.0 HTTP/1.1" 304 -
186.80.52.163 - - [27/Feb/2023:05:09:04 -0500] "GET /sipse/faces/javax.faces.resource/layout/layout.js?ln=primefaces&v=4.0 HTTP/1.1" 304 -
186.80.52.163 - - [27/Feb/2023:05:09:04 -0500] "GET /sipse/css/imagen/logoSDG.png HTTP/1.1" 304 -
186.80.52.163 - - [27/Feb/2023:05:09:04 -0500] "GET /sipse/css/imagen/loginimg.png HTTP/1.1" 304 -
186.80.52.163 - - [27/Feb/2023:05:09:04 -0500] "GET /sipse/faces/javax.faces.resource/images/ui-icons_898989_256x240.png?ln=primefaces-aristo HTTP/1.1" 304 -
186.80.52.163 - - [27/Feb/2023:05:09:07 -0500] "POST /sipse/faces/autenticacion.xhtml HTTP/1.1" 200 2217
186.80.52.163 - - [27/Feb/2023:05:09:07 -0500] "GET /sipse/faces/javax.faces.resource/messages/messages.png?ln=primefaces&v=4.0 HTTP/1.1" 304 -
186.80.52.163 - - [27/Feb/2023:05:09:08 -0500] "POST /sipse/faces/autenticacion.xhtml HTTP/1.1" 200 16231
186.80.52.163 - - [27/Feb/2023:05:09:08 -0500] "GET /sipse/css/custom_css_sg_prime.css HTTP/1.1" 304 -
186.80.52.163 - - [27/Feb/2023:05:09:08 -0500] "GET /sipse/faces/javax.faces.resource/primefaces.css?ln=primefaces&v=4.0 HTTP/1.1" 304 -
186.80.52.163 - - [27/Feb/2023:05:09:08 -0500] "GET /sipse/faces/javax.faces.resource/theme.css?ln=primefaces-sipse HTTP/1.1" 304 -
186.80.52.163 - - [27/Feb/2023:05:09:08 -0500] "GET /sipse/faces/javax.faces.resource/layout/layout.css?ln=primefaces&v=4.0 HTTP/1.1" 304 -
186.80.52.163 - - [27/Feb/2023:05:09:08 -0500] "GET /sipse/js/jquery.min.js HTTP/1.1" 304 -
186.80.52.163 - - [27/Feb/2023:05:09:08 -0500] "GET /sipse/faces/javax.faces.resource/jquery/jquery.js?ln=primefaces&v=4.0 HTTP/1.1" 304 -
186.80.52.163 - - [27/Feb/2023:05:09:08 -0500] "GET /sipse/faces/javax.faces.resource/jquery/jquery-plugins.js?ln=primefaces&v=4.0 HTTP/1.1" 304 -
186.80.52.163 - - [27/Feb/2023:05:09:08 -0500] "GET /sipse/faces/javax.faces.resource/primefaces.js?ln=primefaces&v=4.0 HTTP/1.1" 304 -
186.80.52.163 - - [27/Feb/2023:05:09:08 -0500] "GET /sipse/faces/javax.faces.resource/layout/layout.js?ln=primefaces&v=4.0 HTTP/1.1" 304 -
186.80.52.163 - - [27/Feb/2023:05:09:08 -0500] "GET /sipse/css/imagen/contrasena.png HTTP/1.1" 404 383
186.80.52.163 - - [27/Feb/2023:05:09:08 -0500] "GET /sipse/imagenes/logoAplicacion.jpg HTTP/1.1" 304 -
186.80.52.163 - - [27/Feb/2023:05:09:08 -0500] "GET /sipse/imagenes/cargando.gif HTTP/1.1" 304 -
186.80.52.163 - - [27/Feb/2023:05:09:09 -0500] "GET /sipse/faces/javax.faces.resource/images/ui-bg_flat_0_2d5972_40x100.png?ln=primefaces-aristo HTTP/1.1" 304 -
186.80.52.163 - - [27/Feb/2023:05:09:09 -0500] "POST /sipse/faces/bienvenido.xhtml HTTP/1.1" 200 2658
172.22.2.4 - - [27/Feb/2023:05:07:30 -0500] "HEAD /BLA/boletinlegal/ HTTP/1.1" 200 -
186.80.52.163 - - [27/Feb/2023:05:09:10 -0500] "POST /sipse/faces/bienvenido.xhtml HTTP/1.1" 200 65345
186.80.52.163 - - [27/Feb/2023:05:09:11 -0500] "GET /sipse/faces/javax.faces.resource/layout/layout.css?ln=primefaces&v=4.0 HTTP/1.1" 304 -
186.80.52.163 - - [27/Feb/2023:05:09:11 -0500] "GET /sipse/faces/javax.faces.resource/primefaces.css?ln=primefaces&v=4.0 HTTP/1.1" 304 -
186.80.52.163 - - [27/Feb/2023:05:09:11 -0500] "GET /sipse/faces/javax.faces.resource/theme.css?ln=primefaces-sipse HTTP/1.1" 304 -
186.80.52.163 - - [27/Feb/2023:05:09:11 -0500] "GET /sipse/faces/javax.faces.resource/jquery/jquery.js?ln=primefaces&v=4.0 HTTP/1.1" 304 -
186.80.52.163 - - [27/Feb/2023:05:09:11 -0500] "GET /sipse/faces/javax.faces.resource/jquery/jquery-plugins.js?ln=primefaces&v=4.0 HTTP/1.1" 304 -
186.80.52.163 - - [27/Feb/2023:05:09:11 -0500] "GET /sipse/faces/javax.faces.resource/primefaces.js?ln=primefaces&v=4.0 HTTP/1.1" 304 -
186.80.52.163 - - [27/Feb/2023:05:09:11 -0500] "GET /sipse/faces/javax.faces.resource/layout/layout.js?ln=primefaces&v=4.0 HTTP/1.1" 304 -
186.80.52.163 - - [27/Feb/2023:05:09:12 -0500] "POST /sipse/faces/presentacion/financiero/solicitudProceso/listarSolicitudProceso.xhtml HTTP/1.1" 200 1556
216.245.221.92 - - [27/Feb/2023:05:09:15 -0500] "HEAD / HTTP/1.1" 200 -
186.80.52.163 - - [27/Feb/2023:05:09:16 -0500] "POST /sipse/faces/presentacion/financiero/solicitudProceso/listarSolicitudProceso.xhtml HTTP/1.1" 200 17187
186.80.52.163 - - [27/Feb/2023:05:09:18 -0500] "POST /sipse/faces/presentacion/financiero/solicitudProceso/listarSolicitudProceso.xhtml HTTP/1.1" 200 146144
186.80.52.163 - - [27/Feb/2023:05:09:20 -0500] "GET /sipse/faces/javax.faces.resource/theme.css?ln=primefaces-sipse HTTP/1.1" 304 -
186.80.52.163 - - [27/Feb/2023:05:09:20 -0500] "GET /sipse/faces/javax.faces.resource/primefaces.css?ln=primefaces&v=4.0 HTTP/1.1" 304 -
186.80.52.163 - - [27/Feb/2023:05:09:20 -0500] "GET /sipse/faces/javax.faces.resource/layout/layout.css?ln=primefaces&v=4.0 HTTP/1.1" 304 -
186.80.52.163 - - [27/Feb/2023:05:09:20 -0500] "GET /sipse/faces/javax.faces.resource/jquery/jquery.js?ln=primefaces&v=4.0 HTTP/1.1" 304 -
186.80.52.163 - - [27/Feb/2023:05:09:20 -0500] "GET /sipse/faces/javax.faces.resource/jquery/jquery-plugins.js?ln=primefaces&v=4.0 HTTP/1.1" 304 -
186.80.52.163 - - [27/Feb/2023:05:09:20 -0500] "GET /sipse/faces/javax.faces.resource/primefaces.js?ln=primefaces&v=4.0 HTTP/1.1" 304 -
186.80.52.163 - - [27/Feb/2023:05:09:20 -0500] "GET /sipse/faces/javax.faces.resource/layout/layout.js?ln=primefaces&v=4.0 HTTP/1.1" 304 -
186.80.52.163 - - [27/Feb/2023:05:09:21 -0500] "GET /sipse/faces/javax.faces.resource/dynamiccontent.properties?ln=primefaces&pfdrid=XjOR5%2F%2FfPAZAuY9TpWQeCiM0BhlXxYRBGKi%2FQcXXfeA%3D&pfdrid_c=false HTTP/1.1" 500 383
172.22.2.4 - - [27/Feb/2023:05:08:20 -0500] "GET /BLA/boletinlegal/ HTTP/1.1" 200 57453
5.255.253.144 - - [27/Feb/2023:05:10:05 -0500] "-" 408 -
186.80.52.163 - - [27/Feb/2023:05:10:19 -0500] "POST /sipse/faces/presentacion/financiero/solicitudProceso/consultarSolicitudProceso.xhtml HTTP/1.1" 200 40625
186.80.52.163 - - [27/Feb/2023:05:10:20 -0500] "GET /sipse/faces/javax.faces.resource/theme.css?ln=primefaces-sipse HTTP/1.1" 304 -
186.80.52.163 - - [27/Feb/2023:05:10:20 -0500] "GET /sipse/faces/javax.faces.resource/primefaces.css?ln=primefaces&v=4.0 HTTP/1.1" 304 -
186.80.52.163 - - [27/Feb/2023:05:10:20 -0500] "GET /sipse/faces/javax.faces.resource/layout/layout.css?ln=primefaces&v=4.0 HTTP/1.1" 304 -
186.80.52.163 - - [27/Feb/2023:05:10:20 -0500] "GET /sipse/faces/javax.faces.resource/jquery/jquery.js?ln=primefaces&v=4.0 HTTP/1.1" 304 -
186.80.52.163 - - [27/Feb/2023:05:10:20 -0500] "GET /sipse/faces/javax.faces.resource/primefaces.js?ln=primefaces&v=4.0 HTTP/1.1" 304 -
186.80.52.163 - - [27/Feb/2023:05:10:20 -0500] "GET /sipse/faces/javax.faces.resource/layout/layout.js?ln=primefaces&v=4.0 HTTP/1.1" 304 -
186.80.52.163 - - [27/Feb/2023:05:10:20 -0500] "GET /sipse/faces/javax.faces.resource/jquery/jquery-plugins.js?ln=primefaces&v=4.0 HTTP/1.1" 304 -
186.80.52.163 - - [27/Feb/2023:05:10:20 -0500] "POST /sipse/faces/presentacion/financiero/solicitudProceso/listarSolicitudProceso.xhtml HTTP/1.1" 200 1396
186.80.52.163 - - [27/Feb/2023:05:10:21 -0500] "POST /sipse/faces/presentacion/financiero/solicitudProceso/listarSolicitudProceso.xhtml HTTP/1.1" 200 1396
186.80.52.163 - - [27/Feb/2023:05:10:23 -0500] "POST /sipse/faces/presentacion/financiero/solicitudProceso/listarSolicitudProceso.xhtml HTTP/1.1" 200 17152
186.80.52.163 - - [27/Feb/2023:05:10:25 -0500] "POST /sipse/faces/presentacion/financiero/solicitudProceso/listarSolicitudProceso.xhtml HTTP/1.1" 200 134382
186.80.52.163 - - [27/Feb/2023:05:10:26 -0500] "GET /sipse/faces/javax.faces.resource/primefaces.css?ln=primefaces&v=4.0 HTTP/1.1" 304 -
186.80.52.163 - - [27/Feb/2023:05:10:26 -0500] "GET /sipse/faces/javax.faces.resource/theme.css?ln=primefaces-sipse HTTP/1.1" 304 -
186.80.52.163 - - [27/Feb/2023:05:10:26 -0500] "GET /sipse/faces/javax.faces.resource/layout/layout.css?ln=primefaces&v=4.0 HTTP/1.1" 304 -
186.80.52.163 - - [27/Feb/2023:05:10:26 -0500] "GET /sipse/faces/javax.faces.resource/jquery/jquery.js?ln=primefaces&v=4.0 HTTP/1.1" 304 -
186.80.52.163 - - [27/Feb/2023:05:10:26 -0500] "GET /sipse/faces/javax.faces.resource/jquery/jquery-plugins.js?ln=primefaces&v=4.0 HTTP/1.1" 304 -
186.80.52.163 - - [27/Feb/2023:05:10:26 -0500] "GET /sipse/faces/javax.faces.resource/primefaces.js?ln=primefaces&v=4.0 HTTP/1.1" 304 -
186.80.52.163 - - [27/Feb/2023:05:10:26 -0500] "GET /sipse/faces/javax.faces.resource/layout/layout.js?ln=primefaces&v=4.0 HTTP/1.1" 304 -
186.80.52.163 - - [27/Feb/2023:05:10:27 -0500] "GET /sipse/faces/javax.faces.resource/dynamiccontent.properties?ln=primefaces&pfdrid=XjOR5%2F%2FfPAZAuY9TpWQeCiM0BhlXxYRBGKi%2FQcXXfeA%3D&pfdrid_c=false HTTP/1.1" 500 383
186.80.52.163 - - [27/Feb/2023:05:10:32 -0500] "POST /sipse/faces/presentacion/financiero/solicitudProceso/consultarSolicitudProceso.xhtml HTTP/1.1" 200 83892
186.155.52.164 - - [27/Feb/2023:05:10:38 -0500] "GET /sipse/faces/presentacion/sistema/anexos/cargarAnexoSolicitudProceso.xhtml HTTP/1.1" 302 -
186.155.52.164 - - [27/Feb/2023:05:10:38 -0500] "GET /sipse/faces/autenticacion.xhtml HTTP/1.1" 200 12171
186.155.52.164 - - [27/Feb/2023:05:10:39 -0500] "GET /sipse/js/disable_browser_buttons.js HTTP/1.1" 304 -
186.155.52.164 - - [27/Feb/2023:05:10:39 -0500] "GET /sipse/faces/javax.faces.resource/theme.css?ln=primefaces-sipse HTTP/1.1" 304 -
186.155.52.164 - - [27/Feb/2023:05:10:39 -0500] "GET /sipse/css/custom_css_sg_prime_login.css HTTP/1.1" 304 -
186.155.52.164 - - [27/Feb/2023:05:10:39 -0500] "GET /sipse/faces/javax.faces.resource/primefaces.css?ln=primefaces&v=4.0 HTTP/1.1" 304 -
186.155.52.164 - - [27/Feb/2023:05:10:39 -0500] "GET /sipse/css/custom_css_sg.css HTTP/1.1" 304 -
186.155.52.164 - - [27/Feb/2023:05:10:39 -0500] "GET /sipse/faces/javax.faces.resource/layout/layout.css?ln=primefaces&v=4.0 HTTP/1.1" 304 -
186.155.52.164 - - [27/Feb/2023:05:10:39 -0500] "GET /sipse/js/funciones.js HTTP/1.1" 304 -
186.155.52.164 - - [27/Feb/2023:05:10:39 -0500] "GET /sipse/faces/javax.faces.resource/jquery/jquery-plugins.js?ln=primefaces&v=4.0 HTTP/1.1" 200 220526
186.155.52.164 - - [27/Feb/2023:05:10:39 -0500] "GET /sipse/faces/javax.faces.resource/jquery/jquery.js?ln=primefaces&v=4.0 HTTP/1.1" 200 105384
186.155.52.164 - - [27/Feb/2023:05:10:39 -0500] "GET /sipse/faces/javax.faces.resource/layout/layout.js?ln=primefaces&v=4.0 HTTP/1.1" 200 87560
186.155.52.164 - - [27/Feb/2023:05:10:39 -0500] "GET /sipse/faces/javax.faces.resource/primefaces.js?ln=primefaces&v=4.0 HTTP/1.1" 200 276924
186.155.52.164 - - [27/Feb/2023:05:10:39 -0500] "GET /sipse/css/imagen/loginimg.png HTTP/1.1" 304 -
186.155.52.164 - - [27/Feb/2023:05:10:39 -0500] "GET /sipse/css/imagen/logoSDG.png HTTP/1.1" 304 -
186.155.52.164 - - [27/Feb/2023:05:10:39 -0500] "GET /sipse/faces/javax.faces.resource/images/ui-icons_898989_256x240.png?ln=primefaces-aristo HTTP/1.1" 304 -
186.155.52.164 - - [27/Feb/2023:05:10:39 -0500] "GET /sipse/faces/index.xhtml HTTP/1.1" 200 677
186.155.52.164 - - [27/Feb/2023:05:10:39 -0500] "GET /sipse/faces/javax.faces.resource/theme.css?ln=primefaces-sipse HTTP/1.1" 304 -
186.155.52.164 - - [27/Feb/2023:05:10:39 -0500] "GET /sipse/faces/faces/autenticacion.xhtml HTTP/1.1" 200 12171
186.155.52.164 - - [27/Feb/2023:05:10:39 -0500] "GET /sipse/faces/javax.faces.resource/theme.css?ln=primefaces-sipse HTTP/1.1" 304 -
186.155.52.164 - - [27/Feb/2023:05:10:39 -0500] "GET /sipse/faces/javax.faces.resource/primefaces.css?ln=primefaces&v=4.0 HTTP/1.1" 304 -
186.155.52.164 - - [27/Feb/2023:05:10:39 -0500] "GET /sipse/faces/javax.faces.resource/layout/layout.css?ln=primefaces&v=4.0 HTTP/1.1" 304 -
186.155.52.164 - - [27/Feb/2023:05:10:39 -0500] "GET /sipse/faces/javax.faces.resource/primefaces.js?ln=primefaces&v=4.0 HTTP/1.1" 304 -
186.155.52.164 - - [27/Feb/2023:05:10:39 -0500] "GET /sipse/faces/javax.faces.resource/jquery/jquery.js?ln=primefaces&v=4.0 HTTP/1.1" 304 -
186.155.52.164 - - [27/Feb/2023:05:10:39 -0500] "GET /sipse/faces/javax.faces.resource/jquery/jquery-plugins.js?ln=primefaces&v=4.0 HTTP/1.1" 304 -
186.155.52.164 - - [27/Feb/2023:05:10:39 -0500] "GET /sipse/faces/javax.faces.resource/layout/layout.js?ln=primefaces&v=4.0 HTTP/1.1" 304 -
186.155.52.164 - - [27/Feb/2023:05:10:41 -0500] "POST /sipse/faces/autenticacion.xhtml HTTP/1.1" 200 2217
186.155.52.164 - - [27/Feb/2023:05:10:41 -0500] "GET /sipse/faces/javax.faces.resource/messages/messages.png?ln=primefaces&v=4.0 HTTP/1.1" 304 -
186.155.52.164 - - [27/Feb/2023:05:10:42 -0500] "GET /sipse/faces/javax.faces.resource/images/ui-icons_898989_256x240.png?ln=primefaces-aristo HTTP/1.1" 304 -
186.155.52.164 - - [27/Feb/2023:05:10:43 -0500] "POST /sipse/faces/autenticacion.xhtml HTTP/1.1" 200 16243
186.155.52.164 - - [27/Feb/2023:05:10:43 -0500] "GET /sipse/css/custom_css_sg_prime.css HTTP/1.1" 304 -
186.155.52.164 - - [27/Feb/2023:05:10:43 -0500] "GET /sipse/faces/javax.faces.resource/theme.css?ln=primefaces-sipse HTTP/1.1" 304 -
186.155.52.164 - - [27/Feb/2023:05:10:43 -0500] "GET /sipse/faces/javax.faces.resource/primefaces.css?ln=primefaces&v=4.0 HTTP/1.1" 304 -
186.155.52.164 - - [27/Feb/2023:05:10:43 -0500] "GET /sipse/faces/javax.faces.resource/layout/layout.css?ln=primefaces&v=4.0 HTTP/1.1" 304 -
186.155.52.164 - - [27/Feb/2023:05:10:43 -0500] "GET /sipse/js/jquery.min.js HTTP/1.1" 200 85582
186.155.52.164 - - [27/Feb/2023:05:10:43 -0500] "GET /sipse/faces/javax.faces.resource/jquery/jquery.js?ln=primefaces&v=4.0 HTTP/1.1" 304 -
186.155.52.164 - - [27/Feb/2023:05:10:43 -0500] "GET /sipse/faces/javax.faces.resource/jquery/jquery-plugins.js?ln=primefaces&v=4.0 HTTP/1.1" 304 -
186.155.52.164 - - [27/Feb/2023:05:10:43 -0500] "GET /sipse/faces/javax.faces.resource/primefaces.js?ln=primefaces&v=4.0 HTTP/1.1" 304 -
186.155.52.164 - - [27/Feb/2023:05:10:43 -0500] "GET /sipse/faces/javax.faces.resource/layout/layout.js?ln=primefaces&v=4.0 HTTP/1.1" 304 -
186.155.52.164 - - [27/Feb/2023:05:10:43 -0500] "GET /sipse/imagenes/logoAplicacion.jpg HTTP/1.1" 304 -
186.155.52.164 - - [27/Feb/2023:05:10:43 -0500] "GET /sipse/imagenes/cargando.gif HTTP/1.1" 304 -
186.155.52.164 - - [27/Feb/2023:05:10:43 -0500] "GET /sipse/css/imagen/contrasena.png HTTP/1.1" 404 383
186.155.52.164 - - [27/Feb/2023:05:10:46 -0500] "GET /sipse/faces/javax.faces.resource/images/ui-bg_flat_0_2d5972_40x100.png?ln=primefaces-aristo HTTP/1.1" 304 -
186.155.52.164 - - [27/Feb/2023:05:10:46 -0500] "POST /sipse/faces/bienvenido.xhtml HTTP/1.1" 200 2658
186.155.52.164 - - [27/Feb/2023:05:10:47 -0500] "POST /sipse/faces/bienvenido.xhtml HTTP/1.1" 200 64230
186.155.52.164 - - [27/Feb/2023:05:10:47 -0500] "GET /sipse/faces/javax.faces.resource/layout/layout.css?ln=primefaces&v=4.0 HTTP/1.1" 304 -
186.155.52.164 - - [27/Feb/2023:05:10:47 -0500] "GET /sipse/faces/javax.faces.resource/primefaces.css?ln=primefaces&v=4.0 HTTP/1.1" 304 -
186.155.52.164 - - [27/Feb/2023:05:10:47 -0500] "GET /sipse/faces/javax.faces.resource/theme.css?ln=primefaces-sipse HTTP/1.1" 304 -
186.155.52.164 - - [27/Feb/2023:05:10:47 -0500] "GET /sipse/faces/javax.faces.resource/jquery/jquery.js?ln=primefaces&v=4.0 HTTP/1.1" 304 -
186.155.52.164 - - [27/Feb/2023:05:10:47 -0500] "GET /sipse/faces/javax.faces.resource/jquery/jquery-plugins.js?ln=primefaces&v=4.0 HTTP/1.1" 304 -
186.155.52.164 - - [27/Feb/2023:05:10:47 -0500] "GET /sipse/faces/javax.faces.resource/primefaces.js?ln=primefaces&v=4.0 HTTP/1.1" 304 -
186.155.52.164 - - [27/Feb/2023:05:10:47 -0500] "GET /sipse/faces/javax.faces.resource/layout/layout.js?ln=primefaces&v=4.0 HTTP/1.1" 304 -
186.155.52.164 - - [27/Feb/2023:05:10:47 -0500] "POST /sipse/faces/presentacion/financiero/solicitudProceso/listarSolicitudProceso.xhtml HTTP/1.1" 200 1556
186.155.18.80 - - [27/Feb/2023:05:12:18 -0500] "GET /BLA/resoluciones/index.php?dir=RESOLUCIONES+2013%2F HTTP/1.1" 200 238278
186.155.18.80 - - [27/Feb/2023:05:12:23 -0500] "GET /BLA/resoluciones/RESOLUCIONES%202013/2447.pdf HTTP/1.1" 200 960571
5.255.253.106 - - [27/Feb/2023:05:13:05 -0500] "-" 408 -
69.171.249.20 - - [27/Feb/2023:05:13:06 -0500] "GET /images/Sello%201%20JA-2.jpeg HTTP/1.1" 200 42236
88.99.62.159 - - [27/Feb/2023:05:13:27 -0500] "GET /portaldeninos/home-2-3/feed/ HTTP/1.1" 304 -
201.245.192.253 - - [27/Feb/2023:05:13:39 -0500] "POST /kwsrmcab/Wsrmcab  HTTP/1.1" 200 41116
103.89.14.169 - - [27/Feb/2023:05:13:41 -0500] "CONNECT cipicaoadminpanel.xyz:443 HTTP/1.1" 405 949
186.155.18.80 - - [27/Feb/2023:05:13:52 -0500] "GET /BLA/resoluciones/index.php?dir=RESOLUCIONES+2010%2F HTTP/1.1" 200 1307967
216.245.221.92 - - [27/Feb/2023:05:14:15 -0500] "HEAD / HTTP/1.1" 200 -
186.155.18.80 - - [27/Feb/2023:05:14:23 -0500] "GET /BLA/resoluciones/RESOLUCIONES%202010/6880.pdf HTTP/1.1" 200 186171
172.22.2.4 - - [27/Feb/2023:05:13:20 -0500] "HEAD /BLA/boletinlegal/ HTTP/1.1" 200 -
138.201.157.89 - - [27/Feb/2023:05:15:28 -0500] "GET / HTTP/1.1" 200 319
138.201.157.89 - - [27/Feb/2023:05:15:28 -0500] "GET / HTTP/1.1" 200 4720
172.22.2.4 - - [27/Feb/2023:05:14:10 -0500] "GET /BLA/boletinlegal/ HTTP/1.1" 200 53058
183.136.225.32 - - [27/Feb/2023:05:16:10 -0500] "GET / HTTP/1.1" 200 319
87.250.224.51 - - [27/Feb/2023:05:18:05 -0500] "-" 408 -
201.245.192.253 - - [27/Feb/2023:05:18:04 -0500] "POST /kwsrmcab/Wsrmcab HTTP/1.1" 200 40933
186.155.18.80 - - [27/Feb/2023:05:18:07 -0500] "GET /BLA/resoluciones/RESOLUCIONES%202010/6881.pdf HTTP/1.1" 200 188080
201.245.192.253 - - [27/Feb/2023:05:18:07 -0500] "POST /kwsrmcab/Wsrmcab HTTP/1.1" 200 41423
201.245.192.253 - - [27/Feb/2023:05:18:37 -0500] "POST /kwsrmcab/Wsrmcab  HTTP/1.1" 200 41116
216.245.221.92 - - [27/Feb/2023:05:19:15 -0500] "HEAD / HTTP/1.1" 200 -
69.63.184.117 - - [27/Feb/2023:05:20:28 -0500] "GET /images/Puntos%20calientes%2024%20de%20febrero.jpeg HTTP/1.1" 200 42626
186.155.18.80 - - [27/Feb/2023:05:20:28 -0500] "GET /BLA/resoluciones/RESOLUCIONES%202010/6864.pdf HTTP/1.1" 200 642560
172.22.2.4 - - [27/Feb/2023:05:19:10 -0500] "HEAD /BLA/boletinlegal/ HTTP/1.1" 200 -
172.22.2.4 - - [27/Feb/2023:05:20:59 -0500] "GET /BLA/boletinlegal/jurisprudencia/analisis/CUADRO%20ANALISIS%20SENTENCIA%20T-411%20DE%201992.doc HTTP/1.1" 200 41984
183.136.225.32 - - [27/Feb/2023:05:21:22 -0500] "GET / HTTP/1.1" 200 319
183.136.225.32 - - [27/Feb/2023:05:21:23 -0500] "GET /favicon.ico HTTP/1.1" 200 7782
172.22.2.4 - - [27/Feb/2023:05:20:00 -0500] "GET /BLA/boletinlegal/ HTTP/1.1" 200 59164
40.77.167.249 - - [27/Feb/2023:05:22:29 -0500] "GET /calidad-del-aire-en-bogota-afectada-de-nuevo-por-incendios-forestales-se-decreta-alerta-fase-1.html HTTP/1.1" 200 1057
201.245.192.253 - - [27/Feb/2023:05:23:36 -0500] "POST /kwsrmcab/Wsrmcab  HTTP/1.1" 200 41116
216.245.221.92 - - [27/Feb/2023:05:24:15 -0500] "HEAD / HTTP/1.1" 200 -
40.77.167.248 - - [27/Feb/2023:05:24:59 -0500] "GET /portaldeninos/2021/05/27/estos-son-los-ganadores-del-concurso-a-vuelo-de-pajaro/ HTTP/1.1" 200 102370
186.155.18.80 - - [27/Feb/2023:05:25:05 -0500] "GET /BLA/resoluciones/RESOLUCIONES%202010/6861.pdf HTTP/1.1" 200 185160
186.80.52.163 - - [27/Feb/2023:05:26:13 -0500] "GET /sipse/faces/index.xhtml HTTP/1.1" 200 677
186.80.52.163 - - [27/Feb/2023:05:26:13 -0500] "GET /sipse/faces/javax.faces.resource/theme.css?ln=primefaces-sipse HTTP/1.1" 304 -
186.80.52.163 - - [27/Feb/2023:05:26:13 -0500] "GET /sipse/faces/faces/autenticacion.xhtml HTTP/1.1" 200 12177
186.80.52.163 - - [27/Feb/2023:05:26:13 -0500] "GET /sipse/faces/javax.faces.resource/theme.css?ln=primefaces-sipse HTTP/1.1" 304 -
186.80.52.163 - - [27/Feb/2023:05:26:13 -0500] "GET /sipse/faces/javax.faces.resource/layout/layout.css?ln=primefaces&v=4.0 HTTP/1.1" 304 -
186.80.52.163 - - [27/Feb/2023:05:26:13 -0500] "GET /sipse/faces/javax.faces.resource/primefaces.css?ln=primefaces&v=4.0 HTTP/1.1" 304 -
186.80.52.163 - - [27/Feb/2023:05:26:13 -0500] "GET /sipse/faces/javax.faces.resource/jquery/jquery-plugins.js?ln=primefaces&v=4.0 HTTP/1.1" 304 -
186.80.52.163 - - [27/Feb/2023:05:26:13 -0500] "GET /sipse/faces/javax.faces.resource/jquery/jquery.js?ln=primefaces&v=4.0 HTTP/1.1" 304 -
186.80.52.163 - - [27/Feb/2023:05:26:13 -0500] "GET /sipse/faces/javax.faces.resource/primefaces.js?ln=primefaces&v=4.0 HTTP/1.1" 304 -
186.80.52.163 - - [27/Feb/2023:05:26:13 -0500] "GET /sipse/faces/javax.faces.resource/layout/layout.js?ln=primefaces&v=4.0 HTTP/1.1" 304 -
186.80.52.163 - - [27/Feb/2023:05:26:13 -0500] "GET /sipse/faces/javax.faces.resource/images/ui-icons_898989_256x240.png?ln=primefaces-aristo HTTP/1.1" 304 -
186.80.52.163 - - [27/Feb/2023:05:26:16 -0500] "POST /sipse/faces/autenticacion.xhtml HTTP/1.1" 200 2217
186.80.52.163 - - [27/Feb/2023:05:26:16 -0500] "GET /sipse/faces/javax.faces.resource/messages/messages.png?ln=primefaces&v=4.0 HTTP/1.1" 304 -
186.80.52.163 - - [27/Feb/2023:05:26:17 -0500] "POST /sipse/faces/autenticacion.xhtml HTTP/1.1" 200 16263
186.80.52.163 - - [27/Feb/2023:05:26:17 -0500] "GET /sipse/faces/javax.faces.resource/layout/layout.css?ln=primefaces&v=4.0 HTTP/1.1" 304 -
186.80.52.163 - - [27/Feb/2023:05:26:17 -0500] "GET /sipse/faces/javax.faces.resource/theme.css?ln=primefaces-sipse HTTP/1.1" 304 -
186.80.52.163 - - [27/Feb/2023:05:26:17 -0500] "GET /sipse/faces/javax.faces.resource/primefaces.css?ln=primefaces&v=4.0 HTTP/1.1" 304 -
186.80.52.163 - - [27/Feb/2023:05:26:17 -0500] "GET /sipse/faces/javax.faces.resource/jquery/jquery.js?ln=primefaces&v=4.0 HTTP/1.1" 304 -
186.80.52.163 - - [27/Feb/2023:05:26:17 -0500] "GET /sipse/faces/javax.faces.resource/jquery/jquery-plugins.js?ln=primefaces&v=4.0 HTTP/1.1" 304 -
186.80.52.163 - - [27/Feb/2023:05:26:17 -0500] "GET /sipse/faces/javax.faces.resource/primefaces.js?ln=primefaces&v=4.0 HTTP/1.1" 304 -
186.80.52.163 - - [27/Feb/2023:05:26:17 -0500] "GET /sipse/faces/javax.faces.resource/layout/layout.js?ln=primefaces&v=4.0 HTTP/1.1" 304 -
186.80.52.163 - - [27/Feb/2023:05:26:18 -0500] "GET /sipse/css/imagen/contrasena.png HTTP/1.1" 404 383
186.80.52.163 - - [27/Feb/2023:05:26:19 -0500] "GET /sipse/faces/javax.faces.resource/images/ui-bg_flat_0_2d5972_40x100.png?ln=primefaces-aristo HTTP/1.1" 304 -
186.80.52.163 - - [27/Feb/2023:05:26:19 -0500] "POST /sipse/faces/bienvenido.xhtml HTTP/1.1" 200 2658
186.80.52.163 - - [27/Feb/2023:05:26:20 -0500] "POST /sipse/faces/bienvenido.xhtml HTTP/1.1" 200 65345
186.80.52.163 - - [27/Feb/2023:05:26:21 -0500] "GET /sipse/faces/javax.faces.resource/theme.css?ln=primefaces-sipse HTTP/1.1" 304 -
186.80.52.163 - - [27/Feb/2023:05:26:21 -0500] "GET /sipse/faces/javax.faces.resource/layout/layout.css?ln=primefaces&v=4.0 HTTP/1.1" 304 -
186.80.52.163 - - [27/Feb/2023:05:26:21 -0500] "GET /sipse/faces/javax.faces.resource/primefaces.css?ln=primefaces&v=4.0 HTTP/1.1" 304 -
186.80.52.163 - - [27/Feb/2023:05:26:22 -0500] "GET /sipse/faces/javax.faces.resource/jquery/jquery.js?ln=primefaces&v=4.0 HTTP/1.1" 304 -
186.80.52.163 - - [27/Feb/2023:05:26:22 -0500] "GET /sipse/faces/javax.faces.resource/jquery/jquery-plugins.js?ln=primefaces&v=4.0 HTTP/1.1" 304 -
186.80.52.163 - - [27/Feb/2023:05:26:22 -0500] "GET /sipse/faces/javax.faces.resource/primefaces.js?ln=primefaces&v=4.0 HTTP/1.1" 304 -
186.80.52.163 - - [27/Feb/2023:05:26:22 -0500] "GET /sipse/faces/javax.faces.resource/layout/layout.js?ln=primefaces&v=4.0 HTTP/1.1" 304 -
186.80.52.163 - - [27/Feb/2023:05:26:22 -0500] "POST /sipse/faces/presentacion/financiero/solicitudProceso/listarSolicitudProceso.xhtml HTTP/1.1" 200 1556
172.22.2.4 - - [27/Feb/2023:05:25:00 -0500] "HEAD /BLA/boletinlegal/ HTTP/1.1" 200 -
186.80.52.163 - - [27/Feb/2023:05:26:48 -0500] "POST /sipse/faces/presentacion/financiero/solicitudProceso/listarSolicitudProceso.xhtml HTTP/1.1" 200 59016
186.80.52.163 - - [27/Feb/2023:05:26:48 -0500] "GET /sipse/faces/javax.faces.resource/theme.css?ln=primefaces-sipse HTTP/1.1" 304 -
186.80.52.163 - - [27/Feb/2023:05:26:48 -0500] "GET /sipse/faces/javax.faces.resource/primefaces.css?ln=primefaces&v=4.0 HTTP/1.1" 304 -
186.80.52.163 - - [27/Feb/2023:05:26:48 -0500] "GET /sipse/faces/javax.faces.resource/layout/layout.css?ln=primefaces&v=4.0 HTTP/1.1" 304 -
186.80.52.163 - - [27/Feb/2023:05:26:48 -0500] "GET /sipse/faces/javax.faces.resource/jquery/jquery.js?ln=primefaces&v=4.0 HTTP/1.1" 304 -
186.80.52.163 - - [27/Feb/2023:05:26:49 -0500] "GET /sipse/faces/javax.faces.resource/jquery/jquery-plugins.js?ln=primefaces&v=4.0 HTTP/1.1" 304 -
186.80.52.163 - - [27/Feb/2023:05:26:49 -0500] "GET /sipse/faces/javax.faces.resource/primefaces.js?ln=primefaces&v=4.0 HTTP/1.1" 304 -
186.80.52.163 - - [27/Feb/2023:05:26:49 -0500] "GET /sipse/faces/javax.faces.resource/layout/layout.js?ln=primefaces&v=4.0 HTTP/1.1" 304 -
186.80.52.163 - - [27/Feb/2023:05:26:52 -0500] "POST /sipse/faces/presentacion/financiero/solicitudProceso/crearModificarSolicitudProceso.xhtml HTTP/1.1" 200 51777
186.80.52.163 - - [27/Feb/2023:05:26:54 -0500] "POST /sipse/faces/presentacion/financiero/solicitudProceso/crearModificarSolicitudProceso.xhtml HTTP/1.1" 200 25142
186.80.52.163 - - [27/Feb/2023:05:26:56 -0500] "POST /sipse/faces/presentacion/financiero/solicitudProceso/crearModificarSolicitudProceso.xhtml HTTP/1.1" 200 25142
186.80.52.163 - - [27/Feb/2023:05:27:00 -0500] "POST /sipse/faces/presentacion/financiero/solicitudProceso/crearModificarSolicitudProceso.xhtml HTTP/1.1" 200 6303
186.80.52.163 - - [27/Feb/2023:05:27:05 -0500] "POST /sipse/faces/presentacion/financiero/solicitudProceso/crearModificarSolicitudProceso.xhtml HTTP/1.1" 200 9548
186.80.52.163 - - [27/Feb/2023:05:27:07 -0500] "POST /sipse/faces/presentacion/financiero/solicitudProceso/crearModificarSolicitudProceso.xhtml HTTP/1.1" 200 7346
186.80.52.163 - - [27/Feb/2023:05:27:16 -0500] "POST /sipse/faces/presentacion/financiero/solicitudProceso/crearModificarSolicitudProceso.xhtml HTTP/1.1" 200 24576
186.80.52.163 - - [27/Feb/2023:05:27:17 -0500] "GET /sipse/faces/javax.faces.resource/theme.css?ln=primefaces-sipse HTTP/1.1" 304 -
186.80.52.163 - - [27/Feb/2023:05:27:17 -0500] "GET /sipse/faces/javax.faces.resource/primefaces.css?ln=primefaces&v=4.0 HTTP/1.1" 304 -
186.80.52.163 - - [27/Feb/2023:05:27:17 -0500] "GET /sipse/faces/javax.faces.resource/layout/layout.css?ln=primefaces&v=4.0 HTTP/1.1" 304 -
186.80.52.163 - - [27/Feb/2023:05:27:17 -0500] "GET /sipse/faces/javax.faces.resource/jquery/jquery.js?ln=primefaces&v=4.0 HTTP/1.1" 304 -
186.80.52.163 - - [27/Feb/2023:05:27:17 -0500] "GET /sipse/faces/javax.faces.resource/primefaces.js?ln=primefaces&v=4.0 HTTP/1.1" 304 -
186.80.52.163 - - [27/Feb/2023:05:27:17 -0500] "GET /sipse/faces/javax.faces.resource/jquery/jquery-plugins.js?ln=primefaces&v=4.0 HTTP/1.1" 304 -
186.80.52.163 - - [27/Feb/2023:05:27:17 -0500] "GET /sipse/faces/javax.faces.resource/layout/layout.js?ln=primefaces&v=4.0 HTTP/1.1" 304 -
186.80.52.163 - - [27/Feb/2023:05:27:23 -0500] "POST /sipse/faces/presentacion/financiero/solicitudProyectoActividad/asociarProyectoSolicitud.xhtml HTTP/1.1" 200 6605
186.80.52.163 - - [27/Feb/2023:05:27:25 -0500] "POST /sipse/faces/presentacion/financiero/solicitudProyectoActividad/asociarProyectoSolicitud.xhtml HTTP/1.1" 200 1696
186.80.52.163 - - [27/Feb/2023:05:27:25 -0500] "POST /sipse/faces/presentacion/financiero/solicitudProyectoActividad/asociarProyectoSolicitud.xhtml HTTP/1.1" 200 75290
186.80.52.163 - - [27/Feb/2023:05:27:26 -0500] "GET /sipse/faces/javax.faces.resource/theme.css?ln=primefaces-sipse HTTP/1.1" 304 -
186.80.52.163 - - [27/Feb/2023:05:27:26 -0500] "GET /sipse/faces/javax.faces.resource/layout/layout.css?ln=primefaces&v=4.0 HTTP/1.1" 304 -
186.80.52.163 - - [27/Feb/2023:05:27:26 -0500] "GET /sipse/faces/javax.faces.resource/primefaces.css?ln=primefaces&v=4.0 HTTP/1.1" 304 -
186.80.52.163 - - [27/Feb/2023:05:27:26 -0500] "GET /sipse/faces/javax.faces.resource/jquery/jquery.js?ln=primefaces&v=4.0 HTTP/1.1" 304 -
186.80.52.163 - - [27/Feb/2023:05:27:26 -0500] "GET /sipse/faces/javax.faces.resource/jquery/jquery-plugins.js?ln=primefaces&v=4.0 HTTP/1.1" 304 -
186.80.52.163 - - [27/Feb/2023:05:27:26 -0500] "GET /sipse/faces/javax.faces.resource/primefaces.js?ln=primefaces&v=4.0 HTTP/1.1" 304 -
186.80.52.163 - - [27/Feb/2023:05:27:26 -0500] "GET /sipse/faces/javax.faces.resource/layout/layout.js?ln=primefaces&v=4.0 HTTP/1.1" 304 -
172.22.2.4 - - [27/Feb/2023:05:25:50 -0500] "GET /BLA/boletinlegal/ HTTP/1.1" 200 59164
186.80.52.163 - - [27/Feb/2023:05:27:36 -0500] "POST /sipse/faces/presentacion/financiero/solicitudProyectoActividad/asociarActividadSolicitud.xhtml HTTP/1.1" 200 61269
186.80.52.163 - - [27/Feb/2023:05:27:38 -0500] "POST /sipse/faces/presentacion/financiero/solicitudProyectoActividad/asociarActividadSolicitud.xhtml HTTP/1.1" 200 25557
186.80.52.163 - - [27/Feb/2023:05:27:40 -0500] "GET /sipse/faces/javax.faces.resource/images/ui-icons_898989_256x240.png?ln=primefaces-aristo HTTP/1.1" 304 -
186.80.52.163 - - [27/Feb/2023:05:27:42 -0500] "POST /sipse/faces/presentacion/financiero/solicitudProyectoActividad/asociarActividadSolicitud.xhtml HTTP/1.1" 200 20120
186.80.52.163 - - [27/Feb/2023:05:27:42 -0500] "GET /sipse/faces/javax.faces.resource/theme.css?ln=primefaces-sipse HTTP/1.1" 304 -
186.80.52.163 - - [27/Feb/2023:05:27:42 -0500] "GET /sipse/faces/javax.faces.resource/primefaces.css?ln=primefaces&v=4.0 HTTP/1.1" 304 -
186.80.52.163 - - [27/Feb/2023:05:27:42 -0500] "GET /sipse/faces/javax.faces.resource/layout/layout.css?ln=primefaces&v=4.0 HTTP/1.1" 304 -
186.80.52.163 - - [27/Feb/2023:05:27:42 -0500] "GET /sipse/faces/javax.faces.resource/jquery/jquery.js?ln=primefaces&v=4.0 HTTP/1.1" 304 -
186.80.52.163 - - [27/Feb/2023:05:27:42 -0500] "GET /sipse/faces/javax.faces.resource/jquery/jquery-plugins.js?ln=primefaces&v=4.0 HTTP/1.1" 304 -
186.80.52.163 - - [27/Feb/2023:05:27:42 -0500] "GET /sipse/faces/javax.faces.resource/primefaces.js?ln=primefaces&v=4.0 HTTP/1.1" 304 -
186.80.52.163 - - [27/Feb/2023:05:27:42 -0500] "GET /sipse/faces/javax.faces.resource/layout/layout.js?ln=primefaces&v=4.0 HTTP/1.1" 304 -
186.155.18.80 - - [27/Feb/2023:05:27:53 -0500] "GET /BLA/resoluciones/RESOLUCIONES%202010/6867.pdf HTTP/1.1" 200 188970
186.80.52.163 - - [27/Feb/2023:05:27:59 -0500] "POST /sipse/faces/presentacion/financiero/solicitudProyectoActividad/asociarFuentesSolicitud.xhtml HTTP/1.1" 200 82400
186.80.52.163 - - [27/Feb/2023:05:27:59 -0500] "GET /sipse/faces/javax.faces.resource/theme.css?ln=primefaces-sipse HTTP/1.1" 304 -
186.80.52.163 - - [27/Feb/2023:05:27:59 -0500] "GET /sipse/faces/javax.faces.resource/layout/layout.js?ln=primefaces&v=4.0 HTTP/1.1" 304 -
186.80.52.163 - - [27/Feb/2023:05:27:59 -0500] "GET /sipse/faces/javax.faces.resource/jquery/jquery-plugins.js?ln=primefaces&v=4.0 HTTP/1.1" 304 -
186.80.52.163 - - [27/Feb/2023:05:27:59 -0500] "GET /sipse/faces/javax.faces.resource/primefaces.js?ln=primefaces&v=4.0 HTTP/1.1" 304 -
186.80.52.163 - - [27/Feb/2023:05:27:59 -0500] "GET /sipse/faces/javax.faces.resource/jquery/jquery.js?ln=primefaces&v=4.0 HTTP/1.1" 304 -
186.80.52.163 - - [27/Feb/2023:05:27:59 -0500] "GET /sipse/faces/javax.faces.resource/primefaces.css?ln=primefaces&v=4.0 HTTP/1.1" 304 -
186.80.52.163 - - [27/Feb/2023:05:27:59 -0500] "GET /sipse/faces/javax.faces.resource/layout/layout.css?ln=primefaces&v=4.0 HTTP/1.1" 304 -
201.245.192.253 - - [27/Feb/2023:05:28:04 -0500] "POST /kwsrmcab/Wsrmcab HTTP/1.1" 200 40933
201.245.192.253 - - [27/Feb/2023:05:28:07 -0500] "POST /kwsrmcab/Wsrmcab HTTP/1.1" 200 41423
186.80.52.163 - - [27/Feb/2023:05:28:16 -0500] "POST /sipse/faces/presentacion/financiero/solicitudProceso/crearModificarSolicitudProceso.xhtml HTTP/1.1" 200 45520
186.80.52.163 - - [27/Feb/2023:05:28:20 -0500] "GET /sipse/faces/javax.faces.resource/theme.css?ln=primefaces-sipse HTTP/1.1" 304 -
186.80.52.163 - - [27/Feb/2023:05:28:20 -0500] "GET /sipse/faces/javax.faces.resource/primefaces.css?ln=primefaces&v=4.0 HTTP/1.1" 304 -
186.80.52.163 - - [27/Feb/2023:05:28:20 -0500] "GET /sipse/faces/javax.faces.resource/jquery/jquery-plugins.js?ln=primefaces&v=4.0 HTTP/1.1" 304 -
186.80.52.163 - - [27/Feb/2023:05:28:20 -0500] "GET /sipse/faces/javax.faces.resource/jquery/jquery.js?ln=primefaces&v=4.0 HTTP/1.1" 304 -
186.80.52.163 - - [27/Feb/2023:05:28:20 -0500] "GET /sipse/faces/javax.faces.resource/primefaces.js?ln=primefaces&v=4.0 HTTP/1.1" 304 -
186.80.52.163 - - [27/Feb/2023:05:28:20 -0500] "GET /sipse/faces/javax.faces.resource/layout/layout.css?ln=primefaces&v=4.0 HTTP/1.1" 304 -
186.80.52.163 - - [27/Feb/2023:05:28:20 -0500] "GET /sipse/faces/javax.faces.resource/layout/layout.js?ln=primefaces&v=4.0 HTTP/1.1" 304 -
186.80.52.163 - - [27/Feb/2023:05:28:24 -0500] "POST /sipse/faces/presentacion/financiero/solicitudBienServicio/asociarBienServicioSolicitud.xhtml HTTP/1.1" 200 2720
186.80.52.163 - - [27/Feb/2023:05:28:34 -0500] "POST /sipse/faces/presentacion/financiero/solicitudBienServicio/asociarBienServicioSolicitud.xhtml HTTP/1.1" 200 78164
186.80.52.163 - - [27/Feb/2023:05:28:34 -0500] "GET /sipse/faces/javax.faces.resource/layout/layout.css?ln=primefaces&v=4.0 HTTP/1.1" 304 -
186.80.52.163 - - [27/Feb/2023:05:28:34 -0500] "GET /sipse/faces/javax.faces.resource/theme.css?ln=primefaces-sipse HTTP/1.1" 304 -
186.80.52.163 - - [27/Feb/2023:05:28:34 -0500] "GET /sipse/faces/javax.faces.resource/primefaces.css?ln=primefaces&v=4.0 HTTP/1.1" 304 -
186.80.52.163 - - [27/Feb/2023:05:28:34 -0500] "GET /sipse/faces/javax.faces.resource/jquery/jquery.js?ln=primefaces&v=4.0 HTTP/1.1" 304 -
186.80.52.163 - - [27/Feb/2023:05:28:34 -0500] "GET /sipse/faces/javax.faces.resource/jquery/jquery-plugins.js?ln=primefaces&v=4.0 HTTP/1.1" 304 -
186.80.52.163 - - [27/Feb/2023:05:28:34 -0500] "GET /sipse/faces/javax.faces.resource/primefaces.js?ln=primefaces&v=4.0 HTTP/1.1" 304 -
186.80.52.163 - - [27/Feb/2023:05:28:35 -0500] "GET /sipse/faces/javax.faces.resource/layout/layout.js?ln=primefaces&v=4.0 HTTP/1.1" 304 -
201.245.192.253 - - [27/Feb/2023:05:28:34 -0500] "POST /kwsrmcab/Wsrmcab  HTTP/1.1" 200 41116
186.80.52.163 - - [27/Feb/2023:05:28:37 -0500] "POST /sipse/faces/presentacion/financiero/solicitudProceso/crearModificarSolicitudProceso.xhtml HTTP/1.1" 200 21107
186.80.52.163 - - [27/Feb/2023:05:28:38 -0500] "GET /sipse/faces/javax.faces.resource/theme.css?ln=primefaces-sipse HTTP/1.1" 304 -
186.80.52.163 - - [27/Feb/2023:05:28:38 -0500] "GET /sipse/faces/javax.faces.resource/layout/layout.css?ln=primefaces&v=4.0 HTTP/1.1" 304 -
186.80.52.163 - - [27/Feb/2023:05:28:38 -0500] "GET /sipse/faces/javax.faces.resource/primefaces.css?ln=primefaces&v=4.0 HTTP/1.1" 304 -
186.80.52.163 - - [27/Feb/2023:05:28:38 -0500] "GET /sipse/faces/javax.faces.resource/fileupload/fileupload.css?ln=primefaces&v=4.0 HTTP/1.1" 304 -
186.80.52.163 - - [27/Feb/2023:05:28:38 -0500] "GET /sipse/faces/javax.faces.resource/jquery/jquery.js?ln=primefaces&v=4.0 HTTP/1.1" 304 -
186.80.52.163 - - [27/Feb/2023:05:28:38 -0500] "GET /sipse/faces/javax.faces.resource/jquery/jquery-plugins.js?ln=primefaces&v=4.0 HTTP/1.1" 304 -
186.80.52.163 - - [27/Feb/2023:05:28:38 -0500] "GET /sipse/faces/javax.faces.resource/primefaces.js?ln=primefaces&v=4.0 HTTP/1.1" 304 -
186.80.52.163 - - [27/Feb/2023:05:28:38 -0500] "GET /sipse/faces/javax.faces.resource/layout/layout.js?ln=primefaces&v=4.0 HTTP/1.1" 304 -
186.80.52.163 - - [27/Feb/2023:05:28:38 -0500] "GET /sipse/faces/javax.faces.resource/fileupload/fileupload.js?ln=primefaces&v=4.0 HTTP/1.1" 304 -
186.80.52.163 - - [27/Feb/2023:05:28:49 -0500] "POST /sipse/faces/presentacion/sistema/anexos/cargarAnexoSolicitudProceso.xhtml HTTP/1.1" 200 84169
186.80.52.163 - - [27/Feb/2023:05:28:50 -0500] "GET /sipse/faces/javax.faces.resource/theme.css?ln=primefaces-sipse HTTP/1.1" 304 -
186.80.52.163 - - [27/Feb/2023:05:28:50 -0500] "GET /sipse/faces/javax.faces.resource/primefaces.css?ln=primefaces&v=4.0 HTTP/1.1" 304 -
186.80.52.163 - - [27/Feb/2023:05:28:50 -0500] "GET /sipse/faces/javax.faces.resource/jquery/jquery-plugins.js?ln=primefaces&v=4.0 HTTP/1.1" 304 -
186.80.52.163 - - [27/Feb/2023:05:28:50 -0500] "GET /sipse/faces/javax.faces.resource/layout/layout.css?ln=primefaces&v=4.0 HTTP/1.1" 304 -
186.80.52.163 - - [27/Feb/2023:05:28:50 -0500] "GET /sipse/faces/javax.faces.resource/jquery/jquery.js?ln=primefaces&v=4.0 HTTP/1.1" 304 -
186.80.52.163 - - [27/Feb/2023:05:28:50 -0500] "GET /sipse/faces/javax.faces.resource/primefaces.js?ln=primefaces&v=4.0 HTTP/1.1" 304 -
186.80.52.163 - - [27/Feb/2023:05:28:50 -0500] "GET /sipse/faces/javax.faces.resource/layout/layout.js?ln=primefaces&v=4.0 HTTP/1.1" 304 -
186.80.52.163 - - [27/Feb/2023:05:28:55 -0500] "POST /sipse/faces/presentacion/financiero/solicitudProceso/crearModificarSolicitudProceso.xhtml HTTP/1.1" 200 21107
186.80.52.163 - - [27/Feb/2023:05:28:57 -0500] "GET /sipse/faces/javax.faces.resource/theme.css?ln=primefaces-sipse HTTP/1.1" 304 -
186.80.52.163 - - [27/Feb/2023:05:28:57 -0500] "GET /sipse/faces/javax.faces.resource/layout/layout.css?ln=primefaces&v=4.0 HTTP/1.1" 304 -
186.80.52.163 - - [27/Feb/2023:05:28:57 -0500] "GET /sipse/faces/javax.faces.resource/primefaces.css?ln=primefaces&v=4.0 HTTP/1.1" 304 -
186.80.52.163 - - [27/Feb/2023:05:28:57 -0500] "GET /sipse/faces/javax.faces.resource/jquery/jquery.js?ln=primefaces&v=4.0 HTTP/1.1" 304 -
186.80.52.163 - - [27/Feb/2023:05:28:57 -0500] "GET /sipse/faces/javax.faces.resource/jquery/jquery-plugins.js?ln=primefaces&v=4.0 HTTP/1.1" 304 -
186.80.52.163 - - [27/Feb/2023:05:28:57 -0500] "GET /sipse/faces/javax.faces.resource/primefaces.js?ln=primefaces&v=4.0 HTTP/1.1" 304 -
