!C99Shell v. 1.0 pre-release build #13!

Software: Apache. PHP/5.5.15 

uname -a: Windows NT SVR-DMZ 6.1 build 7600 (Windows Server 2008 R2 Enterprise Edition) i586 

SYSTEM 

Safe-mode: OFF (not secure)

E:\nuevo\apache\logs\   drwxrwxrwx
Free 7.34 GB of 239.26 GB (3.07%)
Detected drives: [ a ] [ c ] [ d ] [ e ] [ f ]
Home    Back    Forward    UPDIR    Refresh    Search    Buffer    Encoder    Tools    Proc.    FTP brute    Sec.    SQL    PHP-code    Update    Feedback    Self remove    Logout    


Viewing file:     access.2023.03.10.log (7.01 MB)      -rw-rw-rw-
Select action/file-type:
(+) | (+) | (+) | Code (+) | Session (+) | (+) | SDB (+) | (+) | (+) | (+) | (+) | (+) |
66.249.66.44 - - [10/Mar/2023:00:00:04 -0500] "-" 408 -
172.22.2.4 - - [09/Mar/2023:23:58:48 -0500] "HEAD /BLA/boletinlegal/ HTTP/1.1" 200 -
172.22.2.4 - - [09/Mar/2023:23:59:38 -0500] "GET /BLA/boletinlegal/ HTTP/1.1" 200 58653
201.245.192.253 - - [10/Mar/2023:00:01:34 -0500] "POST /forms/lservlet;jsessionid=ac16012b30d67bff702716e842178b2cc4f6264076e8.e3iSbxaKaheRe38KbhmObhePahv0n6jAmljGr5XDqQLvpAe HTTP/1.1" 200 2
201.245.192.253 - - [10/Mar/2023:00:03:34 -0500] "POST /forms/lservlet;jsessionid=ac16012b30d67bff702716e842178b2cc4f6264076e8.e3iSbxaKaheRe38KbhmObhePahv0n6jAmljGr5XDqQLvpAe HTTP/1.1" 200 2
181.56.235.113 - - [10/Mar/2023:00:04:06 -0500] "GET /BLA/resoluciones/index.php HTTP/1.1" 200 13502
181.56.235.113 - - [10/Mar/2023:00:04:11 -0500] "GET /BLA/resoluciones/index.php?dir=AUTOS+2019%2F HTTP/1.1" 200 358957
201.245.192.253 - - [10/Mar/2023:00:04:13 -0500] "POST /kwsrmcab/Wsrmcab  HTTP/1.1" 200 213
216.245.221.92 - - [10/Mar/2023:00:04:19 -0500] "HEAD / HTTP/1.1" 200 -
201.245.192.253 - - [10/Mar/2023:00:05:14 -0500] "POST /kwsrmcab/Wsrmcab  HTTP/1.1" 200 213
201.245.192.253 - - [10/Mar/2023:00:05:34 -0500] "POST /forms/lservlet;jsessionid=ac16012b30d67bff702716e842178b2cc4f6264076e8.e3iSbxaKaheRe38KbhmObhePahv0n6jAmljGr5XDqQLvpAe HTTP/1.1" 200 2
66.249.65.109 - - [10/Mar/2023:00:06:04 -0500] "-" 408 -
201.245.192.253 - - [10/Mar/2023:00:06:15 -0500] "POST /kwsrmcab/Wsrmcab  HTTP/1.1" 200 213
172.22.2.4 - - [10/Mar/2023:00:04:38 -0500] "HEAD /BLA/boletinlegal/ HTTP/1.1" 200 -
172.22.2.4 - - [10/Mar/2023:00:05:28 -0500] "GET /BLA/boletinlegal/ HTTP/1.1" 200 56277
201.245.192.253 - - [10/Mar/2023:00:07:16 -0500] "POST /kwsrmcab/Wsrmcab  HTTP/1.1" 200 213
201.245.192.253 - - [10/Mar/2023:00:07:34 -0500] "POST /forms/lservlet;jsessionid=ac16012b30d67bff702716e842178b2cc4f6264076e8.e3iSbxaKaheRe38KbhmObhePahv0n6jAmljGr5XDqQLvpAe HTTP/1.1" 200 2
66.249.66.64 - - [10/Mar/2023:00:07:35 -0500] "-" 408 -
201.245.192.253 - - [10/Mar/2023:00:08:17 -0500] "POST /kwsrmcab/Wsrmcab  HTTP/1.1" 200 213
216.245.221.92 - - [10/Mar/2023:00:09:19 -0500] "HEAD / HTTP/1.1" 200 -
201.245.192.253 - - [10/Mar/2023:00:09:34 -0500] "POST /forms/lservlet;jsessionid=ac16012b30d67bff702716e842178b2cc4f6264076e8.e3iSbxaKaheRe38KbhmObhePahv0n6jAmljGr5XDqQLvpAe HTTP/1.1" 200 2
186.29.183.248 - - [10/Mar/2023:00:09:35 -0500] "GET /mujeres-que-reverdecen-secretaria-de-ambiente-anuncia-el-inicio-de-la-tercera-fase.html HTTP/1.1" 200 954
201.245.192.253 - - [10/Mar/2023:00:11:34 -0500] "POST /forms/lservlet;jsessionid=ac16012b30d67bff702716e842178b2cc4f6264076e8.e3iSbxaKaheRe38KbhmObhePahv0n6jAmljGr5XDqQLvpAe HTTP/1.1" 200 2
172.22.2.4 - - [10/Mar/2023:00:10:28 -0500] "HEAD /BLA/boletinlegal/ HTTP/1.1" 200 -
185.119.81.106 - - [10/Mar/2023:00:12:14 -0500] "GET /portaldeninos/wp-login.php HTTP/1.1" 200 2592
185.119.81.106 - - [10/Mar/2023:00:12:15 -0500] "POST /portaldeninos/wp-login.php HTTP/1.1" 200 3605
172.22.2.4 - - [10/Mar/2023:00:11:18 -0500] "GET /BLA/boletinlegal/ HTTP/1.1" 200 53104
66.249.65.109 - - [10/Mar/2023:00:13:05 -0500] "-" 408 -
186.84.21.222 - - [10/Mar/2023:00:13:18 -0500] "GET /sipse/faces/presentacion/sistema/reporte/listarReportes.xhtml HTTP/1.1" 302 -
186.84.21.222 - - [10/Mar/2023:00:13:18 -0500] "GET /sipse/faces/autenticacion.xhtml HTTP/1.1" 200 12168
186.84.21.222 - - [10/Mar/2023:00:13:19 -0500] "GET /sipse/faces/javax.faces.resource/primefaces.css?ln=primefaces&v=4.0 HTTP/1.1" 304 -
186.84.21.222 - - [10/Mar/2023:00:13:19 -0500] "GET /sipse/faces/javax.faces.resource/layout/layout.css?ln=primefaces&v=4.0 HTTP/1.1" 200 542
186.84.21.222 - - [10/Mar/2023:00:13:19 -0500] "GET /sipse/faces/javax.faces.resource/primefaces.js?ln=primefaces&v=4.0 HTTP/1.1" 304 -
186.84.21.222 - - [10/Mar/2023:00:13:19 -0500] "GET /sipse/faces/javax.faces.resource/jquery/jquery-plugins.js?ln=primefaces&v=4.0 HTTP/1.1" 304 -
186.84.21.222 - - [10/Mar/2023:00:13:19 -0500] "GET /sipse/faces/javax.faces.resource/jquery/jquery.js?ln=primefaces&v=4.0 HTTP/1.1" 304 -
186.84.21.222 - - [10/Mar/2023:00:13:19 -0500] "GET /sipse/faces/javax.faces.resource/theme.css?ln=primefaces-sipse HTTP/1.1" 304 -
186.84.21.222 - - [10/Mar/2023:00:13:19 -0500] "GET /sipse/faces/javax.faces.resource/layout/layout.js?ln=primefaces&v=4.0 HTTP/1.1" 304 -
186.84.21.222 - - [10/Mar/2023:00:13:19 -0500] "GET /sipse/faces/javax.faces.resource/images/ui-icons_898989_256x240.png?ln=primefaces-aristo HTTP/1.1" 200 5355
186.84.21.222 - - [10/Mar/2023:00:13:19 -0500] "GET /sipse/css/imagen/loginimg.png HTTP/1.1" 200 12242
186.84.21.222 - - [10/Mar/2023:00:13:19 -0500] "GET /sipse/css/imagen/logoSDG.png HTTP/1.1" 200 12242
186.84.21.222 - - [10/Mar/2023:00:13:19 -0500] "GET /favicon.ico HTTP/1.1" 200 7782
186.84.21.222 - - [10/Mar/2023:00:13:19 -0500] "GET /sipse/faces/index.xhtml HTTP/1.1" 200 677
186.84.21.222 - - [10/Mar/2023:00:13:19 -0500] "GET /sipse/faces/javax.faces.resource/theme.css?ln=primefaces-sipse HTTP/1.1" 304 -
186.84.21.222 - - [10/Mar/2023:00:13:19 -0500] "GET /sipse/faces/faces/autenticacion.xhtml HTTP/1.1" 200 12168
186.84.21.222 - - [10/Mar/2023:00:13:19 -0500] "GET /sipse/faces/javax.faces.resource/primefaces.css?ln=primefaces&v=4.0 HTTP/1.1" 304 -
186.84.21.222 - - [10/Mar/2023:00:13:19 -0500] "GET /sipse/faces/javax.faces.resource/theme.css?ln=primefaces-sipse HTTP/1.1" 304 -
186.84.21.222 - - [10/Mar/2023:00:13:19 -0500] "GET /sipse/faces/javax.faces.resource/layout/layout.css?ln=primefaces&v=4.0 HTTP/1.1" 304 -
186.84.21.222 - - [10/Mar/2023:00:13:19 -0500] "GET /sipse/faces/javax.faces.resource/jquery/jquery.js?ln=primefaces&v=4.0 HTTP/1.1" 304 -
186.84.21.222 - - [10/Mar/2023:00:13:19 -0500] "GET /sipse/faces/javax.faces.resource/jquery/jquery-plugins.js?ln=primefaces&v=4.0 HTTP/1.1" 304 -
186.84.21.222 - - [10/Mar/2023:00:13:19 -0500] "GET /sipse/faces/javax.faces.resource/primefaces.js?ln=primefaces&v=4.0 HTTP/1.1" 304 -
186.84.21.222 - - [10/Mar/2023:00:13:19 -0500] "GET /sipse/faces/javax.faces.resource/layout/layout.js?ln=primefaces&v=4.0 HTTP/1.1" 304 -
201.245.192.253 - - [10/Mar/2023:00:13:17 -0500] "POST /kwsrmcab/Wsrmcab  HTTP/1.1" 200 213
186.84.21.222 - - [10/Mar/2023:00:13:19 -0500] "GET /sipse/faces/javax.faces.resource/images/ui-icons_898989_256x240.png?ln=primefaces-aristo HTTP/1.1" 304 -
186.84.21.222 - - [10/Mar/2023:00:13:22 -0500] "POST /sipse/faces/autenticacion.xhtml HTTP/1.1" 200 16117
186.84.21.222 - - [10/Mar/2023:00:13:23 -0500] "GET /sipse/faces/javax.faces.resource/jquery/jquery.js?ln=primefaces&v=4.0 HTTP/1.1" 304 -
186.84.21.222 - - [10/Mar/2023:00:13:23 -0500] "GET /sipse/faces/javax.faces.resource/jquery/jquery-plugins.js?ln=primefaces&v=4.0 HTTP/1.1" 304 -
186.84.21.222 - - [10/Mar/2023:00:13:23 -0500] "GET /sipse/faces/javax.faces.resource/primefaces.js?ln=primefaces&v=4.0 HTTP/1.1" 304 -
186.84.21.222 - - [10/Mar/2023:00:13:23 -0500] "GET /sipse/faces/javax.faces.resource/layout/layout.js?ln=primefaces&v=4.0 HTTP/1.1" 304 -
186.84.21.222 - - [10/Mar/2023:00:13:23 -0500] "GET /sipse/faces/javax.faces.resource/messages/messages.png?ln=primefaces&v=4.0 HTTP/1.1" 304 -
186.84.21.222 - - [10/Mar/2023:00:13:23 -0500] "GET /sipse/css/imagen/contrasena.png HTTP/1.1" 404 383
186.84.21.222 - - [10/Mar/2023:00:13:25 -0500] "GET /sipse/faces/javax.faces.resource/images/ui-bg_flat_0_2d5972_40x100.png?ln=primefaces-aristo HTTP/1.1" 304 -
186.84.21.222 - - [10/Mar/2023:00:13:25 -0500] "POST /sipse/faces/bienvenido.xhtml HTTP/1.1" 200 1471
186.84.21.222 - - [10/Mar/2023:00:13:26 -0500] "POST /sipse/faces/bienvenido.xhtml HTTP/1.1" 200 61995
186.84.21.222 - - [10/Mar/2023:00:13:27 -0500] "GET /sipse/faces/javax.faces.resource/jquery/jquery.js?ln=primefaces&v=4.0 HTTP/1.1" 304 -
186.84.21.222 - - [10/Mar/2023:00:13:27 -0500] "GET /sipse/faces/javax.faces.resource/jquery/jquery-plugins.js?ln=primefaces&v=4.0 HTTP/1.1" 304 -
186.84.21.222 - - [10/Mar/2023:00:13:27 -0500] "GET /sipse/faces/javax.faces.resource/primefaces.js?ln=primefaces&v=4.0 HTTP/1.1" 304 -
186.84.21.222 - - [10/Mar/2023:00:13:27 -0500] "GET /sipse/faces/javax.faces.resource/layout/layout.js?ln=primefaces&v=4.0 HTTP/1.1" 304 -
186.84.21.222 - - [10/Mar/2023:00:13:27 -0500] "POST /sipse/faces/presentacion/financiero/solicitudProceso/listarSolicitudProceso.xhtml HTTP/1.1" 200 1560
186.84.21.222 - - [10/Mar/2023:00:13:33 -0500] "POST /sipse/faces/presentacion/financiero/solicitudProceso/listarSolicitudProceso.xhtml HTTP/1.1" 200 23143
201.245.192.253 - - [10/Mar/2023:00:13:34 -0500] "POST /forms/lservlet;jsessionid=ac16012b30d67bff702716e842178b2cc4f6264076e8.e3iSbxaKaheRe38KbhmObhePahv0n6jAmljGr5XDqQLvpAe HTTP/1.1" 200 2
186.84.21.222 - - [10/Mar/2023:00:13:41 -0500] "POST /sipse/faces/presentacion/financiero/solicitudProceso/listarSolicitudProceso.xhtml HTTP/1.1" 200 32339
190.242.104.58 - - [10/Mar/2023:00:13:43 -0500] "GET /galeria/galeria/jquery.fancybox.css?v=2.1.5 HTTP/1.1" 200 4895
190.242.104.58 - - [10/Mar/2023:00:13:43 -0500] "GET /BLA/boletinlegal/js/jquery.scrollShow.js HTTP/1.1" 200 4586
190.242.104.58 - - [10/Mar/2023:00:13:43 -0500] "GET /galeria/galeria/jquery.fancybox.js?v=2.1.5 HTTP/1.1" 200 48706
186.84.21.222 - - [10/Mar/2023:00:13:44 -0500] "POST /sipse/faces/presentacion/financiero/solicitudProceso/listarSolicitudProceso.xhtml HTTP/1.1" 200 23841
186.84.21.222 - - [10/Mar/2023:00:13:47 -0500] "POST /sipse/faces/presentacion/financiero/solicitudProceso/listarSolicitudProceso.xhtml HTTP/1.1" 200 32180
186.84.21.222 - - [10/Mar/2023:00:13:52 -0500] "POST /sipse/faces/presentacion/financiero/solicitudProceso/listarSolicitudProceso.xhtml HTTP/1.1" 200 23811
216.245.221.92 - - [10/Mar/2023:00:14:19 -0500] "HEAD / HTTP/1.1" 200 -
199.16.157.181 - - [10/Mar/2023:00:15:17 -0500] "GET /tinguas-azules-secretaria-de-ambiente-atiende-alto-numero-de-reportes-de-aves-migratorias.html HTTP/1.1" 200 923
199.16.157.182 - - [10/Mar/2023:00:15:18 -0500] "GET /images/foto%202.jpg HTTP/1.1" 200 63300
201.245.192.253 - - [10/Mar/2023:00:15:34 -0500] "POST /forms/lservlet;jsessionid=ac16012b30d67bff702716e842178b2cc4f6264076e8.e3iSbxaKaheRe38KbhmObhePahv0n6jAmljGr5XDqQLvpAe HTTP/1.1" 200 2
186.84.21.222 - - [10/Mar/2023:00:16:15 -0500] "POST /sipse/faces/presentacion/financiero/solicitudProceso/listarSolicitudProceso.xhtml HTTP/1.1" 200 32192
186.84.21.222 - - [10/Mar/2023:00:16:15 -0500] "POST /sipse/faces/presentacion/financiero/solicitudProceso/listarSolicitudProceso.xhtml HTTP/1.1" 200 32192
186.84.21.222 - - [10/Mar/2023:00:16:16 -0500] "POST /sipse/faces/presentacion/financiero/solicitudProceso/listarSolicitudProceso.xhtml HTTP/1.1" 200 17823
186.84.21.222 - - [10/Mar/2023:00:16:17 -0500] "POST /sipse/faces/presentacion/financiero/solicitudProceso/listarSolicitudProceso.xhtml HTTP/1.1" 200 8651
186.84.21.222 - - [10/Mar/2023:00:16:20 -0500] "POST /sipse/faces/presentacion/financiero/solicitudProceso/listarSolicitudProceso.xhtml HTTP/1.1" 200 139825
186.84.21.222 - - [10/Mar/2023:00:16:21 -0500] "GET /sipse/faces/javax.faces.resource/jquery/jquery.js?ln=primefaces&v=4.0 HTTP/1.1" 304 -
186.84.21.222 - - [10/Mar/2023:00:16:21 -0500] "GET /sipse/faces/javax.faces.resource/jquery/jquery-plugins.js?ln=primefaces&v=4.0 HTTP/1.1" 304 -
186.84.21.222 - - [10/Mar/2023:00:16:21 -0500] "GET /sipse/faces/javax.faces.resource/primefaces.js?ln=primefaces&v=4.0 HTTP/1.1" 304 -
186.84.21.222 - - [10/Mar/2023:00:16:21 -0500] "GET /sipse/faces/javax.faces.resource/layout/layout.js?ln=primefaces&v=4.0 HTTP/1.1" 304 -
186.84.21.222 - - [10/Mar/2023:00:16:26 -0500] "POST /sipse/faces/presentacion/financiero/solicitudProceso/consultarSolicitudProceso.xhtml HTTP/1.1" 200 5534
172.22.2.4 - - [10/Mar/2023:00:17:02 -0500] "GET /BLA/boletinlegal/actos.php HTTP/1.1" 200 9672
179.19.14.174 - - [10/Mar/2023:00:17:32 -0500] "GET /mujeres-que-reverdecen-secretaria-de-ambiente-anuncia-el-inicio-de-la-tercera-fase.html HTTP/1.1" 200 954
201.245.192.253 - - [10/Mar/2023:00:17:34 -0500] "POST /forms/lservlet;jsessionid=ac16012b30d67bff702716e842178b2cc4f6264076e8.e3iSbxaKaheRe38KbhmObhePahv0n6jAmljGr5XDqQLvpAe HTTP/1.1" 200 2
186.84.21.222 - - [10/Mar/2023:00:17:54 -0500] "POST /sipse/faces/presentacion/financiero/solicitudProceso/consultarSolicitudProceso.xhtml HTTP/1.1" 200 38254
186.84.21.222 - - [10/Mar/2023:00:17:57 -0500] "GET /sipse/faces/javax.faces.resource/jquery/jquery.js?ln=primefaces&v=4.0 HTTP/1.1" 304 -
186.84.21.222 - - [10/Mar/2023:00:17:57 -0500] "GET /sipse/faces/javax.faces.resource/jquery/jquery-plugins.js?ln=primefaces&v=4.0 HTTP/1.1" 304 -
186.84.21.222 - - [10/Mar/2023:00:17:57 -0500] "GET /sipse/faces/javax.faces.resource/primefaces.js?ln=primefaces&v=4.0 HTTP/1.1" 304 -
186.84.21.222 - - [10/Mar/2023:00:17:57 -0500] "GET /sipse/faces/javax.faces.resource/layout/layout.js?ln=primefaces&v=4.0 HTTP/1.1" 304 -
186.84.21.222 - - [10/Mar/2023:00:17:57 -0500] "POST /sipse/faces/presentacion/financiero/solicitudProceso/listarSolicitudProceso.xhtml HTTP/1.1" 200 1416
172.22.2.4 - - [10/Mar/2023:00:16:18 -0500] "HEAD /BLA/boletinlegal/ HTTP/1.1" 200 -
40.77.167.164 - - [10/Mar/2023:00:18:11 -0500] "GET /BLA/resoluciones/AUTOS%202021/2096.pdf HTTP/1.1" 304 -
201.245.192.253 - - [10/Mar/2023:00:18:15 -0500] "POST /kwsrmcab/Wsrmcab  HTTP/1.1" 200 213
186.84.21.222 - - [10/Mar/2023:00:18:37 -0500] "POST /sipse/faces/presentacion/financiero/solicitudProceso/listarSolicitudProceso.xhtml HTTP/1.1" 200 29428
186.84.21.222 - - [10/Mar/2023:00:18:38 -0500] "POST /sipse/faces/presentacion/financiero/solicitudProceso/listarSolicitudProceso.xhtml HTTP/1.1" 200 2441
186.84.21.222 - - [10/Mar/2023:00:18:39 -0500] "POST /sipse/faces/presentacion/financiero/solicitudProceso/listarSolicitudProceso.xhtml HTTP/1.1" 200 29428
186.84.21.222 - - [10/Mar/2023:00:18:41 -0500] "POST /sipse/faces/presentacion/financiero/solicitudProceso/listarSolicitudProceso.xhtml HTTP/1.1" 200 8263
172.22.2.4 - - [10/Mar/2023:00:17:02 -0500] "GET /BLA/boletinlegal/ HTTP/1.1" 200 45134
186.84.21.222 - - [10/Mar/2023:00:18:44 -0500] "POST /sipse/faces/presentacion/financiero/solicitudProceso/listarSolicitudProceso.xhtml HTTP/1.1" 200 156618
186.84.21.222 - - [10/Mar/2023:00:18:45 -0500] "GET /sipse/faces/javax.faces.resource/jquery/jquery.js?ln=primefaces&v=4.0 HTTP/1.1" 304 -
186.84.21.222 - - [10/Mar/2023:00:18:45 -0500] "GET /sipse/faces/javax.faces.resource/jquery/jquery-plugins.js?ln=primefaces&v=4.0 HTTP/1.1" 304 -
186.84.21.222 - - [10/Mar/2023:00:18:45 -0500] "GET /sipse/faces/javax.faces.resource/primefaces.js?ln=primefaces&v=4.0 HTTP/1.1" 304 -
186.84.21.222 - - [10/Mar/2023:00:18:45 -0500] "GET /sipse/faces/javax.faces.resource/layout/layout.js?ln=primefaces&v=4.0 HTTP/1.1" 304 -
172.22.2.4 - - [10/Mar/2023:00:17:08 -0500] "GET /BLA/boletinlegal/ HTTP/1.1" 200 44625
186.84.21.222 - - [10/Mar/2023:00:18:57 -0500] "POST /sipse/faces/presentacion/financiero/solicitudProceso/consultarSolicitudProceso.xhtml HTTP/1.1" 200 5534
172.22.2.4 - - [10/Mar/2023:00:18:15 -0500] "GET /BLA/boletinlegal/ HTTP/1.1" 200 28619
216.245.221.92 - - [10/Mar/2023:00:19:19 -0500] "HEAD / HTTP/1.1" 200 -
186.84.21.222 - - [10/Mar/2023:00:19:24 -0500] "POST /sipse/faces/presentacion/financiero/solicitudProceso/consultarSolicitudProceso.xhtml HTTP/1.1" 200 3427713
201.245.192.253 - - [10/Mar/2023:00:19:34 -0500] "POST /forms/lservlet;jsessionid=ac16012b30d67bff702716e842178b2cc4f6264076e8.e3iSbxaKaheRe38KbhmObhePahv0n6jAmljGr5XDqQLvpAe HTTP/1.1" 200 2
66.249.65.109 - - [10/Mar/2023:00:19:52 -0500] "-" 408 -
172.22.2.4 - - [10/Mar/2023:00:18:34 -0500] "GET /BLA/boletinlegal/ HTTP/1.1" 200 59296
186.84.21.222 - - [10/Mar/2023:00:20:16 -0500] "POST /sipse/faces/presentacion/financiero/solicitudProceso/consultarSolicitudProceso.xhtml HTTP/1.1" 200 36402
186.84.21.222 - - [10/Mar/2023:00:20:16 -0500] "GET /sipse/faces/javax.faces.resource/theme.css?ln=primefaces-sipse HTTP/1.1" 304 -
186.84.21.222 - - [10/Mar/2023:00:20:16 -0500] "GET /sipse/faces/javax.faces.resource/primefaces.css?ln=primefaces&v=4.0 HTTP/1.1" 304 -
186.84.21.222 - - [10/Mar/2023:00:20:16 -0500] "GET /sipse/faces/javax.faces.resource/layout/layout.css?ln=primefaces&v=4.0 HTTP/1.1" 304 -
186.84.21.222 - - [10/Mar/2023:00:20:16 -0500] "GET /sipse/faces/javax.faces.resource/primefaces.js?ln=primefaces&v=4.0 HTTP/1.1" 304 -
186.84.21.222 - - [10/Mar/2023:00:20:16 -0500] "GET /sipse/faces/javax.faces.resource/jquery/jquery-plugins.js?ln=primefaces&v=4.0 HTTP/1.1" 304 -
186.84.21.222 - - [10/Mar/2023:00:20:16 -0500] "GET /sipse/faces/javax.faces.resource/jquery/jquery.js?ln=primefaces&v=4.0 HTTP/1.1" 304 -
186.84.21.222 - - [10/Mar/2023:00:20:16 -0500] "GET /sipse/faces/javax.faces.resource/layout/layout.js?ln=primefaces&v=4.0 HTTP/1.1" 304 -
186.84.21.222 - - [10/Mar/2023:00:20:17 -0500] "GET /sipse/faces/javax.faces.resource/images/ui-icons_898989_256x240.png?ln=primefaces-aristo HTTP/1.1" 304 -
201.245.192.253 - - [10/Mar/2023:00:20:24 -0500] "POST /kwsrmcab/Wsrmcab HTTP/1.1" 200 42197
201.245.192.253 - - [10/Mar/2023:00:20:26 -0500] "POST /kwsrmcab/Wsrmcab HTTP/1.1" 200 43006
173.252.127.22 - - [10/Mar/2023:00:20:29 -0500] "GET /images/d\xc3\xada%20de%20la%20mujer%201.jpeg HTTP/1.1" 404 1034
186.84.21.222 - - [10/Mar/2023:00:20:30 -0500] "GET /sipse/faces/javax.faces.resource/layout/layout.css?ln=primefaces&v=4.0 HTTP/1.1" 304 -
186.84.21.222 - - [10/Mar/2023:00:20:30 -0500] "GET /sipse/faces/javax.faces.resource/primefaces.css?ln=primefaces&v=4.0 HTTP/1.1" 304 -
186.84.21.222 - - [10/Mar/2023:00:20:30 -0500] "GET /sipse/faces/javax.faces.resource/jquery/jquery.js?ln=primefaces&v=4.0 HTTP/1.1" 304 -
186.84.21.222 - - [10/Mar/2023:00:20:30 -0500] "GET /sipse/faces/javax.faces.resource/theme.css?ln=primefaces-sipse HTTP/1.1" 304 -
186.84.21.222 - - [10/Mar/2023:00:20:30 -0500] "GET /sipse/faces/javax.faces.resource/jquery/jquery-plugins.js?ln=primefaces&v=4.0 HTTP/1.1" 304 -
186.84.21.222 - - [10/Mar/2023:00:20:30 -0500] "GET /sipse/faces/javax.faces.resource/primefaces.js?ln=primefaces&v=4.0 HTTP/1.1" 304 -
186.84.21.222 - - [10/Mar/2023:00:20:30 -0500] "GET /sipse/faces/javax.faces.resource/layout/layout.js?ln=primefaces&v=4.0 HTTP/1.1" 304 -
186.84.21.222 - - [10/Mar/2023:00:20:30 -0500] "GET /sipse/faces/javax.faces.resource/images/ui-icons_898989_256x240.png?ln=primefaces-aristo HTTP/1.1" 304 -
186.84.21.222 - - [10/Mar/2023:00:20:30 -0500] "POST /sipse/faces/presentacion/financiero/solicitudProceso/consultarHistorialSolProceso.xhtml HTTP/1.1" 200 202652
173.252.107.9 - - [10/Mar/2023:00:20:46 -0500] "GET /images/d%C3%ADa%20de%20la%20mujer%201.jpeg HTTP/1.1" 404 1034
186.84.21.222 - - [10/Mar/2023:00:21:01 -0500] "GET /sipse/faces/javax.faces.resource/images/ui-bg_flat_0_2d5972_40x100.png?ln=primefaces-aristo HTTP/1.1" 304 -
186.84.21.222 - - [10/Mar/2023:00:21:02 -0500] "POST /sipse/faces/presentacion/financiero/solicitudProceso/consultarSolicitudProceso.xhtml HTTP/1.1" 200 37946
186.84.21.222 - - [10/Mar/2023:00:21:05 -0500] "GET /sipse/faces/javax.faces.resource/jquery/jquery.js?ln=primefaces&v=4.0 HTTP/1.1" 304 -
186.84.21.222 - - [10/Mar/2023:00:21:05 -0500] "GET /sipse/faces/javax.faces.resource/jquery/jquery-plugins.js?ln=primefaces&v=4.0 HTTP/1.1" 304 -
186.84.21.222 - - [10/Mar/2023:00:21:05 -0500] "GET /sipse/faces/javax.faces.resource/primefaces.js?ln=primefaces&v=4.0 HTTP/1.1" 304 -
186.84.21.222 - - [10/Mar/2023:00:21:05 -0500] "GET /sipse/faces/javax.faces.resource/layout/layout.js?ln=primefaces&v=4.0 HTTP/1.1" 304 -
186.84.21.222 - - [10/Mar/2023:00:21:05 -0500] "GET /sipse/faces/javax.faces.resource/messages/messages.png?ln=primefaces&v=4.0 HTTP/1.1" 304 -
186.84.21.222 - - [10/Mar/2023:00:21:05 -0500] "POST /sipse/faces/presentacion/financiero/solicitudProceso/listarSolicitudProceso.xhtml HTTP/1.1" 200 1416
186.84.21.222 - - [10/Mar/2023:00:21:30 -0500] "POST /sipse/faces/presentacion/financiero/solicitudProceso/listarSolicitudProceso.xhtml HTTP/1.1" 200 32114
186.84.21.222 - - [10/Mar/2023:00:21:31 -0500] "POST /sipse/faces/presentacion/financiero/solicitudProceso/listarSolicitudProceso.xhtml HTTP/1.1" 200 26053
186.84.21.222 - - [10/Mar/2023:00:21:32 -0500] "POST /sipse/faces/presentacion/financiero/solicitudProceso/listarSolicitudProceso.xhtml HTTP/1.1" 200 5179
201.245.192.253 - - [10/Mar/2023:00:21:34 -0500] "POST /forms/lservlet;jsessionid=ac16012b30d67bff702716e842178b2cc4f6264076e8.e3iSbxaKaheRe38KbhmObhePahv0n6jAmljGr5XDqQLvpAe HTTP/1.1" 200 2
186.84.21.222 - - [10/Mar/2023:00:21:34 -0500] "POST /sipse/faces/presentacion/financiero/solicitudProceso/listarSolicitudProceso.xhtml HTTP/1.1" 200 146944
186.84.21.222 - - [10/Mar/2023:00:21:35 -0500] "GET /sipse/faces/javax.faces.resource/jquery/jquery.js?ln=primefaces&v=4.0 HTTP/1.1" 304 -
186.84.21.222 - - [10/Mar/2023:00:21:35 -0500] "GET /sipse/faces/javax.faces.resource/jquery/jquery-plugins.js?ln=primefaces&v=4.0 HTTP/1.1" 304 -
186.84.21.222 - - [10/Mar/2023:00:21:35 -0500] "GET /sipse/faces/javax.faces.resource/primefaces.js?ln=primefaces&v=4.0 HTTP/1.1" 304 -
186.84.21.222 - - [10/Mar/2023:00:21:35 -0500] "GET /sipse/faces/javax.faces.resource/layout/layout.js?ln=primefaces&v=4.0 HTTP/1.1" 304 -
186.84.21.222 - - [10/Mar/2023:00:21:47 -0500] "GET /sipse/faces/javax.faces.resource/primefaces.css?ln=primefaces&v=4.0 HTTP/1.1" 304 -
186.84.21.222 - - [10/Mar/2023:00:21:47 -0500] "GET /sipse/faces/javax.faces.resource/theme.css?ln=primefaces-sipse HTTP/1.1" 304 -
186.84.21.222 - - [10/Mar/2023:00:21:47 -0500] "GET /sipse/faces/javax.faces.resource/layout/layout.css?ln=primefaces&v=4.0 HTTP/1.1" 304 -
186.84.21.222 - - [10/Mar/2023:00:21:47 -0500] "GET /sipse/faces/javax.faces.resource/jquery/jquery.js?ln=primefaces&v=4.0 HTTP/1.1" 304 -
186.84.21.222 - - [10/Mar/2023:00:21:47 -0500] "GET /sipse/faces/javax.faces.resource/jquery/jquery-plugins.js?ln=primefaces&v=4.0 HTTP/1.1" 304 -
186.84.21.222 - - [10/Mar/2023:00:21:46 -0500] "POST /sipse/faces/presentacion/financiero/solicitudProceso/consultarSolicitudProceso.xhtml HTTP/1.1" 200 193778
186.84.21.222 - - [10/Mar/2023:00:21:47 -0500] "GET /sipse/faces/javax.faces.resource/layout/layout.js?ln=primefaces&v=4.0 HTTP/1.1" 304 -
186.84.21.222 - - [10/Mar/2023:00:21:47 -0500] "GET /sipse/faces/javax.faces.resource/primefaces.js?ln=primefaces&v=4.0 HTTP/1.1" 304 -
186.84.21.222 - - [10/Mar/2023:00:21:47 -0500] "GET /sipse/faces/javax.faces.resource/images/ui-icons_898989_256x240.png?ln=primefaces-aristo HTTP/1.1" 304 -
186.84.21.222 - - [10/Mar/2023:00:21:50 -0500] "GET /sipse/faces/javax.faces.resource/images/ui-bg_flat_0_2d5972_40x100.png?ln=primefaces-aristo HTTP/1.1" 304 -
186.84.21.222 - - [10/Mar/2023:00:21:50 -0500] "POST /sipse/faces/presentacion/financiero/solicitudProceso/consultarSolicitudProceso.xhtml HTTP/1.1" 200 34911
186.84.21.222 - - [10/Mar/2023:00:21:52 -0500] "GET /sipse/faces/javax.faces.resource/jquery/jquery.js?ln=primefaces&v=4.0 HTTP/1.1" 304 -
186.84.21.222 - - [10/Mar/2023:00:21:52 -0500] "GET /sipse/faces/javax.faces.resource/jquery/jquery-plugins.js?ln=primefaces&v=4.0 HTTP/1.1" 304 -
186.84.21.222 - - [10/Mar/2023:00:21:53 -0500] "GET /sipse/faces/javax.faces.resource/primefaces.js?ln=primefaces&v=4.0 HTTP/1.1" 304 -
186.84.21.222 - - [10/Mar/2023:00:21:53 -0500] "GET /sipse/faces/javax.faces.resource/layout/layout.js?ln=primefaces&v=4.0 HTTP/1.1" 304 -
186.84.21.222 - - [10/Mar/2023:00:21:53 -0500] "GET /sipse/faces/javax.faces.resource/messages/messages.png?ln=primefaces&v=4.0 HTTP/1.1" 304 -
186.84.21.222 - - [10/Mar/2023:00:21:53 -0500] "POST /sipse/faces/presentacion/financiero/solicitudProceso/listarSolicitudProceso.xhtml HTTP/1.1" 200 1396
186.84.21.222 - - [10/Mar/2023:00:21:53 -0500] "POST /sipse/faces/presentacion/financiero/solicitudProceso/listarSolicitudProceso.xhtml HTTP/1.1" 200 1392
172.22.2.4 - - [10/Mar/2023:00:20:16 -0500] "GET /BLA/boletinlegal/ HTTP/1.1" 200 62202
186.84.21.222 - - [10/Mar/2023:00:22:27 -0500] "POST /sipse/faces/presentacion/financiero/solicitudProceso/listarSolicitudProceso.xhtml HTTP/1.1" 200 2109
186.84.21.222 - - [10/Mar/2023:00:22:29 -0500] "POST /sipse/faces/presentacion/financiero/solicitudProceso/listarSolicitudProceso.xhtml HTTP/1.1" 200 38370
186.84.21.222 - - [10/Mar/2023:00:22:29 -0500] "GET /sipse/faces/javax.faces.resource/jquery/jquery.js?ln=primefaces&v=4.0 HTTP/1.1" 304 -
186.84.21.222 - - [10/Mar/2023:00:22:29 -0500] "GET /sipse/faces/javax.faces.resource/jquery/jquery-plugins.js?ln=primefaces&v=4.0 HTTP/1.1" 304 -
186.84.21.222 - - [10/Mar/2023:00:22:29 -0500] "GET /sipse/faces/javax.faces.resource/primefaces.js?ln=primefaces&v=4.0 HTTP/1.1" 304 -
186.84.21.222 - - [10/Mar/2023:00:22:29 -0500] "GET /sipse/faces/javax.faces.resource/layout/layout.js?ln=primefaces&v=4.0 HTTP/1.1" 304 -
186.84.21.222 - - [10/Mar/2023:00:22:29 -0500] "POST /sipse/faces/presentacion/financiero/solicitudProceso/consultar.xhtml HTTP/1.1" 200 31741
186.84.21.222 - - [10/Mar/2023:00:22:32 -0500] "POST /sipse/faces/presentacion/financiero/solicitudProceso/consultar.xhtml HTTP/1.1" 200 34977
186.84.21.222 - - [10/Mar/2023:00:22:32 -0500] "GET /sipse/faces/javax.faces.resource/jquery/jquery.js?ln=primefaces&v=4.0 HTTP/1.1" 304 -
186.84.21.222 - - [10/Mar/2023:00:22:32 -0500] "GET /sipse/faces/javax.faces.resource/jquery/jquery-plugins.js?ln=primefaces&v=4.0 HTTP/1.1" 304 -
186.84.21.222 - - [10/Mar/2023:00:22:32 -0500] "GET /sipse/faces/javax.faces.resource/primefaces.js?ln=primefaces&v=4.0 HTTP/1.1" 304 -
186.84.21.222 - - [10/Mar/2023:00:22:32 -0500] "GET /sipse/faces/javax.faces.resource/layout/layout.js?ln=primefaces&v=4.0 HTTP/1.1" 304 -
186.84.21.222 - - [10/Mar/2023:00:22:32 -0500] "POST /sipse/faces/presentacion/financiero/solicitudProceso/listarSolicitudProceso.xhtml HTTP/1.1" 200 28322
186.84.21.222 - - [10/Mar/2023:00:22:32 -0500] "POST /sipse/faces/presentacion/financiero/solicitudProceso/listarSolicitudProceso.xhtml HTTP/1.1" 200 28322
186.84.21.222 - - [10/Mar/2023:00:22:32 -0500] "POST /sipse/faces/presentacion/financiero/solicitudProceso/listarSolicitudProceso.xhtml HTTP/1.1" 200 1396
186.84.21.222 - - [10/Mar/2023:00:22:33 -0500] "POST /sipse/faces/presentacion/financiero/solicitudProceso/listarSolicitudProceso.xhtml HTTP/1.1" 200 1392
186.84.21.222 - - [10/Mar/2023:00:22:33 -0500] "POST /sipse/faces/presentacion/financiero/solicitudProceso/listarSolicitudProceso.xhtml HTTP/1.1" 200 1400
186.84.21.222 - - [10/Mar/2023:00:22:39 -0500] "POST /sipse/faces/presentacion/financiero/solicitudProceso/listarSolicitudProceso.xhtml HTTP/1.1" 200 38370
186.84.21.222 - - [10/Mar/2023:00:22:39 -0500] "GET /sipse/faces/javax.faces.resource/jquery/jquery.js?ln=primefaces&v=4.0 HTTP/1.1" 304 -
186.84.21.222 - - [10/Mar/2023:00:22:39 -0500] "GET /sipse/faces/javax.faces.resource/jquery/jquery-plugins.js?ln=primefaces&v=4.0 HTTP/1.1" 304 -
186.84.21.222 - - [10/Mar/2023:00:22:39 -0500] "GET /sipse/faces/javax.faces.resource/primefaces.js?ln=primefaces&v=4.0 HTTP/1.1" 304 -
186.84.21.222 - - [10/Mar/2023:00:22:39 -0500] "GET /sipse/faces/javax.faces.resource/layout/layout.js?ln=primefaces&v=4.0 HTTP/1.1" 304 -
186.84.21.222 - - [10/Mar/2023:00:22:39 -0500] "POST /sipse/faces/presentacion/financiero/solicitudProceso/consultar.xhtml HTTP/1.1" 200 31741
186.84.21.222 - - [10/Mar/2023:00:22:39 -0500] "POST /sipse/faces/presentacion/financiero/solicitudProceso/consultar.xhtml HTTP/1.1" 200 31741
186.84.21.222 - - [10/Mar/2023:00:22:39 -0500] "POST /sipse/faces/presentacion/financiero/solicitudProceso/consultar.xhtml HTTP/1.1" 200 31741
186.84.21.222 - - [10/Mar/2023:00:22:45 -0500] "POST /sipse/faces/presentacion/financiero/solicitudProceso/consultar.xhtml HTTP/1.1" 200 12795
186.84.21.222 - - [10/Mar/2023:00:22:48 -0500] "POST /sipse/faces/presentacion/financiero/solicitudProceso/consultar.xhtml HTTP/1.1" 200 34977
186.84.21.222 - - [10/Mar/2023:00:22:48 -0500] "GET /sipse/faces/javax.faces.resource/jquery/jquery.js?ln=primefaces&v=4.0 HTTP/1.1" 304 -
186.84.21.222 - - [10/Mar/2023:00:22:49 -0500] "GET /sipse/faces/javax.faces.resource/jquery/jquery-plugins.js?ln=primefaces&v=4.0 HTTP/1.1" 304 -
186.84.21.222 - - [10/Mar/2023:00:22:49 -0500] "GET /sipse/faces/javax.faces.resource/primefaces.js?ln=primefaces&v=4.0 HTTP/1.1" 304 -
186.84.21.222 - - [10/Mar/2023:00:22:49 -0500] "GET /sipse/faces/javax.faces.resource/layout/layout.js?ln=primefaces&v=4.0 HTTP/1.1" 304 -
186.84.21.222 - - [10/Mar/2023:00:22:49 -0500] "POST /sipse/faces/presentacion/financiero/solicitudProceso/listarSolicitudProceso.xhtml HTTP/1.1" 200 28322
186.84.21.222 - - [10/Mar/2023:00:22:49 -0500] "POST /sipse/faces/presentacion/financiero/solicitudProceso/listarSolicitudProceso.xhtml HTTP/1.1" 200 28322
186.84.21.222 - - [10/Mar/2023:00:22:49 -0500] "POST /sipse/faces/presentacion/financiero/solicitudProceso/listarSolicitudProceso.xhtml HTTP/1.1" 200 28322
186.84.21.222 - - [10/Mar/2023:00:22:49 -0500] "POST /sipse/faces/presentacion/financiero/solicitudProceso/listarSolicitudProceso.xhtml HTTP/1.1" 200 28322
186.84.21.222 - - [10/Mar/2023:00:22:49 -0500] "POST /sipse/faces/presentacion/financiero/solicitudProceso/listarSolicitudProceso.xhtml HTTP/1.1" 200 1396
186.84.21.222 - - [10/Mar/2023:00:22:50 -0500] "POST /sipse/faces/presentacion/financiero/solicitudProceso/listarSolicitudProceso.xhtml HTTP/1.1" 200 1392
186.84.21.222 - - [10/Mar/2023:00:22:50 -0500] "POST /sipse/faces/presentacion/financiero/solicitudProceso/listarSolicitudProceso.xhtml HTTP/1.1" 200 1400
186.84.21.222 - - [10/Mar/2023:00:22:50 -0500] "POST /sipse/faces/presentacion/financiero/solicitudProceso/listarSolicitudProceso.xhtml HTTP/1.1" 200 1392
186.84.21.222 - - [10/Mar/2023:00:22:50 -0500] "POST /sipse/faces/presentacion/financiero/solicitudProceso/listarSolicitudProceso.xhtml HTTP/1.1" 200 1400
186.84.21.222 - - [10/Mar/2023:00:22:52 -0500] "POST /sipse/faces/presentacion/financiero/solicitudProceso/listarSolicitudProceso.xhtml HTTP/1.1" 200 32082
186.84.21.222 - - [10/Mar/2023:00:22:52 -0500] "POST /sipse/faces/presentacion/financiero/solicitudProceso/listarSolicitudProceso.xhtml HTTP/1.1" 200 44187
186.84.21.222 - - [10/Mar/2023:00:23:00 -0500] "POST /sipse/faces/presentacion/financiero/solicitudProceso/listarSolicitudProceso.xhtml HTTP/1.1" 200 32287
201.245.192.253 - - [10/Mar/2023:00:23:14 -0500] "POST /kwsrmcab/Wsrmcab  HTTP/1.1" 200 213
186.84.21.222 - - [10/Mar/2023:00:23:15 -0500] "POST /sipse/faces/presentacion/financiero/solicitudProceso/listarSolicitudProceso.xhtml HTTP/1.1" 200 147535
186.84.21.222 - - [10/Mar/2023:00:23:16 -0500] "GET /sipse/faces/javax.faces.resource/jquery/jquery.js?ln=primefaces&v=4.0 HTTP/1.1" 304 -
186.84.21.222 - - [10/Mar/2023:00:23:16 -0500] "GET /sipse/faces/javax.faces.resource/jquery/jquery-plugins.js?ln=primefaces&v=4.0 HTTP/1.1" 304 -
186.84.21.222 - - [10/Mar/2023:00:23:16 -0500] "GET /sipse/faces/javax.faces.resource/primefaces.js?ln=primefaces&v=4.0 HTTP/1.1" 304 -
186.84.21.222 - - [10/Mar/2023:00:23:16 -0500] "GET /sipse/faces/javax.faces.resource/layout/layout.js?ln=primefaces&v=4.0 HTTP/1.1" 304 -
172.22.2.4 - - [10/Mar/2023:00:23:17 -0500] "GET /BLA/boletinlegal/actos.php HTTP/1.1" 200 9672
186.84.21.222 - - [10/Mar/2023:00:23:27 -0500] "POST /sipse/faces/presentacion/financiero/solicitudProceso/consultarSolicitudProceso.xhtml HTTP/1.1" 200 265215
201.245.192.253 - - [10/Mar/2023:00:23:34 -0500] "POST /forms/lservlet;jsessionid=ac16012b30d67bff702716e842178b2cc4f6264076e8.e3iSbxaKaheRe38KbhmObhePahv0n6jAmljGr5XDqQLvpAe HTTP/1.1" 200 2
172.22.2.4 - - [10/Mar/2023:00:21:58 -0500] "GET /BLA/boletinlegal/ HTTP/1.1" 200 54414
172.22.2.4 - - [10/Mar/2023:00:23:39 -0500] "GET /BLA/boletinlegal/js/jquery.js HTTP/1.1" 200 57254
172.22.2.4 - - [10/Mar/2023:00:23:39 -0500] "GET /BLA/boletinlegal/js/jquery.scrollTo-min.js HTTP/1.1" 200 1150
172.22.2.4 - - [10/Mar/2023:00:23:39 -0500] "GET /BLA/boletinlegal/js/jquery.scrollShow.js HTTP/1.1" 200 4586
172.22.2.4 - - [10/Mar/2023:00:22:08 -0500] "HEAD /BLA/boletinlegal/ HTTP/1.1" 200 -
172.22.2.4 - - [10/Mar/2023:00:23:58 -0500] "GET /BLA/boletinlegal/actos.php HTTP/1.1" 200 9672
172.22.2.4 - - [10/Mar/2023:00:23:59 -0500] "GET /BLA/boletinlegal/actos.php HTTP/1.1" 200 9672
172.22.2.4 - - [10/Mar/2023:00:24:00 -0500] "GET /BLA/boletinlegal/actos.php HTTP/1.1" 200 9672
172.22.2.4 - - [10/Mar/2023:00:24:00 -0500] "GET /BLA/boletinlegal/js/ajax_actos.js HTTP/1.1" 200 1322
172.22.2.4 - - [10/Mar/2023:00:24:01 -0500] "GET /BLA/boletinlegal/niceforms.js HTTP/1.1" 200 22876
172.22.2.4 - - [10/Mar/2023:00:24:01 -0500] "GET /BLA/boletinlegal/js/lib.js HTTP/1.1" 200 6474
172.22.2.4 - - [10/Mar/2023:00:24:01 -0500] "GET /BLA/boletinlegal/js/popup.js HTTP/1.1" 200 1270
172.22.2.4 - - [10/Mar/2023:00:24:01 -0500] "GET /BLA/boletinlegal/js/jquery1.js HTTP/1.1" 200 29846
172.22.2.4 - - [10/Mar/2023:00:24:05 -0500] "GET /BLA/boletinlegal/sugerencias.php HTTP/1.1" 200 8615
172.22.2.4 - - [10/Mar/2023:00:24:05 -0500] "GET /BLA/boletinlegal/jurisprudencia.php HTTP/1.1" 200 17573
172.22.2.4 - - [10/Mar/2023:00:24:05 -0500] "GET /BLA/boletinlegal/conceptos.php HTTP/1.1" 200 7486
172.22.2.4 - - [10/Mar/2023:00:24:05 -0500] "GET /BLA/boletinlegal/doctrina.php HTTP/1.1" 200 5604
172.22.2.4 - - [10/Mar/2023:00:24:05 -0500] "GET /BLA/boletinlegal/normativa.php HTTP/1.1" 200 8333
216.245.221.92 - - [10/Mar/2023:00:24:19 -0500] "HEAD / HTTP/1.1" 200 -
186.84.21.222 - - [10/Mar/2023:00:24:34 -0500] "POST /sipse/faces/presentacion/financiero/solicitudProceso/consultarSolicitudProceso.xhtml HTTP/1.1" 200 265215
172.22.2.4 - - [10/Mar/2023:00:22:58 -0500] "GET /BLA/boletinlegal/ HTTP/1.1" 200 48250
186.84.21.222 - - [10/Mar/2023:00:24:50 -0500] "POST /sipse/faces/presentacion/financiero/solicitudProceso/consultarSolicitudProceso.xhtml HTTP/1.1" 200 154800
185.180.143.138 - - [10/Mar/2023:00:24:52 -0500] "GET / HTTP/1.1" 200 319
186.84.21.222 - - [10/Mar/2023:00:24:55 -0500] "POST /sipse/faces/presentacion/financiero/solicitudProceso/consultarSolicitudProceso.xhtml HTTP/1.1" 200 138832
186.84.21.222 - - [10/Mar/2023:00:25:02 -0500] "POST /sipse/faces/presentacion/financiero/solicitudProceso/consultarSolicitudProceso.xhtml HTTP/1.1" 200 5577
186.84.21.222 - - [10/Mar/2023:00:25:03 -0500] "GET /sipse/faces/javax.faces.resource/dynamiccontent.properties?ln=primefaces&pfdrid=XjOR5%2F%2FfPAZAuY9TpWQeCiM0BhlXxYRBGKi%2FQcXXfeA%3D&pfdrid_c=false HTTP/1.1" 200 165402
172.22.2.4 - - [10/Mar/2023:00:23:39 -0500] "GET /BLA/boletinlegal/ HTTP/1.1" 200 45003
186.84.21.222 - - [10/Mar/2023:00:25:17 -0500] "POST /sipse/faces/presentacion/financiero/solicitudProceso/consultarSolicitudProceso.xhtml HTTP/1.1" 200 5562
66.249.65.109 - - [10/Mar/2023:00:25:30 -0500] "-" 408 -
201.245.192.253 - - [10/Mar/2023:00:25:34 -0500] "POST /forms/lservlet;jsessionid=ac16012b30d67bff702716e842178b2cc4f6264076e8.e3iSbxaKaheRe38KbhmObhePahv0n6jAmljGr5XDqQLvpAe HTTP/1.1" 200 2
172.22.2.4 - - [10/Mar/2023:00:24:05 -0500] "GET /BLA/boletinlegal/index.php HTTP/1.1" 200 54414
186.84.21.222 - - [10/Mar/2023:00:26:00 -0500] "POST /sipse/faces/presentacion/financiero/solicitudProceso/consultarSolicitudProceso.xhtml HTTP/1.1" 200 139894
186.84.21.222 - - [10/Mar/2023:00:26:01 -0500] "POST /sipse/faces/presentacion/financiero/solicitudProceso/consultarSolicitudProceso.xhtml HTTP/1.1" 200 139890
186.84.21.222 - - [10/Mar/2023:00:26:02 -0500] "POST /sipse/faces/presentacion/financiero/solicitudProceso/consultarSolicitudProceso.xhtml HTTP/1.1" 200 139890
186.84.21.222 - - [10/Mar/2023:00:26:03 -0500] "POST /sipse/faces/presentacion/financiero/solicitudProceso/consultarSolicitudProceso.xhtml HTTP/1.1" 200 139890
186.84.21.222 - - [10/Mar/2023:00:26:04 -0500] "POST /sipse/faces/presentacion/financiero/solicitudProceso/consultarSolicitudProceso.xhtml HTTP/1.1" 200 139890
186.84.21.222 - - [10/Mar/2023:00:26:05 -0500] "POST /sipse/faces/presentacion/financiero/solicitudProceso/consultarSolicitudProceso.xhtml HTTP/1.1" 200 139890
186.84.21.222 - - [10/Mar/2023:00:26:06 -0500] "POST /sipse/faces/presentacion/financiero/solicitudProceso/consultarSolicitudProceso.xhtml HTTP/1.1" 200 139894
186.84.21.222 - - [10/Mar/2023:00:26:09 -0500] "POST /sipse/faces/presentacion/financiero/solicitudProceso/consultarSolicitudProceso.xhtml HTTP/1.1" 200 9577
186.84.21.222 - - [10/Mar/2023:00:26:11 -0500] "POST /sipse/faces/presentacion/financiero/solicitudProceso/consultarSolicitudProceso.xhtml HTTP/1.1" 200 33090
186.84.21.222 - - [10/Mar/2023:00:26:11 -0500] "GET /sipse/faces/javax.faces.resource/jquery/jquery.js?ln=primefaces&v=4.0 HTTP/1.1" 304 -
186.84.21.222 - - [10/Mar/2023:00:26:12 -0500] "GET /sipse/faces/javax.faces.resource/jquery/jquery-plugins.js?ln=primefaces&v=4.0 HTTP/1.1" 304 -
186.84.21.222 - - [10/Mar/2023:00:26:12 -0500] "GET /sipse/faces/javax.faces.resource/primefaces.js?ln=primefaces&v=4.0 HTTP/1.1" 304 -
186.84.21.222 - - [10/Mar/2023:00:26:12 -0500] "GET /sipse/faces/javax.faces.resource/layout/layout.js?ln=primefaces&v=4.0 HTTP/1.1" 304 -
186.84.21.222 - - [10/Mar/2023:00:26:12 -0500] "POST /sipse/faces/presentacion/sistema/reporte/listarReportes.xhtml HTTP/1.1" 200 26475
186.84.21.222 - - [10/Mar/2023:00:26:12 -0500] "POST /sipse/faces/presentacion/sistema/reporte/listarReportes.xhtml HTTP/1.1" 200 26475
186.84.21.222 - - [10/Mar/2023:00:26:12 -0500] "POST /sipse/faces/presentacion/sistema/reporte/listarReportes.xhtml HTTP/1.1" 200 26475
186.84.21.222 - - [10/Mar/2023:00:26:12 -0500] "POST /sipse/faces/presentacion/sistema/reporte/listarReportes.xhtml HTTP/1.1" 200 26475
186.84.21.222 - - [10/Mar/2023:00:26:12 -0500] "POST /sipse/faces/presentacion/sistema/reporte/listarReportes.xhtml HTTP/1.1" 200 26475
186.84.21.222 - - [10/Mar/2023:00:26:12 -0500] "POST /sipse/faces/presentacion/sistema/reporte/listarReportes.xhtml HTTP/1.1" 200 26475
186.84.21.222 - - [10/Mar/2023:00:26:14 -0500] "POST /sipse/faces/presentacion/sistema/reporte/listarReportes.xhtml HTTP/1.1" 200 21718
186.84.21.222 - - [10/Mar/2023:00:26:14 -0500] "GET /sipse/faces/javax.faces.resource/theme.css?ln=primefaces-sipse HTTP/1.1" 304 -
186.84.21.222 - - [10/Mar/2023:00:26:14 -0500] "GET /sipse/faces/javax.faces.resource/primefaces.css?ln=primefaces&v=4.0 HTTP/1.1" 304 -
186.84.21.222 - - [10/Mar/2023:00:26:14 -0500] "GET /sipse/faces/javax.faces.resource/jquery/jquery-plugins.js?ln=primefaces&v=4.0 HTTP/1.1" 304 -
186.84.21.222 - - [10/Mar/2023:00:26:14 -0500] "GET /sipse/faces/javax.faces.resource/primefaces.js?ln=primefaces&v=4.0 HTTP/1.1" 304 -
186.84.21.222 - - [10/Mar/2023:00:26:14 -0500] "GET /sipse/faces/javax.faces.resource/layout/layout.css?ln=primefaces&v=4.0 HTTP/1.1" 304 -
186.84.21.222 - - [10/Mar/2023:00:26:14 -0500] "GET /sipse/faces/javax.faces.resource/jquery/jquery.js?ln=primefaces&v=4.0 HTTP/1.1" 304 -
186.84.21.222 - - [10/Mar/2023:00:26:14 -0500] "GET /sipse/faces/javax.faces.resource/layout/layout.js?ln=primefaces&v=4.0 HTTP/1.1" 304 -
186.84.21.222 - - [10/Mar/2023:00:26:14 -0500] "GET /sipse/faces/javax.faces.resource/images/ui-icons_898989_256x240.png?ln=primefaces-aristo HTTP/1.1" 304 -
64.124.8.35 - - [10/Mar/2023:00:26:23 -0500] "-" 408 -
172.22.2.4 - - [10/Mar/2023:00:25:34 -0500] "GET /BLA/boletinlegal/index.php HTTP/1.1" 200 49099
201.245.192.253 - - [10/Mar/2023:00:27:34 -0500] "POST /forms/lservlet;jsessionid=ac16012b30d67bff702716e842178b2cc4f6264076e8.e3iSbxaKaheRe38KbhmObhePahv0n6jAmljGr5XDqQLvpAe HTTP/1.1" 200 2
185.119.81.107 - - [10/Mar/2023:00:27:39 -0500] "GET /portaldeninos/wp-login.php HTTP/1.1" 200 2592
185.119.81.107 - - [10/Mar/2023:00:27:40 -0500] "POST /portaldeninos/wp-login.php HTTP/1.1" 200 3650
157.55.39.223 - - [10/Mar/2023:00:28:03 -0500] "-" 408 -
172.22.2.4 - - [10/Mar/2023:00:26:23 -0500] "GET /BLA/boletinlegal/index.php HTTP/1.1" 200 59646
66.249.66.64 - - [10/Mar/2023:00:28:07 -0500] "-" 408 -
172.22.2.4 - - [10/Mar/2023:00:28:10 -0500] "GET /BLA/boletinlegal/jurisprudencia/analisis/null HTTP/1.1" 404 1164
172.22.2.4 - - [10/Mar/2023:00:28:10 -0500] "GET /BLA/boletinlegal/documentos-importantes.php HTTP/1.1" 200 4829
201.245.192.253 - - [10/Mar/2023:00:28:10 -0500] "POST /kwsrmcab/Wsrmcab  HTTP/1.1" 200 213
185.119.81.107 - - [10/Mar/2023:00:28:29 -0500] "GET /portaldeninos/wp-login.php HTTP/1.1" 200 2592
185.119.81.107 - - [10/Mar/2023:00:28:29 -0500] "POST /portaldeninos/wp-login.php HTTP/1.1" 200 3605
216.245.221.92 - - [10/Mar/2023:00:29:19 -0500] "HEAD / HTTP/1.1" 200 -
186.84.21.222 - - [10/Mar/2023:00:29:24 -0500] "GET /sipse/faces/javax.faces.resource/images/ui-bg_flat_0_2d5972_40x100.png?ln=primefaces-aristo HTTP/1.1" 304 -
186.84.21.222 - - [10/Mar/2023:00:29:24 -0500] "POST /sipse/faces/presentacion/sistema/reporte/ventanaVerReporteParametros.xhtml HTTP/1.1" 200 33090
186.84.21.222 - - [10/Mar/2023:00:29:24 -0500] "GET /sipse/faces/javax.faces.resource/jquery/jquery.js?ln=primefaces&v=4.0 HTTP/1.1" 304 -
186.84.21.222 - - [10/Mar/2023:00:29:24 -0500] "GET /sipse/faces/javax.faces.resource/jquery/jquery-plugins.js?ln=primefaces&v=4.0 HTTP/1.1" 304 -
186.84.21.222 - - [10/Mar/2023:00:29:24 -0500] "GET /sipse/faces/javax.faces.resource/primefaces.js?ln=primefaces&v=4.0 HTTP/1.1" 304 -
186.84.21.222 - - [10/Mar/2023:00:29:24 -0500] "GET /sipse/faces/javax.faces.resource/layout/layout.js?ln=primefaces&v=4.0 HTTP/1.1" 304 -
34.90.51.83 - - [10/Mar/2023:00:29:25 -0500] "GET /inventario-de-emisiones-2020-transporte-publico-sitp-redujo-emisiones-de-pm-2-5-en-un-37.html HTTP/1.1" 200 925
186.84.21.222 - - [10/Mar/2023:00:29:26 -0500] "POST /sipse/faces/presentacion/sistema/reporte/listarReportes.xhtml HTTP/1.1" 200 21718
186.84.21.222 - - [10/Mar/2023:00:29:26 -0500] "GET /sipse/faces/javax.faces.resource/theme.css?ln=primefaces-sipse HTTP/1.1" 304 -
186.84.21.222 - - [10/Mar/2023:00:29:26 -0500] "GET /sipse/faces/javax.faces.resource/jquery/jquery.js?ln=primefaces&v=4.0 HTTP/1.1" 304 -
186.84.21.222 - - [10/Mar/2023:00:29:26 -0500] "GET /sipse/faces/javax.faces.resource/primefaces.js?ln=primefaces&v=4.0 HTTP/1.1" 304 -
186.84.21.222 - - [10/Mar/2023:00:29:26 -0500] "GET /sipse/faces/javax.faces.resource/primefaces.css?ln=primefaces&v=4.0 HTTP/1.1" 304 -
186.84.21.222 - - [10/Mar/2023:00:29:26 -0500] "GET /sipse/faces/javax.faces.resource/jquery/jquery-plugins.js?ln=primefaces&v=4.0 HTTP/1.1" 304 -
186.84.21.222 - - [10/Mar/2023:00:29:26 -0500] "GET /sipse/faces/javax.faces.resource/layout/layout.js?ln=primefaces&v=4.0 HTTP/1.1" 304 -
186.84.21.222 - - [10/Mar/2023:00:29:26 -0500] "GET /sipse/faces/javax.faces.resource/layout/layout.css?ln=primefaces&v=4.0 HTTP/1.1" 304 -
186.84.21.222 - - [10/Mar/2023:00:29:26 -0500] "GET /sipse/faces/javax.faces.resource/images/ui-icons_898989_256x240.png?ln=primefaces-aristo HTTP/1.1" 304 -
201.245.192.253 - - [10/Mar/2023:00:29:34 -0500] "POST /forms/lservlet;jsessionid=ac16012b30d67bff702716e842178b2cc4f6264076e8.e3iSbxaKaheRe38KbhmObhePahv0n6jAmljGr5XDqQLvpAe HTTP/1.1" 200 2
172.22.2.4 - - [10/Mar/2023:00:27:58 -0500] "HEAD /BLA/boletinlegal/ HTTP/1.1" 200 -
186.84.21.222 - - [10/Mar/2023:00:29:47 -0500] "GET /sipse/faces/javax.faces.resource/images/ui-bg_flat_0_2d5972_40x100.png?ln=primefaces-aristo HTTP/1.1" 304 -
186.84.21.222 - - [10/Mar/2023:00:29:47 -0500] "POST /sipse/faces/presentacion/sistema/reporte/ventanaVerReporteParametros.xhtml HTTP/1.1" 200 1471
186.84.21.222 - - [10/Mar/2023:00:29:49 -0500] "POST /sipse/faces/presentacion/sistema/reporte/ventanaVerReporteParametros.xhtml HTTP/1.1" 200 67015
186.84.21.222 - - [10/Mar/2023:00:29:50 -0500] "GET /sipse/faces/javax.faces.resource/jquery/jquery.js?ln=primefaces&v=4.0 HTTP/1.1" 304 -
186.84.21.222 - - [10/Mar/2023:00:29:50 -0500] "GET /sipse/faces/javax.faces.resource/jquery/jquery-plugins.js?ln=primefaces&v=4.0 HTTP/1.1" 304 -
186.84.21.222 - - [10/Mar/2023:00:29:50 -0500] "GET /sipse/faces/javax.faces.resource/primefaces.js?ln=primefaces&v=4.0 HTTP/1.1" 304 -
186.84.21.222 - - [10/Mar/2023:00:29:50 -0500] "GET /sipse/faces/javax.faces.resource/layout/layout.js?ln=primefaces&v=4.0 HTTP/1.1" 304 -
186.84.21.222 - - [10/Mar/2023:00:29:50 -0500] "POST /sipse/faces/presentacion/financiero/solicitudProceso/listarSolicitudProceso.xhtml HTTP/1.1" 200 1560
201.245.192.253 - - [10/Mar/2023:00:30:24 -0500] "POST /kwsrmcab/Wsrmcab HTTP/1.1" 200 42197
172.22.2.4 - - [10/Mar/2023:00:28:48 -0500] "GET /BLA/boletinlegal/ HTTP/1.1" 200 59296
201.245.192.253 - - [10/Mar/2023:00:30:27 -0500] "POST /kwsrmcab/Wsrmcab HTTP/1.1" 200 43006
172.22.2.4 - - [10/Mar/2023:00:30:41 -0500] "GET /BLA/boletinlegal/remote/fgt_lang?lang=/../../../..//////////dev/ HTTP/1.1" 404 1018
66.249.65.109 - - [10/Mar/2023:00:31:09 -0500] "-" 408 -
64.124.8.51 - - [10/Mar/2023:00:31:24 -0500] "-" 408 -
40.77.167.188 - - [10/Mar/2023:00:31:26 -0500] "GET /appsia/controlador HTTP/1.1" 200 4799
201.245.192.253 - - [10/Mar/2023:00:31:34 -0500] "POST /forms/lservlet;jsessionid=ac16012b30d67bff702716e842178b2cc4f6264076e8.e3iSbxaKaheRe38KbhmObhePahv0n6jAmljGr5XDqQLvpAe HTTP/1.1" 200 2
52.167.144.71 - - [10/Mar/2023:00:31:48 -0500] "GET /appsia/scripts/validarIngreso.js HTTP/1.1" 200 851
172.22.2.4 - - [10/Mar/2023:00:32:09 -0500] "GET /BLA/boletinlegal/actos.php HTTP/1.1" 200 9672
201.245.192.253 - - [10/Mar/2023:00:33:08 -0500] "POST /kwsrmcab/Wsrmcab  HTTP/1.1" 200 213
201.245.192.253 - - [10/Mar/2023:00:33:34 -0500] "POST /forms/lservlet;jsessionid=ac16012b30d67bff702716e842178b2cc4f6264076e8.e3iSbxaKaheRe38KbhmObhePahv0n6jAmljGr5XDqQLvpAe HTTP/1.1" 200 2
201.221.172.229 - - [10/Mar/2023:00:34:00 -0500] "GET /galeria/galeria/jquery.fancybox.css?v=2.1.5 HTTP/1.1" 200 4895
201.221.172.229 - - [10/Mar/2023:00:34:00 -0500] "GET /BLA/boletinlegal/js/jquery.scrollShow.js HTTP/1.1" 200 4586
201.221.172.229 - - [10/Mar/2023:00:34:00 -0500] "GET /galeria/galeria/jquery.fancybox.js?v=2.1.5 HTTP/1.1" 200 48706
216.245.221.92 - - [10/Mar/2023:00:34:18 -0500] "HEAD / HTTP/1.1" 200 -
172.22.2.4 - - [10/Mar/2023:00:33:48 -0500] "HEAD /BLA/boletinlegal/ HTTP/1.1" 200 -
201.245.192.253 - - [10/Mar/2023:00:35:34 -0500] "POST /forms/lservlet;jsessionid=ac16012b30d67bff702716e842178b2cc4f6264076e8.e3iSbxaKaheRe38KbhmObhePahv0n6jAmljGr5XDqQLvpAe HTTP/1.1" 200 2
191.109.188.182 - - [10/Mar/2023:00:36:10 -0500] "GET /mujeres-que-reverdecen-secretaria-de-ambiente-anuncia-el-inicio-de-la-tercera-fase.html HTTP/1.1" 200 954
172.22.2.4 - - [10/Mar/2023:00:34:38 -0500] "GET /BLA/boletinlegal/ HTTP/1.1" 200 55924
173.252.107.6 - - [10/Mar/2023:00:36:24 -0500] "GET /animales-recuperados-en-san-cristobal-y-ciudad-bolivar-son-atendidos-en-el-centro-de-flora-de-la-secretaria-de-ambiente.html HTTP/1.1" 206 1056
66.249.65.109 - - [10/Mar/2023:00:36:54 -0500] "-" 408 -
201.245.192.253 - - [10/Mar/2023:00:37:34 -0500] "POST /forms/lservlet;jsessionid=ac16012b30d67bff702716e842178b2cc4f6264076e8.e3iSbxaKaheRe38KbhmObhePahv0n6jAmljGr5XDqQLvpAe HTTP/1.1" 200 2
201.245.192.253 - - [10/Mar/2023:00:38:06 -0500] "POST /kwsrmcab/Wsrmcab  HTTP/1.1" 200 213
52.167.144.168 - - [10/Mar/2023:00:39:08 -0500] "GET /appsia/css/estilos.css HTTP/1.1" 200 4804
216.245.221.92 - - [10/Mar/2023:00:39:19 -0500] "HEAD / HTTP/1.1" 200 -
40.77.167.188 - - [10/Mar/2023:00:39:26 -0500] "GET /sipse/faces/faces/autenticacion.xhtml HTTP/1.1" 200 12490
201.245.192.253 - - [10/Mar/2023:00:39:34 -0500] "POST /forms/lservlet;jsessionid=ac16012b30d67bff702716e842178b2cc4f6264076e8.e3iSbxaKaheRe38KbhmObhePahv0n6jAmljGr5XDqQLvpAe HTTP/1.1" 200 2
31.13.103.2 - - [10/Mar/2023:00:40:09 -0500] "GET /images/24%20de%20febrero%20Sendero%20guadalupe%202.jpeg HTTP/1.1" 200 70964
173.252.87.116 - - [10/Mar/2023:00:40:13 -0500] "GET /camino-guadalupe-aguanoso-abierto-de-nuevo-al-publico.html?fbclid=IwAR13Q2PMIm6wvGL7vDCtdJ7JmtO9v1PWgFJi6nJRteLUUUjfUo6VJfteLKk HTTP/1.1" 200 879
201.245.192.253 - - [10/Mar/2023:00:40:24 -0500] "POST /kwsrmcab/Wsrmcab HTTP/1.1" 200 42197
201.245.192.253 - - [10/Mar/2023:00:40:26 -0500] "GET /kwsrmcab/Wsrmcab?wsdl HTTP/1.1" 200 6948
201.245.192.253 - - [10/Mar/2023:00:40:26 -0500] "POST /kwsrmcab/Wsrmcab HTTP/1.1" 200 43006
64.124.8.53 - - [10/Mar/2023:00:40:48 -0500] "-" 408 -
172.22.2.4 - - [10/Mar/2023:00:39:38 -0500] "HEAD /BLA/boletinlegal/ HTTP/1.1" 200 -
201.245.192.253 - - [10/Mar/2023:00:41:34 -0500] "POST /forms/lservlet;jsessionid=ac16012b30d67bff702716e842178b2cc4f6264076e8.e3iSbxaKaheRe38KbhmObhePahv0n6jAmljGr5XDqQLvpAe HTTP/1.1" 200 2
172.22.2.4 - - [10/Mar/2023:00:40:28 -0500] "GET /BLA/boletinlegal/ HTTP/1.1" 200 53551
66.249.66.10 - - [10/Mar/2023:00:42:11 -0500] "-" 408 -
173.252.83.7 - - [10/Mar/2023:00:42:44 -0500] "GET /images/17%20de%20febrero%20mujeres%20que%20reverdecen.jpeg HTTP/1.1" 200 85735
201.245.192.253 - - [10/Mar/2023:00:43:05 -0500] "POST /kwsrmcab/Wsrmcab  HTTP/1.1" 200 213
201.245.192.253 - - [10/Mar/2023:00:43:34 -0500] "POST /forms/lservlet;jsessionid=ac16012b30d67bff702716e842178b2cc4f6264076e8.e3iSbxaKaheRe38KbhmObhePahv0n6jAmljGr5XDqQLvpAe HTTP/1.1" 200 2
