205.169.39.95 - - [10/Mar/2023:03:51:51 -0500] "GET /portaldeninos/wp-includes/js/wp-emoji-release.min.js?ver=4.9.8 HTTP/1.1" 200 12026
205.169.39.217 - - [10/Mar/2023:03:51:51 -0500] "GET /portaldeninos/wp-content/plugins/google-analytics-for-wordpress/assets/js/frontend-gtag.min.js?ver=8.5.0 HTTP/1.1" 200 11801
205.169.39.95 - - [10/Mar/2023:03:51:51 -0500] "GET /portaldeninos/wp-content/plugins/google-analytics-for-wordpress/assets/js/frontend-gtag.min.js?ver=8.5.0 HTTP/1.1" 200 11801
205.169.39.217 - - [10/Mar/2023:03:51:52 -0500] "GET /portaldeninos/wp-includes/js/jquery/jquery.js?ver=1.12.4 HTTP/1.1" 200 97184
205.169.39.217 - - [10/Mar/2023:03:51:52 -0500] "GET /portaldeninos/wp-includes/js/jquery/jquery-migrate.min.js?ver=1.4.1 HTTP/1.1" 200 10056
205.169.39.217 - - [10/Mar/2023:03:51:52 -0500] "GET /portaldeninos/wp-includes/js/jquery/ui/core.min.js?ver=1.11.4 HTTP/1.1" 200 4000
205.169.39.217 - - [10/Mar/2023:03:51:53 -0500] "GET /portaldeninos/wp-content/plugins/gallery-videos/JS/modernizr.custom.js?ver=4.9.8 HTTP/1.1" 200 9019
205.169.39.95 - - [10/Mar/2023:03:51:52 -0500] "GET /portaldeninos/wp-includes/js/jquery/jquery.js?ver=1.12.4 HTTP/1.1" 200 97184
205.169.39.217 - - [10/Mar/2023:03:51:53 -0500] "GET /portaldeninos/wp-content/plugins/gallery-videos/JS/Total-Soft-Gallery-Video-Widget.js?ver=4.9.8 HTTP/1.1" 200 80264
205.169.39.95 - - [10/Mar/2023:03:51:53 -0500] "GET /portaldeninos/wp-includes/js/jquery/jquery-migrate.min.js?ver=1.4.1 HTTP/1.1" 200 10056
205.169.39.95 - - [10/Mar/2023:03:51:53 -0500] "GET /portaldeninos/wp-includes/js/jquery/ui/core.min.js?ver=1.11.4 HTTP/1.1" 200 4000
205.169.39.95 - - [10/Mar/2023:03:51:53 -0500] "GET /portaldeninos/wp-content/plugins/gallery-videos/JS/modernizr.custom.js?ver=4.9.8 HTTP/1.1" 200 9019
205.169.39.217 - - [10/Mar/2023:03:51:53 -0500] "GET /portaldeninos/wp-includes/js/jquery/ui/widget.min.js?ver=1.11.4 HTTP/1.1" 200 6908
205.169.39.217 - - [10/Mar/2023:03:51:53 -0500] "GET /portaldeninos/wp-includes/js/jquery/ui/mouse.min.js?ver=1.11.4 HTTP/1.1" 200 3148
205.169.39.95 - - [10/Mar/2023:03:51:53 -0500] "GET /portaldeninos/wp-content/plugins/gallery-videos/JS/Total-Soft-Gallery-Video-Widget.js?ver=4.9.8 HTTP/1.1" 200 80264
205.169.39.217 - - [10/Mar/2023:03:51:53 -0500] "GET /portaldeninos/wp-includes/js/jquery/ui/sortable.min.js?ver=1.11.4 HTTP/1.1" 200 24899
205.169.39.95 - - [10/Mar/2023:03:51:54 -0500] "GET /portaldeninos/wp-includes/js/jquery/ui/widget.min.js?ver=1.11.4 HTTP/1.1" 200 6908
205.169.39.217 - - [10/Mar/2023:03:51:54 -0500] "GET /portaldeninos/wp-includes/js/jquery/ui/tabs.min.js?ver=1.11.4 HTTP/1.1" 200 12110
205.169.39.95 - - [10/Mar/2023:03:51:54 -0500] "GET /portaldeninos/wp-includes/js/jquery/ui/mouse.min.js?ver=1.11.4 HTTP/1.1" 200 3148
205.169.39.217 - - [10/Mar/2023:03:51:54 -0500] "GET /portaldeninos/wp-includes/js/jquery/ui/accordion.min.js?ver=1.11.4 HTTP/1.1" 200 8584
205.169.39.95 - - [10/Mar/2023:03:51:54 -0500] "GET /portaldeninos/wp-includes/js/jquery/ui/sortable.min.js?ver=1.11.4 HTTP/1.1" 200 24899
205.169.39.95 - - [10/Mar/2023:03:51:54 -0500] "GET /portaldeninos/wp-includes/js/jquery/ui/tabs.min.js?ver=1.11.4 HTTP/1.1" 200 12110
205.169.39.95 - - [10/Mar/2023:03:51:54 -0500] "GET /portaldeninos/wp-includes/js/jquery/ui/accordion.min.js?ver=1.11.4 HTTP/1.1" 200 8584
205.169.39.217 - - [10/Mar/2023:03:51:54 -0500] "GET /portaldeninos/wp-content/themes/betheme/js/plugins.js?ver=20.9.6 HTTP/1.1" 200 197151
205.169.39.217 - - [10/Mar/2023:03:51:55 -0500] "GET /portaldeninos/wp-content/themes/betheme/js/menu.js?ver=20.9.6 HTTP/1.1" 200 2449
205.169.39.217 - - [10/Mar/2023:03:51:55 -0500] "GET /portaldeninos/wp-content/themes/betheme/assets/animations/animations.min.js?ver=20.9.6 HTTP/1.1" 200 1896
205.169.39.217 - - [10/Mar/2023:03:51:55 -0500] "GET /portaldeninos/wp-content/themes/betheme/assets/jplayer/jplayer.min.js?ver=20.9.6 HTTP/1.1" 200 52702
205.169.39.95 - - [10/Mar/2023:03:51:55 -0500] "GET /portaldeninos/wp-content/themes/betheme/js/plugins.js?ver=20.9.6 HTTP/1.1" 200 197151
205.169.39.217 - - [10/Mar/2023:03:51:55 -0500] "GET /portaldeninos/wp-content/themes/betheme/js/scripts.js?ver=20.9.6 HTTP/1.1" 200 77162
205.169.39.217 - - [10/Mar/2023:03:51:56 -0500] "GET /portaldeninos/wp-includes/js/wp-embed.min.js?ver=4.9.8 HTTP/1.1" 200 1398
205.169.39.95 - - [10/Mar/2023:03:51:56 -0500] "GET /portaldeninos/wp-content/themes/betheme/js/menu.js?ver=20.9.6 HTTP/1.1" 200 2449
205.169.39.95 - - [10/Mar/2023:03:51:56 -0500] "GET /portaldeninos/wp-content/themes/betheme/assets/animations/animations.min.js?ver=20.9.6 HTTP/1.1" 200 1896
205.169.39.95 - - [10/Mar/2023:03:51:56 -0500] "GET /portaldeninos/wp-content/themes/betheme/assets/jplayer/jplayer.min.js?ver=20.9.6 HTTP/1.1" 200 52702
205.169.39.95 - - [10/Mar/2023:03:51:56 -0500] "GET /portaldeninos/wp-content/themes/betheme/js/scripts.js?ver=20.9.6 HTTP/1.1" 200 77162
205.169.39.95 - - [10/Mar/2023:03:51:57 -0500] "GET /portaldeninos/wp-includes/js/wp-embed.min.js?ver=4.9.8 HTTP/1.1" 200 1398
201.245.192.253 - - [10/Mar/2023:03:52:33 -0500] "POST /kwsrmcab/Wsrmcab  HTTP/1.1" 200 213
216.245.221.92 - - [10/Mar/2023:03:53:10 -0500] "HEAD / HTTP/1.1" 200 -
201.245.192.253 - - [10/Mar/2023:03:53:36 -0500] "POST /forms/lservlet;jsessionid=ac16012b30d67bff702716e842178b2cc4f6264076e8.e3iSbxaKaheRe38KbhmObhePahv0n6jAmljGr5XDqQLvpAe HTTP/1.1" 200 2
66.249.65.109 - - [10/Mar/2023:03:53:53 -0500] "-" 408 -
172.22.2.4 - - [10/Mar/2023:03:53:17 -0500] "HEAD /BLA/boletinlegal/ HTTP/1.1" 200 -
201.245.192.253 - - [10/Mar/2023:03:55:36 -0500] "POST /forms/lservlet;jsessionid=ac16012b30d67bff702716e842178b2cc4f6264076e8.e3iSbxaKaheRe38KbhmObhePahv0n6jAmljGr5XDqQLvpAe HTTP/1.1" 200 2
172.22.2.4 - - [10/Mar/2023:03:54:08 -0500] "GET /BLA/boletinlegal/ HTTP/1.1" 200 56744
185.180.143.11 - - [10/Mar/2023:03:57:21 -0500] "GET / HTTP/1.1" 200 319
201.245.192.253 - - [10/Mar/2023:03:57:32 -0500] "POST /kwsrmcab/Wsrmcab  HTTP/1.1" 200 213
201.245.192.253 - - [10/Mar/2023:03:57:36 -0500] "POST /forms/lservlet;jsessionid=ac16012b30d67bff702716e842178b2cc4f6264076e8.e3iSbxaKaheRe38KbhmObhePahv0n6jAmljGr5XDqQLvpAe HTTP/1.1" 200 2
216.245.221.92 - - [10/Mar/2023:03:58:10 -0500] "HEAD / HTTP/1.1" 200 -
201.245.192.253 - - [10/Mar/2023:03:59:36 -0500] "POST /forms/lservlet;jsessionid=ac16012b30d67bff702716e842178b2cc4f6264076e8.e3iSbxaKaheRe38KbhmObhePahv0n6jAmljGr5XDqQLvpAe HTTP/1.1" 200 2
185.119.81.106 - - [10/Mar/2023:04:00:41 -0500] "GET /portaldeninos/wp-login.php HTTP/1.1" 200 2592
185.119.81.106 - - [10/Mar/2023:04:00:41 -0500] "POST /portaldeninos/wp-login.php HTTP/1.1" 200 3605
172.22.2.4 - - [10/Mar/2023:03:59:07 -0500] "HEAD /BLA/boletinlegal/ HTTP/1.1" 200 -
66.249.65.109 - - [10/Mar/2023:04:01:25 -0500] "-" 408 -
201.245.192.253 - - [10/Mar/2023:04:01:36 -0500] "POST /forms/lservlet;jsessionid=ac16012b30d67bff702716e842178b2cc4f6264076e8.e3iSbxaKaheRe38KbhmObhePahv0n6jAmljGr5XDqQLvpAe HTTP/1.1" 200 2
172.22.2.4 - - [10/Mar/2023:03:59:58 -0500] "GET /BLA/boletinlegal/ HTTP/1.1" 200 56744
201.245.192.253 - - [10/Mar/2023:04:02:31 -0500] "POST /kwsrmcab/Wsrmcab  HTTP/1.1" 200 213
216.245.221.92 - - [10/Mar/2023:04:03:10 -0500] "HEAD / HTTP/1.1" 200 -
201.245.192.253 - - [10/Mar/2023:04:03:36 -0500] "POST /forms/lservlet;jsessionid=ac16012b30d67bff702716e842178b2cc4f6264076e8.e3iSbxaKaheRe38KbhmObhePahv0n6jAmljGr5XDqQLvpAe HTTP/1.1" 200 2
66.249.66.64 - - [10/Mar/2023:04:03:54 -0500] "-" 408 -
201.245.192.253 - - [10/Mar/2023:04:05:36 -0500] "POST /forms/lservlet;jsessionid=ac16012b30d67bff702716e842178b2cc4f6264076e8.e3iSbxaKaheRe38KbhmObhePahv0n6jAmljGr5XDqQLvpAe HTTP/1.1" 200 2
172.22.2.4 - - [10/Mar/2023:04:04:57 -0500] "HEAD /BLA/boletinlegal/ HTTP/1.1" 200 -
172.22.2.4 - - [10/Mar/2023:04:05:48 -0500] "GET /BLA/boletinlegal/ HTTP/1.1" 200 59646
201.245.192.253 - - [10/Mar/2023:04:07:31 -0500] "POST /kwsrmcab/Wsrmcab  HTTP/1.1" 200 213
193.142.146.214 - - [10/Mar/2023:04:07:34 -0500] "GET / HTTP/1.1" 200 319
201.245.192.253 - - [10/Mar/2023:04:07:36 -0500] "POST /forms/lservlet;jsessionid=ac16012b30d67bff702716e842178b2cc4f6264076e8.e3iSbxaKaheRe38KbhmObhePahv0n6jAmljGr5XDqQLvpAe HTTP/1.1" 200 2
216.245.221.92 - - [10/Mar/2023:04:08:10 -0500] "HEAD / HTTP/1.1" 200 -
179.19.106.249 - - [10/Mar/2023:04:09:22 -0500] "GET /mujeres-que-reverdecen-secretaria-de-ambiente-anuncia-el-inicio-de-la-tercera-fase.html HTTP/1.1" 200 954
201.245.192.253 - - [10/Mar/2023:04:09:36 -0500] "POST /forms/lservlet;jsessionid=ac16012b30d67bff702716e842178b2cc4f6264076e8.e3iSbxaKaheRe38KbhmObhePahv0n6jAmljGr5XDqQLvpAe HTTP/1.1" 200 2
66.249.66.64 - - [10/Mar/2023:04:11:21 -0500] "-" 408 -
201.245.192.253 - - [10/Mar/2023:04:11:36 -0500] "POST /forms/lservlet;jsessionid=ac16012b30d67bff702716e842178b2cc4f6264076e8.e3iSbxaKaheRe38KbhmObhePahv0n6jAmljGr5XDqQLvpAe HTTP/1.1" 200 2
66.249.66.36 - - [10/Mar/2023:04:11:41 -0500] "-" 408 -
173.252.107.22 - - [10/Mar/2023:04:11:58 -0500] "GET /images/calidad-del-aire-suroccidental_optimized.jpeg HTTP/1.1" 200 175446
173.252.107.120 - - [10/Mar/2023:04:12:01 -0500] "GET /images/Sello%201%20JA-2.jpeg HTTP/1.1" 200 42236
173.252.107.22 - - [10/Mar/2023:04:12:01 -0500] "GET /images/Puntos%20calientes%2024%20de%20febrero.jpeg HTTP/1.1" 200 42626
172.22.2.4 - - [10/Mar/2023:04:10:47 -0500] "HEAD /BLA/boletinlegal/ HTTP/1.1" 200 -
201.245.192.253 - - [10/Mar/2023:04:12:31 -0500] "POST /kwsrmcab/Wsrmcab  HTTP/1.1" 200 213
216.245.221.92 - - [10/Mar/2023:04:13:10 -0500] "HEAD / HTTP/1.1" 200 -
172.22.2.4 - - [10/Mar/2023:04:11:38 -0500] "GET /BLA/boletinlegal/ HTTP/1.1" 200 59296
191.156.157.252 - - [10/Mar/2023:04:13:24 -0500] "GET /mujeres-que-reverdecen-secretaria-de-ambiente-anuncia-el-inicio-de-la-tercera-fase.html HTTP/1.1" 200 954
201.245.192.253 - - [10/Mar/2023:04:13:36 -0500] "POST /forms/lservlet;jsessionid=ac16012b30d67bff702716e842178b2cc4f6264076e8.e3iSbxaKaheRe38KbhmObhePahv0n6jAmljGr5XDqQLvpAe HTTP/1.1" 200 2
198.235.24.41 - - [10/Mar/2023:04:13:58 -0500] "\x16\x03\x01" 400 226
172.22.2.4 - - [10/Mar/2023:04:14:03 -0500] "GET /BLA/boletinlegal/ HTTP/1.1" 200 24523
17.241.227.35 - - [10/Mar/2023:04:15:07 -0500] "-" 408 -
201.245.192.253 - - [10/Mar/2023:04:15:36 -0500] "POST /forms/lservlet;jsessionid=ac16012b30d67bff702716e842178b2cc4f6264076e8.e3iSbxaKaheRe38KbhmObhePahv0n6jAmljGr5XDqQLvpAe HTTP/1.1" 200 2
64.62.243.165 - - [10/Mar/2023:04:17:30 -0500] "GET / HTTP/1.1" 200 319
201.245.192.253 - - [10/Mar/2023:04:17:29 -0500] "POST /kwsrmcab/Wsrmcab  HTTP/1.1" 200 213
201.245.192.253 - - [10/Mar/2023:04:17:36 -0500] "POST /forms/lservlet;jsessionid=ac16012b30d67bff702716e842178b2cc4f6264076e8.e3iSbxaKaheRe38KbhmObhePahv0n6jAmljGr5XDqQLvpAe HTTP/1.1" 200 2
216.245.221.92 - - [10/Mar/2023:04:18:10 -0500] "HEAD / HTTP/1.1" 200 -
172.22.2.4 - - [10/Mar/2023:04:16:37 -0500] "HEAD /BLA/boletinlegal/ HTTP/1.1" 200 -
172.22.2.4 - - [10/Mar/2023:04:17:28 -0500] "GET /BLA/boletinlegal/ HTTP/1.1" 200 59296
201.245.192.253 - - [10/Mar/2023:04:19:37 -0500] "POST /forms/lservlet;jsessionid=ac16012b30d67bff702716e842178b2cc4f6264076e8.e3iSbxaKaheRe38KbhmObhePahv0n6jAmljGr5XDqQLvpAe HTTP/1.1" 200 2
201.245.192.253 - - [10/Mar/2023:04:20:23 -0500] "POST /kwsrmcab/Wsrmcab HTTP/1.1" 200 42507
201.245.192.253 - - [10/Mar/2023:04:20:26 -0500] "POST /kwsrmcab/Wsrmcab HTTP/1.1" 200 43018
170.254.230.189 - - [10/Mar/2023:04:20:28 -0500] "GET /mujeres-que-reverdecen-secretaria-de-ambiente-anuncia-el-inicio-de-la-tercera-fase.html HTTP/1.1" 200 954
172.22.2.4 - - [10/Mar/2023:04:20:58 -0500] "GET /BLA/boletinlegal/showLogin.cc HTTP/1.1" 404 1018
172.22.2.4 - - [10/Mar/2023:04:20:45 -0500] "GET /BLA/boletinlegal/ HTTP/1.1" 200 28619
66.249.66.64 - - [10/Mar/2023:04:21:32 -0500] "-" 408 -
201.245.192.253 - - [10/Mar/2023:04:21:37 -0500] "POST /forms/lservlet;jsessionid=ac16012b30d67bff702716e842178b2cc4f6264076e8.e3iSbxaKaheRe38KbhmObhePahv0n6jAmljGr5XDqQLvpAe HTTP/1.1" 200 2
201.245.192.253 - - [10/Mar/2023:04:22:23 -0500] "POST /kwsrmcab/Wsrmcab  HTTP/1.1" 200 213
191.156.190.150 - - [10/Mar/2023:04:22:27 -0500] "GET /mujeres-que-reverdecen-secretaria-de-ambiente-anuncia-el-inicio-de-la-tercera-fase.html HTTP/1.1" 200 954
185.119.81.97 - - [10/Mar/2023:04:22:56 -0500] "GET /portaldeninos/wp-login.php HTTP/1.1" 200 2592
185.119.81.97 - - [10/Mar/2023:04:22:57 -0500] "POST /portaldeninos/wp-login.php HTTP/1.1" 200 3605
216.245.221.92 - - [10/Mar/2023:04:23:10 -0500] "HEAD / HTTP/1.1" 200 -
201.245.192.253 - - [10/Mar/2023:04:23:37 -0500] "POST /forms/lservlet;jsessionid=ac16012b30d67bff702716e842178b2cc4f6264076e8.e3iSbxaKaheRe38KbhmObhePahv0n6jAmljGr5XDqQLvpAe HTTP/1.1" 200 2
172.22.2.4 - - [10/Mar/2023:04:22:27 -0500] "HEAD /BLA/boletinlegal/ HTTP/1.1" 200 -
172.22.2.4 - - [10/Mar/2023:04:23:18 -0500] "GET /BLA/boletinlegal/ HTTP/1.1" 200 57551
201.245.192.253 - - [10/Mar/2023:04:25:37 -0500] "POST /forms/lservlet;jsessionid=ac16012b30d67bff702716e842178b2cc4f6264076e8.e3iSbxaKaheRe38KbhmObhePahv0n6jAmljGr5XDqQLvpAe HTTP/1.1" 200 2
201.245.192.253 - - [10/Mar/2023:04:27:21 -0500] "POST /kwsrmcab/Wsrmcab  HTTP/1.1" 200 213
185.119.81.106 - - [10/Mar/2023:04:27:23 -0500] "GET /portaldeninos/wp-login.php HTTP/1.1" 200 2592
185.119.81.106 - - [10/Mar/2023:04:27:24 -0500] "POST /portaldeninos/wp-login.php HTTP/1.1" 200 3605
168.119.101.10 - - [10/Mar/2023:04:27:33 -0500] "GET / HTTP/1.1" 200 319
201.245.192.253 - - [10/Mar/2023:04:27:37 -0500] "POST /forms/lservlet;jsessionid=ac16012b30d67bff702716e842178b2cc4f6264076e8.e3iSbxaKaheRe38KbhmObhePahv0n6jAmljGr5XDqQLvpAe HTTP/1.1" 200 2
216.245.221.92 - - [10/Mar/2023:04:28:10 -0500] "HEAD / HTTP/1.1" 200 -
201.245.192.253 - - [10/Mar/2023:04:29:37 -0500] "POST /forms/lservlet;jsessionid=ac16012b30d67bff702716e842178b2cc4f6264076e8.e3iSbxaKaheRe38KbhmObhePahv0n6jAmljGr5XDqQLvpAe HTTP/1.1" 200 2
172.22.2.4 - - [10/Mar/2023:04:28:17 -0500] "HEAD /BLA/boletinlegal/ HTTP/1.1" 200 -
201.245.192.253 - - [10/Mar/2023:04:30:23 -0500] "POST /kwsrmcab/Wsrmcab HTTP/1.1" 200 42507
201.245.192.253 - - [10/Mar/2023:04:30:26 -0500] "POST /kwsrmcab/Wsrmcab HTTP/1.1" 200 43018
172.22.2.4 - - [10/Mar/2023:04:30:32 -0500] "GET /BLA/boletinlegal/style.css HTTP/1.1" 200 9406
172.22.2.4 - - [10/Mar/2023:04:30:32 -0500] "GET /BLA/boletinlegal/styles2.css HTTP/1.1" 200 1838
172.22.2.4 - - [10/Mar/2023:04:30:33 -0500] "GET /BLA/boletinlegal/js/jquery.js HTTP/1.1" 200 57254
172.22.2.4 - - [10/Mar/2023:04:30:33 -0500] "GET /BLA/boletinlegal/js/jquery.scrollShow.js HTTP/1.1" 200 4586
172.22.2.4 - - [10/Mar/2023:04:30:33 -0500] "GET /BLA/boletinlegal/js/jquery.scrollTo-min.js HTTP/1.1" 200 1150
172.22.2.4 - - [10/Mar/2023:04:30:33 -0500] "GET /BLA/boletinlegal/images/cabezote%20BLEGAL.jpg HTTP/1.1" 200 118164
172.22.2.4 - - [10/Mar/2023:04:30:33 -0500] "GET /BLA/boletinlegal/images/subscribe-icon-big.png HTTP/1.1" 200 47702
172.22.2.4 - - [10/Mar/2023:04:30:33 -0500] "GET /BLA/boletinlegal/images/historia.png HTTP/1.1" 200 52775
172.22.2.4 - - [10/Mar/2023:04:30:33 -0500] "GET /BLA/boletinlegal/images/registro-usuarios.png HTTP/1.1" 200 8106
172.22.2.4 - - [10/Mar/2023:04:30:33 -0500] "GET /BLA/boletinlegal/images/arr_l.jpg HTTP/1.1" 200 1979
172.22.2.4 - - [10/Mar/2023:04:30:33 -0500] "GET /BLA/boletinlegal/images/screen_1.png HTTP/1.1" 200 202547
172.22.2.4 - - [10/Mar/2023:04:30:33 -0500] "GET /BLA/boletinlegal/images/launch.jpg HTTP/1.1" 200 14577
172.22.2.4 - - [10/Mar/2023:04:30:34 -0500] "GET /BLA/boletinlegal/images/body_bg.jpg HTTP/1.1" 200 1601
172.22.2.4 - - [10/Mar/2023:04:30:34 -0500] "GET /BLA/boletinlegal/images/menu_lft.gif HTTP/1.1" 200 1713
172.22.2.4 - - [10/Mar/2023:04:30:34 -0500] "GET /BLA/boletinlegal/images/menu_rght.gif HTTP/1.1" 200 1627
172.22.2.4 - - [10/Mar/2023:04:30:34 -0500] "GET /BLA/boletinlegal/images/bg_top.jpg HTTP/1.1" 200 522
172.22.2.4 - - [10/Mar/2023:04:30:34 -0500] "GET /BLA/boletinlegal/images/menu_bg.jpg HTTP/1.1" 200 620
172.22.2.4 - - [10/Mar/2023:04:30:34 -0500] "GET /BLA/boletinlegal/images/text.jpg HTTP/1.1" 200 568
172.22.2.4 - - [10/Mar/2023:04:30:34 -0500] "GET /BLA/boletinlegal/images/hover.jpg HTTP/1.1" 200 640
172.22.2.4 - - [10/Mar/2023:04:30:41 -0500] "GET /BLA/boletinlegal/images/screen_2.png HTTP/1.1" 200 362502
172.22.2.4 - - [10/Mar/2023:04:30:41 -0500] "GET /BLA/boletinlegal/images/screen_3.png HTTP/1.1" 200 210620
172.22.2.4 - - [10/Mar/2023:04:30:41 -0500] "GET /BLA/boletinlegal/images/screen_5.png HTTP/1.1" 200 368876
172.22.2.4 - - [10/Mar/2023:04:30:43 -0500] "GET /BLA/boletinlegal/images/arr_r.jpg HTTP/1.1" 200 1998
172.22.2.4 - - [10/Mar/2023:04:29:08 -0500] "GET /BLA/boletinlegal/ HTTP/1.1" 200 55924
172.22.2.4 - - [10/Mar/2023:04:30:48 -0500] "GET /BLA/boletinlegal/images/footer_bg.jpg HTTP/1.1" 200 586
172.22.2.4 - - [10/Mar/2023:04:30:50 -0500] "GET /BLA/boletinlegal/images/pdf.gif HTTP/1.1" 200 567
66.249.65.113 - - [10/Mar/2023:04:31:26 -0500] "-" 408 -
201.245.192.253 - - [10/Mar/2023:04:31:37 -0500] "POST /forms/lservlet;jsessionid=ac16012b30d67bff702716e842178b2cc4f6264076e8.e3iSbxaKaheRe38KbhmObhePahv0n6jAmljGr5XDqQLvpAe HTTP/1.1" 200 2
172.22.2.4 - - [10/Mar/2023:04:30:32 -0500] "GET /BLA/boletinlegal/ HTTP/1.1" 200 60496
172.22.2.4 - - [10/Mar/2023:04:32:12 -0500] "GET /BLA/boletinlegal/favicon.ico HTTP/1.1" 404 1308
201.245.192.253 - - [10/Mar/2023:04:32:26 -0500] "POST /kwsrmcab/Wsrmcab  HTTP/1.1" 200 213
66.249.66.64 - - [10/Mar/2023:04:32:55 -0500] "-" 408 -
216.245.221.92 - - [10/Mar/2023:04:33:10 -0500] "HEAD / HTTP/1.1" 200 -
201.245.192.253 - - [10/Mar/2023:04:33:37 -0500] "POST /forms/lservlet;jsessionid=ac16012b30d67bff702716e842178b2cc4f6264076e8.e3iSbxaKaheRe38KbhmObhePahv0n6jAmljGr5XDqQLvpAe HTTP/1.1" 200 2
201.245.192.253 - - [10/Mar/2023:04:35:37 -0500] "POST /forms/lservlet;jsessionid=ac16012b30d67bff702716e842178b2cc4f6264076e8.e3iSbxaKaheRe38KbhmObhePahv0n6jAmljGr5XDqQLvpAe HTTP/1.1" 200 2
172.22.2.4 - - [10/Mar/2023:04:34:07 -0500] "HEAD /BLA/boletinlegal/ HTTP/1.1" 200 -
185.119.81.106 - - [10/Mar/2023:04:36:34 -0500] "GET /portaldeninos/wp-login.php HTTP/1.1" 200 2592
185.119.81.106 - - [10/Mar/2023:04:36:35 -0500] "POST /portaldeninos/wp-login.php HTTP/1.1" 200 3605
172.22.2.4 - - [10/Mar/2023:04:34:58 -0500] "GET /BLA/boletinlegal/ HTTP/1.1" 200 57551
201.245.192.253 - - [10/Mar/2023:04:37:25 -0500] "POST /kwsrmcab/Wsrmcab  HTTP/1.1" 200 213
201.245.192.253 - - [10/Mar/2023:04:37:37 -0500] "POST /forms/lservlet;jsessionid=ac16012b30d67bff702716e842178b2cc4f6264076e8.e3iSbxaKaheRe38KbhmObhePahv0n6jAmljGr5XDqQLvpAe HTTP/1.1" 200 2
216.245.221.92 - - [10/Mar/2023:04:38:10 -0500] "HEAD / HTTP/1.1" 200 -
186.102.5.6 - - [10/Mar/2023:04:39:26 -0500] "GET /mujeres-que-reverdecen-secretaria-de-ambiente-anuncia-el-inicio-de-la-tercera-fase.html HTTP/1.1" 200 954
201.245.192.253 - - [10/Mar/2023:04:39:37 -0500] "POST /forms/lservlet;jsessionid=ac16012b30d67bff702716e842178b2cc4f6264076e8.e3iSbxaKaheRe38KbhmObhePahv0n6jAmljGr5XDqQLvpAe HTTP/1.1" 200 2
185.119.81.106 - - [10/Mar/2023:04:40:02 -0500] "GET /portaldeninos/wp-login.php HTTP/1.1" 200 2592
185.119.81.106 - - [10/Mar/2023:04:40:03 -0500] "POST /portaldeninos/wp-login.php HTTP/1.1" 200 3670
201.245.192.253 - - [10/Mar/2023:04:40:23 -0500] "POST /kwsrmcab/Wsrmcab HTTP/1.1" 200 42507
198.235.24.175 - - [10/Mar/2023:04:40:27 -0500] "GET / HTTP/1.0" 200 319
201.245.192.253 - - [10/Mar/2023:04:40:26 -0500] "POST /kwsrmcab/Wsrmcab HTTP/1.1" 200 43018
17.22.245.66 - - [10/Mar/2023:04:40:29 -0500] "-" 408 -
201.245.192.253 - - [10/Mar/2023:04:41:37 -0500] "POST /forms/lservlet;jsessionid=ac16012b30d67bff702716e842178b2cc4f6264076e8.e3iSbxaKaheRe38KbhmObhePahv0n6jAmljGr5XDqQLvpAe HTTP/1.1" 200 2
172.22.2.4 - - [10/Mar/2023:04:39:57 -0500] "HEAD /BLA/boletinlegal/ HTTP/1.1" 200 -
201.245.192.253 - - [10/Mar/2023:04:42:22 -0500] "POST /kwsrmcab/Wsrmcab  HTTP/1.1" 200 213
172.22.2.4 - - [10/Mar/2023:04:40:48 -0500] "GET /BLA/boletinlegal/ HTTP/1.1" 200 56744
216.245.221.92 - - [10/Mar/2023:04:43:10 -0500] "HEAD / HTTP/1.1" 200 -
201.245.192.253 - - [10/Mar/2023:04:43:37 -0500] "POST /forms/lservlet;jsessionid=ac16012b30d67bff702716e842178b2cc4f6264076e8.e3iSbxaKaheRe38KbhmObhePahv0n6jAmljGr5XDqQLvpAe HTTP/1.1" 200 2
186.155.52.164 - - [10/Mar/2023:04:44:43 -0500] "POST /sipse/faces/presentacion/financiero/solicitudProceso/listarSolicitudProceso.xhtml HTTP/1.1" 302 -
186.155.52.164 - - [10/Mar/2023:04:44:43 -0500] "GET /sipse/faces/autenticacion.xhtml HTTP/1.1" 200 1091
186.155.52.164 - - [10/Mar/2023:04:44:43 -0500] "POST /sipse/faces/presentacion/financiero/solicitudProceso/listarSolicitudProceso.xhtml HTTP/1.1" 302 -
186.155.52.164 - - [10/Mar/2023:04:44:44 -0500] "GET /sipse/faces/autenticacion.xhtml HTTP/1.1" 200 1091
186.155.52.164 - - [10/Mar/2023:04:44:51 -0500] "POST /sipse/faces/presentacion/financiero/solicitudProceso/listarSolicitudProceso.xhtml HTTP/1.1" 302 -
186.155.52.164 - - [10/Mar/2023:04:44:51 -0500] "GET /sipse/faces/autenticacion.xhtml HTTP/1.1" 200 1091
186.155.52.164 - - [10/Mar/2023:04:44:51 -0500] "POST /sipse/faces/presentacion/financiero/solicitudProceso/listarSolicitudProceso.xhtml HTTP/1.1" 302 -
186.155.52.164 - - [10/Mar/2023:04:44:51 -0500] "GET /sipse/faces/autenticacion.xhtml HTTP/1.1" 200 1091
172.22.2.4 - - [10/Mar/2023:04:45:02 -0500] "OPTIONS /BLA/boletinlegal/images/subscribe-icon-big.png HTTP/1.1" 200 -
172.22.2.4 - - [10/Mar/2023:04:45:02 -0500] "OPTIONS /BLA/boletinlegal/images/cabezote%20BLEGAL.jpg HTTP/1.1" 200 -
172.22.2.4 - - [10/Mar/2023:04:45:02 -0500] "OPTIONS /BLA/boletinlegal/images/arr_l.jpg HTTP/1.1" 200 -
172.22.2.4 - - [10/Mar/2023:04:45:02 -0500] "OPTIONS /BLA/boletinlegal/images/registro-usuarios.png HTTP/1.1" 200 -
172.22.2.4 - - [10/Mar/2023:04:45:02 -0500] "OPTIONS /BLA/boletinlegal/images/historia.png HTTP/1.1" 200 -
172.22.2.4 - - [10/Mar/2023:04:45:02 -0500] "OPTIONS /BLA/boletinlegal/images/screen_1.png HTTP/1.1" 200 -
172.22.2.4 - - [10/Mar/2023:04:45:02 -0500] "OPTIONS /BLA/boletinlegal/images/launch.jpg HTTP/1.1" 200 -
172.22.2.4 - - [10/Mar/2023:04:45:02 -0500] "OPTIONS /BLA/boletinlegal/images/body_bg.jpg HTTP/1.1" 200 -
172.22.2.4 - - [10/Mar/2023:04:45:02 -0500] "OPTIONS /BLA/boletinlegal/images/bg_top.jpg HTTP/1.1" 200 -
172.22.2.4 - - [10/Mar/2023:04:45:02 -0500] "OPTIONS /BLA/boletinlegal/images/menu_rght.gif HTTP/1.1" 200 -
172.22.2.4 - - [10/Mar/2023:04:45:02 -0500] "OPTIONS /BLA/boletinlegal/images/menu_lft.gif HTTP/1.1" 200 -
172.22.2.4 - - [10/Mar/2023:04:45:02 -0500] "OPTIONS /BLA/boletinlegal/images/menu_bg.jpg HTTP/1.1" 200 -
172.22.2.4 - - [10/Mar/2023:04:45:02 -0500] "OPTIONS /BLA/boletinlegal/images/hover.jpg HTTP/1.1" 200 -
172.22.2.4 - - [10/Mar/2023:04:45:02 -0500] "OPTIONS /BLA/boletinlegal/images/text.jpg HTTP/1.1" 200 -
172.22.2.4 - - [10/Mar/2023:04:45:05 -0500] "GET /BLA/boletinlegal/actos.php HTTP/1.1" 200 9672
172.22.2.4 - - [10/Mar/2023:04:45:05 -0500] "OPTIONS /BLA/boletinlegal/niceforms.js HTTP/1.1" 200 -
172.22.2.4 - - [10/Mar/2023:04:45:05 -0500] "OPTIONS /BLA/boletinlegal/js/ajax_actos.js HTTP/1.1" 200 -
172.22.2.4 - - [10/Mar/2023:04:45:05 -0500] "OPTIONS /BLA/boletinlegal/niceforms-default.css HTTP/1.1" 200 -
172.22.2.4 - - [10/Mar/2023:04:45:05 -0500] "OPTIONS /BLA/boletinlegal/js/lib.js HTTP/1.1" 200 -
172.22.2.4 - - [10/Mar/2023:04:45:05 -0500] "OPTIONS /BLA/boletinlegal/js/popup.js HTTP/1.1" 200 -
172.22.2.4 - - [10/Mar/2023:04:45:05 -0500] "OPTIONS /BLA/boletinlegal/js/jquery1.js HTTP/1.1" 200 -
172.22.2.4 - - [10/Mar/2023:04:45:05 -0500] "OPTIONS /BLA/boletinlegal/images/green-yellow-blue-pink-th.png HTTP/1.1" 200 -
172.22.2.4 - - [10/Mar/2023:04:45:05 -0500] "OPTIONS /BLA/boletinlegal/images/tel.png HTTP/1.1" 200 -
172.22.2.4 - - [10/Mar/2023:04:45:05 -0500] "OPTIONS /BLA/boletinlegal/images/icono-email.png HTTP/1.1" 200 -
172.22.2.4 - - [10/Mar/2023:04:45:05 -0500] "OPTIONS /BLA/boletinlegal/images/footer_bg.jpg HTTP/1.1" 200 -
172.22.2.4 - - [10/Mar/2023:04:45:05 -0500] "OPTIONS /BLA/boletinlegal/images/footer_bg_l.jpg HTTP/1.1" 200 -
172.22.2.4 - - [10/Mar/2023:04:45:05 -0500] "OPTIONS /BLA/boletinlegal/img/select-right.png HTTP/1.1" 200 -
172.22.2.4 - - [10/Mar/2023:04:45:05 -0500] "OPTIONS /BLA/boletinlegal/img/select-left.png HTTP/1.1" 200 -
172.22.2.4 - - [10/Mar/2023:04:45:05 -0500] "OPTIONS /BLA/boletinlegal/img/0.png HTTP/1.1" 200 -
172.22.2.4 - - [10/Mar/2023:04:45:05 -0500] "OPTIONS /BLA/boletinlegal/img/button-left.png HTTP/1.1" 200 -
172.22.2.4 - - [10/Mar/2023:04:45:05 -0500] "OPTIONS /BLA/boletinlegal/img/button-right.png HTTP/1.1" 200 -
172.22.2.4 - - [10/Mar/2023:04:45:05 -0500] "OPTIONS /BLA/boletinlegal/img/button.png HTTP/1.1" 200 -
172.22.2.4 - - [10/Mar/2023:04:45:05 -0500] "GET /BLA/boletinlegal/favicon.ico HTTP/1.1" 404 1326
181.58.60.135 - - [10/Mar/2023:04:45:23 -0500] "GET /BLA/resoluciones/ HTTP/1.1" 200 13502
181.58.60.135 - - [10/Mar/2023:04:45:26 -0500] "GET /BLA/resoluciones/index.php?dir=AUTOS+2011%2F HTTP/1.1" 200 636098
172.22.2.4 - - [10/Mar/2023:04:45:02 -0500] "GET /BLA/boletinlegal/ HTTP/1.1" 200 24523
201.245.192.253 - - [10/Mar/2023:04:45:37 -0500] "POST /forms/lservlet;jsessionid=ac16012b30d67bff702716e842178b2cc4f6264076e8.e3iSbxaKaheRe38KbhmObhePahv0n6jAmljGr5XDqQLvpAe HTTP/1.1" 200 2
191.95.174.97 - - [10/Mar/2023:04:45:49 -0500] "GET /mujeres-que-reverdecen-secretaria-de-ambiente-anuncia-el-inicio-de-la-tercera-fase.html HTTP/1.1" 304 -
172.22.2.4 - - [10/Mar/2023:04:46:20 -0500] "GET /BLA/boletinlegal/images/background.gif HTTP/1.1" 200 -
201.245.192.253 - - [10/Mar/2023:04:47:20 -0500] "POST /kwsrmcab/Wsrmcab  HTTP/1.1" 200 213
172.22.2.4 - - [10/Mar/2023:04:45:47 -0500] "HEAD /BLA/boletinlegal/ HTTP/1.1" 200 -
201.245.192.253 - - [10/Mar/2023:04:47:37 -0500] "POST /forms/lservlet;jsessionid=ac16012b30d67bff702716e842178b2cc4f6264076e8.e3iSbxaKaheRe38KbhmObhePahv0n6jAmljGr5XDqQLvpAe HTTP/1.1" 200 2
216.245.221.92 - - [10/Mar/2023:04:48:10 -0500] "HEAD / HTTP/1.1" 200 -
172.22.2.4 - - [10/Mar/2023:04:46:37 -0500] "GET /BLA/boletinlegal/ HTTP/1.1" 200 57551
203.209.239.98 - - [10/Mar/2023:04:48:22 -0500] "GET /galeria/galeria/fotos/Capellania4P.jpg HTTP/1.1" 200 37377
173.252.111.14 - - [10/Mar/2023:04:49:13 -0500] "GET /images/reunion-planta-termovalorizacion-11-mayo.jpg HTTP/1.1" 200 34782
152.203.143.235 - - [10/Mar/2023:04:49:29 -0500] "GET /BLA/resoluciones/ HTTP/1.1" 200 13502
152.203.143.235 - - [10/Mar/2023:04:49:33 -0500] "GET /BLA/resoluciones/index.php?dir=AUTOS+2015%2F HTTP/1.1" 200 580093
201.245.192.253 - - [10/Mar/2023:04:49:37 -0500] "POST /forms/lservlet;jsessionid=ac16012b30d67bff702716e842178b2cc4f6264076e8.e3iSbxaKaheRe38KbhmObhePahv0n6jAmljGr5XDqQLvpAe HTTP/1.1" 200 2
201.245.192.253 - - [10/Mar/2023:04:51:37 -0500] "POST /forms/lservlet;jsessionid=ac16012b30d67bff702716e842178b2cc4f6264076e8.e3iSbxaKaheRe38KbhmObhePahv0n6jAmljGr5XDqQLvpAe HTTP/1.1" 200 2
201.245.192.253 - - [10/Mar/2023:04:52:19 -0500] "POST /kwsrmcab/Wsrmcab  HTTP/1.1" 200 213
205.169.39.63 - - [10/Mar/2023:04:52:23 -0500] "GET /bla/resoluciones/resoluciones%202021/0239.pdf HTTP/1.1" 200 378471
216.245.221.92 - - [10/Mar/2023:04:53:10 -0500] "HEAD / HTTP/1.1" 200 -
172.22.2.4 - - [10/Mar/2023:04:51:37 -0500] "HEAD /BLA/boletinlegal/ HTTP/1.1" 200 -
201.245.192.253 - - [10/Mar/2023:04:53:37 -0500] "POST /forms/lservlet;jsessionid=ac16012b30d67bff702716e842178b2cc4f6264076e8.e3iSbxaKaheRe38KbhmObhePahv0n6jAmljGr5XDqQLvpAe HTTP/1.1" 200 2
66.249.66.65 - - [10/Mar/2023:04:53:58 -0500] "-" 408 -
172.22.2.4 - - [10/Mar/2023:04:52:28 -0500] "GET /BLA/boletinlegal/ HTTP/1.1" 200 52720
95.214.55.109 - - [10/Mar/2023:04:54:40 -0500] "GET / HTTP/1.1" 200 319
201.245.192.253 - - [10/Mar/2023:04:55:37 -0500] "POST /forms/lservlet;jsessionid=ac16012b30d67bff702716e842178b2cc4f6264076e8.e3iSbxaKaheRe38KbhmObhePahv0n6jAmljGr5XDqQLvpAe HTTP/1.1" 200 2
172.22.2.4 - - [10/Mar/2023:04:55:14 -0500] "GET /BLA/boletinlegal/ HTTP/1.1" 200 36811
201.245.192.253 - - [10/Mar/2023:04:57:18 -0500] "POST /kwsrmcab/Wsrmcab  HTTP/1.1" 200 213
201.245.192.253 - - [10/Mar/2023:04:57:37 -0500] "POST /forms/lservlet;jsessionid=ac16012b30d67bff702716e842178b2cc4f6264076e8.e3iSbxaKaheRe38KbhmObhePahv0n6jAmljGr5XDqQLvpAe HTTP/1.1" 200 2
172.22.2.4 - - [10/Mar/2023:04:58:01 -0500] "GET /BLA/boletinlegal/actos.php HTTP/1.1" 200 9672
216.245.221.92 - - [10/Mar/2023:04:58:10 -0500] "HEAD / HTTP/1.1" 200 -
66.249.65.109 - - [10/Mar/2023:04:59:00 -0500] "-" 408 -
172.22.2.4 - - [10/Mar/2023:04:57:27 -0500] "HEAD /BLA/boletinlegal/ HTTP/1.1" 200 -
201.245.192.253 - - [10/Mar/2023:04:59:37 -0500] "POST /forms/lservlet;jsessionid=ac16012b30d67bff702716e842178b2cc4f6264076e8.e3iSbxaKaheRe38KbhmObhePahv0n6jAmljGr5XDqQLvpAe HTTP/1.1" 200 2
172.22.2.4 - - [10/Mar/2023:04:58:17 -0500] "GET /BLA/boletinlegal/ HTTP/1.1" 200 57141
186.155.52.164 - - [10/Mar/2023:05:01:17 -0500] "POST /sipse/faces/presentacion/financiero/solicitudProceso/listarSolicitudProceso.xhtml HTTP/1.1" 302 -
186.155.52.164 - - [10/Mar/2023:05:01:17 -0500] "GET /sipse/faces/autenticacion.xhtml HTTP/1.1" 200 1091
186.155.52.164 - - [10/Mar/2023:05:01:22 -0500] "POST /sipse/faces/presentacion/financiero/solicitudProceso/listarSolicitudProceso.xhtml HTTP/1.1" 302 -
186.155.52.164 - - [10/Mar/2023:05:01:23 -0500] "GET /sipse/faces/autenticacion.xhtml HTTP/1.1" 200 1091
186.155.52.164 - - [10/Mar/2023:05:01:36 -0500] "GET /sipse/faces/faces/autenticacion.xhtml HTTP/1.1" 200 12168
186.155.52.164 - - [10/Mar/2023:05:01:36 -0500] "GET /sipse/js/disable_browser_buttons.js HTTP/1.1" 304 -
186.155.52.164 - - [10/Mar/2023:05:01:36 -0500] "GET /sipse/faces/javax.faces.resource/theme.css?ln=primefaces-sipse HTTP/1.1" 304 -
186.155.52.164 - - [10/Mar/2023:05:01:36 -0500] "GET /sipse/faces/javax.faces.resource/primefaces.css?ln=primefaces&v=4.0 HTTP/1.1" 304 -
186.155.52.164 - - [10/Mar/2023:05:01:36 -0500] "GET /sipse/css/custom_css_sg.css HTTP/1.1" 304 -
186.155.52.164 - - [10/Mar/2023:05:01:36 -0500] "GET /sipse/css/custom_css_sg_prime_login.css HTTP/1.1" 304 -
186.155.52.164 - - [10/Mar/2023:05:01:36 -0500] "GET /sipse/js/funciones.js HTTP/1.1" 304 -
186.155.52.164 - - [10/Mar/2023:05:01:36 -0500] "GET /sipse/faces/javax.faces.resource/layout/layout.css?ln=primefaces&v=4.0 HTTP/1.1" 304 -
186.155.52.164 - - [10/Mar/2023:05:01:36 -0500] "GET /sipse/faces/javax.faces.resource/layout/layout.js?ln=primefaces&v=4.0 HTTP/1.1" 200 87560
186.155.52.164 - - [10/Mar/2023:05:01:36 -0500] "GET /sipse/faces/javax.faces.resource/primefaces.js?ln=primefaces&v=4.0 HTTP/1.1" 200 276924
186.155.52.164 - - [10/Mar/2023:05:01:36 -0500] "GET /sipse/faces/javax.faces.resource/jquery/jquery-plugins.js?ln=primefaces&v=4.0 HTTP/1.1" 200 220526
186.155.52.164 - - [10/Mar/2023:05:01:36 -0500] "GET /sipse/faces/javax.faces.resource/jquery/jquery.js?ln=primefaces&v=4.0 HTTP/1.1" 200 105384
186.155.52.164 - - [10/Mar/2023:05:01:37 -0500] "GET /sipse/css/imagen/logoSDG.png HTTP/1.1" 304 -
186.155.52.164 - - [10/Mar/2023:05:01:37 -0500] "GET /sipse/faces/javax.faces.resource/images/ui-icons_898989_256x240.png?ln=primefaces-aristo HTTP/1.1" 304 -
186.155.52.164 - - [10/Mar/2023:05:01:37 -0500] "GET /sipse/css/imagen/loginimg.png HTTP/1.1" 200 71635
201.245.192.253 - - [10/Mar/2023:05:01:37 -0500] "POST /forms/lservlet;jsessionid=ac16012b30d67bff702716e842178b2cc4f6264076e8.e3iSbxaKaheRe38KbhmObhePahv0n6jAmljGr5XDqQLvpAe HTTP/1.1" 200 2
186.155.52.164 - - [10/Mar/2023:05:01:37 -0500] "GET /sipse/faces/faces/index.xhtml HTTP/1.1" 200 677
186.155.52.164 - - [10/Mar/2023:05:01:37 -0500] "GET /sipse/faces/javax.faces.resource/theme.css?ln=primefaces-sipse HTTP/1.1" 304 -
186.155.52.164 - - [10/Mar/2023:05:01:37 -0500] "GET /favicon.ico HTTP/1.1" 200 7782
186.155.52.164 - - [10/Mar/2023:05:01:37 -0500] "GET /sipse/faces/faces/faces/autenticacion.xhtml HTTP/1.1" 200 12168
186.155.52.164 - - [10/Mar/2023:05:01:37 -0500] "GET /sipse/faces/javax.faces.resource/theme.css?ln=primefaces-sipse HTTP/1.1" 304 -
186.155.52.164 - - [10/Mar/2023:05:01:37 -0500] "GET /sipse/faces/javax.faces.resource/layout/layout.css?ln=primefaces&v=4.0 HTTP/1.1" 304 -
186.155.52.164 - - [10/Mar/2023:05:01:37 -0500] "GET /sipse/faces/javax.faces.resource/primefaces.css?ln=primefaces&v=4.0 HTTP/1.1" 304 -
186.155.52.164 - - [10/Mar/2023:05:01:40 -0500] "POST /sipse/faces/autenticacion.xhtml HTTP/1.1" 200 2217
186.155.52.164 - - [10/Mar/2023:05:01:40 -0500] "GET /sipse/faces/javax.faces.resource/messages/messages.png?ln=primefaces&v=4.0 HTTP/1.1" 200 27209
186.155.52.164 - - [10/Mar/2023:05:01:40 -0500] "GET /sipse/faces/javax.faces.resource/images/ui-icons_898989_256x240.png?ln=primefaces-aristo HTTP/1.1" 304 -
186.155.52.164 - - [10/Mar/2023:05:01:41 -0500] "POST /sipse/faces/autenticacion.xhtml HTTP/1.1" 200 16294
186.155.52.164 - - [10/Mar/2023:05:01:41 -0500] "GET /sipse/css/custom_css_sg_prime.css HTTP/1.1" 304 -
186.155.52.164 - - [10/Mar/2023:05:01:41 -0500] "GET /sipse/faces/javax.faces.resource/theme.css?ln=primefaces-sipse HTTP/1.1" 304 -
186.155.52.164 - - [10/Mar/2023:05:01:41 -0500] "GET /sipse/faces/javax.faces.resource/primefaces.css?ln=primefaces&v=4.0 HTTP/1.1" 304 -
186.155.52.164 - - [10/Mar/2023:05:01:41 -0500] "GET /sipse/faces/javax.faces.resource/layout/layout.css?ln=primefaces&v=4.0 HTTP/1.1" 304 -
186.155.52.164 - - [10/Mar/2023:05:01:41 -0500] "GET /sipse/js/jquery.min.js HTTP/1.1" 200 85582
186.155.52.164 - - [10/Mar/2023:05:01:41 -0500] "GET /sipse/faces/javax.faces.resource/jquery/jquery.js?ln=primefaces&v=4.0 HTTP/1.1" 304 -
186.155.52.164 - - [10/Mar/2023:05:01:41 -0500] "GET /sipse/faces/javax.faces.resource/jquery/jquery-plugins.js?ln=primefaces&v=4.0 HTTP/1.1" 304 -
186.155.52.164 - - [10/Mar/2023:05:01:41 -0500] "GET /sipse/faces/javax.faces.resource/primefaces.js?ln=primefaces&v=4.0 HTTP/1.1" 304 -
186.155.52.164 - - [10/Mar/2023:05:01:41 -0500] "GET /sipse/faces/javax.faces.resource/layout/layout.js?ln=primefaces&v=4.0 HTTP/1.1" 304 -
186.155.52.164 - - [10/Mar/2023:05:01:41 -0500] "GET /sipse/imagenes/cargando.gif HTTP/1.1" 304 -
186.155.52.164 - - [10/Mar/2023:05:01:41 -0500] "GET /sipse/css/imagen/contrasena.png HTTP/1.1" 404 383
186.155.52.164 - - [10/Mar/2023:05:01:41 -0500] "GET /sipse/imagenes/logoAplicacion.jpg HTTP/1.1" 200 155084
186.155.52.164 - - [10/Mar/2023:05:01:44 -0500] "GET /sipse/faces/javax.faces.resource/images/ui-bg_flat_0_2d5972_40x100.png?ln=primefaces-aristo HTTP/1.1" 304 -
186.155.52.164 - - [10/Mar/2023:05:01:44 -0500] "POST /sipse/faces/bienvenido.xhtml HTTP/1.1" 200 2073
186.155.52.164 - - [10/Mar/2023:05:01:45 -0500] "POST /sipse/faces/bienvenido.xhtml HTTP/1.1" 200 2048
186.155.52.164 - - [10/Mar/2023:05:01:46 -0500] "POST /sipse/faces/bienvenido.xhtml HTTP/1.1" 200 27637
186.155.52.164 - - [10/Mar/2023:05:01:47 -0500] "GET /sipse/faces/javax.faces.resource/primefaces.css?ln=primefaces&v=4.0 HTTP/1.1" 304 -
186.155.52.164 - - [10/Mar/2023:05:01:47 -0500] "GET /sipse/faces/javax.faces.resource/layout/layout.css?ln=primefaces&v=4.0 HTTP/1.1" 304 -
186.155.52.164 - - [10/Mar/2023:05:01:47 -0500] "GET /sipse/faces/javax.faces.resource/theme.css?ln=primefaces-sipse HTTP/1.1" 304 -
186.155.52.164 - - [10/Mar/2023:05:01:47 -0500] "GET /sipse/faces/javax.faces.resource/jquery/jquery.js?ln=primefaces&v=4.0 HTTP/1.1" 304 -
186.155.52.164 - - [10/Mar/2023:05:01:47 -0500] "GET /sipse/faces/javax.faces.resource/jquery/jquery-plugins.js?ln=primefaces&v=4.0 HTTP/1.1" 304 -
186.155.52.164 - - [10/Mar/2023:05:01:47 -0500] "GET /sipse/faces/javax.faces.resource/primefaces.js?ln=primefaces&v=4.0 HTTP/1.1" 304 -
186.155.52.164 - - [10/Mar/2023:05:01:47 -0500] "GET /sipse/faces/javax.faces.resource/layout/layout.js?ln=primefaces&v=4.0 HTTP/1.1" 304 -
186.155.52.164 - - [10/Mar/2023:05:01:50 -0500] "POST /sipse/faces/presentacion/contratacion/contratista/listarContratista.xhtml HTTP/1.1" 200 3362
186.155.52.164 - - [10/Mar/2023:05:01:51 -0500] "POST /sipse/faces/presentacion/contratacion/contratista/listarContratista.xhtml HTTP/1.1" 200 66588
186.155.52.164 - - [10/Mar/2023:05:01:52 -0500] "GET /sipse/faces/javax.faces.resource/theme.css?ln=primefaces-sipse HTTP/1.1" 304 -
186.155.52.164 - - [10/Mar/2023:05:01:52 -0500] "GET /sipse/faces/javax.faces.resource/primefaces.css?ln=primefaces&v=4.0 HTTP/1.1" 304 -
186.155.52.164 - - [10/Mar/2023:05:01:52 -0500] "GET /sipse/faces/javax.faces.resource/layout/layout.css?ln=primefaces&v=4.0 HTTP/1.1" 304 -
186.155.52.164 - - [10/Mar/2023:05:01:52 -0500] "GET /sipse/faces/javax.faces.resource/jquery/jquery.js?ln=primefaces&v=4.0 HTTP/1.1" 304 -
186.155.52.164 - - [10/Mar/2023:05:01:52 -0500] "GET /sipse/faces/javax.faces.resource/jquery/jquery-plugins.js?ln=primefaces&v=4.0 HTTP/1.1" 304 -
186.155.52.164 - - [10/Mar/2023:05:01:52 -0500] "GET /sipse/faces/javax.faces.resource/primefaces.js?ln=primefaces&v=4.0 HTTP/1.1" 304 -
186.155.52.164 - - [10/Mar/2023:05:01:52 -0500] "GET /sipse/faces/javax.faces.resource/layout/layout.js?ln=primefaces&v=4.0 HTTP/1.1" 304 -
186.155.52.164 - - [10/Mar/2023:05:01:52 -0500] "POST /sipse/faces/presentacion/financiero/solicitudProceso/listarSolicitudProceso.xhtml HTTP/1.1" 200 59922
186.155.52.164 - - [10/Mar/2023:05:01:52 -0500] "POST /sipse/faces/presentacion/financiero/solicitudProceso/listarSolicitudProceso.xhtml HTTP/1.1" 200 1560
186.155.52.164 - - [10/Mar/2023:05:01:52 -0500] "POST /sipse/faces/presentacion/financiero/solicitudProceso/listarSolicitudProceso.xhtml HTTP/1.1" 200 1552
201.245.192.253 - - [10/Mar/2023:05:02:16 -0500] "POST /kwsrmcab/Wsrmcab  HTTP/1.1" 200 213
186.84.89.155 - - [10/Mar/2023:05:03:05 -0500] "GET /mujeres-que-reverdecen-secretaria-de-ambiente-anuncia-el-inicio-de-la-tercera-fase.html HTTP/1.1" 200 954
181.53.12.21 - - [10/Mar/2023:05:03:08 -0500] "GET /mujeres-que-reverdecen-secretaria-de-ambiente-anuncia-el-inicio-de-la-tercera-fase.html HTTP/1.1" 200 954
216.245.221.92 - - [10/Mar/2023:05:03:10 -0500] "HEAD / HTTP/1.1" 200 -
201.245.192.253 - - [10/Mar/2023:05:03:37 -0500] "POST /forms/lservlet;jsessionid=ac16012b30d67bff702716e842178b2cc4f6264076e8.e3iSbxaKaheRe38KbhmObhePahv0n6jAmljGr5XDqQLvpAe HTTP/1.1" 200 2
157.55.39.223 - - [10/Mar/2023:05:04:23 -0500] "-" 408 -
69.63.184.113 - - [10/Mar/2023:05:04:23 -0500] "GET /images/calidad-del-aire-suroccidental_optimized.jpeg HTTP/1.1" 200 175446
172.22.2.4 - - [10/Mar/2023:05:03:17 -0500] "HEAD /BLA/boletinlegal/ HTTP/1.1" 200 -
201.245.192.253 - - [10/Mar/2023:05:05:37 -0500] "POST /forms/lservlet;jsessionid=ac16012b30d67bff702716e842178b2cc4f6264076e8.e3iSbxaKaheRe38KbhmObhePahv0n6jAmljGr5XDqQLvpAe HTTP/1.1" 200 2
172.22.2.4 - - [10/Mar/2023:05:04:07 -0500] "GET /BLA/boletinlegal/ HTTP/1.1" 200 57141
201.245.192.253 - - [10/Mar/2023:05:07:15 -0500] "POST /kwsrmcab/Wsrmcab  HTTP/1.1" 200 213
201.245.192.253 - - [10/Mar/2023:05:07:37 -0500] "POST /forms/lservlet;jsessionid=ac16012b30d67bff702716e842178b2cc4f6264076e8.e3iSbxaKaheRe38KbhmObhePahv0n6jAmljGr5XDqQLvpAe HTTP/1.1" 200 2
216.245.221.92 - - [10/Mar/2023:05:08:10 -0500] "HEAD / HTTP/1.1" 200 -
190.24.71.185 - - [10/Mar/2023:05:08:11 -0500] "GET /mujeres-que-reverdecen-secretaria-de-ambiente-anuncia-el-inicio-de-la-tercera-fase.html HTTP/1.1" 200 954
191.156.144.46 - - [10/Mar/2023:05:08:26 -0500] "GET /mujeres-que-reverdecen-secretaria-de-ambiente-anuncia-el-inicio-de-la-tercera-fase.html HTTP/1.1" 200 954
181.59.2.95 - - [10/Mar/2023:05:08:31 -0500] "GET /mujeres-que-reverdecen-secretaria-de-ambiente-anuncia-el-inicio-de-la-tercera-fase.html HTTP/1.1" 200 954
186.28.77.92 - - [10/Mar/2023:05:08:33 -0500] "GET /mujeres-que-reverdecen-secretaria-de-ambiente-anuncia-el-inicio-de-la-tercera-fase.html HTTP/1.1" 304 -
179.19.38.56 - - [10/Mar/2023:05:08:49 -0500] "GET /mujeres-que-reverdecen-secretaria-de-ambiente-anuncia-el-inicio-de-la-tercera-fase.html HTTP/1.1" 200 954
201.245.192.253 - - [10/Mar/2023:05:09:37 -0500] "POST /forms/lservlet;jsessionid=ac16012b30d67bff702716e842178b2cc4f6264076e8.e3iSbxaKaheRe38KbhmObhePahv0n6jAmljGr5XDqQLvpAe HTTP/1.1" 200 2
51.15.164.30 - - [10/Mar/2023:05:10:33 -0500] "HEAD /mujeres-que-reverdecen-secretaria-de-ambiente-anuncia-el-inicio-de-la-tercera-fase.html HTTP/1.1" 200 -
172.22.2.4 - - [10/Mar/2023:05:09:07 -0500] "HEAD /BLA/boletinlegal/ HTTP/1.1" 200 -
191.156.59.64 - - [10/Mar/2023:05:11:28 -0500] "GET /portaldeninos/ HTTP/1.1" 200 110197
191.156.61.183 - - [10/Mar/2023:05:11:29 -0500] "GET /portaldeninos/wp-content/themes/betheme/style.css?ver=20.9.6 HTTP/1.1" 200 287
191.156.49.198 - - [10/Mar/2023:05:11:29 -0500] "GET /portaldeninos/wp-content/uploads/useanyfont/uaf.css?ver=1589905315 HTTP/1.1" 200 408
191.156.63.5 - - [10/Mar/2023:05:11:29 -0500] "GET /portaldeninos/wp-content/plugins/gallery-videos/CSS/Total-Soft-Gallery-Video-Widget.css?ver=4.9.8 HTTP/1.1" 200 51554
191.156.58.199 - - [10/Mar/2023:05:11:29 -0500] "GET /portaldeninos/wp-content/themes/betheme/css/base.css?ver=20.9.6 HTTP/1.1" 200 57283
191.156.55.197 - - [10/Mar/2023:05:11:29 -0500] "GET /portaldeninos/wp-content/plugins/gallery-videos/CSS/totalsoft.css?ver=4.9.8 HTTP/1.1" 200 40622
191.156.63.5 - - [10/Mar/2023:05:11:29 -0500] "GET /portaldeninos/wp-content/themes/betheme/assets/jplayer/css/jplayer.blue.monday.css?ver=20.9.6 HTTP/1.1" 200 9834
191.156.59.64 - - [10/Mar/2023:05:11:29 -0500] "GET /portaldeninos/wp-content/themes/betheme/css/layout.css?ver=20.9.6 HTTP/1.1" 200 116639
191.156.49.198 - - [10/Mar/2023:05:11:29 -0500] "GET /portaldeninos/wp-content/themes/betheme/assets/animations/animations.min.css?ver=20.9.6 HTTP/1.1" 200 58508
191.156.55.197 - - [10/Mar/2023:05:11:29 -0500] "GET /portaldeninos/wp-content/themes/betheme/assets/ui/jquery.ui.all.css?ver=20.9.6 HTTP/1.1" 200 18765
191.156.63.5 - - [10/Mar/2023:05:11:29 -0500] "GET /portaldeninos/wp-content/plugins/popup-maker/assets/css/site.min.css?ver=1.8.14 HTTP/1.1" 200 8260
191.156.59.64 - - [10/Mar/2023:05:11:29 -0500] "GET /portaldeninos/wp-content/plugins/google-analytics-for-wordpress/assets/js/frontend-gtag.min.js?ver=8.5.0 HTTP/1.1" 200 11801
191.156.63.5 - - [10/Mar/2023:05:11:29 -0500] "GET /portaldeninos/wp-includes/js/jquery/jquery-migrate.min.js?ver=1.4.1 HTTP/1.1" 200 10056
191.156.49.198 - - [10/Mar/2023:05:11:29 -0500] "GET /portaldeninos/wp-includes/js/jquery/ui/core.min.js?ver=1.11.4 HTTP/1.1" 200 4000
191.156.59.64 - - [10/Mar/2023:05:11:29 -0500] "GET /portaldeninos/wp-content/plugins/gallery-videos/JS/modernizr.custom.js?ver=4.9.8 HTTP/1.1" 200 9019
191.156.61.183 - - [10/Mar/2023:05:11:29 -0500] "GET /portaldeninos/wp-content/themes/betheme/css/shortcodes.css?ver=20.9.6 HTTP/1.1" 200 138889
191.156.58.199 - - [10/Mar/2023:05:11:29 -0500] "GET /portaldeninos/wp-content/themes/betheme/css/responsive.css?ver=20.9.6 HTTP/1.1" 200 55740
191.156.59.64 - - [10/Mar/2023:05:11:29 -0500] "GET /portaldeninos/wp-includes/js/wp-emoji-release.min.js?ver=4.9.8 HTTP/1.1" 200 12026
191.156.49.198 - - [10/Mar/2023:05:11:29 -0500] "GET /portaldeninos/wp-content/plugins/gallery-videos/JS/Total-Soft-Gallery-Video-Widget.js?ver=4.9.8 HTTP/1.1" 200 80264
191.156.63.5 - - [10/Mar/2023:05:11:30 -0500] "GET /portaldeninos/wp-includes/js/jquery/ui/widget.min.js?ver=1.11.4 HTTP/1.1" 200 6908
191.156.63.5 - - [10/Mar/2023:05:11:30 -0500] "GET /portaldeninos/wp-includes/js/jquery/ui/mouse.min.js?ver=1.11.4 HTTP/1.1" 200 3148
191.156.55.197 - - [10/Mar/2023:05:11:29 -0500] "GET /portaldeninos/wp-includes/js/jquery/jquery.js?ver=1.12.4 HTTP/1.1" 200 97184
191.156.63.5 - - [10/Mar/2023:05:11:30 -0500] "GET /portaldeninos/wp-includes/js/jquery/ui/sortable.min.js?ver=1.11.4 HTTP/1.1" 200 24899
191.156.55.197 - - [10/Mar/2023:05:11:30 -0500] "GET /portaldeninos/wp-includes/js/jquery/ui/tabs.min.js?ver=1.11.4 HTTP/1.1" 200 12110
191.156.63.5 - - [10/Mar/2023:05:11:30 -0500] "GET /portaldeninos/wp-includes/js/jquery/ui/accordion.min.js?ver=1.11.4 HTTP/1.1" 200 8584
191.156.49.198 - - [10/Mar/2023:05:11:30 -0500] "GET /portaldeninos/wp-content/themes/betheme/js/menu.js?ver=20.9.6 HTTP/1.1" 200 2449
191.156.59.64 - - [10/Mar/2023:05:11:30 -0500] "GET /portaldeninos/wp-content/themes/betheme/assets/animations/animations.min.js?ver=20.9.6 HTTP/1.1" 200 1896
191.156.63.5 - - [10/Mar/2023:05:11:30 -0500] "GET /portaldeninos/wp-includes/js/jquery/ui/position.min.js?ver=1.11.4 HTTP/1.1" 200 6527
191.156.49.198 - - [10/Mar/2023:05:11:30 -0500] "GET /portaldeninos/wp-includes/js/wp-embed.min.js?ver=4.9.8 HTTP/1.1" 200 1398
191.156.58.199 - - [10/Mar/2023:05:11:30 -0500] "GET /portaldeninos/wp-content/themes/betheme/assets/jplayer/jplayer.min.js?ver=20.9.6 HTTP/1.1" 200 52702
191.156.61.183 - - [10/Mar/2023:05:11:30 -0500] "GET /portaldeninos/wp-content/themes/betheme/js/scripts.js?ver=20.9.6 HTTP/1.1" 200 77162
191.156.59.64 - - [10/Mar/2023:05:11:30 -0500] "GET /portaldeninos/wp-content/plugins/popup-maker/assets/js/site.min.js?defer&ver=1.8.14 HTTP/1.1" 200 48457
191.156.61.183 - - [10/Mar/2023:05:11:30 -0500] "GET /portaldeninos/wp-content/uploads/2021/06/titulo-miambiente-ni%C3%B1os.png HTTP/1.1" 200 11944
191.156.63.5 - - [10/Mar/2023:05:11:30 -0500] "GET /portaldeninos/wp-content/themes/betheme/fonts/mfn-icons.woff?93978679 HTTP/1.1" 200 80932
191.156.49.198 - - [10/Mar/2023:05:11:30 -0500] "GET /portaldeninos/wp-content/uploads/2021/06/titulo-cabezote-ni%C3%B1os.png HTTP/1.1" 200 64425
191.156.58.199 - - [10/Mar/2023:05:11:30 -0500] "GET /portaldeninos/wp-content/uploads/2019/08/Logo-Ambientic.png HTTP/1.1" 200 22941
191.156.55.197 - - [10/Mar/2023:05:11:30 -0500] "GET /portaldeninos/wp-content/themes/betheme/js/plugins.js?ver=20.9.6 HTTP/1.1" 200 197151
191.156.55.197 - - [10/Mar/2023:05:11:31 -0500] "GET /portaldeninos/wp-content/uploads/2021/06/titulo-videos-ni%C3%B1os.png HTTP/1.1" 200 10502
191.156.55.197 - - [10/Mar/2023:05:11:31 -0500] "GET /portaldeninos/wp-content/uploads/2021/06/titulo-humedales-ni%C3%B1os.png HTTP/1.1" 200 13361
191.156.59.64 - - [10/Mar/2023:05:11:30 -0500] "GET /portaldeninos/wp-content/uploads/2018/10/oso.jpg HTTP/1.1" 200 305180
191.156.58.199 - - [10/Mar/2023:05:11:31 -0500] "GET /portaldeninos/wp-content/uploads/2018/11/caneca.jpg HTTP/1.1" 200 262661
191.156.63.5 - - [10/Mar/2023:05:11:31 -0500] "GET /portaldeninos/wp-content/uploads/2020/01/Tierra-escenario.jpg HTTP/1.1" 200 181491
191.156.58.199 - - [10/Mar/2023:05:11:31 -0500] "GET /portaldeninos/wp-content/uploads/2020/05/fb.jpg HTTP/1.1" 200 9893
191.156.63.5 - - [10/Mar/2023:05:11:31 -0500] "GET /portaldeninos/wp-content/uploads/2020/05/ig.jpg HTTP/1.1" 200 11470
191.156.49.198 - - [10/Mar/2023:05:11:31 -0500] "GET /portaldeninos/wp-content/uploads/2018/11/tigrillo.jpg HTTP/1.1" 200 402961
191.156.63.5 - - [10/Mar/2023:05:11:31 -0500] "GET /portaldeninos/wp-content/uploads/2020/06/yt.jpg HTTP/1.1" 200 10577
191.156.58.199 - - [10/Mar/2023:05:11:31 -0500] "GET /portaldeninos/wp-content/uploads/2020/06/tw.jpg HTTP/1.1" 200 11056
191.156.49.198 - - [10/Mar/2023:05:11:31 -0500] "GET /portaldeninos/wp-content/themes/betheme/images/box_shadow.png HTTP/1.1" 200 108
191.156.63.5 - - [10/Mar/2023:05:11:31 -0500] "GET /portaldeninos/wp-content/themes/betheme/images/stripes/stripes_3_b.png HTTP/1.1" 200 974
191.156.59.64 - - [10/Mar/2023:05:11:31 -0500] "GET /portaldeninos/wp-content/uploads/2022/08/Infograf%C3%ADa-humedales-actualizada.png HTTP/1.1" 200 588022
191.156.63.5 - - [10/Mar/2023:05:11:32 -0500] "GET /portaldeninos/wp-json/pum/v1/analytics/?event=open&pid=1126&_cache=1678443067073 HTTP/1.1" 204 -
191.156.61.183 - - [10/Mar/2023:05:11:30 -0500] "GET /portaldeninos/wp-content/uploads/2020/01/Frailejon-escenario.jpg HTTP/1.1" 200 357472
181.32.183.111 - - [10/Mar/2023:05:11:36 -0500] "GET /mujeres-que-reverdecen-secretaria-de-ambiente-anuncia-el-inicio-de-la-tercera-fase.html HTTP/1.1" 200 954
201.245.192.253 - - [10/Mar/2023:05:11:37 -0500] "POST /forms/lservlet;jsessionid=ac16012b30d67bff702716e842178b2cc4f6264076e8.e3iSbxaKaheRe38KbhmObhePahv0n6jAmljGr5XDqQLvpAe HTTP/1.1" 200 2
172.22.2.4 - - [10/Mar/2023:05:09:57 -0500] "GET /BLA/boletinlegal/ HTTP/1.1" 200 58297
191.156.49.198 - - [10/Mar/2023:05:11:31 -0500] "GET /portaldeninos/wp-content/uploads/2022/01/Conoce-lo-que-hace-la-Secretar%C3%ADa-de-Ambiente.mp4 HTTP/1.1" 206 6599959
191.156.55.197 - - [10/Mar/2023:05:11:31 -0500] "GET /portaldeninos/wp-content/uploads/2022/08/HUmedalConejera03-1.jpg HTTP/1.1" 200 12388495
191.156.58.199 - - [10/Mar/2023:05:11:31 -0500] "GET /portaldeninos/wp-content/uploads/2019/06/CabezoteAMBIENTIC.mp4 HTTP/1.1" 206 21051622
172.22.2.4 - - [10/Mar/2023:05:11:58 -0500] "GET /BLA/boletinlegal/owa/auth/logon.aspx HTTP/1.1" 404 1018
172.22.2.4 - - [10/Mar/2023:05:12:00 -0500] "GET /BLA/boletinlegal/ecp/Current/exporttool/microsoft.exchange.ediscovery.exporttool.application HTTP/1.1" 404 1018
201.245.192.253 - - [10/Mar/2023:05:12:14 -0500] "POST /kwsrmcab/Wsrmcab  HTTP/1.1" 200 213
191.95.34.21 - - [10/Mar/2023:05:12:29 -0500] "GET /mujeres-que-reverdecen-secretaria-de-ambiente-anuncia-el-inicio-de-la-tercera-fase.html HTTP/1.1" 200 954
216.245.221.92 - - [10/Mar/2023:05:13:10 -0500] "HEAD / HTTP/1.1" 200 -
186.102.97.129 - - [10/Mar/2023:05:13:22 -0500] "GET /mujeres-que-reverdecen-secretaria-de-ambiente-anuncia-el-inicio-de-la-tercera-fase.html HTTP/1.1" 200 954
185.119.81.107 - - [10/Mar/2023:05:13:36 -0500] "GET /portaldeninos/wp-login.php HTTP/1.1" 200 2592
201.245.192.253 - - [10/Mar/2023:05:13:37 -0500] "POST /forms/lservlet;jsessionid=ac16012b30d67bff702716e842178b2cc4f6264076e8.e3iSbxaKaheRe38KbhmObhePahv0n6jAmljGr5XDqQLvpAe HTTP/1.1" 200 2
185.119.81.107 - - [10/Mar/2023:05:13:37 -0500] "POST /portaldeninos/wp-login.php HTTP/1.1" 200 3650
179.51.102.5 - - [10/Mar/2023:05:15:01 -0500] "GET /mujeres-que-reverdecen-secretaria-de-ambiente-anuncia-el-inicio-de-la-tercera-fase.html HTTP/1.1" 200 954
172.22.2.4 - - [10/Mar/2023:05:15:23 -0500] "GET /BLA/boletinlegal/owa/auth/x.js HTTP/1.1" 404 1018
