186.80.52.163 - - [11/Mar/2023:13:32:21 -0500] "GET /sipse/faces/javax.faces.resource/jquery/jquery.js?ln=primefaces&v=4.0 HTTP/1.1" 200 105384
186.80.52.163 - - [11/Mar/2023:13:32:21 -0500] "GET /sipse/faces/javax.faces.resource/layout/layout.js?ln=primefaces&v=4.0 HTTP/1.1" 200 87560
186.80.52.163 - - [11/Mar/2023:13:32:21 -0500] "GET /sipse/faces/javax.faces.resource/primefaces.js?ln=primefaces&v=4.0 HTTP/1.1" 200 276924
186.80.52.163 - - [11/Mar/2023:13:32:21 -0500] "GET /sipse/faces/javax.faces.resource/jquery/jquery-plugins.js?ln=primefaces&v=4.0 HTTP/1.1" 200 220526
186.80.52.163 - - [11/Mar/2023:13:32:23 -0500] "GET /sipse/faces/javax.faces.resource/images/ui-icons_898989_256x240.png?ln=primefaces-aristo HTTP/1.1" 200 5355
186.80.52.163 - - [11/Mar/2023:13:32:23 -0500] "GET /sipse/css/imagen/loginimg.png HTTP/1.1" 200 71635
186.80.52.163 - - [11/Mar/2023:13:32:23 -0500] "GET /sipse/css/imagen/logoSDG.png HTTP/1.1" 200 53064
186.80.52.163 - - [11/Mar/2023:13:32:25 -0500] "POST /sipse/faces/autenticacion.xhtml HTTP/1.1" 200 2217
186.80.52.163 - - [11/Mar/2023:13:32:25 -0500] "GET /sipse/faces/javax.faces.resource/messages/messages.png?ln=primefaces&v=4.0 HTTP/1.1" 200 27209
186.80.52.163 - - [11/Mar/2023:13:32:29 -0500] "POST /sipse/faces/autenticacion.xhtml HTTP/1.1" 200 16282
186.80.52.163 - - [11/Mar/2023:13:32:29 -0500] "GET /sipse/css/custom_css_sg_prime.css HTTP/1.1" 200 5201
186.80.52.163 - - [11/Mar/2023:13:32:29 -0500] "GET /sipse/faces/javax.faces.resource/layout/layout.css?ln=primefaces&v=4.0 HTTP/1.1" 304 -
186.80.52.163 - - [11/Mar/2023:13:32:29 -0500] "GET /sipse/faces/javax.faces.resource/theme.css?ln=primefaces-sipse HTTP/1.1" 304 -
186.80.52.163 - - [11/Mar/2023:13:32:29 -0500] "GET /sipse/faces/javax.faces.resource/primefaces.css?ln=primefaces&v=4.0 HTTP/1.1" 304 -
186.80.52.163 - - [11/Mar/2023:13:32:29 -0500] "GET /sipse/js/jquery.min.js HTTP/1.1" 200 85582
186.80.52.163 - - [11/Mar/2023:13:32:29 -0500] "GET /sipse/faces/javax.faces.resource/jquery/jquery.js?ln=primefaces&v=4.0 HTTP/1.1" 304 -
186.80.52.163 - - [11/Mar/2023:13:32:29 -0500] "GET /sipse/faces/javax.faces.resource/jquery/jquery-plugins.js?ln=primefaces&v=4.0 HTTP/1.1" 304 -
186.80.52.163 - - [11/Mar/2023:13:32:29 -0500] "GET /sipse/faces/javax.faces.resource/primefaces.js?ln=primefaces&v=4.0 HTTP/1.1" 304 -
186.80.52.163 - - [11/Mar/2023:13:32:30 -0500] "GET /sipse/faces/javax.faces.resource/layout/layout.js?ln=primefaces&v=4.0 HTTP/1.1" 304 -
186.80.52.163 - - [11/Mar/2023:13:32:30 -0500] "GET /sipse/css/imagen/contrasena.png HTTP/1.1" 404 383
186.80.52.163 - - [11/Mar/2023:13:32:30 -0500] "GET /sipse/imagenes/cargando.gif HTTP/1.1" 200 36959
186.80.52.163 - - [11/Mar/2023:13:32:30 -0500] "GET /sipse/imagenes/logoAplicacion.jpg HTTP/1.1" 200 155084
186.80.52.163 - - [11/Mar/2023:13:32:32 -0500] "GET /sipse/faces/javax.faces.resource/images/ui-bg_flat_0_2d5972_40x100.png?ln=primefaces-aristo HTTP/1.1" 304 -
186.80.52.163 - - [11/Mar/2023:13:32:32 -0500] "POST /sipse/faces/bienvenido.xhtml HTTP/1.1" 200 2658
186.80.52.163 - - [11/Mar/2023:13:32:33 -0500] "POST /sipse/faces/bienvenido.xhtml HTTP/1.1" 200 65269
186.80.52.163 - - [11/Mar/2023:13:32:37 -0500] "GET /sipse/faces/javax.faces.resource/layout/layout.css?ln=primefaces&v=4.0 HTTP/1.1" 304 -
186.80.52.163 - - [11/Mar/2023:13:32:37 -0500] "GET /sipse/faces/javax.faces.resource/theme.css?ln=primefaces-sipse HTTP/1.1" 304 -
186.80.52.163 - - [11/Mar/2023:13:32:37 -0500] "GET /sipse/faces/javax.faces.resource/primefaces.css?ln=primefaces&v=4.0 HTTP/1.1" 304 -
186.80.52.163 - - [11/Mar/2023:13:32:37 -0500] "GET /sipse/faces/javax.faces.resource/jquery/jquery.js?ln=primefaces&v=4.0 HTTP/1.1" 304 -
186.80.52.163 - - [11/Mar/2023:13:32:37 -0500] "GET /sipse/faces/javax.faces.resource/jquery/jquery-plugins.js?ln=primefaces&v=4.0 HTTP/1.1" 304 -
186.80.52.163 - - [11/Mar/2023:13:32:37 -0500] "GET /sipse/faces/javax.faces.resource/primefaces.js?ln=primefaces&v=4.0 HTTP/1.1" 304 -
186.80.52.163 - - [11/Mar/2023:13:32:37 -0500] "GET /sipse/faces/javax.faces.resource/layout/layout.js?ln=primefaces&v=4.0 HTTP/1.1" 304 -
186.80.52.163 - - [11/Mar/2023:13:32:38 -0500] "POST /sipse/faces/presentacion/financiero/solicitudProceso/listarSolicitudProceso.xhtml HTTP/1.1" 200 1560
173.252.79.18 - - [11/Mar/2023:13:32:41 -0500] "GET /images/ecosistema-dia-internacional-tierra-21-abril.jpg HTTP/1.1" 200 30098
216.245.221.92 - - [11/Mar/2023:13:33:05 -0500] "HEAD / HTTP/1.1" 200 -
173.252.95.17 - - [11/Mar/2023:13:33:20 -0500] "GET /dia-internacional-de-la-tierra-actividades-para-celebrar-esta-fecha-en-bogota.html HTTP/1.1" 206 879
186.80.52.163 - - [11/Mar/2023:13:33:22 -0500] "POST /sipse/faces/presentacion/financiero/solicitudProceso/listarSolicitudProceso.xhtml HTTP/1.1" 200 14373
186.80.52.163 - - [11/Mar/2023:13:33:34 -0500] "POST /sipse/faces/presentacion/financiero/solicitudProceso/listarSolicitudProceso.xhtml HTTP/1.1" 200 17149
186.80.52.163 - - [11/Mar/2023:13:33:36 -0500] "POST /sipse/faces/presentacion/financiero/solicitudProceso/listarSolicitudProceso.xhtml HTTP/1.1" 200 43626
186.80.52.163 - - [11/Mar/2023:13:33:37 -0500] "POST /sipse/faces/presentacion/financiero/solicitudProceso/listarSolicitudProceso.xhtml HTTP/1.1" 200 44141
186.155.73.148 - - [11/Mar/2023:13:34:42 -0500] "GET /mujeres-que-reverdecen-secretaria-de-ambiente-anuncia-el-inicio-de-la-tercera-fase.html HTTP/1.1" 200 954
172.22.2.4 - - [11/Mar/2023:13:33:04 -0500] "HEAD /BLA/boletinlegal/ HTTP/1.1" 200 -
201.208.146.211 - - [11/Mar/2023:13:35:08 -0500] "GET / HTTP/1.1" 200 319
201.245.192.253 - - [11/Mar/2023:13:35:14 -0500] "POST /kwsrmcab/Wsrmcab  HTTP/1.1" 200 213
172.22.2.4 - - [11/Mar/2023:13:33:55 -0500] "GET /BLA/boletinlegal/ HTTP/1.1" 200 57141
186.155.108.134 - - [11/Mar/2023:13:36:36 -0500] "GET /appsia/controlador HTTP/1.1" 200 4799
186.155.108.134 - - [11/Mar/2023:13:36:37 -0500] "GET /appsia/css/estilos.css HTTP/1.1" 200 4804
186.155.108.134 - - [11/Mar/2023:13:36:37 -0500] "GET /appsia/scripts/validarIngreso.js HTTP/1.1" 200 851
186.155.108.134 - - [11/Mar/2023:13:36:37 -0500] "GET /appsia/images/cabezoteHojaVida.png HTTP/1.1" 200 32493
186.155.108.134 - - [11/Mar/2023:13:36:37 -0500] "GET /appsia/images/logo_bogota_p.png HTTP/1.1" 200 14951
186.155.108.134 - - [11/Mar/2023:13:36:37 -0500] "GET /favicon.ico HTTP/1.1" 200 7782
186.155.108.134 - - [11/Mar/2023:13:36:45 -0500] "POST /appsia/controlador HTTP/1.1" 200 5437
173.252.107.116 - - [11/Mar/2023:13:36:46 -0500] "GET /camino-guadalupe-aguanoso-abierto-este-fin-de-semana-y-cerrado-los-primeros-dias-de-febrero-por-mantenimiento.html HTTP/1.1" 206 804
186.155.108.134 - - [11/Mar/2023:13:36:48 -0500] "POST /appsia/controlador HTTP/1.1" 200 7785
191.102.224.196 - - [11/Mar/2023:13:36:48 -0500] "GET /appsia/controlador HTTP/1.1" 200 4799
191.102.224.196 - - [11/Mar/2023:13:36:49 -0500] "GET /appsia/scripts/validarIngreso.js HTTP/1.1" 200 851
191.102.224.196 - - [11/Mar/2023:13:36:49 -0500] "GET /appsia/css/estilos.css HTTP/1.1" 200 4804
191.102.224.196 - - [11/Mar/2023:13:36:50 -0500] "GET /appsia/images/cabezoteHojaVida.png HTTP/1.1" 200 32493
191.102.224.196 - - [11/Mar/2023:13:36:50 -0500] "GET /appsia/images/logo_bogota_p.png HTTP/1.1" 200 14951
186.155.108.134 - - [11/Mar/2023:13:36:50 -0500] "POST /appsia/controlador HTTP/1.1" 200 5244
186.155.108.134 - - [11/Mar/2023:13:36:51 -0500] "GET /appsia/controlador?comando=ingresarMenuPrincipal&id=79688645&funcionario=EDWIN+FERNANDO+LUGO+BARAHONA&desde=79688645&hasta=79688645&version=79688645&accion=Regresar HTTP/1.1" 200 5437
186.155.108.134 - - [11/Mar/2023:13:36:53 -0500] "POST /appsia/controlador HTTP/1.1" 200 7785
186.155.108.134 - - [11/Mar/2023:13:36:57 -0500] "POST /appsia/controlador HTTP/1.1" 200 5437
186.155.108.134 - - [11/Mar/2023:13:36:58 -0500] "POST /appsia/controlador HTTP/1.1" 200 7785
186.155.108.134 - - [11/Mar/2023:13:37:07 -0500] "POST /appsia/controlador HTTP/1.1" 200 6650
186.155.108.134 - - [11/Mar/2023:13:37:08 -0500] "POST /appsia/controlador HTTP/1.1" 200 13171
216.245.221.92 - - [11/Mar/2023:13:38:05 -0500] "HEAD / HTTP/1.1" 200 -
186.80.156.20 - - [11/Mar/2023:13:38:43 -0500] "GET /mujeres-que-reverdecen-secretaria-de-ambiente-anuncia-el-inicio-de-la-tercera-fase.html HTTP/1.1" 304 -
201.245.192.253 - - [11/Mar/2023:13:40:13 -0500] "POST /kwsrmcab/Wsrmcab  HTTP/1.1" 200 213
201.245.192.253 - - [11/Mar/2023:13:40:16 -0500] "POST /kwsrmcab/Wsrmcab HTTP/1.1" 200 42822
201.245.192.253 - - [11/Mar/2023:13:40:18 -0500] "POST /kwsrmcab/Wsrmcab HTTP/1.1" 200 42725
172.22.2.4 - - [11/Mar/2023:13:38:54 -0500] "HEAD /BLA/boletinlegal/ HTTP/1.1" 200 -
172.22.2.4 - - [11/Mar/2023:13:39:45 -0500] "GET /BLA/boletinlegal/ HTTP/1.1" 200 59296
201.221.172.32 - - [11/Mar/2023:13:41:45 -0500] "GET /mujeres-que-reverdecen-secretaria-de-ambiente-anuncia-el-inicio-de-la-tercera-fase.html HTTP/1.1" 200 954
185.119.81.102 - - [11/Mar/2023:13:41:49 -0500] "GET /portaldeninos/wp-login.php HTTP/1.1" 503 1037
186.155.17.193 - - [11/Mar/2023:13:42:39 -0500] "GET /mujeres-que-reverdecen-secretaria-de-ambiente-anuncia-el-inicio-de-la-tercera-fase.html HTTP/1.1" 200 954
191.156.187.183 - - [11/Mar/2023:13:42:59 -0500] "GET /mujeres-que-reverdecen-secretaria-de-ambiente-anuncia-el-inicio-de-la-tercera-fase.html HTTP/1.1" 200 954
216.245.221.92 - - [11/Mar/2023:13:43:05 -0500] "HEAD / HTTP/1.1" 200 -
191.156.52.224 - - [11/Mar/2023:13:44:14 -0500] "-" 408 -
201.245.192.253 - - [11/Mar/2023:13:45:12 -0500] "POST /kwsrmcab/Wsrmcab  HTTP/1.1" 200 213
186.102.7.150 - - [11/Mar/2023:13:46:04 -0500] "GET /kwssiamovil/sm/acme/a?s=U2FsdGVkX19dQNL8OfvYAv0cXh1E2vJSWElEl1uYz6CDxjGBznxjr8dOoCHKPmqe6H/gY9UT4/A5pXKKlNvdGX6sG5axPDpktGNWmicZMBerrajfbgCAr4Uor4JhBfPo4Kdpt0grZx2laTJt3YcbAN4kMJxg3uDLJ21cXol1HuR8vWFAEg8giWi3St0xuKL5aMBrBFECozBPVc0xF0dm9Bc2kwvPK9z1zrl7SLpgl591yKjne22fBp/r/nan0ZFlAqbcEuWD+8DdVZuYBmqD3w==&u=U2FsdGVkX1/aWtwl+o9taJYyk3A0ZVM1W77xQ/Ihtkmv3QYSTu/7Gh19mVuh3IJO&y=U2FsdGVkX1+0ITGiEM1XeGWM1BqXOdi/jueG+mioZ5JvtSPYNfN55d13IH6Ey2b8 HTTP/1.1" 200 26
186.102.7.150 - - [11/Mar/2023:13:46:07 -0500] "GET /kwssiamovil/sm/acme/a?s=U2FsdGVkX19bRm6+YjxT81dWy0cv8d1O3BmNUvvA1Qyzl7ISdCkOM0jWsKvPGqq59T7hN2IrDtzPDoFgXG+/mV6tdaK+tWCp8F83RnqjfH53hy9GjyPvGBGwaFBm3MuazPCSOtJShfyQm2Ltue4pCadND/iAPOdSffhInEK2+pULlv/5UrCiTBGunsGMe4LoQhAEFKnOGq0lulLasmlvTl30f9pXbr0h7LaZ/83y+eXw1VFr9KL+dNgg/H7zRuIGQ/PnHiIHGgOT3AZLogIaoTDnfmcbyIHJPZknBHKVF0qdGWikcgZdULdU8kgATHpLn5KaMgT83VVMMYlQAo2PZtZQEV8s9s944IrtQMdRy+C/ip0dFxiMXJnkh/DBxxS8O2wXMy4hxQC8S65Pow1JxgMcL+KYZmas5ph7qlviiiZY5ihMRPo0tr2Uu8vz4k3yCTjObciRnOGCqE/7zsnRFFQ5PRzaFNRrOylKzrxR+m+AJihiFzwcU82yXKmvnJ5UZDSFhkCceEdboUNsFJbj0dvfi71ye1ISvPnAdgBzcWvmg74wUafzzzI/wC8YN1gFPvPiBsiSbulemarxNarqQR83pY9FBhUlAXHWccpev8OIfsNV/7pdDNUyqck1CDM40jdB+qPAFs5HVqv/qaIybkPDX3+T3SwoChitJ2u7+5R4GZ5IvAvVpVnG2neuSKAuU+EfSu8oOE2grHhxxQdB0iFjWKiA3Ia3QjoOwMeoXNtgEQVG2m/tKqhSOw0ueXHDce9t5mYIcsCrhAM5BxFIITm5t0RLZnKCGktH1WcTLpt5m+6IagypXFgQIbzUFpaUjP5balODeV0d/AayTumKlAbUjwZlPPqPChO9MEKrBSLlTKhtn60SMP88DVXMUeVZKO50/6q1U+SQrTTo842ZDEz4y+lt4iXOSssHR1vXB5gdzowX4bpNYKNB6H1e4IUaJ7my5Ed4Mo1x9QzozeJzWKh6sWwOPsY3++GhcCqh/cm5WWs3lnHPSumZiTQ3PU92Vc6bs7vfOr8ylE6i0wBEUCh/x0x9M6Rf807d11juBgfrKBpfz6i2/D2yUA+9jQo+YGuK94pgjdnwPAlx8nd560w5KVohUt847H3y7W+EHiMUeohN+9QWfbEA4ZXKAdUlE5m3t/b3X7yg5LTA8yWVwsylgVMJd7OAq8blY9Ji+LQqiXt7HtuYcwrbFKGhaUcRGhVCgwqW/013mxqk8WF1tkBpdrVWIp9WwfRA3ha4QB/r6vmn6QCMO3gXBdHTWVbJFKP6HBwFxQP1kKMYEKpcR1YBRTiEbFdYdxxVNPRXY7ufkAwbSBcQ/eqqDp78wfUO++Jmj5OVQzfFtE5hTm2wGRk6XbLPsjIAdP3xV9nVMaCP7O57u48o/MC6E2K+D7wT84YjHCB6no94Qb/r8WTa+VgZJJ4+bUw6ex4/uNWl/xkbQvAOKQWfUpfU0VHkBFhk4MW16MdwqovW3aC2BKdplg2nrfiBgQqhAmYIBy7LGvkJWcXtddT4pgqu4gEtOQu+cQKRBQZCFx84rGX+N/No6+vbDFP3OZQxeZyu6q78KakUmupFIZDJZsdFi9DexBlWE+68slTFULvB7X3PAJ646BGWntiqwpRwz6Dd5aL2D+n8vnRxMjzm9HTZ7U5zBAa/dZjF2/aGJ/Hllv+zhIv2tyce44RJF5TsdYEDL363s+utsmKWfFnOZSbHf743hz2Xj47KvC7gPML2D/65uvIdvybeB2h8F3m6VB53TvVcgEDXolrvwgGU/VVXCyhWitpKZEKVKzfl5wMKYsTwkf0LUpRF7LaYChU91kkc0bAjHatgS9c4hQAfVvAOxAk0Gbg59ms8zEw3Ys+YJF09xeKwPXCw+JgwomR8+YD5UjXn0m727UpvGremi5hzamCsTDQ8s0fz4IfxQeNiXE+E2TdvvZ5gGNx6YQ2WYGZIvn3FwysarToyaVSugKo2Uom0wTeWd+Fm4lQn6+gqcormIPI0j8Ie5MO9vE66aVSKOXE9ILCH0xj3k19CntcmG19kNKGryMt8luZ3d6IZ3GotVVyf86grNk6jmxwvhbdqlrmisgYL2xQN5GoGL592mbhoT3mtm/TsSnuoD2VjOKgtpwgxXcQiTHQtviR3w+JTOWN4ZFI4nGwYUQQa22DQMZaw8/sfRAvUnauk5a+ZyYK5xu00zGZR+PfVl39p7Y8VcVDEdX42ZqFNHodrAogBXQaC5MzgCirDdTIQGiqmX/7lzl0kJz58Iiw0+KGr6D+UPn/PU7FNRIkRhId61ur8AhxA6haJVz4XyQoVRSFY4H7UZrt0EFJM+A8nnVbag3zEb0y7zB6mVJUEeYUUuUOF+PmAUxRQTFpvWEppNT+kP1ZMklHtvitKkWkQir2OdRHOjssDgneCmBRqZ5btdwJEs+IJ11mreBeUb2ldIHADyZIAPkk5TmCVrY4WS0e0eGmdDTSOMiVAd4AZ2qvuhaqylWcJ2q9lq8yK4MLpJ21TbfQhe6kOzFWEnismyUwt8TbKtgtU4Md4RKSIhL7RBsgvTiZcZ2rITZ+RYyFIsXaWRv4IYW6KJj6z+rWN0f9vS25wa9VYgtewr85OCELct5fTDcxRgugE2K02JbdRjZs7qh88INadUl5qraVDlFmrZR25Hrctc1SkHR9x3FwK2sspOUiWD+7emIAdHIM6y81KcAB9nd4xGB6pbazkdYtnfICgLP7zYciArmb3szCr6H9fbYIpl+bayezhXLdbCA56Bui2FJ9z5LoD6D2+yUvEBixDjdPQ92yKX3P3JGesx3kWCZDSYtOpCZ8vs2IJyEu1MSXuzfa15QizRArncN95unkog/T+jXjtvTJM4eBCG+TWn5TyUb3F0veuMw8Iyt/2UJPfkiBwPk6sWXBTbbY6PXDbFi0gjS8w4GzkUUBGExVXSoLFaGHbSjfpnqszQc1Gs3xWdWiApdk1ykoT/EcmQXHHGq+1CBWkJT5XYaa3Evx0pVViOl1q/mREePGlSgEKSRFZTLlB/4BSI2TQCCQHu9bKtTHdMdKBD0U0zwJmD36FrLcAjeteTleuS71P2yuQeMpvtvH3iZF3R2WO/kVKuwoVxCctIrPbT/qMw/cmibVVeHqHg2FN&u=U2FsdGVkX1/aWtwl+o9taJYyk3A0ZVM1W77xQ/Ihtkmv3QYSTu/7Gh19mVuh3IJO&y=U2FsdGVkX1+0ITGiEM1XeGWM1BqXOdi/jueG+mioZ5JvtSPYNfN55d13IH6Ey2b8 HTTP/1.1" 200 26
186.102.7.150 - - [11/Mar/2023:13:46:10 -0500] "GET /kwssiamovil/sm/acme/a?s=U2FsdGVkX1+9klkRc8L5nwlsDopQ6cZPTDNDXGekUQX/86SvTlW/7dqbv5HvYK1BmCpcFwOmpGO44EqVNqyyycbFYSLjqjZ8NH7l1dNAHxKkqBia9nLfBj3QnBTv7N5xuOGUUQZU+bjUTZXma+XUZp6jGC9BzUGCMqnzCriF3XI=&u=U2FsdGVkX1/aWtwl+o9taJYyk3A0ZVM1W77xQ/Ihtkmv3QYSTu/7Gh19mVuh3IJO&y=U2FsdGVkX1+0ITGiEM1XeGWM1BqXOdi/jueG+mioZ5JvtSPYNfN55d13IH6Ey2b8 HTTP/1.1" 200 26
186.102.7.150 - - [11/Mar/2023:13:46:14 -0500] "GET /kwssiamovil/sm/acme/a?s=U2FsdGVkX18WrAXHWejjFNEcldD3AAlokz2MwOCFkp6Gtu4f+yqd5A9yCmufnvKZUx8ZO3vtcrfkdciNSz4OEvilHp8oJZ1oguoMQ+/pjaNcBnpuZ1ecLVDob5PlPaV8tzqtyftfIr5QCZlcK+Me8o2Q5qAwdVXXHz+01ywD5ic=&u=U2FsdGVkX1/aWtwl+o9taJYyk3A0ZVM1W77xQ/Ihtkmv3QYSTu/7Gh19mVuh3IJO&y=U2FsdGVkX1+0ITGiEM1XeGWM1BqXOdi/jueG+mioZ5JvtSPYNfN55d13IH6Ey2b8 HTTP/1.1" 200 26
186.102.7.150 - - [11/Mar/2023:13:46:17 -0500] "GET /kwssiamovil/sm/acme/a?s=U2FsdGVkX18PKVBLz0eRkx6NdAFSaFJgKGOtgFtvVlIYJK81JqqA7Xog94XoVbj7tfgP7gXTrDCW/Vz3J/Zyebu70hO+JxBTl5cBWsEzxKzJWhnAaXOf2s6AWXM+BPLDSE8Ysuca+LA9AiwRs3G35zMv69e4RJnDdtIezNW1VAY=&u=U2FsdGVkX1/aWtwl+o9taJYyk3A0ZVM1W77xQ/Ihtkmv3QYSTu/7Gh19mVuh3IJO&y=U2FsdGVkX1+0ITGiEM1XeGWM1BqXOdi/jueG+mioZ5JvtSPYNfN55d13IH6Ey2b8 HTTP/1.1" 200 26
186.102.7.150 - - [11/Mar/2023:13:46:20 -0500] "GET /kwssiamovil/sm/acme/a?s=U2FsdGVkX18tqAd1/0SoyGqbMAnKZC9mV/ag7DzOrG5bqfM6yXBSf357Xz6sHHa4PUSKQ5o8l7imG3cVNncbRhOmrx//Nf1rOxvPkCbdaqaZ64weAXB17xWbOOas+l75t+n1pmjYbVmThZKyZtEJC4jgYaIedHhzRtTteZzFVEZi+KAzFP7r2kQ0k3MwRx45da7KdiBQ/CH0UXZWaLXOQg==&u=U2FsdGVkX1/aWtwl+o9taJYyk3A0ZVM1W77xQ/Ihtkmv3QYSTu/7Gh19mVuh3IJO&y=U2FsdGVkX1+0ITGiEM1XeGWM1BqXOdi/jueG+mioZ5JvtSPYNfN55d13IH6Ey2b8 HTTP/1.1" 200 26
172.22.2.4 - - [11/Mar/2023:13:44:44 -0500] "HEAD /BLA/boletinlegal/ HTTP/1.1" 200 -
172.22.2.4 - - [11/Mar/2023:13:45:35 -0500] "GET /BLA/boletinlegal/ HTTP/1.1" 200 57551
40.77.167.140 - - [11/Mar/2023:13:47:55 -0500] "GET /bla/resoluciones/resoluciones%202019/0056.pdf HTTP/1.1" 200 328951
216.245.221.92 - - [11/Mar/2023:13:48:05 -0500] "HEAD / HTTP/1.1" 200 -
201.245.192.253 - - [11/Mar/2023:13:50:11 -0500] "POST /kwsrmcab/Wsrmcab  HTTP/1.1" 200 213
190.60.254.240 - - [11/Mar/2023:13:52:04 -0500] "GET /mujeres-que-reverdecen-secretaria-de-ambiente-anuncia-el-inicio-de-la-tercera-fase.html HTTP/1.1" 200 954
172.22.2.4 - - [11/Mar/2023:13:50:34 -0500] "HEAD /BLA/boletinlegal/ HTTP/1.1" 200 -
186.155.72.156 - - [11/Mar/2023:13:52:43 -0500] "GET /mujeres-que-reverdecen-secretaria-de-ambiente-anuncia-el-inicio-de-la-tercera-fase.html HTTP/1.1" 200 954
172.22.2.4 - - [11/Mar/2023:13:51:25 -0500] "GET /BLA/boletinlegal/ HTTP/1.1" 200 57551
216.245.221.92 - - [11/Mar/2023:13:53:05 -0500] "HEAD / HTTP/1.1" 200 -
201.245.192.253 - - [11/Mar/2023:13:55:09 -0500] "POST /kwsrmcab/Wsrmcab  HTTP/1.1" 200 213
208.100.26.236 - - [11/Mar/2023:13:55:17 -0500] "GET / HTTP/1.1" 200 319
152.203.212.48 - - [11/Mar/2023:13:55:44 -0500] "OPTIONS /kwssiamovil/sm/setfile/f? HTTP/1.1" 200 13
152.203.212.48 - - [11/Mar/2023:13:55:44 -0500] "POST /kwssiamovil/sm/setfile/f? HTTP/1.1" 200 381
152.203.212.48 - - [11/Mar/2023:13:55:46 -0500] "OPTIONS /kwssiamovil/sm/setfile/f? HTTP/1.1" 200 13
152.203.212.48 - - [11/Mar/2023:13:55:46 -0500] "POST /kwssiamovil/sm/setfile/f? HTTP/1.1" 200 381
152.203.212.48 - - [11/Mar/2023:13:55:49 -0500] "OPTIONS /kwssiamovil/sm/setfile/f? HTTP/1.1" 200 13
152.203.212.48 - - [11/Mar/2023:13:55:49 -0500] "POST /kwssiamovil/sm/setfile/f? HTTP/1.1" 200 381
152.203.212.48 - - [11/Mar/2023:13:55:53 -0500] "OPTIONS /kwssiamovil/sm/setfile/f? HTTP/1.1" 200 13
152.203.212.48 - - [11/Mar/2023:13:55:53 -0500] "POST /kwssiamovil/sm/setfile/f? HTTP/1.1" 200 381
152.203.212.48 - - [11/Mar/2023:13:55:56 -0500] "OPTIONS /kwssiamovil/sm/setfile/f? HTTP/1.1" 200 13
152.203.212.48 - - [11/Mar/2023:13:55:56 -0500] "POST /kwssiamovil/sm/setfile/f? HTTP/1.1" 200 381
152.203.212.48 - - [11/Mar/2023:13:56:08 -0500] "GET /kwssiamovil/sm/acme/a?s=U2FsdGVkX1882qzU8mhUXNVSn6uT+TXB115sj8HXQyy/An6wSNkNnaBfe/VYwqxEps92a6dv5PD5f2XCRvaBMOY1hc26/7GKehxo5sqJ0eTG8BU/c4kl1O7NAH8ulG0JyBGn0kRMoMQpGYlr3ss5CrOiuvx5s4pMyIZmf8JaDuEdBrjkWf3tm2y+jRZOYULB4aVG5tHnLK1y3eJdym0Bt9igxn7pDj4JJW/VVQXo0I7rsfcPgI8zyzFX6MyzcwVtGSraSGZESNXwt1brRUTK7w==&u=U2FsdGVkX18qXWIdF7Gs+i5KUNbOZ3twac8cVYd1xp0uZMoj/1T1TTdH4Zn9ecAK&y=U2FsdGVkX19QSMlDecQqhqaVa4wD1SjED5+IeGTq0QQkPtgpV/DTYuETsPDGqxRl HTTP/1.1" 200 26
152.203.212.48 - - [11/Mar/2023:13:56:08 -0500] "GET /kwssiamovil/sm/acme/a?s=U2FsdGVkX19eiZgwmgdVOyU3jbRxWiHnkOBzg/1GcbeMYeF0dtFKB5lJoz08qnvUEr6+XqH1In1zYYTYDLKdHRKCpi1Z+oU6fOZhsBmMkHbzYDHNXCblRPehOYMC/42lx/YhFGZdwZsMU9Bkosbe5aDjB5Tu9PweW3o9Xi9u2PdrQrcjacOGMm/Nixr5M12t/QFIWJWnEC0tQszHNvByNVkFiyrJzGat/5A/s9vDJZF54hs8POz60d2i/mrwlR6scQhXgZF8A6TsYaaX0efdYskp26nBdzFxbZQKWAuFghSS25mi1f0yJ7Q/GmnO0JBtOfbV2HRu8XQD8JnOJU6JMw1M4KQ6y1BEZRKK6rxGLlh5kc6z8MvTxzUzsqDSn0dCMrkziBpy02P4ds32WnCVZoEH87+X/GYTnkDT+PCOYFM3cfG60TJQRZMqxFRGcCCvvUerdWn1TCWlp89iuycY7eEaS2cl/ZnyNzK4RGDbU7EWJorVqVAegy18+EW8vKuiNjS9c3t+pLzAdQbTInEtaSzMidUoSdifJjZvDSnTB5XWhkPl2Yn7aSxf4PediGTlnnV/p6Y5UhlN1cHZ4WLKU4tWaI3XzPSoKebIhR569ky/FUPq1se2MXMuOrKoOcl81YBCkUtiNK3R98gkpmN2RTLJxuQ1DC92dILY/CuvWwF2iSYjh/W/be3Ia3k7kQu4QK43SnHmyCS+pETLaml0QSNGzJikZTmX3OvCSpqGvyIcrswyFkJTM61SXEgM5As2eQvwlYajM8Nz46kEmWjgJXkqx+Y8owKd34agRjqbfza1KpnKdBilsJPTEFiYhwGeeNlprBRKodWnkoMIG8IWvYb+NOyKKgiWnOlqf2MJ1EEvgbWfZgI6lsPLv1K1l0bidNj/BDfM/s5xxO62WzjN+f7N/8I+2XaHu4MqJCQ7EjPYaLjzuqJdJGItbR6lb9Dy/Ti4v/+NQs/tLsWxKQf9tDFrG9QtN2Rc5JG+RXvGm4ei2Q6hjrYUi7bWbwZw/bHssQvGZgrJ8+zhTavoQ/hj1/FQ6r1sfjzsgpUNrXU1cKOu36FepiNaJ5H5MtDJZdXZXQRQ01ErBVowF9akjIP/RYkp1DaBavRILaYgheKvK+GfMY3CnGZjAyEiVp1THnBE7znSLR8/FfqwTek4RN0pRGf6VcUeFQqJjACCVhv8J4E3xwbBXqh/qe01ul1vLsDyMONf/b1TGASVSY6+IV8avRuY6TV34Vfq9TqbUQOrIHPJfC/rlqB/0tGIL1gGQ7LWKoCA44VNNun5B7rCDQ5vj1F2JgZF7GETeS4tcGxPH0FJ29x7qLVL5+7nIszZiybpg4PrMrjd8aIQN66VcgeQgg==&u=U2FsdGVkX18qXWIdF7Gs+i5KUNbOZ3twac8cVYd1xp0uZMoj/1T1TTdH4Zn9ecAK&y=U2FsdGVkX19QSMlDecQqhqaVa4wD1SjED5+IeGTq0QQkPtgpV/DTYuETsPDGqxRl HTTP/1.1" 200 26
152.203.212.48 - - [11/Mar/2023:13:56:09 -0500] "GET /kwssiamovil/sm/acme/a?s=U2FsdGVkX19Ubpf+HPP737PyuqWLxXzzRAClxwf+wImIWLvCtobL8u/I0isoSQ6+a6B6IFTZr0Wjbmu7/DswTjNao2dmFTd9V23SbBkS2NzW0O4/z4RtF2tRGAni3NAMNGRWwl0TWg6f8zuyEfWUII+cL8ZdY6ILzJWyGDI7s9w=&u=U2FsdGVkX18qXWIdF7Gs+i5KUNbOZ3twac8cVYd1xp0uZMoj/1T1TTdH4Zn9ecAK&y=U2FsdGVkX19QSMlDecQqhqaVa4wD1SjED5+IeGTq0QQkPtgpV/DTYuETsPDGqxRl HTTP/1.1" 200 26
152.203.212.48 - - [11/Mar/2023:13:56:09 -0500] "GET /kwssiamovil/sm/acme/a?s=U2FsdGVkX18TP3Q9gaJ0gkxXws6kstiMlpdpRdObbY11e595wek9AAczL5bN41NyGy3Ap+gNoyC488czUJ0pjeno+WHFrchOovpMqsSqe2sCAK6uaaoue/R9pYm7vU8Rv5Iu3Xk5SKLIpaM1CRgiVKxPeQIhlvO/noniayWqqcA=&u=U2FsdGVkX18qXWIdF7Gs+i5KUNbOZ3twac8cVYd1xp0uZMoj/1T1TTdH4Zn9ecAK&y=U2FsdGVkX19QSMlDecQqhqaVa4wD1SjED5+IeGTq0QQkPtgpV/DTYuETsPDGqxRl HTTP/1.1" 200 26
152.203.212.48 - - [11/Mar/2023:13:56:09 -0500] "GET /kwssiamovil/sm/acme/a?s=U2FsdGVkX1+BPrLko1V75/HYGHUZwhsqm3cidsbWKivTB+9/7MpFc2rZCrs/P+vqWdC+XpP1UXv76XIoApKkCi2PSsxBB1suojS0pOYy+y7A47zgDQU9hav728lUWxivXaVQA6GfsH7XmDv5uBikWpu/YEnheVKBYDEGXEhQmnE=&u=U2FsdGVkX18qXWIdF7Gs+i5KUNbOZ3twac8cVYd1xp0uZMoj/1T1TTdH4Zn9ecAK&y=U2FsdGVkX19QSMlDecQqhqaVa4wD1SjED5+IeGTq0QQkPtgpV/DTYuETsPDGqxRl HTTP/1.1" 200 26
152.203.212.48 - - [11/Mar/2023:13:56:09 -0500] "GET /kwssiamovil/sm/acme/a?s=U2FsdGVkX19408ftskLFyTfEEoo5kGszZ1QtL/3kW6rPftelZfHIXurafvOFpixNqNZUiihHOvPxXkDqWI2WXkP749FKCVHKr7kPtgMA4qycnI48G+HF5tnFzGfFTxoQ8zdwYBnzrQBkzcMMEI4sGL2cmxdLi95sj+Ol97jLU2z2O1TFbZokwRMaFLwqLIj1fXk6WNgYW/AxlaX4J668ug==&u=U2FsdGVkX18qXWIdF7Gs+i5KUNbOZ3twac8cVYd1xp0uZMoj/1T1TTdH4Zn9ecAK&y=U2FsdGVkX19QSMlDecQqhqaVa4wD1SjED5+IeGTq0QQkPtgpV/DTYuETsPDGqxRl HTTP/1.1" 200 26
152.203.212.48 - - [11/Mar/2023:13:56:10 -0500] "GET /kwssiamovil/sm/acme/a?s=U2FsdGVkX1/q8scMAtKsnIJf84Ov2ImVMbmv5tb0Y+xjXqiBaoTRxyQSLhfQ/wiDLEUefeiJfSZOShVcluMIKN6kO0RLb39kNCnVCKqkbLKaB4quFBPBKtU7LzEqcgF84XN3HNQnxQlqhNar2pTl2QbQdz2U1/3j00E3/hraj5hrOLcLiQV6fd1cl3pfY1wcu9lajg1vbl1bI/gStDHh7w==&u=U2FsdGVkX18qXWIdF7Gs+i5KUNbOZ3twac8cVYd1xp0uZMoj/1T1TTdH4Zn9ecAK&y=U2FsdGVkX19QSMlDecQqhqaVa4wD1SjED5+IeGTq0QQkPtgpV/DTYuETsPDGqxRl HTTP/1.1" 200 26
152.203.212.48 - - [11/Mar/2023:13:56:10 -0500] "GET /kwssiamovil/sm/acme/a?s=U2FsdGVkX1/PmEpmYPZY0p63jjQQlwhxIwfJIoBv78w0I0Ck8TMpbwWvX7ZDzheGlk8+3K7Zgza69IFF77APB5xemPDfqW7M1jwCBxQhl8nC+kB65bxuQfdqVyxnm8D7UgO2psJ3zpUTxrJD2lq95O67CjSYwdwBMXOUPscTQ6AFeXyRlAuP5ITPLfX04gZM&u=U2FsdGVkX18qXWIdF7Gs+i5KUNbOZ3twac8cVYd1xp0uZMoj/1T1TTdH4Zn9ecAK&y=U2FsdGVkX19QSMlDecQqhqaVa4wD1SjED5+IeGTq0QQkPtgpV/DTYuETsPDGqxRl HTTP/1.1" 200 26
152.203.212.48 - - [11/Mar/2023:13:56:10 -0500] "GET /kwssiamovil/sm/acme/a?s=U2FsdGVkX18cOXKY2INYSypjQipSg+moJqDkMoGCpoI1kCLcdji4zgcv2IO/Kwb7EA5dDI8qa1QOjisVahdf5eNZXiSxC1SL+147u/q2A1Xhqe1tOBvp+wuZclsvyVy7vROTsLd9RlEmK+8vlAAENXDzk3LjdlqSXbaLujmucoL9FImkFRnEDV53nKnsnRcb4TDIjNdGczevMRfOzCl9Vw==&u=U2FsdGVkX18qXWIdF7Gs+i5KUNbOZ3twac8cVYd1xp0uZMoj/1T1TTdH4Zn9ecAK&y=U2FsdGVkX19QSMlDecQqhqaVa4wD1SjED5+IeGTq0QQkPtgpV/DTYuETsPDGqxRl HTTP/1.1" 200 26
152.203.212.48 - - [11/Mar/2023:13:56:10 -0500] "GET /kwssiamovil/sm/acme/a?s=U2FsdGVkX1+YG/XXbJaH+3mXR4f9DUlLtJvx5txA9qvf1OoXMUPKgPNoTYmoBjh4t3vB5nnD954cW2ka/uX1cQ5SnYH0hIDb7pCeM9+wguisVJ5RORAquyzfmPDwSEy+bEfkpl+rd7cO2sBbyhz5pBrAzd04h9TZ4Aj+LAJsccLMI9972AdI6tuiSnwdx5fA&u=U2FsdGVkX18qXWIdF7Gs+i5KUNbOZ3twac8cVYd1xp0uZMoj/1T1TTdH4Zn9ecAK&y=U2FsdGVkX19QSMlDecQqhqaVa4wD1SjED5+IeGTq0QQkPtgpV/DTYuETsPDGqxRl HTTP/1.1" 200 26
152.203.212.48 - - [11/Mar/2023:13:56:11 -0500] "GET /kwssiamovil/sm/acme/a?s=U2FsdGVkX1/BprB7qsNWPCzinyvhluTrpxepR9+kG8upNYInJ6tSOVyaiF6s71deQvO5T3DjEePF1+FP3nJMY7tUUaMR4Up1eSLsaLFV/0TTx5h5p7BqKW5e+huRZUyXvLi2n7bEhPyKWq4MXYsYYWMKQx+LSwU8cnAoVZp5IVHEabFNud1Wf7Ti+cYqI2fxIPblO48OwlqtpzoR8RrulA==&u=U2FsdGVkX18qXWIdF7Gs+i5KUNbOZ3twac8cVYd1xp0uZMoj/1T1TTdH4Zn9ecAK&y=U2FsdGVkX19QSMlDecQqhqaVa4wD1SjED5+IeGTq0QQkPtgpV/DTYuETsPDGqxRl HTTP/1.1" 200 26
152.203.212.48 - - [11/Mar/2023:13:56:11 -0500] "GET /kwssiamovil/sm/acme/a?s=U2FsdGVkX19DLtnlgeHQEHWl3r4MR1ORoVSpRlUQBP+nO8OdAs3/mCi7PCKCepmgxEcI4v22hwOSxgziv/4APDV4fWtRnPlxmm+W95H8yU/118wutlVFBx3dp2uf1tZso5bAebBGSL7bbhDlNOplmnbN0ZexsL1YxV9D5YBJPFrWsJ+Zxso8X52+gri+i5sE&u=U2FsdGVkX18qXWIdF7Gs+i5KUNbOZ3twac8cVYd1xp0uZMoj/1T1TTdH4Zn9ecAK&y=U2FsdGVkX19QSMlDecQqhqaVa4wD1SjED5+IeGTq0QQkPtgpV/DTYuETsPDGqxRl HTTP/1.1" 200 26
152.203.212.48 - - [11/Mar/2023:13:56:11 -0500] "GET /kwssiamovil/sm/acme/a?s=U2FsdGVkX18EQG+j+mSpuceUfBZS5qKY4iyT963COU4k/uyGheXpBtjDLYOm8WMeyPptm3LJZylgcetR1sWLWR1xr8eawMLauqf4Iiq0OYRYS9ki7wCr1ZhAHyrYj30XCfp3NA5rVF//k3w5aul0EZrkEM0Kfkhl5eMb/8DdnV88WAlSkIYQ4iZi3ox+vypHsZuwciA6LpJA/RVdwrz47A==&u=U2FsdGVkX18qXWIdF7Gs+i5KUNbOZ3twac8cVYd1xp0uZMoj/1T1TTdH4Zn9ecAK&y=U2FsdGVkX19QSMlDecQqhqaVa4wD1SjED5+IeGTq0QQkPtgpV/DTYuETsPDGqxRl HTTP/1.1" 200 26
152.203.212.48 - - [11/Mar/2023:13:56:11 -0500] "GET /kwssiamovil/sm/acme/a?s=U2FsdGVkX1/MKI1/Y+DOi1qVPvG7MzadG1emLbx9UU+K0CJ4ThZfMgkbqO4WZIgg95EgRL2uivFVAUYon2x8ZbiYdXuGhb4CXojRTuQLsDbMWVDSN6ETr6IrXjdebItvnu6MSMQO3fQQ+9Pp4IW8/5AEk3gJrZskXJmDaMIAEIz1WM6Ze1DttYUssblAVjTI&u=U2FsdGVkX18qXWIdF7Gs+i5KUNbOZ3twac8cVYd1xp0uZMoj/1T1TTdH4Zn9ecAK&y=U2FsdGVkX19QSMlDecQqhqaVa4wD1SjED5+IeGTq0QQkPtgpV/DTYuETsPDGqxRl HTTP/1.1" 200 26
152.203.212.48 - - [11/Mar/2023:13:56:11 -0500] "GET /kwssiamovil/sm/acme/a?s=U2FsdGVkX19NU59x/hyL4pvUDGgDdk0c+tw3f7AW71/MHeWAc7a2a4Srlm/Dv58+oAbtxr85JLhtifFkgPUEgXR3suWnlKogI6ksLycKF6wVbz6x+l1TBwD+QDK02+xD1IVsdepOYsJeKP34ngKFP1yncFeJmqfAcC8Fb7CW3artcI2yyxmnBkXLbH5unfIZiiuW8nPv3JkQ81GUXO8oCQ==&u=U2FsdGVkX18qXWIdF7Gs+i5KUNbOZ3twac8cVYd1xp0uZMoj/1T1TTdH4Zn9ecAK&y=U2FsdGVkX19QSMlDecQqhqaVa4wD1SjED5+IeGTq0QQkPtgpV/DTYuETsPDGqxRl HTTP/1.1" 200 26
152.203.212.48 - - [11/Mar/2023:13:56:12 -0500] "GET /kwssiamovil/sm/acme/a?s=U2FsdGVkX1/c/ITvJFYUKwBRttyDzzSHsd/Xy6kWbui3VYLz+PkdUskjGa7v2sO5bwhbXYz12pPjvbQg+Z15MlmeD+U67gXvGDqYmsK9VQTkwO79mlx5mIvnQFwXzAc2epqvUM33ijsi0nnscS+AyWBU0C7eTYYmnQ84n+N/L69iWaSc2msictTQo9uAUjpZ&u=U2FsdGVkX18qXWIdF7Gs+i5KUNbOZ3twac8cVYd1xp0uZMoj/1T1TTdH4Zn9ecAK&y=U2FsdGVkX19QSMlDecQqhqaVa4wD1SjED5+IeGTq0QQkPtgpV/DTYuETsPDGqxRl HTTP/1.1" 200 26
52.167.144.166 - - [11/Mar/2023:13:56:26 -0500] "GET /BLA/resoluciones/AUTOS%202021/6155.pdf HTTP/1.1" 304 -
172.22.2.4 - - [11/Mar/2023:13:56:24 -0500] "HEAD /BLA/boletinlegal/ HTTP/1.1" 200 -
216.245.221.92 - - [11/Mar/2023:13:58:05 -0500] "HEAD / HTTP/1.1" 200 -
190.242.112.122 - - [11/Mar/2023:13:58:27 -0500] "GET /mujeres-que-reverdecen-secretaria-de-ambiente-anuncia-el-inicio-de-la-tercera-fase.html HTTP/1.1" 200 954
186.86.33.209 - - [11/Mar/2023:13:58:39 -0500] "GET /galeria/galeria/jquery.fancybox.css?v=2.1.5 HTTP/1.1" 200 4895
186.86.33.209 - - [11/Mar/2023:13:58:39 -0500] "GET /galeria/galeria/jquery.fancybox.js?v=2.1.5 HTTP/1.1" 200 48706
186.86.33.209 - - [11/Mar/2023:13:58:39 -0500] "GET /BLA/boletinlegal/js/jquery.scrollShow.js HTTP/1.1" 200 4586
172.22.2.4 - - [11/Mar/2023:13:57:15 -0500] "GET /BLA/boletinlegal/ HTTP/1.1" 200 56744
40.77.167.225 - - [11/Mar/2023:13:59:31 -0500] "GET /BLA/boletinlegal/jurisprudencia/analisis/AnalisisC-035-16.docx HTTP/1.1" 200 25011
201.245.192.253 - - [11/Mar/2023:14:00:08 -0500] "POST /kwsrmcab/Wsrmcab  HTTP/1.1" 200 213
66.249.70.15 - - [11/Mar/2023:14:01:49 -0500] "-" 408 -
34.207.241.106 - - [11/Mar/2023:14:01:58 -0500] "-" 408 -
172.22.2.4 - - [11/Mar/2023:14:03:00 -0500] "GET /BLA/boletinlegal/consulta_actos.php?tipo=resoluciones&no=3509&usuario=&sector=&fecha=2017&resuelve= HTTP/1.1" 200 1114
216.245.221.92 - - [11/Mar/2023:14:03:05 -0500] "HEAD / HTTP/1.1" 200 -
172.22.2.4 - - [11/Mar/2023:14:02:14 -0500] "HEAD /BLA/boletinlegal/ HTTP/1.1" 200 -
172.22.2.4 - - [11/Mar/2023:14:03:05 -0500] "GET /BLA/boletinlegal/ HTTP/1.1" 200 52720
201.245.192.253 - - [11/Mar/2023:14:05:07 -0500] "POST /kwsrmcab/Wsrmcab  HTTP/1.1" 200 213
172.22.2.4 - - [11/Mar/2023:14:05:11 -0500] "GET /BLA/boletinlegal/ HTTP/1.1" 200 62202
172.22.2.4 - - [11/Mar/2023:14:06:51 -0500] "GET /BLA/boletinlegal/jurisprudencia/analisis/Analisis%20Sentencia%20T-1077,%202%20corregida.doc HTTP/1.1" 200 47616
173.252.95.116 - - [11/Mar/2023:14:06:53 -0500] "GET /si-tienes-ropa-y-calzado-que-ya-no-usas-aca-te-presentamos-seis-puntos-a-donde-los-puedes-llevar.html HTTP/1.1" 206 872
173.252.79.117 - - [11/Mar/2023:14:06:54 -0500] "GET /images/prendas-1_optimized.jpeg HTTP/1.1" 200 65869
185.119.81.101 - - [11/Mar/2023:14:07:00 -0500] "GET /portaldeninos/wp-login.php HTTP/1.1" 503 1037
172.22.2.4 - - [11/Mar/2023:14:07:34 -0500] "GET /BLA/boletinlegal/images/arr_r.jpg HTTP/1.1" 200 1998
172.22.2.4 - - [11/Mar/2023:14:07:37 -0500] "GET /BLA/boletinlegal/consulta_actos.php?tipo=resoluciones&no=1751&usuario=&sector=&fecha=2019&resuelve= HTTP/1.1" 200 1549
172.22.2.4 - - [11/Mar/2023:14:07:46 -0500] "GET /BLA/boletinlegal/js/jquery.js HTTP/1.1" 200 57254
172.22.2.4 - - [11/Mar/2023:14:07:55 -0500] "GET /BLA/boletinlegal/images/arr_l.jpg HTTP/1.1" 200 1979
172.22.2.4 - - [11/Mar/2023:14:08:03 -0500] "GET /BLA/boletinlegal/images/pdf.gif HTTP/1.1" 200 567
216.245.221.92 - - [11/Mar/2023:14:08:05 -0500] "HEAD / HTTP/1.1" 200 -
172.22.2.4 - - [11/Mar/2023:14:08:11 -0500] "GET /BLA/boletinlegal/images/launch.jpg HTTP/1.1" 200 14577
172.22.2.4 - - [11/Mar/2023:14:08:22 -0500] "GET /BLA/boletinlegal/images/screen_3.png HTTP/1.1" 200 210620
172.22.2.4 - - [11/Mar/2023:14:08:27 -0500] "GET /BLA/boletinlegal/images/screen_2.png HTTP/1.1" 200 362502
201.245.210.45 - - [11/Mar/2023:14:08:31 -0500] "GET /mujeres-que-reverdecen-secretaria-de-ambiente-anuncia-el-inicio-de-la-tercera-fase.html HTTP/1.1" 200 954
172.22.2.4 - - [11/Mar/2023:14:08:32 -0500] "GET /BLA/boletinlegal/images/screen_1.png HTTP/1.1" 200 202547
172.22.2.4 - - [11/Mar/2023:14:08:35 -0500] "GET /BLA/boletinlegal/images/screen_5.png HTTP/1.1" 200 368876
172.22.2.4 - - [11/Mar/2023:14:08:38 -0500] "GET /BLA/boletinlegal/images/cabezote%20BLEGAL.jpg HTTP/1.1" 200 118164
172.22.2.4 - - [11/Mar/2023:14:08:59 -0500] "GET /BLA/boletinlegal/consulta_actos.php?tipo=resoluciones&no=3947&usuario=&sector=&fecha=2017&resuelve= HTTP/1.1" 200 626
172.22.2.4 - - [11/Mar/2023:14:08:59 -0500] "GET /BLA/boletinlegal/consulta_actos.php?tipo=resoluciones&no=3947&usuario=&sector=&fecha=2017&resuelve= HTTP/1.1" 200 626
172.22.2.4 - - [11/Mar/2023:14:09:00 -0500] "GET /BLA/boletinlegal/consulta_actos.php?tipo=resoluciones&no=3947&usuario=&sector=&fecha=2017&resuelve= HTTP/1.1" 200 626
172.22.2.4 - - [11/Mar/2023:14:09:00 -0500] "GET /BLA/boletinlegal/consulta_actos.php?tipo=resoluciones&no=3947&usuario=&sector=&fecha=2017&resuelve= HTTP/1.1" 200 626
179.51.124.98 - - [11/Mar/2023:14:09:05 -0500] "GET /galeria/galeria/jquery.fancybox.css?v=2.1.5 HTTP/1.1" 200 4895
179.51.124.98 - - [11/Mar/2023:14:09:05 -0500] "GET /BLA/boletinlegal/js/jquery.scrollShow.js HTTP/1.1" 200 4586
179.51.124.98 - - [11/Mar/2023:14:09:05 -0500] "GET /galeria/galeria/jquery.fancybox.js?v=2.1.5 HTTP/1.1" 200 48706
78.81.155.235 - - [11/Mar/2023:14:09:29 -0500] "GET / HTTP/1.1" 200 319
172.22.2.4 - - [11/Mar/2023:14:09:41 -0500] "GET /BLA/boletinlegal/consulta_actos.php?tipo=autos&no=3947&usuario=&sector=&fecha=2017&resuelve= HTTP/1.1" 200 1502
172.22.2.4 - - [11/Mar/2023:14:09:41 -0500] "GET /BLA/boletinlegal/images/pdf.gif HTTP/1.1" 200 567
172.22.2.4 - - [11/Mar/2023:14:08:04 -0500] "HEAD /BLA/boletinlegal/ HTTP/1.1" 200 -
201.245.192.253 - - [11/Mar/2023:14:10:06 -0500] "POST /kwsrmcab/Wsrmcab  HTTP/1.1" 200 213
66.249.66.64 - - [11/Mar/2023:14:10:12 -0500] "-" 408 -
172.22.2.4 - - [11/Mar/2023:14:08:55 -0500] "GET /BLA/boletinlegal/ HTTP/1.1" 200 57935
191.95.53.45 - - [11/Mar/2023:14:11:09 -0500] "GET /mujeres-que-reverdecen-secretaria-de-ambiente-anuncia-el-inicio-de-la-tercera-fase.html HTTP/1.1" 304 -
172.22.2.4 - - [11/Mar/2023:14:11:16 -0500] "GET /BLA/boletinlegal/consulta_actos.php?tipo=resoluciones&no=2534&usuario=&sector=&fecha=2016&resuelve= HTTP/1.1" 200 1504
191.95.56.20 - - [11/Mar/2023:14:11:46 -0500] "GET /mujeres-que-reverdecen-secretaria-de-ambiente-anuncia-el-inicio-de-la-tercera-fase.html HTTP/1.1" 200 954
181.53.14.132 - - [11/Mar/2023:14:12:23 -0500] "GET /mujeres-que-reverdecen-secretaria-de-ambiente-anuncia-el-inicio-de-la-tercera-fase.html HTTP/1.1" 200 954
186.28.76.43 - - [11/Mar/2023:14:13:00 -0500] "GET /mujeres-que-reverdecen-secretaria-de-ambiente-anuncia-el-inicio-de-la-tercera-fase.html HTTP/1.1" 200 954
172.22.2.4 - - [11/Mar/2023:14:13:00 -0500] "GET /BLA/boletinlegal/consulta_actos.php?tipo=resoluciones&no=2399&usuario=&sector=&fecha=2018&resuelve= HTTP/1.1" 200 1089
216.245.221.92 - - [11/Mar/2023:14:13:05 -0500] "HEAD / HTTP/1.1" 200 -
94.102.61.10 - - [11/Mar/2023:14:13:31 -0500] "GET / HTTP/1.1" 200 319
201.245.192.253 - - [11/Mar/2023:14:15:04 -0500] "POST /kwsrmcab/Wsrmcab  HTTP/1.1" 200 213
172.22.2.4 - - [11/Mar/2023:14:15:08 -0500] "GET /BLA/boletinlegal/consulta_actos.php?tipo=autos&no=0146&usuario=&sector=&fecha=2017&resuelve= HTTP/1.1" 200 1048
172.22.2.4 - - [11/Mar/2023:14:13:54 -0500] "HEAD /BLA/boletinlegal/ HTTP/1.1" 200 -
172.22.2.4 - - [11/Mar/2023:14:14:45 -0500] "GET /BLA/boletinlegal/ HTTP/1.1" 200 58653
172.22.2.4 - - [11/Mar/2023:14:16:51 -0500] "GET /BLA/boletinlegal/consulta_actos.php?tipo=autos&no=3720&usuario=&sector=&fecha=2020&resuelve= HTTP/1.1" 200 1014
192.168.171.73 - - [11/Mar/2023:14:16:56 -0500] "GET /BLA/boletinlegal/actos.php HTTP/1.1" 200 9672
66.249.66.64 - - [11/Mar/2023:14:17:38 -0500] "-" 408 -
216.245.221.92 - - [11/Mar/2023:14:18:05 -0500] "HEAD / HTTP/1.1" 200 -
191.95.51.192 - - [11/Mar/2023:14:18:52 -0500] "GET /mujeres-que-reverdecen-secretaria-de-ambiente-anuncia-el-inicio-de-la-tercera-fase.html HTTP/1.1" 200 954
201.245.192.253 - - [11/Mar/2023:14:20:03 -0500] "POST /kwsrmcab/Wsrmcab  HTTP/1.1" 200 213
201.245.192.253 - - [11/Mar/2023:14:20:16 -0500] "POST /kwsrmcab/Wsrmcab HTTP/1.1" 200 42479
201.245.192.253 - - [11/Mar/2023:14:20:18 -0500] "POST /kwsrmcab/Wsrmcab HTTP/1.1" 200 42707
172.22.2.4 - - [11/Mar/2023:14:19:44 -0500] "HEAD /BLA/boletinlegal/ HTTP/1.1" 200 -
186.31.47.234 - - [11/Mar/2023:14:22:07 -0500] "POST /sipse/faces/presentacion/financiero/solicitudProceso/listarSolicitudProceso.xhtml HTTP/1.1" 200 57548
186.31.47.234 - - [11/Mar/2023:14:22:08 -0500] "POST /sipse/faces/presentacion/financiero/solicitudProceso/listarSolicitudProceso.xhtml HTTP/1.1" 200 57548
186.31.47.234 - - [11/Mar/2023:14:22:08 -0500] "POST /sipse/faces/presentacion/financiero/solicitudProceso/listarSolicitudProceso.xhtml HTTP/1.1" 200 1560
186.31.47.234 - - [11/Mar/2023:14:22:08 -0500] "POST /sipse/faces/presentacion/financiero/solicitudProceso/listarSolicitudProceso.xhtml HTTP/1.1" 200 1552
186.31.47.234 - - [11/Mar/2023:14:22:11 -0500] "POST /sipse/faces/presentacion/financiero/solicitudProceso/listarSolicitudProceso.xhtml HTTP/1.1" 200 57548
186.31.47.234 - - [11/Mar/2023:14:22:12 -0500] "POST /sipse/faces/presentacion/financiero/solicitudProceso/listarSolicitudProceso.xhtml HTTP/1.1" 200 57548
186.31.47.234 - - [11/Mar/2023:14:22:12 -0500] "POST /sipse/faces/presentacion/financiero/solicitudProceso/listarSolicitudProceso.xhtml HTTP/1.1" 200 1560
186.31.47.234 - - [11/Mar/2023:14:22:12 -0500] "POST /sipse/faces/presentacion/financiero/solicitudProceso/listarSolicitudProceso.xhtml HTTP/1.1" 200 1552
172.22.2.4 - - [11/Mar/2023:14:20:35 -0500] "GET /BLA/boletinlegal/ HTTP/1.1" 200 57141
185.119.81.101 - - [11/Mar/2023:14:22:47 -0500] "GET /portaldeninos/wp-login.php HTTP/1.1" 503 1037
216.245.221.92 - - [11/Mar/2023:14:23:05 -0500] "HEAD / HTTP/1.1" 200 -
201.245.192.253 - - [11/Mar/2023:14:25:02 -0500] "POST /kwsrmcab/Wsrmcab  HTTP/1.1" 200 213
186.155.12.201 - - [11/Mar/2023:14:25:10 -0500] "GET /mujeres-que-reverdecen-secretaria-de-ambiente-anuncia-el-inicio-de-la-tercera-fase.html HTTP/1.1" 200 954
172.22.2.4 - - [11/Mar/2023:14:25:34 -0500] "HEAD /BLA/boletinlegal/ HTTP/1.1" 200 -
172.22.2.4 - - [11/Mar/2023:14:27:29 -0500] "GET /BLA/boletinlegal/consulta_actos.php?tipo=autos&no=4519&usuario=&sector=&fecha=2020&resuelve= HTTP/1.1" 200 1112
172.22.2.4 - - [11/Mar/2023:14:27:29 -0500] "GET /BLA/boletinlegal/consulta_actos.php?tipo=autos&no=4519&usuario=&sector=&fecha=2020&resuelve= HTTP/1.1" 200 1112
172.22.2.4 - - [11/Mar/2023:14:26:25 -0500] "GET /BLA/boletinlegal/ HTTP/1.1" 200 59296
216.245.221.92 - - [11/Mar/2023:14:28:05 -0500] "HEAD / HTTP/1.1" 200 -
172.22.2.4 - - [11/Mar/2023:14:29:29 -0500] "GET /BLA/boletinlegal/jurisprudencia/analisis/CUADRO%20ANALISIS%20SENTENCIA%20C-554%20DE%202007.doc HTTP/1.1" 200 35328
186.154.138.161 - - [11/Mar/2023:14:29:36 -0500] "GET /mujeres-que-reverdecen-secretaria-de-ambiente-anuncia-el-inicio-de-la-tercera-fase.html HTTP/1.1" 200 954
52.167.144.168 - - [11/Mar/2023:14:29:45 -0500] "GET /BLA/resoluciones/AUTOS%202022/2999.pdf HTTP/1.1" 200 514677
66.249.70.13 - - [11/Mar/2023:14:30:01 -0500] "-" 408 -
201.245.192.253 - - [11/Mar/2023:14:30:00 -0500] "POST /kwsrmcab/Wsrmcab  HTTP/1.1" 200 213
201.245.192.253 - - [11/Mar/2023:14:30:16 -0500] "POST /kwsrmcab/Wsrmcab HTTP/1.1" 200 42479
201.245.192.253 - - [11/Mar/2023:14:30:19 -0500] "POST /kwsrmcab/Wsrmcab HTTP/1.1" 200 42707
181.53.13.79 - - [11/Mar/2023:14:30:50 -0500] "GET /mujeres-que-reverdecen-secretaria-de-ambiente-anuncia-el-inicio-de-la-tercera-fase.html HTTP/1.1" 200 954
52.167.144.71 - - [11/Mar/2023:14:31:47 -0500] "GET /BLA/boletinlegal/Directivas/2016/Directiva%20No.%2002%20del%2019%20de%20Abril%20de%202016.pdf HTTP/1.1" 304 -
172.22.2.4 - - [11/Mar/2023:14:31:57 -0500] "GET /BLA/boletinlegal/consulta_actos.php?tipo=resoluciones&no=2402&usuario=&sector=&fecha=2021&resuelve= HTTP/1.1" 200 2563
172.22.2.4 - - [11/Mar/2023:14:32:42 -0500] "GET /BLA/boletinlegal/consulta_actos.php?tipo=resoluciones&no=2405&usuario=&sector=&fecha=2021&resuelve= HTTP/1.1" 200 1605
172.22.2.4 - - [11/Mar/2023:14:31:24 -0500] "HEAD /BLA/boletinlegal/ HTTP/1.1" 200 -
216.245.221.92 - - [11/Mar/2023:14:33:05 -0500] "HEAD / HTTP/1.1" 200 -
186.84.90.18 - - [11/Mar/2023:14:33:41 -0500] "GET /BLA/resoluciones/index.php?dir= HTTP/1.1" 200 13502
172.22.2.4 - - [11/Mar/2023:14:32:15 -0500] "GET /BLA/boletinlegal/ HTTP/1.1" 200 57551
186.84.90.18 - - [11/Mar/2023:14:33:58 -0500] "GET /BLA/resoluciones/index.php?dir=AUTOS+2011%2F HTTP/1.1" 200 636098
201.245.192.253 - - [11/Mar/2023:14:35:00 -0500] "POST /kwsrmcab/Wsrmcab  HTTP/1.1" 200 213
216.245.221.92 - - [11/Mar/2023:14:38:05 -0500] "HEAD / HTTP/1.1" 200 -
181.252.85.205 - - [11/Mar/2023:14:38:07 -0500] "GET /mujeres-que-reverdecen-secretaria-de-ambiente-anuncia-el-inicio-de-la-tercera-fase.html HTTP/1.1" 200 954
172.22.2.4 - - [11/Mar/2023:14:37:14 -0500] "HEAD /BLA/boletinlegal/ HTTP/1.1" 200 -
66.249.66.66 - - [11/Mar/2023:14:39:03 -0500] "-" 408 -
172.22.2.4 - - [11/Mar/2023:14:38:05 -0500] "GET /BLA/boletinlegal/ HTTP/1.1" 200 57551
201.245.192.253 - - [11/Mar/2023:14:39:59 -0500] "POST /kwsrmcab/Wsrmcab  HTTP/1.1" 200 213
66.102.8.45 - - [11/Mar/2023:14:40:05 -0500] "GET /Publicaciones/SSFFS-16184-2021.zip HTTP/1.1" 404 232
201.245.192.253 - - [11/Mar/2023:14:40:16 -0500] "POST /kwsrmcab/Wsrmcab HTTP/1.1" 200 42479
201.245.192.253 - - [11/Mar/2023:14:40:19 -0500] "POST /kwsrmcab/Wsrmcab HTTP/1.1" 200 42707
64.233.172.31 - - [11/Mar/2023:14:42:08 -0500] "GET /Publicaciones/SSFFS-06646-2017.zip HTTP/1.1" 404 232
201.244.238.63 - - [11/Mar/2023:14:43:02 -0500] "GET /BLA/resoluciones/AUTOS%202015/3907.pdf HTTP/1.1" 200 592830
216.245.221.92 - - [11/Mar/2023:14:43:05 -0500] "HEAD / HTTP/1.1" 200 -
172.22.2.4 - - [11/Mar/2023:14:43:04 -0500] "HEAD /BLA/boletinlegal/ HTTP/1.1" 200 -
201.245.192.253 - - [11/Mar/2023:14:44:57 -0500] "POST /kwsrmcab/Wsrmcab  HTTP/1.1" 200 213
172.22.2.4 - - [11/Mar/2023:14:43:55 -0500] "GET /BLA/boletinlegal/ HTTP/1.1" 200 57551
69.171.231.117 - - [11/Mar/2023:14:45:37 -0500] "GET /images/caminatas-ecol\xc3\xb3gicas-marzo---1920x1080_optimized.jpg HTTP/1.1" 404 1034
172.22.2.4 - - [11/Mar/2023:14:46:20 -0500] "GET /BLA/boletinlegal/api/index.php/v1/config/application?public=true HTTP/1.1" 404 1038
186.102.7.150 - - [11/Mar/2023:14:46:34 -0500] "GET /kwssiamovil/sm/acme/a?s=U2FsdGVkX18XV46jF8ZWfOaVddADcE45LWhfo7ZcvJTMEqdRhfUDZIp86oFLBUgXw8ycLuQInMbURWczD1U6knN1pSht/Lpf/0ibK1EMVOrtbKuTv2HcsGeCjPCbM/csRQGGnHEJNL739hqjUpiN0pI1IjTmTU3gcx77t8D0Z/a73Hwmg8N8JEKZyWIOMHwWwsnMMDe2hubAtmQlPMMOQPb5O2u242Ymg6YtnW7M9uTcqDy+r7RLx+7KTOG+G3u2GW/Yu3+8EKyfy+5M+2N/4g==&u=U2FsdGVkX1/aWtwl+o9taJYyk3A0ZVM1W77xQ/Ihtkmv3QYSTu/7Gh19mVuh3IJO&y=U2FsdGVkX1+0ITGiEM1XeGWM1BqXOdi/jueG+mioZ5JvtSPYNfN55d13IH6Ey2b8 HTTP/1.1" 200 26
186.102.7.150 - - [11/Mar/2023:14:46:37 -0500] "GET /kwssiamovil/sm/acme/a?s=U2FsdGVkX18Zd0n5o9yVcy1R6rOGKWaHU5IMatXEUKxv2yorVjN4oZVgrHinjvprQBlpwMasq4CZIz8RWu/08cSY7NUB2K9G7TC52oHN2+pun0m5rpE6mqt+A8mNnEVZDCv9qpxa7QEI7CTwj2ujBRW/LGtwEmPQmejhRCUP6GGnom8PZiw2ttEUxo4OfbGWTG8YtmC71W/TLpO2Z8LZCgKo2dMmMIMDBGE9xdXSCf/RJf4ti/dpHohHGJR4UPJQnbTHMoDI/9x6lT6PXeXQb0GONgs1t1/sLEiLojSFT262E1P8byVAtZbk+DUWRk2b/B9zYOACU5s+oiQlxLoD8UyHteLIK59Ux7VMw9RTS/RTbuGkW8IuEf1xhpRrdCxRB83DDTxKSrCbcHZLnYXjwWgGq0kD34WKv7nI0JfcVtFf8qtcX0v06tXpn4rhim2k6Z8NS+WDyR7ZTk+3NOW9soSWUm44BRSqIZOWzZCGIxLnTl6Vw/+lCt0uNikF6VXpqnu10KVduSVFo3sKp0Eqmcmvb3/ySzhEQlKx4ImvCwEX6KUwruspW9NRkVFH3sAZKGWRSnGUqNnU0pdp9teM65W8hBAq+G2/iMHtdvcneLuUhwFP73QGdQ1mmzu7fmPn6ABMW/bJCka2PHfgTxJg5tWom3jM7mFciOuy1bGICR1iS+V4H0ypbV7p0uQFVbotiCoLojI0kt7igSD226GO3+A5cBWlQuvVpziKt0OYsJdTq8ogF4RybZ8IRP0ualzchZ4zE9ECpYrogiEioWmH8W4BhNEK0bHxhnW8MC/oPP4PqHksMLoOI/TG9daWRkuLhCAAiWt+v/Qu4Ab8UybeOZWwDhXRymQ9kfBkoZ128/XPdoCO3o2+MjNrO0dK/5ts6j0/hFXNPkO8SSTb6uAE2tml4vDPBdhwb0mm/kxTGBv8+iP/43LMIbXqqP+OXtctktyJjFao1DquKovJPdHOwRCtYqmZW8jSXzYe/FzxhlajBupK9+8XrSniNKJVP+dMNLAXicoGVvwAz2HbSTg1Q1VGV6wGCIoti3GdthyVMJapZlPmwxaRXmWd2fIRBFRU2bzvS1J2g+vAO+Cr6f4QRYxyV7f/pdNtq3JjBSI+3RGTU2N3DuGlXDX9d2I/sOeBrpihVqi8V3M7x3dJ0vu20Bg2ZX+Rz+6MgtR721x7GhdY7k38simJFH9PoovP7qBJPBNqAlK39XYsug8snyEJZXYKEUzngVuEdprCrSbjA8ygyHTAtQkp3dhSDLmnWLvgvc4EFfcX+m8c4f8HFdzsgULGvWBRMhVqo0/d0Jlt1Bnv3qcIX/ueV3H3e+dAy4ekYOTwKt8M5wv/J3MWEZM034paaiICoLubly/ya8UXq+7Hq8COVK+vEK/v5+17rPEXnkkEg3CTYTwXL+Ppg8kwGZ21jUzoLEMRxAzP4IVfvSWxg0o7ZeGQ7alrexw890VqTHZrZ2g3dHY1qgvlzy2x6lvAqUjYPsLU+7fGi3R+iPUp8YDOTOx84uwLGADwKnLqR3wxacKvNgzGrHgvQokHH29EXFHWoS7Ar1eo/SQbaK3x4+Exxbv/hAXixjhnQ4ZbFNFG+O6NFP/AgDK3Cufep95ks3YI3KEauSgI+D/K0lgaA0zBhIZONQW6hK7pkbEUD/dl38hmUhcMhLl1cAHTQ541PtTAIJ5JMShK4vijY4g+HSvBeAXbIK8xDaSTJWmjELfzHyjNtHrsLWhLMIoQ612J4e2X3WPM+i9umCTHjk6r4P0E+mXorBosarn5AVSh4+ea/ZbgSQVk3lHtFfB9ZyhDF0JeDWkte0PDelzttxVbYKdlvsZhCp6l5SNgBTv3LJ7n3IcHZubc+eqL4Ke2PmnYym5vXgYejHFBZzHRYFb/mumNWzh6U4YoMcV7K7JUZhc/w8B/0wH984XEePogjEi67Y5Oc0fUqF+4pZ0kYNlWSbJBGDZxAryC1P9R+XCcSD9260/64/22IzjOfz9g8jaq2Uf+p6F0K1neux+TvLrD0eoVq1gLGwjvo5VAOkJZx/kgsT5ZUAN2l52Hob/DikDlGgENYNx0lp+INpw18Vl2lovtExiziafG4kC4f6FZR+bCb3dGizzrZBLqxjrH1L6PADnpK998aUbV3yTsFbhDn5AwciW+OH+7R59t68+toKxT1HKqFOGMQVaqkTFJ0XXuYEL4395htBfnv/Sof7jYcIb1EwqdrEOZ/nRw+gmYyiGL+ewKKPjdeIRoLjM084UV/v5ZlRLBf84rhXP/WpBlkvsobiCSGnn4ofZJtMNE&u=U2FsdGVkX1/aWtwl+o9taJYyk3A0ZVM1W77xQ/Ihtkmv3QYSTu/7Gh19mVuh3IJO&y=U2FsdGVkX1+0ITGiEM1XeGWM1BqXOdi/jueG+mioZ5JvtSPYNfN55d13IH6Ey2b8 HTTP/1.1" 200 26
186.102.7.150 - - [11/Mar/2023:14:46:41 -0500] "GET /kwssiamovil/sm/acme/a?s=U2FsdGVkX1+o7UDLU82VxRR+WAWFmzi9JTCoZ0cQuwXII7sR37jPodonhTahsCgwbWC3l8GnJlYeAXdOx6wahUCTlaWo5f5RXbaqH7MxjXCB5KD0KHnAOlc9CvZrk+5DGnkL3yrgxohY23soSpuUzjrL6zSQzrEd0XscY0Y7XOo=&u=U2FsdGVkX1/aWtwl+o9taJYyk3A0ZVM1W77xQ/Ihtkmv3QYSTu/7Gh19mVuh3IJO&y=U2FsdGVkX1+0ITGiEM1XeGWM1BqXOdi/jueG+mioZ5JvtSPYNfN55d13IH6Ey2b8 HTTP/1.1" 200 26
186.102.7.150 - - [11/Mar/2023:14:46:44 -0500] "GET /kwssiamovil/sm/acme/a?s=U2FsdGVkX1//ENeyoDU9mY1rqxthBMRYml49fC8k7p3Wui5HAjg5tpHKdeHW1eaHE78BAgu0RDj7w/6hhysXREpRzM4HRZlzHErlfY3B3W+zIgv2fgnfHOSspeeDyyDBXCUVRZ/+tl5bYZnzD7cmICKDJ2Iut5+DtuR4QeWwsOE=&u=U2FsdGVkX1/aWtwl+o9taJYyk3A0ZVM1W77xQ/Ihtkmv3QYSTu/7Gh19mVuh3IJO&y=U2FsdGVkX1+0ITGiEM1XeGWM1BqXOdi/jueG+mioZ5JvtSPYNfN55d13IH6Ey2b8 HTTP/1.1" 200 26
186.155.42.214 - - [11/Mar/2023:14:46:44 -0500] "GET /mujeres-que-reverdecen-secretaria-de-ambiente-anuncia-el-inicio-de-la-tercera-fase.html HTTP/1.1" 200 954
186.102.7.150 - - [11/Mar/2023:14:46:47 -0500] "GET /kwssiamovil/sm/acme/a?s=U2FsdGVkX1+aw99ZksmuUWEiZfVX2Irnxt/RTuotGBwIYvYVRLJNyt/Q1yLCs6CbxQ7OG/f1PsdQnUa1Btn1Q3Vt6sZFkInUg7yxv0EWsNTFpqpm0FX+R67X8yoPU7H93oZzKU5bM+5WeA5PTK/A5J3vV4UxDCMJHXkd30cnqWI=&u=U2FsdGVkX1/aWtwl+o9taJYyk3A0ZVM1W77xQ/Ihtkmv3QYSTu/7Gh19mVuh3IJO&y=U2FsdGVkX1+0ITGiEM1XeGWM1BqXOdi/jueG+mioZ5JvtSPYNfN55d13IH6Ey2b8 HTTP/1.1" 200 26
186.102.7.150 - - [11/Mar/2023:14:46:50 -0500] "GET /kwssiamovil/sm/acme/a?s=U2FsdGVkX18z7mMVVUdWYtAGQ8paS2GISmABt8weOajdDSXVPP/in/xoaM4XmBvLu+8Y3N7twSQqYkEJluy/+5F631T61mQP/Q/Aco/s1Lwk0D9S1x43zQ87j20EOHzuYXj+GmAODBDOolKRslpWIlK3JEmH3wlBxnYeCDGf1HhUOR7iwQVWHjCpxQufLAEvAjnT4YCigWGfNIPIRm8e8g==&u=U2FsdGVkX1/aWtwl+o9taJYyk3A0ZVM1W77xQ/Ihtkmv3QYSTu/7Gh19mVuh3IJO&y=U2FsdGVkX1+0ITGiEM1XeGWM1BqXOdi/jueG+mioZ5JvtSPYNfN55d13IH6Ey2b8 HTTP/1.1" 200 26
74.125.210.54 - - [11/Mar/2023:14:47:58 -0500] "GET /mujeres-que-reverdecen-secretaria-de-ambiente-anuncia-el-inicio-de-la-tercera-fase.html HTTP/1.1" 200 954
74.125.210.54 - - [11/Mar/2023:14:47:58 -0500] "GET /mujeres-que-reverdecen-secretaria-de-ambiente-anuncia-el-inicio-de-la-tercera-fase.html HTTP/1.1" 200 954
74.125.210.52 - - [11/Mar/2023:14:47:58 -0500] "GET /mujeres-que-reverdecen-secretaria-de-ambiente-anuncia-el-inicio-de-la-tercera-fase.html HTTP/1.1" 200 954
191.156.62.17 - - [11/Mar/2023:14:48:03 -0500] "GET /mujeres-que-reverdecen-secretaria-de-ambiente-anuncia-el-inicio-de-la-tercera-fase.html HTTP/1.1" 200 954
74.125.210.56 - - [11/Mar/2023:14:48:03 -0500] "GET /mujeres-que-reverdecen-secretaria-de-ambiente-anuncia-el-inicio-de-la-tercera-fase.html HTTP/1.1" 200 954
216.245.221.92 - - [11/Mar/2023:14:48:05 -0500] "HEAD / HTTP/1.1" 200 -
201.245.192.253 - - [11/Mar/2023:14:49:56 -0500] "POST /kwsrmcab/Wsrmcab  HTTP/1.1" 200 213
172.22.2.4 - - [11/Mar/2023:14:50:08 -0500] "GET /BLA/boletinlegal/images/screen_5.png HTTP/1.1" 304 -
181.53.14.152 - - [11/Mar/2023:14:50:20 -0500] "GET /mujeres-que-reverdecen-secretaria-de-ambiente-anuncia-el-inicio-de-la-tercera-fase.html HTTP/1.1" 200 954
172.22.2.4 - - [11/Mar/2023:14:48:54 -0500] "HEAD /BLA/boletinlegal/ HTTP/1.1" 200 -
172.22.2.4 - - [11/Mar/2023:14:49:45 -0500] "GET /BLA/boletinlegal/ HTTP/1.1" 200 59296
114.119.132.23 - - [11/Mar/2023:14:51:57 -0500] "-" 408 -
185.119.81.101 - - [11/Mar/2023:14:52:23 -0500] "GET /portaldeninos/wp-login.php HTTP/1.1" 503 1037
181.53.12.214 - - [11/Mar/2023:14:52:58 -0500] "GET /mujeres-que-reverdecen-secretaria-de-ambiente-anuncia-el-inicio-de-la-tercera-fase.html HTTP/1.1" 200 954
216.245.221.92 - - [11/Mar/2023:14:53:05 -0500] "HEAD / HTTP/1.1" 200 -
173.252.95.9 - - [11/Mar/2023:14:54:41 -0500] "GET /images/WhatsApp%20Image%202023-02-15%20at%205.07.25%20PM.jpeg HTTP/1.1" 200 50573
173.252.95.20 - - [11/Mar/2023:14:54:41 -0500] "GET /images/17%20de%20febrero%20mujeres%20que%20reverdecen.jpeg HTTP/1.1" 200 85735
173.252.95.4 - - [11/Mar/2023:14:54:41 -0500] "GET /images/Sello%201%20JA-2.jpeg HTTP/1.1" 200 42236
173.252.95.118 - - [11/Mar/2023:14:54:41 -0500] "GET /images/Conversatorio%20aire%201%20(1).jpeg HTTP/1.1" 200 72040
173.252.95.5 - - [11/Mar/2023:14:54:41 -0500] "GET /images/Juan%20Rey%20febrero%2013.jpg HTTP/1.1" 200 55934
173.252.95.8 - - [11/Mar/2023:14:54:41 -0500] "GET /images/idpyba-4-marzo-1_optimized.jpeg HTTP/1.1" 200 115318
173.252.95.11 - - [11/Mar/2023:14:54:41 -0500] "GET /images/20%20de%20febrero%20panor\xc3\xa1mica%20de%20Bogot\xc3\xa1%20(1)%20(1).jpeg HTTP/1.1" 404 1034
173.252.95.118 - - [11/Mar/2023:14:54:42 -0500] "GET /images/Rmasar%2018%20de%20febrero%20Grupo.jpg HTTP/1.1" 200 68398
173.252.95.20 - - [11/Mar/2023:14:54:42 -0500] "GET /images/28%20de%20febrero%20operativo.jpeg HTTP/1.1" 200 62220
173.252.95.5 - - [11/Mar/2023:14:54:45 -0500] "GET /images/19%20de%20enero%20\xc3\xa1rbol%20bosque%20San%20Carlos.jpg HTTP/1.1" 404 1034
173.252.95.8 - - [11/Mar/2023:14:54:45 -0500] "GET /images/Fauna%20Silvestre%20SDA%2002.jpeg HTTP/1.1" 200 41590
173.252.95.12 - - [11/Mar/2023:14:54:45 -0500] "GET /images/IMG_3028%20(1).jpg HTTP/1.1" 200 435206
173.252.95.13 - - [11/Mar/2023:14:54:45 -0500] "GET /images/2%20de%20febrero%20liberaci\xc3\xb3n%20Tunjo.jpeg HTTP/1.1" 404 1034
173.252.95.1 - - [11/Mar/2023:14:54:45 -0500] "GET /images/Secretaria%20Urrutia%20evento%20h\xc3\xa1bitat%20Francia%2024%20de%20enero.jpeg HTTP/1.1" 404 1034
173.252.95.116 - - [11/Mar/2023:14:54:45 -0500] "GET /images/Archivo%20pacto%20aire%2023%20enero.jpeg HTTP/1.1" 200 28889
173.252.95.10 - - [11/Mar/2023:14:54:45 -0500] "GET /images/foto%202.jpg HTTP/1.1" 200 63300
173.252.95.112 - - [11/Mar/2023:14:54:45 -0500] "GET /images/vertimiento-Comprimida%20(1).png HTTP/1.1" 200 22870
173.252.95.5 - - [11/Mar/2023:14:54:45 -0500] "GET /images/Secretarias%20Fondo%20carga%206%20de%20febrero.jpeg HTTP/1.1" 200 55460
173.252.95.21 - - [11/Mar/2023:14:54:45 -0500] "GET /images/1%20de%20febrero%20Humedal%20El%20Tunjo.jpeg HTTP/1.1" 200 52973
173.252.95.16 - - [11/Mar/2023:14:54:45 -0500] "GET /images/1%20de%20febrer%20Operativo%20hornos.jpg HTTP/1.1" 200 69569
173.252.95.116 - - [11/Mar/2023:14:54:45 -0500] "GET /images/1%20de%20febrero%20D\xc3\xada%20sin%20carro.jpeg HTTP/1.1" 404 1034
173.252.95.16 - - [11/Mar/2023:14:54:46 -0500] "GET /images/Humedal%20Tunjo%20RAMSAR.jpeg HTTP/1.1" 200 120269
173.252.95.8 - - [11/Mar/2023:14:54:46 -0500] "GET /images/8%20de%20febrero%20incendio%20forestal.jpeg HTTP/1.1" 200 56283
201.245.192.253 - - [11/Mar/2023:14:54:55 -0500] "POST /kwsrmcab/Wsrmcab  HTTP/1.1" 200 213
172.22.2.4 - - [11/Mar/2023:14:54:44 -0500] "HEAD /BLA/boletinlegal/ HTTP/1.1" 200 -
172.22.2.4 - - [11/Mar/2023:14:55:34 -0500] "GET /BLA/boletinlegal/ HTTP/1.1" 200 57551
199.16.157.181 - - [11/Mar/2023:14:57:42 -0500] "GET /ascenso-tecnologico-distrito-firma-decreto-que-permitira-renovar-parte-de-los-vehiculos-de-carga-y-asi-reducir-emisiones-contaminantes.html HTTP/1.1" 200 1058
199.16.157.180 - - [11/Mar/2023:14:57:42 -0500] "GET /images/Secretarias%20Fondo%20carga%206%20de%20febrero.jpeg HTTP/1.1" 200 55460
216.245.221.92 - - [11/Mar/2023:14:58:05 -0500] "HEAD / HTTP/1.1" 200 -
201.245.192.253 - - [11/Mar/2023:14:59:54 -0500] "POST /kwsrmcab/Wsrmcab  HTTP/1.1" 200 213
52.167.144.44 - - [11/Mar/2023:15:01:17 -0500] "GET / HTTP/1.1" 200 4720
66.249.70.17 - - [11/Mar/2023:15:01:50 -0500] "-" 408 -
172.22.2.4 - - [11/Mar/2023:15:00:34 -0500] "HEAD /BLA/boletinlegal/ HTTP/1.1" 200 -
172.22.2.4 - - [11/Mar/2023:15:01:24 -0500] "GET /BLA/boletinlegal/ HTTP/1.1" 200 56277
216.245.221.92 - - [11/Mar/2023:15:03:05 -0500] "HEAD / HTTP/1.1" 200 -
201.245.192.253 - - [11/Mar/2023:15:04:53 -0500] "POST /kwsrmcab/Wsrmcab  HTTP/1.1" 200 213
66.249.66.64 - - [11/Mar/2023:15:05:08 -0500] "-" 408 -
