186.84.21.222 - - [14/Mar/2023:00:16:30 -0500] "GET /sipse/faces/javax.faces.resource/jquery/jquery-plugins.js?ln=primefaces&v=4.0 HTTP/1.1" 304 -
186.84.21.222 - - [14/Mar/2023:00:16:30 -0500] "GET /sipse/faces/javax.faces.resource/primefaces.js?ln=primefaces&v=4.0 HTTP/1.1" 304 -
186.84.21.222 - - [14/Mar/2023:00:16:30 -0500] "GET /sipse/faces/javax.faces.resource/layout/layout.js?ln=primefaces&v=4.0 HTTP/1.1" 304 -
186.84.21.222 - - [14/Mar/2023:00:16:51 -0500] "POST /sipse/faces/presentacion/financiero/solicitudProceso/consultarSolicitudProceso.xhtml HTTP/1.1" 200 5534
185.119.81.101 - - [14/Mar/2023:00:17:01 -0500] "GET /portaldeninos/wp-login.php HTTP/1.1" 200 2592
185.119.81.101 - - [14/Mar/2023:00:17:02 -0500] "POST /portaldeninos/wp-login.php HTTP/1.1" 200 3605
5.45.207.108 - - [14/Mar/2023:00:17:17 -0500] "-" 408 -
186.84.21.222 - - [14/Mar/2023:00:17:43 -0500] "GET /sipse/faces/javax.faces.resource/theme.css?ln=primefaces-sipse HTTP/1.1" 304 -
186.84.21.222 - - [14/Mar/2023:00:17:43 -0500] "GET /sipse/faces/javax.faces.resource/primefaces.css?ln=primefaces&v=4.0 HTTP/1.1" 304 -
186.84.21.222 - - [14/Mar/2023:00:17:43 -0500] "GET /sipse/faces/javax.faces.resource/jquery/jquery.js?ln=primefaces&v=4.0 HTTP/1.1" 304 -
186.84.21.222 - - [14/Mar/2023:00:17:43 -0500] "GET /sipse/faces/javax.faces.resource/layout/layout.css?ln=primefaces&v=4.0 HTTP/1.1" 304 -
186.84.21.222 - - [14/Mar/2023:00:17:43 -0500] "GET /sipse/faces/javax.faces.resource/jquery/jquery-plugins.js?ln=primefaces&v=4.0 HTTP/1.1" 304 -
186.84.21.222 - - [14/Mar/2023:00:17:43 -0500] "GET /sipse/faces/javax.faces.resource/primefaces.js?ln=primefaces&v=4.0 HTTP/1.1" 304 -
186.84.21.222 - - [14/Mar/2023:00:17:43 -0500] "GET /sipse/faces/javax.faces.resource/layout/layout.js?ln=primefaces&v=4.0 HTTP/1.1" 304 -
186.84.21.222 - - [14/Mar/2023:00:17:43 -0500] "GET /sipse/faces/javax.faces.resource/images/ui-icons_898989_256x240.png?ln=primefaces-aristo HTTP/1.1" 304 -
186.84.21.222 - - [14/Mar/2023:00:17:42 -0500] "POST /sipse/faces/presentacion/financiero/solicitudProceso/consultarSolicitudProceso.xhtml HTTP/1.1" 200 205740
186.84.21.222 - - [14/Mar/2023:00:17:47 -0500] "GET /sipse/faces/javax.faces.resource/images/ui-bg_flat_0_2d5972_40x100.png?ln=primefaces-aristo HTTP/1.1" 304 -
186.84.21.222 - - [14/Mar/2023:00:17:47 -0500] "POST /sipse/faces/presentacion/financiero/solicitudProceso/consultarSolicitudProceso.xhtml HTTP/1.1" 200 35617
186.84.21.222 - - [14/Mar/2023:00:17:49 -0500] "GET /sipse/faces/javax.faces.resource/jquery/jquery.js?ln=primefaces&v=4.0 HTTP/1.1" 304 -
186.84.21.222 - - [14/Mar/2023:00:17:49 -0500] "GET /sipse/faces/javax.faces.resource/jquery/jquery-plugins.js?ln=primefaces&v=4.0 HTTP/1.1" 304 -
186.84.21.222 - - [14/Mar/2023:00:17:49 -0500] "GET /sipse/faces/javax.faces.resource/primefaces.js?ln=primefaces&v=4.0 HTTP/1.1" 304 -
186.84.21.222 - - [14/Mar/2023:00:17:49 -0500] "GET /sipse/faces/javax.faces.resource/layout/layout.js?ln=primefaces&v=4.0 HTTP/1.1" 304 -
186.84.21.222 - - [14/Mar/2023:00:17:49 -0500] "GET /sipse/faces/javax.faces.resource/messages/messages.png?ln=primefaces&v=4.0 HTTP/1.1" 304 -
186.84.21.222 - - [14/Mar/2023:00:17:50 -0500] "POST /sipse/faces/presentacion/financiero/solicitudProceso/listarSolicitudProceso.xhtml HTTP/1.1" 200 1396
186.84.21.222 - - [14/Mar/2023:00:18:05 -0500] "POST /sipse/faces/presentacion/financiero/solicitudProceso/listarSolicitudProceso.xhtml HTTP/1.1" 200 23276
186.84.21.222 - - [14/Mar/2023:00:18:06 -0500] "POST /sipse/faces/presentacion/financiero/solicitudProceso/listarSolicitudProceso.xhtml HTTP/1.1" 200 5167
186.84.21.222 - - [14/Mar/2023:00:18:06 -0500] "POST /sipse/faces/presentacion/financiero/solicitudProceso/listarSolicitudProceso.xhtml HTTP/1.1" 200 5163
186.84.21.222 - - [14/Mar/2023:00:18:08 -0500] "POST /sipse/faces/presentacion/financiero/solicitudProceso/listarSolicitudProceso.xhtml HTTP/1.1" 200 147121
186.84.21.222 - - [14/Mar/2023:00:18:09 -0500] "GET /sipse/faces/javax.faces.resource/jquery/jquery.js?ln=primefaces&v=4.0 HTTP/1.1" 304 -
186.84.21.222 - - [14/Mar/2023:00:18:09 -0500] "GET /sipse/faces/javax.faces.resource/jquery/jquery-plugins.js?ln=primefaces&v=4.0 HTTP/1.1" 304 -
186.84.21.222 - - [14/Mar/2023:00:18:09 -0500] "GET /sipse/faces/javax.faces.resource/primefaces.js?ln=primefaces&v=4.0 HTTP/1.1" 304 -
186.84.21.222 - - [14/Mar/2023:00:18:09 -0500] "GET /sipse/faces/javax.faces.resource/layout/layout.js?ln=primefaces&v=4.0 HTTP/1.1" 304 -
5.255.253.160 - - [14/Mar/2023:00:18:17 -0500] "-" 408 -
186.84.21.222 - - [14/Mar/2023:00:18:23 -0500] "GET /sipse/faces/javax.faces.resource/theme.css?ln=primefaces-sipse HTTP/1.1" 304 -
186.84.21.222 - - [14/Mar/2023:00:18:23 -0500] "GET /sipse/faces/javax.faces.resource/layout/layout.css?ln=primefaces&v=4.0 HTTP/1.1" 304 -
186.84.21.222 - - [14/Mar/2023:00:18:23 -0500] "GET /sipse/faces/javax.faces.resource/jquery/jquery.js?ln=primefaces&v=4.0 HTTP/1.1" 304 -
186.84.21.222 - - [14/Mar/2023:00:18:23 -0500] "GET /sipse/faces/javax.faces.resource/primefaces.css?ln=primefaces&v=4.0 HTTP/1.1" 304 -
186.84.21.222 - - [14/Mar/2023:00:18:23 -0500] "GET /sipse/faces/javax.faces.resource/jquery/jquery-plugins.js?ln=primefaces&v=4.0 HTTP/1.1" 304 -
186.84.21.222 - - [14/Mar/2023:00:18:23 -0500] "GET /sipse/faces/javax.faces.resource/primefaces.js?ln=primefaces&v=4.0 HTTP/1.1" 304 -
186.84.21.222 - - [14/Mar/2023:00:18:23 -0500] "GET /sipse/faces/javax.faces.resource/layout/layout.js?ln=primefaces&v=4.0 HTTP/1.1" 304 -
186.84.21.222 - - [14/Mar/2023:00:18:22 -0500] "POST /sipse/faces/presentacion/financiero/solicitudProceso/consultarSolicitudProceso.xhtml HTTP/1.1" 200 193671
186.84.21.222 - - [14/Mar/2023:00:18:23 -0500] "GET /sipse/faces/javax.faces.resource/images/ui-icons_898989_256x240.png?ln=primefaces-aristo HTTP/1.1" 304 -
186.84.21.222 - - [14/Mar/2023:00:18:26 -0500] "GET /sipse/faces/javax.faces.resource/images/ui-bg_flat_0_2d5972_40x100.png?ln=primefaces-aristo HTTP/1.1" 304 -
186.84.21.222 - - [14/Mar/2023:00:18:26 -0500] "POST /sipse/faces/presentacion/financiero/solicitudProceso/consultarSolicitudProceso.xhtml HTTP/1.1" 200 35635
186.84.21.222 - - [14/Mar/2023:00:18:28 -0500] "GET /sipse/faces/javax.faces.resource/jquery/jquery.js?ln=primefaces&v=4.0 HTTP/1.1" 304 -
186.84.21.222 - - [14/Mar/2023:00:18:28 -0500] "GET /sipse/faces/javax.faces.resource/jquery/jquery-plugins.js?ln=primefaces&v=4.0 HTTP/1.1" 304 -
186.84.21.222 - - [14/Mar/2023:00:18:28 -0500] "GET /sipse/faces/javax.faces.resource/primefaces.js?ln=primefaces&v=4.0 HTTP/1.1" 304 -
186.84.21.222 - - [14/Mar/2023:00:18:28 -0500] "GET /sipse/faces/javax.faces.resource/layout/layout.js?ln=primefaces&v=4.0 HTTP/1.1" 304 -
186.84.21.222 - - [14/Mar/2023:00:18:28 -0500] "GET /sipse/faces/javax.faces.resource/messages/messages.png?ln=primefaces&v=4.0 HTTP/1.1" 304 -
186.84.21.222 - - [14/Mar/2023:00:18:28 -0500] "POST /sipse/faces/presentacion/financiero/solicitudProceso/listarSolicitudProceso.xhtml HTTP/1.1" 200 1396
69.171.249.23 - - [14/Mar/2023:00:18:51 -0500] "GET /images/idpyba-4-marzo-1_optimized.jpeg HTTP/1.1" 200 115318
69.171.249.119 - - [14/Mar/2023:00:18:51 -0500] "GET /images/calidad-aire-2-marzo-1_optimized.jpeg HTTP/1.1" 200 51562
69.171.249.2 - - [14/Mar/2023:00:18:53 -0500] "GET /images/empresas-alertas_optimized.jpeg HTTP/1.1" 200 142365
69.171.249.2 - - [14/Mar/2023:00:18:54 -0500] "GET /images/camino-a-los-cerros-1_optimized.jpeg HTTP/1.1" 200 222279
216.245.221.92 - - [14/Mar/2023:00:18:57 -0500] "HEAD / HTTP/1.1" 200 -
69.171.249.7 - - [14/Mar/2023:00:18:59 -0500] "GET /images/24%20de%20febrero%20Sendero%20guadalupe%202.jpeg HTTP/1.1" 200 70964
69.171.249.7 - - [14/Mar/2023:00:18:59 -0500] "GET /images/17%20de%20febrero%20mujeres%20que%20reverdecen.jpeg HTTP/1.1" 200 85735
69.171.249.5 - - [14/Mar/2023:00:18:59 -0500] "GET /images/Juan%20Rey%20febrero%2013.jpg HTTP/1.1" 200 55934
69.171.249.6 - - [14/Mar/2023:00:18:59 -0500] "GET /images/20%20de%20febrero%20panor\xc3\xa1mica%20de%20Bogot\xc3\xa1%20(1)%20(1).jpeg HTTP/1.1" 404 1034
69.171.249.16 - - [14/Mar/2023:00:18:59 -0500] "GET /images/WhatsApp%20Image%202023-02-15%20at%205.07.25%20PM.jpeg HTTP/1.1" 200 50573
69.171.249.24 - - [14/Mar/2023:00:18:59 -0500] "GET /images/Conversatorio%20aire%201%20(1).jpeg HTTP/1.1" 200 72040
69.171.249.7 - - [14/Mar/2023:00:18:59 -0500] "GET /images/Sello%201%20JA-2.jpeg HTTP/1.1" 200 42236
69.171.249.6 - - [14/Mar/2023:00:18:59 -0500] "GET /images/Puntos%20calientes%2024%20de%20febrero.jpeg HTTP/1.1" 200 42626
69.171.249.119 - - [14/Mar/2023:00:19:01 -0500] "GET /images/Rmasar%2018%20de%20febrero%20Grupo.jpg HTTP/1.1" 200 68398
69.171.249.120 - - [14/Mar/2023:00:19:01 -0500] "GET /images/28%20de%20febrero%20operativo.jpeg HTTP/1.1" 200 62220
186.84.21.222 - - [14/Mar/2023:00:19:39 -0500] "POST /sipse/faces/presentacion/financiero/solicitudProceso/listarSolicitudProceso.xhtml HTTP/1.1" 200 31935
186.84.21.222 - - [14/Mar/2023:00:19:40 -0500] "POST /sipse/faces/presentacion/financiero/solicitudProceso/listarSolicitudProceso.xhtml HTTP/1.1" 200 8206
186.84.21.222 - - [14/Mar/2023:00:19:44 -0500] "POST /sipse/faces/presentacion/financiero/solicitudProceso/listarSolicitudProceso.xhtml HTTP/1.1" 200 142945
186.84.21.222 - - [14/Mar/2023:00:19:45 -0500] "GET /sipse/faces/javax.faces.resource/jquery/jquery.js?ln=primefaces&v=4.0 HTTP/1.1" 304 -
186.84.21.222 - - [14/Mar/2023:00:19:45 -0500] "GET /sipse/faces/javax.faces.resource/jquery/jquery-plugins.js?ln=primefaces&v=4.0 HTTP/1.1" 304 -
186.84.21.222 - - [14/Mar/2023:00:19:45 -0500] "GET /sipse/faces/javax.faces.resource/primefaces.js?ln=primefaces&v=4.0 HTTP/1.1" 304 -
186.84.21.222 - - [14/Mar/2023:00:19:45 -0500] "GET /sipse/faces/javax.faces.resource/layout/layout.js?ln=primefaces&v=4.0 HTTP/1.1" 304 -
186.84.21.222 - - [14/Mar/2023:00:19:57 -0500] "POST /sipse/faces/presentacion/financiero/solicitudProceso/consultarSolicitudProceso.xhtml HTTP/1.1" 200 36598
186.84.21.222 - - [14/Mar/2023:00:19:58 -0500] "GET /sipse/faces/javax.faces.resource/theme.css?ln=primefaces-sipse HTTP/1.1" 304 -
186.84.21.222 - - [14/Mar/2023:00:19:58 -0500] "GET /sipse/faces/javax.faces.resource/primefaces.css?ln=primefaces&v=4.0 HTTP/1.1" 304 -
186.84.21.222 - - [14/Mar/2023:00:19:58 -0500] "GET /sipse/faces/javax.faces.resource/layout/layout.css?ln=primefaces&v=4.0 HTTP/1.1" 304 -
186.84.21.222 - - [14/Mar/2023:00:19:58 -0500] "GET /sipse/faces/javax.faces.resource/jquery/jquery.js?ln=primefaces&v=4.0 HTTP/1.1" 304 -
186.84.21.222 - - [14/Mar/2023:00:19:58 -0500] "GET /sipse/faces/javax.faces.resource/jquery/jquery-plugins.js?ln=primefaces&v=4.0 HTTP/1.1" 304 -
186.84.21.222 - - [14/Mar/2023:00:19:58 -0500] "GET /sipse/faces/javax.faces.resource/primefaces.js?ln=primefaces&v=4.0 HTTP/1.1" 304 -
186.84.21.222 - - [14/Mar/2023:00:19:58 -0500] "GET /sipse/faces/javax.faces.resource/layout/layout.js?ln=primefaces&v=4.0 HTTP/1.1" 304 -
186.84.21.222 - - [14/Mar/2023:00:19:58 -0500] "GET /sipse/faces/javax.faces.resource/images/ui-icons_898989_256x240.png?ln=primefaces-aristo HTTP/1.1" 304 -
186.84.21.222 - - [14/Mar/2023:00:20:11 -0500] "GET /sipse/faces/javax.faces.resource/layout/layout.css?ln=primefaces&v=4.0 HTTP/1.1" 304 -
186.84.21.222 - - [14/Mar/2023:00:20:11 -0500] "GET /sipse/faces/javax.faces.resource/theme.css?ln=primefaces-sipse HTTP/1.1" 304 -
186.84.21.222 - - [14/Mar/2023:00:20:11 -0500] "GET /sipse/faces/javax.faces.resource/primefaces.css?ln=primefaces&v=4.0 HTTP/1.1" 304 -
186.84.21.222 - - [14/Mar/2023:00:20:11 -0500] "GET /sipse/faces/javax.faces.resource/jquery/jquery.js?ln=primefaces&v=4.0 HTTP/1.1" 304 -
186.84.21.222 - - [14/Mar/2023:00:20:11 -0500] "GET /sipse/faces/javax.faces.resource/jquery/jquery-plugins.js?ln=primefaces&v=4.0 HTTP/1.1" 304 -
186.84.21.222 - - [14/Mar/2023:00:20:11 -0500] "GET /sipse/faces/javax.faces.resource/layout/layout.js?ln=primefaces&v=4.0 HTTP/1.1" 304 -
186.84.21.222 - - [14/Mar/2023:00:20:11 -0500] "GET /sipse/faces/javax.faces.resource/primefaces.js?ln=primefaces&v=4.0 HTTP/1.1" 304 -
186.84.21.222 - - [14/Mar/2023:00:20:10 -0500] "POST /sipse/faces/presentacion/financiero/solicitudProceso/consultarHistorialSolProceso.xhtml HTTP/1.1" 200 188979
186.84.21.222 - - [14/Mar/2023:00:20:11 -0500] "GET /sipse/faces/javax.faces.resource/images/ui-icons_898989_256x240.png?ln=primefaces-aristo HTTP/1.1" 304 -
201.245.192.253 - - [14/Mar/2023:00:20:12 -0500] "POST /kwsrmcab/Wsrmcab  HTTP/1.1" 200 42554
186.84.21.222 - - [14/Mar/2023:00:20:39 -0500] "POST /sipse/faces/presentacion/financiero/solicitudProceso/consultarSolicitudProceso.xhtml HTTP/1.1" 200 1108175
186.84.21.222 - - [14/Mar/2023:00:20:48 -0500] "GET /sipse/faces/javax.faces.resource/images/ui-bg_flat_0_2d5972_40x100.png?ln=primefaces-aristo HTTP/1.1" 304 -
186.84.21.222 - - [14/Mar/2023:00:20:48 -0500] "POST /sipse/faces/presentacion/financiero/solicitudProceso/consultarSolicitudProceso.xhtml HTTP/1.1" 200 5534
186.84.21.222 - - [14/Mar/2023:00:20:44 -0500] "POST /sipse/faces/presentacion/financiero/solicitudProceso/consultarSolicitudProceso.xhtml HTTP/1.1" 200 9568161
201.245.192.253 - - [14/Mar/2023:00:21:05 -0500] "POST /kwsrmcab/Wsrmcab HTTP/1.1" 200 42542
201.245.192.253 - - [14/Mar/2023:00:21:08 -0500] "POST /kwsrmcab/Wsrmcab HTTP/1.1" 200 42714
172.22.2.4 - - [14/Mar/2023:00:19:34 -0500] "HEAD /BLA/boletinlegal/ HTTP/1.1" 200 -
31.13.127.8 - - [14/Mar/2023:00:21:29 -0500] "GET /images/vertimiento-Comprimida%20(1).png HTTP/1.1" 200 22870
172.22.2.4 - - [14/Mar/2023:00:20:25 -0500] "GET /BLA/boletinlegal/ HTTP/1.1" 200 58297
216.245.221.92 - - [14/Mar/2023:00:23:57 -0500] "HEAD / HTTP/1.1" 200 -
185.191.171.2 - - [14/Mar/2023:00:24:07 -0500] "-" 408 -
185.191.171.2 - - [14/Mar/2023:00:24:22 -0500] "-" 408 -
66.249.66.64 - - [14/Mar/2023:00:24:48 -0500] "-" 408 -
201.245.192.253 - - [14/Mar/2023:00:25:11 -0500] "POST /kwsrmcab/Wsrmcab  HTTP/1.1" 200 42554
173.252.79.118 - - [14/Mar/2023:00:25:35 -0500] "GET /images/calidad-aire-2-marzo-1_optimized.jpeg HTTP/1.1" 200 51562
152.61.128.50 - - [14/Mar/2023:00:26:48 -0500] "GET / HTTP/1.1" 200 319
172.22.2.4 - - [14/Mar/2023:00:25:24 -0500] "HEAD /BLA/boletinlegal/ HTTP/1.1" 200 -
172.22.2.4 - - [14/Mar/2023:00:26:15 -0500] "GET /BLA/boletinlegal/ HTTP/1.1" 200 59646
217.182.175.162 - - [14/Mar/2023:00:28:12 -0500] "HEAD /secretaria-de-ambiente-impone-medida-preventiva-de-suspension-de-actividades-por-disposicion-ilegal-de-residuos-de-construccion.html HTTP/1.1" 200 -
51.15.164.30 - - [14/Mar/2023:00:28:14 -0500] "HEAD /palmas-silvestres-secretaria-de-ambiente-inicia-campana-de-proteccion.html HTTP/1.1" 200 -
217.182.175.162 - - [14/Mar/2023:00:28:15 -0500] "HEAD /mujeres-que-reverdecen-secretaria-de-ambiente-anuncia-el-inicio-de-la-tercera-fase.html HTTP/1.1" 200 -
186.84.21.222 - - [14/Mar/2023:00:28:31 -0500] "POST /sipse/faces/presentacion/financiero/solicitudProceso/consultarSolicitudProceso.xhtml HTTP/1.1" 200 5534
216.245.221.92 - - [14/Mar/2023:00:28:57 -0500] "HEAD / HTTP/1.1" 200 -
201.245.192.253 - - [14/Mar/2023:00:30:09 -0500] "POST /kwsrmcab/Wsrmcab  HTTP/1.1" 200 42554
201.245.192.253 - - [14/Mar/2023:00:31:05 -0500] "POST /kwsrmcab/Wsrmcab HTTP/1.1" 200 42542
201.245.192.253 - - [14/Mar/2023:00:31:08 -0500] "POST /kwsrmcab/Wsrmcab HTTP/1.1" 200 42714
64.124.8.59 - - [14/Mar/2023:00:32:38 -0500] "GET /BLA/boletinlegal/jurisprudencia/analisis/G__Jurisp.%20Junio%202014_ANALISIS%20JURISPRUDENCIA%20C-634-12%20DECOMISO.docx HTTP/1.1" 200 27045
172.22.2.4 - - [14/Mar/2023:00:31:14 -0500] "HEAD /BLA/boletinlegal/ HTTP/1.1" 200 -
172.22.2.4 - - [14/Mar/2023:00:32:05 -0500] "GET /BLA/boletinlegal/ HTTP/1.1" 200 59296
216.245.221.92 - - [14/Mar/2023:00:33:57 -0500] "HEAD / HTTP/1.1" 200 -
186.84.21.222 - - [14/Mar/2023:00:34:44 -0500] "POST /sipse/faces/presentacion/financiero/solicitudProceso/consultarSolicitudProceso.xhtml HTTP/1.1" 200 38657
186.84.21.222 - - [14/Mar/2023:00:34:49 -0500] "GET /sipse/faces/javax.faces.resource/jquery/jquery.js?ln=primefaces&v=4.0 HTTP/1.1" 304 -
186.84.21.222 - - [14/Mar/2023:00:34:49 -0500] "GET /sipse/faces/javax.faces.resource/jquery/jquery-plugins.js?ln=primefaces&v=4.0 HTTP/1.1" 304 -
186.84.21.222 - - [14/Mar/2023:00:34:49 -0500] "GET /sipse/faces/javax.faces.resource/primefaces.js?ln=primefaces&v=4.0 HTTP/1.1" 304 -
186.84.21.222 - - [14/Mar/2023:00:34:49 -0500] "GET /sipse/faces/javax.faces.resource/layout/layout.js?ln=primefaces&v=4.0 HTTP/1.1" 304 -
186.84.21.222 - - [14/Mar/2023:00:34:50 -0500] "GET /sipse/faces/javax.faces.resource/messages/messages.png?ln=primefaces&v=4.0 HTTP/1.1" 304 -
186.84.21.222 - - [14/Mar/2023:00:34:50 -0500] "POST /sipse/faces/presentacion/financiero/solicitudProceso/listarSolicitudProceso.xhtml HTTP/1.1" 200 1416
201.245.192.253 - - [14/Mar/2023:00:35:08 -0500] "POST /kwsrmcab/Wsrmcab  HTTP/1.1" 200 42554
186.84.21.222 - - [14/Mar/2023:00:36:11 -0500] "POST /sipse/faces/presentacion/financiero/solicitudProceso/listarSolicitudProceso.xhtml HTTP/1.1" 200 31915
186.84.21.222 - - [14/Mar/2023:00:36:12 -0500] "POST /sipse/faces/presentacion/financiero/solicitudProceso/listarSolicitudProceso.xhtml HTTP/1.1" 200 17204
186.84.21.222 - - [14/Mar/2023:00:36:13 -0500] "POST /sipse/faces/presentacion/financiero/solicitudProceso/listarSolicitudProceso.xhtml HTTP/1.1" 200 5325
186.84.21.222 - - [14/Mar/2023:00:36:14 -0500] "POST /sipse/faces/presentacion/financiero/solicitudProceso/listarSolicitudProceso.xhtml HTTP/1.1" 200 5329
186.84.21.222 - - [14/Mar/2023:00:36:16 -0500] "POST /sipse/faces/presentacion/financiero/solicitudProceso/listarSolicitudProceso.xhtml HTTP/1.1" 200 142379
186.84.21.222 - - [14/Mar/2023:00:36:19 -0500] "GET /sipse/faces/javax.faces.resource/jquery/jquery.js?ln=primefaces&v=4.0 HTTP/1.1" 304 -
186.84.21.222 - - [14/Mar/2023:00:36:19 -0500] "GET /sipse/faces/javax.faces.resource/jquery/jquery-plugins.js?ln=primefaces&v=4.0 HTTP/1.1" 304 -
186.84.21.222 - - [14/Mar/2023:00:36:19 -0500] "GET /sipse/faces/javax.faces.resource/primefaces.js?ln=primefaces&v=4.0 HTTP/1.1" 304 -
186.84.21.222 - - [14/Mar/2023:00:36:19 -0500] "GET /sipse/faces/javax.faces.resource/layout/layout.js?ln=primefaces&v=4.0 HTTP/1.1" 304 -
186.84.21.222 - - [14/Mar/2023:00:36:24 -0500] "POST /sipse/faces/presentacion/financiero/solicitudProceso/consultarSolicitudProceso.xhtml HTTP/1.1" 200 75378
186.84.21.222 - - [14/Mar/2023:00:36:27 -0500] "POST /sipse/faces/presentacion/financiero/solicitudProceso/consultarSolicitudProceso.xhtml HTTP/1.1" 200 10310013
186.84.21.222 - - [14/Mar/2023:00:36:32 -0500] "POST /sipse/faces/presentacion/financiero/solicitudProceso/consultarSolicitudProceso.xhtml HTTP/1.1" 200 5510
172.22.2.4 - - [14/Mar/2023:00:36:53 -0500] "GET /BLA/boletinlegal/style.css HTTP/1.1" 200 9406
172.22.2.4 - - [14/Mar/2023:00:36:53 -0500] "GET /BLA/boletinlegal/styles2.css HTTP/1.1" 200 1838
172.22.2.4 - - [14/Mar/2023:00:36:54 -0500] "GET /BLA/boletinlegal/js/jquery.js HTTP/1.1" 200 57254
172.22.2.4 - - [14/Mar/2023:00:36:54 -0500] "GET /BLA/boletinlegal/js/jquery.scrollTo-min.js HTTP/1.1" 200 1150
172.22.2.4 - - [14/Mar/2023:00:36:54 -0500] "GET /BLA/boletinlegal/js/jquery.scrollShow.js HTTP/1.1" 200 4586
172.22.2.4 - - [14/Mar/2023:00:36:58 -0500] "GET /BLA/boletinlegal/images/cabezote%20BLEGAL.jpg HTTP/1.1" 200 118164
172.22.2.4 - - [14/Mar/2023:00:36:58 -0500] "GET /BLA/boletinlegal/images/subscribe-icon-big.png HTTP/1.1" 200 47702
172.22.2.4 - - [14/Mar/2023:00:37:01 -0500] "GET /BLA/boletinlegal/images/registro-usuarios.png HTTP/1.1" 200 8106
172.22.2.4 - - [14/Mar/2023:00:37:01 -0500] "GET /BLA/boletinlegal/images/historia.png HTTP/1.1" 200 52775
172.22.2.4 - - [14/Mar/2023:00:37:01 -0500] "GET /BLA/boletinlegal/images/arr_l.jpg HTTP/1.1" 200 1979
172.22.2.4 - - [14/Mar/2023:00:37:01 -0500] "GET /BLA/boletinlegal/images/launch.jpg HTTP/1.1" 200 14577
172.22.2.4 - - [14/Mar/2023:00:37:01 -0500] "GET /BLA/boletinlegal/images/body_bg.jpg HTTP/1.1" 200 1601
172.22.2.4 - - [14/Mar/2023:00:37:01 -0500] "GET /BLA/boletinlegal/images/screen_1.png HTTP/1.1" 200 202547
172.22.2.4 - - [14/Mar/2023:00:37:01 -0500] "GET /BLA/boletinlegal/images/menu_lft.gif HTTP/1.1" 200 1713
172.22.2.4 - - [14/Mar/2023:00:37:01 -0500] "GET /BLA/boletinlegal/images/menu_rght.gif HTTP/1.1" 200 1627
172.22.2.4 - - [14/Mar/2023:00:37:01 -0500] "GET /BLA/boletinlegal/images/bg_top.jpg HTTP/1.1" 200 522
172.22.2.4 - - [14/Mar/2023:00:37:01 -0500] "GET /BLA/boletinlegal/images/menu_bg.jpg HTTP/1.1" 200 620
172.22.2.4 - - [14/Mar/2023:00:37:01 -0500] "GET /BLA/boletinlegal/images/hover.jpg HTTP/1.1" 200 640
172.22.2.4 - - [14/Mar/2023:00:37:01 -0500] "GET /BLA/boletinlegal/images/text.jpg HTTP/1.1" 200 568
172.22.2.4 - - [14/Mar/2023:00:37:08 -0500] "GET /BLA/boletinlegal/images/screen_2.png HTTP/1.1" 200 362502
172.22.2.4 - - [14/Mar/2023:00:37:08 -0500] "GET /BLA/boletinlegal/images/screen_3.png HTTP/1.1" 200 210620
172.22.2.4 - - [14/Mar/2023:00:37:08 -0500] "GET /BLA/boletinlegal/images/arr_r.jpg HTTP/1.1" 200 1998
172.22.2.4 - - [14/Mar/2023:00:37:08 -0500] "GET /BLA/boletinlegal/images/footer_bg.jpg HTTP/1.1" 200 586
172.22.2.4 - - [14/Mar/2023:00:37:08 -0500] "GET /BLA/boletinlegal/images/screen_5.png HTTP/1.1" 200 368876
172.22.2.4 - - [14/Mar/2023:00:37:19 -0500] "GET /BLA/boletinlegal/images/pdf.gif HTTP/1.1" 200 567
172.22.2.4 - - [14/Mar/2023:00:38:07 -0500] "GET /BLA/boletinlegal/jurisprudencia/analisis/CUADRO%20ANALISIS%20SENTENCIA%20T-411%20DE%201992.doc HTTP/1.1" 200 41984
172.22.2.4 - - [14/Mar/2023:00:38:09 -0500] "GET /BLA/boletinlegal/robots.txt HTTP/1.1" 404 1038
172.22.2.4 - - [14/Mar/2023:00:38:09 -0500] "GET /BLA/boletinlegal/jurisprudencia/analisis/AnalisisT-606-15.docx HTTP/1.1" 200 26698
172.22.2.4 - - [14/Mar/2023:00:36:50 -0500] "GET /BLA/boletinlegal/ HTTP/1.1" 200 55211
172.22.2.4 - - [14/Mar/2023:00:37:04 -0500] "HEAD /BLA/boletinlegal/ HTTP/1.1" 200 -
216.245.221.92 - - [14/Mar/2023:00:38:57 -0500] "HEAD / HTTP/1.1" 200 -
172.22.2.4 - - [14/Mar/2023:00:37:55 -0500] "GET /BLA/boletinlegal/ HTTP/1.1" 200 54798
17.241.227.15 - - [14/Mar/2023:00:39:37 -0500] "-" 408 -
34.253.55.27 - - [14/Mar/2023:00:39:58 -0500] "-" 408 -
201.245.192.253 - - [14/Mar/2023:00:40:08 -0500] "POST /kwsrmcab/Wsrmcab  HTTP/1.1" 200 42554
201.245.192.253 - - [14/Mar/2023:00:41:04 -0500] "POST /kwsrmcab/Wsrmcab HTTP/1.1" 200 42542
201.245.192.253 - - [14/Mar/2023:00:41:07 -0500] "POST /kwsrmcab/Wsrmcab HTTP/1.1" 200 42714
66.249.66.37 - - [14/Mar/2023:00:42:28 -0500] "-" 408 -
216.245.221.92 - - [14/Mar/2023:00:43:57 -0500] "HEAD / HTTP/1.1" 200 -
172.22.2.4 - - [14/Mar/2023:00:42:54 -0500] "HEAD /BLA/boletinlegal/ HTTP/1.1" 200 -
201.245.192.253 - - [14/Mar/2023:00:45:06 -0500] "POST /kwsrmcab/Wsrmcab  HTTP/1.1" 200 42554
172.22.2.4 - - [14/Mar/2023:00:43:45 -0500] "GET /BLA/boletinlegal/ HTTP/1.1" 200 57141
4.246.124.237 - - [14/Mar/2023:00:46:30 -0500] "-" 408 -
186.84.21.222 - - [14/Mar/2023:00:46:53 -0500] "POST /sipse/faces/presentacion/financiero/solicitudProceso/consultarSolicitudProceso.xhtml HTTP/1.1" 200 5510
186.29.230.184 - - [14/Mar/2023:00:47:49 -0500] "GET /mujeres-que-reverdecen-secretaria-de-ambiente-anuncia-el-inicio-de-la-tercera-fase.html HTTP/1.1" 200 954
52.167.144.168 - - [14/Mar/2023:00:48:19 -0500] "GET /BLA/resoluciones/AUTOS%202021/1785.pdf HTTP/1.1" 304 -
185.119.81.103 - - [14/Mar/2023:00:48:36 -0500] "GET /portaldeninos/wp-login.php HTTP/1.1" 200 2592
186.84.21.222 - - [14/Mar/2023:00:48:34 -0500] "POST /sipse/faces/presentacion/financiero/solicitudProceso/consultarSolicitudProceso.xhtml HTTP/1.1" 200 35772
185.119.81.103 - - [14/Mar/2023:00:48:37 -0500] "POST /portaldeninos/wp-login.php HTTP/1.1" 200 3650
186.84.21.222 - - [14/Mar/2023:00:48:37 -0500] "GET /sipse/faces/javax.faces.resource/jquery/jquery.js?ln=primefaces&v=4.0 HTTP/1.1" 304 -
186.84.21.222 - - [14/Mar/2023:00:48:37 -0500] "GET /sipse/faces/javax.faces.resource/jquery/jquery-plugins.js?ln=primefaces&v=4.0 HTTP/1.1" 304 -
186.84.21.222 - - [14/Mar/2023:00:48:37 -0500] "GET /sipse/faces/javax.faces.resource/primefaces.js?ln=primefaces&v=4.0 HTTP/1.1" 304 -
186.84.21.222 - - [14/Mar/2023:00:48:37 -0500] "GET /sipse/faces/javax.faces.resource/layout/layout.js?ln=primefaces&v=4.0 HTTP/1.1" 304 -
186.84.21.222 - - [14/Mar/2023:00:48:37 -0500] "POST /sipse/faces/presentacion/financiero/solicitudProceso/listarSolicitudProceso.xhtml HTTP/1.1" 200 1396
216.245.221.92 - - [14/Mar/2023:00:48:57 -0500] "HEAD / HTTP/1.1" 200 -
186.84.21.222 - - [14/Mar/2023:00:50:04 -0500] "POST /sipse/faces/presentacion/financiero/solicitudProceso/listarSolicitudProceso.xhtml HTTP/1.1" 200 31899
186.84.21.222 - - [14/Mar/2023:00:50:05 -0500] "POST /sipse/faces/presentacion/financiero/solicitudProceso/listarSolicitudProceso.xhtml HTTP/1.1" 200 20172
186.84.21.222 - - [14/Mar/2023:00:50:06 -0500] "POST /sipse/faces/presentacion/financiero/solicitudProceso/listarSolicitudProceso.xhtml HTTP/1.1" 200 5112
201.245.192.253 - - [14/Mar/2023:00:50:05 -0500] "POST /kwsrmcab/Wsrmcab  HTTP/1.1" 200 42554
186.84.21.222 - - [14/Mar/2023:00:50:09 -0500] "POST /sipse/faces/presentacion/financiero/solicitudProceso/listarSolicitudProceso.xhtml HTTP/1.1" 200 139736
186.84.21.222 - - [14/Mar/2023:00:50:10 -0500] "GET /sipse/faces/javax.faces.resource/jquery/jquery.js?ln=primefaces&v=4.0 HTTP/1.1" 304 -
186.84.21.222 - - [14/Mar/2023:00:50:10 -0500] "GET /sipse/faces/javax.faces.resource/jquery/jquery-plugins.js?ln=primefaces&v=4.0 HTTP/1.1" 304 -
186.84.21.222 - - [14/Mar/2023:00:50:10 -0500] "GET /sipse/faces/javax.faces.resource/primefaces.js?ln=primefaces&v=4.0 HTTP/1.1" 304 -
186.84.21.222 - - [14/Mar/2023:00:50:10 -0500] "GET /sipse/faces/javax.faces.resource/layout/layout.js?ln=primefaces&v=4.0 HTTP/1.1" 304 -
186.84.21.222 - - [14/Mar/2023:00:50:15 -0500] "POST /sipse/faces/presentacion/financiero/solicitudProceso/consultarSolicitudProceso.xhtml HTTP/1.1" 200 83005
186.84.21.222 - - [14/Mar/2023:00:50:23 -0500] "POST /sipse/faces/presentacion/financiero/solicitudProceso/consultarSolicitudProceso.xhtml HTTP/1.1" 200 85473
172.22.2.4 - - [14/Mar/2023:00:48:44 -0500] "HEAD /BLA/boletinlegal/ HTTP/1.1" 200 -
186.84.21.222 - - [14/Mar/2023:00:50:26 -0500] "POST /sipse/faces/presentacion/financiero/solicitudProceso/consultarSolicitudProceso.xhtml HTTP/1.1" 200 6858275
186.84.21.222 - - [14/Mar/2023:00:50:31 -0500] "POST /sipse/faces/presentacion/financiero/solicitudProceso/consultarSolicitudProceso.xhtml HTTP/1.1" 200 5510
172.22.2.4 - - [14/Mar/2023:00:49:35 -0500] "GET /BLA/boletinlegal/ HTTP/1.1" 200 57551
186.84.90.18 - - [14/Mar/2023:00:51:30 -0500] "GET /BLA/resoluciones/index.php?dir= HTTP/1.1" 200 13502
152.61.192.232 - - [14/Mar/2023:00:51:34 -0500] "GET /arcgis/services/Calidad_del_Agua_WQI/MapServer/WMSServer?request=GetCapabilities&service=WMS HTTP/1.1" 503 1020
152.61.192.232 - - [14/Mar/2023:00:51:36 -0500] "GET /arcgis/services/Calidad_del_Agua_WQI/MapServer/WMSServer?SERVICE=WMS&REQUEST=GetCapabilities HTTP/1.1" 503 1020
186.84.90.18 - - [14/Mar/2023:00:51:35 -0500] "GET /BLA/resoluciones/index.php?dir=AUTOS+2017%2F HTTP/1.1" 200 463585
152.61.192.232 - - [14/Mar/2023:00:51:36 -0500] "GET /arcgis/services/Calidad_del_Agua_WQI/MapServer/WMSServer?WMTVER=1.0.0&REQUEST=capabilities HTTP/1.1" 503 1020
172.22.2.4 - - [14/Mar/2023:00:53:00 -0500] "GET /BLA/boletinlegal/actos.php HTTP/1.1" 200 9672
186.84.21.222 - - [14/Mar/2023:00:53:29 -0500] "GET /sipse/faces/javax.faces.resource/primefaces.css?ln=primefaces&v=4.0 HTTP/1.1" 304 -
186.84.21.222 - - [14/Mar/2023:00:53:29 -0500] "GET /sipse/faces/javax.faces.resource/theme.css?ln=primefaces-sipse HTTP/1.1" 304 -
186.84.21.222 - - [14/Mar/2023:00:53:28 -0500] "POST /sipse/faces/presentacion/financiero/solicitudProceso/consultarSolicitudProceso.xhtml HTTP/1.1" 200 188002
186.84.21.222 - - [14/Mar/2023:00:53:29 -0500] "GET /sipse/faces/javax.faces.resource/layout/layout.css?ln=primefaces&v=4.0 HTTP/1.1" 304 -
186.84.21.222 - - [14/Mar/2023:00:53:29 -0500] "GET /sipse/faces/javax.faces.resource/jquery/jquery-plugins.js?ln=primefaces&v=4.0 HTTP/1.1" 304 -
186.84.21.222 - - [14/Mar/2023:00:53:29 -0500] "GET /sipse/faces/javax.faces.resource/jquery/jquery.js?ln=primefaces&v=4.0 HTTP/1.1" 304 -
186.84.21.222 - - [14/Mar/2023:00:53:29 -0500] "GET /sipse/faces/javax.faces.resource/primefaces.js?ln=primefaces&v=4.0 HTTP/1.1" 304 -
186.84.21.222 - - [14/Mar/2023:00:53:29 -0500] "GET /sipse/faces/javax.faces.resource/layout/layout.js?ln=primefaces&v=4.0 HTTP/1.1" 304 -
186.84.21.222 - - [14/Mar/2023:00:53:29 -0500] "GET /sipse/faces/javax.faces.resource/images/ui-icons_898989_256x240.png?ln=primefaces-aristo HTTP/1.1" 304 -
186.84.21.222 - - [14/Mar/2023:00:53:32 -0500] "GET /sipse/faces/javax.faces.resource/images/ui-bg_flat_0_2d5972_40x100.png?ln=primefaces-aristo HTTP/1.1" 304 -
186.84.21.222 - - [14/Mar/2023:00:53:32 -0500] "POST /sipse/faces/presentacion/financiero/solicitudProceso/consultarSolicitudProceso.xhtml HTTP/1.1" 200 35636
186.84.21.222 - - [14/Mar/2023:00:53:35 -0500] "GET /sipse/faces/javax.faces.resource/jquery/jquery.js?ln=primefaces&v=4.0 HTTP/1.1" 304 -
186.84.21.222 - - [14/Mar/2023:00:53:35 -0500] "GET /sipse/faces/javax.faces.resource/jquery/jquery-plugins.js?ln=primefaces&v=4.0 HTTP/1.1" 304 -
186.84.21.222 - - [14/Mar/2023:00:53:35 -0500] "GET /sipse/faces/javax.faces.resource/primefaces.js?ln=primefaces&v=4.0 HTTP/1.1" 304 -
186.84.21.222 - - [14/Mar/2023:00:53:35 -0500] "GET /sipse/faces/javax.faces.resource/layout/layout.js?ln=primefaces&v=4.0 HTTP/1.1" 304 -
186.84.21.222 - - [14/Mar/2023:00:53:35 -0500] "GET /sipse/faces/javax.faces.resource/messages/messages.png?ln=primefaces&v=4.0 HTTP/1.1" 304 -
186.84.21.222 - - [14/Mar/2023:00:53:35 -0500] "POST /sipse/faces/presentacion/financiero/solicitudProceso/listarSolicitudProceso.xhtml HTTP/1.1" 200 1396
152.61.128.50 - - [14/Mar/2023:00:53:40 -0500] "GET /arcgis/services/Calidad_del_Agua_WQI/MapServer/WMSServer?request=GetCapabilities&service=WMS HTTP/1.1" 503 1020
152.61.128.50 - - [14/Mar/2023:00:53:42 -0500] "GET /arcgis/services/Calidad_del_Agua_WQI/MapServer/WMSServer?SERVICE=WMS&REQUEST=GetCapabilities HTTP/1.1" 503 1020
152.61.128.50 - - [14/Mar/2023:00:53:42 -0500] "GET /arcgis/services/Calidad_del_Agua_WQI/MapServer/WMSServer?WMTVER=1.0.0&REQUEST=capabilities HTTP/1.1" 503 1020
216.245.221.92 - - [14/Mar/2023:00:53:57 -0500] "HEAD / HTTP/1.1" 200 -
186.84.21.222 - - [14/Mar/2023:00:54:18 -0500] "POST /sipse/faces/presentacion/financiero/solicitudProceso/listarSolicitudProceso.xhtml HTTP/1.1" 200 31879
186.84.21.222 - - [14/Mar/2023:00:54:19 -0500] "POST /sipse/faces/presentacion/financiero/solicitudProceso/listarSolicitudProceso.xhtml HTTP/1.1" 200 7994
186.84.21.222 - - [14/Mar/2023:00:54:22 -0500] "POST /sipse/faces/presentacion/financiero/solicitudProceso/listarSolicitudProceso.xhtml HTTP/1.1" 200 149290
186.84.21.222 - - [14/Mar/2023:00:54:23 -0500] "GET /sipse/faces/javax.faces.resource/jquery/jquery.js?ln=primefaces&v=4.0 HTTP/1.1" 304 -
186.84.21.222 - - [14/Mar/2023:00:54:23 -0500] "GET /sipse/faces/javax.faces.resource/jquery/jquery-plugins.js?ln=primefaces&v=4.0 HTTP/1.1" 304 -
186.84.21.222 - - [14/Mar/2023:00:54:23 -0500] "GET /sipse/faces/javax.faces.resource/primefaces.js?ln=primefaces&v=4.0 HTTP/1.1" 304 -
186.84.21.222 - - [14/Mar/2023:00:54:23 -0500] "GET /sipse/faces/javax.faces.resource/layout/layout.js?ln=primefaces&v=4.0 HTTP/1.1" 304 -
186.84.21.222 - - [14/Mar/2023:00:54:33 -0500] "POST /sipse/faces/presentacion/financiero/solicitudProceso/consultarSolicitudProceso.xhtml HTTP/1.1" 200 81224
186.84.21.222 - - [14/Mar/2023:00:54:42 -0500] "POST /sipse/faces/presentacion/financiero/solicitudProceso/consultarSolicitudProceso.xhtml HTTP/1.1" 200 538133
172.22.2.4 - - [14/Mar/2023:00:54:52 -0500] "GET /BLA/boletinlegal/autodiscover/autodiscover.json?@zdi/Powershell HTTP/1.1" 404 1018
186.84.21.222 - - [14/Mar/2023:00:55:00 -0500] "POST /sipse/faces/presentacion/financiero/solicitudProceso/consultarSolicitudProceso.xhtml HTTP/1.1" 200 5510
201.245.192.253 - - [14/Mar/2023:00:55:05 -0500] "POST /kwsrmcab/Wsrmcab  HTTP/1.1" 200 42554
172.22.2.4 - - [14/Mar/2023:00:54:34 -0500] "HEAD /BLA/boletinlegal/ HTTP/1.1" 200 -
172.22.2.4 - - [14/Mar/2023:00:55:25 -0500] "GET /BLA/boletinlegal/ HTTP/1.1" 200 54798
52.167.144.160 - - [14/Mar/2023:00:57:34 -0500] "GET /appsia/controlador HTTP/1.1" 200 4799
186.84.21.222 - - [14/Mar/2023:00:58:54 -0500] "POST /sipse/faces/presentacion/financiero/solicitudProceso/consultarSolicitudProceso.xhtml HTTP/1.1" 200 3466156
216.245.221.92 - - [14/Mar/2023:00:58:57 -0500] "HEAD / HTTP/1.1" 200 -
66.249.70.17 - - [14/Mar/2023:01:00:03 -0500] "-" 408 -
201.245.192.253 - - [14/Mar/2023:01:00:04 -0500] "POST /kwsrmcab/Wsrmcab  HTTP/1.1" 200 42554
186.145.143.169 - - [14/Mar/2023:01:00:50 -0500] "GET /appsia/controlador HTTP/1.1" 200 4799
186.145.143.169 - - [14/Mar/2023:01:00:51 -0500] "GET /appsia/css/estilos.css HTTP/1.1" 200 4804
186.145.143.169 - - [14/Mar/2023:01:00:51 -0500] "GET /appsia/scripts/validarIngreso.js HTTP/1.1" 200 851
186.145.143.169 - - [14/Mar/2023:01:00:51 -0500] "GET /appsia/images/cabezoteHojaVida.png HTTP/1.1" 200 32493
186.145.143.169 - - [14/Mar/2023:01:00:51 -0500] "GET /appsia/images/logo_bogota_p.png HTTP/1.1" 200 14951
186.145.143.169 - - [14/Mar/2023:01:00:51 -0500] "GET /favicon.ico HTTP/1.1" 200 7782
186.145.143.169 - - [14/Mar/2023:01:01:02 -0500] "POST /appsia/controlador HTTP/1.1" 200 5437
186.145.143.169 - - [14/Mar/2023:01:01:05 -0500] "POST /appsia/controlador HTTP/1.1" 200 7734
186.145.143.169 - - [14/Mar/2023:01:01:05 -0500] "GET /appsia/images/logo_escudo.png HTTP/1.1" 200 36965
172.22.2.4 - - [14/Mar/2023:01:00:24 -0500] "HEAD /BLA/boletinlegal/ HTTP/1.1" 200 -
172.22.2.4 - - [14/Mar/2023:01:01:15 -0500] "GET /BLA/boletinlegal/ HTTP/1.1" 200 57551
216.245.221.92 - - [14/Mar/2023:01:03:57 -0500] "HEAD / HTTP/1.1" 200 -
186.84.21.222 - - [14/Mar/2023:01:04:33 -0500] "POST /sipse/faces/presentacion/financiero/solicitudProceso/consultarSolicitudProceso.xhtml HTTP/1.1" 200 38501
186.84.21.222 - - [14/Mar/2023:01:04:35 -0500] "GET /sipse/faces/javax.faces.resource/jquery/jquery.js?ln=primefaces&v=4.0 HTTP/1.1" 304 -
186.84.21.222 - - [14/Mar/2023:01:04:35 -0500] "GET /sipse/faces/javax.faces.resource/jquery/jquery-plugins.js?ln=primefaces&v=4.0 HTTP/1.1" 304 -
186.84.21.222 - - [14/Mar/2023:01:04:35 -0500] "GET /sipse/faces/javax.faces.resource/primefaces.js?ln=primefaces&v=4.0 HTTP/1.1" 304 -
186.84.21.222 - - [14/Mar/2023:01:04:35 -0500] "GET /sipse/faces/javax.faces.resource/layout/layout.js?ln=primefaces&v=4.0 HTTP/1.1" 304 -
186.84.21.222 - - [14/Mar/2023:01:04:36 -0500] "POST /sipse/faces/presentacion/financiero/solicitudProceso/listarSolicitudProceso.xhtml HTTP/1.1" 200 1416
201.245.192.253 - - [14/Mar/2023:01:05:03 -0500] "POST /kwsrmcab/Wsrmcab  HTTP/1.1" 200 42554
186.84.21.222 - - [14/Mar/2023:01:05:27 -0500] "POST /sipse/faces/presentacion/financiero/solicitudProceso/listarSolicitudProceso.xhtml HTTP/1.1" 200 31855
186.84.21.222 - - [14/Mar/2023:01:05:28 -0500] "POST /sipse/faces/presentacion/financiero/solicitudProceso/listarSolicitudProceso.xhtml HTTP/1.1" 200 4993
186.84.21.222 - - [14/Mar/2023:01:05:30 -0500] "POST /sipse/faces/presentacion/financiero/solicitudProceso/listarSolicitudProceso.xhtml HTTP/1.1" 200 149429
186.84.21.222 - - [14/Mar/2023:01:05:31 -0500] "GET /sipse/faces/javax.faces.resource/jquery/jquery.js?ln=primefaces&v=4.0 HTTP/1.1" 304 -
186.84.21.222 - - [14/Mar/2023:01:05:31 -0500] "GET /sipse/faces/javax.faces.resource/jquery/jquery-plugins.js?ln=primefaces&v=4.0 HTTP/1.1" 304 -
186.84.21.222 - - [14/Mar/2023:01:05:31 -0500] "GET /sipse/faces/javax.faces.resource/primefaces.js?ln=primefaces&v=4.0 HTTP/1.1" 304 -
186.84.21.222 - - [14/Mar/2023:01:05:31 -0500] "GET /sipse/faces/javax.faces.resource/layout/layout.js?ln=primefaces&v=4.0 HTTP/1.1" 304 -
186.84.21.222 - - [14/Mar/2023:01:05:48 -0500] "POST /sipse/faces/presentacion/financiero/solicitudProceso/consultarSolicitudProceso.xhtml HTTP/1.1" 200 83379
186.84.21.222 - - [14/Mar/2023:01:05:52 -0500] "POST /sipse/faces/presentacion/financiero/solicitudProceso/consultarSolicitudProceso.xhtml HTTP/1.1" 200 2016731
186.84.21.222 - - [14/Mar/2023:01:05:56 -0500] "POST /sipse/faces/presentacion/financiero/solicitudProceso/consultarSolicitudProceso.xhtml HTTP/1.1" 200 1504656
186.84.21.222 - - [14/Mar/2023:01:05:53 -0500] "POST /sipse/faces/presentacion/financiero/solicitudProceso/consultarSolicitudProceso.xhtml HTTP/1.1" 200 4934901
186.84.21.222 - - [14/Mar/2023:01:05:54 -0500] "POST /sipse/faces/presentacion/financiero/solicitudProceso/consultarSolicitudProceso.xhtml HTTP/1.1" 200 8615936
186.84.21.222 - - [14/Mar/2023:01:06:05 -0500] "POST /sipse/faces/presentacion/financiero/solicitudProceso/consultarSolicitudProceso.xhtml HTTP/1.1" 200 5510
52.167.144.160 - - [14/Mar/2023:01:07:24 -0500] "GET /sipse/faces/faces/autenticacion.xhtml HTTP/1.1" 200 12489
172.22.2.4 - - [14/Mar/2023:01:06:14 -0500] "HEAD /BLA/boletinlegal/ HTTP/1.1" 200 -
172.22.2.4 - - [14/Mar/2023:01:07:04 -0500] "GET /BLA/boletinlegal/ HTTP/1.1" 200 53551
216.245.221.92 - - [14/Mar/2023:01:08:57 -0500] "HEAD / HTTP/1.1" 200 -
186.84.21.222 - - [14/Mar/2023:01:09:41 -0500] "GET /sipse/faces/javax.faces.resource/jquery/jquery.js?ln=primefaces&v=4.0 HTTP/1.1" 304 -
186.84.21.222 - - [14/Mar/2023:01:09:41 -0500] "GET /sipse/faces/javax.faces.resource/jquery/jquery-plugins.js?ln=primefaces&v=4.0 HTTP/1.1" 304 -
186.84.21.222 - - [14/Mar/2023:01:09:41 -0500] "GET /sipse/faces/javax.faces.resource/primefaces.css?ln=primefaces&v=4.0 HTTP/1.1" 304 -
186.84.21.222 - - [14/Mar/2023:01:09:41 -0500] "GET /sipse/faces/javax.faces.resource/theme.css?ln=primefaces-sipse HTTP/1.1" 304 -
186.84.21.222 - - [14/Mar/2023:01:09:41 -0500] "GET /sipse/faces/javax.faces.resource/layout/layout.css?ln=primefaces&v=4.0 HTTP/1.1" 304 -
186.84.21.222 - - [14/Mar/2023:01:09:41 -0500] "GET /sipse/faces/javax.faces.resource/primefaces.js?ln=primefaces&v=4.0 HTTP/1.1" 304 -
186.84.21.222 - - [14/Mar/2023:01:09:41 -0500] "GET /sipse/faces/javax.faces.resource/layout/layout.js?ln=primefaces&v=4.0 HTTP/1.1" 304 -
186.84.21.222 - - [14/Mar/2023:01:09:40 -0500] "POST /sipse/faces/presentacion/financiero/solicitudProceso/consultarSolicitudProceso.xhtml HTTP/1.1" 200 197695
186.84.21.222 - - [14/Mar/2023:01:09:41 -0500] "GET /sipse/faces/javax.faces.resource/images/ui-icons_898989_256x240.png?ln=primefaces-aristo HTTP/1.1" 304 -
186.84.21.222 - - [14/Mar/2023:01:09:46 -0500] "GET /sipse/faces/javax.faces.resource/images/ui-bg_flat_0_2d5972_40x100.png?ln=primefaces-aristo HTTP/1.1" 304 -
186.84.21.222 - - [14/Mar/2023:01:09:46 -0500] "POST /sipse/faces/presentacion/financiero/solicitudProceso/consultarSolicitudProceso.xhtml HTTP/1.1" 200 35561
186.84.21.222 - - [14/Mar/2023:01:09:48 -0500] "GET /sipse/faces/javax.faces.resource/jquery/jquery.js?ln=primefaces&v=4.0 HTTP/1.1" 304 -
186.84.21.222 - - [14/Mar/2023:01:09:48 -0500] "GET /sipse/faces/javax.faces.resource/jquery/jquery-plugins.js?ln=primefaces&v=4.0 HTTP/1.1" 304 -
186.84.21.222 - - [14/Mar/2023:01:09:48 -0500] "GET /sipse/faces/javax.faces.resource/primefaces.js?ln=primefaces&v=4.0 HTTP/1.1" 304 -
186.84.21.222 - - [14/Mar/2023:01:09:48 -0500] "GET /sipse/faces/javax.faces.resource/layout/layout.js?ln=primefaces&v=4.0 HTTP/1.1" 304 -
186.84.21.222 - - [14/Mar/2023:01:09:48 -0500] "GET /sipse/faces/javax.faces.resource/messages/messages.png?ln=primefaces&v=4.0 HTTP/1.1" 304 -
186.84.21.222 - - [14/Mar/2023:01:09:48 -0500] "POST /sipse/faces/presentacion/financiero/solicitudProceso/listarSolicitudProceso.xhtml HTTP/1.1" 200 1396
64.124.8.55 - - [14/Mar/2023:01:09:54 -0500] "GET /portaldeninos/humedal-santa-maria-del-lago/ HTTP/1.1" 200 88988
201.245.192.253 - - [14/Mar/2023:01:10:02 -0500] "POST /kwsrmcab/Wsrmcab  HTTP/1.1" 200 42554
186.84.21.222 - - [14/Mar/2023:01:10:12 -0500] "POST /sipse/faces/presentacion/financiero/solicitudProceso/listarSolicitudProceso.xhtml HTTP/1.1" 200 31839
186.84.21.222 - - [14/Mar/2023:01:10:13 -0500] "POST /sipse/faces/presentacion/financiero/solicitudProceso/listarSolicitudProceso.xhtml HTTP/1.1" 200 5028
186.84.21.222 - - [14/Mar/2023:01:10:16 -0500] "POST /sipse/faces/presentacion/financiero/solicitudProceso/listarSolicitudProceso.xhtml HTTP/1.1" 200 142082
186.84.21.222 - - [14/Mar/2023:01:10:17 -0500] "GET /sipse/faces/javax.faces.resource/jquery/jquery.js?ln=primefaces&v=4.0 HTTP/1.1" 304 -
186.84.21.222 - - [14/Mar/2023:01:10:17 -0500] "GET /sipse/faces/javax.faces.resource/jquery/jquery-plugins.js?ln=primefaces&v=4.0 HTTP/1.1" 304 -
186.84.21.222 - - [14/Mar/2023:01:10:17 -0500] "GET /sipse/faces/javax.faces.resource/primefaces.js?ln=primefaces&v=4.0 HTTP/1.1" 304 -
186.84.21.222 - - [14/Mar/2023:01:10:17 -0500] "GET /sipse/faces/javax.faces.resource/layout/layout.js?ln=primefaces&v=4.0 HTTP/1.1" 304 -
186.84.21.222 - - [14/Mar/2023:01:10:28 -0500] "POST /sipse/faces/presentacion/financiero/solicitudProceso/consultarSolicitudProceso.xhtml HTTP/1.1" 200 85530
186.84.21.222 - - [14/Mar/2023:01:10:43 -0500] "POST /sipse/faces/presentacion/financiero/solicitudProceso/consultarSolicitudProceso.xhtml HTTP/1.1" 200 83385
186.84.21.222 - - [14/Mar/2023:01:10:45 -0500] "POST /sipse/faces/presentacion/financiero/solicitudProceso/consultarSolicitudProceso.xhtml HTTP/1.1" 200 5901864
186.84.21.222 - - [14/Mar/2023:01:10:50 -0500] "POST /sipse/faces/presentacion/financiero/solicitudProceso/consultarSolicitudProceso.xhtml HTTP/1.1" 200 5510
172.22.2.4 - - [14/Mar/2023:01:12:04 -0500] "HEAD /BLA/boletinlegal/ HTTP/1.1" 200 -
186.84.21.222 - - [14/Mar/2023:01:13:49 -0500] "POST /sipse/faces/presentacion/financiero/solicitudProceso/consultarSolicitudProceso.xhtml HTTP/1.1" 200 35547
186.84.21.222 - - [14/Mar/2023:01:13:52 -0500] "GET /sipse/faces/javax.faces.resource/jquery/jquery.js?ln=primefaces&v=4.0 HTTP/1.1" 304 -
186.84.21.222 - - [14/Mar/2023:01:13:52 -0500] "GET /sipse/faces/javax.faces.resource/jquery/jquery-plugins.js?ln=primefaces&v=4.0 HTTP/1.1" 304 -
186.84.21.222 - - [14/Mar/2023:01:13:52 -0500] "GET /sipse/faces/javax.faces.resource/primefaces.js?ln=primefaces&v=4.0 HTTP/1.1" 304 -
186.84.21.222 - - [14/Mar/2023:01:13:52 -0500] "GET /sipse/faces/javax.faces.resource/layout/layout.js?ln=primefaces&v=4.0 HTTP/1.1" 304 -
186.84.21.222 - - [14/Mar/2023:01:13:52 -0500] "POST /sipse/faces/presentacion/financiero/solicitudProceso/listarSolicitudProceso.xhtml HTTP/1.1" 200 1396
216.245.221.92 - - [14/Mar/2023:01:13:57 -0500] "HEAD / HTTP/1.1" 200 -
66.249.70.13 - - [14/Mar/2023:01:14:12 -0500] "-" 408 -
186.84.21.222 - - [14/Mar/2023:01:14:16 -0500] "POST /sipse/faces/presentacion/financiero/solicitudProceso/listarSolicitudProceso.xhtml HTTP/1.1" 200 31827
186.84.21.222 - - [14/Mar/2023:01:14:17 -0500] "POST /sipse/faces/presentacion/financiero/solicitudProceso/listarSolicitudProceso.xhtml HTTP/1.1" 200 13907
186.84.21.222 - - [14/Mar/2023:01:14:18 -0500] "POST /sipse/faces/presentacion/financiero/solicitudProceso/listarSolicitudProceso.xhtml HTTP/1.1" 200 4930
186.84.21.222 - - [14/Mar/2023:01:14:20 -0500] "POST /sipse/faces/presentacion/financiero/solicitudProceso/listarSolicitudProceso.xhtml HTTP/1.1" 200 142047
186.84.21.222 - - [14/Mar/2023:01:14:21 -0500] "GET /sipse/faces/javax.faces.resource/jquery/jquery.js?ln=primefaces&v=4.0 HTTP/1.1" 304 -
186.84.21.222 - - [14/Mar/2023:01:14:21 -0500] "GET /sipse/faces/javax.faces.resource/jquery/jquery-plugins.js?ln=primefaces&v=4.0 HTTP/1.1" 304 -
186.84.21.222 - - [14/Mar/2023:01:14:21 -0500] "GET /sipse/faces/javax.faces.resource/primefaces.js?ln=primefaces&v=4.0 HTTP/1.1" 304 -
186.84.21.222 - - [14/Mar/2023:01:14:21 -0500] "GET /sipse/faces/javax.faces.resource/layout/layout.js?ln=primefaces&v=4.0 HTTP/1.1" 304 -
186.84.21.222 - - [14/Mar/2023:01:14:33 -0500] "POST /sipse/faces/presentacion/financiero/solicitudProceso/consultarSolicitudProceso.xhtml HTTP/1.1" 200 84417
172.22.2.4 - - [14/Mar/2023:01:12:55 -0500] "GET /BLA/boletinlegal/ HTTP/1.1" 200 57551
186.84.21.222 - - [14/Mar/2023:01:14:35 -0500] "POST /sipse/faces/presentacion/financiero/solicitudProceso/consultarSolicitudProceso.xhtml HTTP/1.1" 200 6064570
186.84.21.222 - - [14/Mar/2023:01:14:42 -0500] "POST /sipse/faces/presentacion/financiero/solicitudProceso/consultarSolicitudProceso.xhtml HTTP/1.1" 200 5510
201.245.192.253 - - [14/Mar/2023:01:15:01 -0500] "POST /kwsrmcab/Wsrmcab  HTTP/1.1" 200 42554
40.77.167.122 - - [14/Mar/2023:01:17:28 -0500] "GET /BLA/resoluciones/AUTOS%202021/6030.pdf HTTP/1.1" 304 -
40.77.167.122 - - [14/Mar/2023:01:17:28 -0500] "GET /BLA/resoluciones/AUTOS%202021/4233.pdf HTTP/1.1" 304 -
207.46.13.209 - - [14/Mar/2023:01:18:12 -0500] "GET /images/Humedal%20Vaca%20publicaci%C3%B3n%207%20de%20febrero.jpg HTTP/1.1" 404 1034
186.84.21.222 - - [14/Mar/2023:01:18:41 -0500] "POST /sipse/faces/presentacion/financiero/solicitudProceso/consultarSolicitudProceso.xhtml HTTP/1.1" 200 35461
186.84.21.222 - - [14/Mar/2023:01:18:43 -0500] "GET /sipse/faces/javax.faces.resource/jquery/jquery.js?ln=primefaces&v=4.0 HTTP/1.1" 304 -
186.84.21.222 - - [14/Mar/2023:01:18:43 -0500] "GET /sipse/faces/javax.faces.resource/jquery/jquery-plugins.js?ln=primefaces&v=4.0 HTTP/1.1" 304 -
186.84.21.222 - - [14/Mar/2023:01:18:43 -0500] "GET /sipse/faces/javax.faces.resource/primefaces.js?ln=primefaces&v=4.0 HTTP/1.1" 304 -
186.84.21.222 - - [14/Mar/2023:01:18:43 -0500] "GET /sipse/faces/javax.faces.resource/layout/layout.js?ln=primefaces&v=4.0 HTTP/1.1" 304 -
186.84.21.222 - - [14/Mar/2023:01:18:44 -0500] "POST /sipse/faces/presentacion/financiero/solicitudProceso/listarSolicitudProceso.xhtml HTTP/1.1" 200 1396
216.245.221.92 - - [14/Mar/2023:01:18:57 -0500] "HEAD / HTTP/1.1" 200 -
186.84.21.222 - - [14/Mar/2023:01:19:03 -0500] "POST /sipse/faces/presentacion/financiero/solicitudProceso/listarSolicitudProceso.xhtml HTTP/1.1" 200 31811
186.84.21.222 - - [14/Mar/2023:01:19:03 -0500] "POST /sipse/faces/presentacion/financiero/solicitudProceso/listarSolicitudProceso.xhtml HTTP/1.1" 200 20117
186.84.21.222 - - [14/Mar/2023:01:19:04 -0500] "POST /sipse/faces/presentacion/financiero/solicitudProceso/listarSolicitudProceso.xhtml HTTP/1.1" 200 8066
186.84.21.222 - - [14/Mar/2023:01:19:05 -0500] "POST /sipse/faces/presentacion/financiero/solicitudProceso/listarSolicitudProceso.xhtml HTTP/1.1" 200 8070
186.84.21.222 - - [14/Mar/2023:01:19:07 -0500] "POST /sipse/faces/presentacion/financiero/solicitudProceso/listarSolicitudProceso.xhtml HTTP/1.1" 200 157362
186.84.21.222 - - [14/Mar/2023:01:19:09 -0500] "GET /sipse/faces/javax.faces.resource/jquery/jquery.js?ln=primefaces&v=4.0 HTTP/1.1" 304 -
186.84.21.222 - - [14/Mar/2023:01:19:09 -0500] "GET /sipse/faces/javax.faces.resource/jquery/jquery-plugins.js?ln=primefaces&v=4.0 HTTP/1.1" 304 -
186.84.21.222 - - [14/Mar/2023:01:19:09 -0500] "GET /sipse/faces/javax.faces.resource/primefaces.js?ln=primefaces&v=4.0 HTTP/1.1" 304 -
186.84.21.222 - - [14/Mar/2023:01:19:09 -0500] "GET /sipse/faces/javax.faces.resource/layout/layout.js?ln=primefaces&v=4.0 HTTP/1.1" 304 -
191.95.57.110 - - [14/Mar/2023:01:19:19 -0500] "GET /mujeres-que-reverdecen-secretaria-de-ambiente-anuncia-el-inicio-de-la-tercera-fase.html HTTP/1.1" 200 954
66.249.66.64 - - [14/Mar/2023:01:19:27 -0500] "-" 408 -
186.84.21.222 - - [14/Mar/2023:01:19:25 -0500] "POST /sipse/faces/presentacion/financiero/solicitudProceso/consultarSolicitudProceso.xhtml HTTP/1.1" 200 10440622
172.22.2.4 - - [14/Mar/2023:01:17:54 -0500] "HEAD /BLA/boletinlegal/ HTTP/1.1" 200 -
186.84.21.222 - - [14/Mar/2023:01:19:37 -0500] "POST /sipse/faces/presentacion/financiero/solicitudProceso/consultarSolicitudProceso.xhtml HTTP/1.1" 200 83399
186.84.21.222 - - [14/Mar/2023:01:19:45 -0500] "POST /sipse/faces/presentacion/financiero/solicitudProceso/consultarSolicitudProceso.xhtml HTTP/1.1" 200 5534
201.245.192.253 - - [14/Mar/2023:01:20:01 -0500] "POST /kwsrmcab/Wsrmcab  HTTP/1.1" 200 42554
172.22.2.4 - - [14/Mar/2023:01:18:44 -0500] "GET /BLA/boletinlegal/ HTTP/1.1" 200 52316
201.245.192.253 - - [14/Mar/2023:01:21:05 -0500] "POST /kwsrmcab/Wsrmcab HTTP/1.1" 200 42389
201.245.192.253 - - [14/Mar/2023:01:21:08 -0500] "POST /kwsrmcab/Wsrmcab HTTP/1.1" 200 42394
216.245.221.92 - - [14/Mar/2023:01:23:57 -0500] "HEAD / HTTP/1.1" 200 -
52.167.144.166 - - [14/Mar/2023:01:24:19 -0500] "GET /BLA/resoluciones/AUTOS%202021/5391.pdf HTTP/1.1" 304 -
201.245.192.253 - - [14/Mar/2023:01:25:01 -0500] "POST /kwsrmcab/Wsrmcab  HTTP/1.1" 200 42554
172.22.2.4 - - [14/Mar/2023:01:23:44 -0500] "HEAD /BLA/boletinlegal/ HTTP/1.1" 200 -
172.22.2.4 - - [14/Mar/2023:01:24:34 -0500] "GET /BLA/boletinlegal/ HTTP/1.1" 200 59296
186.84.21.222 - - [14/Mar/2023:01:26:59 -0500] "POST /sipse/faces/presentacion/financiero/solicitudProceso/consultarSolicitudProceso.xhtml HTTP/1.1" 200 739996
186.84.21.222 - - [14/Mar/2023:01:27:18 -0500] "POST /sipse/faces/presentacion/financiero/solicitudProceso/consultarSolicitudProceso.xhtml HTTP/1.1" 200 1787891
186.84.21.222 - - [14/Mar/2023:01:28:27 -0500] "POST /sipse/faces/presentacion/financiero/solicitudProceso/consultarSolicitudProceso.xhtml HTTP/1.1" 200 38645
186.84.21.222 - - [14/Mar/2023:01:28:29 -0500] "GET /sipse/faces/javax.faces.resource/jquery/jquery.js?ln=primefaces&v=4.0 HTTP/1.1" 304 -
186.84.21.222 - - [14/Mar/2023:01:28:30 -0500] "GET /sipse/faces/javax.faces.resource/jquery/jquery-plugins.js?ln=primefaces&v=4.0 HTTP/1.1" 304 -
186.84.21.222 - - [14/Mar/2023:01:28:30 -0500] "GET /sipse/faces/javax.faces.resource/primefaces.js?ln=primefaces&v=4.0 HTTP/1.1" 304 -
186.84.21.222 - - [14/Mar/2023:01:28:30 -0500] "GET /sipse/faces/javax.faces.resource/layout/layout.js?ln=primefaces&v=4.0 HTTP/1.1" 304 -
186.84.21.222 - - [14/Mar/2023:01:28:31 -0500] "POST /sipse/faces/presentacion/financiero/solicitudProceso/listarSolicitudProceso.xhtml HTTP/1.1" 200 1416
