201.245.192.253 - - [14/Mar/2023:05:21:06 -0500] "POST /kwsrmcab/Wsrmcab HTTP/1.1" 200 43037
47.250.53.193 - - [14/Mar/2023:05:22:18 -0500] "GET /portaldeninos/ HTTP/1.1" 200 110197
172.22.2.4 - - [14/Mar/2023:05:20:56 -0500] "GET /BLA/boletinlegal/ HTTP/1.1" 200 62202
64.124.8.36 - - [14/Mar/2023:05:22:39 -0500] "GET /BLA/boletinlegal/jurisprudencia/analisis/AnalisisC-273-11.docx HTTP/1.1" 304 -
216.245.221.92 - - [14/Mar/2023:05:23:56 -0500] "HEAD / HTTP/1.1" 200 -
201.245.192.253 - - [14/Mar/2023:05:24:05 -0500] "POST /kwsrmcab/Wsrmcab  HTTP/1.1" 200 42554
172.22.2.4 - - [14/Mar/2023:05:22:53 -0500] "HEAD /BLA/boletinlegal/ HTTP/1.1" 200 -
181.59.3.221 - - [14/Mar/2023:05:24:52 -0500] "GET /mujeres-que-reverdecen-secretaria-de-ambiente-anuncia-el-inicio-de-la-tercera-fase.html HTTP/1.1" 200 954
172.22.2.4 - - [14/Mar/2023:05:23:44 -0500] "GET /BLA/boletinlegal/ HTTP/1.1" 200 57141
186.119.99.34 - - [14/Mar/2023:05:26:58 -0500] "GET /galeria/galeria/jquery.fancybox.js?v=2.1.5 HTTP/1.1" 200 48706
186.119.99.34 - - [14/Mar/2023:05:26:58 -0500] "GET /BLA/boletinlegal/js/jquery.scrollShow.js HTTP/1.1" 200 4586
186.119.99.34 - - [14/Mar/2023:05:26:58 -0500] "GET /galeria/galeria/jquery.fancybox.css?v=2.1.5 HTTP/1.1" 200 4895
66.249.70.13 - - [14/Mar/2023:05:27:20 -0500] "-" 408 -
66.249.66.65 - - [14/Mar/2023:05:27:57 -0500] "-" 408 -
216.245.221.92 - - [14/Mar/2023:05:28:56 -0500] "HEAD / HTTP/1.1" 200 -
201.245.192.253 - - [14/Mar/2023:05:29:03 -0500] "POST /kwsrmcab/Wsrmcab  HTTP/1.1" 200 42554
172.22.2.4 - - [14/Mar/2023:05:28:43 -0500] "HEAD /BLA/boletinlegal/ HTTP/1.1" 200 -
173.252.107.18 - - [14/Mar/2023:05:30:33 -0500] "GET /animales-recuperados-en-san-cristobal-y-ciudad-bolivar-son-atendidos-en-el-centro-de-flora-de-la-secretaria-de-ambiente.html HTTP/1.1" 206 1056
172.22.2.4 - - [14/Mar/2023:05:30:36 -0500] "GET /BLA/boletinlegal/actos.php HTTP/1.1" 200 9672
173.252.127.119 - - [14/Mar/2023:05:30:46 -0500] "GET /images/camino-a-los-cerros-1_optimized.jpeg HTTP/1.1" 200 222279
173.252.127.15 - - [14/Mar/2023:05:30:46 -0500] "GET /images/empresas-alertas_optimized.jpeg HTTP/1.1" 200 142365
173.252.127.14 - - [14/Mar/2023:05:30:46 -0500] "GET /images/calidad-aire-2-marzo-1_optimized.jpeg HTTP/1.1" 200 51562
173.252.127.1 - - [14/Mar/2023:05:30:46 -0500] "GET /images/calidad-del-aire-suroccidental_optimized.jpeg HTTP/1.1" 200 175446
173.252.127.19 - - [14/Mar/2023:05:30:48 -0500] "GET /images/idpyba-4-marzo-1_optimized.jpeg HTTP/1.1" 200 115318
173.252.127.15 - - [14/Mar/2023:05:30:51 -0500] "GET /images/Juan%20Rey%20febrero%2013.jpg HTTP/1.1" 200 55934
173.252.127.8 - - [14/Mar/2023:05:30:51 -0500] "GET /images/24%20de%20febrero%20Sendero%20guadalupe%202.jpeg HTTP/1.1" 200 70964
173.252.127.14 - - [14/Mar/2023:05:30:51 -0500] "GET /images/20%20de%20febrero%20panor\xc3\xa1mica%20de%20Bogot\xc3\xa1%20(1)%20(1).jpeg HTTP/1.1" 404 1034
173.252.127.18 - - [14/Mar/2023:05:30:51 -0500] "GET /images/Puntos%20calientes%2024%20de%20febrero.jpeg HTTP/1.1" 200 42626
173.252.127.14 - - [14/Mar/2023:05:30:51 -0500] "GET /images/Rmasar%2018%20de%20febrero%20Grupo.jpg HTTP/1.1" 200 68398
173.252.127.6 - - [14/Mar/2023:05:30:51 -0500] "GET /images/28%20de%20febrero%20operativo.jpeg HTTP/1.1" 200 62220
173.252.127.10 - - [14/Mar/2023:05:30:53 -0500] "GET /images/17%20de%20febrero%20mujeres%20que%20reverdecen.jpeg HTTP/1.1" 200 85735
173.252.127.7 - - [14/Mar/2023:05:30:53 -0500] "GET /images/Conversatorio%20aire%201%20(1).jpeg HTTP/1.1" 200 72040
173.252.127.11 - - [14/Mar/2023:05:30:53 -0500] "GET /images/Sello%201%20JA-2.jpeg HTTP/1.1" 200 42236
173.252.127.16 - - [14/Mar/2023:05:30:53 -0500] "GET /images/WhatsApp%20Image%202023-02-15%20at%205.07.25%20PM.jpeg HTTP/1.1" 200 50573
201.245.192.253 - - [14/Mar/2023:05:31:04 -0500] "POST /kwsrmcab/Wsrmcab HTTP/1.1" 200 42703
201.245.192.253 - - [14/Mar/2023:05:31:07 -0500] "POST /kwsrmcab/Wsrmcab HTTP/1.1" 200 43037
172.22.2.4 - - [14/Mar/2023:05:29:34 -0500] "GET /BLA/boletinlegal/ HTTP/1.1" 200 57141
66.249.70.13 - - [14/Mar/2023:05:33:05 -0500] "-" 408 -
216.245.221.92 - - [14/Mar/2023:05:33:56 -0500] "HEAD / HTTP/1.1" 200 -
201.245.192.253 - - [14/Mar/2023:05:34:01 -0500] "POST /kwsrmcab/Wsrmcab  HTTP/1.1" 200 42554
172.22.2.4 - - [14/Mar/2023:05:34:33 -0500] "HEAD /BLA/boletinlegal/ HTTP/1.1" 200 -
172.22.2.4 - - [14/Mar/2023:05:35:24 -0500] "GET /BLA/boletinlegal/ HTTP/1.1" 200 57551
185.119.81.104 - - [14/Mar/2023:05:37:53 -0500] "GET /portaldeninos/wp-login.php HTTP/1.1" 200 2592
185.119.81.104 - - [14/Mar/2023:05:37:54 -0500] "POST /portaldeninos/wp-login.php HTTP/1.1" 200 3670
216.245.221.92 - - [14/Mar/2023:05:38:56 -0500] "HEAD / HTTP/1.1" 200 -
201.245.192.253 - - [14/Mar/2023:05:39:00 -0500] "POST /kwsrmcab/Wsrmcab  HTTP/1.1" 200 42554
201.245.192.253 - - [14/Mar/2023:05:41:03 -0500] "POST /kwsrmcab/Wsrmcab HTTP/1.1" 200 42703
201.245.192.253 - - [14/Mar/2023:05:41:06 -0500] "POST /kwsrmcab/Wsrmcab HTTP/1.1" 200 43037
172.22.2.4 - - [14/Mar/2023:05:40:23 -0500] "HEAD /BLA/boletinlegal/ HTTP/1.1" 200 -
172.22.2.4 - - [14/Mar/2023:05:41:14 -0500] "GET /BLA/boletinlegal/ HTTP/1.1" 200 53551
69.171.251.119 - - [14/Mar/2023:05:43:27 -0500] "GET /images/caminatas-ecol\xc3\xb3gicas-marzo---1920x1080_optimized.jpg HTTP/1.1" 404 1034
52.167.144.149 - - [14/Mar/2023:05:43:54 -0500] "GET /portaldeninos/fauna/ HTTP/1.1" 200 88429
216.245.221.92 - - [14/Mar/2023:05:43:56 -0500] "HEAD / HTTP/1.1" 200 -
201.245.192.253 - - [14/Mar/2023:05:43:59 -0500] "POST /kwsrmcab/Wsrmcab  HTTP/1.1" 200 42554
52.167.144.149 - - [14/Mar/2023:05:44:23 -0500] "GET /portaldeninos/wp-content/plugins/gallery-videos/CSS/totalsoft.css?ver=4.9.8 HTTP/1.1" 200 40622
52.167.144.149 - - [14/Mar/2023:05:44:23 -0500] "GET /portaldeninos/wp-content/themes/betheme/css/layout.css?ver=20.9.6 HTTP/1.1" 200 116639
52.167.144.149 - - [14/Mar/2023:05:44:24 -0500] "GET /portaldeninos/wp-content/themes/betheme/js/scripts.js?ver=20.9.6 HTTP/1.1" 200 77162
52.167.144.149 - - [14/Mar/2023:05:44:24 -0500] "GET /portaldeninos/wp-content/uploads/useanyfont/uaf.css?ver=1589905315 HTTP/1.1" 200 408
40.77.167.250 - - [14/Mar/2023:05:44:27 -0500] "GET /portaldeninos/wp-content/plugins/gallery-videos/CSS/Total-Soft-Gallery-Video-Widget.css?ver=4.9.8 HTTP/1.1" 200 51554
40.77.167.250 - - [14/Mar/2023:05:44:28 -0500] "GET /portaldeninos/wp-content/plugins/gallery-videos/JS/modernizr.custom.js?ver=4.9.8 HTTP/1.1" 200 9019
40.77.167.250 - - [14/Mar/2023:05:44:28 -0500] "GET /portaldeninos/wp-includes/js/jquery/jquery-migrate.min.js?ver=1.4.1 HTTP/1.1" 200 10056
52.167.144.43 - - [14/Mar/2023:05:44:32 -0500] "GET /portaldeninos/wp-content/plugins/gallery-videos/JS/Total-Soft-Gallery-Video-Widget.js?ver=4.9.8 HTTP/1.1" 200 80264
52.167.144.43 - - [14/Mar/2023:05:44:33 -0500] "GET /portaldeninos/wp-content/themes/betheme/assets/animations/animations.min.css?ver=20.9.6 HTTP/1.1" 200 58508
52.167.144.44 - - [14/Mar/2023:05:44:40 -0500] "GET /portaldeninos/wp-includes/js/jquery/ui/tabs.min.js?ver=1.11.4 HTTP/1.1" 200 12110
190.24.56.98 - - [14/Mar/2023:05:45:51 -0500] "GET /mujeres-que-reverdecen-secretaria-de-ambiente-anuncia-el-inicio-de-la-tercera-fase.html HTTP/1.1" 304 -
172.22.2.4 - - [14/Mar/2023:05:46:13 -0500] "HEAD /BLA/boletinlegal/ HTTP/1.1" 200 -
66.249.66.64 - - [14/Mar/2023:05:48:18 -0500] "-" 408 -
186.99.147.241 - - [14/Mar/2023:05:48:42 -0500] "GET /mujeres-que-reverdecen-secretaria-de-ambiente-anuncia-el-inicio-de-la-tercera-fase.html HTTP/1.1" 200 954
172.22.2.4 - - [14/Mar/2023:05:47:04 -0500] "GET /BLA/boletinlegal/ HTTP/1.1" 200 59296
216.245.221.92 - - [14/Mar/2023:05:48:56 -0500] "HEAD / HTTP/1.1" 200 -
201.245.192.253 - - [14/Mar/2023:05:48:59 -0500] "POST /kwsrmcab/Wsrmcab  HTTP/1.1" 200 42554
52.167.144.72 - - [14/Mar/2023:05:49:24 -0500] "GET /portaldeninos/wp-includes/js/wp-emoji-release.min.js?ver=4.9.8 HTTP/1.1" 200 12026
52.167.144.166 - - [14/Mar/2023:05:49:33 -0500] "GET /BLA/resoluciones/RESOLUCIONES%202020/1734.pdf HTTP/1.1" 304 -
191.156.227.217 - - [14/Mar/2023:05:50:31 -0500] "GET /mujeres-que-reverdecen-secretaria-de-ambiente-anuncia-el-inicio-de-la-tercera-fase.html HTTP/1.1" 200 954
66.249.70.15 - - [14/Mar/2023:05:51:36 -0500] "-" 408 -
172.22.2.4 - - [14/Mar/2023:05:52:03 -0500] "HEAD /BLA/boletinlegal/ HTTP/1.1" 200 -
216.245.221.92 - - [14/Mar/2023:05:53:56 -0500] "HEAD / HTTP/1.1" 200 -
201.245.192.253 - - [14/Mar/2023:05:53:58 -0500] "POST /kwsrmcab/Wsrmcab  HTTP/1.1" 200 42554
66.249.66.64 - - [14/Mar/2023:05:54:14 -0500] "-" 408 -
172.22.2.4 - - [14/Mar/2023:05:52:54 -0500] "GET /BLA/boletinlegal/ HTTP/1.1" 200 58653
66.249.70.13 - - [14/Mar/2023:05:58:48 -0500] "-" 408 -
216.245.221.92 - - [14/Mar/2023:05:58:56 -0500] "HEAD / HTTP/1.1" 200 -
201.245.192.253 - - [14/Mar/2023:05:58:57 -0500] "POST /kwsrmcab/Wsrmcab  HTTP/1.1" 200 42554
172.22.2.4 - - [14/Mar/2023:05:57:53 -0500] "HEAD /BLA/boletinlegal/ HTTP/1.1" 200 -
172.22.2.4 - - [14/Mar/2023:05:58:44 -0500] "GET /BLA/boletinlegal/ HTTP/1.1" 200 54414
216.245.221.92 - - [14/Mar/2023:06:03:56 -0500] "HEAD / HTTP/1.1" 200 -
201.245.192.253 - - [14/Mar/2023:06:03:57 -0500] "POST /kwsrmcab/Wsrmcab  HTTP/1.1" 200 42554
172.22.2.4 - - [14/Mar/2023:06:03:43 -0500] "HEAD /BLA/boletinlegal/ HTTP/1.1" 200 -
172.22.2.4 - - [14/Mar/2023:06:04:34 -0500] "GET /BLA/boletinlegal/ HTTP/1.1" 200 58297
69.171.251.118 - - [14/Mar/2023:06:06:52 -0500] "GET /mujeres-que-reverdecen-secretaria-de-ambiente-anuncia-el-inicio-de-la-tercera-fase.html?fbclid=IwAR0rGOT6IkofRCQveW6OW71Qfn7_YMzcbrHbKVQRNBrr3yYyJNHiH-YWpaE HTTP/1.1" 200 954
89.36.220.93 - - [14/Mar/2023:06:07:17 -0500] "GET /palmas-silvestres-secretaria-de-ambiente-inicia-campana-de-proteccion.html HTTP/1.1" 200 851
216.245.221.92 - - [14/Mar/2023:06:08:56 -0500] "HEAD / HTTP/1.1" 200 -
201.245.192.253 - - [14/Mar/2023:06:08:56 -0500] "POST /kwsrmcab/Wsrmcab  HTTP/1.1" 200 42554
66.249.70.13 - - [14/Mar/2023:06:09:06 -0500] "-" 408 -
172.22.2.4 - - [14/Mar/2023:06:09:33 -0500] "HEAD /BLA/boletinlegal/ HTTP/1.1" 200 -
52.167.144.71 - - [14/Mar/2023:06:11:25 -0500] "GET /BLA/resoluciones/AUTOS%202021/3016.pdf HTTP/1.1" 304 -
205.210.31.25 - - [14/Mar/2023:06:12:02 -0500] "GET / HTTP/1.1" 200 319
172.22.2.4 - - [14/Mar/2023:06:10:24 -0500] "GET /BLA/boletinlegal/ HTTP/1.1" 200 59646
216.245.221.92 - - [14/Mar/2023:06:13:56 -0500] "HEAD / HTTP/1.1" 200 -
201.245.192.253 - - [14/Mar/2023:06:13:55 -0500] "POST /kwsrmcab/Wsrmcab  HTTP/1.1" 200 42554
172.22.2.4 - - [14/Mar/2023:06:15:23 -0500] "HEAD /BLA/boletinlegal/ HTTP/1.1" 200 -
172.22.2.4 - - [14/Mar/2023:06:16:14 -0500] "GET /BLA/boletinlegal/ HTTP/1.1" 200 56744
66.249.70.13 - - [14/Mar/2023:06:18:05 -0500] "-" 408 -
172.22.2.4 - - [14/Mar/2023:06:18:49 -0500] "GET /BLA/boletinlegal/jurisprudencia/analisis/analisis%20C-595-2010.doc HTTP/1.1" 304 -
201.245.192.253 - - [14/Mar/2023:06:18:54 -0500] "POST /kwsrmcab/Wsrmcab  HTTP/1.1" 200 42554
216.245.221.92 - - [14/Mar/2023:06:18:56 -0500] "HEAD / HTTP/1.1" 200 -
172.22.2.4 - - [14/Mar/2023:06:20:22 -0500] "GET /BLA/boletinlegal/Directivas/2011/Directiva%20No.%206%20del%208%20de%20Septiembre%20de%202011.pdf HTTP/1.1" 304 -
201.245.192.253 - - [14/Mar/2023:06:21:04 -0500] "POST /kwsrmcab/Wsrmcab HTTP/1.1" 200 42702
201.245.192.253 - - [14/Mar/2023:06:21:06 -0500] "POST /kwsrmcab/Wsrmcab HTTP/1.1" 200 42243
172.22.2.4 - - [14/Mar/2023:06:21:13 -0500] "HEAD /BLA/boletinlegal/ HTTP/1.1" 200 -
64.124.8.37 - - [14/Mar/2023:06:23:13 -0500] "GET /portaldeninos/aire/ HTTP/1.1" 200 88215
64.124.8.44 - - [14/Mar/2023:06:23:21 -0500] "GET /BLA/boletinlegal/jurisprudencia/analisis/analisis%20C-595-2010.doc HTTP/1.1" 200 39424
172.22.2.4 - - [14/Mar/2023:06:22:04 -0500] "GET /BLA/boletinlegal/ HTTP/1.1" 200 57551
201.245.192.253 - - [14/Mar/2023:06:23:54 -0500] "POST /kwsrmcab/Wsrmcab  HTTP/1.1" 200 42554
216.245.221.92 - - [14/Mar/2023:06:23:56 -0500] "HEAD / HTTP/1.1" 200 -
66.249.70.13 - - [14/Mar/2023:06:25:12 -0500] "-" 408 -
201.221.172.136 - - [14/Mar/2023:06:26:57 -0500] "GET /secretaria-de-ambiente-impone-medida-preventiva-de-suspension-de-actividades-por-disposicion-ilegal-de-residuos-de-construccion.html HTTP/1.1" 200 1012
191.95.52.3 - - [14/Mar/2023:06:27:22 -0500] "GET /mujeres-que-reverdecen-secretaria-de-ambiente-anuncia-el-inicio-de-la-tercera-fase.html HTTP/1.1" 200 954
128.14.134.170 - - [14/Mar/2023:06:27:43 -0500] "GET /portaldeninos/ HTTP/1.1" 200 110197
201.245.192.253 - - [14/Mar/2023:06:28:25 -0500] "GET /sipse/faces/index.xhtml HTTP/1.1" 200 677
201.245.192.253 - - [14/Mar/2023:06:28:25 -0500] "GET /sipse/faces/javax.faces.resource/theme.css?ln=primefaces-sipse HTTP/1.1" 304 -
201.245.192.253 - - [14/Mar/2023:06:28:25 -0500] "GET /sipse/faces/faces/autenticacion.xhtml HTTP/1.1" 200 12167
201.245.192.253 - - [14/Mar/2023:06:28:25 -0500] "GET /sipse/faces/javax.faces.resource/primefaces.css?ln=primefaces&v=4.0 HTTP/1.1" 304 -
201.245.192.253 - - [14/Mar/2023:06:28:25 -0500] "GET /sipse/faces/javax.faces.resource/theme.css?ln=primefaces-sipse HTTP/1.1" 304 -
201.245.192.253 - - [14/Mar/2023:06:28:25 -0500] "GET /sipse/faces/javax.faces.resource/layout/layout.css?ln=primefaces&v=4.0 HTTP/1.1" 304 -
201.245.192.253 - - [14/Mar/2023:06:28:25 -0500] "GET /sipse/faces/javax.faces.resource/layout/layout.js?ln=primefaces&v=4.0 HTTP/1.1" 304 -
201.245.192.253 - - [14/Mar/2023:06:28:25 -0500] "GET /sipse/faces/javax.faces.resource/jquery/jquery.js?ln=primefaces&v=4.0 HTTP/1.1" 304 -
201.245.192.253 - - [14/Mar/2023:06:28:25 -0500] "GET /sipse/faces/javax.faces.resource/primefaces.js?ln=primefaces&v=4.0 HTTP/1.1" 304 -
201.245.192.253 - - [14/Mar/2023:06:28:25 -0500] "GET /sipse/faces/javax.faces.resource/jquery/jquery-plugins.js?ln=primefaces&v=4.0 HTTP/1.1" 304 -
201.245.192.253 - - [14/Mar/2023:06:28:25 -0500] "GET /sipse/faces/javax.faces.resource/images/ui-icons_898989_256x240.png?ln=primefaces-aristo HTTP/1.1" 304 -
201.245.192.253 - - [14/Mar/2023:06:28:29 -0500] "POST /sipse/faces/autenticacion.xhtml HTTP/1.1" 200 2179
201.245.192.253 - - [14/Mar/2023:06:28:29 -0500] "GET /sipse/faces/javax.faces.resource/messages/messages.png?ln=primefaces&v=4.0 HTTP/1.1" 304 -
201.245.192.253 - - [14/Mar/2023:06:28:33 -0500] "POST /sipse/faces/autenticacion.xhtml HTTP/1.1" 200 15511
201.245.192.253 - - [14/Mar/2023:06:28:33 -0500] "GET /sipse/faces/javax.faces.resource/primefaces.css?ln=primefaces&v=4.0 HTTP/1.1" 304 -
201.245.192.253 - - [14/Mar/2023:06:28:33 -0500] "GET /sipse/faces/javax.faces.resource/layout/layout.css?ln=primefaces&v=4.0 HTTP/1.1" 304 -
201.245.192.253 - - [14/Mar/2023:06:28:33 -0500] "GET /sipse/faces/javax.faces.resource/theme.css?ln=primefaces-sipse HTTP/1.1" 304 -
201.245.192.253 - - [14/Mar/2023:06:28:33 -0500] "GET /sipse/faces/javax.faces.resource/jquery/jquery.js?ln=primefaces&v=4.0 HTTP/1.1" 304 -
201.245.192.253 - - [14/Mar/2023:06:28:33 -0500] "GET /sipse/faces/javax.faces.resource/jquery/jquery-plugins.js?ln=primefaces&v=4.0 HTTP/1.1" 304 -
201.245.192.253 - - [14/Mar/2023:06:28:33 -0500] "GET /sipse/faces/javax.faces.resource/primefaces.js?ln=primefaces&v=4.0 HTTP/1.1" 304 -
201.245.192.253 - - [14/Mar/2023:06:28:33 -0500] "GET /sipse/faces/javax.faces.resource/layout/layout.js?ln=primefaces&v=4.0 HTTP/1.1" 304 -
201.245.192.253 - - [14/Mar/2023:06:28:33 -0500] "GET /sipse/css/imagen/contrasena.png HTTP/1.1" 404 383
201.245.192.253 - - [14/Mar/2023:06:28:36 -0500] "GET /sipse/faces/javax.faces.resource/images/ui-bg_flat_0_2d5972_40x100.png?ln=primefaces-aristo HTTP/1.1" 304 -
201.245.192.253 - - [14/Mar/2023:06:28:36 -0500] "POST /sipse/faces/bienvenido.xhtml HTTP/1.1" 200 3843
201.245.192.253 - - [14/Mar/2023:06:28:37 -0500] "POST /sipse/faces/bienvenido.xhtml HTTP/1.1" 200 53966
201.245.192.253 - - [14/Mar/2023:06:28:38 -0500] "GET /sipse/faces/javax.faces.resource/primefaces.css?ln=primefaces&v=4.0 HTTP/1.1" 304 -
201.245.192.253 - - [14/Mar/2023:06:28:38 -0500] "GET /sipse/faces/javax.faces.resource/theme.css?ln=primefaces-sipse HTTP/1.1" 304 -
201.245.192.253 - - [14/Mar/2023:06:28:38 -0500] "GET /sipse/faces/javax.faces.resource/layout/layout.css?ln=primefaces&v=4.0 HTTP/1.1" 304 -
201.245.192.253 - - [14/Mar/2023:06:28:38 -0500] "GET /sipse/faces/javax.faces.resource/jquery/jquery.js?ln=primefaces&v=4.0 HTTP/1.1" 304 -
201.245.192.253 - - [14/Mar/2023:06:28:38 -0500] "GET /sipse/faces/javax.faces.resource/jquery/jquery-plugins.js?ln=primefaces&v=4.0 HTTP/1.1" 304 -
201.245.192.253 - - [14/Mar/2023:06:28:38 -0500] "GET /sipse/faces/javax.faces.resource/primefaces.js?ln=primefaces&v=4.0 HTTP/1.1" 304 -
201.245.192.253 - - [14/Mar/2023:06:28:38 -0500] "GET /sipse/faces/javax.faces.resource/layout/layout.js?ln=primefaces&v=4.0 HTTP/1.1" 304 -
201.245.192.253 - - [14/Mar/2023:06:28:38 -0500] "POST /sipse/faces/presentacion/financiero/solicitudProceso/listarSolicitudProceso.xhtml HTTP/1.1" 200 1528
172.22.2.4 - - [14/Mar/2023:06:27:03 -0500] "HEAD /BLA/boletinlegal/ HTTP/1.1" 200 -
201.245.192.253 - - [14/Mar/2023:06:28:44 -0500] "POST /sipse/faces/presentacion/financiero/solicitudProceso/listarSolicitudProceso.xhtml HTTP/1.1" 200 10425
201.245.192.253 - - [14/Mar/2023:06:28:53 -0500] "POST /kwsrmcab/Wsrmcab  HTTP/1.1" 200 42554
216.245.221.92 - - [14/Mar/2023:06:28:56 -0500] "HEAD / HTTP/1.1" 200 -
172.22.2.4 - - [14/Mar/2023:06:27:54 -0500] "GET /BLA/boletinlegal/ HTTP/1.1" 200 57551
201.245.192.253 - - [14/Mar/2023:06:29:46 -0500] "POST /sipse/faces/presentacion/financiero/solicitudProceso/listarSolicitudProceso.xhtml HTTP/1.1" 200 125225
201.245.192.253 - - [14/Mar/2023:06:29:47 -0500] "GET /sipse/faces/javax.faces.resource/theme.css?ln=primefaces-sipse HTTP/1.1" 304 -
201.245.192.253 - - [14/Mar/2023:06:29:47 -0500] "GET /sipse/faces/javax.faces.resource/layout/layout.css?ln=primefaces&v=4.0 HTTP/1.1" 304 -
201.245.192.253 - - [14/Mar/2023:06:29:47 -0500] "GET /sipse/faces/javax.faces.resource/primefaces.css?ln=primefaces&v=4.0 HTTP/1.1" 304 -
201.245.192.253 - - [14/Mar/2023:06:29:47 -0500] "GET /sipse/faces/javax.faces.resource/jquery/jquery.js?ln=primefaces&v=4.0 HTTP/1.1" 304 -
201.245.192.253 - - [14/Mar/2023:06:29:47 -0500] "GET /sipse/faces/javax.faces.resource/jquery/jquery-plugins.js?ln=primefaces&v=4.0 HTTP/1.1" 304 -
201.245.192.253 - - [14/Mar/2023:06:29:47 -0500] "GET /sipse/faces/javax.faces.resource/primefaces.js?ln=primefaces&v=4.0 HTTP/1.1" 304 -
201.245.192.253 - - [14/Mar/2023:06:29:47 -0500] "GET /sipse/faces/javax.faces.resource/layout/layout.js?ln=primefaces&v=4.0 HTTP/1.1" 304 -
201.245.192.253 - - [14/Mar/2023:06:29:54 -0500] "POST /sipse/faces/presentacion/financiero/solicitudProceso/consultarSolicitudProceso.xhtml HTTP/1.1" 200 5503
38.156.13.62 - - [14/Mar/2023:06:30:17 -0500] "GET /mujeres-que-reverdecen-secretaria-de-ambiente-anuncia-el-inicio-de-la-tercera-fase.html HTTP/1.1" 200 954
201.245.192.253 - - [14/Mar/2023:06:31:04 -0500] "POST /kwsrmcab/Wsrmcab HTTP/1.1" 200 42702
201.245.192.253 - - [14/Mar/2023:06:31:06 -0500] "POST /kwsrmcab/Wsrmcab HTTP/1.1" 200 42243
66.249.70.13 - - [14/Mar/2023:06:31:25 -0500] "-" 408 -
34.78.6.216 - - [14/Mar/2023:06:33:00 -0500] "GET / HTTP/1.1" 200 319
103.61.103.62 - - [14/Mar/2023:06:33:02 -0500] "GET / HTTP/1.1" 200 319
66.249.66.64 - - [14/Mar/2023:06:33:54 -0500] "-" 408 -
201.245.192.253 - - [14/Mar/2023:06:33:52 -0500] "POST /kwsrmcab/Wsrmcab  HTTP/1.1" 200 42554
216.245.221.92 - - [14/Mar/2023:06:33:56 -0500] "HEAD / HTTP/1.1" 200 -
52.167.144.166 - - [14/Mar/2023:06:33:59 -0500] "GET /BLA/resoluciones/AUTOS%202021/5227.pdf HTTP/1.1" 304 -
172.22.2.4 - - [14/Mar/2023:06:32:53 -0500] "HEAD /BLA/boletinlegal/ HTTP/1.1" 200 -
172.22.2.4 - - [14/Mar/2023:06:33:44 -0500] "GET /BLA/boletinlegal/ HTTP/1.1" 200 57935
201.245.192.253 - - [14/Mar/2023:06:35:43 -0500] "POST /sipse/faces/presentacion/financiero/solicitudProceso/consultarSolicitudProceso.xhtml HTTP/1.1" 200 41979
201.245.192.253 - - [14/Mar/2023:06:35:43 -0500] "GET /sipse/faces/javax.faces.resource/theme.css?ln=primefaces-sipse HTTP/1.1" 304 -
201.245.192.253 - - [14/Mar/2023:06:35:43 -0500] "GET /sipse/faces/javax.faces.resource/primefaces.css?ln=primefaces&v=4.0 HTTP/1.1" 304 -
201.245.192.253 - - [14/Mar/2023:06:35:43 -0500] "GET /sipse/faces/javax.faces.resource/layout/layout.css?ln=primefaces&v=4.0 HTTP/1.1" 304 -
201.245.192.253 - - [14/Mar/2023:06:35:43 -0500] "GET /sipse/faces/javax.faces.resource/jquery/jquery.js?ln=primefaces&v=4.0 HTTP/1.1" 304 -
201.245.192.253 - - [14/Mar/2023:06:35:43 -0500] "GET /sipse/faces/javax.faces.resource/jquery/jquery-plugins.js?ln=primefaces&v=4.0 HTTP/1.1" 304 -
201.245.192.253 - - [14/Mar/2023:06:35:43 -0500] "GET /sipse/faces/javax.faces.resource/primefaces.js?ln=primefaces&v=4.0 HTTP/1.1" 304 -
201.245.192.253 - - [14/Mar/2023:06:35:43 -0500] "GET /sipse/faces/javax.faces.resource/layout/layout.js?ln=primefaces&v=4.0 HTTP/1.1" 304 -
201.245.192.253 - - [14/Mar/2023:06:35:43 -0500] "POST /sipse/faces/presentacion/financiero/solicitudProceso/listarSolicitudProceso.xhtml HTTP/1.1" 200 35318
201.245.192.253 - - [14/Mar/2023:06:35:44 -0500] "POST /sipse/faces/presentacion/financiero/solicitudProceso/listarSolicitudProceso.xhtml HTTP/1.1" 200 35318
201.245.192.253 - - [14/Mar/2023:06:35:44 -0500] "POST /sipse/faces/presentacion/financiero/solicitudProceso/listarSolicitudProceso.xhtml HTTP/1.1" 200 1436
201.245.192.253 - - [14/Mar/2023:06:35:44 -0500] "POST /sipse/faces/presentacion/financiero/solicitudProceso/listarSolicitudProceso.xhtml HTTP/1.1" 200 1436
201.245.192.253 - - [14/Mar/2023:06:35:44 -0500] "POST /sipse/faces/presentacion/financiero/solicitudProceso/listarSolicitudProceso.xhtml HTTP/1.1" 200 1444
201.245.192.253 - - [14/Mar/2023:06:35:49 -0500] "POST /sipse/faces/presentacion/financiero/solicitudProceso/listarSolicitudProceso.xhtml HTTP/1.1" 200 125089
201.245.192.253 - - [14/Mar/2023:06:35:50 -0500] "GET /sipse/faces/javax.faces.resource/primefaces.css?ln=primefaces&v=4.0 HTTP/1.1" 304 -
201.245.192.253 - - [14/Mar/2023:06:35:50 -0500] "GET /sipse/faces/javax.faces.resource/layout/layout.css?ln=primefaces&v=4.0 HTTP/1.1" 304 -
201.245.192.253 - - [14/Mar/2023:06:35:50 -0500] "GET /sipse/faces/javax.faces.resource/theme.css?ln=primefaces-sipse HTTP/1.1" 304 -
201.245.192.253 - - [14/Mar/2023:06:35:50 -0500] "GET /sipse/faces/javax.faces.resource/jquery/jquery.js?ln=primefaces&v=4.0 HTTP/1.1" 304 -
201.245.192.253 - - [14/Mar/2023:06:35:50 -0500] "GET /sipse/faces/javax.faces.resource/jquery/jquery-plugins.js?ln=primefaces&v=4.0 HTTP/1.1" 304 -
201.245.192.253 - - [14/Mar/2023:06:35:50 -0500] "GET /sipse/faces/javax.faces.resource/primefaces.js?ln=primefaces&v=4.0 HTTP/1.1" 304 -
201.245.192.253 - - [14/Mar/2023:06:35:50 -0500] "GET /sipse/faces/javax.faces.resource/layout/layout.js?ln=primefaces&v=4.0 HTTP/1.1" 304 -
201.245.192.253 - - [14/Mar/2023:06:35:56 -0500] "POST /sipse/faces/presentacion/financiero/solicitudProceso/consultarSolicitudProceso.xhtml HTTP/1.1" 200 26120
201.245.192.253 - - [14/Mar/2023:06:35:57 -0500] "GET /sipse/faces/javax.faces.resource/theme.css?ln=primefaces-sipse HTTP/1.1" 304 -
201.245.192.253 - - [14/Mar/2023:06:35:57 -0500] "GET /sipse/faces/javax.faces.resource/layout/layout.css?ln=primefaces&v=4.0 HTTP/1.1" 304 -
201.245.192.253 - - [14/Mar/2023:06:35:57 -0500] "GET /sipse/faces/javax.faces.resource/primefaces.css?ln=primefaces&v=4.0 HTTP/1.1" 304 -
201.245.192.253 - - [14/Mar/2023:06:35:57 -0500] "GET /sipse/faces/javax.faces.resource/jquery/jquery.js?ln=primefaces&v=4.0 HTTP/1.1" 304 -
201.245.192.253 - - [14/Mar/2023:06:35:57 -0500] "GET /sipse/faces/javax.faces.resource/jquery/jquery-plugins.js?ln=primefaces&v=4.0 HTTP/1.1" 304 -
201.245.192.253 - - [14/Mar/2023:06:35:57 -0500] "GET /sipse/faces/javax.faces.resource/primefaces.js?ln=primefaces&v=4.0 HTTP/1.1" 304 -
201.245.192.253 - - [14/Mar/2023:06:35:57 -0500] "GET /sipse/faces/javax.faces.resource/layout/layout.js?ln=primefaces&v=4.0 HTTP/1.1" 304 -
201.245.192.253 - - [14/Mar/2023:06:35:58 -0500] "POST /sipse/faces/presentacion/financiero/cdp/expedirCdp.xhtml HTTP/1.1" 200 170787
201.245.192.253 - - [14/Mar/2023:06:35:59 -0500] "GET /sipse/faces/javax.faces.resource/layout/layout.css?ln=primefaces&v=4.0 HTTP/1.1" 304 -
201.245.192.253 - - [14/Mar/2023:06:35:59 -0500] "GET /sipse/faces/javax.faces.resource/primefaces.css?ln=primefaces&v=4.0 HTTP/1.1" 304 -
201.245.192.253 - - [14/Mar/2023:06:35:59 -0500] "GET /sipse/faces/javax.faces.resource/theme.css?ln=primefaces-sipse HTTP/1.1" 304 -
201.245.192.253 - - [14/Mar/2023:06:35:59 -0500] "GET /sipse/faces/javax.faces.resource/jquery/jquery-plugins.js?ln=primefaces&v=4.0 HTTP/1.1" 304 -
201.245.192.253 - - [14/Mar/2023:06:35:59 -0500] "GET /sipse/faces/javax.faces.resource/primefaces.js?ln=primefaces&v=4.0 HTTP/1.1" 304 -
201.245.192.253 - - [14/Mar/2023:06:35:59 -0500] "GET /sipse/faces/javax.faces.resource/jquery/jquery.js?ln=primefaces&v=4.0 HTTP/1.1" 304 -
201.245.192.253 - - [14/Mar/2023:06:35:59 -0500] "GET /sipse/faces/javax.faces.resource/layout/layout.js?ln=primefaces&v=4.0 HTTP/1.1" 304 -
201.245.192.253 - - [14/Mar/2023:06:35:59 -0500] "GET /sipse/css/imagen/contrasena.png HTTP/1.1" 404 383
201.245.192.253 - - [14/Mar/2023:06:35:59 -0500] "GET /sipse/faces/javax.faces.resource/images/ui-icons_898989_256x240.png?ln=primefaces-aristo HTTP/1.1" 304 -
201.245.192.253 - - [14/Mar/2023:06:36:06 -0500] "GET /sipse/faces/javax.faces.resource/images/ui-bg_flat_0_2d5972_40x100.png?ln=primefaces-aristo HTTP/1.1" 304 -
201.245.192.253 - - [14/Mar/2023:06:36:06 -0500] "POST /sipse/faces/presentacion/financiero/solicitudProceso/consultarSolicitudProceso.xhtml HTTP/1.1" 200 5503
17.246.15.133 - - [14/Mar/2023:06:36:24 -0500] "-" 408 -
52.167.144.44 - - [14/Mar/2023:06:38:35 -0500] "GET /portaldeninos/aulas-ambientales/aula-ambiental-sorotama/ HTTP/1.1" 200 89596
52.167.144.44 - - [14/Mar/2023:06:38:45 -0500] "GET /portaldeninos/aulas-ambientales/aula-ambiental-sorotama/ HTTP/1.1" 200 89596
201.245.192.253 - - [14/Mar/2023:06:38:52 -0500] "POST /kwsrmcab/Wsrmcab  HTTP/1.1" 200 42554
216.245.221.92 - - [14/Mar/2023:06:38:56 -0500] "HEAD / HTTP/1.1" 200 -
66.249.70.13 - - [14/Mar/2023:06:39:35 -0500] "-" 408 -
186.102.22.102 - - [14/Mar/2023:06:40:08 -0500] "GET /kwssiamovil/sm/ldap/au?x=U2FsdGVkX19zPjtFiNbmwF+N60d5TgjE2yhuctrRLudv02wAINY1pgrPqIHM4t8r&y=U2FsdGVkX18QKRtOgYeqolbM+6e4nOo+klKtqfmh7eUG/2Hl69zjZwK6Sjti8AiX HTTP/1.1" 200 31
186.102.22.102 - - [14/Mar/2023:06:40:10 -0500] "GET /kwssiamovil/sm/ldap/au?x=U2FsdGVkX1+8FGFrHPn19Rx/UXu/F8FAlV/IVFBrCL7XQ9vGTgoMyNMCC8c56ggf&y=U2FsdGVkX180UGASmeBlD4UIO35UwHlHcuP/tznsKwnnvxKH7vHJ8u4TE+TjqpZH HTTP/1.1" 200 31
64.124.8.36 - - [14/Mar/2023:06:40:13 -0500] "-" 408 -
172.22.2.4 - - [14/Mar/2023:06:38:43 -0500] "HEAD /BLA/boletinlegal/ HTTP/1.1" 200 -
186.102.22.102 - - [14/Mar/2023:06:40:39 -0500] "GET /kwssiamovil/sm/ldap/au?x=U2FsdGVkX1/5fLeAk8R/b6PQCKakpUzF4eRCySi6aWeh5yYpxIx2gOQflkU5GulX&y=U2FsdGVkX19L23skPFjfUpXf8oA2tSaqRGyN5T1oZIN5EAQJoLxBZ9sy0FSvBOf7 HTTP/1.1" 200 30
186.102.22.102 - - [14/Mar/2023:06:40:39 -0500] "GET /kwssiamovil/sm/acme/s?s=U2FsdGVkX1/1ROauR23YniGotpYujOFDmKKfcjPVHdofgi/cjA5rIyQB+7ZYahMUPvvCTsKgF/AsZtBV3LbRm9kDxA5l+ByYwkevHntWJyM=&u=U2FsdGVkX18D/b0rUsVIdzoYjvx3xR2eniwNKLcoid2vayQXqutF53hQGx9EubH/&y=U2FsdGVkX19L23skPFjfUpXf8oA2tSaqRGyN5T1oZIN5EAQJoLxBZ9sy0FSvBOf7 HTTP/1.1" 200 97
186.102.22.102 - - [14/Mar/2023:06:40:39 -0500] "GET /kwssiamovil/sm/acme/s?s=U2FsdGVkX1/fi2/KABaZ9UNeJ7osw0UCCbdTX5aeRobaC0exXebD9yeYuPM/FhOFmMMvyndQxUFo4+rdHEI2z4b7C5+bNiO0kkRYbB+EovUD359nXr10H2ElIXGLtitR49ilMf8/xOLj5EuLEV9O2g4S3FpbEC0qeiu1q3e3PlSrPdL21rBKjb5qbtE2S0Sm9qY6YaBDFWUdE8Xb6cQ8YW7r9DJm/hLqhhD63CjnMkHMNjY1xf/iyOv86ESPkQZ4MCiyJw+svy5SgblCJW5NLbR++kWnGrQ4nOCTHcYpFZ27DADKARdfzLJuz1Sfas+QsvUAYsoQ33IbeO1CkMShqL1fdLb/R8vpROVAMOdArSN/u9RaVt8bbcyyg6UeDlcp8kMF60aOd8ivK6Fx1ndw90VRTqUzeQW/GBBY+XHmOkHFjxdOPfg6Wsmh4UAFc5IezXZYGX0z7b+8OhygQsPGtGf5OMxZZHqgD3wWbhTU7UliWKQay+F3qmikfMxag8y/vztJtJ5LSlRQLo6mTrZdUOD7QciyF9P7fO6P4RnIDM39qua4p5YvSbgin0PcJ3aUbzBbehuqzqXwiw5UhsHj8lvTWsTzd9ExQNXI+h2eIl/IFrkBSx7GEIep/YNQsAZgiCM0vopXZ7OPCOW4KGZtwexQwHosDnfI6bawds7bWV2SWt8Rm+Y82S7/dSV7JZY0EEApTsWzGKayATbrcXlMxFfwUxne28CjcwzxsIBaPuLrwmXFr3MJa5mjKi/fYakPdE9X2WUzI1h6NyLlNy5L0czcpgcWX/pHKETk+lRrK2ePYg2J7GMFBqpskaT4HsSY3erqOnDQX/zrslQYIAmljKNOm3oFh+VXFDGLRVi2LLb3UpCf/dDMEgI2UNRw+nR/vVGq2Sp9UjjGAU8OX7EwJRTnrbhyEXdTgDg9qpIkeuAncCTJtdDZU8Mb6yIAMyUla9yiOUxEFfVRfs7uLOn2qe6fTOpeTf+E606ARm8zm0XRihHKNlowqsZYdSV48Fr5SrsN6BB/G3hUsPuyk3cciWJdI1m05cIyGsX/6XnbOD10hMFc1uMxBjLSMbbSlJjxpnllfBeI2kk6zviVtOYCss5CzhiotGY7/9uNVV20cvOzbSRdhbaPQgTii4LN9R73zB0KyqRZs2XvFojHEZrWNbSDntB+4OG7doGJmqBFxaESHQlkkExDhQGkzR9y7a1K+1Y6g90XKEWf6IG0PMvBUQjhwcjCAERi2cMkS0qyN7CFrYHtWPrPvaXgzOhcVl5ISWhjgscKR2FeRLiomg/zlEgAyPXU2N68C9ssiwedg8SIlG2i60OpdfiV0TUFw1ataMWYPBYBeWGo/dB42hB3IDFYeR+0smLX0sulbtl2OaUfhYaOQ99KGfjCYR6Pg9uAwCQezASJkKcRrGMj2Syc50sTfOhsvoqoWdUTYofQoYA=&u=U2FsdGVkX18D/b0rUsVIdzoYjvx3xR2eniwNKLcoid2vayQXqutF53hQGx9EubH/&y=U2FsdGVkX19L23skPFjfUpXf8oA2tSaqRGyN5T1oZIN5EAQJoLxBZ9sy0FSvBOf7 HTTP/1.1" 200 2408
186.102.22.102 - - [14/Mar/2023:06:40:40 -0500] "GET /kwssiamovil/sm/acme/s?s=U2FsdGVkX1/r8vX8MywR1eFmCzcQcjcrxIesgtzNAAQDZhJLMlcyCdbhVj94LPyIRKy6zsFONVOxtiM9cOU2e7S2Mp54Ki92ykzxs9Z+iDkLf3wCBhaBMDSMEDVOsw8jMe4KnVQE7eEC9oSk9ei6p4oq0ntWuYdIA+bPE5joUaqMz/z+9KO5G0gfG32MWujX+gZOnoGLyo00gJvp7Wo10sWQdEy/iu6RmRM/rv+w3ZaKbucPYAHiAoUE0mrrWkMBbjSOEod3IHGQs5tjlRT6JEiN/btnBsiZS+9e1ByLgRmchuPPfWIGTf+XAMerX6cc+tFWhDu8Q2umk9hbjVsuBOMq1uwrancgzYXevmNMTSQ=&u=U2FsdGVkX18D/b0rUsVIdzoYjvx3xR2eniwNKLcoid2vayQXqutF53hQGx9EubH/&y=U2FsdGVkX19L23skPFjfUpXf8oA2tSaqRGyN5T1oZIN5EAQJoLxBZ9sy0FSvBOf7 HTTP/1.1" 200 196
186.102.22.102 - - [14/Mar/2023:06:40:40 -0500] "GET /kwssiamovil/sm/cjson/pre?f=1&x=U2FsdGVkX1/5fLeAk8R/b6PQCKakpUzF4eRCySi6aWeh5yYpxIx2gOQflkU5GulX HTTP/1.1" 200 31032
201.245.192.253 - - [14/Mar/2023:06:41:01 -0500] "POST /sipse/faces/presentacion/financiero/solicitudProceso/consultarSolicitudProceso.xhtml HTTP/1.1" 200 41979
201.245.192.253 - - [14/Mar/2023:06:41:01 -0500] "GET /sipse/faces/javax.faces.resource/theme.css?ln=primefaces-sipse HTTP/1.1" 304 -
201.245.192.253 - - [14/Mar/2023:06:41:01 -0500] "GET /sipse/faces/javax.faces.resource/layout/layout.css?ln=primefaces&v=4.0 HTTP/1.1" 304 -
201.245.192.253 - - [14/Mar/2023:06:41:01 -0500] "GET /sipse/faces/javax.faces.resource/primefaces.css?ln=primefaces&v=4.0 HTTP/1.1" 304 -
201.245.192.253 - - [14/Mar/2023:06:41:01 -0500] "GET /sipse/faces/javax.faces.resource/jquery/jquery.js?ln=primefaces&v=4.0 HTTP/1.1" 304 -
201.245.192.253 - - [14/Mar/2023:06:41:01 -0500] "GET /sipse/faces/javax.faces.resource/jquery/jquery-plugins.js?ln=primefaces&v=4.0 HTTP/1.1" 304 -
201.245.192.253 - - [14/Mar/2023:06:41:01 -0500] "GET /sipse/faces/javax.faces.resource/primefaces.js?ln=primefaces&v=4.0 HTTP/1.1" 304 -
201.245.192.253 - - [14/Mar/2023:06:41:01 -0500] "GET /sipse/faces/javax.faces.resource/layout/layout.js?ln=primefaces&v=4.0 HTTP/1.1" 304 -
201.245.192.253 - - [14/Mar/2023:06:41:01 -0500] "POST /sipse/faces/presentacion/financiero/solicitudProceso/listarSolicitudProceso.xhtml HTTP/1.1" 200 1436
201.245.192.253 - - [14/Mar/2023:06:41:04 -0500] "POST /sipse/faces/presentacion/financiero/solicitudProceso/listarSolicitudProceso.xhtml HTTP/1.1" 200 126881
201.245.192.253 - - [14/Mar/2023:06:41:05 -0500] "GET /sipse/faces/javax.faces.resource/layout/layout.css?ln=primefaces&v=4.0 HTTP/1.1" 304 -
201.245.192.253 - - [14/Mar/2023:06:41:05 -0500] "GET /sipse/faces/javax.faces.resource/theme.css?ln=primefaces-sipse HTTP/1.1" 304 -
201.245.192.253 - - [14/Mar/2023:06:41:05 -0500] "GET /sipse/faces/javax.faces.resource/primefaces.css?ln=primefaces&v=4.0 HTTP/1.1" 304 -
201.245.192.253 - - [14/Mar/2023:06:41:05 -0500] "GET /sipse/faces/javax.faces.resource/jquery/jquery.js?ln=primefaces&v=4.0 HTTP/1.1" 304 -
201.245.192.253 - - [14/Mar/2023:06:41:05 -0500] "GET /sipse/faces/javax.faces.resource/jquery/jquery-plugins.js?ln=primefaces&v=4.0 HTTP/1.1" 304 -
201.245.192.253 - - [14/Mar/2023:06:41:05 -0500] "GET /sipse/faces/javax.faces.resource/primefaces.js?ln=primefaces&v=4.0 HTTP/1.1" 304 -
201.245.192.253 - - [14/Mar/2023:06:41:05 -0500] "GET /sipse/faces/javax.faces.resource/layout/layout.js?ln=primefaces&v=4.0 HTTP/1.1" 304 -
201.245.192.253 - - [14/Mar/2023:06:41:04 -0500] "POST /kwsrmcab/Wsrmcab HTTP/1.1" 200 42702
201.245.192.253 - - [14/Mar/2023:06:41:07 -0500] "POST /kwsrmcab/Wsrmcab HTTP/1.1" 200 42243
172.22.2.4 - - [14/Mar/2023:06:39:34 -0500] "GET /BLA/boletinlegal/ HTTP/1.1" 200 57551
201.245.192.253 - - [14/Mar/2023:06:41:14 -0500] "POST /sipse/faces/presentacion/financiero/solicitudProceso/consultarSolicitudProceso.xhtml HTTP/1.1" 200 5503
66.249.66.64 - - [14/Mar/2023:06:41:17 -0500] "-" 408 -
186.31.61.125 - - [14/Mar/2023:06:43:32 -0500] "GET /feria-de-emprendimiento-mujeres-que-reverdecen-expusieron-sus-proyectos.html HTTP/1.1" 200 889
74.101.242.251 - - [14/Mar/2023:06:43:51 -0500] "GET /BLA/boletinlegal/admin/index.php HTTP/1.1" 200 2324
201.245.192.253 - - [14/Mar/2023:06:43:51 -0500] "POST /kwsrmcab/Wsrmcab  HTTP/1.1" 200 42554
216.245.221.92 - - [14/Mar/2023:06:43:56 -0500] "HEAD / HTTP/1.1" 200 -
201.245.192.253 - - [14/Mar/2023:06:44:04 -0500] "POST /sipse/faces/presentacion/financiero/solicitudProceso/consultarSolicitudProceso.xhtml HTTP/1.1" 200 41979
201.245.192.253 - - [14/Mar/2023:06:44:04 -0500] "GET /sipse/faces/javax.faces.resource/theme.css?ln=primefaces-sipse HTTP/1.1" 304 -
201.245.192.253 - - [14/Mar/2023:06:44:04 -0500] "GET /sipse/faces/javax.faces.resource/primefaces.css?ln=primefaces&v=4.0 HTTP/1.1" 304 -
201.245.192.253 - - [14/Mar/2023:06:44:04 -0500] "GET /sipse/faces/javax.faces.resource/layout/layout.css?ln=primefaces&v=4.0 HTTP/1.1" 304 -
201.245.192.253 - - [14/Mar/2023:06:44:04 -0500] "GET /sipse/faces/javax.faces.resource/jquery/jquery.js?ln=primefaces&v=4.0 HTTP/1.1" 304 -
201.245.192.253 - - [14/Mar/2023:06:44:04 -0500] "GET /sipse/faces/javax.faces.resource/jquery/jquery-plugins.js?ln=primefaces&v=4.0 HTTP/1.1" 304 -
201.245.192.253 - - [14/Mar/2023:06:44:04 -0500] "GET /sipse/faces/javax.faces.resource/primefaces.js?ln=primefaces&v=4.0 HTTP/1.1" 304 -
201.245.192.253 - - [14/Mar/2023:06:44:04 -0500] "GET /sipse/faces/javax.faces.resource/layout/layout.js?ln=primefaces&v=4.0 HTTP/1.1" 304 -
201.245.192.253 - - [14/Mar/2023:06:44:04 -0500] "POST /sipse/faces/presentacion/financiero/solicitudProceso/listarSolicitudProceso.xhtml HTTP/1.1" 200 35318
201.245.192.253 - - [14/Mar/2023:06:44:05 -0500] "POST /sipse/faces/presentacion/financiero/solicitudProceso/listarSolicitudProceso.xhtml HTTP/1.1" 200 35318
201.245.192.253 - - [14/Mar/2023:06:44:05 -0500] "POST /sipse/faces/presentacion/financiero/solicitudProceso/listarSolicitudProceso.xhtml HTTP/1.1" 200 1436
201.245.192.253 - - [14/Mar/2023:06:44:05 -0500] "POST /sipse/faces/presentacion/financiero/solicitudProceso/listarSolicitudProceso.xhtml HTTP/1.1" 200 1436
201.245.192.253 - - [14/Mar/2023:06:44:05 -0500] "POST /sipse/faces/presentacion/financiero/solicitudProceso/listarSolicitudProceso.xhtml HTTP/1.1" 200 1444
201.245.192.253 - - [14/Mar/2023:06:44:07 -0500] "POST /sipse/faces/presentacion/financiero/solicitudProceso/listarSolicitudProceso.xhtml HTTP/1.1" 200 13635
185.119.81.101 - - [14/Mar/2023:06:44:15 -0500] "GET /portaldeninos/wp-login.php HTTP/1.1" 200 2592
185.119.81.101 - - [14/Mar/2023:06:44:16 -0500] "POST /portaldeninos/wp-login.php HTTP/1.1" 200 3650
201.245.192.253 - - [14/Mar/2023:06:44:48 -0500] "POST /sipse/faces/presentacion/financiero/solicitudProceso/listarSolicitudProceso.xhtml HTTP/1.1" 200 150532
201.245.192.253 - - [14/Mar/2023:06:44:49 -0500] "GET /sipse/faces/javax.faces.resource/theme.css?ln=primefaces-sipse HTTP/1.1" 304 -
201.245.192.253 - - [14/Mar/2023:06:44:49 -0500] "GET /sipse/faces/javax.faces.resource/primefaces.css?ln=primefaces&v=4.0 HTTP/1.1" 304 -
201.245.192.253 - - [14/Mar/2023:06:44:49 -0500] "GET /sipse/faces/javax.faces.resource/layout/layout.css?ln=primefaces&v=4.0 HTTP/1.1" 304 -
201.245.192.253 - - [14/Mar/2023:06:44:49 -0500] "GET /sipse/faces/javax.faces.resource/jquery/jquery.js?ln=primefaces&v=4.0 HTTP/1.1" 304 -
201.245.192.253 - - [14/Mar/2023:06:44:49 -0500] "GET /sipse/faces/javax.faces.resource/jquery/jquery-plugins.js?ln=primefaces&v=4.0 HTTP/1.1" 304 -
201.245.192.253 - - [14/Mar/2023:06:44:49 -0500] "GET /sipse/faces/javax.faces.resource/primefaces.js?ln=primefaces&v=4.0 HTTP/1.1" 304 -
201.245.192.253 - - [14/Mar/2023:06:44:49 -0500] "GET /sipse/faces/javax.faces.resource/layout/layout.js?ln=primefaces&v=4.0 HTTP/1.1" 304 -
201.245.192.253 - - [14/Mar/2023:06:44:53 -0500] "POST /sipse/faces/presentacion/financiero/solicitudProceso/consultarSolicitudProceso.xhtml HTTP/1.1" 200 82725
201.245.192.253 - - [14/Mar/2023:06:44:57 -0500] "POST /sipse/faces/presentacion/financiero/solicitudProceso/consultarSolicitudProceso.xhtml HTTP/1.1" 200 82725
201.245.192.253 - - [14/Mar/2023:06:45:01 -0500] "POST /sipse/faces/presentacion/financiero/solicitudProceso/consultarSolicitudProceso.xhtml HTTP/1.1" 200 154799
64.124.8.36 - - [14/Mar/2023:06:45:59 -0500] "-" 408 -
186.102.100.244 - - [14/Mar/2023:06:46:04 -0500] "GET /mujeres-que-reverdecen-secretaria-de-ambiente-anuncia-el-inicio-de-la-tercera-fase.html HTTP/1.1" 200 954
172.22.2.4 - - [14/Mar/2023:06:44:33 -0500] "HEAD /BLA/boletinlegal/ HTTP/1.1" 200 -
185.119.81.104 - - [14/Mar/2023:06:46:49 -0500] "GET /portaldeninos/wp-login.php HTTP/1.1" 200 2592
185.119.81.104 - - [14/Mar/2023:06:46:50 -0500] "POST /portaldeninos/wp-login.php HTTP/1.1" 200 3605
66.249.70.13 - - [14/Mar/2023:06:46:58 -0500] "-" 408 -
172.22.2.4 - - [14/Mar/2023:06:45:24 -0500] "GET /BLA/boletinlegal/ HTTP/1.1" 200 57551
181.48.255.69 - - [14/Mar/2023:06:48:46 -0500] "GET /incendios-forestales-como-prevenirlos-y-aportar-al-cuidado-de-los-ecosistemas.html/ HTTP/1.1" 404 1788
181.49.182.135 - - [14/Mar/2023:06:48:46 -0500] "GET /incendios-forestales-como-prevenirlos-y-aportar-al-cuidado-de-los-ecosistemas.html/ HTTP/1.1" 404 1264
181.48.255.69 - - [14/Mar/2023:06:48:46 -0500] "GET /incendios-forestales-como-prevenirlos-y-aportar-al-cuidado-de-los-ecosistemas.html/ HTTP/1.1" 404 1264
143.137.113.4 - - [14/Mar/2023:06:48:46 -0500] "GET /incendios-forestales-como-prevenirlos-y-aportar-al-cuidado-de-los-ecosistemas.html/ HTTP/1.1" 404 1264
190.129.124.4 - - [14/Mar/2023:06:48:47 -0500] "GET /incendios-forestales-como-prevenirlos-y-aportar-al-cuidado-de-los-ecosistemas.html/ HTTP/1.1" 404 1788
143.137.113.4 - - [14/Mar/2023:06:48:47 -0500] "GET /incendios-forestales-como-prevenirlos-y-aportar-al-cuidado-de-los-ecosistemas.html/ HTTP/1.1" 404 1264
201.245.192.253 - - [14/Mar/2023:06:48:50 -0500] "POST /kwsrmcab/Wsrmcab  HTTP/1.1" 200 42554
216.245.221.92 - - [14/Mar/2023:06:48:56 -0500] "HEAD / HTTP/1.1" 200 -
201.245.192.253 - - [14/Mar/2023:06:49:39 -0500] "POST /sipse/faces/presentacion/financiero/solicitudProceso/consultarSolicitudProceso.xhtml HTTP/1.1" 200 45241
201.245.192.253 - - [14/Mar/2023:06:49:39 -0500] "GET /sipse/faces/javax.faces.resource/theme.css?ln=primefaces-sipse HTTP/1.1" 304 -
201.245.192.253 - - [14/Mar/2023:06:49:39 -0500] "GET /sipse/faces/javax.faces.resource/primefaces.css?ln=primefaces&v=4.0 HTTP/1.1" 304 -
201.245.192.253 - - [14/Mar/2023:06:49:39 -0500] "GET /sipse/faces/javax.faces.resource/layout/layout.css?ln=primefaces&v=4.0 HTTP/1.1" 304 -
201.245.192.253 - - [14/Mar/2023:06:49:39 -0500] "GET /sipse/faces/javax.faces.resource/jquery/jquery.js?ln=primefaces&v=4.0 HTTP/1.1" 304 -
201.245.192.253 - - [14/Mar/2023:06:49:39 -0500] "GET /sipse/faces/javax.faces.resource/jquery/jquery-plugins.js?ln=primefaces&v=4.0 HTTP/1.1" 304 -
201.245.192.253 - - [14/Mar/2023:06:49:39 -0500] "GET /sipse/faces/javax.faces.resource/primefaces.js?ln=primefaces&v=4.0 HTTP/1.1" 304 -
201.245.192.253 - - [14/Mar/2023:06:49:39 -0500] "GET /sipse/faces/javax.faces.resource/layout/layout.js?ln=primefaces&v=4.0 HTTP/1.1" 304 -
201.245.192.253 - - [14/Mar/2023:06:49:39 -0500] "POST /sipse/faces/presentacion/financiero/solicitudProceso/listarSolicitudProceso.xhtml HTTP/1.1" 200 38580
201.245.192.253 - - [14/Mar/2023:06:49:40 -0500] "POST /sipse/faces/presentacion/financiero/solicitudProceso/listarSolicitudProceso.xhtml HTTP/1.1" 200 38580
201.245.192.253 - - [14/Mar/2023:06:49:40 -0500] "POST /sipse/faces/presentacion/financiero/solicitudProceso/listarSolicitudProceso.xhtml HTTP/1.1" 200 38580
201.245.192.253 - - [14/Mar/2023:06:49:40 -0500] "POST /sipse/faces/presentacion/financiero/solicitudProceso/listarSolicitudProceso.xhtml HTTP/1.1" 200 38580
201.245.192.253 - - [14/Mar/2023:06:49:40 -0500] "POST /sipse/faces/presentacion/financiero/solicitudProceso/listarSolicitudProceso.xhtml HTTP/1.1" 200 1468
201.245.192.253 - - [14/Mar/2023:06:49:41 -0500] "POST /sipse/faces/presentacion/financiero/solicitudProceso/listarSolicitudProceso.xhtml HTTP/1.1" 200 1452
201.245.192.253 - - [14/Mar/2023:06:49:41 -0500] "POST /sipse/faces/presentacion/financiero/solicitudProceso/listarSolicitudProceso.xhtml HTTP/1.1" 200 1476
201.245.192.253 - - [14/Mar/2023:06:49:41 -0500] "POST /sipse/faces/presentacion/financiero/solicitudProceso/listarSolicitudProceso.xhtml HTTP/1.1" 200 1456
201.245.192.253 - - [14/Mar/2023:06:49:41 -0500] "POST /sipse/faces/presentacion/financiero/solicitudProceso/listarSolicitudProceso.xhtml HTTP/1.1" 200 1460
201.245.192.253 - - [14/Mar/2023:06:49:44 -0500] "POST /sipse/faces/presentacion/financiero/solicitudProceso/listarSolicitudProceso.xhtml HTTP/1.1" 200 149366
201.245.192.253 - - [14/Mar/2023:06:49:45 -0500] "GET /sipse/faces/javax.faces.resource/layout/layout.css?ln=primefaces&v=4.0 HTTP/1.1" 304 -
201.245.192.253 - - [14/Mar/2023:06:49:45 -0500] "GET /sipse/faces/javax.faces.resource/theme.css?ln=primefaces-sipse HTTP/1.1" 304 -
201.245.192.253 - - [14/Mar/2023:06:49:45 -0500] "GET /sipse/faces/javax.faces.resource/primefaces.css?ln=primefaces&v=4.0 HTTP/1.1" 304 -
201.245.192.253 - - [14/Mar/2023:06:49:45 -0500] "GET /sipse/faces/javax.faces.resource/jquery/jquery.js?ln=primefaces&v=4.0 HTTP/1.1" 304 -
201.245.192.253 - - [14/Mar/2023:06:49:45 -0500] "GET /sipse/faces/javax.faces.resource/jquery/jquery-plugins.js?ln=primefaces&v=4.0 HTTP/1.1" 304 -
201.245.192.253 - - [14/Mar/2023:06:49:45 -0500] "GET /sipse/faces/javax.faces.resource/primefaces.js?ln=primefaces&v=4.0 HTTP/1.1" 304 -
201.245.192.253 - - [14/Mar/2023:06:49:45 -0500] "GET /sipse/faces/javax.faces.resource/layout/layout.js?ln=primefaces&v=4.0 HTTP/1.1" 304 -
201.245.192.253 - - [14/Mar/2023:06:49:50 -0500] "GET /sipse/faces/index.xhtml HTTP/1.1" 200 677
201.245.192.253 - - [14/Mar/2023:06:49:50 -0500] "GET /sipse/faces/javax.faces.resource/theme.css?ln=primefaces-sipse HTTP/1.1" 304 -
201.245.192.253 - - [14/Mar/2023:06:49:50 -0500] "GET /sipse/faces/faces/autenticacion.xhtml HTTP/1.1" 200 12167
201.245.192.253 - - [14/Mar/2023:06:49:50 -0500] "GET /favicon.ico HTTP/1.1" 200 7782
201.245.192.253 - - [14/Mar/2023:06:49:50 -0500] "GET /sipse/js/disable_browser_buttons.js HTTP/1.1" 304 -
201.245.192.253 - - [14/Mar/2023:06:49:50 -0500] "GET /sipse/js/funciones.js HTTP/1.1" 304 -
201.245.192.253 - - [14/Mar/2023:06:49:50 -0500] "GET /sipse/css/custom_css_sg.css HTTP/1.1" 304 -
201.245.192.253 - - [14/Mar/2023:06:49:50 -0500] "GET /sipse/faces/javax.faces.resource/theme.css?ln=primefaces-sipse HTTP/1.1" 304 -
201.245.192.253 - - [14/Mar/2023:06:49:50 -0500] "GET /sipse/css/custom_css_sg_prime_login.css HTTP/1.1" 304 -
201.245.192.253 - - [14/Mar/2023:06:49:50 -0500] "GET /sipse/faces/javax.faces.resource/primefaces.css?ln=primefaces&v=4.0 HTTP/1.1" 304 -
201.245.192.253 - - [14/Mar/2023:06:49:50 -0500] "GET /sipse/faces/javax.faces.resource/layout/layout.css?ln=primefaces&v=4.0 HTTP/1.1" 304 -
201.245.192.253 - - [14/Mar/2023:06:49:50 -0500] "GET /sipse/faces/javax.faces.resource/jquery/jquery.js?ln=primefaces&v=4.0 HTTP/1.1" 304 -
201.245.192.253 - - [14/Mar/2023:06:49:50 -0500] "GET /sipse/faces/javax.faces.resource/jquery/jquery-plugins.js?ln=primefaces&v=4.0 HTTP/1.1" 304 -
201.245.192.253 - - [14/Mar/2023:06:49:50 -0500] "GET /sipse/faces/javax.faces.resource/layout/layout.js?ln=primefaces&v=4.0 HTTP/1.1" 304 -
201.245.192.253 - - [14/Mar/2023:06:49:50 -0500] "GET /sipse/faces/javax.faces.resource/primefaces.js?ln=primefaces&v=4.0 HTTP/1.1" 304 -
201.245.192.253 - - [14/Mar/2023:06:49:50 -0500] "GET /sipse/css/imagen/logoSDG.png HTTP/1.1" 304 -
201.245.192.253 - - [14/Mar/2023:06:49:50 -0500] "GET /sipse/css/imagen/loginimg.png HTTP/1.1" 304 -
201.245.192.253 - - [14/Mar/2023:06:49:50 -0500] "GET /sipse/faces/javax.faces.resource/images/ui-icons_898989_256x240.png?ln=primefaces-aristo HTTP/1.1" 304 -
201.245.192.253 - - [14/Mar/2023:06:49:51 -0500] "POST /sipse/faces/presentacion/financiero/solicitudProceso/consultarSolicitudProceso.xhtml HTTP/1.1" 200 84944
201.245.192.253 - - [14/Mar/2023:06:49:53 -0500] "POST /sipse/faces/presentacion/financiero/solicitudProceso/consultarSolicitudProceso.xhtml HTTP/1.1" 200 154803
201.245.192.253 - - [14/Mar/2023:06:50:35 -0500] "POST /sipse/faces/autenticacion.xhtml HTTP/1.1" 200 11133
201.245.192.253 - - [14/Mar/2023:06:50:35 -0500] "GET /sipse/css/custom_css_sg_prime.css HTTP/1.1" 304 -
201.245.192.253 - - [14/Mar/2023:06:50:35 -0500] "GET /sipse/faces/javax.faces.resource/jquery/jquery.js?ln=primefaces&v=4.0 HTTP/1.1" 304 -
201.245.192.253 - - [14/Mar/2023:06:50:35 -0500] "GET /sipse/faces/javax.faces.resource/primefaces.css?ln=primefaces&v=4.0 HTTP/1.1" 304 -
201.245.192.253 - - [14/Mar/2023:06:50:35 -0500] "GET /sipse/faces/javax.faces.resource/theme.css?ln=primefaces-sipse HTTP/1.1" 304 -
201.245.192.253 - - [14/Mar/2023:06:50:35 -0500] "GET /sipse/faces/javax.faces.resource/layout/layout.css?ln=primefaces&v=4.0 HTTP/1.1" 304 -
201.245.192.253 - - [14/Mar/2023:06:50:35 -0500] "GET /sipse/faces/javax.faces.resource/jquery/jquery-plugins.js?ln=primefaces&v=4.0 HTTP/1.1" 304 -
201.245.192.253 - - [14/Mar/2023:06:50:35 -0500] "GET /sipse/faces/javax.faces.resource/primefaces.js?ln=primefaces&v=4.0 HTTP/1.1" 304 -
201.245.192.253 - - [14/Mar/2023:06:50:35 -0500] "GET /sipse/faces/javax.faces.resource/layout/layout.js?ln=primefaces&v=4.0 HTTP/1.1" 304 -
201.245.192.253 - - [14/Mar/2023:06:50:35 -0500] "GET /sipse/faces/javax.faces.resource/messages/messages.png?ln=primefaces&v=4.0 HTTP/1.1" 304 -
201.245.192.253 - - [14/Mar/2023:06:50:43 -0500] "POST /sipse/faces/presentacion/sistema/seguridad/seleccionRol.xhtml HTTP/1.1" 200 5566
201.245.192.253 - - [14/Mar/2023:06:50:44 -0500] "POST /sipse/faces/presentacion/sistema/seguridad/seleccionRol.xhtml HTTP/1.1" 200 16297
201.245.192.253 - - [14/Mar/2023:06:50:44 -0500] "GET /sipse/faces/javax.faces.resource/layout/layout.css?ln=primefaces&v=4.0 HTTP/1.1" 304 -
201.245.192.253 - - [14/Mar/2023:06:50:44 -0500] "GET /sipse/faces/javax.faces.resource/theme.css?ln=primefaces-sipse HTTP/1.1" 304 -
201.245.192.253 - - [14/Mar/2023:06:50:44 -0500] "GET /sipse/faces/javax.faces.resource/primefaces.css?ln=primefaces&v=4.0 HTTP/1.1" 304 -
201.245.192.253 - - [14/Mar/2023:06:50:44 -0500] "GET /sipse/js/jquery.min.js HTTP/1.1" 304 -
201.245.192.253 - - [14/Mar/2023:06:50:44 -0500] "GET /sipse/faces/javax.faces.resource/jquery/jquery.js?ln=primefaces&v=4.0 HTTP/1.1" 304 -
201.245.192.253 - - [14/Mar/2023:06:50:45 -0500] "GET /sipse/faces/javax.faces.resource/jquery/jquery-plugins.js?ln=primefaces&v=4.0 HTTP/1.1" 304 -
201.245.192.253 - - [14/Mar/2023:06:50:45 -0500] "GET /sipse/faces/javax.faces.resource/primefaces.js?ln=primefaces&v=4.0 HTTP/1.1" 304 -
201.245.192.253 - - [14/Mar/2023:06:50:45 -0500] "GET /sipse/faces/javax.faces.resource/layout/layout.js?ln=primefaces&v=4.0 HTTP/1.1" 304 -
201.245.192.253 - - [14/Mar/2023:06:50:45 -0500] "GET /sipse/imagenes/logoAplicacion.jpg HTTP/1.1" 304 -
201.245.192.253 - - [14/Mar/2023:06:50:45 -0500] "GET /sipse/imagenes/cargando.gif HTTP/1.1" 304 -
201.245.192.253 - - [14/Mar/2023:06:50:45 -0500] "GET /sipse/css/imagen/contrasena.png HTTP/1.1" 404 383
201.245.192.253 - - [14/Mar/2023:06:50:48 -0500] "GET /sipse/faces/javax.faces.resource/images/ui-bg_flat_0_2d5972_40x100.png?ln=primefaces-aristo HTTP/1.1" 304 -
201.245.192.253 - - [14/Mar/2023:06:50:48 -0500] "POST /sipse/faces/bienvenido.xhtml HTTP/1.1" 200 2073
201.245.192.253 - - [14/Mar/2023:06:50:49 -0500] "POST /sipse/faces/bienvenido.xhtml HTTP/1.1" 200 39022
201.245.192.253 - - [14/Mar/2023:06:50:49 -0500] "GET /sipse/faces/javax.faces.resource/primefaces.css?ln=primefaces&v=4.0 HTTP/1.1" 304 -
201.245.192.253 - - [14/Mar/2023:06:50:49 -0500] "GET /sipse/faces/javax.faces.resource/theme.css?ln=primefaces-sipse HTTP/1.1" 304 -
201.245.192.253 - - [14/Mar/2023:06:50:49 -0500] "GET /sipse/faces/javax.faces.resource/layout/layout.css?ln=primefaces&v=4.0 HTTP/1.1" 304 -
201.245.192.253 - - [14/Mar/2023:06:50:49 -0500] "GET /sipse/faces/javax.faces.resource/jquery/jquery.js?ln=primefaces&v=4.0 HTTP/1.1" 304 -
201.245.192.253 - - [14/Mar/2023:06:50:49 -0500] "GET /sipse/faces/javax.faces.resource/jquery/jquery-plugins.js?ln=primefaces&v=4.0 HTTP/1.1" 304 -
201.245.192.253 - - [14/Mar/2023:06:50:49 -0500] "GET /sipse/faces/javax.faces.resource/primefaces.js?ln=primefaces&v=4.0 HTTP/1.1" 304 -
201.245.192.253 - - [14/Mar/2023:06:50:49 -0500] "GET /sipse/faces/javax.faces.resource/layout/layout.js?ln=primefaces&v=4.0 HTTP/1.1" 304 -
201.245.192.253 - - [14/Mar/2023:06:50:52 -0500] "POST /sipse/faces/presentacion/financiero/solicitudProceso/consultar.xhtml HTTP/1.1" 200 4375
201.245.192.253 - - [14/Mar/2023:06:50:56 -0500] "POST /sipse/faces/presentacion/financiero/solicitudProceso/consultar.xhtml HTTP/1.1" 200 31222
201.245.192.253 - - [14/Mar/2023:06:50:56 -0500] "POST /sipse/faces/presentacion/financiero/solicitudProceso/consultar.xhtml HTTP/1.1" 200 31222
172.22.2.4 - - [14/Mar/2023:06:50:23 -0500] "HEAD /BLA/boletinlegal/ HTTP/1.1" 200 -
