200.118.80.45 - - [18/Mar/2023:22:24:27 -0500] "GET /sipse/css/imagen/contrasena.png HTTP/1.1" 404 383
200.118.80.45 - - [18/Mar/2023:22:24:34 -0500] "GET /sipse/faces/javax.faces.resource/images/ui-bg_flat_0_2d5972_40x100.png?ln=primefaces-aristo HTTP/1.1" 304 -
200.118.80.45 - - [18/Mar/2023:22:24:34 -0500] "POST /sipse/faces/bienvenido.xhtml HTTP/1.1" 200 2658
200.118.80.45 - - [18/Mar/2023:22:24:36 -0500] "POST /sipse/faces/bienvenido.xhtml HTTP/1.1" 200 65931
200.118.80.45 - - [18/Mar/2023:22:24:40 -0500] "GET /sipse/faces/javax.faces.resource/theme.css?ln=primefaces-sipse HTTP/1.1" 304 -
200.118.80.45 - - [18/Mar/2023:22:24:40 -0500] "GET /sipse/faces/javax.faces.resource/primefaces.css?ln=primefaces&v=4.0 HTTP/1.1" 304 -
200.118.80.45 - - [18/Mar/2023:22:24:40 -0500] "GET /sipse/faces/javax.faces.resource/layout/layout.css?ln=primefaces&v=4.0 HTTP/1.1" 304 -
200.118.80.45 - - [18/Mar/2023:22:24:40 -0500] "GET /sipse/faces/javax.faces.resource/jquery/jquery.js?ln=primefaces&v=4.0 HTTP/1.1" 304 -
200.118.80.45 - - [18/Mar/2023:22:24:40 -0500] "GET /sipse/faces/javax.faces.resource/jquery/jquery-plugins.js?ln=primefaces&v=4.0 HTTP/1.1" 304 -
200.118.80.45 - - [18/Mar/2023:22:24:40 -0500] "GET /sipse/faces/javax.faces.resource/primefaces.js?ln=primefaces&v=4.0 HTTP/1.1" 304 -
200.118.80.45 - - [18/Mar/2023:22:24:40 -0500] "GET /sipse/faces/javax.faces.resource/layout/layout.js?ln=primefaces&v=4.0 HTTP/1.1" 304 -
192.168.175.240 - - [18/Mar/2023:22:24:42 -0500] "GET / HTTP/1.1" 200 4720
200.118.80.45 - - [18/Mar/2023:22:24:40 -0500] "POST /sipse/faces/presentacion/financiero/solicitudProceso/listarSolicitudProceso.xhtml HTTP/1.1" 200 1560
181.54.228.54 - - [18/Mar/2023:22:24:48 -0500] "GET /BLA/resoluciones/AUTOS%202020/4862.pdf HTTP/1.1" 200 417061
200.118.80.45 - - [18/Mar/2023:22:24:50 -0500] "POST /sipse/faces/presentacion/financiero/solicitudProceso/listarSolicitudProceso.xhtml HTTP/1.1" 200 44413
200.118.80.45 - - [18/Mar/2023:22:24:55 -0500] "POST /sipse/faces/presentacion/financiero/solicitudProceso/listarSolicitudProceso.xhtml HTTP/1.1" 200 25997
200.118.80.45 - - [18/Mar/2023:22:24:56 -0500] "POST /sipse/faces/presentacion/financiero/solicitudProceso/listarSolicitudProceso.xhtml HTTP/1.1" 200 26009
200.118.80.45 - - [18/Mar/2023:22:24:57 -0500] "POST /sipse/faces/presentacion/financiero/solicitudProceso/listarSolicitudProceso.xhtml HTTP/1.1" 200 17104
201.244.229.212 - - [18/Mar/2023:22:25:00 -0500] "POST /sipse/faces/presentacion/financiero/solicitudProceso/consultarSolicitudProceso.xhtml HTTP/1.1" 200 41549
201.244.229.212 - - [18/Mar/2023:22:25:00 -0500] "GET /sipse/faces/javax.faces.resource/theme.css?ln=primefaces-sipse HTTP/1.1" 304 -
201.244.229.212 - - [18/Mar/2023:22:25:00 -0500] "GET /sipse/faces/javax.faces.resource/primefaces.css?ln=primefaces&v=4.0 HTTP/1.1" 304 -
201.244.229.212 - - [18/Mar/2023:22:25:00 -0500] "GET /sipse/faces/javax.faces.resource/layout/layout.css?ln=primefaces&v=4.0 HTTP/1.1" 304 -
201.244.229.212 - - [18/Mar/2023:22:25:00 -0500] "GET /sipse/faces/javax.faces.resource/jquery/jquery.js?ln=primefaces&v=4.0 HTTP/1.1" 304 -
201.244.229.212 - - [18/Mar/2023:22:25:00 -0500] "GET /sipse/faces/javax.faces.resource/jquery/jquery-plugins.js?ln=primefaces&v=4.0 HTTP/1.1" 304 -
201.244.229.212 - - [18/Mar/2023:22:25:01 -0500] "GET /sipse/faces/javax.faces.resource/primefaces.js?ln=primefaces&v=4.0 HTTP/1.1" 304 -
201.244.229.212 - - [18/Mar/2023:22:25:01 -0500] "GET /sipse/faces/javax.faces.resource/layout/layout.js?ln=primefaces&v=4.0 HTTP/1.1" 304 -
201.244.229.212 - - [18/Mar/2023:22:25:01 -0500] "POST /sipse/faces/presentacion/financiero/solicitudProceso/consultar.xhtml HTTP/1.1" 200 34916
200.118.80.45 - - [18/Mar/2023:22:25:00 -0500] "POST /sipse/faces/presentacion/financiero/solicitudProceso/listarSolicitudProceso.xhtml HTTP/1.1" 200 26009
201.244.229.212 - - [18/Mar/2023:22:25:01 -0500] "POST /sipse/faces/presentacion/financiero/solicitudProceso/consultar.xhtml HTTP/1.1" 200 34916
201.244.229.212 - - [18/Mar/2023:22:25:01 -0500] "POST /sipse/faces/presentacion/financiero/solicitudProceso/consultar.xhtml HTTP/1.1" 200 34916
201.244.229.212 - - [18/Mar/2023:22:25:02 -0500] "POST /sipse/faces/presentacion/financiero/solicitudProceso/consultar.xhtml HTTP/1.1" 200 34916
201.244.229.212 - - [18/Mar/2023:22:25:02 -0500] "POST /sipse/faces/presentacion/financiero/solicitudProceso/consultar.xhtml HTTP/1.1" 200 34916
201.244.229.212 - - [18/Mar/2023:22:25:02 -0500] "POST /sipse/faces/presentacion/financiero/solicitudProceso/consultar.xhtml HTTP/1.1" 200 34916
201.244.229.212 - - [18/Mar/2023:22:25:03 -0500] "POST /sipse/faces/presentacion/financiero/solicitudProceso/consultar.xhtml HTTP/1.1" 200 34916
200.118.80.45 - - [18/Mar/2023:22:25:02 -0500] "POST /sipse/faces/presentacion/financiero/solicitudProceso/listarSolicitudProceso.xhtml HTTP/1.1" 200 43986
201.244.229.212 - - [18/Mar/2023:22:25:03 -0500] "POST /sipse/faces/presentacion/financiero/solicitudProceso/consultar.xhtml HTTP/1.1" 200 34916
201.244.229.212 - - [18/Mar/2023:22:25:03 -0500] "POST /sipse/faces/presentacion/financiero/solicitudProceso/consultar.xhtml HTTP/1.1" 200 34916
201.244.229.212 - - [18/Mar/2023:22:25:04 -0500] "POST /sipse/faces/presentacion/financiero/solicitudProceso/consultar.xhtml HTTP/1.1" 200 34916
201.244.229.212 - - [18/Mar/2023:22:25:04 -0500] "POST /sipse/faces/presentacion/financiero/solicitudProceso/consultar.xhtml HTTP/1.1" 200 34916
201.244.229.212 - - [18/Mar/2023:22:25:04 -0500] "POST /sipse/faces/presentacion/financiero/solicitudProceso/consultar.xhtml HTTP/1.1" 200 34916
201.244.229.212 - - [18/Mar/2023:22:25:04 -0500] "POST /sipse/faces/presentacion/financiero/solicitudProceso/consultar.xhtml HTTP/1.1" 200 34916
200.118.80.45 - - [18/Mar/2023:22:25:04 -0500] "POST /sipse/faces/presentacion/financiero/solicitudProceso/listarSolicitudProceso.xhtml HTTP/1.1" 200 38059
201.244.229.212 - - [18/Mar/2023:22:25:05 -0500] "POST /sipse/faces/presentacion/financiero/solicitudProceso/consultar.xhtml HTTP/1.1" 200 34916
201.244.229.212 - - [18/Mar/2023:22:25:05 -0500] "POST /sipse/faces/presentacion/financiero/solicitudProceso/consultar.xhtml HTTP/1.1" 200 34916
201.244.229.212 - - [18/Mar/2023:22:25:05 -0500] "POST /sipse/faces/presentacion/financiero/solicitudProceso/consultar.xhtml HTTP/1.1" 200 34916
201.244.229.212 - - [18/Mar/2023:22:25:06 -0500] "POST /sipse/faces/presentacion/financiero/solicitudProceso/consultar.xhtml HTTP/1.1" 200 34916
200.118.80.45 - - [18/Mar/2023:22:25:05 -0500] "POST /sipse/faces/presentacion/financiero/solicitudProceso/listarSolicitudProceso.xhtml HTTP/1.1" 200 38047
201.244.229.212 - - [18/Mar/2023:22:25:06 -0500] "POST /sipse/faces/presentacion/financiero/solicitudProceso/consultar.xhtml HTTP/1.1" 200 34916
201.244.229.212 - - [18/Mar/2023:22:25:06 -0500] "POST /sipse/faces/presentacion/financiero/solicitudProceso/consultar.xhtml HTTP/1.1" 200 34916
200.118.80.45 - - [18/Mar/2023:22:25:06 -0500] "POST /sipse/faces/presentacion/financiero/solicitudProceso/listarSolicitudProceso.xhtml HTTP/1.1" 200 38059
201.244.229.212 - - [18/Mar/2023:22:25:07 -0500] "POST /sipse/faces/presentacion/financiero/solicitudProceso/consultar.xhtml HTTP/1.1" 200 34916
172.22.2.4 - - [18/Mar/2023:22:23:29 -0500] "GET /BLA/boletinlegal/ HTTP/1.1" 200 56744
200.118.80.45 - - [18/Mar/2023:22:25:09 -0500] "POST /sipse/faces/presentacion/financiero/solicitudProceso/listarSolicitudProceso.xhtml HTTP/1.1" 200 16991
201.244.229.212 - - [18/Mar/2023:22:25:10 -0500] "POST /sipse/faces/presentacion/financiero/solicitudProceso/consultar.xhtml HTTP/1.1" 200 12919
200.118.80.45 - - [18/Mar/2023:22:25:12 -0500] "POST /sipse/faces/presentacion/financiero/solicitudProceso/listarSolicitudProceso.xhtml HTTP/1.1" 200 44413
200.118.80.45 - - [18/Mar/2023:22:25:13 -0500] "POST /sipse/faces/presentacion/financiero/solicitudProceso/listarSolicitudProceso.xhtml HTTP/1.1" 200 44397
200.118.80.45 - - [18/Mar/2023:22:25:14 -0500] "POST /sipse/faces/presentacion/financiero/solicitudProceso/listarSolicitudProceso.xhtml HTTP/1.1" 200 20046
200.118.80.45 - - [18/Mar/2023:22:25:15 -0500] "POST /sipse/faces/presentacion/financiero/solicitudProceso/listarSolicitudProceso.xhtml HTTP/1.1" 200 20034
201.244.229.212 - - [18/Mar/2023:22:25:16 -0500] "POST /sipse/faces/presentacion/financiero/solicitudProceso/consultar.xhtml HTTP/1.1" 200 154139
201.244.229.212 - - [18/Mar/2023:22:25:18 -0500] "GET /sipse/faces/javax.faces.resource/theme.css?ln=primefaces-sipse HTTP/1.1" 304 -
200.118.80.45 - - [18/Mar/2023:22:25:17 -0500] "POST /sipse/faces/presentacion/financiero/solicitudProceso/listarSolicitudProceso.xhtml HTTP/1.1" 200 17049
201.244.229.212 - - [18/Mar/2023:22:25:18 -0500] "GET /sipse/faces/javax.faces.resource/primefaces.css?ln=primefaces&v=4.0 HTTP/1.1" 304 -
201.244.229.212 - - [18/Mar/2023:22:25:18 -0500] "GET /sipse/faces/javax.faces.resource/layout/layout.css?ln=primefaces&v=4.0 HTTP/1.1" 304 -
201.244.229.212 - - [18/Mar/2023:22:25:18 -0500] "GET /sipse/faces/javax.faces.resource/jquery/jquery.js?ln=primefaces&v=4.0 HTTP/1.1" 304 -
201.244.229.212 - - [18/Mar/2023:22:25:18 -0500] "GET /sipse/faces/javax.faces.resource/jquery/jquery-plugins.js?ln=primefaces&v=4.0 HTTP/1.1" 304 -
201.244.229.212 - - [18/Mar/2023:22:25:18 -0500] "GET /sipse/faces/javax.faces.resource/primefaces.js?ln=primefaces&v=4.0 HTTP/1.1" 304 -
201.244.229.212 - - [18/Mar/2023:22:25:18 -0500] "GET /sipse/faces/javax.faces.resource/layout/layout.js?ln=primefaces&v=4.0 HTTP/1.1" 304 -
201.244.229.212 - - [18/Mar/2023:22:25:19 -0500] "GET /sipse/faces/javax.faces.resource/dynamiccontent.properties?ln=primefaces&pfdrid=XjOR5%2F%2FfPAZAuY9TpWQeCiM0BhlXxYRBGKi%2FQcXXfeA%3D&pfdrid_c=false HTTP/1.1" 500 383
181.54.228.54 - - [18/Mar/2023:22:25:25 -0500] "GET /BLA/resoluciones/AUTOS%202020/4861.pdf HTTP/1.1" 200 431253
201.244.229.212 - - [18/Mar/2023:22:25:29 -0500] "POST /sipse/faces/presentacion/financiero/solicitudProceso/consultarSolicitudProceso.xhtml HTTP/1.1" 200 205120
192.168.175.240 - - [18/Mar/2023:22:25:42 -0500] "GET / HTTP/1.1" 200 4720
181.54.228.54 - - [18/Mar/2023:22:25:44 -0500] "GET /BLA/resoluciones/AUTOS%202020/4858.pdf HTTP/1.1" 200 466679
201.244.229.212 - - [18/Mar/2023:22:25:51 -0500] "POST /sipse/faces/presentacion/financiero/solicitudProceso/consultarSolicitudProceso.xhtml HTTP/1.1" 200 353466
201.244.229.212 - - [18/Mar/2023:22:26:00 -0500] "POST /sipse/faces/presentacion/financiero/solicitudProceso/consultarSolicitudProceso.xhtml HTTP/1.1" 200 133110
181.54.228.54 - - [18/Mar/2023:22:26:03 -0500] "GET /BLA/resoluciones/AUTOS%202020/4796.pdf HTTP/1.1" 200 647438
181.54.228.54 - - [18/Mar/2023:22:26:20 -0500] "GET /BLA/resoluciones/AUTOS%202020/4790.pdf HTTP/1.1" 200 375064
192.168.175.240 - - [18/Mar/2023:22:26:42 -0500] "GET / HTTP/1.1" 200 4720
192.168.175.240 - - [18/Mar/2023:22:27:42 -0500] "GET / HTTP/1.1" 200 4720
201.245.192.253 - - [18/Mar/2023:22:28:23 -0500] "POST /kwsrmcab/Wsrmcab  HTTP/1.1" 200 42239
201.244.229.212 - - [18/Mar/2023:22:28:34 -0500] "POST /sipse/faces/presentacion/financiero/solicitudProceso/consultarSolicitudProceso.xhtml HTTP/1.1" 200 41518
201.244.229.212 - - [18/Mar/2023:22:28:35 -0500] "GET /sipse/faces/javax.faces.resource/theme.css?ln=primefaces-sipse HTTP/1.1" 304 -
201.244.229.212 - - [18/Mar/2023:22:28:35 -0500] "GET /sipse/faces/javax.faces.resource/primefaces.css?ln=primefaces&v=4.0 HTTP/1.1" 304 -
201.244.229.212 - - [18/Mar/2023:22:28:35 -0500] "GET /sipse/faces/javax.faces.resource/layout/layout.css?ln=primefaces&v=4.0 HTTP/1.1" 304 -
201.244.229.212 - - [18/Mar/2023:22:28:35 -0500] "GET /sipse/faces/javax.faces.resource/jquery/jquery.js?ln=primefaces&v=4.0 HTTP/1.1" 304 -
201.244.229.212 - - [18/Mar/2023:22:28:35 -0500] "GET /sipse/faces/javax.faces.resource/jquery/jquery-plugins.js?ln=primefaces&v=4.0 HTTP/1.1" 304 -
201.244.229.212 - - [18/Mar/2023:22:28:35 -0500] "GET /sipse/faces/javax.faces.resource/primefaces.js?ln=primefaces&v=4.0 HTTP/1.1" 304 -
201.244.229.212 - - [18/Mar/2023:22:28:35 -0500] "GET /sipse/faces/javax.faces.resource/layout/layout.js?ln=primefaces&v=4.0 HTTP/1.1" 304 -
201.244.229.212 - - [18/Mar/2023:22:28:35 -0500] "POST /sipse/faces/presentacion/financiero/solicitudProceso/consultar.xhtml HTTP/1.1" 200 34885
201.244.229.212 - - [18/Mar/2023:22:28:35 -0500] "POST /sipse/faces/presentacion/financiero/solicitudProceso/consultar.xhtml HTTP/1.1" 200 34885
201.244.229.212 - - [18/Mar/2023:22:28:36 -0500] "POST /sipse/faces/presentacion/financiero/solicitudProceso/consultar.xhtml HTTP/1.1" 200 34885
201.244.229.212 - - [18/Mar/2023:22:28:36 -0500] "POST /sipse/faces/presentacion/financiero/solicitudProceso/consultar.xhtml HTTP/1.1" 200 34885
201.244.229.212 - - [18/Mar/2023:22:28:36 -0500] "POST /sipse/faces/presentacion/financiero/solicitudProceso/consultar.xhtml HTTP/1.1" 200 34885
201.244.229.212 - - [18/Mar/2023:22:28:36 -0500] "POST /sipse/faces/presentacion/financiero/solicitudProceso/consultar.xhtml HTTP/1.1" 200 34885
201.244.229.212 - - [18/Mar/2023:22:28:37 -0500] "POST /sipse/faces/presentacion/financiero/solicitudProceso/consultar.xhtml HTTP/1.1" 200 34885
201.244.229.212 - - [18/Mar/2023:22:28:37 -0500] "POST /sipse/faces/presentacion/financiero/solicitudProceso/consultar.xhtml HTTP/1.1" 200 34885
201.244.229.212 - - [18/Mar/2023:22:28:37 -0500] "POST /sipse/faces/presentacion/financiero/solicitudProceso/consultar.xhtml HTTP/1.1" 200 34885
201.244.229.212 - - [18/Mar/2023:22:28:37 -0500] "POST /sipse/faces/presentacion/financiero/solicitudProceso/consultar.xhtml HTTP/1.1" 200 34885
201.244.229.212 - - [18/Mar/2023:22:28:38 -0500] "POST /sipse/faces/presentacion/financiero/solicitudProceso/consultar.xhtml HTTP/1.1" 200 34885
201.244.229.212 - - [18/Mar/2023:22:28:38 -0500] "POST /sipse/faces/presentacion/financiero/solicitudProceso/consultar.xhtml HTTP/1.1" 200 34885
201.244.229.212 - - [18/Mar/2023:22:28:38 -0500] "POST /sipse/faces/presentacion/financiero/solicitudProceso/consultar.xhtml HTTP/1.1" 200 34885
201.244.229.212 - - [18/Mar/2023:22:28:38 -0500] "POST /sipse/faces/presentacion/financiero/solicitudProceso/consultar.xhtml HTTP/1.1" 200 34885
201.244.229.212 - - [18/Mar/2023:22:28:39 -0500] "POST /sipse/faces/presentacion/financiero/solicitudProceso/consultar.xhtml HTTP/1.1" 200 34885
201.244.229.212 - - [18/Mar/2023:22:28:39 -0500] "POST /sipse/faces/presentacion/financiero/solicitudProceso/consultar.xhtml HTTP/1.1" 200 34885
201.244.229.212 - - [18/Mar/2023:22:28:39 -0500] "POST /sipse/faces/presentacion/financiero/solicitudProceso/consultar.xhtml HTTP/1.1" 200 34885
216.245.221.92 - - [18/Mar/2023:22:28:40 -0500] "HEAD / HTTP/1.1" 200 -
201.244.229.212 - - [18/Mar/2023:22:28:39 -0500] "POST /sipse/faces/presentacion/financiero/solicitudProceso/consultar.xhtml HTTP/1.1" 200 34885
201.244.229.212 - - [18/Mar/2023:22:28:40 -0500] "POST /sipse/faces/presentacion/financiero/solicitudProceso/consultar.xhtml HTTP/1.1" 200 34885
201.244.229.212 - - [18/Mar/2023:22:28:40 -0500] "POST /sipse/faces/presentacion/financiero/solicitudProceso/consultar.xhtml HTTP/1.1" 200 34885
201.244.229.212 - - [18/Mar/2023:22:28:40 -0500] "POST /sipse/faces/presentacion/financiero/solicitudProceso/consultar.xhtml HTTP/1.1" 200 34885
201.244.229.212 - - [18/Mar/2023:22:28:41 -0500] "POST /sipse/faces/presentacion/financiero/solicitudProceso/consultar.xhtml HTTP/1.1" 200 34885
192.168.175.240 - - [18/Mar/2023:22:28:42 -0500] "GET / HTTP/1.1" 200 4720
201.244.229.212 - - [18/Mar/2023:22:28:44 -0500] "POST /sipse/faces/presentacion/financiero/solicitudProceso/consultar.xhtml HTTP/1.1" 200 12921
172.22.2.4 - - [18/Mar/2023:22:27:55 -0500] "GET /BLA/boletinlegal/ HTTP/1.1" 200 36811
201.244.229.212 - - [18/Mar/2023:22:28:53 -0500] "POST /sipse/faces/presentacion/financiero/solicitudProceso/consultar.xhtml HTTP/1.1" 200 164646
201.244.229.212 - - [18/Mar/2023:22:28:54 -0500] "GET /sipse/faces/javax.faces.resource/theme.css?ln=primefaces-sipse HTTP/1.1" 304 -
201.244.229.212 - - [18/Mar/2023:22:28:54 -0500] "GET /sipse/faces/javax.faces.resource/layout/layout.css?ln=primefaces&v=4.0 HTTP/1.1" 304 -
201.244.229.212 - - [18/Mar/2023:22:28:54 -0500] "GET /sipse/faces/javax.faces.resource/primefaces.css?ln=primefaces&v=4.0 HTTP/1.1" 304 -
201.244.229.212 - - [18/Mar/2023:22:28:54 -0500] "GET /sipse/faces/javax.faces.resource/jquery/jquery.js?ln=primefaces&v=4.0 HTTP/1.1" 304 -
201.244.229.212 - - [18/Mar/2023:22:28:54 -0500] "GET /sipse/faces/javax.faces.resource/jquery/jquery-plugins.js?ln=primefaces&v=4.0 HTTP/1.1" 304 -
201.244.229.212 - - [18/Mar/2023:22:28:54 -0500] "GET /sipse/faces/javax.faces.resource/primefaces.js?ln=primefaces&v=4.0 HTTP/1.1" 304 -
201.244.229.212 - - [18/Mar/2023:22:28:54 -0500] "GET /sipse/faces/javax.faces.resource/layout/layout.js?ln=primefaces&v=4.0 HTTP/1.1" 304 -
201.244.229.212 - - [18/Mar/2023:22:28:55 -0500] "GET /sipse/faces/javax.faces.resource/dynamiccontent.properties?ln=primefaces&pfdrid=XjOR5%2F%2FfPAZAuY9TpWQeCiM0BhlXxYRBGKi%2FQcXXfeA%3D&pfdrid_c=false HTTP/1.1" 500 383
192.168.175.240 - - [18/Mar/2023:22:29:42 -0500] "GET / HTTP/1.1" 200 4720
172.22.2.4 - - [18/Mar/2023:22:28:29 -0500] "HEAD /BLA/boletinlegal/ HTTP/1.1" 200 -
192.168.175.240 - - [18/Mar/2023:22:30:42 -0500] "GET / HTTP/1.1" 200 4720
201.245.192.253 - - [18/Mar/2023:22:30:41 -0500] "POST /kwsrmcab/Wsrmcab HTTP/1.1" 200 42523
201.245.192.253 - - [18/Mar/2023:22:30:44 -0500] "POST /kwsrmcab/Wsrmcab HTTP/1.1" 200 43790
172.22.2.4 - - [18/Mar/2023:22:29:19 -0500] "GET /BLA/boletinlegal/ HTTP/1.1" 200 51022
172.22.2.4 - - [18/Mar/2023:22:30:41 -0500] "GET /BLA/boletinlegal/ HTTP/1.1" 200 20427
74.125.210.162 - - [18/Mar/2023:22:31:10 -0500] "GET /images/jardines-verticales_optimized.jpeg HTTP/1.1" 200 138197
172.22.2.4 - - [18/Mar/2023:22:31:32 -0500] "GET /BLA/boletinlegal/jurisprudencia/analisis/analisis%20C-595-2010.doc HTTP/1.1" 200 39424
201.244.229.212 - - [18/Mar/2023:22:31:34 -0500] "POST /sipse/faces/presentacion/financiero/solicitudProceso/consultarSolicitudProceso.xhtml HTTP/1.1" 200 41520
201.244.229.212 - - [18/Mar/2023:22:31:35 -0500] "GET /sipse/faces/javax.faces.resource/theme.css?ln=primefaces-sipse HTTP/1.1" 304 -
201.244.229.212 - - [18/Mar/2023:22:31:35 -0500] "GET /sipse/faces/javax.faces.resource/layout/layout.css?ln=primefaces&v=4.0 HTTP/1.1" 304 -
201.244.229.212 - - [18/Mar/2023:22:31:35 -0500] "GET /sipse/faces/javax.faces.resource/primefaces.css?ln=primefaces&v=4.0 HTTP/1.1" 304 -
201.244.229.212 - - [18/Mar/2023:22:31:35 -0500] "GET /sipse/faces/javax.faces.resource/jquery/jquery.js?ln=primefaces&v=4.0 HTTP/1.1" 304 -
201.244.229.212 - - [18/Mar/2023:22:31:35 -0500] "GET /sipse/faces/javax.faces.resource/jquery/jquery-plugins.js?ln=primefaces&v=4.0 HTTP/1.1" 304 -
201.244.229.212 - - [18/Mar/2023:22:31:35 -0500] "GET /sipse/faces/javax.faces.resource/primefaces.js?ln=primefaces&v=4.0 HTTP/1.1" 304 -
201.244.229.212 - - [18/Mar/2023:22:31:35 -0500] "GET /sipse/faces/javax.faces.resource/layout/layout.js?ln=primefaces&v=4.0 HTTP/1.1" 304 -
201.244.229.212 - - [18/Mar/2023:22:31:35 -0500] "POST /sipse/faces/presentacion/financiero/solicitudProceso/consultar.xhtml HTTP/1.1" 200 34887
201.244.229.212 - - [18/Mar/2023:22:31:35 -0500] "POST /sipse/faces/presentacion/financiero/solicitudProceso/consultar.xhtml HTTP/1.1" 200 34887
201.244.229.212 - - [18/Mar/2023:22:31:36 -0500] "POST /sipse/faces/presentacion/financiero/solicitudProceso/consultar.xhtml HTTP/1.1" 200 34887
201.244.229.212 - - [18/Mar/2023:22:31:36 -0500] "POST /sipse/faces/presentacion/financiero/solicitudProceso/consultar.xhtml HTTP/1.1" 200 34887
201.244.229.212 - - [18/Mar/2023:22:31:36 -0500] "POST /sipse/faces/presentacion/financiero/solicitudProceso/consultar.xhtml HTTP/1.1" 200 34887
201.244.229.212 - - [18/Mar/2023:22:31:37 -0500] "POST /sipse/faces/presentacion/financiero/solicitudProceso/consultar.xhtml HTTP/1.1" 200 34887
201.244.229.212 - - [18/Mar/2023:22:31:37 -0500] "POST /sipse/faces/presentacion/financiero/solicitudProceso/consultar.xhtml HTTP/1.1" 200 34887
201.244.229.212 - - [18/Mar/2023:22:31:37 -0500] "POST /sipse/faces/presentacion/financiero/solicitudProceso/consultar.xhtml HTTP/1.1" 200 34887
201.244.229.212 - - [18/Mar/2023:22:31:37 -0500] "POST /sipse/faces/presentacion/financiero/solicitudProceso/consultar.xhtml HTTP/1.1" 200 34887
201.244.229.212 - - [18/Mar/2023:22:31:38 -0500] "POST /sipse/faces/presentacion/financiero/solicitudProceso/consultar.xhtml HTTP/1.1" 200 34887
201.244.229.212 - - [18/Mar/2023:22:31:38 -0500] "POST /sipse/faces/presentacion/financiero/solicitudProceso/consultar.xhtml HTTP/1.1" 200 34887
201.244.229.212 - - [18/Mar/2023:22:31:38 -0500] "POST /sipse/faces/presentacion/financiero/solicitudProceso/consultar.xhtml HTTP/1.1" 200 34887
201.244.229.212 - - [18/Mar/2023:22:31:39 -0500] "POST /sipse/faces/presentacion/financiero/solicitudProceso/consultar.xhtml HTTP/1.1" 200 34887
201.244.229.212 - - [18/Mar/2023:22:31:39 -0500] "POST /sipse/faces/presentacion/financiero/solicitudProceso/consultar.xhtml HTTP/1.1" 200 34887
201.244.229.212 - - [18/Mar/2023:22:31:39 -0500] "POST /sipse/faces/presentacion/financiero/solicitudProceso/consultar.xhtml HTTP/1.1" 200 34887
201.244.229.212 - - [18/Mar/2023:22:31:39 -0500] "POST /sipse/faces/presentacion/financiero/solicitudProceso/consultar.xhtml HTTP/1.1" 200 34887
201.244.229.212 - - [18/Mar/2023:22:31:40 -0500] "POST /sipse/faces/presentacion/financiero/solicitudProceso/consultar.xhtml HTTP/1.1" 200 34887
201.244.229.212 - - [18/Mar/2023:22:31:40 -0500] "POST /sipse/faces/presentacion/financiero/solicitudProceso/consultar.xhtml HTTP/1.1" 200 34887
201.244.229.212 - - [18/Mar/2023:22:31:40 -0500] "POST /sipse/faces/presentacion/financiero/solicitudProceso/consultar.xhtml HTTP/1.1" 200 34887
201.244.229.212 - - [18/Mar/2023:22:31:40 -0500] "POST /sipse/faces/presentacion/financiero/solicitudProceso/consultar.xhtml HTTP/1.1" 200 34887
201.244.229.212 - - [18/Mar/2023:22:31:41 -0500] "POST /sipse/faces/presentacion/financiero/solicitudProceso/consultar.xhtml HTTP/1.1" 200 34887
201.244.229.212 - - [18/Mar/2023:22:31:41 -0500] "POST /sipse/faces/presentacion/financiero/solicitudProceso/consultar.xhtml HTTP/1.1" 200 34887
201.244.229.212 - - [18/Mar/2023:22:31:41 -0500] "POST /sipse/faces/presentacion/financiero/solicitudProceso/consultar.xhtml HTTP/1.1" 200 34887
201.244.229.212 - - [18/Mar/2023:22:31:42 -0500] "POST /sipse/faces/presentacion/financiero/solicitudProceso/consultar.xhtml HTTP/1.1" 200 34887
192.168.175.240 - - [18/Mar/2023:22:31:42 -0500] "GET / HTTP/1.1" 200 4720
201.244.229.212 - - [18/Mar/2023:22:31:45 -0500] "POST /sipse/faces/presentacion/financiero/solicitudProceso/consultar.xhtml HTTP/1.1" 200 12934
201.244.229.212 - - [18/Mar/2023:22:31:52 -0500] "POST /sipse/faces/presentacion/financiero/solicitudProceso/consultar.xhtml HTTP/1.1" 200 152296
201.244.229.212 - - [18/Mar/2023:22:31:54 -0500] "GET /sipse/faces/javax.faces.resource/theme.css?ln=primefaces-sipse HTTP/1.1" 304 -
201.244.229.212 - - [18/Mar/2023:22:31:54 -0500] "GET /sipse/faces/javax.faces.resource/jquery/jquery.js?ln=primefaces&v=4.0 HTTP/1.1" 304 -
201.244.229.212 - - [18/Mar/2023:22:31:54 -0500] "GET /sipse/faces/javax.faces.resource/primefaces.css?ln=primefaces&v=4.0 HTTP/1.1" 304 -
201.244.229.212 - - [18/Mar/2023:22:31:54 -0500] "GET /sipse/faces/javax.faces.resource/layout/layout.css?ln=primefaces&v=4.0 HTTP/1.1" 304 -
201.244.229.212 - - [18/Mar/2023:22:31:54 -0500] "GET /sipse/faces/javax.faces.resource/jquery/jquery-plugins.js?ln=primefaces&v=4.0 HTTP/1.1" 304 -
201.244.229.212 - - [18/Mar/2023:22:31:54 -0500] "GET /sipse/faces/javax.faces.resource/primefaces.js?ln=primefaces&v=4.0 HTTP/1.1" 304 -
201.244.229.212 - - [18/Mar/2023:22:31:54 -0500] "GET /sipse/faces/javax.faces.resource/layout/layout.js?ln=primefaces&v=4.0 HTTP/1.1" 304 -
201.244.229.212 - - [18/Mar/2023:22:31:55 -0500] "GET /sipse/faces/javax.faces.resource/dynamiccontent.properties?ln=primefaces&pfdrid=XjOR5%2F%2FfPAZAuY9TpWQeCiM0BhlXxYRBGKi%2FQcXXfeA%3D&pfdrid_c=false HTTP/1.1" 500 383
201.244.229.212 - - [18/Mar/2023:22:32:08 -0500] "POST /sipse/faces/presentacion/financiero/solicitudProceso/consultarSolicitudProceso.xhtml HTTP/1.1" 200 969680
168.119.253.85 - - [18/Mar/2023:22:32:17 -0500] "GET / HTTP/1.1" 200 4720
168.119.253.85 - - [18/Mar/2023:22:32:19 -0500] "GET / HTTP/1.1" 200 319
201.244.229.212 - - [18/Mar/2023:22:32:21 -0500] "POST /sipse/faces/presentacion/financiero/solicitudProceso/consultarSolicitudProceso.xhtml HTTP/1.1" 200 133110
172.22.2.4 - - [18/Mar/2023:22:32:35 -0500] "GET /BLA/boletinlegal/nmaplowercheck1679196698 HTTP/1.1" 404 1018
172.22.2.4 - - [18/Mar/2023:22:32:35 -0500] "POST /BLA/boletinlegal/sdk HTTP/1.1" 404 1018
172.22.2.4 - - [18/Mar/2023:22:32:35 -0500] "GET /BLA/boletinlegal/evox/about HTTP/1.1" 404 1018
172.22.2.4 - - [18/Mar/2023:22:32:36 -0500] "GET /BLA/boletinlegal/HNAP1 HTTP/1.1" 404 1018
192.168.175.240 - - [18/Mar/2023:22:32:42 -0500] "GET / HTTP/1.1" 200 4720
172.22.2.4 - - [18/Mar/2023:22:32:35 -0500] "GET /BLA/boletinlegal/ HTTP/1.1" 200 20427
172.22.2.4 - - [18/Mar/2023:22:32:35 -0500] "GET /BLA/boletinlegal/ HTTP/1.1" 200 20427
201.245.192.253 - - [18/Mar/2023:22:33:23 -0500] "POST /kwsrmcab/Wsrmcab  HTTP/1.1" 200 42239
172.22.2.4 - - [18/Mar/2023:22:32:41 -0500] "GET /BLA/boletinlegal/ HTTP/1.1" 200 24523
216.245.221.92 - - [18/Mar/2023:22:33:40 -0500] "HEAD / HTTP/1.1" 200 -
192.168.175.240 - - [18/Mar/2023:22:33:42 -0500] "GET / HTTP/1.1" 200 4720
66.249.79.111 - - [18/Mar/2023:22:34:00 -0500] "-" 408 -
172.22.2.4 - - [18/Mar/2023:22:32:34 -0500] "HEAD /BLA/boletinlegal/ HTTP/1.1" 200 -
192.168.175.240 - - [18/Mar/2023:22:34:42 -0500] "GET / HTTP/1.1" 200 4720
172.22.2.4 - - [18/Mar/2023:22:33:25 -0500] "GET /BLA/boletinlegal/ HTTP/1.1" 200 46392
192.168.175.240 - - [18/Mar/2023:22:35:42 -0500] "GET / HTTP/1.1" 200 4720
201.244.229.212 - - [18/Mar/2023:22:35:53 -0500] "POST /sipse/faces/presentacion/financiero/solicitudProceso/consultarSolicitudProceso.xhtml HTTP/1.1" 200 41533
201.244.229.212 - - [18/Mar/2023:22:35:53 -0500] "GET /sipse/faces/javax.faces.resource/theme.css?ln=primefaces-sipse HTTP/1.1" 304 -
201.244.229.212 - - [18/Mar/2023:22:35:53 -0500] "GET /sipse/faces/javax.faces.resource/primefaces.css?ln=primefaces&v=4.0 HTTP/1.1" 304 -
201.244.229.212 - - [18/Mar/2023:22:35:53 -0500] "GET /sipse/faces/javax.faces.resource/layout/layout.css?ln=primefaces&v=4.0 HTTP/1.1" 304 -
201.244.229.212 - - [18/Mar/2023:22:35:53 -0500] "GET /sipse/faces/javax.faces.resource/jquery/jquery.js?ln=primefaces&v=4.0 HTTP/1.1" 304 -
201.244.229.212 - - [18/Mar/2023:22:35:53 -0500] "GET /sipse/faces/javax.faces.resource/jquery/jquery-plugins.js?ln=primefaces&v=4.0 HTTP/1.1" 304 -
201.244.229.212 - - [18/Mar/2023:22:35:53 -0500] "GET /sipse/faces/javax.faces.resource/primefaces.js?ln=primefaces&v=4.0 HTTP/1.1" 304 -
201.244.229.212 - - [18/Mar/2023:22:35:53 -0500] "GET /sipse/faces/javax.faces.resource/layout/layout.js?ln=primefaces&v=4.0 HTTP/1.1" 304 -
201.244.229.212 - - [18/Mar/2023:22:35:53 -0500] "POST /sipse/faces/presentacion/financiero/solicitudProceso/consultar.xhtml HTTP/1.1" 200 34900
201.244.229.212 - - [18/Mar/2023:22:35:54 -0500] "POST /sipse/faces/presentacion/financiero/solicitudProceso/consultar.xhtml HTTP/1.1" 200 34900
201.244.229.212 - - [18/Mar/2023:22:35:54 -0500] "POST /sipse/faces/presentacion/financiero/solicitudProceso/consultar.xhtml HTTP/1.1" 200 34900
201.244.229.212 - - [18/Mar/2023:22:35:54 -0500] "POST /sipse/faces/presentacion/financiero/solicitudProceso/consultar.xhtml HTTP/1.1" 200 34900
201.244.229.212 - - [18/Mar/2023:22:35:54 -0500] "POST /sipse/faces/presentacion/financiero/solicitudProceso/consultar.xhtml HTTP/1.1" 200 34900
201.244.229.212 - - [18/Mar/2023:22:35:55 -0500] "POST /sipse/faces/presentacion/financiero/solicitudProceso/consultar.xhtml HTTP/1.1" 200 34900
201.244.229.212 - - [18/Mar/2023:22:35:55 -0500] "POST /sipse/faces/presentacion/financiero/solicitudProceso/consultar.xhtml HTTP/1.1" 200 34900
201.244.229.212 - - [18/Mar/2023:22:35:55 -0500] "POST /sipse/faces/presentacion/financiero/solicitudProceso/consultar.xhtml HTTP/1.1" 200 34900
201.244.229.212 - - [18/Mar/2023:22:35:56 -0500] "POST /sipse/faces/presentacion/financiero/solicitudProceso/consultar.xhtml HTTP/1.1" 200 34900
201.244.229.212 - - [18/Mar/2023:22:35:56 -0500] "POST /sipse/faces/presentacion/financiero/solicitudProceso/consultar.xhtml HTTP/1.1" 200 34900
201.244.229.212 - - [18/Mar/2023:22:35:56 -0500] "POST /sipse/faces/presentacion/financiero/solicitudProceso/consultar.xhtml HTTP/1.1" 200 34900
201.244.229.212 - - [18/Mar/2023:22:35:57 -0500] "POST /sipse/faces/presentacion/financiero/solicitudProceso/consultar.xhtml HTTP/1.1" 200 34900
201.244.229.212 - - [18/Mar/2023:22:35:57 -0500] "POST /sipse/faces/presentacion/financiero/solicitudProceso/consultar.xhtml HTTP/1.1" 200 34900
201.244.229.212 - - [18/Mar/2023:22:35:57 -0500] "POST /sipse/faces/presentacion/financiero/solicitudProceso/consultar.xhtml HTTP/1.1" 200 34900
201.244.229.212 - - [18/Mar/2023:22:35:58 -0500] "POST /sipse/faces/presentacion/financiero/solicitudProceso/consultar.xhtml HTTP/1.1" 200 34900
201.244.229.212 - - [18/Mar/2023:22:35:58 -0500] "POST /sipse/faces/presentacion/financiero/solicitudProceso/consultar.xhtml HTTP/1.1" 200 34900
201.244.229.212 - - [18/Mar/2023:22:35:58 -0500] "POST /sipse/faces/presentacion/financiero/solicitudProceso/consultar.xhtml HTTP/1.1" 200 34900
201.244.229.212 - - [18/Mar/2023:22:35:58 -0500] "POST /sipse/faces/presentacion/financiero/solicitudProceso/consultar.xhtml HTTP/1.1" 200 34900
172.22.2.4 - - [18/Mar/2023:22:34:19 -0500] "HEAD /BLA/boletinlegal/ HTTP/1.1" 200 -
201.244.229.212 - - [18/Mar/2023:22:35:59 -0500] "POST /sipse/faces/presentacion/financiero/solicitudProceso/consultar.xhtml HTTP/1.1" 200 34900
201.244.229.212 - - [18/Mar/2023:22:35:59 -0500] "POST /sipse/faces/presentacion/financiero/solicitudProceso/consultar.xhtml HTTP/1.1" 200 34900
201.244.229.212 - - [18/Mar/2023:22:35:59 -0500] "POST /sipse/faces/presentacion/financiero/solicitudProceso/consultar.xhtml HTTP/1.1" 200 34900
201.244.229.212 - - [18/Mar/2023:22:35:59 -0500] "POST /sipse/faces/presentacion/financiero/solicitudProceso/consultar.xhtml HTTP/1.1" 200 34900
201.244.229.212 - - [18/Mar/2023:22:36:00 -0500] "POST /sipse/faces/presentacion/financiero/solicitudProceso/consultar.xhtml HTTP/1.1" 200 34900
201.244.229.212 - - [18/Mar/2023:22:36:00 -0500] "POST /sipse/faces/presentacion/financiero/solicitudProceso/consultar.xhtml HTTP/1.1" 200 34900
201.244.229.212 - - [18/Mar/2023:22:36:00 -0500] "POST /sipse/faces/presentacion/financiero/solicitudProceso/consultar.xhtml HTTP/1.1" 200 34900
201.244.229.212 - - [18/Mar/2023:22:36:00 -0500] "POST /sipse/faces/presentacion/financiero/solicitudProceso/consultar.xhtml HTTP/1.1" 200 34900
201.244.229.212 - - [18/Mar/2023:22:36:05 -0500] "POST /sipse/faces/presentacion/financiero/solicitudProceso/consultar.xhtml HTTP/1.1" 200 12911
201.244.229.212 - - [18/Mar/2023:22:36:10 -0500] "POST /sipse/faces/presentacion/financiero/solicitudProceso/consultar.xhtml HTTP/1.1" 200 148523
201.244.229.212 - - [18/Mar/2023:22:36:11 -0500] "GET /sipse/faces/javax.faces.resource/theme.css?ln=primefaces-sipse HTTP/1.1" 304 -
201.244.229.212 - - [18/Mar/2023:22:36:11 -0500] "GET /sipse/faces/javax.faces.resource/primefaces.css?ln=primefaces&v=4.0 HTTP/1.1" 304 -
201.244.229.212 - - [18/Mar/2023:22:36:11 -0500] "GET /sipse/faces/javax.faces.resource/layout/layout.css?ln=primefaces&v=4.0 HTTP/1.1" 304 -
201.244.229.212 - - [18/Mar/2023:22:36:12 -0500] "GET /sipse/faces/javax.faces.resource/jquery/jquery.js?ln=primefaces&v=4.0 HTTP/1.1" 304 -
201.244.229.212 - - [18/Mar/2023:22:36:12 -0500] "GET /sipse/faces/javax.faces.resource/jquery/jquery-plugins.js?ln=primefaces&v=4.0 HTTP/1.1" 304 -
201.244.229.212 - - [18/Mar/2023:22:36:12 -0500] "GET /sipse/faces/javax.faces.resource/primefaces.js?ln=primefaces&v=4.0 HTTP/1.1" 304 -
201.244.229.212 - - [18/Mar/2023:22:36:12 -0500] "GET /sipse/faces/javax.faces.resource/layout/layout.js?ln=primefaces&v=4.0 HTTP/1.1" 304 -
201.244.229.212 - - [18/Mar/2023:22:36:13 -0500] "GET /sipse/faces/javax.faces.resource/dynamiccontent.properties?ln=primefaces&pfdrid=XjOR5%2F%2FfPAZAuY9TpWQeCiM0BhlXxYRBGKi%2FQcXXfeA%3D&pfdrid_c=false HTTP/1.1" 500 383
201.244.229.212 - - [18/Mar/2023:22:36:32 -0500] "POST /sipse/faces/presentacion/financiero/solicitudProceso/consultarSolicitudProceso.xhtml HTTP/1.1" 200 222420
192.168.175.240 - - [18/Mar/2023:22:36:42 -0500] "GET / HTTP/1.1" 200 4720
201.244.229.212 - - [18/Mar/2023:22:36:44 -0500] "POST /sipse/faces/presentacion/financiero/solicitudProceso/consultarSolicitudProceso.xhtml HTTP/1.1" 200 148665
172.22.2.4 - - [18/Mar/2023:22:35:09 -0500] "GET /BLA/boletinlegal/ HTTP/1.1" 200 55924
172.22.2.4 - - [18/Mar/2023:22:37:16 -0500] "GET /BLA/boletinlegal/Circulares/2019/.pdf HTTP/1.1" 404 1218
172.22.2.4 - - [18/Mar/2023:22:36:27 -0500] "GET /BLA/boletinlegal/ HTTP/1.1" 200 36811
34.90.46.236 - - [18/Mar/2023:22:37:30 -0500] "GET /inventario-de-emisiones-2020-transporte-publico-sitp-redujo-emisiones-de-pm-2-5-en-un-37.html HTTP/1.1" 200 925
192.168.175.240 - - [18/Mar/2023:22:37:42 -0500] "GET / HTTP/1.1" 200 4720
172.22.2.4 - - [18/Mar/2023:22:37:45 -0500] "GET /BLA/boletinlegal/actos.php HTTP/1.1" 200 9672
201.245.192.253 - - [18/Mar/2023:22:38:23 -0500] "POST /kwsrmcab/Wsrmcab  HTTP/1.1" 200 42239
216.245.221.92 - - [18/Mar/2023:22:38:40 -0500] "HEAD / HTTP/1.1" 200 -
192.168.175.240 - - [18/Mar/2023:22:38:42 -0500] "GET / HTTP/1.1" 200 4720
66.249.70.182 - - [18/Mar/2023:22:39:09 -0500] "-" 408 -
186.155.18.143 - - [18/Mar/2023:22:39:16 -0500] "GET /images/jardines-verticales_optimized.jpeg HTTP/1.1" 200 138197
186.155.18.143 - - [18/Mar/2023:22:39:16 -0500] "GET /images/jardines-verticales_optimized.jpeg HTTP/1.1" 200 138197
192.168.175.240 - - [18/Mar/2023:22:39:42 -0500] "GET / HTTP/1.1" 200 4720
45.238.183.180 - - [18/Mar/2023:22:40:40 -0500] "-" 408 -
192.168.175.240 - - [18/Mar/2023:22:40:42 -0500] "GET / HTTP/1.1" 200 4720
201.245.192.253 - - [18/Mar/2023:22:40:41 -0500] "POST /kwsrmcab/Wsrmcab HTTP/1.1" 200 42523
201.245.192.253 - - [18/Mar/2023:22:40:44 -0500] "POST /kwsrmcab/Wsrmcab HTTP/1.1" 200 43790
191.205.27.40 - - [18/Mar/2023:22:41:07 -0500] "-" 408 -
192.168.175.240 - - [18/Mar/2023:22:41:42 -0500] "GET / HTTP/1.1" 200 4720
172.22.2.4 - - [18/Mar/2023:22:40:09 -0500] "HEAD /BLA/boletinlegal/ HTTP/1.1" 200 -
185.119.81.103 - - [18/Mar/2023:22:41:52 -0500] "GET /portaldeninos/wp-login.php HTTP/1.1" 200 2592
185.119.81.103 - - [18/Mar/2023:22:41:53 -0500] "POST /portaldeninos/wp-login.php HTTP/1.1" 200 3605
172.22.2.4 - - [18/Mar/2023:22:40:59 -0500] "GET /BLA/boletinlegal/ HTTP/1.1" 200 52316
192.168.175.240 - - [18/Mar/2023:22:42:42 -0500] "GET / HTTP/1.1" 200 4720
201.245.192.253 - - [18/Mar/2023:22:43:22 -0500] "POST /kwsrmcab/Wsrmcab  HTTP/1.1" 200 42239
216.245.221.92 - - [18/Mar/2023:22:43:39 -0500] "HEAD / HTTP/1.1" 200 -
192.168.175.240 - - [18/Mar/2023:22:43:42 -0500] "GET / HTTP/1.1" 200 4720
192.168.175.240 - - [18/Mar/2023:22:44:42 -0500] "GET / HTTP/1.1" 200 4720
66.249.79.111 - - [18/Mar/2023:22:44:52 -0500] "-" 408 -
168.119.52.80 - - [18/Mar/2023:22:45:32 -0500] "GET / HTTP/1.1" 200 319
168.119.52.80 - - [18/Mar/2023:22:45:35 -0500] "GET / HTTP/1.1" 200 4720
192.168.175.240 - - [18/Mar/2023:22:45:42 -0500] "GET / HTTP/1.1" 200 4720
192.168.175.240 - - [18/Mar/2023:22:46:42 -0500] "GET / HTTP/1.1" 200 4720
172.22.2.4 - - [18/Mar/2023:22:45:59 -0500] "HEAD /BLA/boletinlegal/ HTTP/1.1" 200 -
192.168.175.240 - - [18/Mar/2023:22:47:42 -0500] "GET / HTTP/1.1" 200 4720
172.22.2.4 - - [18/Mar/2023:22:47:56 -0500] "GET /BLA/boletinlegal/robots.txt HTTP/1.1" 404 1038
172.22.2.4 - - [18/Mar/2023:22:47:56 -0500] "GET /BLA/boletinlegal/sugerencias.php HTTP/1.1" 200 8615
201.245.192.253 - - [18/Mar/2023:22:48:21 -0500] "POST /kwsrmcab/Wsrmcab  HTTP/1.1" 200 42239
172.22.2.4 - - [18/Mar/2023:22:46:49 -0500] "GET /BLA/boletinlegal/ HTTP/1.1" 200 51610
216.245.221.92 - - [18/Mar/2023:22:48:39 -0500] "HEAD / HTTP/1.1" 200 -
192.168.175.240 - - [18/Mar/2023:22:48:42 -0500] "GET / HTTP/1.1" 200 4720
172.22.2.4 - - [18/Mar/2023:22:47:45 -0500] "GET /BLA/boletinlegal/ HTTP/1.1" 200 57935
192.168.175.240 - - [18/Mar/2023:22:49:42 -0500] "GET / HTTP/1.1" 200 4720
191.95.163.46 - - [18/Mar/2023:22:49:56 -0500] "GET /images/jardines-verticales_optimized.jpeg HTTP/1.1" 200 138197
191.95.163.46 - - [18/Mar/2023:22:50:28 -0500] "GET /%C3%82%C2%BFquieres-aprender-sobre-jardines-verticales-esta-es-tu-oportunidad.html HTTP/1.1" 200 925
192.168.175.240 - - [18/Mar/2023:22:50:42 -0500] "GET / HTTP/1.1" 200 4720
52.167.144.142 - - [18/Mar/2023:22:51:02 -0500] "GET /forest/ HTTP/1.1" 200 12041
192.168.175.240 - - [18/Mar/2023:22:51:42 -0500] "GET / HTTP/1.1" 200 4720
192.168.175.240 - - [18/Mar/2023:22:52:42 -0500] "GET / HTTP/1.1" 200 4720
201.245.192.253 - - [18/Mar/2023:22:53:20 -0500] "POST /kwsrmcab/Wsrmcab  HTTP/1.1" 200 42239
172.22.2.4 - - [18/Mar/2023:22:51:49 -0500] "HEAD /BLA/boletinlegal/ HTTP/1.1" 200 -
216.245.221.92 - - [18/Mar/2023:22:53:39 -0500] "HEAD / HTTP/1.1" 200 -
192.168.175.240 - - [18/Mar/2023:22:53:42 -0500] "GET / HTTP/1.1" 200 4720
64.124.8.24 - - [18/Mar/2023:22:53:48 -0500] "GET /BLA/boletinlegal/jurisprudencia/analisis/AnalisisT-095-16.docx HTTP/1.1" 304 -
66.249.70.180 - - [18/Mar/2023:22:53:53 -0500] "-" 408 -
172.22.2.4 - - [18/Mar/2023:22:52:39 -0500] "GET /BLA/boletinlegal/ HTTP/1.1" 200 55211
192.168.175.240 - - [18/Mar/2023:22:54:42 -0500] "GET / HTTP/1.1" 200 4720
172.22.2.4 - - [18/Mar/2023:22:54:21 -0500] "GET /BLA/boletinlegal/ HTTP/1.1" 200 36811
192.168.175.240 - - [18/Mar/2023:22:55:42 -0500] "GET / HTTP/1.1" 200 4720
181.53.13.72 - - [18/Mar/2023:22:56:33 -0500] "GET /%C3%82%C2%BFquieres-aprender-sobre-jardines-verticales-esta-es-tu-oportunidad.html HTTP/1.1" 200 925
192.168.175.240 - - [18/Mar/2023:22:56:42 -0500] "GET / HTTP/1.1" 200 4720
66.249.79.111 - - [18/Mar/2023:22:57:12 -0500] "-" 408 -
192.168.175.240 - - [18/Mar/2023:22:57:42 -0500] "GET / HTTP/1.1" 200 4720
201.245.192.253 - - [18/Mar/2023:22:58:19 -0500] "POST /kwsrmcab/Wsrmcab  HTTP/1.1" 200 42239
216.245.221.92 - - [18/Mar/2023:22:58:39 -0500] "HEAD / HTTP/1.1" 200 -
192.168.175.240 - - [18/Mar/2023:22:58:42 -0500] "GET / HTTP/1.1" 200 4720
172.22.2.4 - - [18/Mar/2023:22:57:39 -0500] "HEAD /BLA/boletinlegal/ HTTP/1.1" 200 -
192.168.175.240 - - [18/Mar/2023:22:59:42 -0500] "GET / HTTP/1.1" 200 4720
172.22.2.4 - - [18/Mar/2023:22:58:29 -0500] "GET /BLA/boletinlegal/ HTTP/1.1" 200 52720
192.168.175.240 - - [18/Mar/2023:23:00:42 -0500] "GET / HTTP/1.1" 200 4720
192.168.175.240 - - [18/Mar/2023:23:01:42 -0500] "GET / HTTP/1.1" 200 4720
192.168.175.240 - - [18/Mar/2023:23:02:42 -0500] "GET / HTTP/1.1" 200 4720
201.245.192.253 - - [18/Mar/2023:23:03:18 -0500] "POST /kwsrmcab/Wsrmcab  HTTP/1.1" 200 42239
216.245.221.92 - - [18/Mar/2023:23:03:39 -0500] "HEAD / HTTP/1.1" 200 -
201.244.229.212 - - [18/Mar/2023:23:03:41 -0500] "POST /sipse/faces/presentacion/financiero/solicitudProceso/consultarSolicitudProceso.xhtml HTTP/1.1" 200 41510
201.244.229.212 - - [18/Mar/2023:23:03:41 -0500] "GET /sipse/faces/javax.faces.resource/theme.css?ln=primefaces-sipse HTTP/1.1" 304 -
201.244.229.212 - - [18/Mar/2023:23:03:41 -0500] "GET /sipse/faces/javax.faces.resource/layout/layout.css?ln=primefaces&v=4.0 HTTP/1.1" 304 -
201.244.229.212 - - [18/Mar/2023:23:03:41 -0500] "GET /sipse/faces/javax.faces.resource/primefaces.css?ln=primefaces&v=4.0 HTTP/1.1" 304 -
201.244.229.212 - - [18/Mar/2023:23:03:41 -0500] "GET /sipse/faces/javax.faces.resource/jquery/jquery.js?ln=primefaces&v=4.0 HTTP/1.1" 304 -
201.244.229.212 - - [18/Mar/2023:23:03:41 -0500] "GET /sipse/faces/javax.faces.resource/jquery/jquery-plugins.js?ln=primefaces&v=4.0 HTTP/1.1" 304 -
201.244.229.212 - - [18/Mar/2023:23:03:41 -0500] "GET /sipse/faces/javax.faces.resource/primefaces.js?ln=primefaces&v=4.0 HTTP/1.1" 304 -
201.244.229.212 - - [18/Mar/2023:23:03:41 -0500] "GET /sipse/faces/javax.faces.resource/layout/layout.js?ln=primefaces&v=4.0 HTTP/1.1" 304 -
201.244.229.212 - - [18/Mar/2023:23:03:41 -0500] "POST /sipse/faces/presentacion/financiero/solicitudProceso/consultar.xhtml HTTP/1.1" 200 34877
201.244.229.212 - - [18/Mar/2023:23:03:42 -0500] "POST /sipse/faces/presentacion/financiero/solicitudProceso/consultar.xhtml HTTP/1.1" 200 34877
192.168.175.240 - - [18/Mar/2023:23:03:42 -0500] "GET / HTTP/1.1" 200 4720
201.244.229.212 - - [18/Mar/2023:23:03:42 -0500] "POST /sipse/faces/presentacion/financiero/solicitudProceso/consultar.xhtml HTTP/1.1" 200 34877
201.244.229.212 - - [18/Mar/2023:23:03:42 -0500] "POST /sipse/faces/presentacion/financiero/solicitudProceso/consultar.xhtml HTTP/1.1" 200 34877
201.244.229.212 - - [18/Mar/2023:23:03:42 -0500] "POST /sipse/faces/presentacion/financiero/solicitudProceso/consultar.xhtml HTTP/1.1" 200 34877
201.244.229.212 - - [18/Mar/2023:23:03:43 -0500] "POST /sipse/faces/presentacion/financiero/solicitudProceso/consultar.xhtml HTTP/1.1" 200 34877
201.244.229.212 - - [18/Mar/2023:23:03:43 -0500] "POST /sipse/faces/presentacion/financiero/solicitudProceso/consultar.xhtml HTTP/1.1" 200 34877
201.244.229.212 - - [18/Mar/2023:23:03:43 -0500] "POST /sipse/faces/presentacion/financiero/solicitudProceso/consultar.xhtml HTTP/1.1" 200 34877
201.244.229.212 - - [18/Mar/2023:23:03:44 -0500] "POST /sipse/faces/presentacion/financiero/solicitudProceso/consultar.xhtml HTTP/1.1" 200 34877
201.244.229.212 - - [18/Mar/2023:23:03:44 -0500] "POST /sipse/faces/presentacion/financiero/solicitudProceso/consultar.xhtml HTTP/1.1" 200 34877
201.244.229.212 - - [18/Mar/2023:23:03:44 -0500] "POST /sipse/faces/presentacion/financiero/solicitudProceso/consultar.xhtml HTTP/1.1" 200 34877
201.244.229.212 - - [18/Mar/2023:23:03:44 -0500] "POST /sipse/faces/presentacion/financiero/solicitudProceso/consultar.xhtml HTTP/1.1" 200 34877
201.244.229.212 - - [18/Mar/2023:23:03:45 -0500] "POST /sipse/faces/presentacion/financiero/solicitudProceso/consultar.xhtml HTTP/1.1" 200 34877
201.244.229.212 - - [18/Mar/2023:23:03:45 -0500] "POST /sipse/faces/presentacion/financiero/solicitudProceso/consultar.xhtml HTTP/1.1" 200 34877
201.244.229.212 - - [18/Mar/2023:23:03:45 -0500] "POST /sipse/faces/presentacion/financiero/solicitudProceso/consultar.xhtml HTTP/1.1" 200 34877
201.244.229.212 - - [18/Mar/2023:23:03:45 -0500] "POST /sipse/faces/presentacion/financiero/solicitudProceso/consultar.xhtml HTTP/1.1" 200 34877
201.244.229.212 - - [18/Mar/2023:23:03:46 -0500] "POST /sipse/faces/presentacion/financiero/solicitudProceso/consultar.xhtml HTTP/1.1" 200 34877
201.244.229.212 - - [18/Mar/2023:23:03:46 -0500] "POST /sipse/faces/presentacion/financiero/solicitudProceso/consultar.xhtml HTTP/1.1" 200 34877
201.244.229.212 - - [18/Mar/2023:23:03:47 -0500] "POST /sipse/faces/presentacion/financiero/solicitudProceso/consultar.xhtml HTTP/1.1" 200 34877
201.244.229.212 - - [18/Mar/2023:23:03:47 -0500] "POST /sipse/faces/presentacion/financiero/solicitudProceso/consultar.xhtml HTTP/1.1" 200 34877
201.244.229.212 - - [18/Mar/2023:23:03:47 -0500] "POST /sipse/faces/presentacion/financiero/solicitudProceso/consultar.xhtml HTTP/1.1" 200 34877
201.244.229.212 - - [18/Mar/2023:23:03:47 -0500] "POST /sipse/faces/presentacion/financiero/solicitudProceso/consultar.xhtml HTTP/1.1" 200 34877
201.244.229.212 - - [18/Mar/2023:23:03:47 -0500] "POST /sipse/faces/presentacion/financiero/solicitudProceso/consultar.xhtml HTTP/1.1" 200 34877
201.244.229.212 - - [18/Mar/2023:23:03:48 -0500] "POST /sipse/faces/presentacion/financiero/solicitudProceso/consultar.xhtml HTTP/1.1" 200 34877
201.244.229.212 - - [18/Mar/2023:23:03:48 -0500] "POST /sipse/faces/presentacion/financiero/solicitudProceso/consultar.xhtml HTTP/1.1" 200 34877
201.244.229.212 - - [18/Mar/2023:23:03:48 -0500] "POST /sipse/faces/presentacion/financiero/solicitudProceso/consultar.xhtml HTTP/1.1" 200 34877
201.244.229.212 - - [18/Mar/2023:23:03:48 -0500] "POST /sipse/faces/presentacion/financiero/solicitudProceso/consultar.xhtml HTTP/1.1" 200 34877
201.244.229.212 - - [18/Mar/2023:23:03:49 -0500] "POST /sipse/faces/presentacion/financiero/solicitudProceso/consultar.xhtml HTTP/1.1" 200 34877
201.244.229.212 - - [18/Mar/2023:23:03:53 -0500] "POST /sipse/faces/presentacion/financiero/solicitudProceso/consultar.xhtml HTTP/1.1" 200 12826
201.244.229.212 - - [18/Mar/2023:23:03:59 -0500] "POST /sipse/faces/presentacion/financiero/solicitudProceso/consultar.xhtml HTTP/1.1" 200 152155
201.244.229.212 - - [18/Mar/2023:23:04:00 -0500] "GET /sipse/faces/javax.faces.resource/theme.css?ln=primefaces-sipse HTTP/1.1" 304 -
201.244.229.212 - - [18/Mar/2023:23:04:00 -0500] "GET /sipse/faces/javax.faces.resource/layout/layout.css?ln=primefaces&v=4.0 HTTP/1.1" 304 -
201.244.229.212 - - [18/Mar/2023:23:04:00 -0500] "GET /sipse/faces/javax.faces.resource/primefaces.css?ln=primefaces&v=4.0 HTTP/1.1" 304 -
201.244.229.212 - - [18/Mar/2023:23:04:00 -0500] "GET /sipse/faces/javax.faces.resource/jquery/jquery.js?ln=primefaces&v=4.0 HTTP/1.1" 304 -
201.244.229.212 - - [18/Mar/2023:23:04:00 -0500] "GET /sipse/faces/javax.faces.resource/jquery/jquery-plugins.js?ln=primefaces&v=4.0 HTTP/1.1" 304 -
201.244.229.212 - - [18/Mar/2023:23:04:00 -0500] "GET /sipse/faces/javax.faces.resource/primefaces.js?ln=primefaces&v=4.0 HTTP/1.1" 304 -
201.244.229.212 - - [18/Mar/2023:23:04:00 -0500] "GET /sipse/faces/javax.faces.resource/layout/layout.js?ln=primefaces&v=4.0 HTTP/1.1" 304 -
201.244.229.212 - - [18/Mar/2023:23:04:01 -0500] "GET /sipse/faces/javax.faces.resource/dynamiccontent.properties?ln=primefaces&pfdrid=XjOR5%2F%2FfPAZAuY9TpWQeCiM0BhlXxYRBGKi%2FQcXXfeA%3D&pfdrid_c=false HTTP/1.1" 500 383
201.244.229.212 - - [18/Mar/2023:23:04:15 -0500] "POST /sipse/faces/presentacion/financiero/solicitudProceso/consultarSolicitudProceso.xhtml HTTP/1.1" 200 203250
34.173.155.42 - - [18/Mar/2023:23:04:21 -0500] "GET /portaldeninos/wp-content/uploads/2021/09/infograf%C3%ADa-aire-septiembre.jpg HTTP/1.1" 200 333982
201.244.229.212 - - [18/Mar/2023:23:04:30 -0500] "POST /sipse/faces/presentacion/financiero/solicitudProceso/consultarSolicitudProceso.xhtml HTTP/1.1" 200 148410
192.168.175.240 - - [18/Mar/2023:23:04:42 -0500] "GET / HTTP/1.1" 200 4720
34.173.155.42 - - [18/Mar/2023:23:04:45 -0500] "GET /portaldeninos/wp-content/uploads/2021/07/Banners-pa%CC%81gina-de-nin%CC%83os12-1-1024x50.jpg HTTP/1.1" 200 3862
66.249.79.111 - - [18/Mar/2023:23:05:05 -0500] "-" 408 -
172.22.2.4 - - [18/Mar/2023:23:03:29 -0500] "HEAD /BLA/boletinlegal/ HTTP/1.1" 200 -
192.168.175.240 - - [18/Mar/2023:23:05:42 -0500] "GET / HTTP/1.1" 200 4720
172.22.2.4 - - [18/Mar/2023:23:04:19 -0500] "GET /BLA/boletinlegal/ HTTP/1.1" 200 52720
172.22.2.4 - - [18/Mar/2023:23:06:24 -0500] "GET /BLA/boletinlegal/actuator/gateway/routes HTTP/1.1" 404 1018
192.168.175.240 - - [18/Mar/2023:23:06:42 -0500] "GET / HTTP/1.1" 200 4720
201.244.238.63 - - [18/Mar/2023:23:06:45 -0500] "GET /BLA/resoluciones/index.php?dir=AUTOS+2015%2F HTTP/1.1" 200 580256
64.124.8.41 - - [18/Mar/2023:23:07:18 -0500] "GET /portaldeninos/que-es-cambio-climatico HTTP/1.1" 301 -
64.124.8.41 - - [18/Mar/2023:23:07:29 -0500] "GET /portaldeninos/que-es-cambio-climatico/ HTTP/1.1" 200 86727
201.244.238.63 - - [18/Mar/2023:23:07:32 -0500] "GET /BLA/resoluciones/AUTOS%202015/1974.pdf HTTP/1.1" 200 756784
192.168.175.240 - - [18/Mar/2023:23:07:42 -0500] "GET / HTTP/1.1" 200 4720
172.22.2.4 - - [18/Mar/2023:23:07:52 -0500] "GET /BLA/boletinlegal/jurisprudencia/analisis/analisis%20sentencia%20C-1007-2011-1.doc HTTP/1.1" 304 -
201.245.192.253 - - [18/Mar/2023:23:08:17 -0500] "POST /kwsrmcab/Wsrmcab  HTTP/1.1" 200 42239
216.245.221.92 - - [18/Mar/2023:23:08:39 -0500] "HEAD / HTTP/1.1" 200 -
192.168.175.240 - - [18/Mar/2023:23:08:42 -0500] "GET / HTTP/1.1" 200 4720
192.168.175.240 - - [18/Mar/2023:23:09:42 -0500] "GET / HTTP/1.1" 200 4720
192.168.175.240 - - [18/Mar/2023:23:10:42 -0500] "GET / HTTP/1.1" 200 4720
172.22.2.4 - - [18/Mar/2023:23:09:19 -0500] "HEAD /BLA/boletinlegal/ HTTP/1.1" 200 -
192.168.175.240 - - [18/Mar/2023:23:11:42 -0500] "GET / HTTP/1.1" 200 4720
66.249.79.111 - - [18/Mar/2023:23:11:42 -0500] "-" 408 -
172.22.2.4 - - [18/Mar/2023:23:10:09 -0500] "GET /BLA/boletinlegal/ HTTP/1.1" 200 53104
172.22.2.4 - - [18/Mar/2023:23:12:40 -0500] "GET /BLA/boletinlegal/jurisprudencia/analisis/analisis%20C-595-2010.doc HTTP/1.1" 200 39424
192.168.175.240 - - [18/Mar/2023:23:12:42 -0500] "GET / HTTP/1.1" 200 4720
181.53.13.233 - - [18/Mar/2023:23:12:43 -0500] "GET /camino-guadalupe-aguanoso-abierto-de-nuevo-al-publico.html HTTP/1.1" 200 879
201.245.192.253 - - [18/Mar/2023:23:13:17 -0500] "POST /kwsrmcab/Wsrmcab  HTTP/1.1" 200 42239
216.245.221.92 - - [18/Mar/2023:23:13:39 -0500] "HEAD / HTTP/1.1" 200 -
192.168.175.240 - - [18/Mar/2023:23:13:42 -0500] "GET / HTTP/1.1" 200 4720
192.168.175.240 - - [18/Mar/2023:23:14:42 -0500] "GET / HTTP/1.1" 200 4720
201.244.229.212 - - [18/Mar/2023:23:15:33 -0500] "GET /sipse/faces/javax.faces.resource/images/ui-bg_flat_0_2d5972_40x100.png?ln=primefaces-aristo HTTP/1.1" 304 -
201.244.229.212 - - [18/Mar/2023:23:15:33 -0500] "POST /sipse/faces/presentacion/financiero/solicitudProceso/consultarSolicitudProceso.xhtml HTTP/1.1" 200 41425
201.244.229.212 - - [18/Mar/2023:23:15:33 -0500] "GET /sipse/faces/javax.faces.resource/theme.css?ln=primefaces-sipse HTTP/1.1" 304 -
201.244.229.212 - - [18/Mar/2023:23:15:33 -0500] "GET /sipse/faces/javax.faces.resource/primefaces.css?ln=primefaces&v=4.0 HTTP/1.1" 304 -
201.244.229.212 - - [18/Mar/2023:23:15:33 -0500] "GET /sipse/faces/javax.faces.resource/layout/layout.css?ln=primefaces&v=4.0 HTTP/1.1" 304 -
