201.244.229.212 - - [18/Mar/2023:21:02:49 -0500] "GET /sipse/faces/javax.faces.resource/layout/layout.css?ln=primefaces&v=4.0 HTTP/1.1" 304 -
201.244.229.212 - - [18/Mar/2023:21:02:49 -0500] "GET /sipse/faces/javax.faces.resource/layout/layout.js?ln=primefaces&v=4.0 HTTP/1.1" 304 -
201.244.229.212 - - [18/Mar/2023:21:02:49 -0500] "GET /sipse/faces/javax.faces.resource/primefaces.js?ln=primefaces&v=4.0 HTTP/1.1" 304 -
201.244.229.212 - - [18/Mar/2023:21:02:49 -0500] "GET /sipse/faces/javax.faces.resource/jquery/jquery-plugins.js?ln=primefaces&v=4.0 HTTP/1.1" 304 -
172.22.2.4 - - [18/Mar/2023:21:01:49 -0500] "GET /BLA/boletinlegal/ HTTP/1.1" 200 53104
216.245.221.92 - - [18/Mar/2023:21:03:40 -0500] "HEAD / HTTP/1.1" 200 -
192.168.175.240 - - [18/Mar/2023:21:03:42 -0500] "GET / HTTP/1.1" 200 4720
201.245.192.253 - - [18/Mar/2023:21:03:43 -0500] "POST /kwsrmcab/Wsrmcab  HTTP/1.1" 200 42239
66.249.79.111 - - [18/Mar/2023:21:03:57 -0500] "-" 408 -
186.103.57.91 - - [18/Mar/2023:21:04:42 -0500] "POST /sipse/faces/presentacion/financiero/solicitudProceso/listarSolicitudProceso.xhtml HTTP/1.1" 200 4882
192.168.175.240 - - [18/Mar/2023:21:04:42 -0500] "GET / HTTP/1.1" 200 4720
186.103.57.91 - - [18/Mar/2023:21:04:44 -0500] "POST /sipse/faces/presentacion/financiero/solicitudProceso/listarSolicitudProceso.xhtml HTTP/1.1" 200 164613
186.103.57.91 - - [18/Mar/2023:21:04:49 -0500] "GET /sipse/faces/javax.faces.resource/jquery/jquery.js?ln=primefaces&v=4.0 HTTP/1.1" 304 -
186.103.57.91 - - [18/Mar/2023:21:04:49 -0500] "GET /sipse/faces/javax.faces.resource/jquery/jquery-plugins.js?ln=primefaces&v=4.0 HTTP/1.1" 304 -
186.103.57.91 - - [18/Mar/2023:21:04:49 -0500] "GET /sipse/faces/javax.faces.resource/primefaces.js?ln=primefaces&v=4.0 HTTP/1.1" 304 -
186.103.57.91 - - [18/Mar/2023:21:04:50 -0500] "GET /sipse/faces/javax.faces.resource/layout/layout.js?ln=primefaces&v=4.0 HTTP/1.1" 304 -
43.142.179.19 - - [18/Mar/2023:21:05:25 -0500] "GET /galeria/galeria/jquery.fancybox.css?v=2.1.5 HTTP/1.1" 200 4895
186.103.57.91 - - [18/Mar/2023:21:05:24 -0500] "POST /sipse/faces/presentacion/financiero/solicitudProceso/consultarSolicitudProceso.xhtml HTTP/1.1" 200 201933
186.103.57.91 - - [18/Mar/2023:21:05:36 -0500] "POST /sipse/faces/presentacion/financiero/solicitudProceso/consultarSolicitudProceso.xhtml HTTP/1.1" 200 159802
192.168.175.240 - - [18/Mar/2023:21:05:42 -0500] "GET / HTTP/1.1" 200 4720
186.147.88.26 - - [18/Mar/2023:21:06:02 -0500] "GET /%C3%82%C2%BFquieres-aprender-sobre-jardines-verticales-esta-es-tu-oportunidad.html HTTP/1.1" 200 925
186.103.57.91 - - [18/Mar/2023:21:06:07 -0500] "POST /sipse/faces/presentacion/financiero/solicitudProceso/consultarSolicitudProceso.xhtml HTTP/1.1" 200 847020
186.103.57.91 - - [18/Mar/2023:21:06:11 -0500] "POST /sipse/faces/presentacion/financiero/solicitudProceso/consultarSolicitudProceso.xhtml HTTP/1.1" 200 12234
186.103.57.91 - - [18/Mar/2023:21:06:11 -0500] "POST /sipse/faces/presentacion/financiero/solicitudProceso/consultarSolicitudProceso.xhtml HTTP/1.1" 200 282532
186.103.57.91 - - [18/Mar/2023:21:06:04 -0500] "POST /sipse/faces/presentacion/financiero/solicitudProceso/consultarSolicitudProceso.xhtml HTTP/1.1" 200 4433320
186.103.57.91 - - [18/Mar/2023:21:05:48 -0500] "POST /sipse/faces/presentacion/financiero/solicitudProceso/consultarSolicitudProceso.xhtml HTTP/1.1" 200 7392621
186.103.57.91 - - [18/Mar/2023:21:06:27 -0500] "POST /sipse/faces/presentacion/financiero/solicitudProceso/consultarSolicitudProceso.xhtml HTTP/1.1" 200 135948
186.103.57.91 - - [18/Mar/2023:21:06:41 -0500] "POST /sipse/faces/presentacion/financiero/solicitudProceso/consultarSolicitudProceso.xhtml HTTP/1.1" 200 5573
192.168.175.240 - - [18/Mar/2023:21:06:42 -0500] "GET / HTTP/1.1" 200 4720
186.103.57.91 - - [18/Mar/2023:21:06:42 -0500] "GET /sipse/faces/javax.faces.resource/dynamiccontent.properties?ln=primefaces&pfdrid=XjOR5%2F%2FfPAZAuY9TpWQeCiM0BhlXxYRBGKi%2FQcXXfeA%3D&pfdrid_c=false HTTP/1.1" 200 165238
186.103.57.91 - - [18/Mar/2023:21:07:00 -0500] "POST /sipse/faces/presentacion/financiero/solicitudProceso/consultarSolicitudProceso.xhtml HTTP/1.1" 200 5562
186.103.57.91 - - [18/Mar/2023:21:06:23 -0500] "POST /sipse/faces/presentacion/financiero/solicitudProceso/consultarSolicitudProceso.xhtml HTTP/1.1" 200 10392889
179.43.177.242 - - [18/Mar/2023:21:07:16 -0500] "GET / HTTP/1.1" 200 319
186.103.57.91 - - [18/Mar/2023:21:07:28 -0500] "POST /sipse/faces/presentacion/financiero/solicitudProceso/consultarSolicitudProceso.xhtml HTTP/1.1" 200 33666
186.103.57.91 - - [18/Mar/2023:21:07:29 -0500] "GET /sipse/faces/javax.faces.resource/jquery/jquery.js?ln=primefaces&v=4.0 HTTP/1.1" 304 -
186.103.57.91 - - [18/Mar/2023:21:07:29 -0500] "GET /sipse/faces/javax.faces.resource/jquery/jquery-plugins.js?ln=primefaces&v=4.0 HTTP/1.1" 304 -
186.103.57.91 - - [18/Mar/2023:21:07:30 -0500] "GET /sipse/faces/javax.faces.resource/primefaces.js?ln=primefaces&v=4.0 HTTP/1.1" 304 -
186.103.57.91 - - [18/Mar/2023:21:07:30 -0500] "GET /sipse/faces/javax.faces.resource/layout/layout.js?ln=primefaces&v=4.0 HTTP/1.1" 304 -
186.103.57.91 - - [18/Mar/2023:21:07:30 -0500] "POST /sipse/faces/presentacion/sistema/reporte/listarReportes.xhtml HTTP/1.1" 200 27046
186.103.57.91 - - [18/Mar/2023:21:07:31 -0500] "POST /sipse/faces/presentacion/sistema/reporte/listarReportes.xhtml HTTP/1.1" 200 27046
186.103.57.91 - - [18/Mar/2023:21:07:33 -0500] "POST /sipse/faces/presentacion/sistema/reporte/listarReportes.xhtml HTTP/1.1" 200 22294
186.103.57.91 - - [18/Mar/2023:21:07:33 -0500] "GET /sipse/faces/javax.faces.resource/primefaces.css?ln=primefaces&v=4.0 HTTP/1.1" 304 -
186.103.57.91 - - [18/Mar/2023:21:07:33 -0500] "GET /sipse/faces/javax.faces.resource/layout/layout.css?ln=primefaces&v=4.0 HTTP/1.1" 304 -
186.103.57.91 - - [18/Mar/2023:21:07:33 -0500] "GET /sipse/faces/javax.faces.resource/jquery/jquery.js?ln=primefaces&v=4.0 HTTP/1.1" 304 -
186.103.57.91 - - [18/Mar/2023:21:07:33 -0500] "GET /sipse/faces/javax.faces.resource/jquery/jquery-plugins.js?ln=primefaces&v=4.0 HTTP/1.1" 304 -
186.103.57.91 - - [18/Mar/2023:21:07:33 -0500] "GET /sipse/faces/javax.faces.resource/primefaces.js?ln=primefaces&v=4.0 HTTP/1.1" 304 -
186.103.57.91 - - [18/Mar/2023:21:07:33 -0500] "GET /sipse/faces/javax.faces.resource/layout/layout.js?ln=primefaces&v=4.0 HTTP/1.1" 304 -
186.103.57.91 - - [18/Mar/2023:21:07:34 -0500] "GET /sipse/faces/javax.faces.resource/theme.css?ln=primefaces-sipse HTTP/1.1" 304 -
186.103.57.91 - - [18/Mar/2023:21:07:34 -0500] "GET /sipse/faces/javax.faces.resource/images/ui-icons_898989_256x240.png?ln=primefaces-aristo HTTP/1.1" 304 -
192.168.175.240 - - [18/Mar/2023:21:07:42 -0500] "GET / HTTP/1.1" 200 4720
201.244.229.212 - - [18/Mar/2023:21:07:47 -0500] "GET /sipse/faces/index.xhtml HTTP/1.1" 200 677
201.244.229.212 - - [18/Mar/2023:21:07:48 -0500] "GET /sipse/faces/javax.faces.resource/theme.css?ln=primefaces-sipse HTTP/1.1" 304 -
201.244.229.212 - - [18/Mar/2023:21:07:48 -0500] "GET /sipse/faces/faces/autenticacion.xhtml HTTP/1.1" 200 12168
201.244.229.212 - - [18/Mar/2023:21:07:48 -0500] "GET /sipse/faces/javax.faces.resource/theme.css?ln=primefaces-sipse HTTP/1.1" 304 -
201.244.229.212 - - [18/Mar/2023:21:07:48 -0500] "GET /sipse/faces/javax.faces.resource/layout/layout.css?ln=primefaces&v=4.0 HTTP/1.1" 304 -
201.244.229.212 - - [18/Mar/2023:21:07:48 -0500] "GET /sipse/faces/javax.faces.resource/jquery/jquery-plugins.js?ln=primefaces&v=4.0 HTTP/1.1" 304 -
201.244.229.212 - - [18/Mar/2023:21:07:48 -0500] "GET /sipse/faces/javax.faces.resource/primefaces.css?ln=primefaces&v=4.0 HTTP/1.1" 304 -
201.244.229.212 - - [18/Mar/2023:21:07:48 -0500] "GET /sipse/faces/javax.faces.resource/jquery/jquery.js?ln=primefaces&v=4.0 HTTP/1.1" 304 -
201.244.229.212 - - [18/Mar/2023:21:07:48 -0500] "GET /sipse/faces/javax.faces.resource/primefaces.js?ln=primefaces&v=4.0 HTTP/1.1" 304 -
201.244.229.212 - - [18/Mar/2023:21:07:48 -0500] "GET /sipse/faces/javax.faces.resource/layout/layout.js?ln=primefaces&v=4.0 HTTP/1.1" 304 -
201.244.229.212 - - [18/Mar/2023:21:07:49 -0500] "GET /sipse/css/imagen/logoSDG.png HTTP/1.1" 304 -
201.244.229.212 - - [18/Mar/2023:21:07:49 -0500] "GET /sipse/css/imagen/loginimg.png HTTP/1.1" 304 -
201.244.229.212 - - [18/Mar/2023:21:07:49 -0500] "GET /sipse/faces/javax.faces.resource/images/ui-icons_898989_256x240.png?ln=primefaces-aristo HTTP/1.1" 304 -
186.103.57.91 - - [18/Mar/2023:21:07:55 -0500] "GET /sipse/faces/javax.faces.resource/images/ui-bg_flat_0_2d5972_40x100.png?ln=primefaces-aristo HTTP/1.1" 304 -
186.103.57.91 - - [18/Mar/2023:21:07:55 -0500] "POST /sipse/faces/presentacion/sistema/reporte/ventanaVerReporteParametros.xhtml HTTP/1.1" 200 39960
186.103.57.91 - - [18/Mar/2023:21:07:57 -0500] "GET /sipse/faces/javax.faces.resource/jquery/jquery.js?ln=primefaces&v=4.0 HTTP/1.1" 304 -
186.103.57.91 - - [18/Mar/2023:21:07:57 -0500] "GET /sipse/faces/javax.faces.resource/jquery/jquery-plugins.js?ln=primefaces&v=4.0 HTTP/1.1" 304 -
186.103.57.91 - - [18/Mar/2023:21:07:58 -0500] "GET /sipse/faces/javax.faces.resource/primefaces.js?ln=primefaces&v=4.0 HTTP/1.1" 304 -
186.103.57.91 - - [18/Mar/2023:21:07:58 -0500] "GET /sipse/faces/javax.faces.resource/layout/layout.js?ln=primefaces&v=4.0 HTTP/1.1" 304 -
186.103.57.91 - - [18/Mar/2023:21:07:58 -0500] "POST /sipse/faces/presentacion/financiero/solicitudProceso/listarSolicitudProceso.xhtml HTTP/1.1" 200 1396
172.22.2.4 - - [18/Mar/2023:21:06:49 -0500] "HEAD /BLA/boletinlegal/ HTTP/1.1" 200 -
186.103.57.91 - - [18/Mar/2023:21:08:36 -0500] "POST /sipse/faces/presentacion/financiero/solicitudProceso/listarSolicitudProceso.xhtml HTTP/1.1" 200 164613
186.103.57.91 - - [18/Mar/2023:21:08:40 -0500] "GET /sipse/faces/javax.faces.resource/jquery/jquery.js?ln=primefaces&v=4.0 HTTP/1.1" 304 -
216.245.221.92 - - [18/Mar/2023:21:08:40 -0500] "HEAD / HTTP/1.1" 200 -
186.103.57.91 - - [18/Mar/2023:21:08:40 -0500] "GET /sipse/faces/javax.faces.resource/jquery/jquery-plugins.js?ln=primefaces&v=4.0 HTTP/1.1" 304 -
186.103.57.91 - - [18/Mar/2023:21:08:40 -0500] "GET /sipse/faces/javax.faces.resource/primefaces.js?ln=primefaces&v=4.0 HTTP/1.1" 304 -
186.103.57.91 - - [18/Mar/2023:21:08:41 -0500] "GET /sipse/faces/javax.faces.resource/layout/layout.js?ln=primefaces&v=4.0 HTTP/1.1" 304 -
192.168.175.240 - - [18/Mar/2023:21:08:42 -0500] "GET / HTTP/1.1" 200 4720
201.245.192.253 - - [18/Mar/2023:21:08:41 -0500] "POST /kwsrmcab/Wsrmcab  HTTP/1.1" 200 42239
172.22.2.4 - - [18/Mar/2023:21:07:39 -0500] "GET /BLA/boletinlegal/ HTTP/1.1" 200 53551
192.168.175.240 - - [18/Mar/2023:21:09:42 -0500] "GET / HTTP/1.1" 200 4720
40.77.167.211 - - [18/Mar/2023:21:10:16 -0500] "GET /catalogoisis/ HTTP/1.1" 200 8575
179.1.111.18 - - [18/Mar/2023:21:10:19 -0500] "GET /%C3%82%C2%BFquieres-aprender-sobre-jardines-verticales-esta-es-tu-oportunidad.html HTTP/1.1" 200 925
64.124.8.55 - - [18/Mar/2023:21:10:36 -0500] "-" 408 -
192.168.175.240 - - [18/Mar/2023:21:10:42 -0500] "GET / HTTP/1.1" 200 4720
201.244.229.212 - - [18/Mar/2023:21:10:53 -0500] "POST /sipse/faces/autenticacion.xhtml HTTP/1.1" 200 16121
201.244.229.212 - - [18/Mar/2023:21:10:53 -0500] "GET /sipse/faces/javax.faces.resource/theme.css?ln=primefaces-sipse HTTP/1.1" 304 -
201.244.229.212 - - [18/Mar/2023:21:10:53 -0500] "GET /sipse/js/jquery.min.js HTTP/1.1" 304 -
201.244.229.212 - - [18/Mar/2023:21:10:53 -0500] "GET /sipse/faces/javax.faces.resource/primefaces.css?ln=primefaces&v=4.0 HTTP/1.1" 304 -
201.244.229.212 - - [18/Mar/2023:21:10:53 -0500] "GET /sipse/faces/javax.faces.resource/layout/layout.css?ln=primefaces&v=4.0 HTTP/1.1" 304 -
201.244.229.212 - - [18/Mar/2023:21:10:54 -0500] "GET /sipse/css/custom_css_sg_prime.css HTTP/1.1" 304 -
201.244.229.212 - - [18/Mar/2023:21:10:54 -0500] "GET /sipse/faces/javax.faces.resource/jquery/jquery.js?ln=primefaces&v=4.0 HTTP/1.1" 304 -
201.244.229.212 - - [18/Mar/2023:21:10:54 -0500] "GET /sipse/faces/javax.faces.resource/jquery/jquery-plugins.js?ln=primefaces&v=4.0 HTTP/1.1" 304 -
201.244.229.212 - - [18/Mar/2023:21:10:54 -0500] "GET /sipse/faces/javax.faces.resource/primefaces.js?ln=primefaces&v=4.0 HTTP/1.1" 304 -
201.244.229.212 - - [18/Mar/2023:21:10:54 -0500] "GET /sipse/faces/javax.faces.resource/layout/layout.js?ln=primefaces&v=4.0 HTTP/1.1" 304 -
201.244.229.212 - - [18/Mar/2023:21:10:54 -0500] "GET /sipse/imagenes/logoAplicacion.jpg HTTP/1.1" 304 -
201.244.229.212 - - [18/Mar/2023:21:10:54 -0500] "GET /sipse/imagenes/cargando.gif HTTP/1.1" 304 -
201.244.229.212 - - [18/Mar/2023:21:10:54 -0500] "GET /sipse/faces/javax.faces.resource/messages/messages.png?ln=primefaces&v=4.0 HTTP/1.1" 304 -
201.244.229.212 - - [18/Mar/2023:21:10:55 -0500] "GET /sipse/css/imagen/contrasena.png HTTP/1.1" 404 383
201.244.229.212 - - [18/Mar/2023:21:11:17 -0500] "GET /sipse/faces/javax.faces.resource/images/ui-bg_flat_0_2d5972_40x100.png?ln=primefaces-aristo HTTP/1.1" 304 -
201.244.229.212 - - [18/Mar/2023:21:11:17 -0500] "POST /sipse/faces/bienvenido.xhtml HTTP/1.1" 200 1471
201.244.229.212 - - [18/Mar/2023:21:11:20 -0500] "POST /sipse/faces/bienvenido.xhtml HTTP/1.1" 200 1473
201.244.229.212 - - [18/Mar/2023:21:11:22 -0500] "POST /sipse/faces/bienvenido.xhtml HTTP/1.1" 200 38374
201.244.229.212 - - [18/Mar/2023:21:11:22 -0500] "GET /sipse/faces/javax.faces.resource/theme.css?ln=primefaces-sipse HTTP/1.1" 304 -
201.244.229.212 - - [18/Mar/2023:21:11:22 -0500] "GET /sipse/faces/javax.faces.resource/primefaces.css?ln=primefaces&v=4.0 HTTP/1.1" 304 -
201.244.229.212 - - [18/Mar/2023:21:11:22 -0500] "GET /sipse/faces/javax.faces.resource/layout/layout.css?ln=primefaces&v=4.0 HTTP/1.1" 304 -
201.244.229.212 - - [18/Mar/2023:21:11:22 -0500] "GET /sipse/faces/javax.faces.resource/jquery/jquery.js?ln=primefaces&v=4.0 HTTP/1.1" 304 -
201.244.229.212 - - [18/Mar/2023:21:11:22 -0500] "GET /sipse/faces/javax.faces.resource/jquery/jquery-plugins.js?ln=primefaces&v=4.0 HTTP/1.1" 304 -
201.244.229.212 - - [18/Mar/2023:21:11:22 -0500] "GET /sipse/faces/javax.faces.resource/primefaces.js?ln=primefaces&v=4.0 HTTP/1.1" 304 -
201.244.229.212 - - [18/Mar/2023:21:11:22 -0500] "GET /sipse/faces/javax.faces.resource/layout/layout.js?ln=primefaces&v=4.0 HTTP/1.1" 304 -
201.244.229.212 - - [18/Mar/2023:21:11:26 -0500] "POST /sipse/faces/presentacion/financiero/solicitudProceso/consultar.xhtml HTTP/1.1" 200 12916
201.244.229.212 - - [18/Mar/2023:21:11:32 -0500] "POST /sipse/faces/presentacion/financiero/solicitudProceso/consultar.xhtml HTTP/1.1" 200 157753
201.244.229.212 - - [18/Mar/2023:21:11:33 -0500] "GET /sipse/faces/javax.faces.resource/layout/layout.css?ln=primefaces&v=4.0 HTTP/1.1" 304 -
201.244.229.212 - - [18/Mar/2023:21:11:33 -0500] "GET /sipse/faces/javax.faces.resource/theme.css?ln=primefaces-sipse HTTP/1.1" 304 -
201.244.229.212 - - [18/Mar/2023:21:11:33 -0500] "GET /sipse/faces/javax.faces.resource/primefaces.css?ln=primefaces&v=4.0 HTTP/1.1" 304 -
201.244.229.212 - - [18/Mar/2023:21:11:33 -0500] "GET /sipse/faces/javax.faces.resource/jquery/jquery.js?ln=primefaces&v=4.0 HTTP/1.1" 304 -
201.244.229.212 - - [18/Mar/2023:21:11:33 -0500] "GET /sipse/faces/javax.faces.resource/jquery/jquery-plugins.js?ln=primefaces&v=4.0 HTTP/1.1" 304 -
201.244.229.212 - - [18/Mar/2023:21:11:33 -0500] "GET /sipse/faces/javax.faces.resource/primefaces.js?ln=primefaces&v=4.0 HTTP/1.1" 304 -
201.244.229.212 - - [18/Mar/2023:21:11:33 -0500] "GET /sipse/faces/javax.faces.resource/layout/layout.js?ln=primefaces&v=4.0 HTTP/1.1" 304 -
192.168.175.240 - - [18/Mar/2023:21:11:42 -0500] "GET / HTTP/1.1" 200 4720
192.168.175.240 - - [18/Mar/2023:21:12:42 -0500] "GET / HTTP/1.1" 200 4720
216.245.221.92 - - [18/Mar/2023:21:13:40 -0500] "HEAD / HTTP/1.1" 200 -
201.245.192.253 - - [18/Mar/2023:21:13:38 -0500] "POST /kwsrmcab/Wsrmcab  HTTP/1.1" 200 42239
172.22.2.4 - - [18/Mar/2023:21:12:38 -0500] "GET /BLA/boletinlegal/?XDEBUG_SESSION_START=phpstorm HTTP/1.1" 200 28619
192.168.175.240 - - [18/Mar/2023:21:13:42 -0500] "GET / HTTP/1.1" 200 4720
186.103.57.91 - - [18/Mar/2023:21:13:55 -0500] "POST /sipse/faces/presentacion/financiero/solicitudProceso/consultarSolicitudProceso.xhtml HTTP/1.1" 200 39960
186.103.57.91 - - [18/Mar/2023:21:13:55 -0500] "GET /sipse/faces/javax.faces.resource/jquery/jquery.js?ln=primefaces&v=4.0 HTTP/1.1" 304 -
186.103.57.91 - - [18/Mar/2023:21:13:55 -0500] "GET /sipse/faces/javax.faces.resource/jquery/jquery-plugins.js?ln=primefaces&v=4.0 HTTP/1.1" 304 -
186.103.57.91 - - [18/Mar/2023:21:13:56 -0500] "GET /sipse/faces/javax.faces.resource/primefaces.js?ln=primefaces&v=4.0 HTTP/1.1" 304 -
186.103.57.91 - - [18/Mar/2023:21:13:56 -0500] "GET /sipse/faces/javax.faces.resource/layout/layout.js?ln=primefaces&v=4.0 HTTP/1.1" 304 -
186.103.57.91 - - [18/Mar/2023:21:13:56 -0500] "POST /sipse/faces/presentacion/financiero/solicitudProceso/listarSolicitudProceso.xhtml HTTP/1.1" 200 33300
186.103.57.91 - - [18/Mar/2023:21:13:56 -0500] "POST /sipse/faces/presentacion/financiero/solicitudProceso/listarSolicitudProceso.xhtml HTTP/1.1" 200 33300
186.103.57.91 - - [18/Mar/2023:21:13:57 -0500] "POST /sipse/faces/presentacion/financiero/solicitudProceso/listarSolicitudProceso.xhtml HTTP/1.1" 200 1396
186.103.57.91 - - [18/Mar/2023:21:13:57 -0500] "POST /sipse/faces/presentacion/financiero/solicitudProceso/listarSolicitudProceso.xhtml HTTP/1.1" 200 1392
186.103.57.91 - - [18/Mar/2023:21:13:57 -0500] "POST /sipse/faces/presentacion/financiero/solicitudProceso/listarSolicitudProceso.xhtml HTTP/1.1" 200 1400
186.103.57.91 - - [18/Mar/2023:21:14:01 -0500] "POST /sipse/faces/presentacion/financiero/solicitudProceso/listarSolicitudProceso.xhtml HTTP/1.1" 200 4910
186.103.57.91 - - [18/Mar/2023:21:14:04 -0500] "POST /sipse/faces/presentacion/financiero/solicitudProceso/listarSolicitudProceso.xhtml HTTP/1.1" 200 144958
186.103.57.91 - - [18/Mar/2023:21:14:05 -0500] "GET /sipse/faces/javax.faces.resource/jquery/jquery.js?ln=primefaces&v=4.0 HTTP/1.1" 304 -
186.103.57.91 - - [18/Mar/2023:21:14:05 -0500] "GET /sipse/faces/javax.faces.resource/jquery/jquery-plugins.js?ln=primefaces&v=4.0 HTTP/1.1" 304 -
186.103.57.91 - - [18/Mar/2023:21:14:05 -0500] "GET /sipse/faces/javax.faces.resource/primefaces.js?ln=primefaces&v=4.0 HTTP/1.1" 304 -
186.103.57.91 - - [18/Mar/2023:21:14:05 -0500] "GET /sipse/faces/javax.faces.resource/layout/layout.js?ln=primefaces&v=4.0 HTTP/1.1" 304 -
201.244.229.212 - - [18/Mar/2023:21:14:09 -0500] "POST /sipse/faces/presentacion/financiero/solicitudProceso/consultarSolicitudProceso.xhtml HTTP/1.1" 200 265018
186.103.57.91 - - [18/Mar/2023:21:14:18 -0500] "POST /sipse/faces/presentacion/financiero/solicitudProceso/consultarSolicitudProceso.xhtml HTTP/1.1" 200 137436
172.22.2.4 - - [18/Mar/2023:21:12:39 -0500] "HEAD /BLA/boletinlegal/ HTTP/1.1" 200 -
186.103.57.91 - - [18/Mar/2023:21:14:24 -0500] "POST /sipse/faces/presentacion/financiero/solicitudProceso/consultarSolicitudProceso.xhtml HTTP/1.1" 200 148325
201.221.172.75 - - [18/Mar/2023:21:14:28 -0500] "GET /mujeres-que-reverdecen-secretaria-de-ambiente-anuncia-el-inicio-de-la-tercera-fase.html HTTP/1.1" 200 954
186.103.57.91 - - [18/Mar/2023:21:14:36 -0500] "POST /sipse/faces/presentacion/financiero/solicitudProceso/consultarSolicitudProceso.xhtml HTTP/1.1" 200 83324
192.168.175.240 - - [18/Mar/2023:21:14:42 -0500] "GET / HTTP/1.1" 200 4720
186.103.57.91 - - [18/Mar/2023:21:14:42 -0500] "POST /sipse/faces/presentacion/financiero/solicitudProceso/consultarSolicitudProceso.xhtml HTTP/1.1" 200 5577
186.103.57.91 - - [18/Mar/2023:21:14:43 -0500] "GET /sipse/faces/javax.faces.resource/dynamiccontent.properties?ln=primefaces&pfdrid=XjOR5%2F%2FfPAZAuY9TpWQeCiM0BhlXxYRBGKi%2FQcXXfeA%3D&pfdrid_c=false HTTP/1.1" 200 120563
201.244.229.212 - - [18/Mar/2023:21:14:49 -0500] "POST /sipse/faces/presentacion/financiero/solicitudProceso/consultarSolicitudProceso.xhtml HTTP/1.1" 200 148665
186.103.57.91 - - [18/Mar/2023:21:14:59 -0500] "POST /sipse/faces/presentacion/financiero/solicitudProceso/consultarSolicitudProceso.xhtml HTTP/1.1" 200 5562
186.103.57.91 - - [18/Mar/2023:21:14:30 -0500] "POST /sipse/faces/presentacion/financiero/solicitudProceso/consultarSolicitudProceso.xhtml HTTP/1.1" 200 7914350
172.22.2.4 - - [18/Mar/2023:21:13:29 -0500] "GET /BLA/boletinlegal/ HTTP/1.1" 200 52720
186.103.57.91 - - [18/Mar/2023:21:15:25 -0500] "POST /sipse/faces/presentacion/financiero/solicitudProceso/consultarSolicitudProceso.xhtml HTTP/1.1" 200 33666
186.103.57.91 - - [18/Mar/2023:21:15:26 -0500] "GET /sipse/faces/javax.faces.resource/jquery/jquery.js?ln=primefaces&v=4.0 HTTP/1.1" 304 -
186.103.57.91 - - [18/Mar/2023:21:15:26 -0500] "GET /sipse/faces/javax.faces.resource/jquery/jquery-plugins.js?ln=primefaces&v=4.0 HTTP/1.1" 304 -
186.103.57.91 - - [18/Mar/2023:21:15:26 -0500] "GET /sipse/faces/javax.faces.resource/primefaces.js?ln=primefaces&v=4.0 HTTP/1.1" 304 -
186.103.57.91 - - [18/Mar/2023:21:15:26 -0500] "GET /sipse/faces/javax.faces.resource/layout/layout.js?ln=primefaces&v=4.0 HTTP/1.1" 304 -
186.103.57.91 - - [18/Mar/2023:21:15:27 -0500] "POST /sipse/faces/presentacion/sistema/reporte/listarReportes.xhtml HTTP/1.1" 200 27046
186.103.57.91 - - [18/Mar/2023:21:15:27 -0500] "POST /sipse/faces/presentacion/sistema/reporte/listarReportes.xhtml HTTP/1.1" 200 27046
186.103.57.91 - - [18/Mar/2023:21:15:28 -0500] "POST /sipse/faces/presentacion/sistema/reporte/listarReportes.xhtml HTTP/1.1" 200 27046
186.103.57.91 - - [18/Mar/2023:21:15:28 -0500] "POST /sipse/faces/presentacion/sistema/reporte/listarReportes.xhtml HTTP/1.1" 200 27046
186.103.57.91 - - [18/Mar/2023:21:15:29 -0500] "POST /sipse/faces/presentacion/sistema/reporte/listarReportes.xhtml HTTP/1.1" 200 22294
186.103.57.91 - - [18/Mar/2023:21:15:29 -0500] "GET /sipse/faces/javax.faces.resource/theme.css?ln=primefaces-sipse HTTP/1.1" 304 -
186.103.57.91 - - [18/Mar/2023:21:15:29 -0500] "GET /sipse/faces/javax.faces.resource/primefaces.css?ln=primefaces&v=4.0 HTTP/1.1" 304 -
186.103.57.91 - - [18/Mar/2023:21:15:29 -0500] "GET /sipse/faces/javax.faces.resource/layout/layout.css?ln=primefaces&v=4.0 HTTP/1.1" 304 -
186.103.57.91 - - [18/Mar/2023:21:15:29 -0500] "GET /sipse/faces/javax.faces.resource/primefaces.js?ln=primefaces&v=4.0 HTTP/1.1" 304 -
186.103.57.91 - - [18/Mar/2023:21:15:29 -0500] "GET /sipse/faces/javax.faces.resource/layout/layout.js?ln=primefaces&v=4.0 HTTP/1.1" 304 -
186.103.57.91 - - [18/Mar/2023:21:15:29 -0500] "GET /sipse/faces/javax.faces.resource/jquery/jquery-plugins.js?ln=primefaces&v=4.0 HTTP/1.1" 304 -
186.103.57.91 - - [18/Mar/2023:21:15:29 -0500] "GET /sipse/faces/javax.faces.resource/jquery/jquery.js?ln=primefaces&v=4.0 HTTP/1.1" 304 -
186.103.57.91 - - [18/Mar/2023:21:15:30 -0500] "GET /sipse/faces/javax.faces.resource/images/ui-icons_898989_256x240.png?ln=primefaces-aristo HTTP/1.1" 304 -
69.171.249.5 - - [18/Mar/2023:21:15:31 -0500] "GET /images/24%20de%20febrero%20Sendero%20guadalupe%202.jpeg HTTP/1.1" 200 70964
192.168.175.240 - - [18/Mar/2023:21:15:42 -0500] "GET / HTTP/1.1" 200 4720
192.168.175.240 - - [18/Mar/2023:21:16:42 -0500] "GET / HTTP/1.1" 200 4720
172.22.2.4 - - [18/Mar/2023:21:17:06 -0500] "GET /BLA/boletinlegal/owa/auth/logon.aspx HTTP/1.1" 404 1018
192.168.175.240 - - [18/Mar/2023:21:17:42 -0500] "GET / HTTP/1.1" 200 4720
201.245.192.253 - - [18/Mar/2023:21:18:37 -0500] "POST /kwsrmcab/Wsrmcab  HTTP/1.1" 200 42239
216.245.221.92 - - [18/Mar/2023:21:18:40 -0500] "HEAD / HTTP/1.1" 200 -
192.168.175.240 - - [18/Mar/2023:21:18:42 -0500] "GET / HTTP/1.1" 200 4720
186.103.57.91 - - [18/Mar/2023:21:18:48 -0500] "GET /sipse/faces/javax.faces.resource/images/ui-bg_flat_0_2d5972_40x100.png?ln=primefaces-aristo HTTP/1.1" 304 -
186.103.57.91 - - [18/Mar/2023:21:18:48 -0500] "POST /sipse/faces/presentacion/sistema/reporte/ventanaVerReporteParametros.xhtml HTTP/1.1" 200 39984
186.103.57.91 - - [18/Mar/2023:21:18:48 -0500] "GET /sipse/faces/javax.faces.resource/jquery/jquery.js?ln=primefaces&v=4.0 HTTP/1.1" 304 -
186.103.57.91 - - [18/Mar/2023:21:18:48 -0500] "GET /sipse/faces/javax.faces.resource/jquery/jquery-plugins.js?ln=primefaces&v=4.0 HTTP/1.1" 304 -
186.103.57.91 - - [18/Mar/2023:21:18:49 -0500] "GET /sipse/faces/javax.faces.resource/primefaces.js?ln=primefaces&v=4.0 HTTP/1.1" 304 -
186.103.57.91 - - [18/Mar/2023:21:18:49 -0500] "GET /sipse/faces/javax.faces.resource/layout/layout.js?ln=primefaces&v=4.0 HTTP/1.1" 304 -
186.103.57.91 - - [18/Mar/2023:21:18:49 -0500] "POST /sipse/faces/presentacion/financiero/solicitudProceso/listarSolicitudProceso.xhtml HTTP/1.1" 200 1396
186.103.57.91 - - [18/Mar/2023:21:18:52 -0500] "POST /sipse/faces/presentacion/financiero/solicitudProceso/listarSolicitudProceso.xhtml HTTP/1.1" 200 4888
186.103.57.91 - - [18/Mar/2023:21:18:54 -0500] "POST /sipse/faces/presentacion/financiero/solicitudProceso/listarSolicitudProceso.xhtml HTTP/1.1" 200 144917
186.103.57.91 - - [18/Mar/2023:21:18:55 -0500] "GET /sipse/faces/javax.faces.resource/jquery/jquery.js?ln=primefaces&v=4.0 HTTP/1.1" 304 -
186.103.57.91 - - [18/Mar/2023:21:18:55 -0500] "GET /sipse/faces/javax.faces.resource/jquery/jquery-plugins.js?ln=primefaces&v=4.0 HTTP/1.1" 304 -
186.103.57.91 - - [18/Mar/2023:21:18:55 -0500] "GET /sipse/faces/javax.faces.resource/primefaces.js?ln=primefaces&v=4.0 HTTP/1.1" 304 -
186.103.57.91 - - [18/Mar/2023:21:18:56 -0500] "GET /sipse/faces/javax.faces.resource/layout/layout.js?ln=primefaces&v=4.0 HTTP/1.1" 304 -
172.22.2.4 - - [18/Mar/2023:21:18:58 -0500] "GET /BLA/boletinlegal/ecp/Current/exporttool/microsoft.exchange.ediscovery.exporttool.application HTTP/1.1" 404 1018
186.103.57.91 - - [18/Mar/2023:21:19:04 -0500] "POST /sipse/faces/presentacion/financiero/solicitudProceso/consultarSolicitudProceso.xhtml HTTP/1.1" 200 137436
186.103.57.91 - - [18/Mar/2023:21:19:09 -0500] "POST /sipse/faces/presentacion/financiero/solicitudProceso/consultarSolicitudProceso.xhtml HTTP/1.1" 200 159805
186.103.57.91 - - [18/Mar/2023:21:19:18 -0500] "POST /sipse/faces/presentacion/financiero/solicitudProceso/consultarSolicitudProceso.xhtml HTTP/1.1" 200 83269
186.103.57.91 - - [18/Mar/2023:21:19:24 -0500] "POST /sipse/faces/presentacion/financiero/solicitudProceso/consultarSolicitudProceso.xhtml HTTP/1.1" 200 5577
186.103.57.91 - - [18/Mar/2023:21:19:24 -0500] "GET /sipse/faces/javax.faces.resource/dynamiccontent.properties?ln=primefaces&pfdrid=XjOR5%2F%2FfPAZAuY9TpWQeCiM0BhlXxYRBGKi%2FQcXXfeA%3D&pfdrid_c=false HTTP/1.1" 200 165366
69.171.249.15 - - [18/Mar/2023:21:19:26 -0500] "GET /distrito-entrego-certificado-de-reconocimiento-a-mas-de-600-mujeres-que-reverdecen-tras-seis-meses-de-formacion-teorica-y-practica.html HTTP/1.1" 206 1113
186.103.57.91 - - [18/Mar/2023:21:19:41 -0500] "POST /sipse/faces/presentacion/financiero/solicitudProceso/consultarSolicitudProceso.xhtml HTTP/1.1" 200 5562
192.168.175.240 - - [18/Mar/2023:21:19:42 -0500] "GET / HTTP/1.1" 200 4720
186.103.57.91 - - [18/Mar/2023:21:19:15 -0500] "POST /sipse/faces/presentacion/financiero/solicitudProceso/consultarSolicitudProceso.xhtml HTTP/1.1" 200 10481825
172.22.2.4 - - [18/Mar/2023:21:18:29 -0500] "HEAD /BLA/boletinlegal/ HTTP/1.1" 200 -
186.103.57.91 - - [18/Mar/2023:21:20:11 -0500] "POST /sipse/faces/presentacion/financiero/solicitudProceso/consultarSolicitudProceso.xhtml HTTP/1.1" 200 33666
186.103.57.91 - - [18/Mar/2023:21:20:12 -0500] "GET /sipse/faces/javax.faces.resource/jquery/jquery.js?ln=primefaces&v=4.0 HTTP/1.1" 304 -
186.103.57.91 - - [18/Mar/2023:21:20:12 -0500] "GET /sipse/faces/javax.faces.resource/jquery/jquery-plugins.js?ln=primefaces&v=4.0 HTTP/1.1" 304 -
186.103.57.91 - - [18/Mar/2023:21:20:12 -0500] "GET /sipse/faces/javax.faces.resource/primefaces.js?ln=primefaces&v=4.0 HTTP/1.1" 304 -
186.103.57.91 - - [18/Mar/2023:21:20:12 -0500] "GET /sipse/faces/javax.faces.resource/layout/layout.js?ln=primefaces&v=4.0 HTTP/1.1" 304 -
186.103.57.91 - - [18/Mar/2023:21:20:12 -0500] "POST /sipse/faces/presentacion/sistema/reporte/listarReportes.xhtml HTTP/1.1" 200 27046
186.103.57.91 - - [18/Mar/2023:21:20:13 -0500] "POST /sipse/faces/presentacion/sistema/reporte/listarReportes.xhtml HTTP/1.1" 200 27046
186.103.57.91 - - [18/Mar/2023:21:20:14 -0500] "POST /sipse/faces/presentacion/sistema/reporte/listarReportes.xhtml HTTP/1.1" 200 22294
186.103.57.91 - - [18/Mar/2023:21:20:14 -0500] "GET /sipse/faces/javax.faces.resource/theme.css?ln=primefaces-sipse HTTP/1.1" 304 -
186.103.57.91 - - [18/Mar/2023:21:20:14 -0500] "GET /sipse/faces/javax.faces.resource/primefaces.css?ln=primefaces&v=4.0 HTTP/1.1" 304 -
186.103.57.91 - - [18/Mar/2023:21:20:14 -0500] "GET /sipse/faces/javax.faces.resource/layout/layout.css?ln=primefaces&v=4.0 HTTP/1.1" 304 -
186.103.57.91 - - [18/Mar/2023:21:20:14 -0500] "GET /sipse/faces/javax.faces.resource/primefaces.js?ln=primefaces&v=4.0 HTTP/1.1" 304 -
186.103.57.91 - - [18/Mar/2023:21:20:14 -0500] "GET /sipse/faces/javax.faces.resource/jquery/jquery-plugins.js?ln=primefaces&v=4.0 HTTP/1.1" 304 -
186.103.57.91 - - [18/Mar/2023:21:20:14 -0500] "GET /sipse/faces/javax.faces.resource/jquery/jquery.js?ln=primefaces&v=4.0 HTTP/1.1" 304 -
186.103.57.91 - - [18/Mar/2023:21:20:14 -0500] "GET /sipse/faces/javax.faces.resource/layout/layout.js?ln=primefaces&v=4.0 HTTP/1.1" 304 -
186.103.57.91 - - [18/Mar/2023:21:20:14 -0500] "GET /sipse/faces/javax.faces.resource/images/ui-icons_898989_256x240.png?ln=primefaces-aristo HTTP/1.1" 304 -
192.168.175.240 - - [18/Mar/2023:21:20:42 -0500] "GET / HTTP/1.1" 200 4720
201.245.192.253 - - [18/Mar/2023:21:20:41 -0500] "POST /kwsrmcab/Wsrmcab HTTP/1.1" 200 42529
201.245.192.253 - - [18/Mar/2023:21:20:44 -0500] "POST /kwsrmcab/Wsrmcab HTTP/1.1" 200 43777
172.22.2.4 - - [18/Mar/2023:21:19:19 -0500] "GET /BLA/boletinlegal/ HTTP/1.1" 200 57141
192.168.175.240 - - [18/Mar/2023:21:21:42 -0500] "GET / HTTP/1.1" 200 4720
170.78.42.66 - - [18/Mar/2023:21:22:27 -0500] "GET /mujeres-que-reverdecen-secretaria-de-ambiente-anuncia-el-inicio-de-la-tercera-fase.html HTTP/1.1" 304 -
192.168.175.240 - - [18/Mar/2023:21:22:42 -0500] "GET / HTTP/1.1" 200 4720
170.245.115.205 - - [18/Mar/2023:21:23:10 -0500] "GET / HTTP/1.0" 200 319
201.245.192.253 - - [18/Mar/2023:21:23:34 -0500] "POST /kwsrmcab/Wsrmcab  HTTP/1.1" 200 42239
216.245.221.92 - - [18/Mar/2023:21:23:40 -0500] "HEAD / HTTP/1.1" 200 -
69.171.251.117 - - [18/Mar/2023:21:23:41 -0500] "GET /images/caminatas-ecol\xc3\xb3gicas-marzo---1920x1080_optimized.jpg HTTP/1.1" 404 1034
192.168.175.240 - - [18/Mar/2023:21:23:42 -0500] "GET / HTTP/1.1" 200 4720
201.244.229.212 - - [18/Mar/2023:21:23:51 -0500] "POST /sipse/faces/presentacion/financiero/solicitudProceso/consultarSolicitudProceso.xhtml HTTP/1.1" 200 41515
201.244.229.212 - - [18/Mar/2023:21:23:51 -0500] "GET /sipse/faces/javax.faces.resource/theme.css?ln=primefaces-sipse HTTP/1.1" 304 -
201.244.229.212 - - [18/Mar/2023:21:23:51 -0500] "GET /sipse/faces/javax.faces.resource/primefaces.css?ln=primefaces&v=4.0 HTTP/1.1" 304 -
201.244.229.212 - - [18/Mar/2023:21:23:51 -0500] "GET /sipse/faces/javax.faces.resource/layout/layout.css?ln=primefaces&v=4.0 HTTP/1.1" 304 -
201.244.229.212 - - [18/Mar/2023:21:23:51 -0500] "GET /sipse/faces/javax.faces.resource/jquery/jquery.js?ln=primefaces&v=4.0 HTTP/1.1" 304 -
201.244.229.212 - - [18/Mar/2023:21:23:51 -0500] "GET /sipse/faces/javax.faces.resource/jquery/jquery-plugins.js?ln=primefaces&v=4.0 HTTP/1.1" 304 -
201.244.229.212 - - [18/Mar/2023:21:23:52 -0500] "GET /sipse/faces/javax.faces.resource/primefaces.js?ln=primefaces&v=4.0 HTTP/1.1" 304 -
201.244.229.212 - - [18/Mar/2023:21:23:52 -0500] "GET /sipse/faces/javax.faces.resource/layout/layout.js?ln=primefaces&v=4.0 HTTP/1.1" 304 -
201.244.229.212 - - [18/Mar/2023:21:23:52 -0500] "POST /sipse/faces/presentacion/financiero/solicitudProceso/consultar.xhtml HTTP/1.1" 200 34882
201.244.229.212 - - [18/Mar/2023:21:23:52 -0500] "POST /sipse/faces/presentacion/financiero/solicitudProceso/consultar.xhtml HTTP/1.1" 200 34882
172.22.2.4 - - [18/Mar/2023:21:23:53 -0500] "GET /BLA/boletinlegal/owa/auth/x.js HTTP/1.1" 404 1018
201.244.229.212 - - [18/Mar/2023:21:24:00 -0500] "POST /sipse/faces/presentacion/financiero/solicitudProceso/consultar.xhtml HTTP/1.1" 200 12799
201.244.229.212 - - [18/Mar/2023:21:24:04 -0500] "POST /sipse/faces/presentacion/financiero/solicitudProceso/consultar.xhtml HTTP/1.1" 200 159264
201.244.229.212 - - [18/Mar/2023:21:24:05 -0500] "GET /sipse/faces/javax.faces.resource/primefaces.css?ln=primefaces&v=4.0 HTTP/1.1" 304 -
201.244.229.212 - - [18/Mar/2023:21:24:05 -0500] "GET /sipse/faces/javax.faces.resource/theme.css?ln=primefaces-sipse HTTP/1.1" 304 -
201.244.229.212 - - [18/Mar/2023:21:24:05 -0500] "GET /sipse/faces/javax.faces.resource/layout/layout.css?ln=primefaces&v=4.0 HTTP/1.1" 304 -
201.244.229.212 - - [18/Mar/2023:21:24:05 -0500] "GET /sipse/faces/javax.faces.resource/jquery/jquery.js?ln=primefaces&v=4.0 HTTP/1.1" 304 -
201.244.229.212 - - [18/Mar/2023:21:24:05 -0500] "GET /sipse/faces/javax.faces.resource/jquery/jquery-plugins.js?ln=primefaces&v=4.0 HTTP/1.1" 304 -
201.244.229.212 - - [18/Mar/2023:21:24:05 -0500] "GET /sipse/faces/javax.faces.resource/primefaces.js?ln=primefaces&v=4.0 HTTP/1.1" 304 -
201.244.229.212 - - [18/Mar/2023:21:24:06 -0500] "GET /sipse/faces/javax.faces.resource/layout/layout.js?ln=primefaces&v=4.0 HTTP/1.1" 304 -
201.244.229.212 - - [18/Mar/2023:21:24:21 -0500] "POST /sipse/faces/presentacion/financiero/solicitudProceso/consultarSolicitudProceso.xhtml HTTP/1.1" 200 166097
192.168.175.240 - - [18/Mar/2023:21:24:42 -0500] "GET / HTTP/1.1" 200 4720
201.244.229.212 - - [18/Mar/2023:21:24:46 -0500] "POST /sipse/faces/presentacion/financiero/solicitudProceso/consultarSolicitudProceso.xhtml HTTP/1.1" 200 148410
52.167.144.167 - - [18/Mar/2023:21:25:36 -0500] "GET /bla/resoluciones/resoluciones%202022/4124.pdf HTTP/1.1" 200 532220
192.168.175.240 - - [18/Mar/2023:21:25:42 -0500] "GET / HTTP/1.1" 200 4720
172.22.2.4 - - [18/Mar/2023:21:24:06 -0500] "GET /BLA/boletinlegal/index.php HTTP/1.1" 200 52720
172.22.2.4 - - [18/Mar/2023:21:25:49 -0500] "GET /BLA/boletinlegal/js/jquery.js HTTP/1.1" 200 57254
186.155.45.242 - - [18/Mar/2023:21:25:53 -0500] "GET /galeria/galeria/jquery.fancybox.css?v=2.1.5 HTTP/1.1" 200 4895
186.155.45.242 - - [18/Mar/2023:21:25:53 -0500] "GET /BLA/boletinlegal/js/jquery.scrollShow.js HTTP/1.1" 200 4586
186.155.45.242 - - [18/Mar/2023:21:25:53 -0500] "GET /galeria/galeria/jquery.fancybox.js?v=2.1.5 HTTP/1.1" 200 48706
172.22.2.4 - - [18/Mar/2023:21:24:19 -0500] "HEAD /BLA/boletinlegal/ HTTP/1.1" 200 -
192.168.175.240 - - [18/Mar/2023:21:26:42 -0500] "GET / HTTP/1.1" 200 4720
172.22.2.4 - - [18/Mar/2023:21:25:09 -0500] "GET /BLA/boletinlegal/ HTTP/1.1" 200 54414
192.168.175.240 - - [18/Mar/2023:21:27:42 -0500] "GET / HTTP/1.1" 200 4720
201.245.192.253 - - [18/Mar/2023:21:28:34 -0500] "POST /kwsrmcab/Wsrmcab  HTTP/1.1" 200 42239
216.245.221.92 - - [18/Mar/2023:21:28:40 -0500] "HEAD / HTTP/1.1" 200 -
192.168.175.240 - - [18/Mar/2023:21:28:42 -0500] "GET / HTTP/1.1" 200 4720
192.168.175.240 - - [18/Mar/2023:21:29:42 -0500] "GET / HTTP/1.1" 200 4720
192.168.175.240 - - [18/Mar/2023:21:30:42 -0500] "GET / HTTP/1.1" 200 4720
201.245.192.253 - - [18/Mar/2023:21:30:41 -0500] "POST /kwsrmcab/Wsrmcab HTTP/1.1" 200 42529
201.245.192.253 - - [18/Mar/2023:21:30:44 -0500] "POST /kwsrmcab/Wsrmcab HTTP/1.1" 200 43777
52.167.144.167 - - [18/Mar/2023:21:30:59 -0500] "GET / HTTP/1.1" 200 319
186.29.99.52 - - [18/Mar/2023:21:31:26 -0500] "POST /sipse/faces/presentacion/financiero/solicitudProceso/listarSolicitudProceso.xhtml HTTP/1.1" 200 58555
186.29.99.52 - - [18/Mar/2023:21:31:26 -0500] "POST /sipse/faces/presentacion/financiero/solicitudProceso/listarSolicitudProceso.xhtml HTTP/1.1" 200 58555
186.29.99.52 - - [18/Mar/2023:21:31:27 -0500] "POST /sipse/faces/presentacion/financiero/solicitudProceso/listarSolicitudProceso.xhtml HTTP/1.1" 200 58555
186.29.99.52 - - [18/Mar/2023:21:31:27 -0500] "POST /sipse/faces/presentacion/financiero/solicitudProceso/listarSolicitudProceso.xhtml HTTP/1.1" 200 58555
186.29.99.52 - - [18/Mar/2023:21:31:27 -0500] "POST /sipse/faces/presentacion/financiero/solicitudProceso/listarSolicitudProceso.xhtml HTTP/1.1" 200 58555
186.29.99.52 - - [18/Mar/2023:21:31:28 -0500] "POST /sipse/faces/presentacion/financiero/solicitudProceso/listarSolicitudProceso.xhtml HTTP/1.1" 200 1560
186.29.99.52 - - [18/Mar/2023:21:31:28 -0500] "POST /sipse/faces/presentacion/financiero/solicitudProceso/listarSolicitudProceso.xhtml HTTP/1.1" 200 1552
186.29.99.52 - - [18/Mar/2023:21:31:28 -0500] "POST /sipse/faces/presentacion/financiero/solicitudProceso/listarSolicitudProceso.xhtml HTTP/1.1" 200 1564
186.29.99.52 - - [18/Mar/2023:21:31:28 -0500] "POST /sipse/faces/presentacion/financiero/solicitudProceso/listarSolicitudProceso.xhtml HTTP/1.1" 200 1552
186.29.99.52 - - [18/Mar/2023:21:31:29 -0500] "POST /sipse/faces/presentacion/financiero/solicitudProceso/listarSolicitudProceso.xhtml HTTP/1.1" 200 1564
186.29.99.52 - - [18/Mar/2023:21:31:33 -0500] "POST /sipse/faces/presentacion/financiero/solicitudProceso/listarSolicitudProceso.xhtml HTTP/1.1" 200 58555
186.29.99.52 - - [18/Mar/2023:21:31:34 -0500] "POST /sipse/faces/presentacion/financiero/solicitudProceso/listarSolicitudProceso.xhtml HTTP/1.1" 200 58555
186.29.99.52 - - [18/Mar/2023:21:31:34 -0500] "POST /sipse/faces/presentacion/financiero/solicitudProceso/listarSolicitudProceso.xhtml HTTP/1.1" 200 58555
186.29.99.52 - - [18/Mar/2023:21:31:34 -0500] "POST /sipse/faces/presentacion/financiero/solicitudProceso/listarSolicitudProceso.xhtml HTTP/1.1" 200 58555
186.29.99.52 - - [18/Mar/2023:21:31:34 -0500] "POST /sipse/faces/presentacion/financiero/solicitudProceso/listarSolicitudProceso.xhtml HTTP/1.1" 200 58555
186.29.99.52 - - [18/Mar/2023:21:31:35 -0500] "POST /sipse/faces/presentacion/financiero/solicitudProceso/listarSolicitudProceso.xhtml HTTP/1.1" 200 1560
186.29.99.52 - - [18/Mar/2023:21:31:35 -0500] "POST /sipse/faces/presentacion/financiero/solicitudProceso/listarSolicitudProceso.xhtml HTTP/1.1" 200 1552
186.29.99.52 - - [18/Mar/2023:21:31:35 -0500] "POST /sipse/faces/presentacion/financiero/solicitudProceso/listarSolicitudProceso.xhtml HTTP/1.1" 200 1564
186.29.99.52 - - [18/Mar/2023:21:31:36 -0500] "POST /sipse/faces/presentacion/financiero/solicitudProceso/listarSolicitudProceso.xhtml HTTP/1.1" 200 1552
186.29.99.52 - - [18/Mar/2023:21:31:36 -0500] "POST /sipse/faces/presentacion/financiero/solicitudProceso/listarSolicitudProceso.xhtml HTTP/1.1" 200 1564
192.168.175.240 - - [18/Mar/2023:21:31:42 -0500] "GET / HTTP/1.1" 200 4720
172.22.2.4 - - [18/Mar/2023:21:30:09 -0500] "HEAD /BLA/boletinlegal/ HTTP/1.1" 200 -
172.22.2.4 - - [18/Mar/2023:21:30:59 -0500] "GET /BLA/boletinlegal/ HTTP/1.1" 200 52316
192.168.175.240 - - [18/Mar/2023:21:32:42 -0500] "GET / HTTP/1.1" 200 4720
201.245.192.253 - - [18/Mar/2023:21:33:33 -0500] "POST /kwsrmcab/Wsrmcab  HTTP/1.1" 200 42239
216.245.221.92 - - [18/Mar/2023:21:33:40 -0500] "HEAD / HTTP/1.1" 200 -
192.168.175.240 - - [18/Mar/2023:21:33:42 -0500] "GET / HTTP/1.1" 200 4720
201.244.229.212 - - [18/Mar/2023:21:33:48 -0500] "POST /sipse/faces/presentacion/financiero/solicitudProceso/consultarSolicitudProceso.xhtml HTTP/1.1" 200 41398
201.244.229.212 - - [18/Mar/2023:21:33:48 -0500] "GET /sipse/faces/javax.faces.resource/theme.css?ln=primefaces-sipse HTTP/1.1" 304 -
201.244.229.212 - - [18/Mar/2023:21:33:48 -0500] "GET /sipse/faces/javax.faces.resource/layout/layout.css?ln=primefaces&v=4.0 HTTP/1.1" 304 -
201.244.229.212 - - [18/Mar/2023:21:33:48 -0500] "GET /sipse/faces/javax.faces.resource/jquery/jquery.js?ln=primefaces&v=4.0 HTTP/1.1" 304 -
201.244.229.212 - - [18/Mar/2023:21:33:48 -0500] "GET /sipse/faces/javax.faces.resource/primefaces.css?ln=primefaces&v=4.0 HTTP/1.1" 304 -
201.244.229.212 - - [18/Mar/2023:21:33:48 -0500] "GET /sipse/faces/javax.faces.resource/jquery/jquery-plugins.js?ln=primefaces&v=4.0 HTTP/1.1" 304 -
201.244.229.212 - - [18/Mar/2023:21:33:50 -0500] "GET /sipse/faces/javax.faces.resource/primefaces.js?ln=primefaces&v=4.0 HTTP/1.1" 304 -
201.244.229.212 - - [18/Mar/2023:21:33:50 -0500] "GET /sipse/faces/javax.faces.resource/layout/layout.js?ln=primefaces&v=4.0 HTTP/1.1" 304 -
201.244.229.212 - - [18/Mar/2023:21:33:50 -0500] "POST /sipse/faces/presentacion/financiero/solicitudProceso/consultar.xhtml HTTP/1.1" 200 34765
201.244.229.212 - - [18/Mar/2023:21:33:50 -0500] "POST /sipse/faces/presentacion/financiero/solicitudProceso/consultar.xhtml HTTP/1.1" 200 34765
201.244.229.212 - - [18/Mar/2023:21:33:50 -0500] "POST /sipse/faces/presentacion/financiero/solicitudProceso/consultar.xhtml HTTP/1.1" 200 34765
201.244.229.212 - - [18/Mar/2023:21:33:51 -0500] "POST /sipse/faces/presentacion/financiero/solicitudProceso/consultar.xhtml HTTP/1.1" 200 34765
201.244.229.212 - - [18/Mar/2023:21:33:57 -0500] "POST /sipse/faces/presentacion/financiero/solicitudProceso/consultar.xhtml HTTP/1.1" 200 12758
201.244.229.212 - - [18/Mar/2023:21:34:02 -0500] "POST /sipse/faces/presentacion/financiero/solicitudProceso/consultar.xhtml HTTP/1.1" 200 149865
201.244.229.212 - - [18/Mar/2023:21:34:03 -0500] "GET /sipse/faces/javax.faces.resource/theme.css?ln=primefaces-sipse HTTP/1.1" 304 -
201.244.229.212 - - [18/Mar/2023:21:34:03 -0500] "GET /sipse/faces/javax.faces.resource/layout/layout.css?ln=primefaces&v=4.0 HTTP/1.1" 304 -
201.244.229.212 - - [18/Mar/2023:21:34:03 -0500] "GET /sipse/faces/javax.faces.resource/primefaces.css?ln=primefaces&v=4.0 HTTP/1.1" 304 -
201.244.229.212 - - [18/Mar/2023:21:34:04 -0500] "GET /sipse/faces/javax.faces.resource/jquery/jquery.js?ln=primefaces&v=4.0 HTTP/1.1" 304 -
201.244.229.212 - - [18/Mar/2023:21:34:04 -0500] "GET /sipse/faces/javax.faces.resource/jquery/jquery-plugins.js?ln=primefaces&v=4.0 HTTP/1.1" 304 -
201.244.229.212 - - [18/Mar/2023:21:34:04 -0500] "GET /sipse/faces/javax.faces.resource/primefaces.js?ln=primefaces&v=4.0 HTTP/1.1" 304 -
201.244.229.212 - - [18/Mar/2023:21:34:04 -0500] "GET /sipse/faces/javax.faces.resource/layout/layout.js?ln=primefaces&v=4.0 HTTP/1.1" 304 -
201.244.229.212 - - [18/Mar/2023:21:34:12 -0500] "POST /sipse/faces/presentacion/financiero/solicitudProceso/consultarSolicitudProceso.xhtml HTTP/1.1" 200 271491
201.244.229.212 - - [18/Mar/2023:21:34:28 -0500] "POST /sipse/faces/presentacion/financiero/solicitudProceso/consultarSolicitudProceso.xhtml HTTP/1.1" 200 148410
192.168.175.240 - - [18/Mar/2023:21:34:42 -0500] "GET / HTTP/1.1" 200 4720
165.232.106.129 - - [18/Mar/2023:21:35:41 -0500] "GET / HTTP/1.0" 200 319
192.168.175.240 - - [18/Mar/2023:21:35:42 -0500] "GET / HTTP/1.1" 200 4720
172.22.2.4 - - [18/Mar/2023:21:34:05 -0500] "GET /BLA/boletinlegal/ HTTP/1.1" 200 62202
206.189.224.243 - - [18/Mar/2023:21:35:55 -0500] "GET / HTTP/1.0" 200 319
206.189.224.243 - - [18/Mar/2023:21:35:56 -0500] "Gh0st\xad" 400 226
206.189.224.243 - - [18/Mar/2023:21:36:00 -0500] "HELP" 501 953
206.189.224.243 - - [18/Mar/2023:21:36:00 -0500] "\x1b\x84\xd5\xb0]\xf4\xc4\x93\xc50\xc2X\x8c\xda\xb1\xd7\xac\xafn\x1d\xe1\x1e\x1a3*\x85\xb7\x1d'\xb1\xc9k\xbf\xf0\xbc" 501 953
206.189.224.243 - - [18/Mar/2023:21:36:02 -0500] "\x16\x03\x01" 400 226
206.189.224.243 - - [18/Mar/2023:21:36:04 -0500] "\xbd\xff\x9e\xffE\xff\x9e\xff\xbd\xff\x9e\xff\xa4\xff\x86\xff\xc4\xff\xbe\xff\xc7\xff\xdb\xff\xee\xffx\\d9\xff\xed\xff\xa4\xff\x9d\xff\xcf\xff\xd8\xff\xe5\xff\x04\xff\x12\xff0\xff\xb1\xff\xbd\xff\xe7\xff\xe2\xff\xdd\xff\xdc\xff\xde\xff\xc8\xff\xcc\xff\xbe\xff\xf8\xff&\xff\x01\xff\x0f\xff\xf5\xff\x06\xff\xff\xff\xf7\xff!\xff\xde\xff\x02\xff&\xff\x0c\xff\x01\xff\xf5\xff" 400 946
192.168.175.240 - - [18/Mar/2023:21:36:42 -0500] "GET / HTTP/1.1" 200 4720
172.22.2.4 - - [18/Mar/2023:21:35:59 -0500] "HEAD /BLA/boletinlegal/ HTTP/1.1" 200 -
192.168.175.240 - - [18/Mar/2023:21:37:42 -0500] "GET / HTTP/1.1" 200 4720
172.22.2.4 - - [18/Mar/2023:21:38:03 -0500] "GET /BLA/boletinlegal/Circulares/2019/.pdf HTTP/1.1" 404 1218
172.22.2.4 - - [18/Mar/2023:21:38:12 -0500] "GET /BLA/boletinlegal/Circulares/2012/Circular%20No.%2010%20del%2026%20de%20Enero%20de%202012.pdf HTTP/1.1" 404 1218
172.22.2.4 - - [18/Mar/2023:21:36:49 -0500] "GET /BLA/boletinlegal/ HTTP/1.1" 200 56744
201.245.192.253 - - [18/Mar/2023:21:38:31 -0500] "POST /kwsrmcab/Wsrmcab  HTTP/1.1" 200 42239
216.245.221.92 - - [18/Mar/2023:21:38:40 -0500] "HEAD / HTTP/1.1" 200 -
192.168.175.240 - - [18/Mar/2023:21:38:42 -0500] "GET / HTTP/1.1" 200 4720
192.168.175.240 - - [18/Mar/2023:21:39:42 -0500] "GET / HTTP/1.1" 200 4720
192.168.175.240 - - [18/Mar/2023:21:40:42 -0500] "GET / HTTP/1.1" 200 4720
201.245.192.253 - - [18/Mar/2023:21:40:41 -0500] "POST /kwsrmcab/Wsrmcab HTTP/1.1" 200 42529
201.245.192.253 - - [18/Mar/2023:21:40:44 -0500] "POST /kwsrmcab/Wsrmcab HTTP/1.1" 200 43777
146.75.208.2 - - [18/Mar/2023:21:41:14 -0500] "GET /images/jardines-verticales_optimized.jpeg HTTP/1.1" 200 138197
192.168.175.240 - - [18/Mar/2023:21:41:42 -0500] "GET / HTTP/1.1" 200 4720
192.168.175.240 - - [18/Mar/2023:21:42:42 -0500] "GET / HTTP/1.1" 200 4720
172.22.2.4 - - [18/Mar/2023:21:41:49 -0500] "HEAD /BLA/boletinlegal/ HTTP/1.1" 200 -
201.245.192.253 - - [18/Mar/2023:21:43:30 -0500] "POST /kwsrmcab/Wsrmcab  HTTP/1.1" 200 42239
216.245.221.92 - - [18/Mar/2023:21:43:40 -0500] "HEAD / HTTP/1.1" 200 -
192.168.175.240 - - [18/Mar/2023:21:43:42 -0500] "GET / HTTP/1.1" 200 4720
64.124.8.37 - - [18/Mar/2023:21:43:45 -0500] "-" 408 -
172.22.2.4 - - [18/Mar/2023:21:42:39 -0500] "GET /BLA/boletinlegal/ HTTP/1.1" 200 57935
201.244.229.212 - - [18/Mar/2023:21:44:42 -0500] "POST /sipse/faces/presentacion/financiero/solicitudProceso/consultarSolicitudProceso.xhtml HTTP/1.1" 200 41357
192.168.175.240 - - [18/Mar/2023:21:44:42 -0500] "GET / HTTP/1.1" 200 4720
201.244.229.212 - - [18/Mar/2023:21:44:42 -0500] "GET /sipse/faces/javax.faces.resource/theme.css?ln=primefaces-sipse HTTP/1.1" 304 -
201.244.229.212 - - [18/Mar/2023:21:44:43 -0500] "GET /sipse/faces/javax.faces.resource/layout/layout.css?ln=primefaces&v=4.0 HTTP/1.1" 304 -
201.244.229.212 - - [18/Mar/2023:21:44:43 -0500] "GET /sipse/faces/javax.faces.resource/primefaces.css?ln=primefaces&v=4.0 HTTP/1.1" 304 -
201.244.229.212 - - [18/Mar/2023:21:44:43 -0500] "GET /sipse/faces/javax.faces.resource/jquery/jquery.js?ln=primefaces&v=4.0 HTTP/1.1" 304 -
201.244.229.212 - - [18/Mar/2023:21:44:43 -0500] "GET /sipse/faces/javax.faces.resource/jquery/jquery-plugins.js?ln=primefaces&v=4.0 HTTP/1.1" 304 -
201.244.229.212 - - [18/Mar/2023:21:44:43 -0500] "GET /sipse/faces/javax.faces.resource/primefaces.js?ln=primefaces&v=4.0 HTTP/1.1" 304 -
201.244.229.212 - - [18/Mar/2023:21:44:43 -0500] "GET /sipse/faces/javax.faces.resource/layout/layout.js?ln=primefaces&v=4.0 HTTP/1.1" 304 -
201.244.229.212 - - [18/Mar/2023:21:44:43 -0500] "POST /sipse/faces/presentacion/financiero/solicitudProceso/consultar.xhtml HTTP/1.1" 200 34724
201.244.229.212 - - [18/Mar/2023:21:44:43 -0500] "POST /sipse/faces/presentacion/financiero/solicitudProceso/consultar.xhtml HTTP/1.1" 200 34724
201.244.229.212 - - [18/Mar/2023:21:44:44 -0500] "POST /sipse/faces/presentacion/financiero/solicitudProceso/consultar.xhtml HTTP/1.1" 200 34724
201.244.229.212 - - [18/Mar/2023:21:44:44 -0500] "POST /sipse/faces/presentacion/financiero/solicitudProceso/consultar.xhtml HTTP/1.1" 200 34724
201.244.229.212 - - [18/Mar/2023:21:44:44 -0500] "POST /sipse/faces/presentacion/financiero/solicitudProceso/consultar.xhtml HTTP/1.1" 200 34724
201.244.229.212 - - [18/Mar/2023:21:44:45 -0500] "POST /sipse/faces/presentacion/financiero/solicitudProceso/consultar.xhtml HTTP/1.1" 200 34724
201.244.229.212 - - [18/Mar/2023:21:44:48 -0500] "POST /sipse/faces/presentacion/financiero/solicitudProceso/consultar.xhtml HTTP/1.1" 200 12921
201.244.229.212 - - [18/Mar/2023:21:44:56 -0500] "POST /sipse/faces/presentacion/financiero/solicitudProceso/consultar.xhtml HTTP/1.1" 200 161260
201.244.229.212 - - [18/Mar/2023:21:44:57 -0500] "GET /sipse/faces/javax.faces.resource/primefaces.css?ln=primefaces&v=4.0 HTTP/1.1" 304 -
201.244.229.212 - - [18/Mar/2023:21:44:57 -0500] "GET /sipse/faces/javax.faces.resource/theme.css?ln=primefaces-sipse HTTP/1.1" 304 -
201.244.229.212 - - [18/Mar/2023:21:44:57 -0500] "GET /sipse/faces/javax.faces.resource/layout/layout.css?ln=primefaces&v=4.0 HTTP/1.1" 304 -
201.244.229.212 - - [18/Mar/2023:21:44:57 -0500] "GET /sipse/faces/javax.faces.resource/jquery/jquery.js?ln=primefaces&v=4.0 HTTP/1.1" 304 -
201.244.229.212 - - [18/Mar/2023:21:44:57 -0500] "GET /sipse/faces/javax.faces.resource/jquery/jquery-plugins.js?ln=primefaces&v=4.0 HTTP/1.1" 304 -
201.244.229.212 - - [18/Mar/2023:21:44:58 -0500] "GET /sipse/faces/javax.faces.resource/primefaces.js?ln=primefaces&v=4.0 HTTP/1.1" 304 -
201.244.229.212 - - [18/Mar/2023:21:44:58 -0500] "GET /sipse/faces/javax.faces.resource/layout/layout.js?ln=primefaces&v=4.0 HTTP/1.1" 304 -
201.244.229.212 - - [18/Mar/2023:21:45:12 -0500] "POST /sipse/faces/presentacion/financiero/solicitudProceso/consultarSolicitudProceso.xhtml HTTP/1.1" 200 159053
186.28.22.135 - - [18/Mar/2023:21:45:21 -0500] "GET /inscribete-y-participa-en-las-caminatas-ecologicas-de-marzo.html HTTP/1.1" 200 924
201.244.229.212 - - [18/Mar/2023:21:45:30 -0500] "POST /sipse/faces/presentacion/financiero/solicitudProceso/consultarSolicitudProceso.xhtml HTTP/1.1" 200 133110
192.168.175.240 - - [18/Mar/2023:21:45:42 -0500] "GET / HTTP/1.1" 200 4720
172.22.2.4 - - [18/Mar/2023:21:46:00 -0500] "GET /BLA/boletinlegal/actos.php HTTP/1.1" 200 9672
172.22.2.4 - - [18/Mar/2023:21:46:00 -0500] "GET /BLA/boletinlegal/favicon.ico HTTP/1.1" 404 1326
186.29.180.126 - - [18/Mar/2023:21:46:04 -0500] "GET /BLA/resoluciones/ HTTP/1.1" 200 13502
192.168.175.240 - - [18/Mar/2023:21:46:42 -0500] "GET / HTTP/1.1" 200 4720
66.249.70.184 - - [18/Mar/2023:21:47:22 -0500] "-" 408 -
172.22.2.4 - - [18/Mar/2023:21:45:57 -0500] "GET /BLA/boletinlegal/ HTTP/1.1" 200 62202
192.168.175.240 - - [18/Mar/2023:21:47:42 -0500] "GET / HTTP/1.1" 200 4720
