192.168.175.240 - - [18/Mar/2023:20:06:42 -0500] "GET / HTTP/1.1" 200 4720
52.167.144.142 - - [18/Mar/2023:20:07:19 -0500] "GET /BLA/resoluciones/RESOLUCIONES%202020/1460.pdf HTTP/1.1" 200 345665
172.22.2.4 - - [18/Mar/2023:20:07:28 -0500] "GET /BLA/boletinlegal/cgi-bin/config.exp HTTP/1.1" 404 1018
192.168.175.240 - - [18/Mar/2023:20:07:42 -0500] "GET / HTTP/1.1" 200 4720
216.245.221.92 - - [18/Mar/2023:20:08:40 -0500] "HEAD / HTTP/1.1" 200 -
192.168.175.240 - - [18/Mar/2023:20:08:42 -0500] "GET / HTTP/1.1" 200 4720
201.245.192.253 - - [18/Mar/2023:20:08:56 -0500] "POST /kwsrmcab/Wsrmcab  HTTP/1.1" 200 42239
192.168.175.240 - - [18/Mar/2023:20:09:42 -0500] "GET / HTTP/1.1" 200 4720
173.252.95.11 - - [18/Mar/2023:20:10:05 -0500] "GET /cerrados-los-caminos-de-los-cerros-orientales-por-jornada-electoral.html HTTP/1.1" 206 809
172.22.2.4 - - [18/Mar/2023:20:08:29 -0500] "HEAD /BLA/boletinlegal/ HTTP/1.1" 200 -
173.252.87.14 - - [18/Mar/2023:20:10:25 -0500] "GET /images/la-vieja-mayo-24.jpg HTTP/1.1" 200 58217
191.156.132.57 - - [18/Mar/2023:20:10:25 -0500] "-" 408 -
192.168.175.240 - - [18/Mar/2023:20:10:42 -0500] "GET / HTTP/1.1" 200 4720
172.22.2.4 - - [18/Mar/2023:20:09:19 -0500] "GET /BLA/boletinlegal/ HTTP/1.1" 200 56744
192.168.175.240 - - [18/Mar/2023:20:11:42 -0500] "GET / HTTP/1.1" 200 4720
192.168.175.240 - - [18/Mar/2023:20:12:42 -0500] "GET / HTTP/1.1" 200 4720
216.245.221.92 - - [18/Mar/2023:20:13:40 -0500] "HEAD / HTTP/1.1" 200 -
192.168.175.240 - - [18/Mar/2023:20:13:42 -0500] "GET / HTTP/1.1" 200 4720
201.245.192.253 - - [18/Mar/2023:20:13:56 -0500] "POST /kwsrmcab/Wsrmcab  HTTP/1.1" 200 42239
186.29.99.52 - - [18/Mar/2023:20:14:18 -0500] "POST /sipse/faces/presentacion/financiero/solicitudProceso/listarSolicitudProceso.xhtml HTTP/1.1" 200 57400
186.29.99.52 - - [18/Mar/2023:20:14:19 -0500] "POST /sipse/faces/presentacion/financiero/solicitudProceso/listarSolicitudProceso.xhtml HTTP/1.1" 200 57400
186.29.99.52 - - [18/Mar/2023:20:14:19 -0500] "POST /sipse/faces/presentacion/financiero/solicitudProceso/listarSolicitudProceso.xhtml HTTP/1.1" 200 1560
186.29.99.52 - - [18/Mar/2023:20:14:19 -0500] "POST /sipse/faces/presentacion/financiero/solicitudProceso/listarSolicitudProceso.xhtml HTTP/1.1" 200 1552
186.29.99.52 - - [18/Mar/2023:20:14:23 -0500] "POST /sipse/faces/presentacion/financiero/solicitudProceso/listarSolicitudProceso.xhtml HTTP/1.1" 200 2843
186.29.99.52 - - [18/Mar/2023:20:14:24 -0500] "POST /sipse/faces/presentacion/financiero/solicitudProceso/listarSolicitudProceso.xhtml HTTP/1.1" 200 68218
186.29.99.52 - - [18/Mar/2023:20:14:36 -0500] "GET /sipse/faces/javax.faces.resource/primefaces.css?ln=primefaces&v=4.0 HTTP/1.1" 304 -
186.29.99.52 - - [18/Mar/2023:20:14:36 -0500] "GET /sipse/faces/javax.faces.resource/jquery/jquery.js?ln=primefaces&v=4.0 HTTP/1.1" 304 -
186.29.99.52 - - [18/Mar/2023:20:14:36 -0500] "GET /sipse/faces/javax.faces.resource/theme.css?ln=primefaces-sipse HTTP/1.1" 304 -
186.29.99.52 - - [18/Mar/2023:20:14:36 -0500] "GET /sipse/faces/javax.faces.resource/layout/layout.css?ln=primefaces&v=4.0 HTTP/1.1" 304 -
186.29.99.52 - - [18/Mar/2023:20:14:36 -0500] "GET /sipse/faces/javax.faces.resource/jquery/jquery-plugins.js?ln=primefaces&v=4.0 HTTP/1.1" 304 -
186.29.99.52 - - [18/Mar/2023:20:14:36 -0500] "GET /sipse/faces/javax.faces.resource/primefaces.js?ln=primefaces&v=4.0 HTTP/1.1" 304 -
186.29.99.52 - - [18/Mar/2023:20:14:36 -0500] "GET /sipse/faces/javax.faces.resource/layout/layout.js?ln=primefaces&v=4.0 HTTP/1.1" 304 -
186.29.99.52 - - [18/Mar/2023:20:14:36 -0500] "POST /sipse/faces/presentacion/proyectos/proyecto/listarConsultarProyectos.xhtml HTTP/1.1" 200 61566
186.29.99.52 - - [18/Mar/2023:20:14:42 -0500] "POST /sipse/faces/presentacion/proyectos/proyecto/listarConsultarProyectos.xhtml HTTP/1.1" 200 4211
192.168.175.240 - - [18/Mar/2023:20:14:42 -0500] "GET / HTTP/1.1" 200 4720
186.29.99.52 - - [18/Mar/2023:20:14:43 -0500] "POST /sipse/faces/presentacion/proyectos/proyecto/listarConsultarProyectos.xhtml HTTP/1.1" 200 4215
186.29.99.52 - - [18/Mar/2023:20:14:45 -0500] "POST /sipse/faces/presentacion/proyectos/proyecto/listarConsultarProyectos.xhtml HTTP/1.1" 200 73001
186.29.99.52 - - [18/Mar/2023:20:14:48 -0500] "GET /sipse/faces/javax.faces.resource/theme.css?ln=primefaces-sipse HTTP/1.1" 304 -
186.29.99.52 - - [18/Mar/2023:20:14:48 -0500] "GET /sipse/faces/javax.faces.resource/primefaces.css?ln=primefaces&v=4.0 HTTP/1.1" 304 -
186.29.99.52 - - [18/Mar/2023:20:14:48 -0500] "GET /sipse/faces/javax.faces.resource/layout/layout.css?ln=primefaces&v=4.0 HTTP/1.1" 304 -
186.29.99.52 - - [18/Mar/2023:20:14:48 -0500] "GET /sipse/faces/javax.faces.resource/jquery/jquery.js?ln=primefaces&v=4.0 HTTP/1.1" 304 -
186.29.99.52 - - [18/Mar/2023:20:14:48 -0500] "GET /sipse/faces/javax.faces.resource/jquery/jquery-plugins.js?ln=primefaces&v=4.0 HTTP/1.1" 304 -
186.29.99.52 - - [18/Mar/2023:20:14:48 -0500] "GET /sipse/faces/javax.faces.resource/primefaces.js?ln=primefaces&v=4.0 HTTP/1.1" 304 -
186.29.99.52 - - [18/Mar/2023:20:14:48 -0500] "GET /sipse/faces/javax.faces.resource/layout/layout.js?ln=primefaces&v=4.0 HTTP/1.1" 304 -
186.29.99.52 - - [18/Mar/2023:20:14:48 -0500] "POST /sipse/faces/presentacion/proyectos/proyecto/proyecto.xhtml HTTP/1.1" 200 3229
186.29.99.52 - - [18/Mar/2023:20:14:54 -0500] "POST /sipse/faces/presentacion/proyectos/proyecto/proyecto.xhtml HTTP/1.1" 200 17603
186.29.99.52 - - [18/Mar/2023:20:14:58 -0500] "POST /sipse/faces/presentacion/proyectos/proyecto/proyecto.xhtml HTTP/1.1" 200 10160
186.29.99.52 - - [18/Mar/2023:20:15:01 -0500] "POST /sipse/faces/presentacion/proyectos/proyecto/proyecto.xhtml HTTP/1.1" 200 16911
186.29.99.52 - - [18/Mar/2023:20:15:01 -0500] "GET /sipse/faces/javax.faces.resource/spacer/dot_clear.gif?ln=primefaces&v=4.0 HTTP/1.1" 304 -
186.29.99.52 - - [18/Mar/2023:20:15:06 -0500] "POST /sipse/faces/presentacion/proyectos/proyecto/proyecto.xhtml HTTP/1.1" 200 36116
152.32.188.74 - - [18/Mar/2023:20:15:14 -0500] "GET / HTTP/1.1" 200 319
186.29.99.52 - - [18/Mar/2023:20:15:13 -0500] "POST /sipse/faces/presentacion/proyectos/proyecto/proyecto.xhtml HTTP/1.1" 200 4148
152.32.188.74 - - [18/Mar/2023:20:15:15 -0500] "GET /favicon.ico HTTP/1.1" 200 7782
186.29.99.52 - - [18/Mar/2023:20:15:41 -0500] "POST /sipse/faces/presentacion/proyectos/proyecto/proyecto.xhtml HTTP/1.1" 200 65221
186.29.99.52 - - [18/Mar/2023:20:15:42 -0500] "GET /sipse/faces/javax.faces.resource/theme.css?ln=primefaces-sipse HTTP/1.1" 304 -
186.29.99.52 - - [18/Mar/2023:20:15:42 -0500] "GET /sipse/faces/javax.faces.resource/primefaces.css?ln=primefaces&v=4.0 HTTP/1.1" 304 -
186.29.99.52 - - [18/Mar/2023:20:15:42 -0500] "GET /sipse/faces/javax.faces.resource/layout/layout.css?ln=primefaces&v=4.0 HTTP/1.1" 304 -
186.29.99.52 - - [18/Mar/2023:20:15:42 -0500] "GET /sipse/faces/javax.faces.resource/jquery/jquery.js?ln=primefaces&v=4.0 HTTP/1.1" 304 -
186.29.99.52 - - [18/Mar/2023:20:15:42 -0500] "GET /sipse/faces/javax.faces.resource/jquery/jquery-plugins.js?ln=primefaces&v=4.0 HTTP/1.1" 304 -
186.29.99.52 - - [18/Mar/2023:20:15:42 -0500] "GET /sipse/faces/javax.faces.resource/primefaces.js?ln=primefaces&v=4.0 HTTP/1.1" 304 -
186.29.99.52 - - [18/Mar/2023:20:15:42 -0500] "GET /sipse/faces/javax.faces.resource/layout/layout.js?ln=primefaces&v=4.0 HTTP/1.1" 304 -
186.29.99.52 - - [18/Mar/2023:20:15:42 -0500] "POST /sipse/faces/presentacion/financiero/solicitudProceso/listarSolicitudProceso.xhtml HTTP/1.1" 200 58555
186.29.99.52 - - [18/Mar/2023:20:15:42 -0500] "POST /sipse/faces/presentacion/financiero/solicitudProceso/listarSolicitudProceso.xhtml HTTP/1.1" 200 58555
192.168.175.240 - - [18/Mar/2023:20:15:42 -0500] "GET / HTTP/1.1" 200 4720
186.29.99.52 - - [18/Mar/2023:20:15:42 -0500] "POST /sipse/faces/presentacion/financiero/solicitudProceso/listarSolicitudProceso.xhtml HTTP/1.1" 200 58555
186.29.99.52 - - [18/Mar/2023:20:15:43 -0500] "POST /sipse/faces/presentacion/financiero/solicitudProceso/listarSolicitudProceso.xhtml HTTP/1.1" 200 1560
186.29.99.52 - - [18/Mar/2023:20:15:43 -0500] "POST /sipse/faces/presentacion/financiero/solicitudProceso/listarSolicitudProceso.xhtml HTTP/1.1" 200 1552
186.29.99.52 - - [18/Mar/2023:20:15:44 -0500] "POST /sipse/faces/presentacion/financiero/solicitudProceso/listarSolicitudProceso.xhtml HTTP/1.1" 200 1564
186.29.99.52 - - [18/Mar/2023:20:15:44 -0500] "POST /sipse/faces/presentacion/financiero/solicitudProceso/listarSolicitudProceso.xhtml HTTP/1.1" 200 1552
172.22.2.4 - - [18/Mar/2023:20:14:19 -0500] "HEAD /BLA/boletinlegal/ HTTP/1.1" 200 -
192.168.175.240 - - [18/Mar/2023:20:16:42 -0500] "GET / HTTP/1.1" 200 4720
172.22.2.4 - - [18/Mar/2023:20:15:10 -0500] "GET /BLA/boletinlegal/ HTTP/1.1" 200 56277
181.53.12.233 - - [18/Mar/2023:20:17:02 -0500] "GET /mujeres-que-reverdecen-secretaria-de-ambiente-anuncia-el-inicio-de-la-tercera-fase.html HTTP/1.1" 200 954
192.168.175.240 - - [18/Mar/2023:20:17:42 -0500] "GET / HTTP/1.1" 200 4720
216.245.221.92 - - [18/Mar/2023:20:18:40 -0500] "HEAD / HTTP/1.1" 200 -
192.168.175.240 - - [18/Mar/2023:20:18:42 -0500] "GET / HTTP/1.1" 200 4720
201.245.192.253 - - [18/Mar/2023:20:18:56 -0500] "POST /kwsrmcab/Wsrmcab  HTTP/1.1" 200 42239
69.171.251.18 - - [18/Mar/2023:20:19:15 -0500] "GET /images/caminatas-ecol\xc3\xb3gicas-marzo---1920x1080_optimized.jpg HTTP/1.1" 404 1034
192.168.175.240 - - [18/Mar/2023:20:19:42 -0500] "GET / HTTP/1.1" 200 4720
191.156.18.41 - - [18/Mar/2023:20:19:43 -0500] "GET /mesa/contrasena.pdf HTTP/1.1" 200 443199
185.119.81.105 - - [18/Mar/2023:20:20:06 -0500] "GET /portaldeninos/wp-login.php HTTP/1.1" 200 2592
185.119.81.105 - - [18/Mar/2023:20:20:06 -0500] "POST /portaldeninos/wp-login.php HTTP/1.1" 200 3650
192.168.175.240 - - [18/Mar/2023:20:20:42 -0500] "GET / HTTP/1.1" 200 4720
201.245.192.253 - - [18/Mar/2023:20:20:42 -0500] "POST /kwsrmcab/Wsrmcab HTTP/1.1" 200 42681
201.245.192.253 - - [18/Mar/2023:20:20:45 -0500] "POST /kwsrmcab/Wsrmcab HTTP/1.1" 200 43760
173.252.87.15 - - [18/Mar/2023:20:21:05 -0500] "GET /images/caminatas-ecol\xc3\xb3gicas-marzo---1920x1080_optimized.jpg HTTP/1.1" 404 1034
192.168.175.240 - - [18/Mar/2023:20:21:42 -0500] "GET / HTTP/1.1" 200 4720
172.22.2.4 - - [18/Mar/2023:20:20:09 -0500] "HEAD /BLA/boletinlegal/ HTTP/1.1" 200 -
157.55.39.206 - - [18/Mar/2023:20:22:23 -0500] "GET /images/pieza-dia-humedales-31-enero.jpg HTTP/1.1" 200 29095
191.156.150.34 - - [18/Mar/2023:20:22:37 -0500] "GET / HTTP/1.1" 200 4720
191.156.158.13 - - [18/Mar/2023:20:22:37 -0500] "GET /css/style.css HTTP/1.1" 200 3473
191.156.146.116 - - [18/Mar/2023:20:22:37 -0500] "GET /css/bootstrap.min.css HTTP/1.1" 200 178212
191.156.153.89 - - [18/Mar/2023:20:22:37 -0500] "GET /fonts/icomoon/style.css HTTP/1.1" 200 79820
191.156.158.13 - - [18/Mar/2023:20:22:37 -0500] "GET /js/url.js HTTP/1.1" 404 1294
172.22.2.4 - - [18/Mar/2023:20:20:59 -0500] "GET /BLA/boletinlegal/ HTTP/1.1" 200 52720
192.168.175.240 - - [18/Mar/2023:20:22:42 -0500] "GET / HTTP/1.1" 200 4720
64.124.8.56 - - [18/Mar/2023:20:23:06 -0500] "-" 408 -
216.245.221.92 - - [18/Mar/2023:20:23:40 -0500] "HEAD / HTTP/1.1" 200 -
52.211.143.139 - - [18/Mar/2023:20:23:41 -0500] "-" 408 -
192.168.175.240 - - [18/Mar/2023:20:23:42 -0500] "GET / HTTP/1.1" 200 4720
172.22.2.4 - - [18/Mar/2023:20:22:56 -0500] "GET /BLA/boletinlegal/ HTTP/1.1" 200 36811
201.245.192.253 - - [18/Mar/2023:20:23:55 -0500] "POST /kwsrmcab/Wsrmcab  HTTP/1.1" 200 42239
69.171.231.117 - - [18/Mar/2023:20:24:15 -0500] "GET /images/caminatas-ecol\xc3\xb3gicas-marzo---1920x1080_optimized.jpg HTTP/1.1" 404 1034
192.168.175.240 - - [18/Mar/2023:20:24:42 -0500] "GET / HTTP/1.1" 200 4720
66.249.70.180 - - [18/Mar/2023:20:24:47 -0500] "-" 408 -
179.51.120.20 - - [18/Mar/2023:20:25:28 -0500] "GET /images/jardines-verticales_optimized.jpeg HTTP/1.1" 200 138197
192.168.175.240 - - [18/Mar/2023:20:25:42 -0500] "GET / HTTP/1.1" 200 4720
192.168.175.240 - - [18/Mar/2023:20:26:42 -0500] "GET / HTTP/1.1" 200 4720
172.22.2.4 - - [18/Mar/2023:20:25:59 -0500] "HEAD /BLA/boletinlegal/ HTTP/1.1" 200 -
192.168.175.240 - - [18/Mar/2023:20:27:42 -0500] "GET / HTTP/1.1" 200 4720
52.167.144.167 - - [18/Mar/2023:20:27:47 -0500] "GET /galeria/carrusel/Carrusel/jquery-ui-1.8.13.custom.min.js HTTP/1.1" 200 10800
40.77.167.211 - - [18/Mar/2023:20:27:49 -0500] "GET /galeria/carrusel/Carrusel/jquery.thumbnailScroller.css HTTP/1.1" 200 2066
52.167.144.149 - - [18/Mar/2023:20:27:52 -0500] "GET /galeria/carrusel/Carrusel/jquery.thumbnailScroller.js HTTP/1.1" 200 8157
40.77.167.211 - - [18/Mar/2023:20:27:59 -0500] "GET /galeria/nivo-slider/demo/banner.html HTTP/1.1" 200 5446
172.22.2.4 - - [18/Mar/2023:20:26:49 -0500] "GET /BLA/boletinlegal/ HTTP/1.1" 200 57551
216.245.221.92 - - [18/Mar/2023:20:28:40 -0500] "HEAD / HTTP/1.1" 200 -
192.168.175.240 - - [18/Mar/2023:20:28:42 -0500] "GET / HTTP/1.1" 200 4720
201.245.192.253 - - [18/Mar/2023:20:28:55 -0500] "POST /kwsrmcab/Wsrmcab  HTTP/1.1" 200 42239
192.168.175.240 - - [18/Mar/2023:20:29:42 -0500] "GET / HTTP/1.1" 200 4720
69.171.231.116 - - [18/Mar/2023:20:30:41 -0500] "GET /images/Sello%201%20JA-2.jpeg HTTP/1.1" 200 42236
192.168.175.240 - - [18/Mar/2023:20:30:42 -0500] "GET / HTTP/1.1" 200 4720
201.245.192.253 - - [18/Mar/2023:20:30:41 -0500] "POST /kwsrmcab/Wsrmcab HTTP/1.1" 200 42681
201.245.192.253 - - [18/Mar/2023:20:30:44 -0500] "POST /kwsrmcab/Wsrmcab HTTP/1.1" 200 43760
192.168.175.240 - - [18/Mar/2023:20:31:42 -0500] "GET / HTTP/1.1" 200 4720
186.29.34.75 - - [18/Mar/2023:20:31:47 -0500] "GET /images/jardines-verticales_optimized.jpeg HTTP/1.1" 200 138197
181.59.2.166 - - [18/Mar/2023:20:31:48 -0500] "GET /mujeres-que-reverdecen-secretaria-de-ambiente-anuncia-el-inicio-de-la-tercera-fase.html HTTP/1.1" 200 954
191.95.163.199 - - [18/Mar/2023:20:32:24 -0500] "GET /%C3%82%C2%BFquieres-aprender-sobre-jardines-verticales-esta-es-tu-oportunidad.html HTTP/1.1" 200 925
52.167.144.71 - - [18/Mar/2023:20:32:42 -0500] "GET /BLA/resoluciones/RESOLUCIONES%202021/2022.pdf HTTP/1.1" 304 -
192.168.175.240 - - [18/Mar/2023:20:32:42 -0500] "GET / HTTP/1.1" 200 4720
66.249.79.111 - - [18/Mar/2023:20:33:06 -0500] "-" 408 -
172.22.2.4 - - [18/Mar/2023:20:33:20 -0500] "GET /BLA/boletinlegal/jurisprudencia/analisis/CUADRO%20ANALISIS%20SENTENCIA%20T-411%20DE%201992.doc HTTP/1.1" 304 -
172.22.2.4 - - [18/Mar/2023:20:31:49 -0500] "HEAD /BLA/boletinlegal/ HTTP/1.1" 200 -
216.245.221.92 - - [18/Mar/2023:20:33:40 -0500] "HEAD / HTTP/1.1" 200 -
192.168.175.240 - - [18/Mar/2023:20:33:42 -0500] "GET / HTTP/1.1" 200 4720
186.98.82.176 - - [18/Mar/2023:20:33:50 -0500] "GET / HTTP/1.1" 200 4720
186.98.82.176 - - [18/Mar/2023:20:33:50 -0500] "GET /js/url.js HTTP/1.1" 404 1294
186.98.82.176 - - [18/Mar/2023:20:33:50 -0500] "GET /css/bootstrap.min.css HTTP/1.1" 200 178212
186.98.82.176 - - [18/Mar/2023:20:33:50 -0500] "GET /css/style.css HTTP/1.1" 200 3473
186.98.82.176 - - [18/Mar/2023:20:33:50 -0500] "GET /fonts/icomoon/style.css HTTP/1.1" 200 79820
186.98.82.176 - - [18/Mar/2023:20:33:50 -0500] "GET /favicon.ico HTTP/1.1" 404 1294
201.245.192.253 - - [18/Mar/2023:20:33:54 -0500] "POST /kwsrmcab/Wsrmcab  HTTP/1.1" 200 42239
64.124.8.34 - - [18/Mar/2023:20:34:12 -0500] "-" 408 -
172.22.2.4 - - [18/Mar/2023:20:32:39 -0500] "GET /BLA/boletinlegal/ HTTP/1.1" 200 57935
192.168.175.240 - - [18/Mar/2023:20:34:42 -0500] "GET / HTTP/1.1" 200 4720
34.147.116.114 - - [18/Mar/2023:20:35:05 -0500] "GET /inventario-de-emisiones-2020-transporte-publico-sitp-redujo-emisiones-de-pm-2-5-en-un-37.html HTTP/1.1" 200 925
186.29.99.52 - - [18/Mar/2023:20:35:25 -0500] "POST /sipse/faces/presentacion/financiero/solicitudProceso/listarSolicitudProceso.xhtml HTTP/1.1" 200 31001
186.29.99.52 - - [18/Mar/2023:20:35:32 -0500] "POST /sipse/faces/presentacion/financiero/solicitudProceso/listarSolicitudProceso.xhtml HTTP/1.1" 200 4850
186.29.99.52 - - [18/Mar/2023:20:35:34 -0500] "POST /sipse/faces/presentacion/financiero/solicitudProceso/listarSolicitudProceso.xhtml HTTP/1.1" 200 31565
192.168.175.240 - - [18/Mar/2023:20:35:42 -0500] "GET / HTTP/1.1" 200 4720
66.249.70.180 - - [18/Mar/2023:20:36:18 -0500] "-" 408 -
192.168.175.240 - - [18/Mar/2023:20:36:42 -0500] "GET / HTTP/1.1" 200 4720
192.168.175.240 - - [18/Mar/2023:20:37:42 -0500] "GET / HTTP/1.1" 200 4720
173.252.95.5 - - [18/Mar/2023:20:37:44 -0500] "GET /images/17%20de%20febrero%20mujeres%20que%20reverdecen.jpeg HTTP/1.1" 200 85735
216.245.221.92 - - [18/Mar/2023:20:38:40 -0500] "HEAD / HTTP/1.1" 200 -
192.168.175.240 - - [18/Mar/2023:20:38:42 -0500] "GET / HTTP/1.1" 200 4720
201.245.192.253 - - [18/Mar/2023:20:38:53 -0500] "POST /kwsrmcab/Wsrmcab  HTTP/1.1" 200 42239
52.188.77.43 - - [18/Mar/2023:20:38:58 -0500] "GET /images/jardines-verticales_optimized.jpeg HTTP/1.1" 200 138197
179.19.237.250 - - [18/Mar/2023:20:39:17 -0500] "GET /mujeres-que-reverdecen-secretaria-de-ambiente-anuncia-el-inicio-de-la-tercera-fase.html HTTP/1.1" 200 954
172.22.2.4 - - [18/Mar/2023:20:37:39 -0500] "HEAD /BLA/boletinlegal/ HTTP/1.1" 200 -
192.168.175.240 - - [18/Mar/2023:20:39:42 -0500] "GET / HTTP/1.1" 200 4720
172.22.2.4 - - [18/Mar/2023:20:38:29 -0500] "GET /BLA/boletinlegal/ HTTP/1.1" 200 57551
192.168.175.240 - - [18/Mar/2023:20:40:42 -0500] "GET / HTTP/1.1" 200 4720
201.245.192.253 - - [18/Mar/2023:20:40:41 -0500] "POST /kwsrmcab/Wsrmcab HTTP/1.1" 200 42681
201.245.192.253 - - [18/Mar/2023:20:40:44 -0500] "POST /kwsrmcab/Wsrmcab HTTP/1.1" 200 43760
186.103.57.91 - - [18/Mar/2023:20:40:55 -0500] "GET /sipse/faces/index.xhtml HTTP/1.1" 200 677
186.103.57.91 - - [18/Mar/2023:20:40:55 -0500] "GET /sipse/faces/javax.faces.resource/theme.css?ln=primefaces-sipse HTTP/1.1" 200 50058
186.103.57.91 - - [18/Mar/2023:20:40:56 -0500] "GET /sipse/faces/faces/autenticacion.xhtml HTTP/1.1" 200 12168
186.103.57.91 - - [18/Mar/2023:20:40:56 -0500] "GET /sipse/faces/javax.faces.resource/theme.css?ln=primefaces-sipse HTTP/1.1" 304 -
186.103.57.91 - - [18/Mar/2023:20:40:56 -0500] "GET /sipse/faces/javax.faces.resource/primefaces.css?ln=primefaces&v=4.0 HTTP/1.1" 304 -
186.103.57.91 - - [18/Mar/2023:20:40:56 -0500] "GET /sipse/faces/javax.faces.resource/layout/layout.css?ln=primefaces&v=4.0 HTTP/1.1" 304 -
186.103.57.91 - - [18/Mar/2023:20:40:56 -0500] "GET /sipse/faces/javax.faces.resource/primefaces.js?ln=primefaces&v=4.0 HTTP/1.1" 304 -
186.103.57.91 - - [18/Mar/2023:20:40:56 -0500] "GET /sipse/faces/javax.faces.resource/layout/layout.js?ln=primefaces&v=4.0 HTTP/1.1" 304 -
186.103.57.91 - - [18/Mar/2023:20:40:56 -0500] "GET /sipse/faces/javax.faces.resource/jquery/jquery.js?ln=primefaces&v=4.0 HTTP/1.1" 304 -
186.103.57.91 - - [18/Mar/2023:20:40:56 -0500] "GET /sipse/faces/javax.faces.resource/jquery/jquery-plugins.js?ln=primefaces&v=4.0 HTTP/1.1" 304 -
186.103.57.91 - - [18/Mar/2023:20:40:57 -0500] "GET /sipse/faces/javax.faces.resource/images/ui-icons_898989_256x240.png?ln=primefaces-aristo HTTP/1.1" 304 -
186.103.57.91 - - [18/Mar/2023:20:40:57 -0500] "GET /sipse/css/imagen/logoSDG.png HTTP/1.1" 200 12242
186.103.57.91 - - [18/Mar/2023:20:40:57 -0500] "GET /sipse/css/imagen/loginimg.png HTTP/1.1" 200 16070
186.103.57.91 - - [18/Mar/2023:20:40:59 -0500] "POST /sipse/faces/autenticacion.xhtml HTTP/1.1" 200 16121
186.103.57.91 - - [18/Mar/2023:20:41:00 -0500] "GET /sipse/faces/javax.faces.resource/jquery/jquery.js?ln=primefaces&v=4.0 HTTP/1.1" 304 -
186.103.57.91 - - [18/Mar/2023:20:41:00 -0500] "GET /sipse/faces/javax.faces.resource/jquery/jquery-plugins.js?ln=primefaces&v=4.0 HTTP/1.1" 304 -
186.103.57.91 - - [18/Mar/2023:20:41:00 -0500] "GET /sipse/faces/javax.faces.resource/primefaces.js?ln=primefaces&v=4.0 HTTP/1.1" 304 -
186.103.57.91 - - [18/Mar/2023:20:41:01 -0500] "GET /sipse/faces/javax.faces.resource/layout/layout.js?ln=primefaces&v=4.0 HTTP/1.1" 304 -
186.103.57.91 - - [18/Mar/2023:20:41:01 -0500] "GET /sipse/css/imagen/contrasena.png HTTP/1.1" 404 383
186.103.57.91 - - [18/Mar/2023:20:41:01 -0500] "GET /sipse/faces/javax.faces.resource/messages/messages.png?ln=primefaces&v=4.0 HTTP/1.1" 304 -
186.103.57.91 - - [18/Mar/2023:20:41:05 -0500] "GET /sipse/faces/javax.faces.resource/images/ui-bg_flat_0_2d5972_40x100.png?ln=primefaces-aristo HTTP/1.1" 200 183
186.103.57.91 - - [18/Mar/2023:20:41:05 -0500] "POST /sipse/faces/bienvenido.xhtml HTTP/1.1" 200 1471
186.103.57.91 - - [18/Mar/2023:20:41:08 -0500] "POST /sipse/faces/bienvenido.xhtml HTTP/1.1" 200 61416
186.103.57.91 - - [18/Mar/2023:20:41:09 -0500] "GET /sipse/faces/javax.faces.resource/jquery/jquery.js?ln=primefaces&v=4.0 HTTP/1.1" 304 -
186.103.57.91 - - [18/Mar/2023:20:41:10 -0500] "GET /sipse/faces/javax.faces.resource/jquery/jquery-plugins.js?ln=primefaces&v=4.0 HTTP/1.1" 304 -
186.103.57.91 - - [18/Mar/2023:20:41:10 -0500] "GET /sipse/faces/javax.faces.resource/primefaces.js?ln=primefaces&v=4.0 HTTP/1.1" 304 -
186.103.57.91 - - [18/Mar/2023:20:41:11 -0500] "GET /sipse/faces/javax.faces.resource/layout/layout.js?ln=primefaces&v=4.0 HTTP/1.1" 304 -
186.103.57.91 - - [18/Mar/2023:20:41:11 -0500] "POST /sipse/faces/presentacion/financiero/solicitudProceso/listarSolicitudProceso.xhtml HTTP/1.1" 200 1560
186.103.57.91 - - [18/Mar/2023:20:41:17 -0500] "POST /sipse/faces/presentacion/financiero/solicitudProceso/listarSolicitudProceso.xhtml HTTP/1.1" 200 6961
186.103.57.91 - - [18/Mar/2023:20:41:20 -0500] "POST /sipse/faces/presentacion/financiero/solicitudProceso/listarSolicitudProceso.xhtml HTTP/1.1" 200 33666
186.103.57.91 - - [18/Mar/2023:20:41:20 -0500] "GET /sipse/faces/javax.faces.resource/jquery/jquery.js?ln=primefaces&v=4.0 HTTP/1.1" 304 -
186.103.57.91 - - [18/Mar/2023:20:41:21 -0500] "GET /sipse/faces/javax.faces.resource/jquery/jquery-plugins.js?ln=primefaces&v=4.0 HTTP/1.1" 304 -
186.103.57.91 - - [18/Mar/2023:20:41:21 -0500] "GET /sipse/faces/javax.faces.resource/primefaces.js?ln=primefaces&v=4.0 HTTP/1.1" 304 -
186.103.57.91 - - [18/Mar/2023:20:41:23 -0500] "GET /sipse/faces/javax.faces.resource/layout/layout.js?ln=primefaces&v=4.0 HTTP/1.1" 304 -
186.103.57.91 - - [18/Mar/2023:20:41:23 -0500] "POST /sipse/faces/presentacion/sistema/reporte/listarReportes.xhtml HTTP/1.1" 200 27046
186.103.57.91 - - [18/Mar/2023:20:41:27 -0500] "POST /sipse/faces/presentacion/sistema/reporte/listarReportes.xhtml HTTP/1.1" 200 22294
186.103.57.91 - - [18/Mar/2023:20:41:27 -0500] "GET /sipse/faces/javax.faces.resource/theme.css?ln=primefaces-sipse HTTP/1.1" 304 -
186.103.57.91 - - [18/Mar/2023:20:41:27 -0500] "GET /sipse/faces/javax.faces.resource/primefaces.css?ln=primefaces&v=4.0 HTTP/1.1" 304 -
186.103.57.91 - - [18/Mar/2023:20:41:27 -0500] "GET /sipse/faces/javax.faces.resource/jquery/jquery-plugins.js?ln=primefaces&v=4.0 HTTP/1.1" 304 -
186.103.57.91 - - [18/Mar/2023:20:41:27 -0500] "GET /sipse/faces/javax.faces.resource/primefaces.js?ln=primefaces&v=4.0 HTTP/1.1" 304 -
186.103.57.91 - - [18/Mar/2023:20:41:27 -0500] "GET /sipse/faces/javax.faces.resource/layout/layout.js?ln=primefaces&v=4.0 HTTP/1.1" 304 -
186.103.57.91 - - [18/Mar/2023:20:41:27 -0500] "GET /sipse/faces/javax.faces.resource/layout/layout.css?ln=primefaces&v=4.0 HTTP/1.1" 304 -
186.103.57.91 - - [18/Mar/2023:20:41:28 -0500] "GET /sipse/faces/javax.faces.resource/jquery/jquery.js?ln=primefaces&v=4.0 HTTP/1.1" 304 -
186.103.57.91 - - [18/Mar/2023:20:41:28 -0500] "GET /sipse/faces/javax.faces.resource/images/ui-icons_898989_256x240.png?ln=primefaces-aristo HTTP/1.1" 304 -
192.168.175.240 - - [18/Mar/2023:20:41:42 -0500] "GET / HTTP/1.1" 200 4720
186.103.57.91 - - [18/Mar/2023:20:42:01 -0500] "GET /sipse/faces/index.xhtml HTTP/1.1" 200 677
186.103.57.91 - - [18/Mar/2023:20:42:02 -0500] "GET /sipse/faces/javax.faces.resource/theme.css?ln=primefaces-sipse HTTP/1.1" 304 -
186.103.57.91 - - [18/Mar/2023:20:42:02 -0500] "GET /sipse/faces/faces/autenticacion.xhtml HTTP/1.1" 200 12176
186.103.57.91 - - [18/Mar/2023:20:42:02 -0500] "GET /sipse/faces/javax.faces.resource/theme.css?ln=primefaces-sipse HTTP/1.1" 304 -
186.103.57.91 - - [18/Mar/2023:20:42:02 -0500] "GET /sipse/faces/javax.faces.resource/primefaces.css?ln=primefaces&v=4.0 HTTP/1.1" 304 -
186.103.57.91 - - [18/Mar/2023:20:42:02 -0500] "GET /sipse/faces/javax.faces.resource/layout/layout.css?ln=primefaces&v=4.0 HTTP/1.1" 304 -
186.103.57.91 - - [18/Mar/2023:20:42:02 -0500] "GET /sipse/faces/javax.faces.resource/jquery/jquery.js?ln=primefaces&v=4.0 HTTP/1.1" 304 -
186.103.57.91 - - [18/Mar/2023:20:42:02 -0500] "GET /sipse/faces/javax.faces.resource/jquery/jquery-plugins.js?ln=primefaces&v=4.0 HTTP/1.1" 304 -
186.103.57.91 - - [18/Mar/2023:20:42:02 -0500] "GET /sipse/faces/javax.faces.resource/primefaces.js?ln=primefaces&v=4.0 HTTP/1.1" 304 -
186.103.57.91 - - [18/Mar/2023:20:42:02 -0500] "GET /sipse/faces/javax.faces.resource/layout/layout.js?ln=primefaces&v=4.0 HTTP/1.1" 304 -
186.103.57.91 - - [18/Mar/2023:20:42:02 -0500] "GET /sipse/faces/javax.faces.resource/images/ui-icons_898989_256x240.png?ln=primefaces-aristo HTTP/1.1" 304 -
192.168.175.240 - - [18/Mar/2023:20:42:42 -0500] "GET / HTTP/1.1" 200 4720
52.167.144.43 - - [18/Mar/2023:20:42:46 -0500] "GET /cooperacion-internacional-postulate-para-la-coordinacion-ambiental-de-proyecto-con-la-union-europea-avantia.html HTTP/1.1" 200 1020
216.245.221.92 - - [18/Mar/2023:20:43:40 -0500] "HEAD / HTTP/1.1" 200 -
192.168.175.240 - - [18/Mar/2023:20:43:42 -0500] "GET / HTTP/1.1" 200 4720
40.77.190.237 - - [18/Mar/2023:20:43:45 -0500] "GET /galeria/nivo-slider/themes/orman/orman.css HTTP/1.1" 200 2152
40.77.189.80 - - [18/Mar/2023:20:43:45 -0500] "GET /galeria/nivo-slider/themes/pascal/pascal.css HTTP/1.1" 200 2258
40.77.188.243 - - [18/Mar/2023:20:43:45 -0500] "GET /galeria/nivo-slider/themes/default/default.css HTTP/1.1" 200 1569
40.77.188.46 - - [18/Mar/2023:20:43:46 -0500] "GET /galeria/nivo-slider/nivo-slider.css HTTP/1.1" 200 1507
40.77.189.1 - - [18/Mar/2023:20:43:46 -0500] "GET /galeria/nivo-slider/demo/style.css HTTP/1.1" 200 2222
40.77.190.208 - - [18/Mar/2023:20:43:46 -0500] "GET /galeria/nivo-slider/demo/scripts/jquery-1.7.1.min.js HTTP/1.1" 200 93868
40.77.189.80 - - [18/Mar/2023:20:43:46 -0500] "GET /galeria/nivo-slider/jquery.nivo.slider.pack.js HTTP/1.1" 200 11561
201.245.192.253 - - [18/Mar/2023:20:43:51 -0500] "POST /kwsrmcab/Wsrmcab  HTTP/1.1" 200 42239
192.168.175.240 - - [18/Mar/2023:20:44:42 -0500] "GET / HTTP/1.1" 200 4720
186.103.57.91 - - [18/Mar/2023:20:44:50 -0500] "POST /sipse/faces/autenticacion.xhtml HTTP/1.1" 200 16146
186.103.57.91 - - [18/Mar/2023:20:44:51 -0500] "GET /sipse/faces/javax.faces.resource/jquery/jquery.js?ln=primefaces&v=4.0 HTTP/1.1" 304 -
186.103.57.91 - - [18/Mar/2023:20:44:51 -0500] "GET /sipse/faces/javax.faces.resource/jquery/jquery-plugins.js?ln=primefaces&v=4.0 HTTP/1.1" 304 -
186.103.57.91 - - [18/Mar/2023:20:44:51 -0500] "GET /sipse/faces/javax.faces.resource/primefaces.js?ln=primefaces&v=4.0 HTTP/1.1" 304 -
186.103.57.91 - - [18/Mar/2023:20:44:51 -0500] "GET /sipse/faces/javax.faces.resource/layout/layout.js?ln=primefaces&v=4.0 HTTP/1.1" 304 -
186.103.57.91 - - [18/Mar/2023:20:44:51 -0500] "GET /sipse/css/imagen/contrasena.png HTTP/1.1" 404 383
186.103.57.91 - - [18/Mar/2023:20:44:52 -0500] "GET /sipse/faces/javax.faces.resource/messages/messages.png?ln=primefaces&v=4.0 HTTP/1.1" 304 -
186.103.57.91 - - [18/Mar/2023:20:44:54 -0500] "GET /sipse/faces/javax.faces.resource/images/ui-bg_flat_0_2d5972_40x100.png?ln=primefaces-aristo HTTP/1.1" 304 -
186.103.57.91 - - [18/Mar/2023:20:44:54 -0500] "POST /sipse/faces/bienvenido.xhtml HTTP/1.1" 200 1471
186.103.57.91 - - [18/Mar/2023:20:44:55 -0500] "POST /sipse/faces/bienvenido.xhtml HTTP/1.1" 200 61416
186.103.57.91 - - [18/Mar/2023:20:44:56 -0500] "GET /sipse/faces/javax.faces.resource/jquery/jquery.js?ln=primefaces&v=4.0 HTTP/1.1" 304 -
186.103.57.91 - - [18/Mar/2023:20:44:56 -0500] "GET /sipse/faces/javax.faces.resource/jquery/jquery-plugins.js?ln=primefaces&v=4.0 HTTP/1.1" 304 -
186.103.57.91 - - [18/Mar/2023:20:44:56 -0500] "GET /sipse/faces/javax.faces.resource/primefaces.js?ln=primefaces&v=4.0 HTTP/1.1" 304 -
186.103.57.91 - - [18/Mar/2023:20:44:56 -0500] "GET /sipse/faces/javax.faces.resource/layout/layout.js?ln=primefaces&v=4.0 HTTP/1.1" 304 -
186.103.57.91 - - [18/Mar/2023:20:44:57 -0500] "POST /sipse/faces/presentacion/financiero/solicitudProceso/listarSolicitudProceso.xhtml HTTP/1.1" 200 1560
186.103.57.91 - - [18/Mar/2023:20:44:59 -0500] "POST /sipse/faces/presentacion/financiero/solicitudProceso/listarSolicitudProceso.xhtml HTTP/1.1" 200 4878
186.103.57.91 - - [18/Mar/2023:20:45:01 -0500] "POST /sipse/faces/presentacion/financiero/solicitudProceso/listarSolicitudProceso.xhtml HTTP/1.1" 200 143194
186.103.57.91 - - [18/Mar/2023:20:45:03 -0500] "GET /sipse/faces/javax.faces.resource/jquery/jquery.js?ln=primefaces&v=4.0 HTTP/1.1" 304 -
186.103.57.91 - - [18/Mar/2023:20:45:03 -0500] "GET /sipse/faces/javax.faces.resource/jquery/jquery-plugins.js?ln=primefaces&v=4.0 HTTP/1.1" 304 -
186.103.57.91 - - [18/Mar/2023:20:45:03 -0500] "GET /sipse/faces/javax.faces.resource/primefaces.js?ln=primefaces&v=4.0 HTTP/1.1" 304 -
186.103.57.91 - - [18/Mar/2023:20:45:03 -0500] "GET /sipse/faces/javax.faces.resource/layout/layout.js?ln=primefaces&v=4.0 HTTP/1.1" 304 -
172.22.2.4 - - [18/Mar/2023:20:43:29 -0500] "HEAD /BLA/boletinlegal/ HTTP/1.1" 200 -
186.103.57.91 - - [18/Mar/2023:20:45:09 -0500] "POST /sipse/faces/presentacion/financiero/solicitudProceso/consultarSolicitudProceso.xhtml HTTP/1.1" 200 137436
186.103.57.91 - - [18/Mar/2023:20:45:15 -0500] "POST /sipse/faces/presentacion/financiero/solicitudProceso/consultarSolicitudProceso.xhtml HTTP/1.1" 200 132796
66.249.64.217 - - [18/Mar/2023:20:45:37 -0500] "-" 408 -
192.168.175.240 - - [18/Mar/2023:20:45:42 -0500] "GET / HTTP/1.1" 200 4720
186.103.57.91 - - [18/Mar/2023:20:45:49 -0500] "POST /sipse/faces/presentacion/financiero/solicitudProceso/consultarSolicitudProceso.xhtml HTTP/1.1" 200 79820
186.103.57.91 - - [18/Mar/2023:20:45:36 -0500] "POST /sipse/faces/presentacion/financiero/solicitudProceso/consultarSolicitudProceso.xhtml HTTP/1.1" 200 2913701
172.22.2.4 - - [18/Mar/2023:20:44:19 -0500] "GET /BLA/boletinlegal/ HTTP/1.1" 200 54798
186.103.57.91 - - [18/Mar/2023:20:46:02 -0500] "POST /sipse/faces/presentacion/financiero/solicitudProceso/consultarSolicitudProceso.xhtml HTTP/1.1" 200 5577
186.103.57.91 - - [18/Mar/2023:20:46:03 -0500] "GET /sipse/faces/javax.faces.resource/dynamiccontent.properties?ln=primefaces&pfdrid=XjOR5%2F%2FfPAZAuY9TpWQeCiM0BhlXxYRBGKi%2FQcXXfeA%3D&pfdrid_c=false HTTP/1.1" 200 165323
186.103.57.91 - - [18/Mar/2023:20:46:20 -0500] "POST /sipse/faces/presentacion/financiero/solicitudProceso/consultarSolicitudProceso.xhtml HTTP/1.1" 200 5562
186.103.57.91 - - [18/Mar/2023:20:45:29 -0500] "POST /sipse/faces/presentacion/financiero/solicitudProceso/consultarSolicitudProceso.xhtml HTTP/1.1" 200 9295978
192.168.175.240 - - [18/Mar/2023:20:46:42 -0500] "GET / HTTP/1.1" 200 4720
186.103.57.91 - - [18/Mar/2023:20:46:45 -0500] "POST /sipse/faces/presentacion/financiero/solicitudProceso/consultarSolicitudProceso.xhtml HTTP/1.1" 200 9593
186.103.57.91 - - [18/Mar/2023:20:46:48 -0500] "POST /sipse/faces/presentacion/financiero/solicitudProceso/consultarSolicitudProceso.xhtml HTTP/1.1" 200 33666
186.103.57.91 - - [18/Mar/2023:20:46:49 -0500] "GET /sipse/faces/javax.faces.resource/jquery/jquery.js?ln=primefaces&v=4.0 HTTP/1.1" 304 -
186.103.57.91 - - [18/Mar/2023:20:46:49 -0500] "GET /sipse/faces/javax.faces.resource/jquery/jquery-plugins.js?ln=primefaces&v=4.0 HTTP/1.1" 304 -
186.103.57.91 - - [18/Mar/2023:20:46:50 -0500] "GET /sipse/faces/javax.faces.resource/primefaces.js?ln=primefaces&v=4.0 HTTP/1.1" 304 -
186.103.57.91 - - [18/Mar/2023:20:46:50 -0500] "GET /sipse/faces/javax.faces.resource/layout/layout.js?ln=primefaces&v=4.0 HTTP/1.1" 304 -
186.103.57.91 - - [18/Mar/2023:20:46:50 -0500] "POST /sipse/faces/presentacion/sistema/reporte/listarReportes.xhtml HTTP/1.1" 200 27046
186.103.57.91 - - [18/Mar/2023:20:46:51 -0500] "POST /sipse/faces/presentacion/sistema/reporte/listarReportes.xhtml HTTP/1.1" 200 27046
186.103.57.91 - - [18/Mar/2023:20:46:55 -0500] "POST /sipse/faces/presentacion/sistema/reporte/listarReportes.xhtml HTTP/1.1" 200 22294
186.103.57.91 - - [18/Mar/2023:20:46:56 -0500] "GET /sipse/faces/javax.faces.resource/theme.css?ln=primefaces-sipse HTTP/1.1" 304 -
186.103.57.91 - - [18/Mar/2023:20:46:56 -0500] "GET /sipse/faces/javax.faces.resource/primefaces.css?ln=primefaces&v=4.0 HTTP/1.1" 304 -
186.103.57.91 - - [18/Mar/2023:20:46:56 -0500] "GET /sipse/faces/javax.faces.resource/layout/layout.css?ln=primefaces&v=4.0 HTTP/1.1" 304 -
186.103.57.91 - - [18/Mar/2023:20:46:56 -0500] "GET /sipse/faces/javax.faces.resource/jquery/jquery.js?ln=primefaces&v=4.0 HTTP/1.1" 304 -
186.103.57.91 - - [18/Mar/2023:20:46:56 -0500] "GET /sipse/faces/javax.faces.resource/jquery/jquery-plugins.js?ln=primefaces&v=4.0 HTTP/1.1" 304 -
186.103.57.91 - - [18/Mar/2023:20:46:56 -0500] "GET /sipse/faces/javax.faces.resource/primefaces.js?ln=primefaces&v=4.0 HTTP/1.1" 304 -
186.103.57.91 - - [18/Mar/2023:20:46:56 -0500] "GET /sipse/faces/javax.faces.resource/layout/layout.js?ln=primefaces&v=4.0 HTTP/1.1" 304 -
186.103.57.91 - - [18/Mar/2023:20:46:56 -0500] "GET /sipse/faces/javax.faces.resource/images/ui-icons_898989_256x240.png?ln=primefaces-aristo HTTP/1.1" 304 -
186.103.57.91 - - [18/Mar/2023:20:47:28 -0500] "GET /sipse/faces/javax.faces.resource/images/ui-bg_flat_0_2d5972_40x100.png?ln=primefaces-aristo HTTP/1.1" 304 -
186.103.57.91 - - [18/Mar/2023:20:47:28 -0500] "POST /sipse/faces/presentacion/sistema/reporte/ventanaVerReporteParametros.xhtml HTTP/1.1" 200 39956
186.103.57.91 - - [18/Mar/2023:20:47:30 -0500] "GET /sipse/faces/javax.faces.resource/jquery/jquery.js?ln=primefaces&v=4.0 HTTP/1.1" 304 -
186.103.57.91 - - [18/Mar/2023:20:47:30 -0500] "GET /sipse/faces/javax.faces.resource/jquery/jquery-plugins.js?ln=primefaces&v=4.0 HTTP/1.1" 304 -
186.103.57.91 - - [18/Mar/2023:20:47:31 -0500] "GET /sipse/faces/javax.faces.resource/primefaces.js?ln=primefaces&v=4.0 HTTP/1.1" 304 -
186.103.57.91 - - [18/Mar/2023:20:47:31 -0500] "GET /sipse/faces/javax.faces.resource/layout/layout.js?ln=primefaces&v=4.0 HTTP/1.1" 304 -
186.103.57.91 - - [18/Mar/2023:20:47:31 -0500] "POST /sipse/faces/presentacion/financiero/solicitudProceso/listarSolicitudProceso.xhtml HTTP/1.1" 200 1396
192.168.175.240 - - [18/Mar/2023:20:47:42 -0500] "GET / HTTP/1.1" 200 4720
185.119.81.105 - - [18/Mar/2023:20:47:51 -0500] "GET /portaldeninos/wp-login.php HTTP/1.1" 200 2592
185.119.81.105 - - [18/Mar/2023:20:47:51 -0500] "POST /portaldeninos/wp-login.php HTTP/1.1" 200 3605
52.167.144.142 - - [18/Mar/2023:20:48:02 -0500] "GET /BLA/resoluciones/RESOLUCIONES%202022/3380.pdf HTTP/1.1" 304 -
216.245.221.92 - - [18/Mar/2023:20:48:40 -0500] "HEAD / HTTP/1.1" 200 -
192.168.175.240 - - [18/Mar/2023:20:48:42 -0500] "GET / HTTP/1.1" 200 4720
201.245.192.253 - - [18/Mar/2023:20:48:50 -0500] "POST /kwsrmcab/Wsrmcab  HTTP/1.1" 200 42239
192.168.175.240 - - [18/Mar/2023:20:49:42 -0500] "GET / HTTP/1.1" 200 4720
192.168.175.240 - - [18/Mar/2023:20:50:42 -0500] "GET / HTTP/1.1" 200 4720
201.245.192.253 - - [18/Mar/2023:20:50:53 -0500] "GET / HTTP/1.1" 200 319
172.22.2.4 - - [18/Mar/2023:20:49:19 -0500] "HEAD /BLA/boletinlegal/ HTTP/1.1" 200 -
186.103.57.91 - - [18/Mar/2023:20:51:08 -0500] "POST /sipse/faces/presentacion/financiero/solicitudProceso/listarSolicitudProceso.xhtml HTTP/1.1" 200 4825
186.103.57.91 - - [18/Mar/2023:20:51:11 -0500] "POST /sipse/faces/presentacion/financiero/solicitudProceso/listarSolicitudProceso.xhtml HTTP/1.1" 200 144909
186.103.57.91 - - [18/Mar/2023:20:51:15 -0500] "GET /sipse/faces/javax.faces.resource/jquery/jquery.js?ln=primefaces&v=4.0 HTTP/1.1" 304 -
186.103.57.91 - - [18/Mar/2023:20:51:15 -0500] "GET /sipse/faces/javax.faces.resource/jquery/jquery-plugins.js?ln=primefaces&v=4.0 HTTP/1.1" 304 -
186.103.57.91 - - [18/Mar/2023:20:51:15 -0500] "GET /sipse/faces/javax.faces.resource/primefaces.js?ln=primefaces&v=4.0 HTTP/1.1" 304 -
186.103.57.91 - - [18/Mar/2023:20:51:15 -0500] "GET /sipse/faces/javax.faces.resource/layout/layout.js?ln=primefaces&v=4.0 HTTP/1.1" 304 -
186.103.57.91 - - [18/Mar/2023:20:51:27 -0500] "POST /sipse/faces/presentacion/financiero/solicitudProceso/consultarSolicitudProceso.xhtml HTTP/1.1" 200 137436
186.103.57.91 - - [18/Mar/2023:20:51:29 -0500] "POST /sipse/faces/presentacion/financiero/solicitudProceso/consultarSolicitudProceso.xhtml HTTP/1.1" 200 154801
186.103.57.91 - - [18/Mar/2023:20:51:37 -0500] "POST /sipse/faces/presentacion/financiero/solicitudProceso/consultarSolicitudProceso.xhtml HTTP/1.1" 200 82840
192.168.175.240 - - [18/Mar/2023:20:51:42 -0500] "GET / HTTP/1.1" 200 4720
186.103.57.91 - - [18/Mar/2023:20:51:48 -0500] "POST /sipse/faces/presentacion/financiero/solicitudProceso/consultarSolicitudProceso.xhtml HTTP/1.1" 200 5577
172.22.2.4 - - [18/Mar/2023:20:50:09 -0500] "GET /BLA/boletinlegal/ HTTP/1.1" 200 57141
186.103.57.91 - - [18/Mar/2023:20:51:49 -0500] "GET /sipse/faces/javax.faces.resource/dynamiccontent.properties?ln=primefaces&pfdrid=XjOR5%2F%2FfPAZAuY9TpWQeCiM0BhlXxYRBGKi%2FQcXXfeA%3D&pfdrid_c=false HTTP/1.1" 200 165265
186.103.57.91 - - [18/Mar/2023:20:51:35 -0500] "POST /sipse/faces/presentacion/financiero/solicitudProceso/consultarSolicitudProceso.xhtml HTTP/1.1" 200 5305532
186.103.57.91 - - [18/Mar/2023:20:52:06 -0500] "POST /sipse/faces/presentacion/financiero/solicitudProceso/consultarSolicitudProceso.xhtml HTTP/1.1" 200 5562
186.103.57.91 - - [18/Mar/2023:20:52:21 -0500] "POST /sipse/faces/presentacion/financiero/solicitudProceso/consultarSolicitudProceso.xhtml HTTP/1.1" 200 33666
186.103.57.91 - - [18/Mar/2023:20:52:22 -0500] "GET /sipse/faces/javax.faces.resource/jquery/jquery.js?ln=primefaces&v=4.0 HTTP/1.1" 304 -
186.103.57.91 - - [18/Mar/2023:20:52:22 -0500] "GET /sipse/faces/javax.faces.resource/jquery/jquery-plugins.js?ln=primefaces&v=4.0 HTTP/1.1" 304 -
199.16.157.181 - - [18/Mar/2023:20:52:22 -0500] "GET /images/prendas-1_optimized.jpeg HTTP/1.1" 200 65869
186.103.57.91 - - [18/Mar/2023:20:52:23 -0500] "GET /sipse/faces/javax.faces.resource/primefaces.js?ln=primefaces&v=4.0 HTTP/1.1" 304 -
199.16.157.182 - - [18/Mar/2023:20:52:23 -0500] "GET /si-tienes-ropa-y-calzado-que-ya-no-usas-aca-te-presentamos-seis-puntos-a-donde-los-puedes-llevar.html HTTP/1.1" 200 872
186.103.57.91 - - [18/Mar/2023:20:52:23 -0500] "GET /sipse/faces/javax.faces.resource/layout/layout.js?ln=primefaces&v=4.0 HTTP/1.1" 304 -
186.103.57.91 - - [18/Mar/2023:20:52:23 -0500] "POST /sipse/faces/presentacion/sistema/reporte/listarReportes.xhtml HTTP/1.1" 200 27046
64.124.8.56 - - [18/Mar/2023:20:52:24 -0500] "-" 408 -
186.103.57.91 - - [18/Mar/2023:20:52:25 -0500] "POST /sipse/faces/presentacion/sistema/reporte/listarReportes.xhtml HTTP/1.1" 200 27046
186.103.57.91 - - [18/Mar/2023:20:52:34 -0500] "POST /sipse/faces/presentacion/sistema/reporte/listarReportes.xhtml HTTP/1.1" 200 22294
186.103.57.91 - - [18/Mar/2023:20:52:34 -0500] "GET /sipse/faces/javax.faces.resource/primefaces.js?ln=primefaces&v=4.0 HTTP/1.1" 304 -
186.103.57.91 - - [18/Mar/2023:20:52:34 -0500] "GET /sipse/faces/javax.faces.resource/theme.css?ln=primefaces-sipse HTTP/1.1" 304 -
186.103.57.91 - - [18/Mar/2023:20:52:34 -0500] "GET /sipse/faces/javax.faces.resource/jquery/jquery-plugins.js?ln=primefaces&v=4.0 HTTP/1.1" 304 -
186.103.57.91 - - [18/Mar/2023:20:52:34 -0500] "GET /sipse/faces/javax.faces.resource/primefaces.css?ln=primefaces&v=4.0 HTTP/1.1" 304 -
186.103.57.91 - - [18/Mar/2023:20:52:34 -0500] "GET /sipse/faces/javax.faces.resource/layout/layout.js?ln=primefaces&v=4.0 HTTP/1.1" 304 -
186.103.57.91 - - [18/Mar/2023:20:52:34 -0500] "GET /sipse/faces/javax.faces.resource/jquery/jquery.js?ln=primefaces&v=4.0 HTTP/1.1" 304 -
186.103.57.91 - - [18/Mar/2023:20:52:34 -0500] "GET /sipse/faces/javax.faces.resource/layout/layout.css?ln=primefaces&v=4.0 HTTP/1.1" 304 -
186.103.57.91 - - [18/Mar/2023:20:52:35 -0500] "GET /sipse/faces/javax.faces.resource/images/ui-icons_898989_256x240.png?ln=primefaces-aristo HTTP/1.1" 304 -
192.168.175.240 - - [18/Mar/2023:20:52:42 -0500] "GET / HTTP/1.1" 200 4720
186.103.57.91 - - [18/Mar/2023:20:52:56 -0500] "GET /sipse/faces/javax.faces.resource/images/ui-bg_flat_0_2d5972_40x100.png?ln=primefaces-aristo HTTP/1.1" 304 -
186.103.57.91 - - [18/Mar/2023:20:52:56 -0500] "POST /sipse/faces/presentacion/sistema/reporte/ventanaVerReporteParametros.xhtml HTTP/1.1" 200 39903
186.103.57.91 - - [18/Mar/2023:20:52:57 -0500] "GET /sipse/faces/javax.faces.resource/jquery/jquery.js?ln=primefaces&v=4.0 HTTP/1.1" 304 -
186.103.57.91 - - [18/Mar/2023:20:52:57 -0500] "GET /sipse/faces/javax.faces.resource/jquery/jquery-plugins.js?ln=primefaces&v=4.0 HTTP/1.1" 304 -
186.103.57.91 - - [18/Mar/2023:20:52:57 -0500] "GET /sipse/faces/javax.faces.resource/primefaces.js?ln=primefaces&v=4.0 HTTP/1.1" 304 -
186.103.57.91 - - [18/Mar/2023:20:52:58 -0500] "GET /sipse/faces/javax.faces.resource/layout/layout.js?ln=primefaces&v=4.0 HTTP/1.1" 304 -
186.103.57.91 - - [18/Mar/2023:20:52:58 -0500] "POST /sipse/faces/presentacion/financiero/solicitudProceso/listarSolicitudProceso.xhtml HTTP/1.1" 200 1396
172.22.2.4 - - [18/Mar/2023:20:52:16 -0500] "GET /BLA/boletinlegal/index.php?s=/Index/\\think\\app/invokefunction&function=call_user_func_array&vars[0]=md5&vars[1][]=HelloThinkPHP21 HTTP/1.1" 200 36811
69.171.249.16 - - [18/Mar/2023:20:53:29 -0500] "GET /images/caminatas-ecol\xc3\xb3gicas-marzo---1920x1080_optimized.jpg HTTP/1.1" 404 1034
216.245.221.92 - - [18/Mar/2023:20:53:40 -0500] "HEAD / HTTP/1.1" 200 -
192.168.175.240 - - [18/Mar/2023:20:53:42 -0500] "GET / HTTP/1.1" 200 4720
64.124.8.56 - - [18/Mar/2023:20:53:47 -0500] "-" 408 -
201.245.192.253 - - [18/Mar/2023:20:53:49 -0500] "POST /kwsrmcab/Wsrmcab  HTTP/1.1" 200 42239
192.168.175.240 - - [18/Mar/2023:20:54:42 -0500] "GET / HTTP/1.1" 200 4720
52.167.144.142 - - [18/Mar/2023:20:55:03 -0500] "GET /BLA/resoluciones/AUTOS%202022/2170.pdf HTTP/1.1" 304 -
192.168.175.240 - - [18/Mar/2023:20:55:42 -0500] "GET / HTTP/1.1" 200 4720
186.103.57.91 - - [18/Mar/2023:20:56:36 -0500] "POST /sipse/faces/presentacion/financiero/solicitudProceso/listarSolicitudProceso.xhtml HTTP/1.1" 200 4923
186.103.57.91 - - [18/Mar/2023:20:56:38 -0500] "POST /sipse/faces/presentacion/financiero/solicitudProceso/listarSolicitudProceso.xhtml HTTP/1.1" 200 146657
186.103.57.91 - - [18/Mar/2023:20:56:42 -0500] "GET /sipse/faces/javax.faces.resource/jquery/jquery.js?ln=primefaces&v=4.0 HTTP/1.1" 304 -
186.103.57.91 - - [18/Mar/2023:20:56:42 -0500] "GET /sipse/faces/javax.faces.resource/jquery/jquery-plugins.js?ln=primefaces&v=4.0 HTTP/1.1" 304 -
186.103.57.91 - - [18/Mar/2023:20:56:42 -0500] "GET /sipse/faces/javax.faces.resource/primefaces.js?ln=primefaces&v=4.0 HTTP/1.1" 304 -
186.103.57.91 - - [18/Mar/2023:20:56:42 -0500] "GET /sipse/faces/javax.faces.resource/layout/layout.js?ln=primefaces&v=4.0 HTTP/1.1" 304 -
192.168.175.240 - - [18/Mar/2023:20:56:42 -0500] "GET / HTTP/1.1" 200 4720
172.22.2.4 - - [18/Mar/2023:20:55:09 -0500] "HEAD /BLA/boletinlegal/ HTTP/1.1" 200 -
172.22.2.4 - - [18/Mar/2023:20:55:59 -0500] "GET /BLA/boletinlegal/ HTTP/1.1" 200 57141
192.168.175.240 - - [18/Mar/2023:20:57:42 -0500] "GET / HTTP/1.1" 200 4720
186.103.57.91 - - [18/Mar/2023:20:58:25 -0500] "POST /sipse/faces/presentacion/financiero/solicitudProceso/consultarSolicitudProceso.xhtml HTTP/1.1" 200 137436
186.103.57.91 - - [18/Mar/2023:20:58:27 -0500] "POST /sipse/faces/presentacion/financiero/solicitudProceso/consultarSolicitudProceso.xhtml HTTP/1.1" 200 132795
216.245.221.92 - - [18/Mar/2023:20:58:40 -0500] "HEAD / HTTP/1.1" 200 -
186.103.57.91 - - [18/Mar/2023:20:58:41 -0500] "POST /sipse/faces/presentacion/financiero/solicitudProceso/consultarSolicitudProceso.xhtml HTTP/1.1" 200 82571
192.168.175.240 - - [18/Mar/2023:20:58:42 -0500] "GET / HTTP/1.1" 200 4720
201.245.192.253 - - [18/Mar/2023:20:58:48 -0500] "POST /kwsrmcab/Wsrmcab  HTTP/1.1" 200 42239
186.103.57.91 - - [18/Mar/2023:20:58:52 -0500] "POST /sipse/faces/presentacion/financiero/solicitudProceso/consultarSolicitudProceso.xhtml HTTP/1.1" 200 5577
186.103.57.91 - - [18/Mar/2023:20:58:52 -0500] "GET /sipse/faces/javax.faces.resource/dynamiccontent.properties?ln=primefaces&pfdrid=XjOR5%2F%2FfPAZAuY9TpWQeCiM0BhlXxYRBGKi%2FQcXXfeA%3D&pfdrid_c=false HTTP/1.1" 200 165306
186.103.57.91 - - [18/Mar/2023:20:59:09 -0500] "POST /sipse/faces/presentacion/financiero/solicitudProceso/consultarSolicitudProceso.xhtml HTTP/1.1" 200 5562
186.103.57.91 - - [18/Mar/2023:20:58:36 -0500] "POST /sipse/faces/presentacion/financiero/solicitudProceso/consultarSolicitudProceso.xhtml HTTP/1.1" 200 7750375
52.125.136.232 - - [18/Mar/2023:20:59:28 -0500] "GET /images/jardines-verticales_optimized.jpeg HTTP/1.1" 200 138197
186.103.57.91 - - [18/Mar/2023:20:59:34 -0500] "POST /sipse/faces/presentacion/financiero/solicitudProceso/consultarSolicitudProceso.xhtml HTTP/1.1" 200 33666
186.103.57.91 - - [18/Mar/2023:20:59:35 -0500] "GET /sipse/faces/javax.faces.resource/jquery/jquery.js?ln=primefaces&v=4.0 HTTP/1.1" 304 -
186.103.57.91 - - [18/Mar/2023:20:59:35 -0500] "GET /sipse/faces/javax.faces.resource/jquery/jquery-plugins.js?ln=primefaces&v=4.0 HTTP/1.1" 304 -
186.103.57.91 - - [18/Mar/2023:20:59:36 -0500] "GET /sipse/faces/javax.faces.resource/primefaces.js?ln=primefaces&v=4.0 HTTP/1.1" 304 -
186.103.57.91 - - [18/Mar/2023:20:59:36 -0500] "GET /sipse/faces/javax.faces.resource/layout/layout.js?ln=primefaces&v=4.0 HTTP/1.1" 304 -
186.103.57.91 - - [18/Mar/2023:20:59:37 -0500] "POST /sipse/faces/presentacion/sistema/reporte/listarReportes.xhtml HTTP/1.1" 200 27046
186.103.57.91 - - [18/Mar/2023:20:59:38 -0500] "POST /sipse/faces/presentacion/sistema/reporte/listarReportes.xhtml HTTP/1.1" 200 27046
186.103.57.91 - - [18/Mar/2023:20:59:40 -0500] "POST /sipse/faces/presentacion/sistema/reporte/listarReportes.xhtml HTTP/1.1" 200 22294
186.103.57.91 - - [18/Mar/2023:20:59:41 -0500] "GET /sipse/faces/javax.faces.resource/layout/layout.css?ln=primefaces&v=4.0 HTTP/1.1" 304 -
186.103.57.91 - - [18/Mar/2023:20:59:41 -0500] "GET /sipse/faces/javax.faces.resource/jquery/jquery.js?ln=primefaces&v=4.0 HTTP/1.1" 304 -
186.103.57.91 - - [18/Mar/2023:20:59:41 -0500] "GET /sipse/faces/javax.faces.resource/jquery/jquery-plugins.js?ln=primefaces&v=4.0 HTTP/1.1" 304 -
186.103.57.91 - - [18/Mar/2023:20:59:41 -0500] "GET /sipse/faces/javax.faces.resource/primefaces.js?ln=primefaces&v=4.0 HTTP/1.1" 304 -
186.103.57.91 - - [18/Mar/2023:20:59:41 -0500] "GET /sipse/faces/javax.faces.resource/layout/layout.js?ln=primefaces&v=4.0 HTTP/1.1" 304 -
186.103.57.91 - - [18/Mar/2023:20:59:41 -0500] "GET /sipse/faces/javax.faces.resource/theme.css?ln=primefaces-sipse HTTP/1.1" 304 -
186.103.57.91 - - [18/Mar/2023:20:59:41 -0500] "GET /sipse/faces/javax.faces.resource/primefaces.css?ln=primefaces&v=4.0 HTTP/1.1" 304 -
186.103.57.91 - - [18/Mar/2023:20:59:41 -0500] "GET /sipse/faces/javax.faces.resource/images/ui-icons_898989_256x240.png?ln=primefaces-aristo HTTP/1.1" 304 -
192.168.175.240 - - [18/Mar/2023:20:59:42 -0500] "GET / HTTP/1.1" 200 4720
186.103.57.91 - - [18/Mar/2023:21:00:00 -0500] "GET /sipse/faces/javax.faces.resource/images/ui-bg_flat_0_2d5972_40x100.png?ln=primefaces-aristo HTTP/1.1" 304 -
186.103.57.91 - - [18/Mar/2023:21:00:00 -0500] "POST /sipse/faces/presentacion/sistema/reporte/ventanaVerReporteParametros.xhtml HTTP/1.1" 200 40001
186.103.57.91 - - [18/Mar/2023:21:00:01 -0500] "GET /sipse/faces/javax.faces.resource/jquery/jquery.js?ln=primefaces&v=4.0 HTTP/1.1" 304 -
186.103.57.91 - - [18/Mar/2023:21:00:02 -0500] "GET /sipse/faces/javax.faces.resource/jquery/jquery-plugins.js?ln=primefaces&v=4.0 HTTP/1.1" 304 -
186.103.57.91 - - [18/Mar/2023:21:00:02 -0500] "GET /sipse/faces/javax.faces.resource/primefaces.js?ln=primefaces&v=4.0 HTTP/1.1" 304 -
186.103.57.91 - - [18/Mar/2023:21:00:02 -0500] "GET /sipse/faces/javax.faces.resource/layout/layout.js?ln=primefaces&v=4.0 HTTP/1.1" 304 -
186.103.57.91 - - [18/Mar/2023:21:00:04 -0500] "POST /sipse/faces/presentacion/financiero/solicitudProceso/listarSolicitudProceso.xhtml HTTP/1.1" 200 1396
45.238.183.180 - - [18/Mar/2023:21:00:37 -0500] "GET /%C3%82%C2%BFquieres-aprender-sobre-jardines-verticales-esta-es-tu-oportunidad.html HTTP/1.1" 200 925
192.168.175.240 - - [18/Mar/2023:21:00:42 -0500] "GET / HTTP/1.1" 200 4720
54.205.142.92 - - [18/Mar/2023:21:00:54 -0500] "-" 408 -
172.22.2.4 - - [18/Mar/2023:21:01:14 -0500] "GET /BLA/boletinlegal/images/signo-menos.gif HTTP/1.1" 304 -
192.168.175.240 - - [18/Mar/2023:21:01:42 -0500] "GET / HTTP/1.1" 200 4720
201.244.229.212 - - [18/Mar/2023:21:02:20 -0500] "GET /sipse/faces/javax.faces.resource/theme.css?ln=primefaces-sipse HTTP/1.1" 304 -
172.22.2.4 - - [18/Mar/2023:21:00:59 -0500] "HEAD /BLA/boletinlegal/ HTTP/1.1" 200 -
201.244.229.212 - - [18/Mar/2023:21:02:42 -0500] "GET /sipse/faces/faces/autenticacion.xhtml HTTP/1.1" 200 12168
192.168.175.240 - - [18/Mar/2023:21:02:42 -0500] "GET / HTTP/1.1" 200 4720
201.244.229.212 - - [18/Mar/2023:21:02:48 -0500] "GET /sipse/js/disable_browser_buttons.js HTTP/1.1" 304 -
201.244.229.212 - - [18/Mar/2023:21:02:48 -0500] "GET /sipse/js/funciones.js HTTP/1.1" 304 -
201.244.229.212 - - [18/Mar/2023:21:02:48 -0500] "GET /sipse/css/custom_css_sg.css HTTP/1.1" 304 -
201.244.229.212 - - [18/Mar/2023:21:02:49 -0500] "GET /sipse/css/custom_css_sg_prime_login.css HTTP/1.1" 304 -
201.244.229.212 - - [18/Mar/2023:21:02:49 -0500] "GET /sipse/faces/javax.faces.resource/theme.css?ln=primefaces-sipse HTTP/1.1" 304 -
201.244.229.212 - - [18/Mar/2023:21:02:49 -0500] "GET /sipse/faces/javax.faces.resource/primefaces.css?ln=primefaces&v=4.0 HTTP/1.1" 304 -
201.244.229.212 - - [18/Mar/2023:21:02:49 -0500] "GET /sipse/faces/javax.faces.resource/jquery/jquery.js?ln=primefaces&v=4.0 HTTP/1.1" 304 -
