186.29.99.52 - - [18/Mar/2023:12:09:35 -0500] "POST /sipse/faces/presentacion/financiero/solicitudProceso/listarSolicitudProceso.xhtml HTTP/1.1" 200 1552
191.95.56.240 - - [18/Mar/2023:12:09:38 -0500] "GET /%C3%82%C2%BFquieres-aprender-sobre-jardines-verticales-esta-es-tu-oportunidad.html HTTP/1.1" 304 -
191.95.58.33 - - [18/Mar/2023:12:09:43 -0500] "GET /mujeres-que-reverdecen-secretaria-de-ambiente-anuncia-el-inicio-de-la-tercera-fase.html HTTP/1.1" 200 954
192.168.175.240 - - [18/Mar/2023:12:09:44 -0500] "GET / HTTP/1.1" 200 4720
179.19.41.192 - - [18/Mar/2023:12:09:45 -0500] "GET /galeria/galeria/jquery.fancybox.css?v=2.1.5 HTTP/1.1" 200 4895
179.19.41.192 - - [18/Mar/2023:12:09:45 -0500] "GET /BLA/boletinlegal/js/jquery.scrollShow.js HTTP/1.1" 200 4586
179.19.41.192 - - [18/Mar/2023:12:09:45 -0500] "GET /galeria/galeria/jquery.fancybox.js?v=2.1.5 HTTP/1.1" 200 48706
186.29.99.52 - - [18/Mar/2023:12:09:48 -0500] "POST /sipse/faces/presentacion/financiero/solicitudProceso/listarSolicitudProceso.xhtml HTTP/1.1" 200 146868
186.29.99.52 - - [18/Mar/2023:12:09:49 -0500] "GET /sipse/faces/javax.faces.resource/theme.css?ln=primefaces-sipse HTTP/1.1" 304 -
186.29.99.52 - - [18/Mar/2023:12:09:49 -0500] "GET /sipse/faces/javax.faces.resource/primefaces.css?ln=primefaces&v=4.0 HTTP/1.1" 304 -
186.29.99.52 - - [18/Mar/2023:12:09:49 -0500] "GET /sipse/faces/javax.faces.resource/jquery/jquery.js?ln=primefaces&v=4.0 HTTP/1.1" 304 -
186.29.99.52 - - [18/Mar/2023:12:09:49 -0500] "GET /sipse/faces/javax.faces.resource/layout/layout.css?ln=primefaces&v=4.0 HTTP/1.1" 304 -
186.29.99.52 - - [18/Mar/2023:12:09:49 -0500] "GET /sipse/faces/javax.faces.resource/jquery/jquery-plugins.js?ln=primefaces&v=4.0 HTTP/1.1" 304 -
186.29.99.52 - - [18/Mar/2023:12:09:49 -0500] "GET /sipse/css/imagen/contrasena.png HTTP/1.1" 404 383
186.29.99.52 - - [18/Mar/2023:12:09:49 -0500] "GET /sipse/faces/javax.faces.resource/primefaces.js?ln=primefaces&v=4.0 HTTP/1.1" 304 -
186.29.99.52 - - [18/Mar/2023:12:09:49 -0500] "GET /sipse/faces/javax.faces.resource/layout/layout.js?ln=primefaces&v=4.0 HTTP/1.1" 304 -
186.29.99.52 - - [18/Mar/2023:12:10:02 -0500] "POST /sipse/faces/presentacion/financiero/solicitudProceso/consultarSolicitudProceso.xhtml HTTP/1.1" 200 64066
186.29.99.52 - - [18/Mar/2023:12:10:21 -0500] "GET /sipse/faces/javax.faces.resource/primefaces.css?ln=primefaces&v=4.0 HTTP/1.1" 304 -
186.29.99.52 - - [18/Mar/2023:12:10:21 -0500] "GET /sipse/faces/javax.faces.resource/theme.css?ln=primefaces-sipse HTTP/1.1" 304 -
186.29.99.52 - - [18/Mar/2023:12:10:21 -0500] "GET /sipse/faces/javax.faces.resource/layout/layout.css?ln=primefaces&v=4.0 HTTP/1.1" 304 -
186.29.99.52 - - [18/Mar/2023:12:10:21 -0500] "GET /sipse/faces/javax.faces.resource/jquery/jquery.js?ln=primefaces&v=4.0 HTTP/1.1" 304 -
186.29.99.52 - - [18/Mar/2023:12:10:21 -0500] "GET /sipse/faces/javax.faces.resource/jquery/jquery-plugins.js?ln=primefaces&v=4.0 HTTP/1.1" 304 -
186.29.99.52 - - [18/Mar/2023:12:10:21 -0500] "GET /sipse/faces/javax.faces.resource/primefaces.js?ln=primefaces&v=4.0 HTTP/1.1" 304 -
186.29.99.52 - - [18/Mar/2023:12:10:21 -0500] "GET /sipse/faces/javax.faces.resource/layout/layout.js?ln=primefaces&v=4.0 HTTP/1.1" 304 -
186.29.99.52 - - [18/Mar/2023:12:10:21 -0500] "POST /sipse/faces/presentacion/financiero/solicitudProceso/listarSolicitudProceso.xhtml HTTP/1.1" 200 57400
186.29.99.52 - - [18/Mar/2023:12:10:21 -0500] "POST /sipse/faces/presentacion/financiero/solicitudProceso/listarSolicitudProceso.xhtml HTTP/1.1" 200 57400
186.29.99.52 - - [18/Mar/2023:12:10:22 -0500] "POST /sipse/faces/presentacion/financiero/solicitudProceso/listarSolicitudProceso.xhtml HTTP/1.1" 200 1560
186.29.99.52 - - [18/Mar/2023:12:10:22 -0500] "POST /sipse/faces/presentacion/financiero/solicitudProceso/listarSolicitudProceso.xhtml HTTP/1.1" 200 1552
186.29.99.52 - - [18/Mar/2023:12:10:23 -0500] "POST /sipse/faces/presentacion/financiero/solicitudProceso/listarSolicitudProceso.xhtml HTTP/1.1" 200 1564
192.168.175.240 - - [18/Mar/2023:12:10:44 -0500] "GET / HTTP/1.1" 200 4720
201.245.192.253 - - [18/Mar/2023:12:10:47 -0500] "POST /kwsrmcab/Wsrmcab  HTTP/1.1" 200 42239
192.168.175.240 - - [18/Mar/2023:12:11:44 -0500] "GET / HTTP/1.1" 200 4720
172.22.2.4 - - [18/Mar/2023:12:10:10 -0500] "HEAD /BLA/boletinlegal/ HTTP/1.1" 200 -
40.77.167.145 - - [18/Mar/2023:12:11:54 -0500] "GET /BLA/resoluciones/AUTOS%202022/3581.pdf HTTP/1.1" 200 828902
191.156.177.173 - - [18/Mar/2023:12:12:17 -0500] "GET /%C3%82%C2%BFquieres-aprender-sobre-jardines-verticales-esta-es-tu-oportunidad.html HTTP/1.1" 304 -
172.22.2.4 - - [18/Mar/2023:12:11:01 -0500] "GET /BLA/boletinlegal/ HTTP/1.1" 200 57141
186.29.99.52 - - [18/Mar/2023:12:12:42 -0500] "POST /sipse/faces/presentacion/financiero/solicitudProceso/listarSolicitudProceso.xhtml HTTP/1.1" 200 148844
186.29.99.52 - - [18/Mar/2023:12:12:43 -0500] "GET /sipse/faces/javax.faces.resource/theme.css?ln=primefaces-sipse HTTP/1.1" 304 -
186.29.99.52 - - [18/Mar/2023:12:12:43 -0500] "GET /sipse/faces/javax.faces.resource/primefaces.css?ln=primefaces&v=4.0 HTTP/1.1" 304 -
186.29.99.52 - - [18/Mar/2023:12:12:43 -0500] "GET /sipse/faces/javax.faces.resource/jquery/jquery.js?ln=primefaces&v=4.0 HTTP/1.1" 304 -
186.29.99.52 - - [18/Mar/2023:12:12:43 -0500] "GET /sipse/faces/javax.faces.resource/layout/layout.css?ln=primefaces&v=4.0 HTTP/1.1" 304 -
186.29.99.52 - - [18/Mar/2023:12:12:43 -0500] "GET /sipse/faces/javax.faces.resource/jquery/jquery-plugins.js?ln=primefaces&v=4.0 HTTP/1.1" 304 -
186.29.99.52 - - [18/Mar/2023:12:12:44 -0500] "GET /sipse/faces/javax.faces.resource/primefaces.js?ln=primefaces&v=4.0 HTTP/1.1" 304 -
186.29.99.52 - - [18/Mar/2023:12:12:44 -0500] "GET /sipse/faces/javax.faces.resource/layout/layout.js?ln=primefaces&v=4.0 HTTP/1.1" 304 -
192.168.175.240 - - [18/Mar/2023:12:12:44 -0500] "GET / HTTP/1.1" 200 4720
186.29.99.52 - - [18/Mar/2023:12:12:51 -0500] "POST /sipse/faces/presentacion/financiero/solicitudProceso/consultarSolicitudProceso.xhtml HTTP/1.1" 200 64066
186.29.99.52 - - [18/Mar/2023:12:12:51 -0500] "GET /sipse/faces/javax.faces.resource/theme.css?ln=primefaces-sipse HTTP/1.1" 304 -
186.29.99.52 - - [18/Mar/2023:12:12:51 -0500] "GET /sipse/faces/javax.faces.resource/primefaces.css?ln=primefaces&v=4.0 HTTP/1.1" 304 -
186.29.99.52 - - [18/Mar/2023:12:12:51 -0500] "GET /sipse/faces/javax.faces.resource/layout/layout.css?ln=primefaces&v=4.0 HTTP/1.1" 304 -
186.29.99.52 - - [18/Mar/2023:12:12:51 -0500] "GET /sipse/faces/javax.faces.resource/jquery/jquery.js?ln=primefaces&v=4.0 HTTP/1.1" 304 -
186.29.99.52 - - [18/Mar/2023:12:12:51 -0500] "GET /sipse/faces/javax.faces.resource/jquery/jquery-plugins.js?ln=primefaces&v=4.0 HTTP/1.1" 304 -
186.29.99.52 - - [18/Mar/2023:12:12:51 -0500] "GET /sipse/faces/javax.faces.resource/primefaces.js?ln=primefaces&v=4.0 HTTP/1.1" 304 -
186.29.99.52 - - [18/Mar/2023:12:12:51 -0500] "GET /sipse/faces/javax.faces.resource/layout/layout.js?ln=primefaces&v=4.0 HTTP/1.1" 304 -
186.29.99.52 - - [18/Mar/2023:12:12:51 -0500] "POST /sipse/faces/presentacion/financiero/solicitudProceso/listarSolicitudProceso.xhtml HTTP/1.1" 200 57400
186.29.99.52 - - [18/Mar/2023:12:12:52 -0500] "POST /sipse/faces/presentacion/financiero/solicitudProceso/listarSolicitudProceso.xhtml HTTP/1.1" 200 57400
186.29.99.52 - - [18/Mar/2023:12:12:52 -0500] "POST /sipse/faces/presentacion/financiero/solicitudProceso/listarSolicitudProceso.xhtml HTTP/1.1" 200 57400
186.29.99.52 - - [18/Mar/2023:12:12:52 -0500] "POST /sipse/faces/presentacion/financiero/solicitudProceso/listarSolicitudProceso.xhtml HTTP/1.1" 200 57400
186.29.99.52 - - [18/Mar/2023:12:12:52 -0500] "POST /sipse/faces/presentacion/financiero/solicitudProceso/listarSolicitudProceso.xhtml HTTP/1.1" 200 1560
186.29.99.52 - - [18/Mar/2023:12:12:53 -0500] "POST /sipse/faces/presentacion/financiero/solicitudProceso/listarSolicitudProceso.xhtml HTTP/1.1" 200 1552
186.29.99.52 - - [18/Mar/2023:12:12:53 -0500] "POST /sipse/faces/presentacion/financiero/solicitudProceso/listarSolicitudProceso.xhtml HTTP/1.1" 200 1564
186.29.99.52 - - [18/Mar/2023:12:12:53 -0500] "POST /sipse/faces/presentacion/financiero/solicitudProceso/listarSolicitudProceso.xhtml HTTP/1.1" 200 1552
186.29.99.52 - - [18/Mar/2023:12:12:54 -0500] "POST /sipse/faces/presentacion/financiero/solicitudProceso/listarSolicitudProceso.xhtml HTTP/1.1" 200 1564
159.89.161.242 - - [18/Mar/2023:12:13:18 -0500] "GET /portaldeninos/ HTTP/1.1" 200 110197
216.245.221.92 - - [18/Mar/2023:12:13:41 -0500] "HEAD / HTTP/1.1" 200 -
192.168.175.240 - - [18/Mar/2023:12:13:44 -0500] "GET / HTTP/1.1" 200 4720
192.168.175.240 - - [18/Mar/2023:12:14:44 -0500] "GET / HTTP/1.1" 200 4720
191.156.176.47 - - [18/Mar/2023:12:15:40 -0500] "GET /%C3%82%C2%BFquieres-aprender-sobre-jardines-verticales-esta-es-tu-oportunidad.html HTTP/1.1" 200 925
192.168.175.240 - - [18/Mar/2023:12:15:44 -0500] "GET / HTTP/1.1" 200 4720
201.245.192.253 - - [18/Mar/2023:12:15:44 -0500] "POST /kwsrmcab/Wsrmcab  HTTP/1.1" 200 42239
192.168.175.240 - - [18/Mar/2023:12:16:44 -0500] "GET / HTTP/1.1" 200 4720
181.51.34.48 - - [18/Mar/2023:12:17:40 -0500] "-" 408 -
172.22.2.4 - - [18/Mar/2023:12:16:00 -0500] "HEAD /BLA/boletinlegal/ HTTP/1.1" 200 -
192.168.175.240 - - [18/Mar/2023:12:17:44 -0500] "GET / HTTP/1.1" 200 4720
172.22.2.4 - - [18/Mar/2023:12:17:46 -0500] "GET /BLA/boletinlegal/consulta_actos.php?tipo=autos&no=0815&usuario=&sector=&fecha=2015&resuelve= HTTP/1.1" 200 626
46.241.55.7 - - [18/Mar/2023:12:18:13 -0500] "GET / HTTP/1.1" 200 319
172.22.2.4 - - [18/Mar/2023:12:16:51 -0500] "GET /BLA/boletinlegal/ HTTP/1.1" 200 54798
216.245.221.92 - - [18/Mar/2023:12:18:41 -0500] "HEAD / HTTP/1.1" 200 -
192.168.175.240 - - [18/Mar/2023:12:18:44 -0500] "GET / HTTP/1.1" 200 4720
172.22.2.4 - - [18/Mar/2023:12:18:58 -0500] "GET /BLA/boletinlegal/actos.php HTTP/1.1" 200 9672
172.22.2.4 - - [18/Mar/2023:12:18:58 -0500] "OPTIONS /BLA/boletinlegal/niceforms-default.css HTTP/1.1" 200 -
172.22.2.4 - - [18/Mar/2023:12:18:58 -0500] "OPTIONS /BLA/boletinlegal/niceforms.js HTTP/1.1" 200 -
172.22.2.4 - - [18/Mar/2023:12:18:58 -0500] "OPTIONS /BLA/boletinlegal/js/ajax_actos.js HTTP/1.1" 200 -
172.22.2.4 - - [18/Mar/2023:12:18:58 -0500] "OPTIONS /BLA/boletinlegal/js/lib.js HTTP/1.1" 200 -
172.22.2.4 - - [18/Mar/2023:12:18:58 -0500] "OPTIONS /BLA/boletinlegal/js/popup.js HTTP/1.1" 200 -
172.22.2.4 - - [18/Mar/2023:12:18:58 -0500] "OPTIONS /BLA/boletinlegal/js/jquery1.js HTTP/1.1" 200 -
172.22.2.4 - - [18/Mar/2023:12:18:58 -0500] "OPTIONS /BLA/boletinlegal/images/tel.png HTTP/1.1" 200 -
172.22.2.4 - - [18/Mar/2023:12:18:58 -0500] "OPTIONS /BLA/boletinlegal/images/icono-email.png HTTP/1.1" 200 -
172.22.2.4 - - [18/Mar/2023:12:18:58 -0500] "OPTIONS /BLA/boletinlegal/images/green-yellow-blue-pink-th.png HTTP/1.1" 200 -
172.22.2.4 - - [18/Mar/2023:12:18:58 -0500] "OPTIONS /BLA/boletinlegal/images/menu_lft.gif HTTP/1.1" 200 -
172.22.2.4 - - [18/Mar/2023:12:18:58 -0500] "OPTIONS /BLA/boletinlegal/images/body_bg.jpg HTTP/1.1" 200 -
172.22.2.4 - - [18/Mar/2023:12:18:58 -0500] "OPTIONS /BLA/boletinlegal/images/bg_top.jpg HTTP/1.1" 200 -
172.22.2.4 - - [18/Mar/2023:12:18:58 -0500] "OPTIONS /BLA/boletinlegal/images/menu_rght.gif HTTP/1.1" 200 -
172.22.2.4 - - [18/Mar/2023:12:18:58 -0500] "OPTIONS /BLA/boletinlegal/images/hover.jpg HTTP/1.1" 200 -
172.22.2.4 - - [18/Mar/2023:12:18:58 -0500] "OPTIONS /BLA/boletinlegal/images/menu_bg.jpg HTTP/1.1" 200 -
172.22.2.4 - - [18/Mar/2023:12:18:58 -0500] "OPTIONS /BLA/boletinlegal/images/text.jpg HTTP/1.1" 200 -
172.22.2.4 - - [18/Mar/2023:12:18:58 -0500] "OPTIONS /BLA/boletinlegal/images/footer_bg_l.jpg HTTP/1.1" 200 -
172.22.2.4 - - [18/Mar/2023:12:18:58 -0500] "OPTIONS /BLA/boletinlegal/images/footer_bg.jpg HTTP/1.1" 200 -
172.22.2.4 - - [18/Mar/2023:12:18:58 -0500] "OPTIONS /BLA/boletinlegal/img/select-left.png HTTP/1.1" 200 -
172.22.2.4 - - [18/Mar/2023:12:18:58 -0500] "OPTIONS /BLA/boletinlegal/img/0.png HTTP/1.1" 200 -
172.22.2.4 - - [18/Mar/2023:12:18:58 -0500] "OPTIONS /BLA/boletinlegal/img/button-left.png HTTP/1.1" 200 -
172.22.2.4 - - [18/Mar/2023:12:18:58 -0500] "OPTIONS /BLA/boletinlegal/img/select-right.png HTTP/1.1" 200 -
172.22.2.4 - - [18/Mar/2023:12:18:58 -0500] "OPTIONS /BLA/boletinlegal/img/button-right.png HTTP/1.1" 200 -
172.22.2.4 - - [18/Mar/2023:12:18:58 -0500] "OPTIONS /BLA/boletinlegal/img/button.png HTTP/1.1" 200 -
186.29.180.46 - - [18/Mar/2023:12:19:01 -0500] "GET /BLA/resoluciones/ HTTP/1.1" 200 13502
186.29.180.46 - - [18/Mar/2023:12:19:03 -0500] "GET /BLA/resoluciones/index.php?dir=AUTOS+2022%2F HTTP/1.1" 200 450240
172.22.2.4 - - [18/Mar/2023:12:19:04 -0500] "OPTIONS /BLA/boletinlegal/images/screen_5.png HTTP/1.1" 200 -
172.22.2.4 - - [18/Mar/2023:12:19:04 -0500] "OPTIONS /BLA/boletinlegal/images/screen_3.png HTTP/1.1" 200 -
172.22.2.4 - - [18/Mar/2023:12:19:04 -0500] "OPTIONS /BLA/boletinlegal/images/arr_r.jpg HTTP/1.1" 200 -
172.22.2.4 - - [18/Mar/2023:12:19:04 -0500] "OPTIONS /BLA/boletinlegal/images/screen_2.png HTTP/1.1" 200 -
186.29.180.46 - - [18/Mar/2023:12:19:12 -0500] "GET /BLA/resoluciones/AUTOS%202022/0317.pdf HTTP/1.1" 200 329717
172.22.2.4 - - [18/Mar/2023:12:19:12 -0500] "OPTIONS /BLA/boletinlegal/images/pdf.gif HTTP/1.1" 200 -
192.168.175.240 - - [18/Mar/2023:12:19:44 -0500] "GET / HTTP/1.1" 200 4720
172.22.2.4 - - [18/Mar/2023:12:18:57 -0500] "GET /BLA/boletinlegal/ HTTP/1.1" 200 62202
201.245.192.253 - - [18/Mar/2023:12:20:42 -0500] "POST /kwsrmcab/Wsrmcab  HTTP/1.1" 200 42239
192.168.175.240 - - [18/Mar/2023:12:20:44 -0500] "GET / HTTP/1.1" 200 4720
201.245.192.253 - - [18/Mar/2023:12:20:43 -0500] "POST /kwsrmcab/Wsrmcab HTTP/1.1" 200 41347
201.245.192.253 - - [18/Mar/2023:12:20:46 -0500] "POST /kwsrmcab/Wsrmcab HTTP/1.1" 200 43640
69.171.231.3 - - [18/Mar/2023:12:20:50 -0500] "GET /images/24%20de%20febrero%20Sendero%20guadalupe%202.jpeg HTTP/1.1" 200 70964
186.29.32.5 - - [18/Mar/2023:12:21:16 -0500] "GET /%C3%82%C2%BFquieres-aprender-sobre-jardines-verticales-esta-es-tu-oportunidad.html HTTP/1.1" 304 -
192.168.175.240 - - [18/Mar/2023:12:21:44 -0500] "GET / HTTP/1.1" 200 4720
186.29.99.52 - - [18/Mar/2023:12:21:44 -0500] "POST /sipse/faces/presentacion/financiero/solicitudProceso/listarSolicitudProceso.xhtml HTTP/1.1" 200 57400
186.29.99.52 - - [18/Mar/2023:12:21:44 -0500] "POST /sipse/faces/presentacion/financiero/solicitudProceso/listarSolicitudProceso.xhtml HTTP/1.1" 200 57400
186.29.99.52 - - [18/Mar/2023:12:21:45 -0500] "POST /sipse/faces/presentacion/financiero/solicitudProceso/listarSolicitudProceso.xhtml HTTP/1.1" 200 57400
186.29.99.52 - - [18/Mar/2023:12:21:45 -0500] "POST /sipse/faces/presentacion/financiero/solicitudProceso/listarSolicitudProceso.xhtml HTTP/1.1" 200 57400
186.29.99.52 - - [18/Mar/2023:12:21:45 -0500] "POST /sipse/faces/presentacion/financiero/solicitudProceso/listarSolicitudProceso.xhtml HTTP/1.1" 200 57400
186.29.99.52 - - [18/Mar/2023:12:21:46 -0500] "POST /sipse/faces/presentacion/financiero/solicitudProceso/listarSolicitudProceso.xhtml HTTP/1.1" 200 57400
186.29.99.52 - - [18/Mar/2023:12:21:46 -0500] "POST /sipse/faces/presentacion/financiero/solicitudProceso/listarSolicitudProceso.xhtml HTTP/1.1" 200 1560
186.29.99.52 - - [18/Mar/2023:12:21:46 -0500] "POST /sipse/faces/presentacion/financiero/solicitudProceso/listarSolicitudProceso.xhtml HTTP/1.1" 200 1552
186.29.99.52 - - [18/Mar/2023:12:21:46 -0500] "POST /sipse/faces/presentacion/financiero/solicitudProceso/listarSolicitudProceso.xhtml HTTP/1.1" 200 1564
186.29.99.52 - - [18/Mar/2023:12:21:47 -0500] "POST /sipse/faces/presentacion/financiero/solicitudProceso/listarSolicitudProceso.xhtml HTTP/1.1" 200 1552
186.29.99.52 - - [18/Mar/2023:12:21:47 -0500] "POST /sipse/faces/presentacion/financiero/solicitudProceso/listarSolicitudProceso.xhtml HTTP/1.1" 200 1564
186.29.99.52 - - [18/Mar/2023:12:21:47 -0500] "POST /sipse/faces/presentacion/financiero/solicitudProceso/listarSolicitudProceso.xhtml HTTP/1.1" 200 1552
173.252.79.23 - - [18/Mar/2023:12:21:58 -0500] "GET /images/caminatas-ecol\xc3\xb3gicas-marzo---1920x1080_optimized.jpg HTTP/1.1" 404 1034
192.168.175.240 - - [18/Mar/2023:12:22:44 -0500] "GET / HTTP/1.1" 200 4720
172.22.2.4 - - [18/Mar/2023:12:21:50 -0500] "HEAD /BLA/boletinlegal/ HTTP/1.1" 200 -
216.245.221.92 - - [18/Mar/2023:12:23:41 -0500] "HEAD / HTTP/1.1" 200 -
192.168.175.240 - - [18/Mar/2023:12:23:44 -0500] "GET / HTTP/1.1" 200 4720
186.29.99.52 - - [18/Mar/2023:12:23:45 -0500] "POST /sipse/faces/presentacion/financiero/solicitudProceso/listarSolicitudProceso.xhtml HTTP/1.1" 200 57400
186.29.99.52 - - [18/Mar/2023:12:23:46 -0500] "POST /sipse/faces/presentacion/financiero/solicitudProceso/listarSolicitudProceso.xhtml HTTP/1.1" 200 57400
186.29.99.52 - - [18/Mar/2023:12:23:46 -0500] "POST /sipse/faces/presentacion/financiero/solicitudProceso/listarSolicitudProceso.xhtml HTTP/1.1" 200 57400
186.29.99.52 - - [18/Mar/2023:12:23:46 -0500] "POST /sipse/faces/presentacion/financiero/solicitudProceso/listarSolicitudProceso.xhtml HTTP/1.1" 200 57400
186.29.99.52 - - [18/Mar/2023:12:23:47 -0500] "POST /sipse/faces/presentacion/financiero/solicitudProceso/listarSolicitudProceso.xhtml HTTP/1.1" 200 57400
186.29.99.52 - - [18/Mar/2023:12:23:47 -0500] "POST /sipse/faces/presentacion/financiero/solicitudProceso/listarSolicitudProceso.xhtml HTTP/1.1" 200 57400
186.29.99.52 - - [18/Mar/2023:12:23:47 -0500] "POST /sipse/faces/presentacion/financiero/solicitudProceso/listarSolicitudProceso.xhtml HTTP/1.1" 200 1560
186.29.99.52 - - [18/Mar/2023:12:23:48 -0500] "POST /sipse/faces/presentacion/financiero/solicitudProceso/listarSolicitudProceso.xhtml HTTP/1.1" 200 1552
186.29.99.52 - - [18/Mar/2023:12:23:48 -0500] "POST /sipse/faces/presentacion/financiero/solicitudProceso/listarSolicitudProceso.xhtml HTTP/1.1" 200 1564
186.29.99.52 - - [18/Mar/2023:12:23:48 -0500] "POST /sipse/faces/presentacion/financiero/solicitudProceso/listarSolicitudProceso.xhtml HTTP/1.1" 200 1552
186.29.99.52 - - [18/Mar/2023:12:23:48 -0500] "POST /sipse/faces/presentacion/financiero/solicitudProceso/listarSolicitudProceso.xhtml HTTP/1.1" 200 1564
186.29.99.52 - - [18/Mar/2023:12:23:49 -0500] "POST /sipse/faces/presentacion/financiero/solicitudProceso/listarSolicitudProceso.xhtml HTTP/1.1" 200 1552
172.22.2.4 - - [18/Mar/2023:12:22:41 -0500] "GET /BLA/boletinlegal/ HTTP/1.1" 200 57141
192.168.175.240 - - [18/Mar/2023:12:24:44 -0500] "GET / HTTP/1.1" 200 4720
201.245.192.253 - - [18/Mar/2023:12:25:39 -0500] "POST /kwsrmcab/Wsrmcab  HTTP/1.1" 200 42239
192.168.175.240 - - [18/Mar/2023:12:25:44 -0500] "GET / HTTP/1.1" 200 4720
192.168.175.240 - - [18/Mar/2023:12:26:44 -0500] "GET / HTTP/1.1" 200 4720
66.249.79.111 - - [18/Mar/2023:12:26:53 -0500] "-" 408 -
186.83.184.111 - - [18/Mar/2023:12:27:03 -0500] "GET /galeria/galeria/jquery.fancybox.css?v=2.1.5 HTTP/1.1" 200 4895
186.83.184.111 - - [18/Mar/2023:12:27:03 -0500] "GET /BLA/boletinlegal/js/jquery.scrollShow.js HTTP/1.1" 200 4586
186.83.184.111 - - [18/Mar/2023:12:27:03 -0500] "GET /galeria/galeria/jquery.fancybox.js?v=2.1.5 HTTP/1.1" 200 48706
192.168.175.240 - - [18/Mar/2023:12:27:44 -0500] "GET / HTTP/1.1" 200 4720
216.245.221.92 - - [18/Mar/2023:12:28:41 -0500] "HEAD / HTTP/1.1" 200 -
192.168.175.240 - - [18/Mar/2023:12:28:44 -0500] "GET / HTTP/1.1" 200 4720
172.22.2.4 - - [18/Mar/2023:12:27:40 -0500] "HEAD /BLA/boletinlegal/ HTTP/1.1" 200 -
31.13.127.30 - - [18/Mar/2023:12:29:27 -0500] "GET /images/cr\xc3\xb3nica-29-nov-1_optimized.jpeg HTTP/1.1" 404 1034
192.168.175.240 - - [18/Mar/2023:12:29:44 -0500] "GET / HTTP/1.1" 200 4720
172.22.2.4 - - [18/Mar/2023:12:28:31 -0500] "GET /BLA/boletinlegal/ HTTP/1.1" 200 57141
201.185.137.3 - - [18/Mar/2023:12:30:13 -0500] "GET /images/jardines-verticales_optimized.jpeg HTTP/1.1" 200 138197
201.245.192.253 - - [18/Mar/2023:12:30:39 -0500] "POST /kwsrmcab/Wsrmcab  HTTP/1.1" 200 42239
192.168.175.240 - - [18/Mar/2023:12:30:44 -0500] "GET / HTTP/1.1" 200 4720
201.245.192.253 - - [18/Mar/2023:12:30:43 -0500] "POST /kwsrmcab/Wsrmcab HTTP/1.1" 200 41347
201.245.192.253 - - [18/Mar/2023:12:30:45 -0500] "POST /kwsrmcab/Wsrmcab HTTP/1.1" 200 43640
190.60.254.219 - - [18/Mar/2023:12:31:40 -0500] "GET /mujeres-que-reverdecen-secretaria-de-ambiente-anuncia-el-inicio-de-la-tercera-fase.html HTTP/1.1" 200 954
192.168.175.240 - - [18/Mar/2023:12:31:44 -0500] "GET / HTTP/1.1" 200 4720
69.63.184.119 - - [18/Mar/2023:12:32:22 -0500] "GET /inscribete-y-participa-en-las-caminatas-ecologicas-de-marzo.html HTTP/1.1" 206 924
192.168.175.240 - - [18/Mar/2023:12:32:44 -0500] "GET / HTTP/1.1" 200 4720
190.60.254.219 - - [18/Mar/2023:12:33:23 -0500] "GET /mujeres-que-reverdecen-secretaria-de-ambiente-anuncia-el-inicio-de-la-tercera-fase.html HTTP/1.1" 200 954
216.245.221.92 - - [18/Mar/2023:12:33:41 -0500] "HEAD / HTTP/1.1" 200 -
192.168.175.240 - - [18/Mar/2023:12:33:44 -0500] "GET / HTTP/1.1" 200 4720
66.249.79.111 - - [18/Mar/2023:12:33:50 -0500] "-" 408 -
186.80.52.172 - - [18/Mar/2023:12:33:53 -0500] "GET /appsia/controlador HTTP/1.1" 200 4799
186.80.52.172 - - [18/Mar/2023:12:33:53 -0500] "GET /appsia/controlador HTTP/1.1" 200 4799
186.80.52.172 - - [18/Mar/2023:12:33:54 -0500] "GET /appsia/scripts/validarIngreso.js HTTP/1.1" 200 851
186.80.52.172 - - [18/Mar/2023:12:33:54 -0500] "GET /appsia/css/estilos.css HTTP/1.1" 200 4804
186.80.52.172 - - [18/Mar/2023:12:33:54 -0500] "GET /appsia/images/cabezoteHojaVida.png HTTP/1.1" 200 32493
186.80.52.172 - - [18/Mar/2023:12:33:54 -0500] "GET /appsia/images/logo_bogota_p.png HTTP/1.1" 200 14951
173.252.95.20 - - [18/Mar/2023:12:33:55 -0500] "GET /dos-animales-silvestres-carne-y-huevos-de-tortuga-fueron-recuperados-en-semana-santa.html HTTP/1.1" 206 1092
186.80.52.172 - - [18/Mar/2023:12:33:55 -0500] "GET /favicon.ico HTTP/1.1" 200 7782
186.80.52.172 - - [18/Mar/2023:12:34:07 -0500] "POST /appsia/controlador HTTP/1.1" 200 5437
186.80.52.172 - - [18/Mar/2023:12:34:09 -0500] "POST /appsia/controlador HTTP/1.1" 200 7769
186.80.52.172 - - [18/Mar/2023:12:34:31 -0500] "POST /appsia/controlador HTTP/1.1" 200 6634
186.80.52.172 - - [18/Mar/2023:12:34:31 -0500] "POST /appsia/controlador HTTP/1.1" 200 6634
186.80.52.172 - - [18/Mar/2023:12:34:32 -0500] "POST /appsia/controlador HTTP/1.1" 200 11711
192.168.175.240 - - [18/Mar/2023:12:34:44 -0500] "GET / HTTP/1.1" 200 4720
172.22.2.4 - - [18/Mar/2023:12:33:30 -0500] "HEAD /BLA/boletinlegal/ HTTP/1.1" 200 -
181.59.2.119 - - [18/Mar/2023:12:35:22 -0500] "GET /images/jardines-verticales_optimized.jpeg HTTP/1.1" 200 138197
181.59.2.119 - - [18/Mar/2023:12:35:22 -0500] "GET /images/jardines-verticales_optimized.jpeg HTTP/1.1" 200 138197
66.249.70.182 - - [18/Mar/2023:12:35:24 -0500] "-" 408 -
181.59.2.119 - - [18/Mar/2023:12:35:35 -0500] "GET /images/jardines-verticales_optimized.jpeg HTTP/1.1" 200 138197
186.80.52.172 - - [18/Mar/2023:12:35:36 -0500] "POST /appsia/controlador HTTP/1.1" 200 11711
201.245.192.253 - - [18/Mar/2023:12:35:38 -0500] "POST /kwsrmcab/Wsrmcab  HTTP/1.1" 200 42239
192.168.175.240 - - [18/Mar/2023:12:35:44 -0500] "GET / HTTP/1.1" 200 4720
186.80.52.172 - - [18/Mar/2023:12:35:47 -0500] "GET /appsia/controlador?comando=regresar&id=39534959&funcionario=MARIA+ODILIA+CLAVIJO&desde=39534959&hasta=39534959&version=39534959 HTTP/1.1" 200 7769
186.80.52.172 - - [18/Mar/2023:12:35:51 -0500] "POST /appsia/controlador HTTP/1.1" 200 5228
186.80.52.172 - - [18/Mar/2023:12:35:52 -0500] "GET /appsia/controlador?comando=regresar&id=39534959&funcionario=MARIA+ODILIA+CLAVIJO&desde=39534959&hasta=39534959&version=39534959 HTTP/1.1" 200 7769
186.80.52.172 - - [18/Mar/2023:12:35:52 -0500] "POST /appsia/controlador HTTP/1.1" 200 5228
186.80.52.172 - - [18/Mar/2023:12:35:54 -0500] "GET /appsia/controlador?comando=regresar&id=39534959&funcionario=MARIA+ODILIA+CLAVIJO&desde=39534959&hasta=39534959&version=39534959 HTTP/1.1" 200 7769
186.80.52.172 - - [18/Mar/2023:12:35:58 -0500] "POST /appsia/controlador HTTP/1.1" 200 6634
186.80.52.172 - - [18/Mar/2023:12:35:59 -0500] "POST /appsia/controlador HTTP/1.1" 200 12459
172.22.2.4 - - [18/Mar/2023:12:34:21 -0500] "GET /BLA/boletinlegal/ HTTP/1.1" 200 54798
186.80.52.172 - - [18/Mar/2023:12:36:25 -0500] "POST /appsia/controlador HTTP/1.1" 200 12459
192.168.175.240 - - [18/Mar/2023:12:36:44 -0500] "GET / HTTP/1.1" 200 4720
186.80.52.172 - - [18/Mar/2023:12:36:54 -0500] "POST /appsia/controlador HTTP/1.1" 200 7769
186.80.52.172 - - [18/Mar/2023:12:37:06 -0500] "POST /appsia/controlador HTTP/1.1" 200 6634
186.80.52.172 - - [18/Mar/2023:12:37:07 -0500] "POST /appsia/controlador HTTP/1.1" 200 11314
192.168.175.240 - - [18/Mar/2023:12:37:44 -0500] "GET / HTTP/1.1" 200 4720
179.1.111.23 - - [18/Mar/2023:12:37:55 -0500] "GET /images/jardines-verticales_optimized.jpeg HTTP/1.1" 200 138197
179.1.111.23 - - [18/Mar/2023:12:37:55 -0500] "GET /images/jardines-verticales_optimized.jpeg HTTP/1.1" 200 138197
216.245.221.92 - - [18/Mar/2023:12:38:41 -0500] "HEAD / HTTP/1.1" 200 -
52.151.201.131 - - [18/Mar/2023:12:38:42 -0500] "GET /images/jardines-verticales_optimized.jpeg HTTP/1.1" 200 138197
192.168.175.240 - - [18/Mar/2023:12:38:44 -0500] "GET / HTTP/1.1" 200 4720
186.80.52.172 - - [18/Mar/2023:12:39:04 -0500] "POST /appsia/controlador HTTP/1.1" 200 7769
51.254.59.113 - - [18/Mar/2023:12:39:14 -0500] "GET / HTTP/1.1" 200 319
192.168.175.240 - - [18/Mar/2023:12:39:44 -0500] "GET / HTTP/1.1" 200 4720
192.109.145.231 - - [18/Mar/2023:12:39:57 -0500] "GET /galeria/nivo-slider/demo/images/avances-sentencias-rio-bogota-2.jpg HTTP/1.1" 304 -
201.245.192.253 - - [18/Mar/2023:12:40:38 -0500] "POST /kwsrmcab/Wsrmcab  HTTP/1.1" 200 42239
192.168.175.240 - - [18/Mar/2023:12:40:44 -0500] "GET / HTTP/1.1" 200 4720
201.245.192.253 - - [18/Mar/2023:12:40:43 -0500] "POST /kwsrmcab/Wsrmcab HTTP/1.1" 200 41347
201.245.192.253 - - [18/Mar/2023:12:40:46 -0500] "POST /kwsrmcab/Wsrmcab HTTP/1.1" 200 43640
172.22.2.4 - - [18/Mar/2023:12:39:20 -0500] "HEAD /BLA/boletinlegal/ HTTP/1.1" 200 -
186.154.33.37 - - [18/Mar/2023:12:41:27 -0500] "GET /BLA/resoluciones/index.php?dir=AUTOS+2014%2F HTTP/1.1" 200 887591
192.168.175.240 - - [18/Mar/2023:12:41:44 -0500] "GET / HTTP/1.1" 200 4720
172.22.2.4 - - [18/Mar/2023:12:40:11 -0500] "GET /BLA/boletinlegal/ HTTP/1.1" 200 57141
192.168.175.240 - - [18/Mar/2023:12:42:44 -0500] "GET / HTTP/1.1" 200 4720
216.245.221.92 - - [18/Mar/2023:12:43:41 -0500] "HEAD / HTTP/1.1" 200 -
192.168.175.240 - - [18/Mar/2023:12:43:44 -0500] "GET / HTTP/1.1" 200 4720
170.78.42.70 - - [18/Mar/2023:12:44:07 -0500] "GET /mujeres-que-reverdecen-secretaria-de-ambiente-anuncia-el-inicio-de-la-tercera-fase.html HTTP/1.1" 200 954
192.168.175.240 - - [18/Mar/2023:12:44:44 -0500] "GET / HTTP/1.1" 200 4720
201.245.192.253 - - [18/Mar/2023:12:45:37 -0500] "POST /kwsrmcab/Wsrmcab  HTTP/1.1" 200 42239
192.168.175.240 - - [18/Mar/2023:12:45:44 -0500] "GET / HTTP/1.1" 200 4720
192.168.175.240 - - [18/Mar/2023:12:46:44 -0500] "GET / HTTP/1.1" 200 4720
172.22.2.4 - - [18/Mar/2023:12:45:10 -0500] "HEAD /BLA/boletinlegal/ HTTP/1.1" 200 -
172.22.2.4 - - [18/Mar/2023:12:46:01 -0500] "GET /BLA/boletinlegal/ HTTP/1.1" 200 53551
192.168.175.240 - - [18/Mar/2023:12:47:44 -0500] "GET / HTTP/1.1" 200 4720
216.245.221.92 - - [18/Mar/2023:12:48:41 -0500] "HEAD / HTTP/1.1" 200 -
192.168.175.240 - - [18/Mar/2023:12:48:44 -0500] "GET / HTTP/1.1" 200 4720
200.118.62.102 - - [18/Mar/2023:12:49:43 -0500] "GET /galeria/galeria/jquery.fancybox.css?v=2.1.5 HTTP/1.1" 200 4895
200.118.62.102 - - [18/Mar/2023:12:49:43 -0500] "GET /BLA/boletinlegal/js/jquery.scrollShow.js HTTP/1.1" 200 4586
200.118.62.102 - - [18/Mar/2023:12:49:43 -0500] "GET /galeria/galeria/jquery.fancybox.js?v=2.1.5 HTTP/1.1" 200 48706
192.168.175.240 - - [18/Mar/2023:12:49:44 -0500] "GET / HTTP/1.1" 200 4720
201.245.192.253 - - [18/Mar/2023:12:50:37 -0500] "POST /kwsrmcab/Wsrmcab  HTTP/1.1" 200 42239
192.168.175.240 - - [18/Mar/2023:12:50:44 -0500] "GET / HTTP/1.1" 200 4720
172.22.2.4 - - [18/Mar/2023:12:51:32 -0500] "GET /BLA/boletinlegal/robots.txt HTTP/1.1" 404 1038
192.168.175.240 - - [18/Mar/2023:12:51:44 -0500] "GET / HTTP/1.1" 200 4720
191.108.48.205 - - [18/Mar/2023:12:52:27 -0500] "GET /inscribete-y-participa-en-las-caminatas-ecologicas-de-marzo.html HTTP/1.1" 200 924
172.22.2.4 - - [18/Mar/2023:12:51:00 -0500] "HEAD /BLA/boletinlegal/ HTTP/1.1" 200 -
192.168.175.240 - - [18/Mar/2023:12:52:44 -0500] "GET / HTTP/1.1" 200 4720
52.151.201.131 - - [18/Mar/2023:12:53:03 -0500] "GET /images/jardines-verticales_optimized.jpeg HTTP/1.1" 200 138197
172.22.2.4 - - [18/Mar/2023:12:51:34 -0500] "GET /BLA/boletinlegal/ HTTP/1.1" 200 48649
172.22.2.4 - - [18/Mar/2023:12:51:51 -0500] "GET /BLA/boletinlegal/ HTTP/1.1" 200 49744
216.245.221.92 - - [18/Mar/2023:12:53:41 -0500] "HEAD / HTTP/1.1" 200 -
192.168.175.240 - - [18/Mar/2023:12:53:44 -0500] "GET / HTTP/1.1" 200 4720
192.168.175.240 - - [18/Mar/2023:12:54:44 -0500] "GET / HTTP/1.1" 200 4720
201.245.192.253 - - [18/Mar/2023:12:55:36 -0500] "POST /kwsrmcab/Wsrmcab  HTTP/1.1" 200 42239
192.168.175.240 - - [18/Mar/2023:12:55:44 -0500] "GET / HTTP/1.1" 200 4720
172.22.2.4 - - [18/Mar/2023:12:56:15 -0500] "GET /BLA/boletinlegal/Circulares/2023/CIRCULAR%20No.%2000001%20DEL%2020%20DE%20FEBRERO%20DEL%202023.pdf HTTP/1.1" 200 317520
172.22.2.4 - - [18/Mar/2023:12:56:15 -0500] "GET /BLA/boletinlegal/favicon.ico HTTP/1.1" 404 1502
168.119.253.69 - - [18/Mar/2023:12:56:40 -0500] "GET / HTTP/1.1" 200 319
168.119.253.69 - - [18/Mar/2023:12:56:41 -0500] "GET / HTTP/1.1" 200 4720
192.168.175.240 - - [18/Mar/2023:12:56:44 -0500] "GET / HTTP/1.1" 200 4720
192.168.175.240 - - [18/Mar/2023:12:57:44 -0500] "GET / HTTP/1.1" 200 4720
172.22.2.4 - - [18/Mar/2023:12:56:50 -0500] "HEAD /BLA/boletinlegal/ HTTP/1.1" 200 -
216.245.221.92 - - [18/Mar/2023:12:58:41 -0500] "HEAD / HTTP/1.1" 200 -
192.168.175.240 - - [18/Mar/2023:12:58:44 -0500] "GET / HTTP/1.1" 200 4720
172.22.2.4 - - [18/Mar/2023:12:57:41 -0500] "GET /BLA/boletinlegal/ HTTP/1.1" 200 58653
201.185.137.3 - - [18/Mar/2023:12:59:39 -0500] "GET /images/jardines-verticales_optimized.jpeg HTTP/1.1" 200 138197
157.55.39.206 - - [18/Mar/2023:12:59:39 -0500] "GET /portaldeninos/ HTTP/1.1" 200 110197
192.168.175.240 - - [18/Mar/2023:12:59:44 -0500] "GET / HTTP/1.1" 200 4720
179.43.177.242 - - [18/Mar/2023:12:59:52 -0500] "GET / HTTP/1.1" 200 319
52.151.201.131 - - [18/Mar/2023:12:59:57 -0500] "GET /images/jardines-verticales_optimized.jpeg HTTP/1.1" 200 138197
40.77.167.83 - - [18/Mar/2023:13:00:01 -0500] "GET /portaldeninos/wp-content/plugins/popup-maker/assets/css/site.min.css?ver=1.8.14 HTTP/1.1" 200 8260
40.77.167.83 - - [18/Mar/2023:13:00:01 -0500] "GET /portaldeninos/wp-includes/js/jquery/jquery-migrate.min.js?ver=1.4.1 HTTP/1.1" 200 10056
40.77.167.83 - - [18/Mar/2023:13:00:01 -0500] "GET /portaldeninos/wp-includes/js/jquery/ui/position.min.js?ver=1.11.4 HTTP/1.1" 200 6527
52.167.144.43 - - [18/Mar/2023:13:00:05 -0500] "GET /portaldeninos/wp-content/plugins/popup-maker/assets/js/site.min.js?defer&ver=1.8.14 HTTP/1.1" 200 48457
191.156.226.229 - - [18/Mar/2023:13:00:15 -0500] "GET /%C3%82%C2%BFquieres-aprender-sobre-jardines-verticales-esta-es-tu-oportunidad.html HTTP/1.1" 200 925
52.167.144.43 - - [18/Mar/2023:13:00:06 -0500] "GET /portaldeninos/wp-content/uploads/2022/01/Conoce-lo-que-hace-la-Secretar%C3%ADa-de-Ambiente.mp4 HTTP/1.1" 200 6599959
52.167.144.43 - - [18/Mar/2023:13:00:22 -0500] "GET /portaldeninos/wp-includes/js/jquery/ui/tabs.min.js?ver=1.11.4 HTTP/1.1" 200 12110
191.156.53.4 - - [18/Mar/2023:13:00:35 -0500] "GET /css/textos.css HTTP/1.1" 404 1254
191.156.57.128 - - [18/Mar/2023:13:00:35 -0500] "GET /css/fondos.css HTTP/1.1" 404 1254
191.156.57.237 - - [18/Mar/2023:13:00:35 -0500] "GET /css/date_blue.css HTTP/1.1" 404 1254
201.245.192.253 - - [18/Mar/2023:13:00:35 -0500] "POST /kwsrmcab/Wsrmcab  HTTP/1.1" 200 42239
191.156.57.237 - - [18/Mar/2023:13:00:41 -0500] "GET /css/bordes.css HTTP/1.1" 404 1254
192.168.175.240 - - [18/Mar/2023:13:00:44 -0500] "GET / HTTP/1.1" 200 4720
207.46.13.209 - - [18/Mar/2023:13:00:04 -0500] "GET /portaldeninos/wp-content/uploads/2019/06/CabezoteAMBIENTIC.mp4 HTTP/1.1" 200 10801481
191.156.57.237 - - [18/Mar/2023:13:00:56 -0500] "GET /favicon.ico HTTP/1.1" 200 7782
192.168.175.240 - - [18/Mar/2023:13:01:43 -0500] "GET / HTTP/1.1" 200 4720
124.156.192.98 - - [18/Mar/2023:13:02:13 -0500] "GET /galeria/galeria/fotos/Humedal-la-conejera4P.jpg HTTP/1.1" 200 33365
192.168.175.240 - - [18/Mar/2023:13:02:43 -0500] "GET / HTTP/1.1" 200 4720
157.55.39.206 - - [18/Mar/2023:13:03:28 -0500] "GET /mujeres-que-reverdecen-secretaria-de-ambiente-anuncia-el-inicio-de-la-tercera-fase.html HTTP/1.1" 200 954
216.245.221.92 - - [18/Mar/2023:13:03:41 -0500] "HEAD / HTTP/1.1" 200 -
192.168.175.240 - - [18/Mar/2023:13:03:43 -0500] "GET / HTTP/1.1" 200 4720
172.22.2.4 - - [18/Mar/2023:13:02:40 -0500] "HEAD /BLA/boletinlegal/ HTTP/1.1" 200 -
192.168.175.240 - - [18/Mar/2023:13:04:43 -0500] "GET / HTTP/1.1" 200 4720
172.22.2.4 - - [18/Mar/2023:13:03:31 -0500] "GET /BLA/boletinlegal/ HTTP/1.1" 200 53551
201.245.192.253 - - [18/Mar/2023:13:05:33 -0500] "POST /kwsrmcab/Wsrmcab  HTTP/1.1" 200 42239
192.168.175.240 - - [18/Mar/2023:13:05:43 -0500] "GET / HTTP/1.1" 200 4720
186.102.90.21 - - [18/Mar/2023:13:05:53 -0500] "GET /kwssiamovil/sm/ldap/au?x=U2FsdGVkX19TX8QoKCsWCXU/hwKsScOXdFR4XRBAww38sHtmPR9TPCySY0p6K4iX&y=U2FsdGVkX1/URsVBavAiIJwH43t/GN6NdgO5mWKOWsjoXCvryH80a4qn1wCJg5iU HTTP/1.1" 200 30
186.102.90.21 - - [18/Mar/2023:13:05:53 -0500] "GET /kwssiamovil/sm/acme/s?s=U2FsdGVkX1+uni6BKjISVis0XOwX7HRmxJhi1A9KeeqyHYlVK1hfTPUDcPqOWMoTTYq25oVqMTncrGFgTbbfWKhDe0GGUxh8X5CwfZVtKW0=&u=U2FsdGVkX1/mkPW2pg88G7H+lOFJ99LDmqN8rmZS9aXgibOvViMNkERVd94KrDyQ&y=U2FsdGVkX1/URsVBavAiIJwH43t/GN6NdgO5mWKOWsjoXCvryH80a4qn1wCJg5iU HTTP/1.1" 200 97
186.102.90.21 - - [18/Mar/2023:13:05:53 -0500] "GET /kwssiamovil/sm/acme/s?s=U2FsdGVkX1+ixW9irco6dQRLqi8f7zKLv+vN8ApQegQeEpgwTlDeSGAN4U5UH5jcf7x5AAqB1IcFKcsRj0HUlVpmRzVLpF6mwgpI8S1RPcShsldVjtQ3YodC6duera8Y7av9Pi4KZ3BnLHuZ9w89WZzvg/eq8sFvpPHjrOn8RxRaDuG4bo1f9ETuRVQyyaDIB0hte0Lvn21pJsXSat9hKZ31yuopfA2+vMkDIYPTTviEJx1Tr3sr255fTu7VM0wFS5ozmyGf6N0VivAb3I3gZQ5s5tRbNSVZuHrNdQNFKY5pJlBgIgEUTcPCzwITXne1a3tJrhGtlebjE0acTyeBer8avF4C3nuzDImsKeiJJLI4in6Eo5VrPXdaQF+qub4e2Kc+nhCFPXUGmCVPxsNqWTMX/944mgevQ+YADV9Ysxpe0BQJZfxSAp4ji6LKPkzMiDeZw7pymfWiDy+ZRik7H78mmkafi790lQjf0aQWGaWyD3fMPl0CZbxMRIy8y9nYVgMTI6dbct17ALu1IFWtF4Hq8NbP5/jeqSkhZ3mYFjLhfJ99WnlfQz7kXcAY+rllH7K+OKqEADNsYUyBKG/KZMKhQtAQk7YlgNKOXkyr0Jbuyrp4ppIkq664UTIcr6PNNhgJasFhPN+nTH2oJe5Ipbvj0XouV1Wp5LCqu2dl3cxJ9L71fY9cxIXpKL5aTxy6pL+HFnbv5/1dN/AByr1hBpa2osVvRE7oL7++FvdENM7WwrgLPTMzY5IRNYwkxz6Kol7cSOMR8rQty1B5lgQZxONy3RbyFAAVZt5zuaBduh95L15/P4WzB1CxyZPbitFO8MoJiaTfW2E96C+ztnLzdngqAm7ZODR+reiPiBTS4254K2mfXx4LSAUirtsfDWE1Qgca6yuo0AbU+1//EO1xpfgdKiLWOmX9mykRpDBwMLCEi7kXDCdN34dcLmpdjKAGauP/9u9g1ksCbTfjlHhwiW2pzGbaS+eaLk1r2l+Mb42wn5+ZE402I5iF3oC8UPED2t+4i5OYgUKB3c8OhbL3paJXTerBh4Va1Z0NODBwQL6f5h+NpkW1YCDkx5uZVzpWEv+8+IjeZq3ZKDTQyQkayheExh5nwJwsbd9PKDQFLC76A98GRBDqtWoaB/O+m2W4vkDsgCIt8Cb8D+A20oh1omg7M3FcYL+xT+H1bPivzC8EKlUPBfANJK4sMLRkvJ1nrMbZnA3j+DTrIIU4aMDA1YK8YGWl9l49es142pC7DWG1UoNGb9KCx1JUl26kOeOTcIOgJtyDWTe9DOKcQwD5x7y3shr5gbE6YD5bE9dQt1oZc7+RG8+0o8uhTab3gJ1Er7xA53kWij1Y/cso5uEq5zaJv0Wx8+wdNlhvZQoaoPDB/YEVm5NXDPiRzJm3h/VOrESg8RAwPhVzxSLCx7ZrjYo/9oheo4Yuruho8kqDClE=&u=U2FsdGVkX1/mkPW2pg88G7H+lOFJ99LDmqN8rmZS9aXgibOvViMNkERVd94KrDyQ&y=U2FsdGVkX1/URsVBavAiIJwH43t/GN6NdgO5mWKOWsjoXCvryH80a4qn1wCJg5iU HTTP/1.1" 200 887
186.102.90.21 - - [18/Mar/2023:13:05:54 -0500] "GET /kwssiamovil/sm/acme/s?s=U2FsdGVkX18+e5DngP/VXy8WGuq0k7GDFMznrOcqMRdVN2xj+/yI+IbIzC9oAB8gjd2uID80qkhctXEnaLHItK7Q9xqmqolO7MCroLFGCAnbvl19owlUWwkj9lMsWr4cLOoCoUsLwjv+BIHM/4CBP8v3y7psCGpsA9UK8ZLkINTUVtT2RHVwxhdfVnQJt3sTqaWhSqQEieyuJraccZz9FUYyZKbO1+r55tI0tZAjyjY1E8iAhoXOvFxtVeYBhUnNZ+/KSD61Isp+O62iUgHy7wKE94eoxQBq7tVjm+sLWN16sfjzQsiPOXdNJgJrXMIRBb7Uzo3O6V7ovLxEU51YrGik65MkU53v0JkI53MUcqg=&u=U2FsdGVkX1/mkPW2pg88G7H+lOFJ99LDmqN8rmZS9aXgibOvViMNkERVd94KrDyQ&y=U2FsdGVkX1/URsVBavAiIJwH43t/GN6NdgO5mWKOWsjoXCvryH80a4qn1wCJg5iU HTTP/1.1" 200 196
186.102.90.21 - - [18/Mar/2023:13:05:54 -0500] "GET /kwssiamovil/sm/cjson/pre?f=1&x=U2FsdGVkX19TX8QoKCsWCXU/hwKsScOXdFR4XRBAww38sHtmPR9TPCySY0p6K4iX HTTP/1.1" 200 31032
172.22.2.4 - - [18/Mar/2023:13:05:57 -0500] "GET /BLA/boletinlegal/actos.php HTTP/1.1" 200 9672
186.29.180.126 - - [18/Mar/2023:13:05:59 -0500] "GET /BLA/resoluciones/ HTTP/1.1" 200 13502
186.29.180.126 - - [18/Mar/2023:13:06:06 -0500] "GET /BLA/resoluciones/index.php?dir=AUTOS+2022%2F HTTP/1.1" 200 450240
192.168.175.240 - - [18/Mar/2023:13:06:43 -0500] "GET / HTTP/1.1" 200 4720
172.22.2.4 - - [18/Mar/2023:13:05:53 -0500] "GET /BLA/boletinlegal/ HTTP/1.1" 200 62202
192.168.175.240 - - [18/Mar/2023:13:07:43 -0500] "GET / HTTP/1.1" 200 4720
52.167.144.142 - - [18/Mar/2023:13:08:21 -0500] "GET /BLA/resoluciones/RESOLUCIONES%202022/4598.pdf HTTP/1.1" 200 400680
216.245.221.92 - - [18/Mar/2023:13:08:41 -0500] "HEAD / HTTP/1.1" 200 -
191.156.62.17 - - [18/Mar/2023:13:08:43 -0500] "GET /%C3%82%C2%BFquieres-aprender-sobre-jardines-verticales-esta-es-tu-oportunidad.html HTTP/1.1" 304 -
192.168.175.240 - - [18/Mar/2023:13:08:43 -0500] "GET / HTTP/1.1" 200 4720
192.168.175.240 - - [18/Mar/2023:13:09:43 -0500] "GET / HTTP/1.1" 200 4720
172.22.2.4 - - [18/Mar/2023:13:08:30 -0500] "HEAD /BLA/boletinlegal/ HTTP/1.1" 200 -
201.245.192.253 - - [18/Mar/2023:13:10:32 -0500] "POST /kwsrmcab/Wsrmcab  HTTP/1.1" 200 42239
52.167.144.43 - - [18/Mar/2023:13:10:36 -0500] "GET / HTTP/1.1" 200 4720
192.168.175.240 - - [18/Mar/2023:13:10:43 -0500] "GET / HTTP/1.1" 200 4720
172.22.2.4 - - [18/Mar/2023:13:09:20 -0500] "GET /BLA/boletinlegal/ HTTP/1.1" 200 56277
192.168.175.240 - - [18/Mar/2023:13:11:43 -0500] "GET / HTTP/1.1" 200 4720
192.168.175.240 - - [18/Mar/2023:13:12:43 -0500] "GET / HTTP/1.1" 200 4720
216.245.221.92 - - [18/Mar/2023:13:13:41 -0500] "HEAD / HTTP/1.1" 200 -
192.168.175.240 - - [18/Mar/2023:13:13:43 -0500] "GET / HTTP/1.1" 200 4720
192.168.175.240 - - [18/Mar/2023:13:14:43 -0500] "GET / HTTP/1.1" 200 4720
201.245.192.253 - - [18/Mar/2023:13:15:31 -0500] "POST /kwsrmcab/Wsrmcab  HTTP/1.1" 200 42239
192.168.175.240 - - [18/Mar/2023:13:15:43 -0500] "GET / HTTP/1.1" 200 4720
181.237.91.34 - - [18/Mar/2023:13:15:49 -0500] "GET /%C3%82%C2%BFquieres-aprender-sobre-jardines-verticales-esta-es-tu-oportunidad.html HTTP/1.1" 200 925
172.22.2.4 - - [18/Mar/2023:13:14:20 -0500] "HEAD /BLA/boletinlegal/ HTTP/1.1" 200 -
40.77.190.120 - - [18/Mar/2023:13:16:01 -0500] "GET /portaldeninos/wp-json/pum/v1/analytics/?event=open&pid=1126&_cache=1679163304395 HTTP/1.1" 204 -
192.168.175.240 - - [18/Mar/2023:13:16:43 -0500] "GET / HTTP/1.1" 200 4720
172.22.2.4 - - [18/Mar/2023:13:15:10 -0500] "GET /BLA/boletinlegal/ HTTP/1.1" 200 54798
192.168.175.240 - - [18/Mar/2023:13:17:43 -0500] "GET / HTTP/1.1" 200 4720
172.22.2.4 - - [18/Mar/2023:13:18:28 -0500] "GET /BLA/boletinlegal/.well-known/traffic-advice HTTP/1.1" 404 1038
216.245.221.92 - - [18/Mar/2023:13:18:41 -0500] "HEAD / HTTP/1.1" 200 -
192.168.175.240 - - [18/Mar/2023:13:18:43 -0500] "GET / HTTP/1.1" 200 4720
172.22.2.4 - - [18/Mar/2023:13:18:28 -0500] "GET /BLA/boletinlegal/ HTTP/1.1" 200 24523
172.22.2.4 - - [18/Mar/2023:13:18:31 -0500] "GET /BLA/boletinlegal/ HTTP/1.1" 200 24523
172.22.2.4 - - [18/Mar/2023:13:18:36 -0500] "GET /BLA/boletinlegal/ HTTP/1.1" 200 24523
192.168.175.240 - - [18/Mar/2023:13:19:43 -0500] "GET / HTTP/1.1" 200 4720
201.245.192.253 - - [18/Mar/2023:13:20:31 -0500] "POST /kwsrmcab/Wsrmcab  HTTP/1.1" 200 42239
52.188.77.43 - - [18/Mar/2023:13:20:42 -0500] "GET /images/jardines-verticales_optimized.jpeg HTTP/1.1" 200 138197
192.168.175.240 - - [18/Mar/2023:13:20:43 -0500] "GET / HTTP/1.1" 200 4720
201.245.192.253 - - [18/Mar/2023:13:20:43 -0500] "POST /kwsrmcab/Wsrmcab HTTP/1.1" 200 42112
201.245.192.253 - - [18/Mar/2023:13:20:46 -0500] "POST /kwsrmcab/Wsrmcab HTTP/1.1" 200 43338
191.156.57.128 - - [18/Mar/2023:13:21:11 -0500] "GET /mujeres-que-reverdecen-secretaria-de-ambiente-anuncia-el-inicio-de-la-tercera-fase.html HTTP/1.1" 200 954
186.102.90.21 - - [18/Mar/2023:13:21:20 -0500] "GET /kwssiamovil/sm/acme/a?s=U2FsdGVkX1/wcKY002PFwQwufimiASksNxYu3FHAkxHMPdzYTwQdklYV/e5H89cbguNslmITyxCT7Qp2cukZNL1hY5o1TfJGAGrkAaa/kBL4PNB7eBWvfxOq4COQRHzbaeFEcR4kT1rRipyYj1wLzlV/09t0yGs0DRBO7+CfC7W1Up87EftsTExTTs27n2C2T6wS4rUUxJ3MEwafgckg0BbkKejAwFj6igD646Zzb34R05lAjKN1Z4OfEuFw8XNHXfg1V5mHB+5Nxj5OLyjkmUbVqr/Ye22Kzz+G7QBLfGM=&u=U2FsdGVkX1/mkPW2pg88G7H+lOFJ99LDmqN8rmZS9aXgibOvViMNkERVd94KrDyQ&y=U2FsdGVkX1/URsVBavAiIJwH43t/GN6NdgO5mWKOWsjoXCvryH80a4qn1wCJg5iU HTTP/1.1" 200 26
186.102.90.21 - - [18/Mar/2023:13:21:20 -0500] "GET /kwssiamovil/sm/acme/a?s=U2FsdGVkX18CGR++4q2ykJbCKfQJ648WEg9GAF9UTGGh73iM8oCNsB3U6s3/kW7FE/gva+92Z2yxaEwQXCWZsUDPrmmSqfHP5U/vpoFbnoqN99L+SMqgAIH4YLjWtPxKc1bHz6zKMF+4AceD8DrKc2ojYJJdSWA29/yfjkRXUsH5JAcox39AxwFgi/XlHtTs1sXXqf0C61WIEGj2PZnznzus6ljs0OhveFXJzH/QhboFBwMruIRe0alsIq7iz6iNB5WpRrvyPnuPETDpM6lSvJfQlcT3f8dQ9E6TYZJBeWWaAFVHeVXGlvWVrW349N3D762R+U9t3ffKhvkkx5CThxDbcPgY4WRfGJX8IucAik5pAoegr3YVQ7ODwzrLkBX49RYgHQp/7XnLZmhNl1HngTZtywhkEoJ7xpAgrYXXhxZ5ATtEkmdHlPgXqgvz0Oschjc76ge/DC/r9+RFpDq8Nosx6hIuCqPW1LPLMjdRB0mZD4yN8OHM1MmJTrj/IHGWSbFJyyjN251i6ccEk5MUFF4FdsoWW7o/jtVwdWC8KA/y6yUUXZeZRJMzn4F4rxQ4bxm4DoBBC/9Sku6uf5emoGMzplXLEAWygBMEDIhXf+I7Wa0CBoJHD7s4FuxkQL5axBo74HUKsMMQoFo3gjMLcydiKLjwZU37UdUxyUOdMQSgBI44N4WBJ58tVa44t2bG6IOK82uXS9w3neEm09NG6o+nyo7DOpWi2JL2vD+NTvvkPGKNOD+HkgjrN9xWVYVzJwQkMyKYS/Dy4Gh+oxSGsncI2uEE6JjSqdsev3QSngHIRc3uBKjV7rfaWcyp8ZnVmz1avlmpqttJY7JxOHZe0I3QBFhLn3maAUEpfF+O/xP003vundoezW5LcPe83z4zuFKvY3Ff+I9kEc861czCJvjApk9j6rAfDSIv2fX23/rGLEwmDoWgSDC5pjPXtdH49907gYFO/SrkujdegDnQ9X/gZq6bX2YnfbCj7gbqKtpaXvhKQwvnQJTaOPG4MScsuoduvtZU0gibCMDI6IS5qJV5Mr3Q6bb56hRCalZGfhNngj70A1IKJMvvTB0XWC83Ahe2BOPuTb52gJIKIqmfReL+RgBJIDlitIZEt3ElJ81+b6Ud5bB3wbe9eNnGqHLCeTaitIgFrGGeM8T07TqAdPKNOeJH9VF9tDIL5SnX2PN7tWFGb7KO7TFxZdiRQEF+s0J7cKxeTiS8rHtw8bDp7xtJQtfSl4ZPX09SlRM4HGyiMFaTQYx9CstsninS2/Uzq3dSs5jWgmzzhQJNJYmpa5mg3RXW7f1q2krj8mS9pMcT9B7RIZgBIsEJqGtexoxnV6pjUYNNpwFlqPmR54uZHchlTX6DQffamxWXavVT538gVTDC4tDXw20jzDgtcxHq02KHqCK5gEwRuAaPbT0luKaBkzl45+0faD65wo2l2BkHig9q4Ah5EVErEb+Re5JoFuSbtj8MGos0UjTsfwUpKNFw8YTrfwdZ3nbhusAQdGD0+yGDaoxofJE/XQ7ujGs9LNgL9W+lGs57ZjDmQtMoOpvUQtVfuf6p8ehb66GIAaUKff7eH+IHRBD335Yftri+cxBuYA8/OKtbM5uzxm/j9fvgRVkco8Vj8nLu1ZMnkZ2ar2+w8zI/ZxypsYqTOiggAMXYjcTX/Lwp4g+T+pQ+5qGoZmtf18TcfzVjklM2R34iVaXJW3DUjTDO1ehRbweGGm4uz6HY7i+c53TKrCnoz04nEcDrhJZvKDCdtIPt2aYeX9dyziQKwWRzaNytwudVDOewjYrJ+57WTH/LqjaIgizysZZ1YLTlwendzl0PKwR/WGsq8Gf21UqQ4nkNmUca3sOH/Fc0QjhZvE93t3UhtT5andN7JNv9XfoYS4IbdmJw5RtyvfpHBe9s742TWqdoUuQ38IWrJfqwZTZf49EEF7rYpbe2TE8cuj5vV78gQ6QQcpq29r60iPPL6a0XlZjH83/Hb8YS7uzz+XQ1VVHKCqlBv+cCMrZQxFeYwACfAkZw+9jJctXJYMI/HCqJvzi5unUISveltAjzeBSFk5wy1OnVpNidYY6mPj+lwSU7YyaeTlclWTjKUvni7q44uiftXocEUfeTDeQEmY+k8cV7a8tLnnP7fBalEGrSd5esN+yUxkDgKRhshvxXWhtF/aja5H/MhIkpdoXi1MIhYScZ3oDPzYo5bZkBMtq/pQT8P6i/bJNYwIPb0F0b2ONUEsy7VJmSRvbk/xHljlCX64SXguPjbpS8LngfRgR4vC0NePkC6VMHnKZtvzKhrBE6UHWu&u=U2FsdGVkX1/mkPW2pg88G7H+lOFJ99LDmqN8rmZS9aXgibOvViMNkERVd94KrDyQ&y=U2FsdGVkX1/URsVBavAiIJwH43t/GN6NdgO5mWKOWsjoXCvryH80a4qn1wCJg5iU HTTP/1.1" 200 26
186.102.90.21 - - [18/Mar/2023:13:21:21 -0500] "GET /kwssiamovil/sm/acme/a?s=U2FsdGVkX18873X8H0DysaHEg+9HbqiKZ/HrgHtr0wSXlmY93mr+yMH7jFwu3GHWSc6mvw5uy8pWq0+gV0ztRIwl2aef5nE3ZvTv2KxlsgMSnjPzB8CZGvbe+XruSZ9h6Q8qRkZfvCcG5ykFEyjQ/flLsKhOb/w1dZ2zwr5n1YY=&u=U2FsdGVkX1/mkPW2pg88G7H+lOFJ99LDmqN8rmZS9aXgibOvViMNkERVd94KrDyQ&y=U2FsdGVkX1/URsVBavAiIJwH43t/GN6NdgO5mWKOWsjoXCvryH80a4qn1wCJg5iU HTTP/1.1" 200 26
186.102.90.21 - - [18/Mar/2023:13:21:21 -0500] "GET /kwssiamovil/sm/acme/a?s=U2FsdGVkX19YkgwZ8i7VHZgiOxqsCqVjGQrZ2XP0uYAo97NwaeLporGUNKFqFPnkOauqzFO6ndAx5qtDyP45KtqCcz8Md9C1EGUI2hoGNIpINv2iMby1Rk7QuHMovzjneysppPAoNGjIVcT+vaw4tKuU4BsYzJoY3UBFOp1vLPY=&u=U2FsdGVkX1/mkPW2pg88G7H+lOFJ99LDmqN8rmZS9aXgibOvViMNkERVd94KrDyQ&y=U2FsdGVkX1/URsVBavAiIJwH43t/GN6NdgO5mWKOWsjoXCvryH80a4qn1wCJg5iU HTTP/1.1" 200 26
186.102.90.21 - - [18/Mar/2023:13:21:21 -0500] "GET /kwssiamovil/sm/acme/a?s=U2FsdGVkX19sZufcJKbsfhXhAQUPDXtT745x5aZ/X3JGNxVqrbQnZ1qkX7qkXoWbcQllSpeARB3bUYpAUAsQAzv8nRhkL9O9LCMhKITkZD+dDl9RREUDaSUf0kj7VSrVtA1a6AWK5TT+uESUbJvUk4r9y0A5Jeslw5W4qs/UiwE=&u=U2FsdGVkX1/mkPW2pg88G7H+lOFJ99LDmqN8rmZS9aXgibOvViMNkERVd94KrDyQ&y=U2FsdGVkX1/URsVBavAiIJwH43t/GN6NdgO5mWKOWsjoXCvryH80a4qn1wCJg5iU HTTP/1.1" 200 26
186.102.90.21 - - [18/Mar/2023:13:21:21 -0500] "GET /kwssiamovil/sm/acme/a?s=U2FsdGVkX1/KEYKgduIlynDuv8As/SP/2Y7C9sSRAdiy0T9eu4RoyaE8ATKhmTzX1V5agwGmTLLMdNc7U3NGLv7GUjVDwyYl492EAHTFG72M/McVukYnSuf6v47SOVr2HUV2IjJZB7OmQyTbPp3gFDkO14TJAVNBb/UHub/P7WmoEtFDNCFAhp4WpV0mqYsQndCDYtQ2c/h0M6ZOXdM7oQ==&u=U2FsdGVkX1/mkPW2pg88G7H+lOFJ99LDmqN8rmZS9aXgibOvViMNkERVd94KrDyQ&y=U2FsdGVkX1/URsVBavAiIJwH43t/GN6NdgO5mWKOWsjoXCvryH80a4qn1wCJg5iU HTTP/1.1" 200 26
192.168.175.240 - - [18/Mar/2023:13:21:43 -0500] "GET / HTTP/1.1" 200 4720
172.22.2.4 - - [18/Mar/2023:13:21:44 -0500] "GET /BLA/boletinlegal/actos.php HTTP/1.1" 200 9672
172.22.2.4 - - [18/Mar/2023:13:21:45 -0500] "GET /BLA/boletinlegal/styles2.css HTTP/1.1" 200 1838
172.22.2.4 - - [18/Mar/2023:13:21:45 -0500] "GET /BLA/boletinlegal/js/ajax_actos.js HTTP/1.1" 200 1322
172.22.2.4 - - [18/Mar/2023:13:21:45 -0500] "GET /BLA/boletinlegal/js/lib.js HTTP/1.1" 200 6474
172.22.2.4 - - [18/Mar/2023:13:21:45 -0500] "GET /BLA/boletinlegal/niceforms-default.css HTTP/1.1" 200 6694
172.22.2.4 - - [18/Mar/2023:13:21:45 -0500] "GET /BLA/boletinlegal/niceforms.js HTTP/1.1" 200 22876
172.22.2.4 - - [18/Mar/2023:13:21:45 -0500] "GET /BLA/boletinlegal/style.css HTTP/1.1" 200 9406
172.22.2.4 - - [18/Mar/2023:13:21:45 -0500] "GET /BLA/boletinlegal/js/popup.js HTTP/1.1" 200 1270
172.22.2.4 - - [18/Mar/2023:13:21:45 -0500] "GET /BLA/boletinlegal/js/jquery1.js HTTP/1.1" 200 29846
172.22.2.4 - - [18/Mar/2023:13:21:45 -0500] "GET /BLA/boletinlegal/images/cabezote%20BLEGAL.jpg HTTP/1.1" 200 118164
172.22.2.4 - - [18/Mar/2023:13:21:45 -0500] "GET /BLA/boletinlegal/images/registro-usuarios.png HTTP/1.1" 200 8106
172.22.2.4 - - [18/Mar/2023:13:21:45 -0500] "GET /BLA/boletinlegal/images/subscribe-icon-big.png HTTP/1.1" 200 47702
172.22.2.4 - - [18/Mar/2023:13:21:45 -0500] "GET /BLA/boletinlegal/images/historia.png HTTP/1.1" 200 52775
172.22.2.4 - - [18/Mar/2023:13:21:45 -0500] "GET /BLA/boletinlegal/images/green-yellow-blue-pink-th.png HTTP/1.1" 200 7394
172.22.2.4 - - [18/Mar/2023:13:21:45 -0500] "GET /BLA/boletinlegal/images/tel.png HTTP/1.1" 200 14477
172.22.2.4 - - [18/Mar/2023:13:21:45 -0500] "GET /BLA/boletinlegal/images/icono-email.png HTTP/1.1" 200 5544
172.22.2.4 - - [18/Mar/2023:13:21:45 -0500] "GET /BLA/boletinlegal/images/bg_top.jpg HTTP/1.1" 200 522
172.22.2.4 - - [18/Mar/2023:13:21:45 -0500] "GET /BLA/boletinlegal/images/body_bg.jpg HTTP/1.1" 200 1601
172.22.2.4 - - [18/Mar/2023:13:21:45 -0500] "GET /BLA/boletinlegal/images/menu_lft.gif HTTP/1.1" 200 1713
172.22.2.4 - - [18/Mar/2023:13:21:45 -0500] "GET /BLA/boletinlegal/images/menu_rght.gif HTTP/1.1" 200 1627
172.22.2.4 - - [18/Mar/2023:13:21:45 -0500] "GET /BLA/boletinlegal/images/menu_bg.jpg HTTP/1.1" 200 620
172.22.2.4 - - [18/Mar/2023:13:21:45 -0500] "GET /BLA/boletinlegal/images/hover.jpg HTTP/1.1" 200 640
172.22.2.4 - - [18/Mar/2023:13:21:45 -0500] "GET /BLA/boletinlegal/images/text.jpg HTTP/1.1" 200 568
172.22.2.4 - - [18/Mar/2023:13:21:45 -0500] "GET /BLA/boletinlegal/images/footer_bg_l.jpg HTTP/1.1" 200 776
172.22.2.4 - - [18/Mar/2023:13:21:45 -0500] "GET /BLA/boletinlegal/images/footer_bg.jpg HTTP/1.1" 200 586
172.22.2.4 - - [18/Mar/2023:13:21:45 -0500] "GET /BLA/boletinlegal/actos.php HTTP/1.1" 200 9672
172.22.2.4 - - [18/Mar/2023:13:21:45 -0500] "GET /BLA/boletinlegal/img/select-left.png HTTP/1.1" 200 263
172.22.2.4 - - [18/Mar/2023:13:21:45 -0500] "GET /BLA/boletinlegal/img/0.png HTTP/1.1" 200 110
172.22.2.4 - - [18/Mar/2023:13:21:45 -0500] "GET /BLA/boletinlegal/img/select-right.png HTTP/1.1" 200 44019
172.22.2.4 - - [18/Mar/2023:13:21:45 -0500] "GET /BLA/boletinlegal/img/button-left.png HTTP/1.1" 200 57071
172.22.2.4 - - [18/Mar/2023:13:21:45 -0500] "GET /BLA/boletinlegal/img/button.png HTTP/1.1" 200 43241
172.22.2.4 - - [18/Mar/2023:13:21:45 -0500] "GET /BLA/boletinlegal/img/button-right.png HTTP/1.1" 200 57878
172.22.2.4 - - [18/Mar/2023:13:21:45 -0500] "GET /BLA/boletinlegal/favicon.ico HTTP/1.1" 404 1326
172.22.2.4 - - [18/Mar/2023:13:20:10 -0500] "HEAD /BLA/boletinlegal/ HTTP/1.1" 200 -
172.22.2.4 - - [18/Mar/2023:13:22:20 -0500] "GET /BLA/boletinlegal/consulta_actos.php?tipo=autos&no=&usuario=&sector=INFRAESTRUCTURA&fecha=2023&resuelve= HTTP/1.1" 200 1058
172.22.2.4 - - [18/Mar/2023:13:22:20 -0500] "GET /BLA/boletinlegal/images/pdf.gif HTTP/1.1" 200 567
172.22.2.4 - - [18/Mar/2023:13:22:39 -0500] "GET /BLA/boletinlegal/normativa.php HTTP/1.1" 200 8333
172.22.2.4 - - [18/Mar/2023:13:22:40 -0500] "GET /BLA/boletinlegal/js/ajax_normativa.js HTTP/1.1" 200 1154
172.22.2.4 - - [18/Mar/2023:13:22:40 -0500] "GET /BLA/boletinlegal/normativa.php HTTP/1.1" 200 8333
172.22.2.4 - - [18/Mar/2023:13:21:00 -0500] "GET /BLA/boletinlegal/ HTTP/1.1" 200 52720
192.168.175.240 - - [18/Mar/2023:13:22:43 -0500] "GET / HTTP/1.1" 200 4720
186.80.52.223 - - [18/Mar/2023:13:22:50 -0500] "GET /sipse/faces/index.xhtml HTTP/1.1" 200 677
186.80.52.223 - - [18/Mar/2023:13:22:50 -0500] "GET /sipse/faces/javax.faces.resource/theme.css?ln=primefaces-sipse HTTP/1.1" 304 -
186.80.52.223 - - [18/Mar/2023:13:22:51 -0500] "GET /sipse/faces/faces/autenticacion.xhtml HTTP/1.1" 200 12168
186.80.52.223 - - [18/Mar/2023:13:22:51 -0500] "GET /sipse/faces/javax.faces.resource/theme.css?ln=primefaces-sipse HTTP/1.1" 304 -
186.80.52.223 - - [18/Mar/2023:13:22:51 -0500] "GET /sipse/faces/javax.faces.resource/layout/layout.css?ln=primefaces&v=4.0 HTTP/1.1" 304 -
186.80.52.223 - - [18/Mar/2023:13:22:51 -0500] "GET /sipse/faces/javax.faces.resource/primefaces.css?ln=primefaces&v=4.0 HTTP/1.1" 304 -
