186.154.33.37 - - [18/Mar/2023:17:06:48 -0500] "GET /BLA/resoluciones/index.php?dir=AUTOS+2019%2F HTTP/1.1" 200 359283
66.249.79.111 - - [18/Mar/2023:17:07:29 -0500] "-" 408 -
192.168.175.240 - - [18/Mar/2023:17:07:43 -0500] "GET / HTTP/1.1" 200 4720
34.90.51.83 - - [18/Mar/2023:17:07:50 -0500] "GET /inventario-de-emisiones-2020-transporte-publico-sitp-redujo-emisiones-de-pm-2-5-en-un-37.html HTTP/1.1" 200 925
172.22.2.4 - - [18/Mar/2023:17:07:52 -0500] "GET /BLA/boletinlegal/Directivas/2019/Directiva%20No.%200001%20del%2011%20de%20junio%20de%202019.pdf HTTP/1.1" 200 228190
216.245.221.92 - - [18/Mar/2023:17:08:40 -0500] "HEAD / HTTP/1.1" 200 -
192.168.175.240 - - [18/Mar/2023:17:08:43 -0500] "GET / HTTP/1.1" 200 4720
172.22.2.4 - - [18/Mar/2023:17:07:39 -0500] "HEAD /BLA/boletinlegal/ HTTP/1.1" 200 -
201.245.192.253 - - [18/Mar/2023:17:09:33 -0500] "POST /kwsrmcab/Wsrmcab  HTTP/1.1" 200 42239
172.22.2.4 - - [18/Mar/2023:17:09:42 -0500] "GET /BLA/boletinlegal/.well-known/traffic-advice HTTP/1.1" 404 1038
192.168.175.240 - - [18/Mar/2023:17:09:43 -0500] "GET / HTTP/1.1" 200 4720
168.119.253.48 - - [18/Mar/2023:17:09:48 -0500] "GET / HTTP/1.1" 200 4720
168.119.253.48 - - [18/Mar/2023:17:09:49 -0500] "GET / HTTP/1.1" 200 319
162.55.43.55 - - [18/Mar/2023:17:09:57 -0500] "GET / HTTP/1.1" 200 4720
162.55.43.55 - - [18/Mar/2023:17:09:58 -0500] "GET / HTTP/1.1" 200 319
172.22.2.4 - - [18/Mar/2023:17:08:30 -0500] "GET /BLA/boletinlegal/ HTTP/1.1" 200 46392
172.22.2.4 - - [18/Mar/2023:17:09:42 -0500] "GET /BLA/boletinlegal/ HTTP/1.1" 200 24523
34.90.46.236 - - [18/Mar/2023:17:10:34 -0500] "GET /inventario-de-emisiones-2020-transporte-publico-sitp-redujo-emisiones-de-pm-2-5-en-un-37.html HTTP/1.1" 200 925
192.168.175.240 - - [18/Mar/2023:17:10:43 -0500] "GET / HTTP/1.1" 200 4720
172.22.2.4 - - [18/Mar/2023:17:09:19 -0500] "GET /BLA/boletinlegal/index.php HTTP/1.1" 200 52316
191.95.53.202 - - [18/Mar/2023:17:11:38 -0500] "GET /images/jardines-verticales_optimized.jpeg HTTP/1.1" 200 138197
192.168.175.240 - - [18/Mar/2023:17:11:43 -0500] "GET / HTTP/1.1" 200 4720
173.252.127.1 - - [18/Mar/2023:17:11:46 -0500] "GET /images/caminatas-ecol\xc3\xb3gicas-marzo---1920x1080_optimized.jpg HTTP/1.1" 404 1034
173.252.95.21 - - [18/Mar/2023:17:12:07 -0500] "GET /con-liberacion-de-fauna-plantaciones-de-arboles-recorridos-interpretativos-y-de-educacion-bogota-celebra-el-dia-mundial-de-los-humedales.html HTTP/1.1" 206 885
191.95.53.202 - - [18/Mar/2023:17:12:16 -0500] "GET / HTTP/1.1" 200 4720
191.95.53.202 - - [18/Mar/2023:17:12:16 -0500] "GET /js/url.js HTTP/1.1" 404 1294
191.95.53.202 - - [18/Mar/2023:17:12:16 -0500] "GET /css/bootstrap.min.css HTTP/1.1" 200 178212
191.95.53.202 - - [18/Mar/2023:17:12:16 -0500] "GET /css/style.css HTTP/1.1" 200 3473
191.95.53.202 - - [18/Mar/2023:17:12:16 -0500] "GET /fonts/icomoon/style.css HTTP/1.1" 200 79820
191.95.53.202 - - [18/Mar/2023:17:12:17 -0500] "GET /favicon.ico HTTP/1.1" 404 1294
192.168.175.240 - - [18/Mar/2023:17:12:43 -0500] "GET / HTTP/1.1" 200 4720
186.102.89.135 - - [18/Mar/2023:17:12:44 -0500] "GET /mujeres-que-reverdecen-secretaria-de-ambiente-anuncia-el-inicio-de-la-tercera-fase.html HTTP/1.1" 200 954
191.95.53.202 - - [18/Mar/2023:17:12:46 -0500] "GET /%C3%82%C2%BFquieres-aprender-sobre-jardines-verticales-esta-es-tu-oportunidad.html HTTP/1.1" 200 925
66.249.79.111 - - [18/Mar/2023:17:13:14 -0500] "-" 408 -
181.59.2.163 - - [18/Mar/2023:17:13:23 -0500] "GET /images/jardines-verticales_optimized.jpeg HTTP/1.1" 200 138197
181.59.2.163 - - [18/Mar/2023:17:13:27 -0500] "GET /%C3%82%C2%BFquieres-aprender-sobre-jardines-verticales-esta-es-tu-oportunidad.html HTTP/1.1" 200 925
216.245.221.92 - - [18/Mar/2023:17:13:40 -0500] "HEAD / HTTP/1.1" 200 -
192.168.175.240 - - [18/Mar/2023:17:13:43 -0500] "GET / HTTP/1.1" 200 4720
172.22.2.4 - - [18/Mar/2023:17:13:46 -0500] "GET /BLA/boletinlegal/sugerencias.php HTTP/1.1" 200 8615
34.147.116.114 - - [18/Mar/2023:17:14:06 -0500] "GET /inventario-de-emisiones-2020-transporte-publico-sitp-redujo-emisiones-de-pm-2-5-en-un-37.html HTTP/1.1" 200 925
201.245.192.253 - - [18/Mar/2023:17:14:33 -0500] "POST /kwsrmcab/Wsrmcab  HTTP/1.1" 200 42239
192.168.175.240 - - [18/Mar/2023:17:14:43 -0500] "GET / HTTP/1.1" 200 4720
40.77.167.211 - - [18/Mar/2023:17:15:03 -0500] "GET /BLA/resoluciones/RESOLUCIONES%202022/4462.pdf HTTP/1.1" 200 1642050
172.22.2.4 - - [18/Mar/2023:17:13:29 -0500] "HEAD /BLA/boletinlegal/ HTTP/1.1" 200 -
173.252.95.23 - - [18/Mar/2023:17:15:17 -0500] "GET /images/calidad-aire-2-marzo-1_optimized.jpeg HTTP/1.1" 200 51562
173.252.95.117 - - [18/Mar/2023:17:15:17 -0500] "GET /images/17%20de%20febrero%20mujeres%20que%20reverdecen.jpeg HTTP/1.1" 200 85735
173.252.95.15 - - [18/Mar/2023:17:15:17 -0500] "GET /images/20%20de%20febrero%20panor\xc3\xa1mica%20de%20Bogot\xc3\xa1%20(1)%20(1).jpeg HTTP/1.1" 404 1034
173.252.95.14 - - [18/Mar/2023:17:15:17 -0500] "GET /images/camino-a-los-cerros-1_optimized.jpeg HTTP/1.1" 200 222279
173.252.95.2 - - [18/Mar/2023:17:15:17 -0500] "GET /images/idpyba-4-marzo-1_optimized.jpeg HTTP/1.1" 200 115318
173.252.95.15 - - [18/Mar/2023:17:15:17 -0500] "GET /images/28%20de%20febrero%20operativo.jpeg HTTP/1.1" 200 62220
173.252.95.16 - - [18/Mar/2023:17:15:17 -0500] "GET /images/empresas-alertas_optimized.jpeg HTTP/1.1" 200 142365
31.13.127.31 - - [18/Mar/2023:17:15:19 -0500] "GET /%C3%82?fbclid=IwAR1zhiC0-ghzUYtdqabGhghQ7zQRhdLU8ARXZDhszt-aRAXE9C9t-4CwXFg HTTP/1.1" 404 1034
31.13.127.31 - - [18/Mar/2023:17:15:19 -0500] "GET /favicon.ico HTTP/1.1" 404 1360
173.252.95.119 - - [18/Mar/2023:17:15:21 -0500] "GET /images/WhatsApp%20Image%202023-02-15%20at%205.07.25%20PM.jpeg HTTP/1.1" 200 50573
173.252.95.17 - - [18/Mar/2023:17:15:21 -0500] "GET /images/Secretaria%20Urrutia%20evento%20h\xc3\xa1bitat%20Francia%2024%20de%20enero.jpeg HTTP/1.1" 404 1034
173.252.95.11 - - [18/Mar/2023:17:15:21 -0500] "GET /images/19%20de%20enero%20\xc3\xa1rbol%20bosque%20San%20Carlos.jpg HTTP/1.1" 404 1034
173.252.95.120 - - [18/Mar/2023:17:15:21 -0500] "GET /images/Rmasar%2018%20de%20febrero%20Grupo.jpg HTTP/1.1" 200 68398
173.252.95.119 - - [18/Mar/2023:17:15:22 -0500] "GET /images/Secretarias%20Fondo%20carga%206%20de%20febrero.jpeg HTTP/1.1" 200 55460
173.252.95.17 - - [18/Mar/2023:17:15:22 -0500] "GET /images/vertimiento-Comprimida%20(1).png HTTP/1.1" 200 22870
173.252.95.120 - - [18/Mar/2023:17:15:22 -0500] "GET /images/Conversatorio%20aire%201%20(1).jpeg HTTP/1.1" 200 72040
173.252.95.11 - - [18/Mar/2023:17:15:22 -0500] "GET /images/1%20de%20febrer%20Operativo%20hornos.jpg HTTP/1.1" 200 69569
173.252.95.7 - - [18/Mar/2023:17:15:22 -0500] "GET /images/8%20de%20febrero%20incendio%20forestal.jpeg HTTP/1.1" 200 56283
173.252.95.10 - - [18/Mar/2023:17:15:22 -0500] "GET /images/Juan%20Rey%20febrero%2013.jpg HTTP/1.1" 200 55934
173.252.95.119 - - [18/Mar/2023:17:15:22 -0500] "GET /images/1%20de%20febrero%20Humedal%20El%20Tunjo.jpeg HTTP/1.1" 200 52973
173.252.95.7 - - [18/Mar/2023:17:15:22 -0500] "GET /images/1%20de%20febrero%20D\xc3\xada%20sin%20carro.jpeg HTTP/1.1" 404 1034
173.252.95.119 - - [18/Mar/2023:17:15:22 -0500] "GET /images/2%20de%20febrero%20liberaci\xc3\xb3n%20Tunjo.jpeg HTTP/1.1" 404 1034
190.27.120.201 - - [18/Mar/2023:17:15:32 -0500] "GET /sipse/faces/index.xhtml HTTP/1.1" 200 677
190.27.120.201 - - [18/Mar/2023:17:15:32 -0500] "GET /sipse/faces/javax.faces.resource/theme.css?ln=primefaces-sipse HTTP/1.1" 200 50058
190.27.120.201 - - [18/Mar/2023:17:15:33 -0500] "GET /sipse/faces/faces/autenticacion.xhtml HTTP/1.1" 200 12168
190.27.120.201 - - [18/Mar/2023:17:15:34 -0500] "GET /sipse/css/custom_css_sg.css HTTP/1.1" 200 9694
190.27.120.201 - - [18/Mar/2023:17:15:34 -0500] "GET /sipse/faces/javax.faces.resource/theme.css?ln=primefaces-sipse HTTP/1.1" 304 -
190.27.120.201 - - [18/Mar/2023:17:15:34 -0500] "GET /sipse/faces/javax.faces.resource/layout/layout.css?ln=primefaces&v=4.0 HTTP/1.1" 200 542
190.27.120.201 - - [18/Mar/2023:17:15:34 -0500] "GET /sipse/css/custom_css_sg_prime_login.css HTTP/1.1" 200 443
190.27.120.201 - - [18/Mar/2023:17:15:34 -0500] "GET /sipse/js/disable_browser_buttons.js HTTP/1.1" 304 -
190.27.120.201 - - [18/Mar/2023:17:15:34 -0500] "GET /sipse/faces/javax.faces.resource/primefaces.css?ln=primefaces&v=4.0 HTTP/1.1" 200 53295
190.27.120.201 - - [18/Mar/2023:17:15:34 -0500] "GET /sipse/js/funciones.js HTTP/1.1" 304 -
190.27.120.201 - - [18/Mar/2023:17:15:34 -0500] "GET /sipse/faces/javax.faces.resource/jquery/jquery.js?ln=primefaces&v=4.0 HTTP/1.1" 304 -
190.27.120.201 - - [18/Mar/2023:17:15:34 -0500] "GET /sipse/faces/javax.faces.resource/jquery/jquery-plugins.js?ln=primefaces&v=4.0 HTTP/1.1" 304 -
190.27.120.201 - - [18/Mar/2023:17:15:34 -0500] "GET /sipse/faces/javax.faces.resource/primefaces.js?ln=primefaces&v=4.0 HTTP/1.1" 304 -
190.27.120.201 - - [18/Mar/2023:17:15:35 -0500] "GET /sipse/faces/javax.faces.resource/layout/layout.js?ln=primefaces&v=4.0 HTTP/1.1" 304 -
190.27.120.201 - - [18/Mar/2023:17:15:35 -0500] "GET /sipse/css/imagen/logoSDG.png HTTP/1.1" 200 53064
190.27.120.201 - - [18/Mar/2023:17:15:35 -0500] "GET /sipse/faces/javax.faces.resource/images/ui-icons_898989_256x240.png?ln=primefaces-aristo HTTP/1.1" 200 5355
190.27.120.201 - - [18/Mar/2023:17:15:35 -0500] "GET /sipse/css/imagen/loginimg.png HTTP/1.1" 200 71635
192.168.175.240 - - [18/Mar/2023:17:15:43 -0500] "GET / HTTP/1.1" 200 4720
69.171.231.2 - - [18/Mar/2023:17:15:51 -0500] "GET /%C3%82 HTTP/1.1" 404 1034
172.22.2.4 - - [18/Mar/2023:17:14:20 -0500] "GET /BLA/boletinlegal/ HTTP/1.1" 200 57141
190.27.120.201 - - [18/Mar/2023:17:16:13 -0500] "POST /sipse/faces/autenticacion.xhtml HTTP/1.1" 200 12789
190.27.120.201 - - [18/Mar/2023:17:16:14 -0500] "GET /sipse/css/custom_css_sg_prime.css HTTP/1.1" 200 5201
190.27.120.201 - - [18/Mar/2023:17:16:14 -0500] "GET /sipse/faces/javax.faces.resource/jquery/jquery.js?ln=primefaces&v=4.0 HTTP/1.1" 304 -
190.27.120.201 - - [18/Mar/2023:17:16:14 -0500] "GET /sipse/faces/javax.faces.resource/jquery/jquery-plugins.js?ln=primefaces&v=4.0 HTTP/1.1" 304 -
190.27.120.201 - - [18/Mar/2023:17:16:14 -0500] "GET /sipse/faces/javax.faces.resource/primefaces.js?ln=primefaces&v=4.0 HTTP/1.1" 304 -
190.27.120.201 - - [18/Mar/2023:17:16:14 -0500] "GET /sipse/faces/javax.faces.resource/layout/layout.js?ln=primefaces&v=4.0 HTTP/1.1" 304 -
190.27.120.201 - - [18/Mar/2023:17:16:14 -0500] "GET /sipse/faces/javax.faces.resource/messages/messages.png?ln=primefaces&v=4.0 HTTP/1.1" 200 27209
190.27.120.201 - - [18/Mar/2023:17:16:18 -0500] "POST /sipse/faces/presentacion/sistema/seguridad/seleccionRol.xhtml HTTP/1.1" 200 7225
190.27.120.201 - - [18/Mar/2023:17:16:19 -0500] "POST /sipse/faces/presentacion/sistema/seguridad/seleccionRol.xhtml HTTP/1.1" 200 17527
190.27.120.201 - - [18/Mar/2023:17:16:19 -0500] "GET /sipse/js/jquery.min.js HTTP/1.1" 304 -
190.27.120.201 - - [18/Mar/2023:17:16:19 -0500] "GET /sipse/faces/javax.faces.resource/jquery/jquery.js?ln=primefaces&v=4.0 HTTP/1.1" 304 -
190.27.120.201 - - [18/Mar/2023:17:16:19 -0500] "GET /sipse/faces/javax.faces.resource/jquery/jquery-plugins.js?ln=primefaces&v=4.0 HTTP/1.1" 304 -
190.27.120.201 - - [18/Mar/2023:17:16:19 -0500] "GET /sipse/faces/javax.faces.resource/primefaces.js?ln=primefaces&v=4.0 HTTP/1.1" 304 -
190.27.120.201 - - [18/Mar/2023:17:16:19 -0500] "GET /sipse/faces/javax.faces.resource/layout/layout.js?ln=primefaces&v=4.0 HTTP/1.1" 304 -
190.27.120.201 - - [18/Mar/2023:17:16:20 -0500] "GET /sipse/imagenes/cargando.gif HTTP/1.1" 200 36959
190.27.120.201 - - [18/Mar/2023:17:16:20 -0500] "GET /sipse/css/imagen/contrasena.png HTTP/1.1" 404 383
190.27.120.201 - - [18/Mar/2023:17:16:20 -0500] "GET /sipse/imagenes/logoAplicacion.jpg HTTP/1.1" 200 155084
190.27.120.201 - - [18/Mar/2023:17:16:22 -0500] "GET /sipse/faces/javax.faces.resource/images/ui-bg_flat_0_2d5972_40x100.png?ln=primefaces-aristo HTTP/1.1" 200 183
190.27.120.201 - - [18/Mar/2023:17:16:22 -0500] "POST /sipse/faces/bienvenido.xhtml HTTP/1.1" 200 3843
190.27.120.201 - - [18/Mar/2023:17:16:24 -0500] "POST /sipse/faces/bienvenido.xhtml HTTP/1.1" 200 2055
31.13.115.8 - - [18/Mar/2023:17:16:41 -0500] "GET /images/Puntos%20calientes%2024%20de%20febrero.jpeg HTTP/1.1" 200 42626
192.168.175.240 - - [18/Mar/2023:17:16:43 -0500] "GET / HTTP/1.1" 200 4720
190.27.120.201 - - [18/Mar/2023:17:16:25 -0500] "POST /sipse/faces/bienvenido.xhtml HTTP/1.1" 200 84596
190.27.120.201 - - [18/Mar/2023:17:16:48 -0500] "GET /sipse/faces/javax.faces.resource/jquery/jquery.js?ln=primefaces&v=4.0 HTTP/1.1" 304 -
190.27.120.201 - - [18/Mar/2023:17:16:48 -0500] "GET /sipse/faces/javax.faces.resource/jquery/jquery-plugins.js?ln=primefaces&v=4.0 HTTP/1.1" 304 -
190.27.120.201 - - [18/Mar/2023:17:16:48 -0500] "GET /sipse/faces/javax.faces.resource/primefaces.js?ln=primefaces&v=4.0 HTTP/1.1" 304 -
190.27.120.201 - - [18/Mar/2023:17:16:48 -0500] "GET /sipse/faces/javax.faces.resource/layout/layout.js?ln=primefaces&v=4.0 HTTP/1.1" 304 -
20.15.133.166 - - [18/Mar/2023:17:16:56 -0500] "-" 408 -
192.168.175.240 - - [18/Mar/2023:17:17:43 -0500] "GET / HTTP/1.1" 200 4720
190.27.120.201 - - [18/Mar/2023:17:17:47 -0500] "POST /sipse/faces/presentacion/proyectos/proyecto/listarProyecto.xhtml HTTP/1.1" 200 10333
190.27.120.201 - - [18/Mar/2023:17:17:49 -0500] "POST /sipse/faces/presentacion/proyectos/proyecto/listarProyecto.xhtml HTTP/1.1" 200 10341
190.27.120.201 - - [18/Mar/2023:17:17:50 -0500] "POST /sipse/faces/presentacion/proyectos/proyecto/listarProyecto.xhtml HTTP/1.1" 200 163
172.22.2.4 - - [18/Mar/2023:17:17:52 -0500] "GET /BLA/boletinlegal/actos.php HTTP/1.1" 200 9672
190.27.120.201 - - [18/Mar/2023:17:17:51 -0500] "GET /sipse/faces/presentacion/proyectos/proyecto/proyecto.xhtml HTTP/1.1" 200 90257
190.27.120.201 - - [18/Mar/2023:17:17:52 -0500] "GET /sipse/faces/javax.faces.resource/theme.css?ln=primefaces-sipse HTTP/1.1" 304 -
190.27.120.201 - - [18/Mar/2023:17:17:52 -0500] "GET /sipse/faces/javax.faces.resource/primefaces.css?ln=primefaces&v=4.0 HTTP/1.1" 304 -
190.27.120.201 - - [18/Mar/2023:17:17:52 -0500] "GET /sipse/faces/javax.faces.resource/jquery/jquery.js?ln=primefaces&v=4.0 HTTP/1.1" 304 -
190.27.120.201 - - [18/Mar/2023:17:17:52 -0500] "GET /sipse/faces/javax.faces.resource/layout/layout.css?ln=primefaces&v=4.0 HTTP/1.1" 304 -
190.27.120.201 - - [18/Mar/2023:17:17:52 -0500] "GET /sipse/faces/javax.faces.resource/jquery/jquery-plugins.js?ln=primefaces&v=4.0 HTTP/1.1" 304 -
190.27.120.201 - - [18/Mar/2023:17:17:52 -0500] "GET /sipse/faces/javax.faces.resource/primefaces.js?ln=primefaces&v=4.0 HTTP/1.1" 304 -
190.27.120.201 - - [18/Mar/2023:17:17:52 -0500] "GET /sipse/faces/javax.faces.resource/layout/layout.js?ln=primefaces&v=4.0 HTTP/1.1" 304 -
190.27.120.201 - - [18/Mar/2023:17:17:52 -0500] "GET /sipse/faces/javax.faces.resource/images/ui-icons_898989_256x240.png?ln=primefaces-aristo HTTP/1.1" 304 -
190.27.120.201 - - [18/Mar/2023:17:17:53 -0500] "GET /sipse/faces/javax.faces.resource/images/ui-bg_flat_0_2d5972_40x100.png?ln=primefaces-aristo HTTP/1.1" 304 -
190.27.120.201 - - [18/Mar/2023:17:17:53 -0500] "POST /sipse/faces/presentacion/proyectos/proyecto/proyecto.xhtml HTTP/1.1" 200 3261
190.27.120.201 - - [18/Mar/2023:17:18:07 -0500] "POST /sipse/faces/presentacion/proyectos/proyecto/proyecto.xhtml HTTP/1.1" 200 14938
190.27.120.201 - - [18/Mar/2023:17:18:07 -0500] "GET /sipse/faces/javax.faces.resource/spacer/dot_clear.gif?ln=primefaces&v=4.0 HTTP/1.1" 200 42
190.27.120.201 - - [18/Mar/2023:17:18:08 -0500] "POST /sipse/faces/presentacion/proyectos/proyecto/proyecto.xhtml HTTP/1.1" 200 43699
186.28.78.86 - - [18/Mar/2023:17:18:10 -0500] "GET /mujeres-que-reverdecen-secretaria-de-ambiente-anuncia-el-inicio-de-la-tercera-fase.html HTTP/1.1" 200 954
190.27.120.201 - - [18/Mar/2023:17:18:10 -0500] "POST /sipse/faces/presentacion/proyectos/proyecto/proyecto.xhtml HTTP/1.1" 200 4021
190.27.120.201 - - [18/Mar/2023:17:18:12 -0500] "POST /sipse/faces/presentacion/proyectos/proyecto/proyecto.xhtml HTTP/1.1" 200 71532
216.245.221.92 - - [18/Mar/2023:17:18:40 -0500] "HEAD / HTTP/1.1" 200 -
192.168.175.240 - - [18/Mar/2023:17:18:43 -0500] "GET / HTTP/1.1" 200 4720
201.245.192.253 - - [18/Mar/2023:17:19:32 -0500] "POST /kwsrmcab/Wsrmcab  HTTP/1.1" 200 42239
192.168.175.240 - - [18/Mar/2023:17:19:43 -0500] "GET / HTTP/1.1" 200 4720
191.156.183.205 - - [18/Mar/2023:17:19:49 -0500] "POST /sipse/faces/presentacion/financiero/solicitudProceso/consultarSolicitudProceso.xhtml HTTP/1.1" 200 34234
191.156.183.205 - - [18/Mar/2023:17:19:54 -0500] "GET /sipse/faces/javax.faces.resource/jquery/jquery.js?ln=primefaces&v=4.0 HTTP/1.1" 304 -
191.156.183.205 - - [18/Mar/2023:17:19:54 -0500] "GET /sipse/faces/javax.faces.resource/jquery/jquery-plugins.js?ln=primefaces&v=4.0 HTTP/1.1" 304 -
191.156.183.205 - - [18/Mar/2023:17:19:54 -0500] "GET /sipse/faces/javax.faces.resource/primefaces.js?ln=primefaces&v=4.0 HTTP/1.1" 304 -
191.156.183.205 - - [18/Mar/2023:17:19:54 -0500] "GET /sipse/faces/javax.faces.resource/layout/layout.js?ln=primefaces&v=4.0 HTTP/1.1" 304 -
191.156.183.205 - - [18/Mar/2023:17:19:55 -0500] "POST /sipse/faces/presentacion/sistema/reporte/listarReportes.xhtml HTTP/1.1" 200 27619
191.156.183.205 - - [18/Mar/2023:17:19:57 -0500] "POST /sipse/faces/presentacion/sistema/reporte/listarReportes.xhtml HTTP/1.1" 200 27619
191.156.183.205 - - [18/Mar/2023:17:19:59 -0500] "POST /sipse/faces/presentacion/sistema/reporte/listarReportes.xhtml HTTP/1.1" 200 22862
191.156.183.205 - - [18/Mar/2023:17:20:02 -0500] "GET /sipse/faces/javax.faces.resource/primefaces.js?ln=primefaces&v=4.0 HTTP/1.1" 304 -
191.156.177.173 - - [18/Mar/2023:17:20:02 -0500] "GET /sipse/faces/javax.faces.resource/theme.css?ln=primefaces-sipse HTTP/1.1" 304 -
191.156.182.224 - - [18/Mar/2023:17:20:02 -0500] "GET /sipse/faces/javax.faces.resource/primefaces.css?ln=primefaces&v=4.0 HTTP/1.1" 304 -
191.156.177.173 - - [18/Mar/2023:17:20:02 -0500] "GET /sipse/faces/javax.faces.resource/jquery/jquery.js?ln=primefaces&v=4.0 HTTP/1.1" 304 -
191.156.181.197 - - [18/Mar/2023:17:20:02 -0500] "GET /sipse/faces/javax.faces.resource/jquery/jquery-plugins.js?ln=primefaces&v=4.0 HTTP/1.1" 304 -
191.156.183.205 - - [18/Mar/2023:17:20:02 -0500] "GET /sipse/faces/javax.faces.resource/layout/layout.js?ln=primefaces&v=4.0 HTTP/1.1" 304 -
191.156.183.205 - - [18/Mar/2023:17:20:05 -0500] "GET /sipse/faces/javax.faces.resource/layout/layout.css?ln=primefaces&v=4.0 HTTP/1.1" 304 -
66.249.79.111 - - [18/Mar/2023:17:20:11 -0500] "-" 408 -
191.156.182.224 - - [18/Mar/2023:17:20:11 -0500] "GET /sipse/faces/javax.faces.resource/images/ui-icons_898989_256x240.png?ln=primefaces-aristo HTTP/1.1" 304 -
191.156.182.41 - - [18/Mar/2023:17:20:18 -0500] "GET /sipse/faces/presentacion/sistema/reporte/listarReportes.xhtml HTTP/1.1" 302 -
191.156.182.41 - - [18/Mar/2023:17:20:18 -0500] "GET /sipse/faces/autenticacion.xhtml HTTP/1.1" 200 12168
191.156.190.87 - - [18/Mar/2023:17:20:19 -0500] "GET /sipse/faces/javax.faces.resource/theme.css?ln=primefaces-sipse HTTP/1.1" 304 -
191.156.190.87 - - [18/Mar/2023:17:20:19 -0500] "GET /sipse/faces/javax.faces.resource/primefaces.css?ln=primefaces&v=4.0 HTTP/1.1" 304 -
191.156.190.87 - - [18/Mar/2023:17:20:19 -0500] "GET /sipse/faces/javax.faces.resource/layout/layout.css?ln=primefaces&v=4.0 HTTP/1.1" 304 -
191.156.190.87 - - [18/Mar/2023:17:20:22 -0500] "GET /sipse/faces/javax.faces.resource/jquery/jquery.js?ln=primefaces&v=4.0 HTTP/1.1" 304 -
191.156.190.87 - - [18/Mar/2023:17:20:22 -0500] "GET /sipse/faces/javax.faces.resource/primefaces.js?ln=primefaces&v=4.0 HTTP/1.1" 304 -
191.156.190.87 - - [18/Mar/2023:17:20:22 -0500] "GET /sipse/faces/javax.faces.resource/jquery/jquery-plugins.js?ln=primefaces&v=4.0 HTTP/1.1" 304 -
191.156.190.87 - - [18/Mar/2023:17:20:22 -0500] "GET /sipse/faces/javax.faces.resource/layout/layout.js?ln=primefaces&v=4.0 HTTP/1.1" 304 -
191.156.190.87 - - [18/Mar/2023:17:20:22 -0500] "GET /sipse/css/imagen/logoSDG.png HTTP/1.1" 200 12242
191.156.190.87 - - [18/Mar/2023:17:20:22 -0500] "GET /sipse/faces/javax.faces.resource/images/ui-icons_898989_256x240.png?ln=primefaces-aristo HTTP/1.1" 304 -
191.156.190.87 - - [18/Mar/2023:17:20:22 -0500] "GET /sipse/css/imagen/loginimg.png HTTP/1.1" 200 12242
191.156.182.41 - - [18/Mar/2023:17:20:22 -0500] "GET /sipse/faces/index.xhtml HTTP/1.1" 200 677
191.156.190.87 - - [18/Mar/2023:17:20:22 -0500] "GET /sipse/faces/javax.faces.resource/theme.css?ln=primefaces-sipse HTTP/1.1" 304 -
191.156.182.41 - - [18/Mar/2023:17:20:22 -0500] "GET /sipse/faces/faces/autenticacion.xhtml HTTP/1.1" 200 12168
191.156.186.1 - - [18/Mar/2023:17:20:22 -0500] "GET /sipse/faces/javax.faces.resource/theme.css?ln=primefaces-sipse HTTP/1.1" 304 -
191.156.189.252 - - [18/Mar/2023:17:20:22 -0500] "GET /sipse/faces/javax.faces.resource/layout/layout.css?ln=primefaces&v=4.0 HTTP/1.1" 304 -
191.156.190.87 - - [18/Mar/2023:17:20:22 -0500] "GET /sipse/faces/javax.faces.resource/jquery/jquery.js?ln=primefaces&v=4.0 HTTP/1.1" 304 -
191.156.189.252 - - [18/Mar/2023:17:20:22 -0500] "GET /sipse/faces/javax.faces.resource/primefaces.css?ln=primefaces&v=4.0 HTTP/1.1" 304 -
191.156.182.41 - - [18/Mar/2023:17:20:22 -0500] "GET /sipse/faces/javax.faces.resource/primefaces.js?ln=primefaces&v=4.0 HTTP/1.1" 304 -
191.156.190.87 - - [18/Mar/2023:17:20:22 -0500] "GET /sipse/faces/javax.faces.resource/layout/layout.js?ln=primefaces&v=4.0 HTTP/1.1" 304 -
191.156.186.1 - - [18/Mar/2023:17:20:22 -0500] "GET /sipse/faces/javax.faces.resource/jquery/jquery-plugins.js?ln=primefaces&v=4.0 HTTP/1.1" 304 -
191.156.189.252 - - [18/Mar/2023:17:20:23 -0500] "GET /sipse/faces/javax.faces.resource/images/ui-icons_898989_256x240.png?ln=primefaces-aristo HTTP/1.1" 304 -
191.156.182.41 - - [18/Mar/2023:17:20:26 -0500] "POST /sipse/faces/autenticacion.xhtml HTTP/1.1" 200 16117
191.156.190.87 - - [18/Mar/2023:17:20:26 -0500] "GET /sipse/css/custom_css_sg_prime.css HTTP/1.1" 200 5201
191.156.189.252 - - [18/Mar/2023:17:20:26 -0500] "GET /sipse/faces/javax.faces.resource/jquery/jquery.js?ln=primefaces&v=4.0 HTTP/1.1" 304 -
191.156.186.1 - - [18/Mar/2023:17:20:26 -0500] "GET /sipse/faces/javax.faces.resource/jquery/jquery-plugins.js?ln=primefaces&v=4.0 HTTP/1.1" 304 -
191.156.189.252 - - [18/Mar/2023:17:20:26 -0500] "GET /sipse/faces/javax.faces.resource/primefaces.js?ln=primefaces&v=4.0 HTTP/1.1" 304 -
191.156.183.205 - - [18/Mar/2023:17:20:27 -0500] "GET /sipse/faces/javax.faces.resource/layout/layout.js?ln=primefaces&v=4.0 HTTP/1.1" 304 -
191.156.189.252 - - [18/Mar/2023:17:20:27 -0500] "GET /sipse/faces/javax.faces.resource/messages/messages.png?ln=primefaces&v=4.0 HTTP/1.1" 304 -
191.156.183.205 - - [18/Mar/2023:17:20:27 -0500] "GET /sipse/css/imagen/contrasena.png HTTP/1.1" 404 383
191.156.183.205 - - [18/Mar/2023:17:20:29 -0500] "GET /sipse/faces/javax.faces.resource/images/ui-bg_flat_0_2d5972_40x100.png?ln=primefaces-aristo HTTP/1.1" 304 -
191.156.182.41 - - [18/Mar/2023:17:20:29 -0500] "POST /sipse/faces/bienvenido.xhtml HTTP/1.1" 200 6185
191.156.182.41 - - [18/Mar/2023:17:20:31 -0500] "POST /sipse/faces/bienvenido.xhtml HTTP/1.1" 200 33090
191.156.183.205 - - [18/Mar/2023:17:20:32 -0500] "GET /sipse/faces/javax.faces.resource/jquery/jquery.js?ln=primefaces&v=4.0 HTTP/1.1" 304 -
191.156.183.205 - - [18/Mar/2023:17:20:32 -0500] "GET /sipse/faces/javax.faces.resource/jquery/jquery-plugins.js?ln=primefaces&v=4.0 HTTP/1.1" 304 -
191.156.183.205 - - [18/Mar/2023:17:20:32 -0500] "GET /sipse/faces/javax.faces.resource/primefaces.js?ln=primefaces&v=4.0 HTTP/1.1" 304 -
191.156.183.205 - - [18/Mar/2023:17:20:32 -0500] "GET /sipse/faces/javax.faces.resource/layout/layout.js?ln=primefaces&v=4.0 HTTP/1.1" 304 -
192.168.175.240 - - [18/Mar/2023:17:20:43 -0500] "GET / HTTP/1.1" 200 4720
201.245.192.253 - - [18/Mar/2023:17:20:42 -0500] "POST /kwsrmcab/Wsrmcab HTTP/1.1" 200 40710
201.245.192.253 - - [18/Mar/2023:17:20:45 -0500] "POST /kwsrmcab/Wsrmcab HTTP/1.1" 200 43650
191.156.177.173 - - [18/Mar/2023:17:20:53 -0500] "GET /sipse/faces/javax.faces.resource/theme.css?ln=primefaces-sipse HTTP/1.1" 304 -
191.156.182.224 - - [18/Mar/2023:17:20:53 -0500] "GET /sipse/faces/javax.faces.resource/jquery/jquery.js?ln=primefaces&v=4.0 HTTP/1.1" 304 -
191.156.190.48 - - [18/Mar/2023:17:20:53 -0500] "GET /sipse/faces/javax.faces.resource/layout/layout.css?ln=primefaces&v=4.0 HTTP/1.1" 304 -
191.156.177.173 - - [18/Mar/2023:17:20:53 -0500] "GET /sipse/faces/javax.faces.resource/primefaces.css?ln=primefaces&v=4.0 HTTP/1.1" 304 -
191.156.182.224 - - [18/Mar/2023:17:20:53 -0500] "GET /sipse/faces/javax.faces.resource/layout/layout.js?ln=primefaces&v=4.0 HTTP/1.1" 304 -
191.156.177.173 - - [18/Mar/2023:17:20:53 -0500] "GET /sipse/faces/javax.faces.resource/jquery/jquery-plugins.js?ln=primefaces&v=4.0 HTTP/1.1" 304 -
191.156.190.48 - - [18/Mar/2023:17:20:53 -0500] "GET /sipse/faces/javax.faces.resource/primefaces.js?ln=primefaces&v=4.0 HTTP/1.1" 304 -
191.156.181.197 - - [18/Mar/2023:17:20:53 -0500] "GET /sipse/faces/javax.faces.resource/images/ui-icons_898989_256x240.png?ln=primefaces-aristo HTTP/1.1" 304 -
191.156.182.224 - - [18/Mar/2023:17:20:52 -0500] "POST /sipse/faces/presentacion/sistema/reporte/listarReportes.xhtml HTTP/1.1" 200 21718
172.22.2.4 - - [18/Mar/2023:17:19:19 -0500] "HEAD /BLA/boletinlegal/ HTTP/1.1" 200 -
191.156.186.1 - - [18/Mar/2023:17:21:31 -0500] "POST /sipse/faces/presentacion/sistema/reporte/ventanaVerReporteParametros.xhtml HTTP/1.1" 200 1471
191.156.190.87 - - [18/Mar/2023:17:21:31 -0500] "GET /sipse/faces/javax.faces.resource/images/ui-bg_flat_0_2d5972_40x100.png?ln=primefaces-aristo HTTP/1.1" 304 -
14.29.246.47 - - [18/Mar/2023:17:21:31 -0500] "GET / HTTP/1.1" 200 319
191.156.186.1 - - [18/Mar/2023:17:21:33 -0500] "POST /sipse/faces/presentacion/sistema/reporte/ventanaVerReporteParametros.xhtml HTTP/1.1" 200 67597
191.156.190.87 - - [18/Mar/2023:17:21:33 -0500] "GET /sipse/faces/javax.faces.resource/jquery/jquery.js?ln=primefaces&v=4.0 HTTP/1.1" 304 -
191.156.190.87 - - [18/Mar/2023:17:21:33 -0500] "GET /sipse/faces/javax.faces.resource/jquery/jquery-plugins.js?ln=primefaces&v=4.0 HTTP/1.1" 304 -
191.156.190.87 - - [18/Mar/2023:17:21:34 -0500] "GET /sipse/faces/javax.faces.resource/primefaces.js?ln=primefaces&v=4.0 HTTP/1.1" 304 -
191.156.190.87 - - [18/Mar/2023:17:21:34 -0500] "GET /sipse/faces/javax.faces.resource/layout/layout.js?ln=primefaces&v=4.0 HTTP/1.1" 304 -
191.156.190.87 - - [18/Mar/2023:17:21:34 -0500] "POST /sipse/faces/presentacion/financiero/solicitudProceso/listarSolicitudProceso.xhtml HTTP/1.1" 200 1560
191.156.190.87 - - [18/Mar/2023:17:21:41 -0500] "POST /sipse/faces/presentacion/financiero/solicitudProceso/listarSolicitudProceso.xhtml HTTP/1.1" 200 32421
191.156.190.87 - - [18/Mar/2023:17:21:41 -0500] "POST /sipse/faces/presentacion/financiero/solicitudProceso/listarSolicitudProceso.xhtml HTTP/1.1" 200 32425
191.156.190.87 - - [18/Mar/2023:17:21:42 -0500] "POST /sipse/faces/presentacion/financiero/solicitudProceso/listarSolicitudProceso.xhtml HTTP/1.1" 200 16899
192.168.175.240 - - [18/Mar/2023:17:21:43 -0500] "GET / HTTP/1.1" 200 4720
191.156.190.87 - - [18/Mar/2023:17:21:43 -0500] "POST /sipse/faces/presentacion/financiero/solicitudProceso/listarSolicitudProceso.xhtml HTTP/1.1" 200 5035
191.156.186.1 - - [18/Mar/2023:17:21:45 -0500] "POST /sipse/faces/presentacion/financiero/solicitudProceso/listarSolicitudProceso.xhtml HTTP/1.1" 200 156317
191.156.190.87 - - [18/Mar/2023:17:21:47 -0500] "GET /sipse/faces/javax.faces.resource/jquery/jquery.js?ln=primefaces&v=4.0 HTTP/1.1" 304 -
191.156.190.87 - - [18/Mar/2023:17:21:47 -0500] "GET /sipse/faces/javax.faces.resource/jquery/jquery-plugins.js?ln=primefaces&v=4.0 HTTP/1.1" 304 -
191.156.190.87 - - [18/Mar/2023:17:21:47 -0500] "GET /sipse/faces/javax.faces.resource/primefaces.js?ln=primefaces&v=4.0 HTTP/1.1" 304 -
191.156.190.87 - - [18/Mar/2023:17:21:47 -0500] "GET /sipse/faces/javax.faces.resource/layout/layout.js?ln=primefaces&v=4.0 HTTP/1.1" 304 -
172.22.2.4 - - [18/Mar/2023:17:20:10 -0500] "GET /BLA/boletinlegal/ HTTP/1.1" 200 55924
191.156.186.1 - - [18/Mar/2023:17:21:54 -0500] "POST /sipse/faces/presentacion/financiero/solicitudProceso/consultarSolicitudProceso.xhtml HTTP/1.1" 200 5601
191.156.190.87 - - [18/Mar/2023:17:21:54 -0500] "GET /sipse/faces/javax.faces.resource/dynamiccontent.properties?ln=primefaces&pfdrid=XjOR5%2F%2FfPAZAuY9TpWQeCiM0BhlXxYRBGKi%2FQcXXfeA%3D&pfdrid_c=false HTTP/1.1" 200 165353
201.244.238.63 - - [18/Mar/2023:17:22:00 -0500] "GET /BLA/resoluciones/AUTOS%202013/3644.pdf HTTP/1.1" 200 1032320
191.156.187.183 - - [18/Mar/2023:17:22:12 -0500] "POST /sipse/faces/presentacion/financiero/solicitudProceso/consultarSolicitudProceso.xhtml HTTP/1.1" 200 5590
181.204.231.35 - - [18/Mar/2023:17:22:26 -0500] "GET /%C3%82%C2%BFquieres-aprender-sobre-jardines-verticales-esta-es-tu-oportunidad.html HTTP/1.1" 200 925
192.168.175.240 - - [18/Mar/2023:17:22:43 -0500] "GET / HTTP/1.1" 200 4720
186.29.99.52 - - [18/Mar/2023:17:22:51 -0500] "POST /sipse/faces/presentacion/financiero/solicitudProceso/listarSolicitudProceso.xhtml HTTP/1.1" 200 57400
186.29.99.52 - - [18/Mar/2023:17:22:51 -0500] "POST /sipse/faces/presentacion/financiero/solicitudProceso/listarSolicitudProceso.xhtml HTTP/1.1" 200 57400
186.29.99.52 - - [18/Mar/2023:17:22:51 -0500] "POST /sipse/faces/presentacion/financiero/solicitudProceso/listarSolicitudProceso.xhtml HTTP/1.1" 200 57400
186.29.99.52 - - [18/Mar/2023:17:22:52 -0500] "POST /sipse/faces/presentacion/financiero/solicitudProceso/listarSolicitudProceso.xhtml HTTP/1.1" 200 57400
186.29.99.52 - - [18/Mar/2023:17:22:52 -0500] "POST /sipse/faces/presentacion/financiero/solicitudProceso/listarSolicitudProceso.xhtml HTTP/1.1" 200 57400
186.29.99.52 - - [18/Mar/2023:17:22:52 -0500] "POST /sipse/faces/presentacion/financiero/solicitudProceso/listarSolicitudProceso.xhtml HTTP/1.1" 200 57400
186.29.99.52 - - [18/Mar/2023:17:22:53 -0500] "POST /sipse/faces/presentacion/financiero/solicitudProceso/listarSolicitudProceso.xhtml HTTP/1.1" 200 1560
186.29.99.52 - - [18/Mar/2023:17:22:53 -0500] "POST /sipse/faces/presentacion/financiero/solicitudProceso/listarSolicitudProceso.xhtml HTTP/1.1" 200 1552
186.29.99.52 - - [18/Mar/2023:17:22:53 -0500] "POST /sipse/faces/presentacion/financiero/solicitudProceso/listarSolicitudProceso.xhtml HTTP/1.1" 200 1564
186.29.99.52 - - [18/Mar/2023:17:22:53 -0500] "POST /sipse/faces/presentacion/financiero/solicitudProceso/listarSolicitudProceso.xhtml HTTP/1.1" 200 1552
186.29.99.52 - - [18/Mar/2023:17:22:54 -0500] "POST /sipse/faces/presentacion/financiero/solicitudProceso/listarSolicitudProceso.xhtml HTTP/1.1" 200 1564
186.29.99.52 - - [18/Mar/2023:17:22:54 -0500] "POST /sipse/faces/presentacion/financiero/solicitudProceso/listarSolicitudProceso.xhtml HTTP/1.1" 200 1552
186.29.99.52 - - [18/Mar/2023:17:22:57 -0500] "POST /sipse/faces/presentacion/financiero/solicitudProceso/listarSolicitudProceso.xhtml HTTP/1.1" 200 911
191.156.190.87 - - [18/Mar/2023:17:23:06 -0500] "POST /sipse/faces/presentacion/financiero/solicitudProceso/consultarSolicitudProceso.xhtml HTTP/1.1" 200 81450
191.156.182.224 - - [18/Mar/2023:17:23:25 -0500] "POST /sipse/faces/presentacion/financiero/solicitudProceso/consultarSolicitudProceso.xhtml HTTP/1.1" 200 159806
201.221.172.210 - - [18/Mar/2023:17:23:30 -0500] "GET /mujeres-que-reverdecen-secretaria-de-ambiente-anuncia-el-inicio-de-la-tercera-fase.html HTTP/1.1" 200 954
216.245.221.92 - - [18/Mar/2023:17:23:40 -0500] "HEAD / HTTP/1.1" 200 -
192.168.175.240 - - [18/Mar/2023:17:23:43 -0500] "GET / HTTP/1.1" 200 4720
191.156.187.183 - - [18/Mar/2023:17:23:43 -0500] "POST /sipse/faces/presentacion/financiero/solicitudProceso/consultarSolicitudProceso.xhtml HTTP/1.1" 200 138832
201.245.192.253 - - [18/Mar/2023:17:24:32 -0500] "POST /kwsrmcab/Wsrmcab  HTTP/1.1" 200 42239
172.22.2.4 - - [18/Mar/2023:17:24:34 -0500] "GET /BLA/boletinlegal/actos.php HTTP/1.1" 200 9672
192.168.175.240 - - [18/Mar/2023:17:24:43 -0500] "GET / HTTP/1.1" 200 4720
172.22.2.4 - - [18/Mar/2023:17:24:44 -0500] "GET /BLA/boletinlegal/consulta_actos.php?tipo=autos&no=&usuario=&sector=SILVICULTURA&fecha=2023&resuelve= HTTP/1.1" 200 15368
172.22.2.4 - - [18/Mar/2023:17:24:44 -0500] "GET /BLA/boletinlegal/images/background.gif HTTP/1.1" 200 -
172.22.2.4 - - [18/Mar/2023:17:24:55 -0500] "GET /BLA/boletinlegal/consulta_actos.php?tipo=autos&no=&usuario=&sector=SILVICULTURA&fecha=2023&resuelve=sancionatorio%20 HTTP/1.1" 200 626
172.22.2.4 - - [18/Mar/2023:17:25:00 -0500] "GET /BLA/boletinlegal/consulta_actos.php?tipo=autos&no=&usuario=&sector=SILVICULTURA&fecha=2022&resuelve=sancionatorio%20 HTTP/1.1" 200 138907
186.29.180.126 - - [18/Mar/2023:17:25:21 -0500] "GET /BLA/resoluciones/AUTOS%202022/1178.pdf HTTP/1.1" 200 360681
192.168.175.240 - - [18/Mar/2023:17:25:43 -0500] "GET / HTTP/1.1" 200 4720
186.29.180.126 - - [18/Mar/2023:17:25:44 -0500] "GET /BLA/resoluciones/AUTOS%202022/2003.pdf HTTP/1.1" 200 360933
186.29.180.126 - - [18/Mar/2023:17:26:05 -0500] "GET /BLA/resoluciones/AUTOS%202022/2005.pdf HTTP/1.1" 200 379614
172.22.2.4 - - [18/Mar/2023:17:24:33 -0500] "GET /BLA/boletinlegal/ HTTP/1.1" 200 50654
192.168.175.240 - - [18/Mar/2023:17:26:43 -0500] "GET / HTTP/1.1" 200 4720
172.22.2.4 - - [18/Mar/2023:17:25:09 -0500] "HEAD /BLA/boletinlegal/ HTTP/1.1" 200 -
186.29.180.126 - - [18/Mar/2023:17:27:11 -0500] "GET /BLA/resoluciones/AUTOS%202022/2008.pdf HTTP/1.1" 200 379830
172.22.2.4 - - [18/Mar/2023:17:26:00 -0500] "GET /BLA/boletinlegal/ HTTP/1.1" 200 57141
192.168.175.240 - - [18/Mar/2023:17:27:43 -0500] "GET / HTTP/1.1" 200 4720
216.245.221.92 - - [18/Mar/2023:17:28:40 -0500] "HEAD / HTTP/1.1" 200 -
192.168.175.240 - - [18/Mar/2023:17:28:43 -0500] "GET / HTTP/1.1" 200 4720
201.245.192.253 - - [18/Mar/2023:17:29:31 -0500] "POST /kwsrmcab/Wsrmcab  HTTP/1.1" 200 42239
192.168.175.240 - - [18/Mar/2023:17:29:43 -0500] "GET / HTTP/1.1" 200 4720
192.168.175.240 - - [18/Mar/2023:17:30:43 -0500] "GET / HTTP/1.1" 200 4720
201.245.192.253 - - [18/Mar/2023:17:30:42 -0500] "POST /kwsrmcab/Wsrmcab HTTP/1.1" 200 40710
201.245.192.253 - - [18/Mar/2023:17:30:45 -0500] "POST /kwsrmcab/Wsrmcab HTTP/1.1" 200 43650
186.29.180.126 - - [18/Mar/2023:17:30:59 -0500] "GET /BLA/resoluciones/AUTOS%202022/2009.pdf HTTP/1.1" 200 382331
192.168.175.240 - - [18/Mar/2023:17:31:43 -0500] "GET / HTTP/1.1" 200 4720
172.22.2.4 - - [18/Mar/2023:17:30:59 -0500] "HEAD /BLA/boletinlegal/ HTTP/1.1" 200 -
192.168.175.240 - - [18/Mar/2023:17:32:43 -0500] "GET / HTTP/1.1" 200 4720
190.27.120.201 - - [18/Mar/2023:17:33:23 -0500] "GET /sipsesda/ HTTP/1.1" 200 1477
190.27.120.201 - - [18/Mar/2023:17:33:24 -0500] "GET /css/segobdis.css HTTP/1.1" 404 1264
190.27.120.201 - - [18/Mar/2023:17:33:24 -0500] "GET /sipsesda/faces/login.jspx HTTP/1.1" 200 7588
190.27.120.201 - - [18/Mar/2023:17:33:24 -0500] "GET /sipsesda/js/disable_browser_buttons.js;jsessionid=ac16012b22b839730aa62a2b4bd68dd4bf0910f34644.e34Lc3uRbN4Oc40Laxz0 HTTP/1.1" 200 2767
190.27.120.201 - - [18/Mar/2023:17:33:24 -0500] "GET /sipsesda/adf/styles/cache/segobdis16-desktop-10_1_3_4_0-webkit.css;jsessionid=ac16012b22b839730aa62a2b4bd68dd4bf0910f34644.e34Lc3uRbN4Oc40Laxz0 HTTP/1.1" 200 57326
190.27.120.201 - - [18/Mar/2023:17:33:24 -0500] "GET /sipsesda/js/funciones.js;jsessionid=ac16012b22b839730aa62a2b4bd68dd4bf0910f34644.e34Lc3uRbN4Oc40Laxz0 HTTP/1.1" 200 36377
190.27.120.201 - - [18/Mar/2023:17:33:24 -0500] "GET /sipsesda/imagenes/encabezado.jpg;jsessionid=ac16012b22b839730aa62a2b4bd68dd4bf0910f34644.e34Lc3uRbN4Oc40Laxz0 HTTP/1.1" 200 18018
190.27.120.201 - - [18/Mar/2023:17:33:24 -0500] "GET /sipsesda/adf/jsLibs/Common10_1_3_4_0.js;jsessionid=ac16012b22b839730aa62a2b4bd68dd4bf0910f34644.e34Lc3uRbN4Oc40Laxz0 HTTP/1.1" 200 132959
190.27.120.201 - - [18/Mar/2023:17:33:24 -0500] "GET /sipsesda/adf/images/t.gif;jsessionid=ac16012b22b839730aa62a2b4bd68dd4bf0910f34644.e34Lc3uRbN4Oc40Laxz0 HTTP/1.1" 200 86
190.27.120.201 - - [18/Mar/2023:17:33:27 -0500] "POST /sipsesda/faces/login.jspx;jsessionid=ac16012b22b839730aa62a2b4bd68dd4bf0910f34644.e34Lc3uRbN4Oc40Laxz0 HTTP/1.1" 200 5705
172.22.2.4 - - [18/Mar/2023:17:31:50 -0500] "GET /BLA/boletinlegal/ HTTP/1.1" 200 57141
190.27.120.201 - - [18/Mar/2023:17:33:33 -0500] "POST /sipsesda/faces/vista/sistema/seleccionRol.jspx HTTP/1.1" 200 28002
190.27.120.201 - - [18/Mar/2023:17:33:40 -0500] "GET /sipsesda/faces/vista/sistema/cargarMenu.jspx?accionMenu=listadoComponente&menuID=95 HTTP/1.1" 200 28209
216.245.221.92 - - [18/Mar/2023:17:33:40 -0500] "HEAD / HTTP/1.1" 200 -
190.27.120.201 - - [18/Mar/2023:17:33:40 -0500] "POST /sipsesda/faces/vista/sistema/cargarMenu.jspx HTTP/1.1" 200 31822
192.168.175.240 - - [18/Mar/2023:17:33:43 -0500] "GET / HTTP/1.1" 200 4720
190.27.120.201 - - [18/Mar/2023:17:33:45 -0500] "POST /sipsesda/faces/vista/administracion/componente/listadoComponente.jspx HTTP/1.1" 200 32330
190.27.120.201 - - [18/Mar/2023:17:33:49 -0500] "POST /sipsesda/faces/vista/administracion/componente/listadoComponente.jspx HTTP/1.1" 200 8133
201.245.192.253 - - [18/Mar/2023:17:34:30 -0500] "POST /kwsrmcab/Wsrmcab  HTTP/1.1" 200 42239
190.27.120.201 - - [18/Mar/2023:17:34:33 -0500] "POST /sipsesda/faces/vista/administracion/componente/registrarComponente.jspx?_afPfm=1 HTTP/1.1" 200 32338
190.27.120.201 - - [18/Mar/2023:17:34:39 -0500] "POST /sipse/faces/presentacion/proyectos/proyecto/proyecto.xhtml HTTP/1.1" 200 184112
190.27.120.201 - - [18/Mar/2023:17:34:41 -0500] "GET /sipse/faces/javax.faces.resource/jquery/jquery.js?ln=primefaces&v=4.0 HTTP/1.1" 304 -
190.27.120.201 - - [18/Mar/2023:17:34:41 -0500] "GET /sipse/faces/javax.faces.resource/jquery/jquery-plugins.js?ln=primefaces&v=4.0 HTTP/1.1" 304 -
190.27.120.201 - - [18/Mar/2023:17:34:41 -0500] "GET /sipse/faces/javax.faces.resource/primefaces.js?ln=primefaces&v=4.0 HTTP/1.1" 304 -
190.27.120.201 - - [18/Mar/2023:17:34:41 -0500] "GET /sipse/faces/javax.faces.resource/layout/layout.js?ln=primefaces&v=4.0 HTTP/1.1" 304 -
192.168.175.240 - - [18/Mar/2023:17:34:43 -0500] "GET / HTTP/1.1" 200 4720
201.244.154.157 - - [18/Mar/2023:17:34:49 -0500] "GET /%C3%82%C2%BFquieres-aprender-sobre-jardines-verticales-esta-es-tu-oportunidad.html HTTP/1.1" 200 925
190.27.120.201 - - [18/Mar/2023:17:35:40 -0500] "GET /sipsesda/faces/vista/sistema/cargarMenu.jspx?accionMenu=listadoTipoRecurso&menuID=67 HTTP/1.1" 200 28316
190.27.120.201 - - [18/Mar/2023:17:35:40 -0500] "POST /sipsesda/faces/vista/sistema/cargarMenu.jspx HTTP/1.1" 200 31307
192.168.175.240 - - [18/Mar/2023:17:35:43 -0500] "GET / HTTP/1.1" 200 4720
190.27.120.201 - - [18/Mar/2023:17:35:52 -0500] "POST /sipsesda/faces/vista/administracion/tipoRecurso/listadoTipoRecurso.jspx HTTP/1.1" 200 31748
52.167.144.44 - - [18/Mar/2023:17:36:02 -0500] "GET / HTTP/1.1" 200 319
190.27.120.201 - - [18/Mar/2023:17:36:19 -0500] "POST /sipsesda/faces/vista/administracion/tipoRecurso/listadoTipoRecurso.jspx HTTP/1.1" 200 31771
190.27.120.201 - - [18/Mar/2023:17:36:40 -0500] "POST /sipsesda/faces/vista/administracion/tipoRecurso/listadoTipoRecurso.jspx HTTP/1.1" 200 31774
192.168.175.240 - - [18/Mar/2023:17:36:43 -0500] "GET / HTTP/1.1" 200 4720
52.125.136.232 - - [18/Mar/2023:17:36:54 -0500] "GET /images/jardines-verticales_optimized.jpeg HTTP/1.1" 200 138197
190.27.120.201 - - [18/Mar/2023:17:37:12 -0500] "POST /sipsesda/faces/vista/administracion/tipoRecurso/listadoTipoRecurso.jspx HTTP/1.1" 200 31747
190.27.120.201 - - [18/Mar/2023:17:37:38 -0500] "POST /sipse/faces/presentacion/proyectos/proyecto/actividad/crearActividad.xhtml HTTP/1.1" 200 91862
190.27.120.201 - - [18/Mar/2023:17:37:40 -0500] "GET /sipse/faces/javax.faces.resource/jquery/jquery.js?ln=primefaces&v=4.0 HTTP/1.1" 304 -
190.27.120.201 - - [18/Mar/2023:17:37:40 -0500] "GET /sipse/faces/javax.faces.resource/jquery/jquery-plugins.js?ln=primefaces&v=4.0 HTTP/1.1" 304 -
190.27.120.201 - - [18/Mar/2023:17:37:41 -0500] "GET /sipse/faces/javax.faces.resource/primefaces.js?ln=primefaces&v=4.0 HTTP/1.1" 304 -
190.27.120.201 - - [18/Mar/2023:17:37:41 -0500] "GET /sipse/faces/javax.faces.resource/layout/layout.js?ln=primefaces&v=4.0 HTTP/1.1" 304 -
192.168.175.240 - - [18/Mar/2023:17:37:43 -0500] "GET / HTTP/1.1" 200 4720
190.27.120.201 - - [18/Mar/2023:17:37:43 -0500] "POST /sipse/faces/presentacion/proyectos/proyecto/proyecto.xhtml HTTP/1.1" 200 3833
190.27.120.201 - - [18/Mar/2023:17:37:44 -0500] "POST /sipse/faces/presentacion/proyectos/proyecto/proyecto.xhtml HTTP/1.1" 200 3829
172.22.2.4 - - [18/Mar/2023:17:36:49 -0500] "HEAD /BLA/boletinlegal/ HTTP/1.1" 200 -
216.245.221.92 - - [18/Mar/2023:17:38:40 -0500] "HEAD / HTTP/1.1" 200 -
192.168.175.240 - - [18/Mar/2023:17:38:43 -0500] "GET / HTTP/1.1" 200 4720
172.22.2.4 - - [18/Mar/2023:17:37:40 -0500] "GET /BLA/boletinlegal/ HTTP/1.1" 200 57935
186.29.180.126 - - [18/Mar/2023:17:39:25 -0500] "GET /BLA/resoluciones/AUTOS%202022/2010.pdf HTTP/1.1" 200 348058
201.245.192.253 - - [18/Mar/2023:17:39:30 -0500] "POST /kwsrmcab/Wsrmcab  HTTP/1.1" 200 42239
186.29.180.126 - - [18/Mar/2023:17:39:41 -0500] "GET /BLA/resoluciones/AUTOS%202022/2017.pdf HTTP/1.1" 200 370960
192.168.175.240 - - [18/Mar/2023:17:39:43 -0500] "GET / HTTP/1.1" 200 4720
190.27.120.201 - - [18/Mar/2023:17:39:48 -0500] "POST /sipse/faces/presentacion/proyectos/proyecto/proyecto.xhtml HTTP/1.1" 200 15222
190.27.120.201 - - [18/Mar/2023:17:39:50 -0500] "POST /sipse/faces/presentacion/proyectos/proyecto/proyecto.xhtml HTTP/1.1" 200 139641
190.27.120.201 - - [18/Mar/2023:17:39:53 -0500] "GET /sipse/faces/javax.faces.resource/jquery/jquery.js?ln=primefaces&v=4.0 HTTP/1.1" 304 -
190.27.120.201 - - [18/Mar/2023:17:39:53 -0500] "GET /sipse/faces/javax.faces.resource/jquery/jquery-plugins.js?ln=primefaces&v=4.0 HTTP/1.1" 304 -
190.27.120.201 - - [18/Mar/2023:17:39:53 -0500] "GET /sipse/faces/javax.faces.resource/primefaces.js?ln=primefaces&v=4.0 HTTP/1.1" 304 -
190.27.120.201 - - [18/Mar/2023:17:39:53 -0500] "GET /sipse/faces/javax.faces.resource/layout/layout.js?ln=primefaces&v=4.0 HTTP/1.1" 304 -
186.29.180.126 - - [18/Mar/2023:17:39:59 -0500] "GET /BLA/resoluciones/AUTOS%202022/2044.pdf HTTP/1.1" 200 384555
190.27.120.201 - - [18/Mar/2023:17:39:58 -0500] "POST /sipse/faces/presentacion/proyectos/proyecto/meta/meta.xhtml HTTP/1.1" 200 31482
186.29.180.126 - - [18/Mar/2023:17:40:38 -0500] "GET /BLA/resoluciones/AUTOS%202022/2050.pdf HTTP/1.1" 200 379662
192.168.175.240 - - [18/Mar/2023:17:40:43 -0500] "GET / HTTP/1.1" 200 4720
201.245.192.253 - - [18/Mar/2023:17:40:42 -0500] "POST /kwsrmcab/Wsrmcab HTTP/1.1" 200 40710
201.245.192.253 - - [18/Mar/2023:17:40:45 -0500] "POST /kwsrmcab/Wsrmcab HTTP/1.1" 200 43650
190.27.120.201 - - [18/Mar/2023:17:40:52 -0500] "POST /sipse/faces/presentacion/proyectos/proyecto/meta/meta.xhtml HTTP/1.1" 200 183234
190.27.120.201 - - [18/Mar/2023:17:40:54 -0500] "GET /sipse/faces/javax.faces.resource/jquery/jquery.js?ln=primefaces&v=4.0 HTTP/1.1" 304 -
190.27.120.201 - - [18/Mar/2023:17:40:54 -0500] "GET /sipse/faces/javax.faces.resource/jquery/jquery-plugins.js?ln=primefaces&v=4.0 HTTP/1.1" 304 -
190.27.120.201 - - [18/Mar/2023:17:40:54 -0500] "GET /sipse/faces/javax.faces.resource/primefaces.js?ln=primefaces&v=4.0 HTTP/1.1" 304 -
190.27.120.201 - - [18/Mar/2023:17:40:54 -0500] "GET /sipse/faces/javax.faces.resource/layout/layout.js?ln=primefaces&v=4.0 HTTP/1.1" 304 -
64.124.8.37 - - [18/Mar/2023:17:41:09 -0500] "GET /portaldeninos/humedal-juan-amarillo-2/ HTTP/1.1" 200 88155
190.27.120.201 - - [18/Mar/2023:17:41:12 -0500] "POST /sipse/faces/presentacion/proyectos/proyecto/actividad/crearActividad.xhtml HTTP/1.1" 200 2544
190.27.120.201 - - [18/Mar/2023:17:41:15 -0500] "POST /sipse/faces/presentacion/proyectos/proyecto/actividad/crearActividad.xhtml HTTP/1.1" 200 2568
190.27.120.201 - - [18/Mar/2023:17:41:18 -0500] "POST /sipse/faces/presentacion/proyectos/proyecto/actividad/crearActividad.xhtml HTTP/1.1" 200 2572
186.29.180.126 - - [18/Mar/2023:17:41:27 -0500] "GET /BLA/resoluciones/AUTOS%202022/2075.pdf HTTP/1.1" 200 382133
190.27.120.201 - - [18/Mar/2023:17:41:29 -0500] "POST /sipse/faces/presentacion/proyectos/proyecto/actividad/crearActividad.xhtml HTTP/1.1" 200 2576
192.168.175.240 - - [18/Mar/2023:17:41:43 -0500] "GET / HTTP/1.1" 200 4720
186.29.180.126 - - [18/Mar/2023:17:41:53 -0500] "GET /BLA/resoluciones/AUTOS%202022/2141.pdf HTTP/1.1" 200 383304
190.27.120.201 - - [18/Mar/2023:17:41:53 -0500] "POST /sipse/faces/presentacion/proyectos/proyecto/actividad/crearActividad.xhtml HTTP/1.1" 200 2588
190.27.120.201 - - [18/Mar/2023:17:41:53 -0500] "POST /sipse/faces/presentacion/proyectos/proyecto/actividad/crearActividad.xhtml HTTP/1.1" 200 2588
190.27.120.201 - - [18/Mar/2023:17:41:57 -0500] "POST /sipse/faces/presentacion/proyectos/proyecto/actividad/crearActividad.xhtml HTTP/1.1" 200 2588
190.27.120.201 - - [18/Mar/2023:17:41:59 -0500] "POST /sipse/faces/presentacion/proyectos/proyecto/actividad/crearActividad.xhtml HTTP/1.1" 200 2600
190.27.120.201 - - [18/Mar/2023:17:42:29 -0500] "POST /sipse/faces/presentacion/proyectos/proyecto/actividad/crearActividad.xhtml HTTP/1.1" 200 2600
190.27.120.201 - - [18/Mar/2023:17:42:37 -0500] "POST /sipse/faces/presentacion/proyectos/proyecto/actividad/crearActividad.xhtml HTTP/1.1" 200 7295
190.27.120.201 - - [18/Mar/2023:17:42:39 -0500] "POST /sipse/faces/presentacion/proyectos/proyecto/actividad/crearActividad.xhtml HTTP/1.1" 200 7310
190.27.120.201 - - [18/Mar/2023:17:42:41 -0500] "POST /sipse/faces/presentacion/proyectos/proyecto/actividad/crearActividad.xhtml HTTP/1.1" 200 7322
192.168.175.240 - - [18/Mar/2023:17:42:43 -0500] "GET / HTTP/1.1" 200 4720
190.27.120.201 - - [18/Mar/2023:17:42:43 -0500] "POST /sipse/faces/presentacion/proyectos/proyecto/actividad/crearActividad.xhtml HTTP/1.1" 200 48767
190.27.120.201 - - [18/Mar/2023:17:42:44 -0500] "GET /sipse/faces/javax.faces.resource/jquery/jquery.js?ln=primefaces&v=4.0 HTTP/1.1" 304 -
52.167.144.167 - - [18/Mar/2023:17:42:44 -0500] "GET /Publicaciones/2022EE129128.pdf HTTP/1.1" 404 228
190.27.120.201 - - [18/Mar/2023:17:42:44 -0500] "GET /sipse/faces/javax.faces.resource/jquery/jquery-plugins.js?ln=primefaces&v=4.0 HTTP/1.1" 304 -
190.27.120.201 - - [18/Mar/2023:17:42:44 -0500] "GET /sipse/faces/javax.faces.resource/primefaces.js?ln=primefaces&v=4.0 HTTP/1.1" 304 -
190.27.120.201 - - [18/Mar/2023:17:42:44 -0500] "GET /sipse/faces/javax.faces.resource/layout/layout.js?ln=primefaces&v=4.0 HTTP/1.1" 304 -
186.29.180.126 - - [18/Mar/2023:17:42:46 -0500] "GET /BLA/resoluciones/AUTOS%202022/0427.pdf HTTP/1.1" 200 404693
173.252.95.10 - - [18/Mar/2023:17:43:05 -0500] "GET /en-el-dia-mundial-del-arbol-bogota-reverdece-con-nuevos-arboles-plantados.html HTTP/1.1" 206 941
181.237.252.151 - - [18/Mar/2023:17:43:14 -0500] "GET /sipse/faces/index.xhtml HTTP/1.1" 200 677
181.237.252.151 - - [18/Mar/2023:17:43:14 -0500] "GET /sipse/faces/javax.faces.resource/theme.css?ln=primefaces-sipse HTTP/1.1" 200 50058
181.237.252.151 - - [18/Mar/2023:17:43:14 -0500] "GET /sipse/faces/faces/autenticacion.xhtml HTTP/1.1" 200 12168
181.237.252.151 - - [18/Mar/2023:17:43:14 -0500] "GET /sipse/js/disable_browser_buttons.js HTTP/1.1" 200 3230
181.237.252.151 - - [18/Mar/2023:17:43:14 -0500] "GET /sipse/js/funciones.js HTTP/1.1" 200 12592
181.237.252.151 - - [18/Mar/2023:17:43:14 -0500] "GET /sipse/css/custom_css_sg.css HTTP/1.1" 200 9694
181.237.252.151 - - [18/Mar/2023:17:43:14 -0500] "GET /sipse/css/custom_css_sg_prime_login.css HTTP/1.1" 200 443
181.237.252.151 - - [18/Mar/2023:17:43:14 -0500] "GET /sipse/faces/javax.faces.resource/layout/layout.css?ln=primefaces&v=4.0 HTTP/1.1" 200 542
181.237.252.151 - - [18/Mar/2023:17:43:14 -0500] "GET /sipse/faces/javax.faces.resource/theme.css?ln=primefaces-sipse HTTP/1.1" 304 -
181.237.252.151 - - [18/Mar/2023:17:43:14 -0500] "GET /sipse/faces/javax.faces.resource/jquery/jquery.js?ln=primefaces&v=4.0 HTTP/1.1" 200 105384
181.237.252.151 - - [18/Mar/2023:17:43:14 -0500] "GET /sipse/faces/javax.faces.resource/primefaces.css?ln=primefaces&v=4.0 HTTP/1.1" 200 53295
181.237.252.151 - - [18/Mar/2023:17:43:14 -0500] "GET /sipse/faces/javax.faces.resource/layout/layout.js?ln=primefaces&v=4.0 HTTP/1.1" 200 87560
181.237.252.151 - - [18/Mar/2023:17:43:14 -0500] "GET /sipse/faces/javax.faces.resource/jquery/jquery-plugins.js?ln=primefaces&v=4.0 HTTP/1.1" 200 220526
181.237.252.151 - - [18/Mar/2023:17:43:14 -0500] "GET /sipse/faces/javax.faces.resource/primefaces.js?ln=primefaces&v=4.0 HTTP/1.1" 200 276924
181.237.252.151 - - [18/Mar/2023:17:43:15 -0500] "GET /sipse/faces/javax.faces.resource/images/ui-icons_898989_256x240.png?ln=primefaces-aristo HTTP/1.1" 200 5355
181.237.252.151 - - [18/Mar/2023:17:43:15 -0500] "GET /sipse/css/imagen/loginimg.png HTTP/1.1" 200 71635
181.237.252.151 - - [18/Mar/2023:17:43:15 -0500] "GET /sipse/css/imagen/logoSDG.png HTTP/1.1" 200 53064
216.245.221.92 - - [18/Mar/2023:17:43:40 -0500] "HEAD / HTTP/1.1" 200 -
192.168.175.240 - - [18/Mar/2023:17:43:43 -0500] "GET / HTTP/1.1" 200 4720
190.27.90.38 - - [18/Mar/2023:17:44:15 -0500] "GET /images/jardines-verticales_optimized.jpeg HTTP/1.1" 200 138197
172.22.2.4 - - [18/Mar/2023:17:42:39 -0500] "HEAD /BLA/boletinlegal/ HTTP/1.1" 200 -
201.245.192.253 - - [18/Mar/2023:17:44:29 -0500] "POST /kwsrmcab/Wsrmcab  HTTP/1.1" 200 42239
192.168.175.240 - - [18/Mar/2023:17:44:43 -0500] "GET / HTTP/1.1" 200 4720
172.22.2.4 - - [18/Mar/2023:17:43:17 -0500] "GET /BLA/boletinlegal/ HTTP/1.1" 200 49131
191.107.6.41 - - [18/Mar/2023:17:45:04 -0500] "GET /images/jardines-verticales_optimized.jpeg HTTP/1.1" 200 138197
172.22.2.4 - - [18/Mar/2023:17:43:30 -0500] "GET /BLA/boletinlegal/ HTTP/1.1" 200 50654
190.27.120.201 - - [18/Mar/2023:17:45:18 -0500] "POST /sipse/faces/presentacion/proyectos/proyecto/actividad/ponderacionVertical.xhtml HTTP/1.1" 200 26805
