186.80.52.223 - - [18/Mar/2023:13:22:51 -0500] "GET /sipse/faces/javax.faces.resource/jquery/jquery.js?ln=primefaces&v=4.0 HTTP/1.1" 304 -
186.80.52.223 - - [18/Mar/2023:13:22:51 -0500] "GET /sipse/faces/javax.faces.resource/jquery/jquery-plugins.js?ln=primefaces&v=4.0 HTTP/1.1" 304 -
186.80.52.223 - - [18/Mar/2023:13:22:51 -0500] "GET /sipse/faces/javax.faces.resource/layout/layout.js?ln=primefaces&v=4.0 HTTP/1.1" 304 -
186.80.52.223 - - [18/Mar/2023:13:22:51 -0500] "GET /sipse/faces/javax.faces.resource/primefaces.js?ln=primefaces&v=4.0 HTTP/1.1" 304 -
186.80.52.223 - - [18/Mar/2023:13:22:52 -0500] "GET /sipse/faces/javax.faces.resource/images/ui-icons_898989_256x240.png?ln=primefaces-aristo HTTP/1.1" 304 -
186.80.52.223 - - [18/Mar/2023:13:23:03 -0500] "POST /sipse/faces/autenticacion.xhtml HTTP/1.1" 200 2220
186.80.52.223 - - [18/Mar/2023:13:23:03 -0500] "GET /sipse/faces/javax.faces.resource/messages/messages.png?ln=primefaces&v=4.0 HTTP/1.1" 304 -
185.119.81.105 - - [18/Mar/2023:13:23:05 -0500] "GET /portaldeninos/wp-login.php HTTP/1.1" 200 2592
172.22.2.4 - - [18/Mar/2023:13:23:05 -0500] "GET /BLA/boletinlegal/consulta_normativa.php?tipo=&sector=competencia-estructura&ano=&resuelve= HTTP/1.1" 200 116017
172.22.2.4 - - [18/Mar/2023:13:23:05 -0500] "GET /BLA/boletinlegal/images/docs.png HTTP/1.1" 200 10288
172.22.2.4 - - [18/Mar/2023:13:23:05 -0500] "GET /BLA/boletinlegal/images/background.gif HTTP/1.1" 200 -
186.80.52.223 - - [18/Mar/2023:13:23:06 -0500] "POST /sipse/faces/autenticacion.xhtml HTTP/1.1" 200 16282
186.80.52.223 - - [18/Mar/2023:13:23:06 -0500] "GET /sipse/faces/javax.faces.resource/theme.css?ln=primefaces-sipse HTTP/1.1" 304 -
186.80.52.223 - - [18/Mar/2023:13:23:06 -0500] "GET /sipse/faces/javax.faces.resource/layout/layout.css?ln=primefaces&v=4.0 HTTP/1.1" 304 -
186.80.52.223 - - [18/Mar/2023:13:23:06 -0500] "GET /sipse/faces/javax.faces.resource/primefaces.css?ln=primefaces&v=4.0 HTTP/1.1" 304 -
185.119.81.105 - - [18/Mar/2023:13:23:06 -0500] "POST /portaldeninos/wp-login.php HTTP/1.1" 200 3670
186.80.52.223 - - [18/Mar/2023:13:23:06 -0500] "GET /sipse/faces/javax.faces.resource/jquery/jquery.js?ln=primefaces&v=4.0 HTTP/1.1" 304 -
186.80.52.223 - - [18/Mar/2023:13:23:06 -0500] "GET /sipse/faces/javax.faces.resource/jquery/jquery-plugins.js?ln=primefaces&v=4.0 HTTP/1.1" 304 -
186.80.52.223 - - [18/Mar/2023:13:23:07 -0500] "GET /sipse/faces/javax.faces.resource/primefaces.js?ln=primefaces&v=4.0 HTTP/1.1" 304 -
186.80.52.223 - - [18/Mar/2023:13:23:07 -0500] "GET /sipse/faces/javax.faces.resource/layout/layout.js?ln=primefaces&v=4.0 HTTP/1.1" 304 -
186.80.52.223 - - [18/Mar/2023:13:23:07 -0500] "GET /sipse/css/imagen/contrasena.png HTTP/1.1" 404 383
186.80.52.223 - - [18/Mar/2023:13:23:11 -0500] "GET /sipse/faces/javax.faces.resource/images/ui-bg_flat_0_2d5972_40x100.png?ln=primefaces-aristo HTTP/1.1" 304 -
186.80.52.223 - - [18/Mar/2023:13:23:11 -0500] "POST /sipse/faces/bienvenido.xhtml HTTP/1.1" 200 2658
186.80.52.223 - - [18/Mar/2023:13:23:12 -0500] "POST /sipse/faces/bienvenido.xhtml HTTP/1.1" 200 65017
186.80.52.223 - - [18/Mar/2023:13:23:13 -0500] "GET /sipse/faces/javax.faces.resource/theme.css?ln=primefaces-sipse HTTP/1.1" 304 -
186.80.52.223 - - [18/Mar/2023:13:23:13 -0500] "GET /sipse/faces/javax.faces.resource/primefaces.css?ln=primefaces&v=4.0 HTTP/1.1" 304 -
186.80.52.223 - - [18/Mar/2023:13:23:13 -0500] "GET /sipse/faces/javax.faces.resource/layout/layout.css?ln=primefaces&v=4.0 HTTP/1.1" 304 -
186.80.52.223 - - [18/Mar/2023:13:23:14 -0500] "GET /sipse/faces/javax.faces.resource/jquery/jquery.js?ln=primefaces&v=4.0 HTTP/1.1" 304 -
186.80.52.223 - - [18/Mar/2023:13:23:14 -0500] "GET /sipse/faces/javax.faces.resource/jquery/jquery-plugins.js?ln=primefaces&v=4.0 HTTP/1.1" 304 -
186.80.52.223 - - [18/Mar/2023:13:23:14 -0500] "GET /sipse/faces/javax.faces.resource/primefaces.js?ln=primefaces&v=4.0 HTTP/1.1" 304 -
186.80.52.223 - - [18/Mar/2023:13:23:14 -0500] "GET /sipse/faces/javax.faces.resource/layout/layout.js?ln=primefaces&v=4.0 HTTP/1.1" 304 -
186.80.52.223 - - [18/Mar/2023:13:23:14 -0500] "POST /sipse/faces/presentacion/financiero/solicitudProceso/listarSolicitudProceso.xhtml HTTP/1.1" 200 1560
186.80.52.223 - - [18/Mar/2023:13:23:21 -0500] "POST /sipse/faces/presentacion/financiero/solicitudProceso/listarSolicitudProceso.xhtml HTTP/1.1" 200 156928
186.80.52.223 - - [18/Mar/2023:13:23:22 -0500] "GET /sipse/faces/javax.faces.resource/theme.css?ln=primefaces-sipse HTTP/1.1" 304 -
186.80.52.223 - - [18/Mar/2023:13:23:22 -0500] "GET /sipse/faces/javax.faces.resource/primefaces.css?ln=primefaces&v=4.0 HTTP/1.1" 304 -
186.80.52.223 - - [18/Mar/2023:13:23:22 -0500] "GET /sipse/faces/javax.faces.resource/layout/layout.css?ln=primefaces&v=4.0 HTTP/1.1" 304 -
186.80.52.223 - - [18/Mar/2023:13:23:22 -0500] "GET /sipse/faces/javax.faces.resource/jquery/jquery.js?ln=primefaces&v=4.0 HTTP/1.1" 304 -
186.80.52.223 - - [18/Mar/2023:13:23:22 -0500] "GET /sipse/faces/javax.faces.resource/jquery/jquery-plugins.js?ln=primefaces&v=4.0 HTTP/1.1" 304 -
186.80.52.223 - - [18/Mar/2023:13:23:22 -0500] "GET /sipse/faces/javax.faces.resource/primefaces.js?ln=primefaces&v=4.0 HTTP/1.1" 304 -
186.80.52.223 - - [18/Mar/2023:13:23:22 -0500] "GET /sipse/faces/javax.faces.resource/layout/layout.js?ln=primefaces&v=4.0 HTTP/1.1" 304 -
216.245.221.92 - - [18/Mar/2023:13:23:41 -0500] "HEAD / HTTP/1.1" 200 -
192.168.175.240 - - [18/Mar/2023:13:23:43 -0500] "GET / HTTP/1.1" 200 4720
172.22.2.4 - - [18/Mar/2023:13:23:50 -0500] "GET /BLA/boletinlegal/consulta_normativa.php?tipo=&sector=concesion&ano=&resuelve= HTTP/1.1" 200 4161
172.22.2.4 - - [18/Mar/2023:13:24:10 -0500] "GET /BLA/boletinlegal/consulta_normativa.php?tipo=&sector=hidrocarburos&ano=&resuelve= HTTP/1.1" 200 2002
172.22.2.4 - - [18/Mar/2023:13:24:18 -0500] "GET /BLA/boletinlegal/consulta_normativa.php?tipo=&sector=concesion&ano=&resuelve= HTTP/1.1" 200 4161
190.27.89.207 - - [18/Mar/2023:13:24:22 -0500] "GET /%C3%82%C2%A1un-exito-la-convocatoria-de-la-tercera-fase-de-mujeres-que-reverdecen-con-cerca-de-4000-mujeres-se-cierran-inscripciones.html HTTP/1.1" 200 939
186.80.52.223 - - [18/Mar/2023:13:24:33 -0500] "POST /sipse/faces/presentacion/financiero/solicitudProceso/consultarSolicitudProceso.xhtml HTTP/1.1" 200 148410
172.22.2.4 - - [18/Mar/2023:13:24:38 -0500] "GET /BLA/boletinlegal/consulta_normativa.php?tipo=&sector=licencia&ano=&resuelve= HTTP/1.1" 200 5398
192.168.175.240 - - [18/Mar/2023:13:24:43 -0500] "GET / HTTP/1.1" 200 4720
172.22.2.4 - - [18/Mar/2023:13:24:55 -0500] "GET /BLA/boletinlegal/consulta_normativa.php?tipo=&sector=mineria&ano=&resuelve= HTTP/1.1" 200 4093
172.22.2.4 - - [18/Mar/2023:13:25:27 -0500] "GET /BLA/boletinlegal/consulta_normativa.php?tipo=&sector=pma&ano=&resuelve= HTTP/1.1" 200 2408
201.245.192.253 - - [18/Mar/2023:13:25:28 -0500] "POST /kwsrmcab/Wsrmcab  HTTP/1.1" 200 42239
172.22.2.4 - - [18/Mar/2023:13:25:36 -0500] "GET /BLA/boletinlegal/consulta_normativa.php?tipo=&sector=publicidad&ano=&resuelve= HTTP/1.1" 200 28346
192.168.175.240 - - [18/Mar/2023:13:25:43 -0500] "GET / HTTP/1.1" 200 4720
172.22.2.4 - - [18/Mar/2023:13:25:49 -0500] "GET /BLA/boletinlegal/consulta_normativa.php?tipo=&sector=salvoconductos&ano=&resuelve= HTTP/1.1" 200 3857
192.168.175.240 - - [18/Mar/2023:13:26:43 -0500] "GET / HTTP/1.1" 200 4720
172.22.2.4 - - [18/Mar/2023:13:26:00 -0500] "HEAD /BLA/boletinlegal/ HTTP/1.1" 200 -
192.168.175.240 - - [18/Mar/2023:13:27:43 -0500] "GET / HTTP/1.1" 200 4720
172.22.2.4 - - [18/Mar/2023:13:26:51 -0500] "GET /BLA/boletinlegal/ HTTP/1.1" 200 57141
216.245.221.92 - - [18/Mar/2023:13:28:41 -0500] "HEAD / HTTP/1.1" 200 -
192.168.175.240 - - [18/Mar/2023:13:28:43 -0500] "GET / HTTP/1.1" 200 4720
192.168.175.240 - - [18/Mar/2023:13:29:43 -0500] "GET / HTTP/1.1" 200 4720
201.245.192.253 - - [18/Mar/2023:13:30:28 -0500] "POST /kwsrmcab/Wsrmcab  HTTP/1.1" 200 42239
192.168.175.240 - - [18/Mar/2023:13:30:43 -0500] "GET / HTTP/1.1" 200 4720
201.245.192.253 - - [18/Mar/2023:13:30:42 -0500] "POST /kwsrmcab/Wsrmcab HTTP/1.1" 200 42112
201.245.192.253 - - [18/Mar/2023:13:30:45 -0500] "POST /kwsrmcab/Wsrmcab HTTP/1.1" 200 43338
192.168.175.240 - - [18/Mar/2023:13:31:43 -0500] "GET / HTTP/1.1" 200 4720
52.125.136.232 - - [18/Mar/2023:13:31:56 -0500] "GET /images/jardines-verticales_optimized.jpeg HTTP/1.1" 200 138197
66.249.70.180 - - [18/Mar/2023:13:32:04 -0500] "-" 408 -
192.168.175.240 - - [18/Mar/2023:13:32:43 -0500] "GET / HTTP/1.1" 200 4720
52.167.144.167 - - [18/Mar/2023:13:33:25 -0500] "GET /BLA/resoluciones/index.php?dir=RESOLUCIONES+2017%2F HTTP/1.1" 200 285807
172.22.2.4 - - [18/Mar/2023:13:31:50 -0500] "HEAD /BLA/boletinlegal/ HTTP/1.1" 200 -
181.59.2.55 - - [18/Mar/2023:13:33:35 -0500] "GET /mujeres-que-reverdecen-secretaria-de-ambiente-anuncia-el-inicio-de-la-tercera-fase.html HTTP/1.1" 200 954
172.22.2.4 - - [18/Mar/2023:13:33:36 -0500] "GET /BLA/boletinlegal/actos.php HTTP/1.1" 200 9672
172.22.2.4 - - [18/Mar/2023:13:33:38 -0500] "GET /BLA/boletinlegal/favicon.ico HTTP/1.1" 404 1326
216.245.221.92 - - [18/Mar/2023:13:33:41 -0500] "HEAD / HTTP/1.1" 200 -
192.168.175.240 - - [18/Mar/2023:13:33:43 -0500] "GET / HTTP/1.1" 200 4720
66.249.79.111 - - [18/Mar/2023:13:33:51 -0500] "-" 408 -
186.28.38.243 - - [18/Mar/2023:13:34:14 -0500] "GET /images/jardines-verticales_optimized.jpeg HTTP/1.1" 304 -
172.22.2.4 - - [18/Mar/2023:13:32:41 -0500] "GET /BLA/boletinlegal/ HTTP/1.1" 200 57551
186.155.136.80 - - [18/Mar/2023:13:34:30 -0500] "GET /BLA/resoluciones/ HTTP/1.1" 200 13502
186.155.136.80 - - [18/Mar/2023:13:34:30 -0500] "GET /favicon.ico HTTP/1.1" 200 7782
186.155.136.80 - - [18/Mar/2023:13:34:34 -0500] "GET /BLA/resoluciones/index.php?dir=AUTOS+2016%2F HTTP/1.1" 200 328199
192.168.175.240 - - [18/Mar/2023:13:34:43 -0500] "GET / HTTP/1.1" 200 4720
186.155.136.80 - - [18/Mar/2023:13:34:57 -0500] "GET /BLA/resoluciones/AUTOS%202016/2942.pdf HTTP/1.1" 200 578775
201.245.192.253 - - [18/Mar/2023:13:35:27 -0500] "POST /kwsrmcab/Wsrmcab  HTTP/1.1" 200 42239
192.168.175.240 - - [18/Mar/2023:13:35:43 -0500] "GET / HTTP/1.1" 200 4720
52.167.144.160 - - [18/Mar/2023:13:35:46 -0500] "GET /BLA/resoluciones/AUTOS%202021/2574.pdf HTTP/1.1" 304 -
192.168.175.240 - - [18/Mar/2023:13:36:43 -0500] "GET / HTTP/1.1" 200 4720
186.102.97.215 - - [18/Mar/2023:13:37:13 -0500] "GET /images/jardines-verticales_optimized.jpeg HTTP/1.1" 200 138197
186.84.90.230 - - [18/Mar/2023:13:37:34 -0500] "GET /images/jardines-verticales_optimized.jpeg HTTP/1.1" 200 138197
192.168.175.240 - - [18/Mar/2023:13:37:43 -0500] "GET / HTTP/1.1" 200 4720
186.114.41.16 - - [18/Mar/2023:13:38:07 -0500] "GET /galeria/galeria/jquery.fancybox.css?v=2.1.5 HTTP/1.1" 200 4895
186.114.41.16 - - [18/Mar/2023:13:38:07 -0500] "GET /BLA/boletinlegal/js/jquery.scrollShow.js HTTP/1.1" 200 4586
186.114.41.16 - - [18/Mar/2023:13:38:07 -0500] "GET /galeria/galeria/jquery.fancybox.js?v=2.1.5 HTTP/1.1" 200 48706
216.245.221.92 - - [18/Mar/2023:13:38:41 -0500] "HEAD / HTTP/1.1" 200 -
192.168.175.240 - - [18/Mar/2023:13:38:43 -0500] "GET / HTTP/1.1" 200 4720
172.22.2.4 - - [18/Mar/2023:13:37:40 -0500] "HEAD /BLA/boletinlegal/ HTTP/1.1" 200 -
192.168.175.240 - - [18/Mar/2023:13:39:43 -0500] "GET / HTTP/1.1" 200 4720
172.22.2.4 - - [18/Mar/2023:13:38:30 -0500] "GET /BLA/boletinlegal/ HTTP/1.1" 200 52316
201.245.192.253 - - [18/Mar/2023:13:40:26 -0500] "POST /kwsrmcab/Wsrmcab  HTTP/1.1" 200 42239
192.168.175.240 - - [18/Mar/2023:13:40:43 -0500] "GET / HTTP/1.1" 200 4720
201.245.192.253 - - [18/Mar/2023:13:40:43 -0500] "POST /kwsrmcab/Wsrmcab HTTP/1.1" 200 42112
201.245.192.253 - - [18/Mar/2023:13:40:46 -0500] "POST /kwsrmcab/Wsrmcab HTTP/1.1" 200 43338
185.224.128.250 - - [18/Mar/2023:13:41:20 -0500] "GET / HTTP/1.1" 200 319
192.168.175.240 - - [18/Mar/2023:13:41:43 -0500] "GET / HTTP/1.1" 200 4720
173.252.111.16 - - [18/Mar/2023:13:42:16 -0500] "GET /images/empresas-alertas_optimized.jpeg HTTP/1.1" 200 142365
173.252.111.3 - - [18/Mar/2023:13:42:16 -0500] "GET /images/calidad-del-aire-suroccidental_optimized.jpeg HTTP/1.1" 200 175446
173.252.111.4 - - [18/Mar/2023:13:42:16 -0500] "GET /images/idpyba-4-marzo-1_optimized.jpeg HTTP/1.1" 200 115318
66.220.149.20 - - [18/Mar/2023:13:42:23 -0500] "GET /images/Puntos%20calientes%2024%20de%20febrero.jpeg HTTP/1.1" 200 42626
66.220.149.117 - - [18/Mar/2023:13:42:23 -0500] "GET /images/calidad-aire-2-marzo-1_optimized.jpeg HTTP/1.1" 200 51562
66.220.149.119 - - [18/Mar/2023:13:42:23 -0500] "GET /images/20%20de%20febrero%20panor\xc3\xa1mica%20de%20Bogot\xc3\xa1%20(1)%20(1).jpeg HTTP/1.1" 404 1034
66.220.149.7 - - [18/Mar/2023:13:42:24 -0500] "GET /images/camino-a-los-cerros-1_optimized.jpeg HTTP/1.1" 200 222279
66.220.149.22 - - [18/Mar/2023:13:42:24 -0500] "GET /images/17%20de%20febrero%20mujeres%20que%20reverdecen.jpeg HTTP/1.1" 200 85735
66.220.149.23 - - [18/Mar/2023:13:42:25 -0500] "GET /images/28%20de%20febrero%20operativo.jpeg HTTP/1.1" 200 62220
66.220.149.7 - - [18/Mar/2023:13:42:29 -0500] "GET /images/Sello%201%20JA-2.jpeg HTTP/1.1" 200 42236
66.220.149.23 - - [18/Mar/2023:13:42:29 -0500] "GET /images/Rmasar%2018%20de%20febrero%20Grupo.jpg HTTP/1.1" 200 68398
192.168.175.240 - - [18/Mar/2023:13:42:43 -0500] "GET / HTTP/1.1" 200 4720
216.245.221.92 - - [18/Mar/2023:13:43:41 -0500] "HEAD / HTTP/1.1" 200 -
192.168.175.240 - - [18/Mar/2023:13:43:43 -0500] "GET / HTTP/1.1" 200 4720
192.168.175.240 - - [18/Mar/2023:13:44:43 -0500] "GET / HTTP/1.1" 200 4720
179.1.89.19 - - [18/Mar/2023:13:45:06 -0500] "GET /%C3%82%C2%BFquieres-aprender-sobre-jardines-verticales-esta-es-tu-oportunidad.html HTTP/1.1" 200 925
172.22.2.4 - - [18/Mar/2023:13:43:30 -0500] "HEAD /BLA/boletinlegal/ HTTP/1.1" 200 -
201.245.192.253 - - [18/Mar/2023:13:45:25 -0500] "POST /kwsrmcab/Wsrmcab  HTTP/1.1" 200 42239
66.249.70.180 - - [18/Mar/2023:13:45:37 -0500] "-" 408 -
192.168.175.240 - - [18/Mar/2023:13:45:43 -0500] "GET / HTTP/1.1" 200 4720
172.22.2.4 - - [18/Mar/2023:13:44:20 -0500] "GET /BLA/boletinlegal/ HTTP/1.1" 200 57551
186.80.52.223 - - [18/Mar/2023:13:46:01 -0500] "GET /sipse/faces/javax.faces.resource/theme.css?ln=primefaces-sipse HTTP/1.1" 304 -
186.80.52.223 - - [18/Mar/2023:13:46:02 -0500] "GET /sipse/faces/faces/autenticacion.xhtml HTTP/1.1" 200 12177
186.80.52.223 - - [18/Mar/2023:13:46:02 -0500] "GET /sipse/faces/javax.faces.resource/theme.css?ln=primefaces-sipse HTTP/1.1" 304 -
186.80.52.223 - - [18/Mar/2023:13:46:02 -0500] "GET /sipse/faces/javax.faces.resource/jquery/jquery.js?ln=primefaces&v=4.0 HTTP/1.1" 304 -
186.80.52.223 - - [18/Mar/2023:13:46:02 -0500] "GET /sipse/faces/javax.faces.resource/primefaces.css?ln=primefaces&v=4.0 HTTP/1.1" 304 -
186.80.52.223 - - [18/Mar/2023:13:46:02 -0500] "GET /sipse/faces/javax.faces.resource/layout/layout.css?ln=primefaces&v=4.0 HTTP/1.1" 304 -
186.80.52.223 - - [18/Mar/2023:13:46:02 -0500] "GET /sipse/faces/javax.faces.resource/jquery/jquery-plugins.js?ln=primefaces&v=4.0 HTTP/1.1" 304 -
186.80.52.223 - - [18/Mar/2023:13:46:02 -0500] "GET /sipse/faces/javax.faces.resource/primefaces.js?ln=primefaces&v=4.0 HTTP/1.1" 304 -
186.80.52.223 - - [18/Mar/2023:13:46:02 -0500] "GET /sipse/faces/javax.faces.resource/layout/layout.js?ln=primefaces&v=4.0 HTTP/1.1" 304 -
192.168.175.240 - - [18/Mar/2023:13:46:43 -0500] "GET / HTTP/1.1" 200 4720
192.168.175.240 - - [18/Mar/2023:13:47:43 -0500] "GET / HTTP/1.1" 200 4720
216.245.221.92 - - [18/Mar/2023:13:48:41 -0500] "HEAD / HTTP/1.1" 200 -
192.168.175.240 - - [18/Mar/2023:13:48:43 -0500] "GET / HTTP/1.1" 200 4720
185.119.81.103 - - [18/Mar/2023:13:49:10 -0500] "GET /portaldeninos/wp-login.php HTTP/1.1" 200 2592
185.119.81.103 - - [18/Mar/2023:13:49:11 -0500] "POST /portaldeninos/wp-login.php HTTP/1.1" 200 3605
192.168.175.240 - - [18/Mar/2023:13:49:43 -0500] "GET / HTTP/1.1" 200 4720
201.245.192.253 - - [18/Mar/2023:13:50:24 -0500] "POST /kwsrmcab/Wsrmcab  HTTP/1.1" 200 42239
192.168.175.240 - - [18/Mar/2023:13:50:43 -0500] "GET / HTTP/1.1" 200 4720
172.22.2.4 - - [18/Mar/2023:13:49:20 -0500] "HEAD /BLA/boletinlegal/ HTTP/1.1" 200 -
192.168.175.240 - - [18/Mar/2023:13:51:43 -0500] "GET / HTTP/1.1" 200 4720
172.22.2.4 - - [18/Mar/2023:13:50:10 -0500] "GET /BLA/boletinlegal/ HTTP/1.1" 200 53551
192.168.175.240 - - [18/Mar/2023:13:52:43 -0500] "GET / HTTP/1.1" 200 4720
185.119.81.103 - - [18/Mar/2023:13:53:19 -0500] "GET /portaldeninos/wp-login.php HTTP/1.1" 200 2592
185.119.81.103 - - [18/Mar/2023:13:53:20 -0500] "POST /portaldeninos/wp-login.php HTTP/1.1" 200 3670
181.53.12.25 - - [18/Mar/2023:13:53:37 -0500] "GET /inscribete-y-participa-en-las-caminatas-ecologicas-de-marzo.html HTTP/1.1" 200 924
216.245.221.92 - - [18/Mar/2023:13:53:41 -0500] "HEAD / HTTP/1.1" 200 -
192.168.175.240 - - [18/Mar/2023:13:53:43 -0500] "GET / HTTP/1.1" 200 4720
192.168.175.240 - - [18/Mar/2023:13:54:43 -0500] "GET / HTTP/1.1" 200 4720
201.245.192.253 - - [18/Mar/2023:13:55:23 -0500] "POST /kwsrmcab/Wsrmcab  HTTP/1.1" 200 42239
192.168.175.240 - - [18/Mar/2023:13:55:43 -0500] "GET / HTTP/1.1" 200 4720
179.19.175.92 - - [18/Mar/2023:13:56:38 -0500] "GET /images/jardines-verticales_optimized.jpeg HTTP/1.1" 200 138197
192.168.175.240 - - [18/Mar/2023:13:56:43 -0500] "GET / HTTP/1.1" 200 4720
179.19.175.92 - - [18/Mar/2023:13:56:44 -0500] "GET /%C3%82%C2%BFquieres-aprender-sobre-jardines-verticales-esta-es-tu-oportunidad.html HTTP/1.1" 200 925
172.22.2.4 - - [18/Mar/2023:13:55:10 -0500] "HEAD /BLA/boletinlegal/ HTTP/1.1" 200 -
186.154.39.98 - - [18/Mar/2023:13:56:56 -0500] "GET /%C3%82%C2%BFquieres-aprender-sobre-jardines-verticales-esta-es-tu-oportunidad.html HTTP/1.1" 200 925
172.22.2.4 - - [18/Mar/2023:13:56:00 -0500] "GET /BLA/boletinlegal/ HTTP/1.1" 200 56744
192.168.175.240 - - [18/Mar/2023:13:57:43 -0500] "GET / HTTP/1.1" 200 4720
216.245.221.92 - - [18/Mar/2023:13:58:41 -0500] "HEAD / HTTP/1.1" 200 -
192.168.175.240 - - [18/Mar/2023:13:58:43 -0500] "GET / HTTP/1.1" 200 4720
192.168.175.240 - - [18/Mar/2023:13:59:43 -0500] "GET / HTTP/1.1" 200 4720
52.167.144.149 - - [18/Mar/2023:14:00:12 -0500] "GET /BLA/resoluciones/RESOLUCIONES%202021/4703.pdf HTTP/1.1" 200 353137
201.245.192.253 - - [18/Mar/2023:14:00:23 -0500] "POST /kwsrmcab/Wsrmcab  HTTP/1.1" 200 42239
192.168.175.240 - - [18/Mar/2023:14:00:43 -0500] "GET / HTTP/1.1" 200 4720
186.168.248.49 - - [18/Mar/2023:14:01:26 -0500] "GET /images/jardines-verticales_optimized.jpeg HTTP/1.1" 200 138197
186.168.248.49 - - [18/Mar/2023:14:01:26 -0500] "GET /images/jardines-verticales_optimized.jpeg HTTP/1.1" 200 138197
192.168.175.240 - - [18/Mar/2023:14:01:43 -0500] "GET / HTTP/1.1" 200 4720
172.22.2.4 - - [18/Mar/2023:14:01:00 -0500] "HEAD /BLA/boletinlegal/ HTTP/1.1" 200 -
192.168.175.240 - - [18/Mar/2023:14:02:43 -0500] "GET / HTTP/1.1" 200 4720
186.155.72.160 - - [18/Mar/2023:14:03:14 -0500] "POST /sipse/faces/presentacion/financiero/solicitudProceso/consultarSolicitudProceso.xhtml HTTP/1.1" 302 -
186.155.72.160 - - [18/Mar/2023:14:03:14 -0500] "GET /sipse/faces/autenticacion.xhtml HTTP/1.1" 200 1091
186.155.72.160 - - [18/Mar/2023:14:03:14 -0500] "POST /sipse/faces/presentacion/financiero/solicitudProceso/consultarSolicitudProceso.xhtml HTTP/1.1" 302 -
186.155.72.160 - - [18/Mar/2023:14:03:14 -0500] "GET /sipse/faces/autenticacion.xhtml HTTP/1.1" 200 1091
186.155.72.160 - - [18/Mar/2023:14:03:19 -0500] "GET /sipse/faces/index.xhtml HTTP/1.1" 200 677
186.155.72.160 - - [18/Mar/2023:14:03:20 -0500] "GET /sipse/faces/javax.faces.resource/theme.css?ln=primefaces-sipse HTTP/1.1" 200 50058
186.155.72.160 - - [18/Mar/2023:14:03:20 -0500] "GET /sipse/faces/faces/autenticacion.xhtml HTTP/1.1" 200 12168
186.155.72.160 - - [18/Mar/2023:14:03:21 -0500] "GET /sipse/css/custom_css_sg.css HTTP/1.1" 200 9694
186.155.72.160 - - [18/Mar/2023:14:03:21 -0500] "GET /sipse/css/custom_css_sg_prime_login.css HTTP/1.1" 200 443
186.155.72.160 - - [18/Mar/2023:14:03:21 -0500] "GET /sipse/faces/javax.faces.resource/theme.css?ln=primefaces-sipse HTTP/1.1" 304 -
186.155.72.160 - - [18/Mar/2023:14:03:21 -0500] "GET /sipse/faces/javax.faces.resource/primefaces.css?ln=primefaces&v=4.0 HTTP/1.1" 304 -
186.155.72.160 - - [18/Mar/2023:14:03:21 -0500] "GET /sipse/faces/javax.faces.resource/jquery/jquery.js?ln=primefaces&v=4.0 HTTP/1.1" 304 -
186.155.72.160 - - [18/Mar/2023:14:03:21 -0500] "GET /sipse/faces/javax.faces.resource/layout/layout.css?ln=primefaces&v=4.0 HTTP/1.1" 200 542
186.155.72.160 - - [18/Mar/2023:14:03:21 -0500] "GET /sipse/faces/javax.faces.resource/jquery/jquery-plugins.js?ln=primefaces&v=4.0 HTTP/1.1" 304 -
186.155.72.160 - - [18/Mar/2023:14:03:21 -0500] "GET /sipse/faces/javax.faces.resource/primefaces.js?ln=primefaces&v=4.0 HTTP/1.1" 304 -
186.155.72.160 - - [18/Mar/2023:14:03:21 -0500] "GET /sipse/faces/javax.faces.resource/layout/layout.js?ln=primefaces&v=4.0 HTTP/1.1" 304 -
186.155.72.160 - - [18/Mar/2023:14:03:22 -0500] "GET /sipse/faces/javax.faces.resource/images/ui-icons_898989_256x240.png?ln=primefaces-aristo HTTP/1.1" 200 5355
186.155.72.160 - - [18/Mar/2023:14:03:22 -0500] "GET /sipse/css/imagen/logoSDG.png HTTP/1.1" 200 53064
186.155.72.160 - - [18/Mar/2023:14:03:22 -0500] "GET /sipse/css/imagen/loginimg.png HTTP/1.1" 200 71635
186.155.72.160 - - [18/Mar/2023:14:03:26 -0500] "POST /sipse/faces/autenticacion.xhtml HTTP/1.1" 200 16122
186.155.72.160 - - [18/Mar/2023:14:03:26 -0500] "GET /sipse/css/custom_css_sg_prime.css HTTP/1.1" 200 5201
186.155.72.160 - - [18/Mar/2023:14:03:26 -0500] "GET /sipse/faces/javax.faces.resource/jquery/jquery.js?ln=primefaces&v=4.0 HTTP/1.1" 304 -
186.155.72.160 - - [18/Mar/2023:14:03:26 -0500] "GET /sipse/faces/javax.faces.resource/jquery/jquery-plugins.js?ln=primefaces&v=4.0 HTTP/1.1" 304 -
186.155.72.160 - - [18/Mar/2023:14:03:26 -0500] "GET /sipse/faces/javax.faces.resource/primefaces.js?ln=primefaces&v=4.0 HTTP/1.1" 304 -
186.155.72.160 - - [18/Mar/2023:14:03:26 -0500] "GET /sipse/faces/javax.faces.resource/layout/layout.js?ln=primefaces&v=4.0 HTTP/1.1" 304 -
186.155.72.160 - - [18/Mar/2023:14:03:27 -0500] "GET /sipse/css/imagen/contrasena.png HTTP/1.1" 404 383
186.155.72.160 - - [18/Mar/2023:14:03:27 -0500] "GET /sipse/imagenes/cargando.gif HTTP/1.1" 200 36959
186.155.72.160 - - [18/Mar/2023:14:03:27 -0500] "GET /sipse/faces/javax.faces.resource/messages/messages.png?ln=primefaces&v=4.0 HTTP/1.1" 200 27209
186.155.72.160 - - [18/Mar/2023:14:03:27 -0500] "GET /sipse/imagenes/logoAplicacion.jpg HTTP/1.1" 200 155084
186.155.72.160 - - [18/Mar/2023:14:03:28 -0500] "GET /sipse/faces/javax.faces.resource/images/ui-bg_flat_0_2d5972_40x100.png?ln=primefaces-aristo HTTP/1.1" 200 183
186.155.72.160 - - [18/Mar/2023:14:03:28 -0500] "POST /sipse/faces/bienvenido.xhtml HTTP/1.1" 200 9145
186.155.72.160 - - [18/Mar/2023:14:03:30 -0500] "POST /sipse/faces/bienvenido.xhtml HTTP/1.1" 200 1471
172.22.2.4 - - [18/Mar/2023:14:01:50 -0500] "GET /BLA/boletinlegal/ HTTP/1.1" 200 57141
186.155.72.160 - - [18/Mar/2023:14:03:31 -0500] "POST /sipse/faces/bienvenido.xhtml HTTP/1.1" 200 61413
186.155.72.160 - - [18/Mar/2023:14:03:31 -0500] "GET /sipse/faces/javax.faces.resource/jquery/jquery.js?ln=primefaces&v=4.0 HTTP/1.1" 304 -
186.155.72.160 - - [18/Mar/2023:14:03:31 -0500] "GET /sipse/faces/javax.faces.resource/jquery/jquery-plugins.js?ln=primefaces&v=4.0 HTTP/1.1" 304 -
186.155.72.160 - - [18/Mar/2023:14:03:31 -0500] "GET /sipse/faces/javax.faces.resource/primefaces.js?ln=primefaces&v=4.0 HTTP/1.1" 304 -
186.155.72.160 - - [18/Mar/2023:14:03:31 -0500] "GET /sipse/faces/javax.faces.resource/layout/layout.js?ln=primefaces&v=4.0 HTTP/1.1" 304 -
186.155.72.160 - - [18/Mar/2023:14:03:32 -0500] "POST /sipse/faces/presentacion/financiero/solicitudProceso/listarSolicitudProceso.xhtml HTTP/1.1" 200 1560
186.155.72.160 - - [18/Mar/2023:14:03:34 -0500] "POST /sipse/faces/presentacion/financiero/solicitudProceso/listarSolicitudProceso.xhtml HTTP/1.1" 200 31443
216.245.221.92 - - [18/Mar/2023:14:03:41 -0500] "HEAD / HTTP/1.1" 200 -
192.168.175.240 - - [18/Mar/2023:14:03:43 -0500] "GET / HTTP/1.1" 200 4720
186.155.72.160 - - [18/Mar/2023:14:03:47 -0500] "POST /sipse/faces/presentacion/financiero/solicitudProceso/listarSolicitudProceso.xhtml HTTP/1.1" 200 4902
186.155.72.160 - - [18/Mar/2023:14:03:49 -0500] "POST /sipse/faces/presentacion/financiero/solicitudProceso/listarSolicitudProceso.xhtml HTTP/1.1" 200 19920
186.84.90.242 - - [18/Mar/2023:14:03:57 -0500] "GET /%C3%82%C2%BFquieres-aprender-sobre-jardines-verticales-esta-es-tu-oportunidad.html HTTP/1.1" 200 925
191.95.174.236 - - [18/Mar/2023:14:04:29 -0500] "GET /images/jardines-verticales_optimized.jpeg HTTP/1.1" 200 138197
181.140.241.109 - - [18/Mar/2023:14:04:29 -0500] "GET /images/jardines-verticales_optimized.jpeg HTTP/1.1" 200 138197
192.168.175.240 - - [18/Mar/2023:14:04:43 -0500] "GET / HTTP/1.1" 200 4720
104.47.72.190 - - [18/Mar/2023:14:04:52 -0500] "HEAD /%C3%82%C2%BFquieres-aprender-sobre-jardines-verticales-esta-es-tu-oportunidad.html HTTP/1.1" 200 -
181.140.241.109 - - [18/Mar/2023:14:04:52 -0500] "GET /%C3%82%C2%BFquieres-aprender-sobre-jardines-verticales-esta-es-tu-oportunidad.html HTTP/1.1" 200 925
40.77.167.211 - - [18/Mar/2023:14:05:06 -0500] "GET /BLA/resoluciones/AUTOS%202013/0378.pdf HTTP/1.1" 200 137206
201.245.192.253 - - [18/Mar/2023:14:05:21 -0500] "POST /kwsrmcab/Wsrmcab  HTTP/1.1" 200 42239
40.94.227.84 - - [18/Mar/2023:14:05:26 -0500] "GET /%C3%82%C2%BFquieres-aprender-sobre-jardines-verticales-esta-es-tu-oportunidad.html HTTP/1.1" 200 925
192.168.175.240 - - [18/Mar/2023:14:05:43 -0500] "GET / HTTP/1.1" 200 4720
192.168.175.240 - - [18/Mar/2023:14:06:43 -0500] "GET / HTTP/1.1" 200 4720
192.168.175.240 - - [18/Mar/2023:14:07:43 -0500] "GET / HTTP/1.1" 200 4720
172.22.2.4 - - [18/Mar/2023:14:06:50 -0500] "HEAD /BLA/boletinlegal/ HTTP/1.1" 200 -
216.245.221.92 - - [18/Mar/2023:14:08:41 -0500] "HEAD / HTTP/1.1" 200 -
192.168.175.240 - - [18/Mar/2023:14:08:43 -0500] "GET / HTTP/1.1" 200 4720
172.22.2.4 - - [18/Mar/2023:14:07:40 -0500] "GET /BLA/boletinlegal/ HTTP/1.1" 200 55561
192.168.175.240 - - [18/Mar/2023:14:09:43 -0500] "GET / HTTP/1.1" 200 4720
52.167.144.71 - - [18/Mar/2023:14:10:09 -0500] "GET /sipse/faces/autenticacion.xhtml HTTP/1.1" 200 12490
201.245.192.253 - - [18/Mar/2023:14:10:16 -0500] "POST /kwsrmcab/Wsrmcab  HTTP/1.1" 200 42239
192.168.175.240 - - [18/Mar/2023:14:10:43 -0500] "GET / HTTP/1.1" 200 4720
192.168.175.240 - - [18/Mar/2023:14:11:43 -0500] "GET / HTTP/1.1" 200 4720
66.249.79.113 - - [18/Mar/2023:14:12:24 -0500] "-" 408 -
192.168.175.240 - - [18/Mar/2023:14:12:43 -0500] "GET / HTTP/1.1" 200 4720
191.95.60.19 - - [18/Mar/2023:14:13:23 -0500] "GET /sia/ HTTP/1.1" 200 2661
191.95.60.19 - - [18/Mar/2023:14:13:24 -0500] "GET /css/date_blue.css HTTP/1.1" 404 1254
191.95.60.19 - - [18/Mar/2023:14:13:24 -0500] "GET /css/fondos.css HTTP/1.1" 404 1254
191.95.60.19 - - [18/Mar/2023:14:13:24 -0500] "GET /css/bordes.css HTTP/1.1" 404 1254
191.95.60.19 - - [18/Mar/2023:14:13:24 -0500] "GET /css/textos.css HTTP/1.1" 404 1254
191.95.60.19 - - [18/Mar/2023:14:13:24 -0500] "GET /favicon.ico HTTP/1.1" 200 7782
181.56.235.113 - - [18/Mar/2023:14:13:27 -0500] "GET /BLA/resoluciones/AUTOS%202013/1281.pdf HTTP/1.1" 200 387403
190.60.33.171 - - [18/Mar/2023:14:13:39 -0500] "GET /mujeres-que-reverdecen-secretaria-de-ambiente-anuncia-el-inicio-de-la-tercera-fase.html HTTP/1.1" 200 954
66.249.83.105 - - [18/Mar/2023:14:13:39 -0500] "GET /mujeres-que-reverdecen-secretaria-de-ambiente-anuncia-el-inicio-de-la-tercera-fase.html HTTP/1.1" 200 954
66.249.83.65 - - [18/Mar/2023:14:13:39 -0500] "GET /mujeres-que-reverdecen-secretaria-de-ambiente-anuncia-el-inicio-de-la-tercera-fase.html HTTP/1.1" 200 954
66.249.83.10 - - [18/Mar/2023:14:13:39 -0500] "GET /mujeres-que-reverdecen-secretaria-de-ambiente-anuncia-el-inicio-de-la-tercera-fase.html HTTP/1.1" 200 954
216.245.221.92 - - [18/Mar/2023:14:13:41 -0500] "HEAD / HTTP/1.1" 200 -
192.168.175.240 - - [18/Mar/2023:14:13:43 -0500] "GET / HTTP/1.1" 200 4720
191.95.60.19 - - [18/Mar/2023:14:14:07 -0500] "GET /css/date_blue.css HTTP/1.1" 404 1254
191.95.60.19 - - [18/Mar/2023:14:14:07 -0500] "GET /css/fondos.css HTTP/1.1" 404 1254
191.95.60.19 - - [18/Mar/2023:14:14:07 -0500] "GET /css/bordes.css HTTP/1.1" 404 1254
191.95.60.19 - - [18/Mar/2023:14:14:07 -0500] "GET /css/textos.css HTTP/1.1" 404 1254
191.95.60.19 - - [18/Mar/2023:14:14:09 -0500] "GET /sia/ HTTP/1.1" 304 -
191.95.60.19 - - [18/Mar/2023:14:14:09 -0500] "GET /css/textos.css HTTP/1.1" 404 1254
191.95.60.19 - - [18/Mar/2023:14:14:09 -0500] "GET /css/date_blue.css HTTP/1.1" 404 1254
191.95.60.19 - - [18/Mar/2023:14:14:09 -0500] "GET /css/fondos.css HTTP/1.1" 404 1254
191.95.60.19 - - [18/Mar/2023:14:14:09 -0500] "GET /css/bordes.css HTTP/1.1" 404 1254
172.22.2.4 - - [18/Mar/2023:14:12:40 -0500] "HEAD /BLA/boletinlegal/ HTTP/1.1" 200 -
172.22.2.4 - - [18/Mar/2023:14:13:41 -0500] "GET /BLA/boletinlegal/ HTTP/1.1" 200 24523
172.226.13.231 - - [18/Mar/2023:14:14:39 -0500] "GET /images/jardines-verticales_optimized.jpeg HTTP/1.1" 200 138197
192.168.175.240 - - [18/Mar/2023:14:14:43 -0500] "GET / HTTP/1.1" 200 4720
185.119.81.103 - - [18/Mar/2023:14:14:45 -0500] "GET /portaldeninos/wp-login.php HTTP/1.1" 200 2592
185.119.81.103 - - [18/Mar/2023:14:14:46 -0500] "POST /portaldeninos/wp-login.php HTTP/1.1" 200 3670
172.22.2.4 - - [18/Mar/2023:14:13:30 -0500] "GET /BLA/boletinlegal/ HTTP/1.1" 200 53551
201.245.192.253 - - [18/Mar/2023:14:15:17 -0500] "POST /kwsrmcab/Wsrmcab  HTTP/1.1" 200 42239
192.168.175.240 - - [18/Mar/2023:14:15:43 -0500] "GET / HTTP/1.1" 200 4720
192.168.175.240 - - [18/Mar/2023:14:16:43 -0500] "GET / HTTP/1.1" 200 4720
192.168.175.240 - - [18/Mar/2023:14:17:43 -0500] "GET / HTTP/1.1" 200 4720
216.245.221.92 - - [18/Mar/2023:14:18:41 -0500] "HEAD / HTTP/1.1" 200 -
192.168.175.240 - - [18/Mar/2023:14:18:43 -0500] "GET / HTTP/1.1" 200 4720
52.167.144.142 - - [18/Mar/2023:14:19:26 -0500] "GET /forest/ HTTP/1.1" 200 12041
192.168.175.240 - - [18/Mar/2023:14:19:43 -0500] "GET / HTTP/1.1" 200 4720
172.22.2.4 - - [18/Mar/2023:14:18:30 -0500] "HEAD /BLA/boletinlegal/ HTTP/1.1" 200 -
201.245.192.253 - - [18/Mar/2023:14:20:14 -0500] "POST /kwsrmcab/Wsrmcab  HTTP/1.1" 200 42239
192.168.175.240 - - [18/Mar/2023:14:20:43 -0500] "GET / HTTP/1.1" 200 4720
201.245.192.253 - - [18/Mar/2023:14:20:42 -0500] "POST /kwsrmcab/Wsrmcab HTTP/1.1" 200 41940
201.245.192.253 - - [18/Mar/2023:14:20:45 -0500] "POST /kwsrmcab/Wsrmcab HTTP/1.1" 200 43647
186.80.52.223 - - [18/Mar/2023:14:20:58 -0500] "POST /sipse/faces/presentacion/financiero/solicitudProceso/consultarSolicitudProceso.xhtml HTTP/1.1" 200 911
172.22.2.4 - - [18/Mar/2023:14:19:20 -0500] "GET /BLA/boletinlegal/ HTTP/1.1" 200 55561
172.22.2.4 - - [18/Mar/2023:14:21:30 -0500] "GET /BLA/boletinlegal/jurisprudencia/analisis/Analisis%20Jurisprudencia%20Sent%202000-00005-01.doc HTTP/1.1" 200 52736
192.168.175.240 - - [18/Mar/2023:14:21:43 -0500] "GET / HTTP/1.1" 200 4720
173.252.87.6 - - [18/Mar/2023:14:21:49 -0500] "GET /images/Puntos%20calientes%2024%20de%20febrero.jpeg HTTP/1.1" 200 42626
34.211.251.179 - - [18/Mar/2023:14:22:27 -0500] "GET /galeria/mapa/3MapaBogot%C3%A1.jpg HTTP/1.1" 200 688183
192.168.175.240 - - [18/Mar/2023:14:22:43 -0500] "GET / HTTP/1.1" 200 4720
191.156.53.4 - - [18/Mar/2023:14:23:21 -0500] "GET /%C3%82%C2%BFquieres-aprender-sobre-jardines-verticales-esta-es-tu-oportunidad.html HTTP/1.1" 200 925
216.245.221.92 - - [18/Mar/2023:14:23:41 -0500] "HEAD / HTTP/1.1" 200 -
192.168.175.240 - - [18/Mar/2023:14:23:43 -0500] "GET / HTTP/1.1" 200 4720
66.249.70.180 - - [18/Mar/2023:14:24:08 -0500] "-" 408 -
192.168.175.240 - - [18/Mar/2023:14:24:43 -0500] "GET / HTTP/1.1" 200 4720
201.245.192.253 - - [18/Mar/2023:14:25:12 -0500] "POST /kwsrmcab/Wsrmcab  HTTP/1.1" 200 42239
74.125.210.162 - - [18/Mar/2023:14:25:28 -0500] "GET /images/jardines-verticales_optimized.jpeg HTTP/1.1" 200 138197
35.234.160.247 - - [18/Mar/2023:14:25:41 -0500] "GET /inventario-de-emisiones-2020-transporte-publico-sitp-redujo-emisiones-de-pm-2-5-en-un-37.html HTTP/1.1" 200 925
192.168.175.240 - - [18/Mar/2023:14:25:43 -0500] "GET / HTTP/1.1" 200 4720
172.22.2.4 - - [18/Mar/2023:14:24:20 -0500] "HEAD /BLA/boletinlegal/ HTTP/1.1" 200 -
192.168.175.240 - - [18/Mar/2023:14:26:43 -0500] "GET / HTTP/1.1" 200 4720
172.22.2.4 - - [18/Mar/2023:14:25:10 -0500] "GET /BLA/boletinlegal/ HTTP/1.1" 200 58653
52.167.144.149 - - [18/Mar/2023:14:27:15 -0500] "GET /BLA/resoluciones/AUTOS%202016/0385.pdf HTTP/1.1" 304 -
186.31.222.177 - - [18/Mar/2023:14:27:34 -0500] "GET / HTTP/1.1" 200 4720
186.31.222.177 - - [18/Mar/2023:14:27:34 -0500] "GET /js/url.js HTTP/1.1" 404 1198
186.31.222.177 - - [18/Mar/2023:14:27:34 -0500] "GET /css/style.css HTTP/1.1" 200 3473
192.168.175.240 - - [18/Mar/2023:14:27:43 -0500] "GET / HTTP/1.1" 200 4720
216.245.221.92 - - [18/Mar/2023:14:28:41 -0500] "HEAD / HTTP/1.1" 200 -
192.168.175.240 - - [18/Mar/2023:14:28:43 -0500] "GET / HTTP/1.1" 200 4720
191.156.177.173 - - [18/Mar/2023:14:28:47 -0500] "GET /mujeres-que-reverdecen-secretaria-de-ambiente-anuncia-el-inicio-de-la-tercera-fase.html HTTP/1.1" 304 -
173.252.83.20 - - [18/Mar/2023:14:29:02 -0500] "GET /images/17%20de%20febrero%20mujeres%20que%20reverdecen.jpeg HTTP/1.1" 200 85735
34.91.43.87 - - [18/Mar/2023:14:29:25 -0500] "GET /inventario-de-emisiones-2020-transporte-publico-sitp-redujo-emisiones-de-pm-2-5-en-un-37.html HTTP/1.1" 200 925
69.147.87.185 - - [18/Mar/2023:14:29:40 -0500] "GET /images/jardines-verticales_optimized.jpeg HTTP/1.1" 200 138197
192.168.175.240 - - [18/Mar/2023:14:29:43 -0500] "GET / HTTP/1.1" 200 4720
201.245.192.253 - - [18/Mar/2023:14:30:10 -0500] "POST /kwsrmcab/Wsrmcab  HTTP/1.1" 200 42239
192.168.175.240 - - [18/Mar/2023:14:30:43 -0500] "GET / HTTP/1.1" 200 4720
201.245.192.253 - - [18/Mar/2023:14:30:43 -0500] "POST /kwsrmcab/Wsrmcab HTTP/1.1" 200 41940
201.245.192.253 - - [18/Mar/2023:14:30:46 -0500] "POST /kwsrmcab/Wsrmcab HTTP/1.1" 200 43647
192.168.175.240 - - [18/Mar/2023:14:31:43 -0500] "GET / HTTP/1.1" 200 4720
172.22.2.4 - - [18/Mar/2023:14:30:10 -0500] "HEAD /BLA/boletinlegal/ HTTP/1.1" 200 -
181.59.3.64 - - [18/Mar/2023:14:32:36 -0500] "GET /mujeres-que-reverdecen-secretaria-de-ambiente-anuncia-el-inicio-de-la-tercera-fase.html HTTP/1.1" 200 954
172.22.2.4 - - [18/Mar/2023:14:31:00 -0500] "GET /BLA/boletinlegal/ HTTP/1.1" 200 56744
192.168.175.240 - - [18/Mar/2023:14:32:43 -0500] "GET / HTTP/1.1" 200 4720
216.245.221.92 - - [18/Mar/2023:14:33:41 -0500] "HEAD / HTTP/1.1" 200 -
192.168.175.240 - - [18/Mar/2023:14:33:43 -0500] "GET / HTTP/1.1" 200 4720
66.249.79.111 - - [18/Mar/2023:14:33:51 -0500] "-" 408 -
162.55.167.166 - - [18/Mar/2023:14:33:55 -0500] "GET / HTTP/1.1" 200 4720
162.55.167.166 - - [18/Mar/2023:14:33:55 -0500] "GET / HTTP/1.1" 200 319
186.102.74.169 - - [18/Mar/2023:14:34:21 -0500] "GET /kwssiamovil/sm/ldap/au?x=U2FsdGVkX196Hqxtg7Lz653skJVhIBgSdniA0km65hPA05KCgaSss7K9cDCQUhjb&y=U2FsdGVkX18ArInIL98sB91M2ssVDLecPlbcSmjpcSjHCbS/XS3L/9VP+54TRlbX HTTP/1.1" 200 30
186.102.74.169 - - [18/Mar/2023:14:34:21 -0500] "GET /kwssiamovil/sm/acme/s?s=U2FsdGVkX1/xZqZrS6Ejr06kkKnhlqedjguK5NoCbCKkmSjNoZPASrcutuKBlHQXlqpTrha5AU7Cu/IBzmdRlSDilB75xaezQitsvCKp0kI=&u=U2FsdGVkX19Kpgm0USqGzjQkT2WoiRMpDb+LWHs5KVwghPH7kwdYVZz4eOr8IfUK&y=U2FsdGVkX18ArInIL98sB91M2ssVDLecPlbcSmjpcSjHCbS/XS3L/9VP+54TRlbX HTTP/1.1" 200 97
186.102.74.169 - - [18/Mar/2023:14:34:21 -0500] "GET /kwssiamovil/sm/acme/s?s=U2FsdGVkX1/i7ctoNn50/TrlWJn/Ab+f+fH9O/P/BSWR8TCmK093lS+NnHTPT8U3MUzody97YRxOfWOO9iBJ7PfwEcsKqzkxEE71ukOnu8/Wy2Zu5dKlU0+xTDyCXYVebrfymzq356R8/ashfWx+WyZhiaupPCmy3yXzdpycF1U97BghJdvoHWww9IRzxHhnOZ/L0VczTcRjxQkAeD4qbqJ+ggSYwG9UxBXfluzQ3ZGpgxaroxKkyTyPARIBwEi+HOUkiCjplmQloxxbwBxZcKufHzPwlVguIixbBvUveIjEb7Igtja97xfJXFY9GbDzuyV44o4znzFcHPWYijEmQJWSspMlLa2Bqt9bk8Uz84B5mHI20bYg1ioL3k9WMFnEjxQtBY0i7IuPUs9WUjUiUtfYH7MyuBuD6BXL9CosxL+4xxzxd7FWlcUaEGixorp7Yq8YF8RxwuHehUM2PXRQ9f0dl3+QL2XpV3h6TKPcmDyXFADOvn1bha+jPiOFKK5VquoW9NCvaQLta+YGbcoIUWt8kJXfJGQBTxOT7PFMiaP5Ozap+4myNYd/E2qOtK58zljEEqg0bx4hy1pkJhlMzjdTWPdqxJhbC6iMxQy+efM5wS1ykCq9w/wLYz0c+75+dt9IKZm2iaKPJ3qZuctlTQdtJSc7GD4WROwTEZ5Yk+XBsylxffVgUoC9ABd7wdnV/5XhrpNYap4l+sC6xsjPI1Ywo26OgZYGWV/NaFBHnst9DvO1rfExQzcH9Kbsshr6v4PheiK6F3fheHFDiZOvv4ZN+lyj5Jzrkt0WzOJ6ksrm47u4ST6WhGNmVXLyBTrxtZjnVNjRY3JqKT3Kcs5CWiONvPT72OPdyHC0TNpOcZiJVxmVW9zo/QPEInVWfkbWe3Y1FasSI9MMJ0h1FsP3ArmahDhsCvGXwDt0gTHogB/NnHjyzDumhMHaVB7IoAHxetVpCMKr/2dTYWGjfTgJmCftwp4GXz++0eNqizgI06bC8ooO2DngtJV1HAwVuPoSO/4C5LD6M+PUtHf9fLZzMYoQdXXFK2zzAGDLuPYAH9Pc+3yWf67LgIq5PuHq6e1tYjCSsQAXKzukWs9Ztg/U4GFEwIc4GCabi+ahy+OUGvmrZQcWBup2UtXNZDgBrKjQLzCYM5FJiZvVc286Sj0oYxBC/9z2qsEV8Ryao/0eXcWcabMybACMUl46eFiWd5nlzQsJrkwizAWyMK2QjZUk3aysrONuAnFtPopE7tcU80/EQXzSqIK9KwCCh/rQ8yLcegDn3MAV0ELI86NZFpp/PD3JvQinnW2Gbyt0L5xuOAVnbfmellFkSUSUxzVQN59Ll40yFxMJW7LW8SY7IpPSW0uzERS1rTaL7T0GmxP04PUmHQ/wkXEFQZrwYKfVdYsZM+jpdKJVqiYwllWJ/DHD0XWdyKHn7blENansxAsZiy4=&u=U2FsdGVkX19Kpgm0USqGzjQkT2WoiRMpDb+LWHs5KVwghPH7kwdYVZz4eOr8IfUK&y=U2FsdGVkX18ArInIL98sB91M2ssVDLecPlbcSmjpcSjHCbS/XS3L/9VP+54TRlbX HTTP/1.1" 200 20188
186.102.74.169 - - [18/Mar/2023:14:34:22 -0500] "GET /kwssiamovil/sm/acme/s?s=U2FsdGVkX1/n4jVDIH5f86xg+A8j0MfjjFUY5rZvUatOyKAO4eE+L+8HVV3vZ9q8Tn2qO9UUH6b46/AkxevuqAfiAUypLi57RDCQyX/KySvL5cl+v8XskmaPxMBoJKEKU0vqy/ppOHOdKV5ews1yIG0GAL0Mg/oapWspjIOjwHnU+I6oEGjYeAqSlvWtB0X2myyIcAAbrhnOzpu9PPQ+6JKeD6nEZ6M5ZUOmmvlO4NT7QDkpJkYvP9ZFfHYzqD3cj4ko6nfR7Fukzgx+/NMIdTJh3+NdqcZAuV7sU8FM7LGNN7EMAYg9gRtt+gCNA6MVRPqMuduU1UHdCuiGC7s8sZc2iDolKPcTfhq4zUQg/NQ=&u=U2FsdGVkX19Kpgm0USqGzjQkT2WoiRMpDb+LWHs5KVwghPH7kwdYVZz4eOr8IfUK&y=U2FsdGVkX18ArInIL98sB91M2ssVDLecPlbcSmjpcSjHCbS/XS3L/9VP+54TRlbX HTTP/1.1" 200 196
186.102.74.169 - - [18/Mar/2023:14:34:22 -0500] "GET /kwssiamovil/sm/cjson/pre?f=1&x=U2FsdGVkX196Hqxtg7Lz653skJVhIBgSdniA0km65hPA05KCgaSss7K9cDCQUhjb HTTP/1.1" 200 31032
192.168.175.240 - - [18/Mar/2023:14:34:43 -0500] "GET / HTTP/1.1" 200 4720
173.252.95.13 - - [18/Mar/2023:14:35:04 -0500] "GET /images/Quebrada1.jpg HTTP/1.1" 200 77711
201.245.192.253 - - [18/Mar/2023:14:35:09 -0500] "POST /kwsrmcab/Wsrmcab  HTTP/1.1" 200 42239
172.22.2.4 - - [18/Mar/2023:14:35:17 -0500] "GET /BLA/boletinlegal/actos.php HTTP/1.1" 200 9672
172.22.2.4 - - [18/Mar/2023:14:35:30 -0500] "GET /BLA/boletinlegal/consulta_actos.php?tipo=resoluciones&no=0274&usuario=&sector=&fecha=2015&resuelve= HTTP/1.1" 200 1121
201.245.192.253 - - [18/Mar/2023:14:35:32 -0500] "GET /BLA/resoluciones/RESOLUCIONES%202015/0274.pdf HTTP/1.1" 200 1080984
201.245.192.253 - - [18/Mar/2023:14:35:32 -0500] "GET /favicon.ico HTTP/1.1" 200 7782
192.168.175.240 - - [18/Mar/2023:14:35:43 -0500] "GET / HTTP/1.1" 200 4720
172.22.2.4 - - [18/Mar/2023:14:36:04 -0500] "GET /BLA/boletinlegal/style.css HTTP/1.1" 200 9406
172.22.2.4 - - [18/Mar/2023:14:36:04 -0500] "GET /BLA/boletinlegal/styles2.css HTTP/1.1" 200 1838
172.22.2.4 - - [18/Mar/2023:14:36:04 -0500] "GET /BLA/boletinlegal/js/jquery.js HTTP/1.1" 200 57254
172.22.2.4 - - [18/Mar/2023:14:36:04 -0500] "GET /BLA/boletinlegal/js/jquery.scrollShow.js HTTP/1.1" 200 4586
172.22.2.4 - - [18/Mar/2023:14:36:04 -0500] "GET /BLA/boletinlegal/js/jquery.scrollTo-min.js HTTP/1.1" 200 1150
172.22.2.4 - - [18/Mar/2023:14:36:04 -0500] "GET /BLA/boletinlegal/images/cabezote%20BLEGAL.jpg HTTP/1.1" 200 118164
172.22.2.4 - - [18/Mar/2023:14:36:04 -0500] "GET /BLA/boletinlegal/images/subscribe-icon-big.png HTTP/1.1" 200 47702
172.22.2.4 - - [18/Mar/2023:14:36:04 -0500] "GET /BLA/boletinlegal/images/historia.png HTTP/1.1" 200 52775
172.22.2.4 - - [18/Mar/2023:14:36:04 -0500] "GET /BLA/boletinlegal/images/registro-usuarios.png HTTP/1.1" 200 8106
172.22.2.4 - - [18/Mar/2023:14:36:04 -0500] "GET /BLA/boletinlegal/images/arr_l.jpg HTTP/1.1" 200 1979
172.22.2.4 - - [18/Mar/2023:14:36:04 -0500] "GET /BLA/boletinlegal/images/screen_1.png HTTP/1.1" 200 202547
172.22.2.4 - - [18/Mar/2023:14:36:04 -0500] "GET /BLA/boletinlegal/images/launch.jpg HTTP/1.1" 200 14577
172.22.2.4 - - [18/Mar/2023:14:36:04 -0500] "GET /BLA/boletinlegal/images/body_bg.jpg HTTP/1.1" 200 1601
172.22.2.4 - - [18/Mar/2023:14:36:04 -0500] "GET /BLA/boletinlegal/images/menu_rght.gif HTTP/1.1" 200 1627
172.22.2.4 - - [18/Mar/2023:14:36:04 -0500] "GET /BLA/boletinlegal/images/menu_lft.gif HTTP/1.1" 200 1713
172.22.2.4 - - [18/Mar/2023:14:36:04 -0500] "GET /BLA/boletinlegal/images/bg_top.jpg HTTP/1.1" 200 522
172.22.2.4 - - [18/Mar/2023:14:36:04 -0500] "GET /BLA/boletinlegal/images/menu_bg.jpg HTTP/1.1" 200 620
172.22.2.4 - - [18/Mar/2023:14:36:04 -0500] "GET /BLA/boletinlegal/images/hover.jpg HTTP/1.1" 200 640
172.22.2.4 - - [18/Mar/2023:14:36:04 -0500] "GET /BLA/boletinlegal/images/text.jpg HTTP/1.1" 200 568
172.22.2.4 - - [18/Mar/2023:14:36:06 -0500] "GET /BLA/boletinlegal/actos.php HTTP/1.1" 200 9672
172.22.2.4 - - [18/Mar/2023:14:36:06 -0500] "GET /BLA/boletinlegal/js/ajax_actos.js HTTP/1.1" 200 1322
172.22.2.4 - - [18/Mar/2023:14:36:06 -0500] "GET /BLA/boletinlegal/niceforms-default.css HTTP/1.1" 200 6694
172.22.2.4 - - [18/Mar/2023:14:36:06 -0500] "GET /BLA/boletinlegal/niceforms.js HTTP/1.1" 200 22876
172.22.2.4 - - [18/Mar/2023:14:36:06 -0500] "GET /BLA/boletinlegal/js/lib.js HTTP/1.1" 200 6474
172.22.2.4 - - [18/Mar/2023:14:36:06 -0500] "GET /BLA/boletinlegal/js/popup.js HTTP/1.1" 200 1270
172.22.2.4 - - [18/Mar/2023:14:36:06 -0500] "GET /BLA/boletinlegal/js/jquery1.js HTTP/1.1" 200 29846
172.22.2.4 - - [18/Mar/2023:14:36:06 -0500] "GET /BLA/boletinlegal/images/green-yellow-blue-pink-th.png HTTP/1.1" 200 7394
172.22.2.4 - - [18/Mar/2023:14:36:06 -0500] "GET /BLA/boletinlegal/images/tel.png HTTP/1.1" 200 14477
172.22.2.4 - - [18/Mar/2023:14:36:06 -0500] "GET /BLA/boletinlegal/images/icono-email.png HTTP/1.1" 200 5544
172.22.2.4 - - [18/Mar/2023:14:36:06 -0500] "GET /BLA/boletinlegal/images/footer_bg.jpg HTTP/1.1" 200 586
172.22.2.4 - - [18/Mar/2023:14:36:06 -0500] "GET /BLA/boletinlegal/images/footer_bg_l.jpg HTTP/1.1" 200 776
172.22.2.4 - - [18/Mar/2023:14:36:06 -0500] "GET /BLA/boletinlegal/img/0.png HTTP/1.1" 200 110
172.22.2.4 - - [18/Mar/2023:14:36:06 -0500] "GET /BLA/boletinlegal/img/select-right.png HTTP/1.1" 200 44019
172.22.2.4 - - [18/Mar/2023:14:36:06 -0500] "GET /BLA/boletinlegal/img/button-left.png HTTP/1.1" 200 57071
172.22.2.4 - - [18/Mar/2023:14:36:06 -0500] "GET /BLA/boletinlegal/img/select-left.png HTTP/1.1" 200 263
172.22.2.4 - - [18/Mar/2023:14:36:06 -0500] "GET /BLA/boletinlegal/img/button.png HTTP/1.1" 200 43241
172.22.2.4 - - [18/Mar/2023:14:36:06 -0500] "GET /BLA/boletinlegal/img/button-right.png HTTP/1.1" 200 57878
172.22.2.4 - - [18/Mar/2023:14:36:07 -0500] "GET /BLA/boletinlegal/favicon.ico HTTP/1.1" 404 1326
172.22.2.4 - - [18/Mar/2023:14:36:19 -0500] "GET /BLA/boletinlegal/consulta_actos.php?tipo=autos&no=3505&usuario=&sector=&fecha=2016&resuelve= HTTP/1.1" 200 626
186.154.47.238 - - [18/Mar/2023:14:36:40 -0500] "GET /BLA/resoluciones/ HTTP/1.1" 200 13502
186.154.47.238 - - [18/Mar/2023:14:36:40 -0500] "GET /BLA/resoluciones/dlf/styles.css HTTP/1.1" 200 3049
186.154.47.238 - - [18/Mar/2023:14:36:40 -0500] "GET /BLA/resoluciones/dlf/folder.png HTTP/1.1" 200 410
186.154.47.238 - - [18/Mar/2023:14:36:41 -0500] "GET /BLA/resoluciones/dlf/bg.gif HTTP/1.1" 200 54
186.154.47.238 - - [18/Mar/2023:14:36:41 -0500] "GET /favicon.ico HTTP/1.1" 200 7782
192.168.175.240 - - [18/Mar/2023:14:36:43 -0500] "GET / HTTP/1.1" 200 4720
186.154.47.238 - - [18/Mar/2023:14:36:45 -0500] "GET /BLA/resoluciones/dlf/dirup.png HTTP/1.1" 200 644
186.154.47.238 - - [18/Mar/2023:14:36:45 -0500] "GET /BLA/resoluciones/dlf/pdf.gif HTTP/1.1" 200 272
186.154.47.238 - - [18/Mar/2023:14:36:45 -0500] "GET /BLA/resoluciones/index.php?dir=AUTOS+2016%2F HTTP/1.1" 200 328199
172.22.2.4 - - [18/Mar/2023:14:35:07 -0500] "GET /BLA/boletinlegal/ HTTP/1.1" 200 53551
172.22.2.4 - - [18/Mar/2023:14:36:04 -0500] "GET /BLA/boletinlegal/ HTTP/1.1" 200 24523
172.22.2.4 - - [18/Mar/2023:14:36:00 -0500] "HEAD /BLA/boletinlegal/ HTTP/1.1" 200 -
192.168.175.240 - - [18/Mar/2023:14:37:43 -0500] "GET / HTTP/1.1" 200 4720
172.22.2.4 - - [18/Mar/2023:14:36:50 -0500] "GET /BLA/boletinlegal/ HTTP/1.1" 200 57551
216.245.221.92 - - [18/Mar/2023:14:38:41 -0500] "HEAD / HTTP/1.1" 200 -
192.168.175.240 - - [18/Mar/2023:14:38:43 -0500] "GET / HTTP/1.1" 200 4720
173.252.95.112 - - [18/Mar/2023:14:38:44 -0500] "GET /images/foto%202.jpg HTTP/1.1" 200 63300
66.249.70.180 - - [18/Mar/2023:14:39:28 -0500] "-" 408 -
192.168.175.240 - - [18/Mar/2023:14:39:43 -0500] "GET / HTTP/1.1" 200 4720
54.205.142.92 - - [18/Mar/2023:14:39:59 -0500] "GET /portaldeninos/ HTTP/1.1" 200 110197
201.245.192.253 - - [18/Mar/2023:14:40:07 -0500] "POST /kwsrmcab/Wsrmcab  HTTP/1.1" 200 42239
181.130.51.172 - - [18/Mar/2023:14:40:18 -0500] "GET /%C3%82%C2%BFquieres-aprender-sobre-jardines-verticales-esta-es-tu-oportunidad.html HTTP/1.1" 200 925
192.168.175.240 - - [18/Mar/2023:14:40:43 -0500] "GET / HTTP/1.1" 200 4720
201.245.192.253 - - [18/Mar/2023:14:40:43 -0500] "POST /kwsrmcab/Wsrmcab HTTP/1.1" 200 41940
201.245.192.253 - - [18/Mar/2023:14:40:46 -0500] "POST /kwsrmcab/Wsrmcab HTTP/1.1" 200 43647
192.168.175.240 - - [18/Mar/2023:14:41:43 -0500] "GET / HTTP/1.1" 200 4720
40.77.167.188 - - [18/Mar/2023:14:42:23 -0500] "GET /sipse/faces/faces/autenticacion.xhtml HTTP/1.1" 200 12490
172.22.2.4 - - [18/Mar/2023:14:42:24 -0500] "GET /BLA/boletinlegal/Circulares/2020/Circular%2000010%20del%2027%20de%20julio%20de%202020.pdf HTTP/1.1" 304 -
192.168.175.240 - - [18/Mar/2023:14:42:43 -0500] "GET / HTTP/1.1" 200 4720
172.22.2.4 - - [18/Mar/2023:14:41:50 -0500] "HEAD /BLA/boletinlegal/ HTTP/1.1" 200 -
216.245.221.92 - - [18/Mar/2023:14:43:41 -0500] "HEAD / HTTP/1.1" 200 -
192.168.175.240 - - [18/Mar/2023:14:43:43 -0500] "GET / HTTP/1.1" 200 4720
172.22.2.4 - - [18/Mar/2023:14:42:40 -0500] "GET /BLA/boletinlegal/ HTTP/1.1" 200 57141
186.112.112.72 - - [18/Mar/2023:14:44:30 -0500] "OPTIONS /kwssiamovil/sm/setfile/f? HTTP/1.1" 200 13
186.112.112.72 - - [18/Mar/2023:14:44:30 -0500] "POST /kwssiamovil/sm/setfile/f? HTTP/1.1" 200 381
192.168.175.240 - - [18/Mar/2023:14:44:43 -0500] "GET / HTTP/1.1" 200 4720
173.252.79.1 - - [18/Mar/2023:14:45:07 -0500] "GET /images/caminatas-ecol\xc3\xb3gicas-marzo---1920x1080_optimized.jpg HTTP/1.1" 404 1034
201.245.192.253 - - [18/Mar/2023:14:45:06 -0500] "POST /kwsrmcab/Wsrmcab  HTTP/1.1" 200 42239
186.112.112.72 - - [18/Mar/2023:14:45:20 -0500] "GET /kwssiamovil/sm/acme/a?s=U2FsdGVkX18afFQsPn8p5qvV2aJxVXkgyc6PCvTnsI3Ot+ORfcMq/NFj1uOtRaiZYOb5Og1mNkw3CU0jsvsi4nvnxqhvl5AQIyrfms9xv7y74ekBl91vnn9P5TMWS0BikZ0Ymw2NKPuNQq4b5++eLijS1hIqa0ShsBV/CM5e4jQqadjIj88mVzd2CP/t6SpY4VNLnyMUGr/VMap76dvuOJ572DO4//sbplQpoYklbbmkni1hD5Nu1pDykFNgTtLmM7juFsTUGF3p+3Giw7Unqw==&u=U2FsdGVkX19D61bZRFaEbO9fjgetmUjzTVig08rv81fFJSWsNMq41XFIjrbJZphA&y=U2FsdGVkX18E3p7HEwB3EoFCv3ujav6JPiS8J6XT7IOiWqpOwGCjlBRFkIpUNZ2C HTTP/1.1" 200 26
186.112.112.72 - - [18/Mar/2023:14:45:21 -0500] "GET /kwssiamovil/sm/acme/a?s=U2FsdGVkX18H3Qm+fMZ0GvWXaB10vz0CEq89lqWVZ15vg9P2RUXPJd4sSdY+LstRooQEGFTYrysKQoEmrTtZnhT5VOqfHyQEjhqdabpr9HsWMPTiMl3YwsqfzD6Fbp+tFBL1MYC3x9P4B0evDro33o1MwsR2jCYNa5MPsFmNbjs3uDi7fO/KHoViFBt/MhuKXowUTBfxe10NoHUk0HkLFa/c65QPXzfktqZlM1dh3O0JuipmKIuXeip0rGOdDCTrfcdQQpOV3kco68Cb2ZJvDjmN0bXB1qLnTQxmgDF/WazVAt3ZONZNBvyDhzjepJGQJlQWfcRSmIVe1c1zMH3UEyYWiafDv3gPHEM6ruJ3fXDh/OJmNJSPhbhmFAXfYKlUCBHIEIDW8GPJd9jB2m7LLpmT6L0+I4Cg0WdDXl8++v0XaLW4PBSfh3Yv54M6iAHxaHjam+YNMhDneZt8XD5yaWnOCK8lHtIV90rkEzVx+4kC4TCiKL4UlDSfbTLg1VhAobdjcIbb4Mq8ecA6yuU4nHweqR8Qs+yE5LN3SiRT2VbFItdL0xuEL6CFzM0sVNNKWiQOlgZTdtwdiNT06o0KHVT6gjIBNTJa03rQeFRCzfS3HE80gt85ppo6Sxpcd4SvkM8nQmjWb6XUal/jveFC9txrkRCcr0L75b7BWWEDBhG7JiZE/NY+ayahOmITT8PKXWxU7jtK1dm/0bncS6kQS0BVRUuUofbdxodXDBQu5ytk5RY2yBTrLpmgr6w/aPik9O5J5SLEdYuoGlbNxb3XDru7qJlXaBn6zjzXhNbgboe9hasZL4NOpJYHc2InCvf4MqEKhPp/yJ+LuaswXB17HYR4cug2QTHimH5ny7aoNTT0gA+OGxef0oS89cEJPHTk32WK8wOsRyWFaQYxx8/f1OioYdy7LjyDal36KRiY9TN0Zvr01Z3fu4Eh+cQo2ZatxXmAQXAA4XDx4pmmakfwKqgatyaM4T9ssFZ8CORSVWDF5eXRw4nkqnzw0PJvjQ/fIVHARk3zm1ML+uGdGDJOm6eoSvgALUXVbF4eFFVEYEgI+15Bk+GV5Y630yw8t+BzO2f9SLI1DDzZ8/2Z2YguuEMSpRfySelnIExmnmpBvKjVKzch3PkUq/5PWZZItZeI8tVIOygL0+jYgD2lIEITJrG1gmEwWeQMiFrpiZKnWkVNhYMetBeQtqCln1YPzLum2B/o0ijzZ1jH8CQhqfiy2ohEUZdc2rkVgqkvDIsUrha54Kg6zooCkv/0Ku02a6TF2DYwD/Rauv0gnq9cYcmHKrs6IlfFLeecZWicLc8RsKzM4WrWbLWrL22nDEGfelMPa5AcHoPYF58m1puKV4G2rsi9mnMyOjPJShH1lxQVcfendfKgk1VXlVjRV4xxlB4DRftWNvSd1I+e4eXSqwSjidXHOgNr+Ff0AcHx07OS2kVdVy4zD4h/aSOFMR+kITsCXgKJ+KQSoIo46wr7vvcUzrwoISvIcTlD/Tx3UkLpLq/W9STAfpyYov96bv8Lf8pxFI2WhG+zXAMekUbpYb1J/RiBOgRYRyCt8D4Gs9a5xhfv5gR+Dh7UZM/mb48vfg1avDJoXyIiIRSmtIwPHCI06PddpZDzPiU5Dj8OaydwwyikKcgb2PdpDWzYtQ/1UzF6H6U8e3p3b2ceEjnXvrO1Ymdtc1Ze+foZ/mu9sBy6SlRtWTJohl+yQ0kTEswdJEgZyyQCdm5Hz/EENzDFBUzOyiIC4YK3wlT9UQ2Jzk5KedLeuZvCVfn75sytg2oOIJSjSylegpRwST9HKMgSfQUGAw==&u=U2FsdGVkX19D61bZRFaEbO9fjgetmUjzTVig08rv81fFJSWsNMq41XFIjrbJZphA&y=U2FsdGVkX18E3p7HEwB3EoFCv3ujav6JPiS8J6XT7IOiWqpOwGCjlBRFkIpUNZ2C HTTP/1.1" 200 26
186.112.112.72 - - [18/Mar/2023:14:45:21 -0500] "GET /kwssiamovil/sm/acme/a?s=U2FsdGVkX18j2mGnhdPKzgafoNWxK9b8u88tGtjkaeLxdwCN9JPxGCjcFCOiJLvRNSxwqNqUepK39gOVNPZwpD1akkLKhUr0ONY+Ai7dPmE+INqQ5WbuQV5CxY+MhMhHeSdcxcXvZYhUqaGMCJX+xIG4Bsxcj5ny+0z6CQgWbHs=&u=U2FsdGVkX19D61bZRFaEbO9fjgetmUjzTVig08rv81fFJSWsNMq41XFIjrbJZphA&y=U2FsdGVkX18E3p7HEwB3EoFCv3ujav6JPiS8J6XT7IOiWqpOwGCjlBRFkIpUNZ2C HTTP/1.1" 200 26
186.112.112.72 - - [18/Mar/2023:14:45:21 -0500] "GET /kwssiamovil/sm/acme/a?s=U2FsdGVkX1/mG3gLLt+Hu/xVDtA1UK4UCBkRqBV7HtuF0yctng2/BHHu8EumC1AZnBmalQKrP81ofqliGI87/FbcLW2Ecw5lQdYXR1SkbHtmP5SrbQQVmUss8fMAq2QkGO0RXnaKVPv74eKxdEkrUTrKxaVVF5ZURL5YkmdSBG8=&u=U2FsdGVkX19D61bZRFaEbO9fjgetmUjzTVig08rv81fFJSWsNMq41XFIjrbJZphA&y=U2FsdGVkX18E3p7HEwB3EoFCv3ujav6JPiS8J6XT7IOiWqpOwGCjlBRFkIpUNZ2C HTTP/1.1" 200 26
