52.167.144.165 - - [28/Mar/2023:03:10:31 -0500] "GET /BLA/resoluciones/AUTOS%202021/3623.pdf HTTP/1.1" 304 -
216.245.221.92 - - [28/Mar/2023:03:11:03 -0500] "HEAD / HTTP/1.1" 200 -
207.46.13.215 - - [28/Mar/2023:03:11:46 -0500] "GET /BLA/resoluciones/AUTOS%202017/0700.pdf HTTP/1.1" 200 493606
201.245.192.253 - - [28/Mar/2023:03:11:50 -0500] "POST /kwsrmcab/Wsrmcab  HTTP/1.1" 200 43144
191.95.61.6 - - [28/Mar/2023:03:11:57 -0500] "POST /sipse/faces/presentacion/financiero/solicitudProceso/listarSolicitudProceso.xhtml HTTP/1.1" 200 57701
191.95.61.6 - - [28/Mar/2023:03:11:57 -0500] "POST /sipse/faces/presentacion/financiero/solicitudProceso/listarSolicitudProceso.xhtml HTTP/1.1" 200 57701
191.95.61.6 - - [28/Mar/2023:03:11:58 -0500] "POST /sipse/faces/presentacion/financiero/solicitudProceso/listarSolicitudProceso.xhtml HTTP/1.1" 200 1556
191.95.61.6 - - [28/Mar/2023:03:11:58 -0500] "POST /sipse/faces/presentacion/financiero/solicitudProceso/listarSolicitudProceso.xhtml HTTP/1.1" 200 1560
172.22.2.4 - - [28/Mar/2023:03:11:21 -0500] "HEAD /BLA/boletinlegal/ HTTP/1.1" 200 -
172.22.2.4 - - [28/Mar/2023:03:12:11 -0500] "GET /BLA/boletinlegal/ HTTP/1.1" 200 56744
216.245.221.92 - - [28/Mar/2023:03:16:03 -0500] "HEAD / HTTP/1.1" 200 -
52.167.144.71 - - [28/Mar/2023:03:16:19 -0500] "GET /BLA/resoluciones/AUTOS%202021/0403.pdf HTTP/1.1" 304 -
201.245.192.253 - - [28/Mar/2023:03:16:49 -0500] "POST /kwsrmcab/Wsrmcab  HTTP/1.1" 200 43144
172.22.2.4 - - [28/Mar/2023:03:16:52 -0500] "GET /BLA/boletinlegal/Circulares/2022/DIRECTIVA%20No.%2000005%20DEL%2030%20DE%20JUNIO%20DEL%202022.pdf HTTP/1.1" 304 -
52.167.144.71 - - [28/Mar/2023:03:17:18 -0500] "GET /BLA/resoluciones/AUTOS%202022/6067.pdf HTTP/1.1" 200 442919
52.167.144.167 - - [28/Mar/2023:03:18:31 -0500] "GET /BLA/resoluciones/index.php?dir=RESOLUCIONES+2023%2F HTTP/1.1" 200 11398
40.77.167.229 - - [28/Mar/2023:03:18:44 -0500] "GET /BLA/resoluciones/AUTOS%202018/5402.pdf HTTP/1.1" 200 286201
172.22.2.4 - - [28/Mar/2023:03:17:11 -0500] "HEAD /BLA/boletinlegal/ HTTP/1.1" 200 -
52.167.144.165 - - [28/Mar/2023:03:19:00 -0500] "GET /BLA/resoluciones/RESOLUCIONES%202021/5131.pdf HTTP/1.1" 200 347340
172.22.2.4 - - [28/Mar/2023:03:18:02 -0500] "GET /BLA/boletinlegal/ HTTP/1.1" 200 52316
201.245.192.253 - - [28/Mar/2023:03:19:56 -0500] "POST /kwsrmcab/Wsrmcab HTTP/1.1" 200 43498
201.245.192.253 - - [28/Mar/2023:03:19:59 -0500] "POST /kwsrmcab/Wsrmcab HTTP/1.1" 200 43157
66.249.66.65 - - [28/Mar/2023:03:20:26 -0500] "GET /distrito-declara-alerta-preventiva-en-el-suroccidente-de-la-ciudad-por-mala-calidad-del-aire.html HTTP/1.1" 200 1065
216.245.221.92 - - [28/Mar/2023:03:21:03 -0500] "HEAD / HTTP/1.1" 200 -
201.245.192.253 - - [28/Mar/2023:03:21:48 -0500] "POST /kwsrmcab/Wsrmcab  HTTP/1.1" 200 43144
172.22.2.4 - - [28/Mar/2023:03:24:00 -0500] "GET /BLA/boletinlegal/images/arr_l.jpg HTTP/1.1" 304 -
201.217.205.196 - - [28/Mar/2023:03:24:23 -0500] "-" 408 -
172.22.2.4 - - [28/Mar/2023:03:23:01 -0500] "HEAD /BLA/boletinlegal/ HTTP/1.1" 200 -
66.249.66.65 - - [28/Mar/2023:03:25:29 -0500] "-" 408 -
172.22.2.4 - - [28/Mar/2023:03:23:51 -0500] "GET /BLA/boletinlegal/ HTTP/1.1" 200 57551
216.245.221.92 - - [28/Mar/2023:03:26:03 -0500] "HEAD / HTTP/1.1" 200 -
49.7.21.72 - - [28/Mar/2023:03:26:28 -0500] "-" 408 -
201.245.192.253 - - [28/Mar/2023:03:26:48 -0500] "POST /kwsrmcab/Wsrmcab  HTTP/1.1" 200 43144
162.55.38.160 - - [28/Mar/2023:03:27:50 -0500] "GET / HTTP/1.1" 200 319
162.55.38.160 - - [28/Mar/2023:03:27:52 -0500] "GET / HTTP/1.1" 200 4720
186.144.48.213 - - [28/Mar/2023:03:28:56 -0500] "GET /appsia/controlador HTTP/1.1" 200 4799
186.144.48.213 - - [28/Mar/2023:03:28:57 -0500] "GET /appsia/images/cabezoteHojaVida.png HTTP/1.1" 200 32493
66.249.66.37 - - [28/Mar/2023:03:29:23 -0500] "-" 408 -
186.144.48.213 - - [28/Mar/2023:03:29:31 -0500] "POST /appsia/controlador HTTP/1.1" 200 3605
186.144.48.213 - - [28/Mar/2023:03:29:31 -0500] "GET /appsia/jscripts/validarSolicitud.js HTTP/1.1" 404 68
186.144.48.213 - - [28/Mar/2023:03:29:41 -0500] "POST /appsia/controlador HTTP/1.1" 200 4799
201.245.192.253 - - [28/Mar/2023:03:29:56 -0500] "POST /kwsrmcab/Wsrmcab HTTP/1.1" 200 43498
201.245.192.253 - - [28/Mar/2023:03:29:59 -0500] "GET /kwsrmcab/Wsrmcab?wsdl HTTP/1.1" 200 6948
201.245.192.253 - - [28/Mar/2023:03:29:59 -0500] "POST /kwsrmcab/Wsrmcab HTTP/1.1" 200 43157
186.144.48.213 - - [28/Mar/2023:03:30:18 -0500] "POST /appsia/controlador HTTP/1.1" 200 5437
186.144.48.213 - - [28/Mar/2023:03:30:30 -0500] "POST /appsia/controlador HTTP/1.1" 200 7795
172.22.2.4 - - [28/Mar/2023:03:28:51 -0500] "HEAD /BLA/boletinlegal/ HTTP/1.1" 200 -
186.144.48.213 - - [28/Mar/2023:03:30:36 -0500] "POST /appsia/controlador HTTP/1.1" 200 6664
186.144.48.213 - - [28/Mar/2023:03:30:38 -0500] "POST /appsia/controlador HTTP/1.1" 200 13329
216.245.221.92 - - [28/Mar/2023:03:31:03 -0500] "HEAD / HTTP/1.1" 200 -
172.22.2.4 - - [28/Mar/2023:03:29:42 -0500] "GET /BLA/boletinlegal/ HTTP/1.1" 200 53551
52.167.144.71 - - [28/Mar/2023:03:31:22 -0500] "GET /BLA/resoluciones/AUTOS%202020/4358.pdf HTTP/1.1" 200 402242
201.245.192.253 - - [28/Mar/2023:03:31:47 -0500] "POST /kwsrmcab/Wsrmcab  HTTP/1.1" 200 43144
40.77.167.211 - - [28/Mar/2023:03:32:39 -0500] "GET /BLA/resoluciones/AUTOS%202018/2848.pdf HTTP/1.1" 200 339515
35.204.66.254 - - [28/Mar/2023:03:33:37 -0500] "GET /inventario-de-emisiones-2020-transporte-publico-sitp-redujo-emisiones-de-pm-2-5-en-un-37.html HTTP/1.1" 200 925
185.119.81.99 - - [28/Mar/2023:03:33:48 -0500] "GET /portaldeninos/wp-login.php HTTP/1.1" 200 2592
185.119.81.99 - - [28/Mar/2023:03:33:49 -0500] "POST /portaldeninos/wp-login.php HTTP/1.1" 200 3670
66.249.66.66 - - [28/Mar/2023:03:34:28 -0500] "GET /el-ejemplo-comienza-por-casa-alcaldia-de-bogota-expide-decreto-para-reducir-plasticos-de-un-solo-uso-en-las-entidades-del-distrito.html HTTP/1.1" 200 1117
52.167.144.167 - - [28/Mar/2023:03:34:39 -0500] "GET /BLA/resoluciones/RESOLUCIONES%202021/2643.pdf HTTP/1.1" 200 789645
157.55.39.220 - - [28/Mar/2023:03:35:25 -0500] "GET /BLA/resoluciones/ HTTP/1.1" 200 13502
66.249.66.64 - - [28/Mar/2023:03:35:26 -0500] "GET /secretaria-de-ambiente-destaca-aportes-de-empresas-y-ciudadanos-que-ayudaron-a-mitigar-efectos-de-la-alerta-fase-i.html HTTP/1.1" 304 -
52.167.144.71 - - [28/Mar/2023:03:35:39 -0500] "GET /BLA/resoluciones/dlf/styles.css HTTP/1.1" 200 3049
216.245.221.92 - - [28/Mar/2023:03:36:03 -0500] "HEAD / HTTP/1.1" 200 -
172.22.2.4 - - [28/Mar/2023:03:34:41 -0500] "HEAD /BLA/boletinlegal/ HTTP/1.1" 200 -
201.245.192.253 - - [28/Mar/2023:03:36:46 -0500] "POST /kwsrmcab/Wsrmcab  HTTP/1.1" 200 43144
172.22.2.4 - - [28/Mar/2023:03:35:31 -0500] "GET /BLA/boletinlegal/ HTTP/1.1" 200 55211
34.91.182.10 - - [28/Mar/2023:03:37:40 -0500] "GET /inventario-de-emisiones-2020-transporte-publico-sitp-redujo-emisiones-de-pm-2-5-en-un-37.html HTTP/1.1" 200 925
35.204.179.234 - - [28/Mar/2023:03:39:04 -0500] "GET /inventario-de-emisiones-2020-transporte-publico-sitp-redujo-emisiones-de-pm-2-5-en-un-37.html HTTP/1.1" 200 925
201.245.192.253 - - [28/Mar/2023:03:39:56 -0500] "POST /kwsrmcab/Wsrmcab HTTP/1.1" 200 43498
201.245.192.253 - - [28/Mar/2023:03:39:59 -0500] "POST /kwsrmcab/Wsrmcab HTTP/1.1" 200 43157
172.22.2.4 - - [28/Mar/2023:03:40:20 -0500] "GET /BLA/boletinlegal/actos.php HTTP/1.1" 200 9672
66.249.66.64 - - [28/Mar/2023:03:40:44 -0500] "-" 408 -
216.245.221.92 - - [28/Mar/2023:03:41:03 -0500] "HEAD / HTTP/1.1" 200 -
201.245.192.253 - - [28/Mar/2023:03:41:46 -0500] "POST /kwsrmcab/Wsrmcab  HTTP/1.1" 200 43144
172.22.2.4 - - [28/Mar/2023:03:41:57 -0500] "GET /BLA/boletinlegal/js/jquery.js HTTP/1.1" 200 57254
172.22.2.4 - - [28/Mar/2023:03:42:01 -0500] "GET /BLA/boletinlegal/js/jquery.scrollShow.js HTTP/1.1" 200 4586
172.22.2.4 - - [28/Mar/2023:03:42:01 -0500] "GET /BLA/boletinlegal/js/jquery.scrollTo-min.js HTTP/1.1" 200 1150
172.22.2.4 - - [28/Mar/2023:03:40:31 -0500] "HEAD /BLA/boletinlegal/ HTTP/1.1" 200 -
172.22.2.4 - - [28/Mar/2023:03:41:21 -0500] "GET /BLA/boletinlegal/ HTTP/1.1" 200 57141
216.245.221.92 - - [28/Mar/2023:03:46:03 -0500] "HEAD / HTTP/1.1" 200 -
186.31.46.6 - - [28/Mar/2023:03:46:13 -0500] "GET /BLA/boletinlegal/js/jquery.scrollShow.js HTTP/1.1" 200 4586
186.31.46.6 - - [28/Mar/2023:03:46:13 -0500] "GET /galeria/carrusel/Carrusel/jquery.thumbnailScroller.js HTTP/1.1" 200 8157
186.31.46.6 - - [28/Mar/2023:03:46:13 -0500] "GET /galeria/galeria/jquery.fancybox.js?v=2.1.5 HTTP/1.1" 200 48706
186.31.46.6 - - [28/Mar/2023:03:46:13 -0500] "GET /galeria/carrusel/Carrusel/jquery.thumbnailScroller.css HTTP/1.1" 200 2066
186.31.46.6 - - [28/Mar/2023:03:46:13 -0500] "GET /galeria/carrusel/Carrusel/jquery-ui-1.8.13.custom.min.js HTTP/1.1" 200 10800
201.245.192.253 - - [28/Mar/2023:03:46:44 -0500] "POST /kwsrmcab/Wsrmcab  HTTP/1.1" 200 43144
172.22.2.4 - - [28/Mar/2023:03:46:21 -0500] "HEAD /BLA/boletinlegal/ HTTP/1.1" 200 -
172.22.2.4 - - [28/Mar/2023:03:47:11 -0500] "GET /BLA/boletinlegal/ HTTP/1.1" 200 59296
52.167.144.167 - - [28/Mar/2023:03:49:20 -0500] "GET /BLA/resoluciones/RESOLUCIONES%202021/2315.pdf HTTP/1.1" 200 350020
216.245.221.92 - - [28/Mar/2023:03:51:03 -0500] "HEAD / HTTP/1.1" 200 -
201.245.192.253 - - [28/Mar/2023:03:51:43 -0500] "POST /kwsrmcab/Wsrmcab  HTTP/1.1" 200 43144
40.77.167.229 - - [28/Mar/2023:03:52:04 -0500] "GET /BLA/resoluciones/AUTOS%202017/1013.pdf HTTP/1.1" 200 301655
157.55.39.220 - - [28/Mar/2023:03:52:17 -0500] "GET /BLA/resoluciones/AUTOS%202022/5027.pdf HTTP/1.1" 200 556439
66.249.66.64 - - [28/Mar/2023:03:52:29 -0500] "-" 408 -
172.22.2.4 - - [28/Mar/2023:03:52:11 -0500] "HEAD /BLA/boletinlegal/ HTTP/1.1" 200 -
172.22.2.4 - - [28/Mar/2023:03:54:00 -0500] "GET /BLA/boletinlegal/images/pdf.gif HTTP/1.1" 304 -
172.22.2.4 - - [28/Mar/2023:03:53:01 -0500] "GET /BLA/boletinlegal/ HTTP/1.1" 200 52316
185.119.81.106 - - [28/Mar/2023:03:55:44 -0500] "GET /portaldeninos/wp-login.php HTTP/1.1" 200 2592
185.119.81.106 - - [28/Mar/2023:03:55:45 -0500] "POST /portaldeninos/wp-login.php HTTP/1.1" 200 3605
216.245.221.92 - - [28/Mar/2023:03:56:03 -0500] "HEAD / HTTP/1.1" 200 -
40.77.167.229 - - [28/Mar/2023:03:56:06 -0500] "GET /BLA/resoluciones/AUTOS%202021/4646.pdf HTTP/1.1" 304 -
201.245.192.253 - - [28/Mar/2023:03:56:39 -0500] "POST /kwsrmcab/Wsrmcab  HTTP/1.1" 200 43144
52.167.144.165 - - [28/Mar/2023:03:56:46 -0500] "GET /BLA/resoluciones/AUTOS%202021/5590.pdf HTTP/1.1" 304 -
66.249.70.213 - - [28/Mar/2023:03:57:24 -0500] "-" 408 -
172.22.2.4 - - [28/Mar/2023:03:58:01 -0500] "HEAD /BLA/boletinlegal/ HTTP/1.1" 200 -
185.119.81.99 - - [28/Mar/2023:04:00:05 -0500] "GET /portaldeninos/wp-login.php HTTP/1.1" 200 2592
185.119.81.99 - - [28/Mar/2023:04:00:06 -0500] "POST /portaldeninos/wp-login.php HTTP/1.1" 200 3650
172.22.2.4 - - [28/Mar/2023:03:58:51 -0500] "GET /BLA/boletinlegal/ HTTP/1.1" 200 57141
66.249.66.64 - - [28/Mar/2023:04:00:42 -0500] "-" 408 -
216.245.221.92 - - [28/Mar/2023:04:01:03 -0500] "HEAD / HTTP/1.1" 200 -
201.245.192.253 - - [28/Mar/2023:04:01:36 -0500] "POST /kwsrmcab/Wsrmcab  HTTP/1.1" 200 43144
52.167.144.43 - - [28/Mar/2023:04:01:40 -0500] "GET / HTTP/1.1" 200 319
212.102.33.196 - - [28/Mar/2023:04:02:50 -0500] "GET /wp-content/plugins/revslider/includes/external/page/index.php HTTP/1.1" 404 1022
212.102.33.196 - - [28/Mar/2023:04:02:50 -0500] "GET /wp-content/plugins/wpematico/app/lib/index.php HTTP/1.1" 404 1022
212.102.33.196 - - [28/Mar/2023:04:02:50 -0500] "GET /wp-content/uploads/2020/12/images/index.php HTTP/1.1" 404 1022
212.102.33.196 - - [28/Mar/2023:04:02:51 -0500] "GET /wp-content/uploads/2020/11/images/index.php HTTP/1.1" 404 1022
212.102.33.196 - - [28/Mar/2023:04:02:51 -0500] "GET /wp-content/plugins/cach/coment/index.php HTTP/1.1" 404 1022
66.249.70.210 - - [28/Mar/2023:04:03:09 -0500] "-" 408 -
172.22.2.4 - - [28/Mar/2023:04:03:06 -0500] "GET /BLA/boletinlegal/ HTTP/1.1" 200 28619
172.22.2.4 - - [28/Mar/2023:04:03:51 -0500] "HEAD /BLA/boletinlegal/ HTTP/1.1" 200 -
216.245.221.92 - - [28/Mar/2023:04:06:03 -0500] "HEAD / HTTP/1.1" 200 -
172.22.2.4 - - [28/Mar/2023:04:04:41 -0500] "GET /BLA/boletinlegal/ HTTP/1.1" 200 57141
201.245.192.253 - - [28/Mar/2023:04:06:34 -0500] "POST /kwsrmcab/Wsrmcab  HTTP/1.1" 200 43144
66.249.66.64 - - [28/Mar/2023:04:10:29 -0500] "-" 408 -
216.245.221.92 - - [28/Mar/2023:04:11:03 -0500] "HEAD / HTTP/1.1" 200 -
40.77.167.211 - - [28/Mar/2023:04:11:16 -0500] "GET /BLA/resoluciones/AUTOS%202021/3003.pdf HTTP/1.1" 304 -
66.249.70.210 - - [28/Mar/2023:04:11:16 -0500] "-" 408 -
172.22.2.4 - - [28/Mar/2023:04:09:41 -0500] "HEAD /BLA/boletinlegal/ HTTP/1.1" 200 -
201.245.192.253 - - [28/Mar/2023:04:11:35 -0500] "POST /kwsrmcab/Wsrmcab  HTTP/1.1" 200 43144
40.77.167.229 - - [28/Mar/2023:04:11:47 -0500] "GET /BLA/resoluciones/AUTOS%202017/2139.pdf HTTP/1.1" 200 365001
52.167.144.43 - - [28/Mar/2023:04:12:01 -0500] "GET /portaldeninos/wp-content/uploads/2021/11/dibujos-concurso-vuelo-pajaro-relatos-27-mayo-1024x576.jpg HTTP/1.1" 200 86120
172.22.2.4 - - [28/Mar/2023:04:10:31 -0500] "GET /BLA/boletinlegal/ HTTP/1.1" 200 52316
52.167.144.165 - - [28/Mar/2023:04:12:29 -0500] "GET /catalogoisis/ HTTP/1.1" 200 8575
216.245.221.92 - - [28/Mar/2023:04:16:03 -0500] "HEAD / HTTP/1.1" 200 -
201.245.192.253 - - [28/Mar/2023:04:16:34 -0500] "POST /kwsrmcab/Wsrmcab  HTTP/1.1" 200 43144
172.22.2.4 - - [28/Mar/2023:04:15:31 -0500] "HEAD /BLA/boletinlegal/ HTTP/1.1" 200 -
172.22.2.4 - - [28/Mar/2023:04:16:21 -0500] "GET /BLA/boletinlegal/ HTTP/1.1" 200 57551
201.245.192.253 - - [28/Mar/2023:04:19:56 -0500] "POST /kwsrmcab/Wsrmcab HTTP/1.1" 200 43492
201.245.192.253 - - [28/Mar/2023:04:19:59 -0500] "POST /kwsrmcab/Wsrmcab HTTP/1.1" 200 43164
152.39.246.211 - - [28/Mar/2023:04:20:59 -0500] "GET /palmas-silvestres-secretaria-de-ambiente-inicia-campana-de-proteccion.html HTTP/1.1" 200 851
188.119.119.20 - - [28/Mar/2023:04:20:59 -0500] "GET /inicia-la-convocatoria-2023-para-el-panel-distrital-de-cambio-climatico.html HTTP/1.1" 200 887
216.245.221.92 - - [28/Mar/2023:04:21:03 -0500] "HEAD / HTTP/1.1" 200 -
201.245.192.253 - - [28/Mar/2023:04:21:33 -0500] "POST /kwsrmcab/Wsrmcab  HTTP/1.1" 200 43144
172.22.2.4 - - [28/Mar/2023:04:21:21 -0500] "HEAD /BLA/boletinlegal/ HTTP/1.1" 200 -
172.22.2.4 - - [28/Mar/2023:04:22:11 -0500] "GET /BLA/boletinlegal/ HTTP/1.1" 200 56277
172.22.2.4 - - [28/Mar/2023:04:24:00 -0500] "GET /BLA/boletinlegal/images/launch.jpg HTTP/1.1" 304 -
66.249.70.213 - - [28/Mar/2023:04:24:12 -0500] "-" 408 -
172.22.2.4 - - [28/Mar/2023:04:24:38 -0500] "GET /BLA/boletinlegal/actos.php HTTP/1.1" 200 9672
216.245.221.92 - - [28/Mar/2023:04:26:03 -0500] "HEAD / HTTP/1.1" 200 -
201.245.192.253 - - [28/Mar/2023:04:26:31 -0500] "POST /kwsrmcab/Wsrmcab  HTTP/1.1" 200 43144
157.55.39.220 - - [28/Mar/2023:04:27:34 -0500] "GET /BLA/resoluciones/AUTOS%202021/5377.pdf HTTP/1.1" 304 -
172.22.2.4 - - [28/Mar/2023:04:27:11 -0500] "HEAD /BLA/boletinlegal/ HTTP/1.1" 200 -
172.22.2.4 - - [28/Mar/2023:04:28:01 -0500] "GET /BLA/boletinlegal/ HTTP/1.1" 200 59296
49.7.21.72 - - [28/Mar/2023:04:29:51 -0500] "-" 408 -
201.245.192.253 - - [28/Mar/2023:04:29:56 -0500] "POST /kwsrmcab/Wsrmcab HTTP/1.1" 200 43492
201.245.192.253 - - [28/Mar/2023:04:29:58 -0500] "POST /kwsrmcab/Wsrmcab HTTP/1.1" 200 43164
216.245.221.92 - - [28/Mar/2023:04:31:03 -0500] "HEAD / HTTP/1.1" 200 -
201.245.192.253 - - [28/Mar/2023:04:31:30 -0500] "POST /kwsrmcab/Wsrmcab  HTTP/1.1" 200 43144
172.22.2.4 - - [28/Mar/2023:04:34:01 -0500] "OPTIONS /BLA/boletinlegal/js/jquery.scrollTo-min.js HTTP/1.1" 200 -
172.22.2.4 - - [28/Mar/2023:04:34:01 -0500] "OPTIONS /BLA/boletinlegal/js/jquery.js HTTP/1.1" 200 -
172.22.2.4 - - [28/Mar/2023:04:34:01 -0500] "OPTIONS /BLA/boletinlegal/styles2.css HTTP/1.1" 200 -
172.22.2.4 - - [28/Mar/2023:04:34:01 -0500] "OPTIONS /BLA/boletinlegal/js/jquery.scrollShow.js HTTP/1.1" 200 -
172.22.2.4 - - [28/Mar/2023:04:34:01 -0500] "OPTIONS /BLA/boletinlegal/style.css HTTP/1.1" 200 -
172.22.2.4 - - [28/Mar/2023:04:34:01 -0500] "OPTIONS /BLA/boletinlegal/images/cabezote%20BLEGAL.jpg HTTP/1.1" 200 -
172.22.2.4 - - [28/Mar/2023:04:34:01 -0500] "OPTIONS /BLA/boletinlegal/images/subscribe-icon-big.png HTTP/1.1" 200 -
172.22.2.4 - - [28/Mar/2023:04:34:01 -0500] "OPTIONS /BLA/boletinlegal/images/registro-usuarios.png HTTP/1.1" 200 -
172.22.2.4 - - [28/Mar/2023:04:34:01 -0500] "OPTIONS /BLA/boletinlegal/images/historia.png HTTP/1.1" 200 -
172.22.2.4 - - [28/Mar/2023:04:34:01 -0500] "OPTIONS /BLA/boletinlegal/images/arr_l.jpg HTTP/1.1" 200 -
172.22.2.4 - - [28/Mar/2023:04:34:01 -0500] "OPTIONS /BLA/boletinlegal/images/screen_1.png HTTP/1.1" 200 -
172.22.2.4 - - [28/Mar/2023:04:34:01 -0500] "OPTIONS /BLA/boletinlegal/images/body_bg.jpg HTTP/1.1" 200 -
172.22.2.4 - - [28/Mar/2023:04:34:01 -0500] "OPTIONS /BLA/boletinlegal/images/launch.jpg HTTP/1.1" 200 -
172.22.2.4 - - [28/Mar/2023:04:34:01 -0500] "OPTIONS /BLA/boletinlegal/images/menu_rght.gif HTTP/1.1" 200 -
172.22.2.4 - - [28/Mar/2023:04:34:01 -0500] "OPTIONS /BLA/boletinlegal/images/menu_lft.gif HTTP/1.1" 200 -
172.22.2.4 - - [28/Mar/2023:04:34:01 -0500] "OPTIONS /BLA/boletinlegal/images/bg_top.jpg HTTP/1.1" 200 -
172.22.2.4 - - [28/Mar/2023:04:34:01 -0500] "OPTIONS /BLA/boletinlegal/images/menu_bg.jpg HTTP/1.1" 200 -
172.22.2.4 - - [28/Mar/2023:04:34:01 -0500] "OPTIONS /BLA/boletinlegal/images/text.jpg HTTP/1.1" 200 -
172.22.2.4 - - [28/Mar/2023:04:34:01 -0500] "OPTIONS /BLA/boletinlegal/images/hover.jpg HTTP/1.1" 200 -
172.22.2.4 - - [28/Mar/2023:04:34:02 -0500] "GET /BLA/boletinlegal/actos.php HTTP/1.1" 200 9672
172.22.2.4 - - [28/Mar/2023:04:34:03 -0500] "OPTIONS /BLA/boletinlegal/js/ajax_actos.js HTTP/1.1" 200 -
172.22.2.4 - - [28/Mar/2023:04:34:03 -0500] "OPTIONS /BLA/boletinlegal/js/popup.js HTTP/1.1" 200 -
172.22.2.4 - - [28/Mar/2023:04:34:03 -0500] "OPTIONS /BLA/boletinlegal/js/lib.js HTTP/1.1" 200 -
172.22.2.4 - - [28/Mar/2023:04:34:03 -0500] "OPTIONS /BLA/boletinlegal/niceforms-default.css HTTP/1.1" 200 -
172.22.2.4 - - [28/Mar/2023:04:34:03 -0500] "OPTIONS /BLA/boletinlegal/niceforms.js HTTP/1.1" 200 -
172.22.2.4 - - [28/Mar/2023:04:34:03 -0500] "OPTIONS /BLA/boletinlegal/js/jquery1.js HTTP/1.1" 200 -
172.22.2.4 - - [28/Mar/2023:04:34:03 -0500] "OPTIONS /BLA/boletinlegal/images/tel.png HTTP/1.1" 200 -
172.22.2.4 - - [28/Mar/2023:04:34:03 -0500] "OPTIONS /BLA/boletinlegal/images/green-yellow-blue-pink-th.png HTTP/1.1" 200 -
172.22.2.4 - - [28/Mar/2023:04:34:03 -0500] "OPTIONS /BLA/boletinlegal/images/footer_bg.jpg HTTP/1.1" 200 -
172.22.2.4 - - [28/Mar/2023:04:34:03 -0500] "OPTIONS /BLA/boletinlegal/images/icono-email.png HTTP/1.1" 200 -
172.22.2.4 - - [28/Mar/2023:04:34:03 -0500] "OPTIONS /BLA/boletinlegal/images/footer_bg_l.jpg HTTP/1.1" 200 -
172.22.2.4 - - [28/Mar/2023:04:34:03 -0500] "OPTIONS /BLA/boletinlegal/img/select-left.png HTTP/1.1" 200 -
172.22.2.4 - - [28/Mar/2023:04:34:03 -0500] "OPTIONS /BLA/boletinlegal/img/button.png HTTP/1.1" 200 -
172.22.2.4 - - [28/Mar/2023:04:34:03 -0500] "OPTIONS /BLA/boletinlegal/img/0.png HTTP/1.1" 200 -
172.22.2.4 - - [28/Mar/2023:04:34:03 -0500] "OPTIONS /BLA/boletinlegal/img/button-left.png HTTP/1.1" 200 -
172.22.2.4 - - [28/Mar/2023:04:34:03 -0500] "OPTIONS /BLA/boletinlegal/img/select-right.png HTTP/1.1" 200 -
172.22.2.4 - - [28/Mar/2023:04:34:03 -0500] "GET /BLA/boletinlegal/favicon.ico HTTP/1.1" 404 1326
172.22.2.4 - - [28/Mar/2023:04:34:03 -0500] "OPTIONS /BLA/boletinlegal/img/button-right.png HTTP/1.1" 200 -
40.77.167.211 - - [28/Mar/2023:04:34:15 -0500] "GET /Publicaciones/2022EE83324.pdf HTTP/1.1" 404 227
172.22.2.4 - - [28/Mar/2023:04:34:24 -0500] "GET /BLA/boletinlegal/consulta_actos.php?tipo=autos&no=1271&usuario=&sector=&fecha=2015&resuelve= HTTP/1.1" 200 1044
181.58.60.135 - - [28/Mar/2023:04:34:31 -0500] "GET /BLA/resoluciones/AUTOS%202015/1271.pdf HTTP/1.1" 200 619541
172.22.2.4 - - [28/Mar/2023:04:33:01 -0500] "HEAD /BLA/boletinlegal/ HTTP/1.1" 200 -
172.22.2.4 - - [28/Mar/2023:04:34:01 -0500] "GET /BLA/boletinlegal/ HTTP/1.1" 200 24523
172.22.2.4 - - [28/Mar/2023:04:33:51 -0500] "GET /BLA/boletinlegal/ HTTP/1.1" 200 53914
52.167.144.167 - - [28/Mar/2023:04:36:00 -0500] "GET /bla/resoluciones/resoluciones%202012/0889.pdf HTTP/1.1" 304 -
216.245.221.92 - - [28/Mar/2023:04:36:03 -0500] "HEAD / HTTP/1.1" 200 -
201.245.192.253 - - [28/Mar/2023:04:36:29 -0500] "POST /kwsrmcab/Wsrmcab  HTTP/1.1" 200 43144
201.245.192.253 - - [28/Mar/2023:04:39:56 -0500] "POST /kwsrmcab/Wsrmcab HTTP/1.1" 200 43492
201.245.192.253 - - [28/Mar/2023:04:39:59 -0500] "POST /kwsrmcab/Wsrmcab HTTP/1.1" 200 43164
172.22.2.4 - - [28/Mar/2023:04:38:51 -0500] "HEAD /BLA/boletinlegal/ HTTP/1.1" 200 -
216.245.221.92 - - [28/Mar/2023:04:41:03 -0500] "HEAD / HTTP/1.1" 200 -
172.22.2.4 - - [28/Mar/2023:04:39:41 -0500] "GET /BLA/boletinlegal/ HTTP/1.1" 200 58653
201.245.192.253 - - [28/Mar/2023:04:41:28 -0500] "POST /kwsrmcab/Wsrmcab  HTTP/1.1" 200 43144
52.167.144.165 - - [28/Mar/2023:04:43:36 -0500] "GET /BLA/resoluciones/AUTOS%202021/0498.pdf HTTP/1.1" 304 -
216.245.221.92 - - [28/Mar/2023:04:46:03 -0500] "HEAD / HTTP/1.1" 200 -
185.119.81.106 - - [28/Mar/2023:04:46:08 -0500] "GET /portaldeninos/wp-login.php HTTP/1.1" 200 2592
185.119.81.106 - - [28/Mar/2023:04:46:09 -0500] "POST /portaldeninos/wp-login.php HTTP/1.1" 200 3605
185.119.81.104 - - [28/Mar/2023:04:46:19 -0500] "GET /portaldeninos/wp-login.php HTTP/1.1" 200 2592
185.119.81.104 - - [28/Mar/2023:04:46:20 -0500] "POST /portaldeninos/wp-login.php HTTP/1.1" 200 3650
172.22.2.4 - - [28/Mar/2023:04:44:41 -0500] "HEAD /BLA/boletinlegal/ HTTP/1.1" 200 -
201.245.192.253 - - [28/Mar/2023:04:46:27 -0500] "POST /kwsrmcab/Wsrmcab  HTTP/1.1" 200 43144
172.22.2.4 - - [28/Mar/2023:04:45:31 -0500] "GET /BLA/boletinlegal/ HTTP/1.1" 200 58653
66.249.70.216 - - [28/Mar/2023:04:47:44 -0500] "-" 408 -
216.245.221.92 - - [28/Mar/2023:04:51:03 -0500] "HEAD / HTTP/1.1" 200 -
201.245.192.253 - - [28/Mar/2023:04:51:26 -0500] "POST /kwsrmcab/Wsrmcab  HTTP/1.1" 200 43144
172.22.2.4 - - [28/Mar/2023:04:50:31 -0500] "HEAD /BLA/boletinlegal/ HTTP/1.1" 200 -
186.31.46.6 - - [28/Mar/2023:04:52:47 -0500] "POST /sipse/faces/presentacion/financiero/solicitudProceso/listarSolicitudProceso.xhtml HTTP/1.1" 200 57701
186.31.46.6 - - [28/Mar/2023:04:52:48 -0500] "POST /sipse/faces/presentacion/financiero/solicitudProceso/listarSolicitudProceso.xhtml HTTP/1.1" 200 57701
186.31.46.6 - - [28/Mar/2023:04:52:48 -0500] "POST /sipse/faces/presentacion/financiero/solicitudProceso/listarSolicitudProceso.xhtml HTTP/1.1" 200 1556
186.31.46.6 - - [28/Mar/2023:04:52:48 -0500] "POST /sipse/faces/presentacion/financiero/solicitudProceso/listarSolicitudProceso.xhtml HTTP/1.1" 200 1560
186.31.46.6 - - [28/Mar/2023:04:52:55 -0500] "POST /sipse/faces/presentacion/financiero/solicitudProceso/listarSolicitudProceso.xhtml HTTP/1.1" 200 57701
186.31.46.6 - - [28/Mar/2023:04:52:55 -0500] "POST /sipse/faces/presentacion/financiero/solicitudProceso/listarSolicitudProceso.xhtml HTTP/1.1" 200 57701
186.31.46.6 - - [28/Mar/2023:04:52:55 -0500] "POST /sipse/faces/presentacion/financiero/solicitudProceso/listarSolicitudProceso.xhtml HTTP/1.1" 200 1556
186.31.46.6 - - [28/Mar/2023:04:52:55 -0500] "POST /sipse/faces/presentacion/financiero/solicitudProceso/listarSolicitudProceso.xhtml HTTP/1.1" 200 1560
172.22.2.4 - - [28/Mar/2023:04:51:21 -0500] "GET /BLA/boletinlegal/ HTTP/1.1" 200 59296
186.31.46.6 - - [28/Mar/2023:04:53:05 -0500] "POST /sipse/faces/presentacion/financiero/solicitudProceso/listarSolicitudProceso.xhtml HTTP/1.1" 200 31655
186.31.46.6 - - [28/Mar/2023:04:53:13 -0500] "POST /sipse/faces/presentacion/financiero/solicitudProceso/listarSolicitudProceso.xhtml HTTP/1.1" 200 157432
186.31.46.6 - - [28/Mar/2023:04:53:14 -0500] "GET /sipse/faces/javax.faces.resource/theme.css?ln=primefaces-sipse HTTP/1.1" 304 -
186.31.46.6 - - [28/Mar/2023:04:53:14 -0500] "GET /sipse/faces/javax.faces.resource/primefaces.css?ln=primefaces&v=4.0 HTTP/1.1" 304 -
186.31.46.6 - - [28/Mar/2023:04:53:14 -0500] "GET /sipse/faces/javax.faces.resource/jquery/jquery.js?ln=primefaces&v=4.0 HTTP/1.1" 304 -
186.31.46.6 - - [28/Mar/2023:04:53:14 -0500] "GET /sipse/faces/javax.faces.resource/layout/layout.css?ln=primefaces&v=4.0 HTTP/1.1" 304 -
186.31.46.6 - - [28/Mar/2023:04:53:14 -0500] "GET /sipse/faces/javax.faces.resource/jquery/jquery-plugins.js?ln=primefaces&v=4.0 HTTP/1.1" 304 -
186.31.46.6 - - [28/Mar/2023:04:53:14 -0500] "GET /sipse/faces/javax.faces.resource/primefaces.js?ln=primefaces&v=4.0 HTTP/1.1" 304 -
186.31.46.6 - - [28/Mar/2023:04:53:14 -0500] "GET /sipse/faces/javax.faces.resource/layout/layout.js?ln=primefaces&v=4.0 HTTP/1.1" 304 -
186.31.46.6 - - [28/Mar/2023:04:53:26 -0500] "POST /sipse/faces/presentacion/financiero/solicitudProceso/consultarSolicitudProceso.xhtml HTTP/1.1" 200 161444
186.31.46.6 - - [28/Mar/2023:04:53:28 -0500] "POST /sipse/faces/presentacion/financiero/solicitudProceso/consultarSolicitudProceso.xhtml HTTP/1.1" 200 184
186.31.46.6 - - [28/Mar/2023:04:53:28 -0500] "POST /sipse/faces/presentacion/financiero/solicitudProceso/consultarSolicitudProceso.xhtml HTTP/1.1" 200 184
186.31.46.6 - - [28/Mar/2023:04:53:28 -0500] "POST /sipse/faces/presentacion/financiero/solicitudProceso/consultarSolicitudProceso.xhtml HTTP/1.1" 200 184
186.31.46.6 - - [28/Mar/2023:04:53:28 -0500] "GET /sipse/faces/presentacion/financiero/solicitudAnulacion/solicitudAnulacion.xhtml HTTP/1.1" 200 29629
186.31.46.6 - - [28/Mar/2023:04:53:28 -0500] "GET /sipse/faces/presentacion/financiero/solicitudAnulacion/solicitudAnulacion.xhtml HTTP/1.1" 200 20277
186.31.46.6 - - [28/Mar/2023:04:53:28 -0500] "GET /sipse/faces/presentacion/financiero/solicitudAnulacion/solicitudAnulacion.xhtml HTTP/1.1" 200 47945
186.31.46.6 - - [28/Mar/2023:04:53:29 -0500] "GET /sipse/faces/javax.faces.resource/theme.css?ln=primefaces-sipse HTTP/1.1" 304 -
186.31.46.6 - - [28/Mar/2023:04:53:29 -0500] "GET /sipse/faces/javax.faces.resource/primefaces.css?ln=primefaces&v=4.0 HTTP/1.1" 304 -
186.31.46.6 - - [28/Mar/2023:04:53:29 -0500] "GET /sipse/faces/javax.faces.resource/layout/layout.js?ln=primefaces&v=4.0 HTTP/1.1" 304 -
186.31.46.6 - - [28/Mar/2023:04:53:29 -0500] "GET /sipse/faces/javax.faces.resource/jquery/jquery.js?ln=primefaces&v=4.0 HTTP/1.1" 304 -
186.31.46.6 - - [28/Mar/2023:04:53:29 -0500] "GET /sipse/faces/javax.faces.resource/layout/layout.css?ln=primefaces&v=4.0 HTTP/1.1" 304 -
186.31.46.6 - - [28/Mar/2023:04:53:29 -0500] "GET /sipse/faces/javax.faces.resource/jquery/jquery-plugins.js?ln=primefaces&v=4.0 HTTP/1.1" 304 -
186.31.46.6 - - [28/Mar/2023:04:53:29 -0500] "GET /sipse/faces/javax.faces.resource/primefaces.js?ln=primefaces&v=4.0 HTTP/1.1" 304 -
186.31.46.6 - - [28/Mar/2023:04:53:29 -0500] "GET /sipse/css/imagen/contrasena.png HTTP/1.1" 404 383
186.31.46.6 - - [28/Mar/2023:04:53:29 -0500] "POST /sipse/faces/presentacion/financiero/solicitudAnulacion/solicitudAnulacion.xhtml HTTP/1.1" 200 26268
186.31.46.6 - - [28/Mar/2023:04:53:43 -0500] "POST /sipse/faces/presentacion/financiero/solicitudAnulacion/solicitudAnulacion.xhtml HTTP/1.1" 200 42296
186.31.46.6 - - [28/Mar/2023:04:53:44 -0500] "GET /sipse/faces/javax.faces.resource/primefaces.css?ln=primefaces&v=4.0 HTTP/1.1" 304 -
186.31.46.6 - - [28/Mar/2023:04:53:44 -0500] "GET /sipse/faces/javax.faces.resource/fileupload/fileupload.css?ln=primefaces&v=4.0 HTTP/1.1" 304 -
186.31.46.6 - - [28/Mar/2023:04:53:44 -0500] "GET /sipse/faces/javax.faces.resource/theme.css?ln=primefaces-sipse HTTP/1.1" 304 -
186.31.46.6 - - [28/Mar/2023:04:53:44 -0500] "GET /sipse/faces/javax.faces.resource/layout/layout.css?ln=primefaces&v=4.0 HTTP/1.1" 304 -
186.31.46.6 - - [28/Mar/2023:04:53:44 -0500] "GET /sipse/faces/javax.faces.resource/jquery/jquery.js?ln=primefaces&v=4.0 HTTP/1.1" 304 -
186.31.46.6 - - [28/Mar/2023:04:53:44 -0500] "GET /sipse/faces/javax.faces.resource/jquery/jquery-plugins.js?ln=primefaces&v=4.0 HTTP/1.1" 304 -
186.31.46.6 - - [28/Mar/2023:04:53:44 -0500] "GET /sipse/faces/javax.faces.resource/primefaces.js?ln=primefaces&v=4.0 HTTP/1.1" 304 -
186.31.46.6 - - [28/Mar/2023:04:53:44 -0500] "GET /sipse/faces/javax.faces.resource/layout/layout.js?ln=primefaces&v=4.0 HTTP/1.1" 304 -
186.31.46.6 - - [28/Mar/2023:04:53:44 -0500] "GET /sipse/faces/javax.faces.resource/fileupload/fileupload.js?ln=primefaces&v=4.0 HTTP/1.1" 304 -
186.31.46.6 - - [28/Mar/2023:04:53:49 -0500] "POST /sipse/faces/presentacion/financiero/solicitudAnulacion/registrarSolicitudAnulacion.xhtml HTTP/1.1" 200 64315
186.31.46.6 - - [28/Mar/2023:04:53:49 -0500] "GET /sipse/faces/javax.faces.resource/theme.css?ln=primefaces-sipse HTTP/1.1" 304 -
186.31.46.6 - - [28/Mar/2023:04:53:49 -0500] "GET /sipse/faces/javax.faces.resource/primefaces.css?ln=primefaces&v=4.0 HTTP/1.1" 304 -
186.31.46.6 - - [28/Mar/2023:04:53:49 -0500] "GET /sipse/faces/javax.faces.resource/layout/layout.css?ln=primefaces&v=4.0 HTTP/1.1" 304 -
186.31.46.6 - - [28/Mar/2023:04:53:49 -0500] "GET /sipse/faces/javax.faces.resource/jquery/jquery.js?ln=primefaces&v=4.0 HTTP/1.1" 304 -
186.31.46.6 - - [28/Mar/2023:04:53:49 -0500] "GET /sipse/faces/javax.faces.resource/jquery/jquery-plugins.js?ln=primefaces&v=4.0 HTTP/1.1" 304 -
186.31.46.6 - - [28/Mar/2023:04:53:49 -0500] "GET /sipse/faces/javax.faces.resource/primefaces.js?ln=primefaces&v=4.0 HTTP/1.1" 304 -
186.31.46.6 - - [28/Mar/2023:04:53:49 -0500] "GET /sipse/faces/javax.faces.resource/layout/layout.js?ln=primefaces&v=4.0 HTTP/1.1" 304 -
186.31.46.6 - - [28/Mar/2023:04:53:49 -0500] "POST /sipse/faces/presentacion/financiero/solicitudProceso/listarSolicitudProceso.xhtml HTTP/1.1" 200 57701
186.31.46.6 - - [28/Mar/2023:04:53:49 -0500] "POST /sipse/faces/presentacion/financiero/solicitudProceso/listarSolicitudProceso.xhtml HTTP/1.1" 200 1556
186.31.46.6 - - [28/Mar/2023:04:53:49 -0500] "POST /sipse/faces/presentacion/financiero/solicitudProceso/listarSolicitudProceso.xhtml HTTP/1.1" 200 1560
35.204.22.181 - - [28/Mar/2023:04:54:08 -0500] "GET /inventario-de-emisiones-2020-transporte-publico-sitp-redujo-emisiones-de-pm-2-5-en-un-37.html HTTP/1.1" 200 925
186.31.46.6 - - [28/Mar/2023:04:54:22 -0500] "POST /sipse/faces/presentacion/financiero/solicitudProceso/listarSolicitudProceso.xhtml HTTP/1.1" 200 57701
186.31.46.6 - - [28/Mar/2023:04:54:23 -0500] "POST /sipse/faces/presentacion/financiero/solicitudProceso/listarSolicitudProceso.xhtml HTTP/1.1" 200 57701
186.31.46.6 - - [28/Mar/2023:04:54:23 -0500] "POST /sipse/faces/presentacion/financiero/solicitudProceso/listarSolicitudProceso.xhtml HTTP/1.1" 200 57701
186.31.46.6 - - [28/Mar/2023:04:54:23 -0500] "POST /sipse/faces/presentacion/financiero/solicitudProceso/listarSolicitudProceso.xhtml HTTP/1.1" 200 1556
186.31.46.6 - - [28/Mar/2023:04:54:23 -0500] "POST /sipse/faces/presentacion/financiero/solicitudProceso/listarSolicitudProceso.xhtml HTTP/1.1" 200 1560
186.31.46.6 - - [28/Mar/2023:04:54:24 -0500] "POST /sipse/faces/presentacion/financiero/solicitudProceso/listarSolicitudProceso.xhtml HTTP/1.1" 200 1564
185.119.81.99 - - [28/Mar/2023:04:54:24 -0500] "GET /portaldeninos/wp-login.php HTTP/1.1" 200 2592
185.119.81.99 - - [28/Mar/2023:04:54:25 -0500] "POST /portaldeninos/wp-login.php HTTP/1.1" 200 3605
186.31.46.6 - - [28/Mar/2023:04:54:28 -0500] "POST /sipse/faces/presentacion/financiero/solicitudProceso/listarSolicitudProceso.xhtml HTTP/1.1" 200 57701
186.31.46.6 - - [28/Mar/2023:04:54:28 -0500] "POST /sipse/faces/presentacion/financiero/solicitudProceso/listarSolicitudProceso.xhtml HTTP/1.1" 200 57701
186.31.46.6 - - [28/Mar/2023:04:54:28 -0500] "POST /sipse/faces/presentacion/financiero/solicitudProceso/listarSolicitudProceso.xhtml HTTP/1.1" 200 57701
186.31.46.6 - - [28/Mar/2023:04:54:29 -0500] "POST /sipse/faces/presentacion/financiero/solicitudProceso/listarSolicitudProceso.xhtml HTTP/1.1" 200 1556
186.31.46.6 - - [28/Mar/2023:04:54:29 -0500] "POST /sipse/faces/presentacion/financiero/solicitudProceso/listarSolicitudProceso.xhtml HTTP/1.1" 200 1560
186.31.46.6 - - [28/Mar/2023:04:54:29 -0500] "POST /sipse/faces/presentacion/financiero/solicitudProceso/listarSolicitudProceso.xhtml HTTP/1.1" 200 1564
172.22.2.4 - - [28/Mar/2023:04:54:50 -0500] "GET /BLA/boletinlegal/jurisprudencia/analisis/CUADRO%20SENTENCIA%20C-222%20DE%202011.doc HTTP/1.1" 304 -
40.77.167.229 - - [28/Mar/2023:04:54:50 -0500] "GET /BLA/resoluciones/RESOLUCIONES%202022/3572.pdf HTTP/1.1" 200 413148
66.249.70.210 - - [28/Mar/2023:04:55:31 -0500] "-" 408 -
34.147.6.178 - - [28/Mar/2023:04:55:57 -0500] "GET /inventario-de-emisiones-2020-transporte-publico-sitp-redujo-emisiones-de-pm-2-5-en-un-37.html HTTP/1.1" 200 925
216.245.221.92 - - [28/Mar/2023:04:56:03 -0500] "HEAD / HTTP/1.1" 200 -
201.245.192.253 - - [28/Mar/2023:04:56:25 -0500] "POST /kwsrmcab/Wsrmcab  HTTP/1.1" 200 43144
172.22.2.4 - - [28/Mar/2023:04:57:14 -0500] "GET /BLA/boletinlegal/actos.php HTTP/1.1" 200 9672
172.22.2.4 - - [28/Mar/2023:04:56:21 -0500] "HEAD /BLA/boletinlegal/ HTTP/1.1" 200 -
172.22.2.4 - - [28/Mar/2023:04:58:15 -0500] "GET /BLA/boletinlegal/robots.txt HTTP/1.1" 404 1038
172.22.2.4 - - [28/Mar/2023:04:58:16 -0500] "GET /BLA/boletinlegal/Directivas/2012/Directiva%20No.%201%20del%2030%20de%20octubre%20de%202012.pdf HTTP/1.1" 200 1522771
172.22.2.4 - - [28/Mar/2023:04:57:11 -0500] "GET /BLA/boletinlegal/ HTTP/1.1" 200 59296
172.22.2.4 - - [28/Mar/2023:04:59:15 -0500] "GET /BLA/boletinlegal/ HTTP/1.1" 200 28619
35.204.179.234 - - [28/Mar/2023:04:59:57 -0500] "GET /inventario-de-emisiones-2020-transporte-publico-sitp-redujo-emisiones-de-pm-2-5-en-un-37.html HTTP/1.1" 200 925
52.167.144.167 - - [28/Mar/2023:05:00:59 -0500] "GET /BLA/resoluciones/index.php?dir=RESOLUCIONES+2023%2F HTTP/1.1" 200 11398
216.245.221.92 - - [28/Mar/2023:05:01:03 -0500] "HEAD / HTTP/1.1" 200 -
66.249.70.210 - - [28/Mar/2023:05:01:24 -0500] "-" 408 -
201.245.192.253 - - [28/Mar/2023:05:01:24 -0500] "POST /kwsrmcab/Wsrmcab  HTTP/1.1" 200 43144
207.46.13.215 - - [28/Mar/2023:05:01:56 -0500] "GET /appsia/controlador HTTP/1.1" 200 4799
35.204.22.181 - - [28/Mar/2023:05:02:34 -0500] "GET /inventario-de-emisiones-2020-transporte-publico-sitp-redujo-emisiones-de-pm-2-5-en-un-37.html HTTP/1.1" 200 925
172.22.2.4 - - [28/Mar/2023:05:02:11 -0500] "HEAD /BLA/boletinlegal/ HTTP/1.1" 200 -
35.204.66.254 - - [28/Mar/2023:05:04:09 -0500] "GET /inventario-de-emisiones-2020-transporte-publico-sitp-redujo-emisiones-de-pm-2-5-en-un-37.html HTTP/1.1" 200 925
172.22.2.4 - - [28/Mar/2023:05:03:01 -0500] "GET /BLA/boletinlegal/ HTTP/1.1" 200 55924
34.91.182.10 - - [28/Mar/2023:05:04:53 -0500] "GET /inventario-de-emisiones-2020-transporte-publico-sitp-redujo-emisiones-de-pm-2-5-en-un-37.html HTTP/1.1" 200 925
216.245.221.92 - - [28/Mar/2023:05:06:03 -0500] "HEAD / HTTP/1.1" 200 -
201.245.192.253 - - [28/Mar/2023:05:06:23 -0500] "POST /kwsrmcab/Wsrmcab  HTTP/1.1" 200 43144
34.141.209.37 - - [28/Mar/2023:05:07:01 -0500] "GET /inventario-de-emisiones-2020-transporte-publico-sitp-redujo-emisiones-de-pm-2-5-en-un-37.html HTTP/1.1" 200 925
66.249.70.210 - - [28/Mar/2023:05:07:09 -0500] "-" 408 -
172.22.2.4 - - [28/Mar/2023:05:08:01 -0500] "HEAD /BLA/boletinlegal/ HTTP/1.1" 200 -
69.63.189.120 - - [28/Mar/2023:05:09:49 -0500] "GET /images/semana-bosques-1_optimized.1.jpg HTTP/1.1" 200 102892
172.22.2.4 - - [28/Mar/2023:05:08:51 -0500] "GET /BLA/boletinlegal/ HTTP/1.1" 200 59296
157.55.39.218 - - [28/Mar/2023:05:10:44 -0500] "GET /portaldeninos/aulas-ambientales-2/parque-ecologico-distrital-de-montana-entrenubes/ HTTP/1.1" 200 90406
216.245.221.92 - - [28/Mar/2023:05:11:03 -0500] "HEAD / HTTP/1.1" 200 -
157.55.39.218 - - [28/Mar/2023:05:11:05 -0500] "GET /portaldeninos/wp-content/themes/betheme/css/layout.css?ver=20.9.6 HTTP/1.1" 200 116639
201.245.192.253 - - [28/Mar/2023:05:11:22 -0500] "POST /kwsrmcab/Wsrmcab  HTTP/1.1" 200 43144
40.77.167.162 - - [28/Mar/2023:05:11:08 -0500] "GET /portaldeninos/wp-content/uploads/2021/07/Parque-entrenubes.mp4 HTTP/1.1" 200 10769342
40.77.167.162 - - [28/Mar/2023:05:11:58 -0500] "GET /mujeres-que-reverdecen-secretaria-de-ambiente-anuncia-el-inicio-de-la-tercera-fase.html HTTP/1.1" 200 954
66.249.70.210 - - [28/Mar/2023:05:12:48 -0500] "-" 408 -
66.249.66.66 - - [28/Mar/2023:05:14:29 -0500] "-" 408 -
172.22.2.4 - - [28/Mar/2023:05:13:51 -0500] "HEAD /BLA/boletinlegal/ HTTP/1.1" 200 -
216.245.221.92 - - [28/Mar/2023:05:16:03 -0500] "HEAD / HTTP/1.1" 200 -
172.22.2.4 - - [28/Mar/2023:05:14:41 -0500] "GET /BLA/boletinlegal/ HTTP/1.1" 200 57935
201.245.192.253 - - [28/Mar/2023:05:16:22 -0500] "POST /kwsrmcab/Wsrmcab  HTTP/1.1" 200 43144
93.124.55.157 - - [28/Mar/2023:05:18:00 -0500] "GET / HTTP/1.0" 200 319
66.249.70.210 - - [28/Mar/2023:05:18:39 -0500] "-" 408 -
201.245.192.253 - - [28/Mar/2023:05:19:56 -0500] "POST /kwsrmcab/Wsrmcab HTTP/1.1" 200 43330
201.245.192.253 - - [28/Mar/2023:05:19:59 -0500] "POST /kwsrmcab/Wsrmcab HTTP/1.1" 200 43162
207.46.13.215 - - [28/Mar/2023:05:20:40 -0500] "GET /BLA/resoluciones/AUTOS%202018/2851.pdf HTTP/1.1" 200 326773
216.245.221.92 - - [28/Mar/2023:05:21:03 -0500] "HEAD / HTTP/1.1" 200 -
172.22.2.4 - - [28/Mar/2023:05:19:41 -0500] "HEAD /BLA/boletinlegal/ HTTP/1.1" 200 -
201.245.192.253 - - [28/Mar/2023:05:21:21 -0500] "POST /kwsrmcab/Wsrmcab  HTTP/1.1" 200 43144
172.22.2.4 - - [28/Mar/2023:05:20:31 -0500] "GET /BLA/boletinlegal/ HTTP/1.1" 200 58297
66.249.70.210 - - [28/Mar/2023:05:25:15 -0500] "-" 408 -
172.22.2.4 - - [28/Mar/2023:05:25:23 -0500] "GET /BLA/boletinlegal/Directivas/2011/Directiva%20No.%204%20del%2028%20de%20Junio%20de%202011.pdf HTTP/1.1" 200 960158
216.245.221.92 - - [28/Mar/2023:05:26:03 -0500] "HEAD / HTTP/1.1" 200 -
201.245.192.253 - - [28/Mar/2023:05:26:20 -0500] "POST /kwsrmcab/Wsrmcab  HTTP/1.1" 200 43144
51.15.164.30 - - [28/Mar/2023:05:26:34 -0500] "HEAD /palmas-silvestres-secretaria-de-ambiente-inicia-campana-de-proteccion.html HTTP/1.1" 200 -
172.22.2.4 - - [28/Mar/2023:05:25:31 -0500] "HEAD /BLA/boletinlegal/ HTTP/1.1" 200 -
172.22.2.4 - - [28/Mar/2023:05:26:21 -0500] "GET /BLA/boletinlegal/ HTTP/1.1" 200 51610
172.22.2.4 - - [28/Mar/2023:05:27:10 -0500] "GET /BLA/boletinlegal/ HTTP/1.1" 200 28619
172.22.2.4 - - [28/Mar/2023:05:28:32 -0500] "GET /BLA/boletinlegal/Circulares/2012/Circular%20No.%208%20del%2021%20de%20Agosto%20de%202012.pdf HTTP/1.1" 304 -
201.245.192.253 - - [28/Mar/2023:05:29:56 -0500] "POST /kwsrmcab/Wsrmcab HTTP/1.1" 200 43330
201.245.192.253 - - [28/Mar/2023:05:29:59 -0500] "POST /kwsrmcab/Wsrmcab HTTP/1.1" 200 43162
216.245.221.92 - - [28/Mar/2023:05:31:03 -0500] "HEAD / HTTP/1.1" 200 -
201.245.192.253 - - [28/Mar/2023:05:31:19 -0500] "POST /kwsrmcab/Wsrmcab  HTTP/1.1" 200 43144
66.249.70.210 - - [28/Mar/2023:05:31:55 -0500] "-" 408 -
172.22.2.4 - - [28/Mar/2023:05:31:21 -0500] "HEAD /BLA/boletinlegal/ HTTP/1.1" 200 -
49.7.21.72 - - [28/Mar/2023:05:33:28 -0500] "-" 408 -
172.22.2.4 - - [28/Mar/2023:05:32:11 -0500] "GET /BLA/boletinlegal/ HTTP/1.1" 200 58653
186.31.46.6 - - [28/Mar/2023:05:34:16 -0500] "POST /sipse/faces/presentacion/financiero/solicitudProceso/listarSolicitudProceso.xhtml HTTP/1.1" 200 57701
186.31.46.6 - - [28/Mar/2023:05:34:16 -0500] "POST /sipse/faces/presentacion/financiero/solicitudProceso/listarSolicitudProceso.xhtml HTTP/1.1" 200 57701
186.31.46.6 - - [28/Mar/2023:05:34:16 -0500] "POST /sipse/faces/presentacion/financiero/solicitudProceso/listarSolicitudProceso.xhtml HTTP/1.1" 200 57701
186.31.46.6 - - [28/Mar/2023:05:34:16 -0500] "POST /sipse/faces/presentacion/financiero/solicitudProceso/listarSolicitudProceso.xhtml HTTP/1.1" 200 1556
186.31.46.6 - - [28/Mar/2023:05:34:17 -0500] "POST /sipse/faces/presentacion/financiero/solicitudProceso/listarSolicitudProceso.xhtml HTTP/1.1" 200 1560
186.31.46.6 - - [28/Mar/2023:05:34:17 -0500] "POST /sipse/faces/presentacion/financiero/solicitudProceso/listarSolicitudProceso.xhtml HTTP/1.1" 200 1564
186.31.46.6 - - [28/Mar/2023:05:34:25 -0500] "POST /sipse/faces/presentacion/financiero/solicitudProceso/listarSolicitudProceso.xhtml HTTP/1.1" 200 57701
186.31.46.6 - - [28/Mar/2023:05:34:26 -0500] "POST /sipse/faces/presentacion/financiero/solicitudProceso/listarSolicitudProceso.xhtml HTTP/1.1" 200 57701
186.31.46.6 - - [28/Mar/2023:05:34:26 -0500] "POST /sipse/faces/presentacion/financiero/solicitudProceso/listarSolicitudProceso.xhtml HTTP/1.1" 200 57701
186.31.46.6 - - [28/Mar/2023:05:34:26 -0500] "POST /sipse/faces/presentacion/financiero/solicitudProceso/listarSolicitudProceso.xhtml HTTP/1.1" 200 1556
186.31.46.6 - - [28/Mar/2023:05:34:26 -0500] "POST /sipse/faces/presentacion/financiero/solicitudProceso/listarSolicitudProceso.xhtml HTTP/1.1" 200 1560
186.31.46.6 - - [28/Mar/2023:05:34:26 -0500] "POST /sipse/faces/presentacion/financiero/solicitudProceso/listarSolicitudProceso.xhtml HTTP/1.1" 200 1564
186.31.46.6 - - [28/Mar/2023:05:34:29 -0500] "POST /sipse/faces/presentacion/financiero/solicitudProceso/listarSolicitudProceso.xhtml HTTP/1.1" 200 31655
186.31.46.6 - - [28/Mar/2023:05:34:32 -0500] "POST /sipse/faces/presentacion/financiero/solicitudProceso/listarSolicitudProceso.xhtml HTTP/1.1" 200 31644
185.119.81.104 - - [28/Mar/2023:05:34:53 -0500] "GET /portaldeninos/wp-login.php HTTP/1.1" 200 2592
185.119.81.104 - - [28/Mar/2023:05:34:55 -0500] "POST /portaldeninos/wp-login.php HTTP/1.1" 200 3670
186.31.46.6 - - [28/Mar/2023:05:35:07 -0500] "POST /sipse/faces/presentacion/financiero/solicitudProceso/listarSolicitudProceso.xhtml HTTP/1.1" 200 57701
186.31.46.6 - - [28/Mar/2023:05:35:07 -0500] "POST /sipse/faces/presentacion/financiero/solicitudProceso/listarSolicitudProceso.xhtml HTTP/1.1" 200 57701
186.31.46.6 - - [28/Mar/2023:05:35:07 -0500] "POST /sipse/faces/presentacion/financiero/solicitudProceso/listarSolicitudProceso.xhtml HTTP/1.1" 200 57701
186.31.46.6 - - [28/Mar/2023:05:35:08 -0500] "POST /sipse/faces/presentacion/financiero/solicitudProceso/listarSolicitudProceso.xhtml HTTP/1.1" 200 1556
186.31.46.6 - - [28/Mar/2023:05:35:08 -0500] "POST /sipse/faces/presentacion/financiero/solicitudProceso/listarSolicitudProceso.xhtml HTTP/1.1" 200 1560
186.31.46.6 - - [28/Mar/2023:05:35:08 -0500] "POST /sipse/faces/presentacion/financiero/solicitudProceso/listarSolicitudProceso.xhtml HTTP/1.1" 200 1564
172.22.2.4 - - [28/Mar/2023:05:35:53 -0500] "GET /BLA/boletinlegal/actos.php HTTP/1.1" 200 9672
216.245.221.92 - - [28/Mar/2023:05:36:03 -0500] "HEAD / HTTP/1.1" 200 -
201.245.192.253 - - [28/Mar/2023:05:36:18 -0500] "POST /kwsrmcab/Wsrmcab  HTTP/1.1" 200 43144
172.22.2.4 - - [28/Mar/2023:05:36:57 -0500] "GET /BLA/boletinlegal/actos.php HTTP/1.1" 200 9672
172.22.2.4 - - [28/Mar/2023:05:35:25 -0500] "GET /BLA/boletinlegal/ HTTP/1.1" 200 61749
66.249.70.210 - - [28/Mar/2023:05:37:58 -0500] "-" 408 -
172.22.2.4 - - [28/Mar/2023:05:37:11 -0500] "HEAD /BLA/boletinlegal/ HTTP/1.1" 200 -
34.141.201.220 - - [28/Mar/2023:05:39:00 -0500] "GET /inventario-de-emisiones-2020-transporte-publico-sitp-redujo-emisiones-de-pm-2-5-en-un-37.html HTTP/1.1" 200 925
186.31.46.6 - - [28/Mar/2023:05:39:12 -0500] "POST /sipse/faces/presentacion/financiero/solicitudProceso/listarSolicitudProceso.xhtml HTTP/1.1" 200 57701
186.31.46.6 - - [28/Mar/2023:05:39:13 -0500] "POST /sipse/faces/presentacion/financiero/solicitudProceso/listarSolicitudProceso.xhtml HTTP/1.1" 200 57701
186.31.46.6 - - [28/Mar/2023:05:39:13 -0500] "POST /sipse/faces/presentacion/financiero/solicitudProceso/listarSolicitudProceso.xhtml HTTP/1.1" 200 57701
186.31.46.6 - - [28/Mar/2023:05:39:13 -0500] "POST /sipse/faces/presentacion/financiero/solicitudProceso/listarSolicitudProceso.xhtml HTTP/1.1" 200 1556
186.31.46.6 - - [28/Mar/2023:05:39:13 -0500] "POST /sipse/faces/presentacion/financiero/solicitudProceso/listarSolicitudProceso.xhtml HTTP/1.1" 200 1560
186.31.46.6 - - [28/Mar/2023:05:39:13 -0500] "POST /sipse/faces/presentacion/financiero/solicitudProceso/listarSolicitudProceso.xhtml HTTP/1.1" 200 1564
172.22.2.4 - - [28/Mar/2023:05:38:01 -0500] "GET /BLA/boletinlegal/ HTTP/1.1" 200 57935
35.204.66.254 - - [28/Mar/2023:05:39:41 -0500] "GET /inventario-de-emisiones-2020-transporte-publico-sitp-redujo-emisiones-de-pm-2-5-en-un-37.html HTTP/1.1" 200 925
201.245.192.253 - - [28/Mar/2023:05:39:56 -0500] "POST /kwsrmcab/Wsrmcab HTTP/1.1" 200 43330
201.245.192.253 - - [28/Mar/2023:05:39:59 -0500] "POST /kwsrmcab/Wsrmcab HTTP/1.1" 200 43162
216.245.221.92 - - [28/Mar/2023:05:41:03 -0500] "HEAD / HTTP/1.1" 200 -
66.249.66.66 - - [28/Mar/2023:05:41:07 -0500] "-" 408 -
201.245.192.253 - - [28/Mar/2023:05:41:18 -0500] "POST /kwsrmcab/Wsrmcab  HTTP/1.1" 200 43144
157.55.39.223 - - [28/Mar/2023:05:41:22 -0500] "-" 408 -
162.55.175.138 - - [28/Mar/2023:05:42:04 -0500] "GET / HTTP/1.1" 200 319
162.55.175.138 - - [28/Mar/2023:05:42:04 -0500] "GET / HTTP/1.1" 200 4720
69.147.92.219 - - [28/Mar/2023:05:42:36 -0500] "GET /images/jardines-verticales_optimized.jpeg HTTP/1.1" 200 138197
186.31.46.6 - - [28/Mar/2023:05:43:23 -0500] "POST /sipse/faces/presentacion/financiero/solicitudProceso/listarSolicitudProceso.xhtml HTTP/1.1" 200 31655
172.22.2.4 - - [28/Mar/2023:05:43:01 -0500] "HEAD /BLA/boletinlegal/ HTTP/1.1" 200 -
172.22.2.4 - - [28/Mar/2023:05:44:23 -0500] "GET /BLA/boletinlegal/ HTTP/1.1" 200 20427
52.167.144.167 - - [28/Mar/2023:05:45:12 -0500] "GET /galeria/galeria/fotos/Huemdal-el-Tunjo4G.jpg HTTP/1.1" 200 327819
172.22.2.4 - - [28/Mar/2023:05:43:51 -0500] "GET /BLA/boletinlegal/ HTTP/1.1" 200 56277
216.245.221.92 - - [28/Mar/2023:05:46:03 -0500] "HEAD / HTTP/1.1" 200 -
66.249.66.38 - - [28/Mar/2023:05:46:04 -0500] "-" 408 -
201.245.192.253 - - [28/Mar/2023:05:46:17 -0500] "POST /kwsrmcab/Wsrmcab  HTTP/1.1" 200 43144
186.31.46.6 - - [28/Mar/2023:05:46:29 -0500] "POST /sipse/faces/presentacion/financiero/solicitudProceso/listarSolicitudProceso.xhtml HTTP/1.1" 200 31644
66.249.70.210 - - [28/Mar/2023:05:46:55 -0500] "-" 408 -
40.77.167.229 - - [28/Mar/2023:05:46:55 -0500] "GET /Publicaciones/2022EE19871.pdf HTTP/1.1" 404 227
186.31.46.6 - - [28/Mar/2023:05:47:48 -0500] "POST /sipse/faces/presentacion/financiero/solicitudProceso/listarSolicitudProceso.xhtml HTTP/1.1" 200 31713
52.167.144.71 - - [28/Mar/2023:05:49:23 -0500] "GET /BLA/resoluciones/AUTOS%202021/4113.pdf HTTP/1.1" 304 -
52.167.144.71 - - [28/Mar/2023:05:49:24 -0500] "GET /BLA/resoluciones/AUTOS%202021/4208.pdf HTTP/1.1" 304 -
35.204.66.254 - - [28/Mar/2023:05:49:45 -0500] "GET /inventario-de-emisiones-2020-transporte-publico-sitp-redujo-emisiones-de-pm-2-5-en-un-37.html HTTP/1.1" 200 925
172.22.2.4 - - [28/Mar/2023:05:48:51 -0500] "HEAD /BLA/boletinlegal/ HTTP/1.1" 200 -
186.31.46.6 - - [28/Mar/2023:05:50:32 -0500] "POST /sipse/faces/presentacion/financiero/solicitudProceso/listarSolicitudProceso.xhtml HTTP/1.1" 200 57701
186.31.46.6 - - [28/Mar/2023:05:50:32 -0500] "POST /sipse/faces/presentacion/financiero/solicitudProceso/listarSolicitudProceso.xhtml HTTP/1.1" 200 57701
186.31.46.6 - - [28/Mar/2023:05:50:33 -0500] "POST /sipse/faces/presentacion/financiero/solicitudProceso/listarSolicitudProceso.xhtml HTTP/1.1" 200 57701
186.31.46.6 - - [28/Mar/2023:05:50:33 -0500] "POST /sipse/faces/presentacion/financiero/solicitudProceso/listarSolicitudProceso.xhtml HTTP/1.1" 200 1556
186.31.46.6 - - [28/Mar/2023:05:50:33 -0500] "POST /sipse/faces/presentacion/financiero/solicitudProceso/listarSolicitudProceso.xhtml HTTP/1.1" 200 1560
186.31.46.6 - - [28/Mar/2023:05:50:33 -0500] "POST /sipse/faces/presentacion/financiero/solicitudProceso/listarSolicitudProceso.xhtml HTTP/1.1" 200 1564
216.245.221.92 - - [28/Mar/2023:05:51:03 -0500] "HEAD / HTTP/1.1" 200 -
201.245.192.253 - - [28/Mar/2023:05:51:16 -0500] "POST /kwsrmcab/Wsrmcab  HTTP/1.1" 200 43144
172.22.2.4 - - [28/Mar/2023:05:49:41 -0500] "GET /BLA/boletinlegal/ HTTP/1.1" 200 57935
152.203.180.227 - - [28/Mar/2023:05:53:24 -0500] "GET /sipse/faces/index.xhtml HTTP/1.1" 200 677
152.203.180.227 - - [28/Mar/2023:05:53:24 -0500] "GET /sipse/faces/javax.faces.resource/theme.css?ln=primefaces-sipse HTTP/1.1" 200 50058
152.203.180.227 - - [28/Mar/2023:05:53:24 -0500] "GET /favicon.ico HTTP/1.1" 200 7782
152.203.180.227 - - [28/Mar/2023:05:53:24 -0500] "GET /sipse/faces/faces/autenticacion.xhtml HTTP/1.1" 200 12178
152.203.180.227 - - [28/Mar/2023:05:53:24 -0500] "GET /sipse/js/disable_browser_buttons.js HTTP/1.1" 200 3230
152.203.180.227 - - [28/Mar/2023:05:53:24 -0500] "GET /sipse/js/funciones.js HTTP/1.1" 200 12592
152.203.180.227 - - [28/Mar/2023:05:53:24 -0500] "GET /sipse/css/custom_css_sg.css HTTP/1.1" 200 9694
152.203.180.227 - - [28/Mar/2023:05:53:24 -0500] "GET /sipse/faces/javax.faces.resource/layout/layout.css?ln=primefaces&v=4.0 HTTP/1.1" 200 542
152.203.180.227 - - [28/Mar/2023:05:53:24 -0500] "GET /sipse/css/custom_css_sg_prime_login.css HTTP/1.1" 200 443
152.203.180.227 - - [28/Mar/2023:05:53:24 -0500] "GET /sipse/faces/javax.faces.resource/theme.css?ln=primefaces-sipse HTTP/1.1" 304 -
152.203.180.227 - - [28/Mar/2023:05:53:24 -0500] "GET /sipse/faces/javax.faces.resource/primefaces.css?ln=primefaces&v=4.0 HTTP/1.1" 200 53295
152.203.180.227 - - [28/Mar/2023:05:53:24 -0500] "GET /sipse/faces/javax.faces.resource/layout/layout.js?ln=primefaces&v=4.0 HTTP/1.1" 200 87560
152.203.180.227 - - [28/Mar/2023:05:53:24 -0500] "GET /sipse/faces/javax.faces.resource/jquery/jquery-plugins.js?ln=primefaces&v=4.0 HTTP/1.1" 200 220526
152.203.180.227 - - [28/Mar/2023:05:53:24 -0500] "GET /sipse/faces/javax.faces.resource/jquery/jquery.js?ln=primefaces&v=4.0 HTTP/1.1" 200 105384
152.203.180.227 - - [28/Mar/2023:05:53:24 -0500] "GET /sipse/faces/javax.faces.resource/primefaces.js?ln=primefaces&v=4.0 HTTP/1.1" 200 276924
152.203.180.227 - - [28/Mar/2023:05:53:25 -0500] "GET /sipse/faces/javax.faces.resource/images/ui-icons_898989_256x240.png?ln=primefaces-aristo HTTP/1.1" 200 5355
152.203.180.227 - - [28/Mar/2023:05:53:25 -0500] "GET /sipse/css/imagen/loginimg.png HTTP/1.1" 200 71635
152.203.180.227 - - [28/Mar/2023:05:53:25 -0500] "GET /sipse/css/imagen/logoSDG.png HTTP/1.1" 200 53064
