131.107.160.108 - - [30/Mar/2023:03:07:39 -0500] "GET /bla/resoluciones/resoluciones%202021/4048.pdf HTTP/1.1" 200 785153
131.107.160.108 - - [30/Mar/2023:03:07:39 -0500] "GET /bla/resoluciones/resoluciones%202022/3394.pdf HTTP/1.1" 200 374332
131.107.160.108 - - [30/Mar/2023:03:07:39 -0500] "GET /bla/resoluciones/resoluciones%202022/2226.pdf HTTP/1.1" 200 2540236
201.245.192.253 - - [30/Mar/2023:03:08:20 -0500] "POST /kwsrmcab/Wsrmcab  HTTP/1.1" 200 43001
34.91.4.40 - - [30/Mar/2023:03:08:26 -0500] "GET /inventario-de-emisiones-2020-transporte-publico-sitp-redujo-emisiones-de-pm-2-5-en-un-37.html HTTP/1.1" 200 925
201.245.192.253 - - [30/Mar/2023:03:09:00 -0500] "POST /forms/lservlet;jsessionid=ac16012b30d6a27c0ff8516e43e0acd19dbe1ea61ef9.e3iSbxaKaheRe3uRa3iSa3mKci1ynknvrkLOlQzNp65In0 HTTP/1.1" 200 2
172.22.2.4 - - [30/Mar/2023:03:07:22 -0500] "HEAD /BLA/boletinlegal/ HTTP/1.1" 200 -
172.22.2.4 - - [30/Mar/2023:03:08:12 -0500] "GET /BLA/boletinlegal/ HTTP/1.1" 200 54798
52.167.144.43 - - [30/Mar/2023:03:10:33 -0500] "GET / HTTP/1.1" 200 4720
201.245.192.253 - - [30/Mar/2023:03:11:00 -0500] "POST /forms/lservlet;jsessionid=ac16012b30d6a27c0ff8516e43e0acd19dbe1ea61ef9.e3iSbxaKaheRe3uRa3iSa3mKci1ynknvrkLOlQzNp65In0 HTTP/1.1" 200 2
194.31.100.185 - - [30/Mar/2023:03:11:08 -0500] "GET /palmas-silvestres-secretaria-de-ambiente-inicia-campana-de-proteccion.html HTTP/1.1" 200 851
216.245.221.92 - - [30/Mar/2023:03:11:09 -0500] "HEAD / HTTP/1.1" 200 -
66.249.79.156 - - [30/Mar/2023:03:11:16 -0500] "-" 408 -
45.8.166.68 - - [30/Mar/2023:03:11:18 -0500] "GET /secretaria-de-ambiente-rinde-cuentas-este-viernes-31-de-marzo.html HTTP/1.1" 200 864
172.22.2.4 - - [30/Mar/2023:03:11:28 -0500] "GET /BLA/boletinlegal/actos.php HTTP/1.1" 200 9672
201.245.192.253 - - [30/Mar/2023:03:13:00 -0500] "POST /forms/lservlet;jsessionid=ac16012b30d6a27c0ff8516e43e0acd19dbe1ea61ef9.e3iSbxaKaheRe3uRa3iSa3mKci1ynknvrkLOlQzNp65In0 HTTP/1.1" 200 2
201.245.192.253 - - [30/Mar/2023:03:13:19 -0500] "POST /kwsrmcab/Wsrmcab  HTTP/1.1" 200 43001
69.171.249.10 - - [30/Mar/2023:03:13:31 -0500] "GET /images/calidaddeaire1.png HTTP/1.1" 200 158614
172.22.2.4 - - [30/Mar/2023:03:13:12 -0500] "HEAD /BLA/boletinlegal/ HTTP/1.1" 200 -
40.77.167.211 - - [30/Mar/2023:03:14:55 -0500] "GET /catalogoisis/ HTTP/1.1" 200 8575
201.245.192.253 - - [30/Mar/2023:03:15:00 -0500] "POST /forms/lservlet;jsessionid=ac16012b30d6a27c0ff8516e43e0acd19dbe1ea61ef9.e3iSbxaKaheRe3uRa3iSa3mKci1ynknvrkLOlQzNp65In0 HTTP/1.1" 200 2
34.91.4.40 - - [30/Mar/2023:03:15:18 -0500] "GET /inventario-de-emisiones-2020-transporte-publico-sitp-redujo-emisiones-de-pm-2-5-en-un-37.html HTTP/1.1" 200 925
172.22.2.4 - - [30/Mar/2023:03:14:02 -0500] "GET /BLA/boletinlegal/ HTTP/1.1" 200 55924
216.245.221.92 - - [30/Mar/2023:03:16:09 -0500] "HEAD / HTTP/1.1" 200 -
172.22.2.4 - - [30/Mar/2023:03:16:29 -0500] "GET /BLA/boletinlegal/actos.php HTTP/1.1" 200 9672
34.91.192.198 - - [30/Mar/2023:03:16:55 -0500] "GET /inventario-de-emisiones-2020-transporte-publico-sitp-redujo-emisiones-de-pm-2-5-en-un-37.html HTTP/1.1" 200 925
201.245.192.253 - - [30/Mar/2023:03:17:00 -0500] "POST /forms/lservlet;jsessionid=ac16012b30d6a27c0ff8516e43e0acd19dbe1ea61ef9.e3iSbxaKaheRe3uRa3iSa3mKci1ynknvrkLOlQzNp65In0 HTTP/1.1" 200 2
172.22.2.4 - - [30/Mar/2023:03:17:11 -0500] "GET /BLA/boletinlegal/actos.php HTTP/1.1" 200 9672
34.91.4.40 - - [30/Mar/2023:03:17:15 -0500] "GET /inventario-de-emisiones-2020-transporte-publico-sitp-redujo-emisiones-de-pm-2-5-en-un-37.html HTTP/1.1" 200 925
207.46.13.215 - - [30/Mar/2023:03:17:58 -0500] "GET /sia/ HTTP/1.1" 200 2661
52.167.144.167 - - [30/Mar/2023:03:18:09 -0500] "GET /css/bordes.css HTTP/1.1" 404 1018
40.77.167.80 - - [30/Mar/2023:03:18:16 -0500] "GET /css/date_blue.css HTTP/1.1" 404 1018
40.77.167.80 - - [30/Mar/2023:03:18:16 -0500] "GET /css/textos.css HTTP/1.1" 404 1018
201.245.192.253 - - [30/Mar/2023:03:18:18 -0500] "POST /kwsrmcab/Wsrmcab  HTTP/1.1" 200 43001
52.167.144.150 - - [30/Mar/2023:03:18:20 -0500] "GET /css/fondos.css HTTP/1.1" 404 1018
52.167.144.167 - - [30/Mar/2023:03:18:49 -0500] "GET /BLA/resoluciones/index.php?dir=RESOLUCIONES+2023%2F HTTP/1.1" 200 11738
201.245.192.253 - - [30/Mar/2023:03:19:00 -0500] "POST /forms/lservlet;jsessionid=ac16012b30d6a27c0ff8516e43e0acd19dbe1ea61ef9.e3iSbxaKaheRe3uRa3iSa3mKci1ynknvrkLOlQzNp65In0 HTTP/1.1" 200 2
201.245.192.253 - - [30/Mar/2023:03:19:47 -0500] "POST /kwsrmcab/Wsrmcab HTTP/1.1" 200 42248
201.245.192.253 - - [30/Mar/2023:03:19:50 -0500] "POST /kwsrmcab/Wsrmcab HTTP/1.1" 200 43002
172.22.2.4 - - [30/Mar/2023:03:19:02 -0500] "HEAD /BLA/boletinlegal/ HTTP/1.1" 200 -
201.245.192.253 - - [30/Mar/2023:03:21:00 -0500] "POST /forms/lservlet;jsessionid=ac16012b30d6a27c0ff8516e43e0acd19dbe1ea61ef9.e3iSbxaKaheRe3uRa3iSa3mKci1ynknvrkLOlQzNp65In0 HTTP/1.1" 200 2
216.245.221.92 - - [30/Mar/2023:03:21:09 -0500] "HEAD / HTTP/1.1" 200 -
185.191.171.25 - - [30/Mar/2023:03:21:10 -0500] "-" 408 -
185.191.171.25 - - [30/Mar/2023:03:21:25 -0500] "-" 408 -
172.22.2.4 - - [30/Mar/2023:03:19:52 -0500] "GET /BLA/boletinlegal/ HTTP/1.1" 200 54798
66.249.79.154 - - [30/Mar/2023:03:22:39 -0500] "-" 408 -
201.245.192.253 - - [30/Mar/2023:03:23:00 -0500] "POST /forms/lservlet;jsessionid=ac16012b30d6a27c0ff8516e43e0acd19dbe1ea61ef9.e3iSbxaKaheRe3uRa3iSa3mKci1ynknvrkLOlQzNp65In0 HTTP/1.1" 200 2
201.245.192.253 - - [30/Mar/2023:03:23:17 -0500] "POST /kwsrmcab/Wsrmcab  HTTP/1.1" 200 43001
179.43.177.242 - - [30/Mar/2023:03:23:30 -0500] "GET / HTTP/1.1" 200 319
40.77.167.211 - - [30/Mar/2023:03:24:23 -0500] "GET /BLA/resoluciones/AUTOS%202021/5883.pdf HTTP/1.1" 304 -
201.245.192.253 - - [30/Mar/2023:03:25:00 -0500] "POST /forms/lservlet;jsessionid=ac16012b30d6a27c0ff8516e43e0acd19dbe1ea61ef9.e3iSbxaKaheRe3uRa3iSa3mKci1ynknvrkLOlQzNp65In0 HTTP/1.1" 200 2
40.77.167.80 - - [30/Mar/2023:03:25:17 -0500] "GET /BLA/resoluciones/RESOLUCIONES%202021/3546.pdf HTTP/1.1" 200 348796
216.245.221.92 - - [30/Mar/2023:03:26:09 -0500] "HEAD / HTTP/1.1" 200 -
40.77.167.211 - - [30/Mar/2023:03:26:17 -0500] "GET /BLA/resoluciones/AUTOS%202013/2564.pdf HTTP/1.1" 200 656668
172.22.2.4 - - [30/Mar/2023:03:24:52 -0500] "HEAD /BLA/boletinlegal/ HTTP/1.1" 200 -
201.245.192.253 - - [30/Mar/2023:03:27:00 -0500] "POST /forms/lservlet;jsessionid=ac16012b30d6a27c0ff8516e43e0acd19dbe1ea61ef9.e3iSbxaKaheRe3uRa3iSa3mKci1ynknvrkLOlQzNp65In0 HTTP/1.1" 200 2
172.22.2.4 - - [30/Mar/2023:03:25:42 -0500] "GET /BLA/boletinlegal/ HTTP/1.1" 200 59296
201.245.192.253 - - [30/Mar/2023:03:28:14 -0500] "POST /kwsrmcab/Wsrmcab  HTTP/1.1" 200 43001
201.245.192.253 - - [30/Mar/2023:03:29:00 -0500] "POST /forms/lservlet;jsessionid=ac16012b30d6a27c0ff8516e43e0acd19dbe1ea61ef9.e3iSbxaKaheRe3uRa3iSa3mKci1ynknvrkLOlQzNp65In0 HTTP/1.1" 200 2
201.245.192.253 - - [30/Mar/2023:03:29:46 -0500] "POST /kwsrmcab/Wsrmcab HTTP/1.1" 200 42248
201.245.192.253 - - [30/Mar/2023:03:29:49 -0500] "POST /kwsrmcab/Wsrmcab HTTP/1.1" 200 43002
162.55.175.138 - - [30/Mar/2023:03:30:51 -0500] "GET / HTTP/1.1" 200 319
162.55.175.138 - - [30/Mar/2023:03:30:51 -0500] "GET / HTTP/1.1" 200 4720
201.245.192.253 - - [30/Mar/2023:03:31:00 -0500] "POST /forms/lservlet;jsessionid=ac16012b30d6a27c0ff8516e43e0acd19dbe1ea61ef9.e3iSbxaKaheRe3uRa3iSa3mKci1ynknvrkLOlQzNp65In0 HTTP/1.1" 200 2
216.245.221.92 - - [30/Mar/2023:03:31:09 -0500] "HEAD / HTTP/1.1" 200 -
172.22.2.4 - - [30/Mar/2023:03:30:42 -0500] "HEAD /BLA/boletinlegal/ HTTP/1.1" 200 -
201.245.192.253 - - [30/Mar/2023:03:33:00 -0500] "POST /forms/lservlet;jsessionid=ac16012b30d6a27c0ff8516e43e0acd19dbe1ea61ef9.e3iSbxaKaheRe3uRa3iSa3mKci1ynknvrkLOlQzNp65In0 HTTP/1.1" 200 2
172.22.2.4 - - [30/Mar/2023:03:31:32 -0500] "GET /BLA/boletinlegal/ HTTP/1.1" 200 52720
201.245.192.253 - - [30/Mar/2023:03:33:12 -0500] "POST /kwsrmcab/Wsrmcab  HTTP/1.1" 200 43001
65.154.226.170 - - [30/Mar/2023:03:34:31 -0500] "GET /bla/resoluciones/resoluciones%202021/1346.pdf HTTP/1.1" 200 387959
84.39.201.62 - - [30/Mar/2023:03:34:35 -0500] "GET /palmas-silvestres-secretaria-de-ambiente-inicia-campana-de-proteccion.html HTTP/1.1" 200 851
37.61.230.226 - - [30/Mar/2023:03:34:37 -0500] "GET /secretaria-de-ambiente-rinde-cuentas-este-viernes-31-de-marzo.html HTTP/1.1" 200 864
201.245.192.253 - - [30/Mar/2023:03:35:00 -0500] "POST /forms/lservlet;jsessionid=ac16012b30d6a27c0ff8516e43e0acd19dbe1ea61ef9.e3iSbxaKaheRe3uRa3iSa3mKci1ynknvrkLOlQzNp65In0 HTTP/1.1" 200 2
194.156.138.2 - - [30/Mar/2023:03:35:16 -0500] "GET /images/palma-silvestre_optimized.jpeg HTTP/1.1" 200 46816
84.39.201.89 - - [30/Mar/2023:03:35:18 -0500] "GET /images/rendicion-de-cuentas-post-01-02-(1)_optimized.jpg HTTP/1.1" 200 121430
66.249.66.81 - - [30/Mar/2023:03:35:59 -0500] "-" 408 -
52.167.144.46 - - [30/Mar/2023:03:36:02 -0500] "GET /BLA/resoluciones/ HTTP/1.1" 200 13502
216.245.221.92 - - [30/Mar/2023:03:36:09 -0500] "HEAD / HTTP/1.1" 200 -
201.245.192.253 - - [30/Mar/2023:03:37:00 -0500] "POST /forms/lservlet;jsessionid=ac16012b30d6a27c0ff8516e43e0acd19dbe1ea61ef9.e3iSbxaKaheRe3uRa3iSa3mKci1ynknvrkLOlQzNp65In0 HTTP/1.1" 200 2
201.245.192.253 - - [30/Mar/2023:03:38:09 -0500] "POST /kwsrmcab/Wsrmcab  HTTP/1.1" 200 43001
172.22.2.4 - - [30/Mar/2023:03:36:32 -0500] "HEAD /BLA/boletinlegal/ HTTP/1.1" 200 -
201.245.192.253 - - [30/Mar/2023:03:39:00 -0500] "POST /forms/lservlet;jsessionid=ac16012b30d6a27c0ff8516e43e0acd19dbe1ea61ef9.e3iSbxaKaheRe3uRa3iSa3mKci1ynknvrkLOlQzNp65In0 HTTP/1.1" 200 2
172.22.2.4 - - [30/Mar/2023:03:37:22 -0500] "GET /BLA/boletinlegal/ HTTP/1.1" 200 53551
201.245.192.253 - - [30/Mar/2023:03:39:47 -0500] "POST /kwsrmcab/Wsrmcab HTTP/1.1" 200 42248
201.245.192.253 - - [30/Mar/2023:03:39:50 -0500] "GET /kwsrmcab/Wsrmcab?wsdl HTTP/1.1" 200 6948
201.245.192.253 - - [30/Mar/2023:03:39:50 -0500] "POST /kwsrmcab/Wsrmcab HTTP/1.1" 200 43002
201.245.192.253 - - [30/Mar/2023:03:41:00 -0500] "POST /forms/lservlet;jsessionid=ac16012b30d6a27c0ff8516e43e0acd19dbe1ea61ef9.e3iSbxaKaheRe3uRa3iSa3mKci1ynknvrkLOlQzNp65In0 HTTP/1.1" 200 2
216.245.221.92 - - [30/Mar/2023:03:41:09 -0500] "HEAD / HTTP/1.1" 200 -
201.245.192.253 - - [30/Mar/2023:03:43:00 -0500] "POST /forms/lservlet;jsessionid=ac16012b30d6a27c0ff8516e43e0acd19dbe1ea61ef9.e3iSbxaKaheRe3uRa3iSa3mKci1ynknvrkLOlQzNp65In0 HTTP/1.1" 200 2
201.245.192.253 - - [30/Mar/2023:03:43:08 -0500] "POST /kwsrmcab/Wsrmcab  HTTP/1.1" 200 43001
190.145.240.68 - - [30/Mar/2023:03:43:41 -0500] "GET /BLA/resoluciones/index.php?dir=RESOLUCIONES+2019%2F HTTP/1.1" 200 16331
40.77.167.211 - - [30/Mar/2023:03:44:01 -0500] "GET /BLA/resoluciones/AUTOS%202021/1402.pdf HTTP/1.1" 304 -
172.22.2.4 - - [30/Mar/2023:03:42:22 -0500] "HEAD /BLA/boletinlegal/ HTTP/1.1" 200 -
45.191.47.3 - - [30/Mar/2023:03:44:08 -0500] "GET /BLA/resoluciones/index.php?dir=RESOLUCIONES+2019%2F HTTP/1.1" 200 250856
45.191.47.3 - - [30/Mar/2023:03:44:09 -0500] "GET /BLA/resoluciones/dlf/styles.css HTTP/1.1" 200 3049
45.191.47.3 - - [30/Mar/2023:03:44:09 -0500] "GET /BLA/resoluciones/dlf/dirup.png HTTP/1.1" 200 644
45.191.47.3 - - [30/Mar/2023:03:44:09 -0500] "GET /BLA/resoluciones/dlf/pdf.gif HTTP/1.1" 200 272
45.191.47.3 - - [30/Mar/2023:03:44:09 -0500] "GET /BLA/resoluciones/dlf/bg.gif HTTP/1.1" 200 54
45.191.47.3 - - [30/Mar/2023:03:44:09 -0500] "GET /favicon.ico HTTP/1.1" 200 7782
45.191.47.3 - - [30/Mar/2023:03:44:11 -0500] "GET /BLA/resoluciones/index.php HTTP/1.1" 200 13502
45.191.47.3 - - [30/Mar/2023:03:44:12 -0500] "GET /BLA/resoluciones/dlf/folder.png HTTP/1.1" 200 410
45.191.47.3 - - [30/Mar/2023:03:44:14 -0500] "GET /BLA/resoluciones/index.php?dir=RESOLUCIONES+2009%2F HTTP/1.1" 200 1694101
172.22.2.4 - - [30/Mar/2023:03:44:21 -0500] "GET /BLA/boletinlegal/Circulares/2020/CIRCULAR%20No.%2000014%20del%2001%20de%20septiembre%20del%202020.pdf HTTP/1.1" 304 -
45.191.47.3 - - [30/Mar/2023:03:44:40 -0500] "GET /BLA/resoluciones/index.php HTTP/1.1" 200 13502
45.191.47.3 - - [30/Mar/2023:03:44:43 -0500] "GET /BLA/resoluciones/index.php?dir=RESOLUCIONES+2009%2F HTTP/1.1" 200 1694101
172.22.2.4 - - [30/Mar/2023:03:43:12 -0500] "GET /BLA/boletinlegal/ HTTP/1.1" 200 54414
201.245.192.253 - - [30/Mar/2023:03:45:01 -0500] "POST /forms/lservlet;jsessionid=ac16012b30d6a27c0ff8516e43e0acd19dbe1ea61ef9.e3iSbxaKaheRe3uRa3iSa3mKci1ynknvrkLOlQzNp65In0 HTTP/1.1" 200 2
45.191.47.3 - - [30/Mar/2023:03:45:14 -0500] "GET /BLA/resoluciones/RESOLUCIONES%202009/4573.pdf HTTP/1.1" 200 3033915
45.191.47.3 - - [30/Mar/2023:03:46:04 -0500] "GET /BLA/resoluciones/index.php?dir=RESOLUCIONES+2019%2F HTTP/1.1" 200 250856
45.191.47.3 - - [30/Mar/2023:03:46:04 -0500] "GET /BLA/resoluciones/dlf/styles.css HTTP/1.1" 200 3049
45.191.47.3 - - [30/Mar/2023:03:46:04 -0500] "GET /BLA/resoluciones/dlf/pdf.gif HTTP/1.1" 200 272
45.191.47.3 - - [30/Mar/2023:03:46:04 -0500] "GET /BLA/resoluciones/dlf/dirup.png HTTP/1.1" 200 644
45.191.47.3 - - [30/Mar/2023:03:46:04 -0500] "GET /BLA/resoluciones/dlf/bg.gif HTTP/1.1" 200 54
216.245.221.92 - - [30/Mar/2023:03:46:09 -0500] "HEAD / HTTP/1.1" 200 -
201.245.192.253 - - [30/Mar/2023:03:47:01 -0500] "POST /forms/lservlet;jsessionid=ac16012b30d6a27c0ff8516e43e0acd19dbe1ea61ef9.e3iSbxaKaheRe3uRa3iSa3mKci1ynknvrkLOlQzNp65In0 HTTP/1.1" 200 2
201.245.192.253 - - [30/Mar/2023:03:48:07 -0500] "POST /kwsrmcab/Wsrmcab  HTTP/1.1" 200 43001
201.245.192.253 - - [30/Mar/2023:03:49:00 -0500] "POST /forms/lservlet;jsessionid=ac16012b30d6a27c0ff8516e43e0acd19dbe1ea61ef9.e3iSbxaKaheRe3uRa3iSa3mKci1ynknvrkLOlQzNp65In0 HTTP/1.1" 200 2
52.167.144.167 - - [30/Mar/2023:03:49:44 -0500] "GET /BLA/resoluciones/AUTOS%202021/0742.pdf HTTP/1.1" 304 -
172.22.2.4 - - [30/Mar/2023:03:48:12 -0500] "HEAD /BLA/boletinlegal/ HTTP/1.1" 200 -
172.22.2.4 - - [30/Mar/2023:03:49:02 -0500] "GET /BLA/boletinlegal/ HTTP/1.1" 200 52316
201.245.192.253 - - [30/Mar/2023:03:51:01 -0500] "POST /forms/lservlet;jsessionid=ac16012b30d6a27c0ff8516e43e0acd19dbe1ea61ef9.e3iSbxaKaheRe3uRa3iSa3mKci1ynknvrkLOlQzNp65In0 HTTP/1.1" 200 2
216.245.221.92 - - [30/Mar/2023:03:51:09 -0500] "HEAD / HTTP/1.1" 200 -
52.167.144.150 - - [30/Mar/2023:03:51:40 -0500] "GET /BLA/resoluciones/AUTOS%202014/6369.pdf HTTP/1.1" 200 726319
201.245.192.253 - - [30/Mar/2023:03:53:01 -0500] "POST /forms/lservlet;jsessionid=ac16012b30d6a27c0ff8516e43e0acd19dbe1ea61ef9.e3iSbxaKaheRe3uRa3iSa3mKci1ynknvrkLOlQzNp65In0 HTTP/1.1" 200 2
201.245.192.253 - - [30/Mar/2023:03:53:06 -0500] "POST /kwsrmcab/Wsrmcab  HTTP/1.1" 200 43001
66.249.79.155 - - [30/Mar/2023:03:53:10 -0500] "-" 408 -
201.245.192.253 - - [30/Mar/2023:03:55:01 -0500] "POST /forms/lservlet;jsessionid=ac16012b30d6a27c0ff8516e43e0acd19dbe1ea61ef9.e3iSbxaKaheRe3uRa3iSa3mKci1ynknvrkLOlQzNp65In0 HTTP/1.1" 200 2
172.22.2.4 - - [30/Mar/2023:03:54:02 -0500] "HEAD /BLA/boletinlegal/ HTTP/1.1" 200 -
216.245.221.92 - - [30/Mar/2023:03:56:09 -0500] "HEAD / HTTP/1.1" 200 -
172.22.2.4 - - [30/Mar/2023:03:54:52 -0500] "GET /BLA/boletinlegal/ HTTP/1.1" 200 57551
172.22.2.4 - - [30/Mar/2023:03:56:42 -0500] "GET /BLA/boletinlegal/actos.php HTTP/1.1" 200 9672
201.245.192.253 - - [30/Mar/2023:03:57:01 -0500] "POST /forms/lservlet;jsessionid=ac16012b30d6a27c0ff8516e43e0acd19dbe1ea61ef9.e3iSbxaKaheRe3uRa3iSa3mKci1ynknvrkLOlQzNp65In0 HTTP/1.1" 200 2
172.22.2.4 - - [30/Mar/2023:03:57:47 -0500] "GET /BLA/boletinlegal/actos.php HTTP/1.1" 200 9672
201.245.192.253 - - [30/Mar/2023:03:58:05 -0500] "POST /kwsrmcab/Wsrmcab  HTTP/1.1" 200 43001
35.204.254.224 - - [30/Mar/2023:03:58:29 -0500] "GET /inventario-de-emisiones-2020-transporte-publico-sitp-redujo-emisiones-de-pm-2-5-en-un-37.html HTTP/1.1" 200 925
201.245.192.253 - - [30/Mar/2023:03:59:01 -0500] "POST /forms/lservlet;jsessionid=ac16012b30d6a27c0ff8516e43e0acd19dbe1ea61ef9.e3iSbxaKaheRe3uRa3iSa3mKci1ynknvrkLOlQzNp65In0 HTTP/1.1" 200 2
207.46.13.215 - - [30/Mar/2023:03:59:31 -0500] "GET /BLA/resoluciones/RESOLUCIONES%202016/2023.pdf HTTP/1.1" 304 -
201.245.192.253 - - [30/Mar/2023:04:01:01 -0500] "POST /forms/lservlet;jsessionid=ac16012b30d6a27c0ff8516e43e0acd19dbe1ea61ef9.e3iSbxaKaheRe3uRa3iSa3mKci1ynknvrkLOlQzNp65In0 HTTP/1.1" 200 2
216.245.221.92 - - [30/Mar/2023:04:01:09 -0500] "HEAD / HTTP/1.1" 200 -
172.22.2.4 - - [30/Mar/2023:03:59:52 -0500] "HEAD /BLA/boletinlegal/ HTTP/1.1" 200 -
172.22.2.4 - - [30/Mar/2023:04:00:42 -0500] "GET /BLA/boletinlegal/ HTTP/1.1" 200 57551
201.245.192.253 - - [30/Mar/2023:04:03:01 -0500] "POST /forms/lservlet;jsessionid=ac16012b30d6a27c0ff8516e43e0acd19dbe1ea61ef9.e3iSbxaKaheRe3uRa3iSa3mKci1ynknvrkLOlQzNp65In0 HTTP/1.1" 200 2
201.245.192.253 - - [30/Mar/2023:04:03:04 -0500] "POST /kwsrmcab/Wsrmcab  HTTP/1.1" 200 43001
201.245.192.253 - - [30/Mar/2023:04:05:01 -0500] "POST /forms/lservlet;jsessionid=ac16012b30d6a27c0ff8516e43e0acd19dbe1ea61ef9.e3iSbxaKaheRe3uRa3iSa3mKci1ynknvrkLOlQzNp65In0 HTTP/1.1" 200 2
216.245.221.92 - - [30/Mar/2023:04:06:09 -0500] "HEAD / HTTP/1.1" 200 -
201.245.192.253 - - [30/Mar/2023:04:07:01 -0500] "POST /forms/lservlet;jsessionid=ac16012b30d6a27c0ff8516e43e0acd19dbe1ea61ef9.e3iSbxaKaheRe3uRa3iSa3mKci1ynknvrkLOlQzNp65In0 HTTP/1.1" 200 2
172.22.2.4 - - [30/Mar/2023:04:05:42 -0500] "HEAD /BLA/boletinlegal/ HTTP/1.1" 200 -
201.245.192.253 - - [30/Mar/2023:04:08:03 -0500] "POST /kwsrmcab/Wsrmcab  HTTP/1.1" 200 43001
172.22.2.4 - - [30/Mar/2023:04:06:34 -0500] "GET /BLA/boletinlegal/ HTTP/1.1" 200 57551
173.252.95.21 - - [30/Mar/2023:04:08:33 -0500] "GET /images/coop-inter-1_optimized.jpeg HTTP/1.1" 200 130861
201.245.192.253 - - [30/Mar/2023:04:09:01 -0500] "POST /forms/lservlet;jsessionid=ac16012b30d6a27c0ff8516e43e0acd19dbe1ea61ef9.e3iSbxaKaheRe3uRa3iSa3mKci1ynknvrkLOlQzNp65In0 HTTP/1.1" 200 2
201.245.192.253 - - [30/Mar/2023:04:11:01 -0500] "POST /forms/lservlet;jsessionid=ac16012b30d6a27c0ff8516e43e0acd19dbe1ea61ef9.e3iSbxaKaheRe3uRa3iSa3mKci1ynknvrkLOlQzNp65In0 HTTP/1.1" 200 2
216.245.221.92 - - [30/Mar/2023:04:11:09 -0500] "HEAD / HTTP/1.1" 200 -
201.245.192.253 - - [30/Mar/2023:04:13:01 -0500] "POST /forms/lservlet;jsessionid=ac16012b30d6a27c0ff8516e43e0acd19dbe1ea61ef9.e3iSbxaKaheRe3uRa3iSa3mKci1ynknvrkLOlQzNp65In0 HTTP/1.1" 200 2
201.245.192.253 - - [30/Mar/2023:04:13:02 -0500] "POST /kwsrmcab/Wsrmcab  HTTP/1.1" 200 43001
172.22.2.4 - - [30/Mar/2023:04:11:33 -0500] "HEAD /BLA/boletinlegal/ HTTP/1.1" 200 -
172.22.2.4 - - [30/Mar/2023:04:12:23 -0500] "GET /BLA/boletinlegal/ HTTP/1.1" 200 58297
52.167.144.167 - - [30/Mar/2023:04:14:55 -0500] "GET /BLA/resoluciones/index.php?dir=RESOLUCIONES+2023%2F HTTP/1.1" 200 11738
201.245.192.253 - - [30/Mar/2023:04:15:01 -0500] "POST /forms/lservlet;jsessionid=ac16012b30d6a27c0ff8516e43e0acd19dbe1ea61ef9.e3iSbxaKaheRe3uRa3iSa3mKci1ynknvrkLOlQzNp65In0 HTTP/1.1" 200 2
65.154.226.166 - - [30/Mar/2023:04:15:11 -0500] "GET /portaldeninos/wp-content/themes/betheme/style.css?ver=20.9.6 HTTP/1.1" 200 287
65.154.226.166 - - [30/Mar/2023:04:15:11 -0500] "GET /portaldeninos/wp-content/uploads/useanyfont/uaf.css?ver=1589905315 HTTP/1.1" 200 408
65.154.226.166 - - [30/Mar/2023:04:15:11 -0500] "GET /portaldeninos/wp-content/plugins/gallery-videos/CSS/Total-Soft-Gallery-Video-Widget.css?ver=4.9.8 HTTP/1.1" 200 51554
65.154.226.166 - - [30/Mar/2023:04:15:11 -0500] "GET /portaldeninos/wp-content/plugins/gallery-videos/CSS/totalsoft.css?ver=4.9.8 HTTP/1.1" 200 40622
65.154.226.166 - - [30/Mar/2023:04:15:11 -0500] "GET /portaldeninos/wp-content/themes/betheme/css/base.css?ver=20.9.6 HTTP/1.1" 200 57283
65.154.226.166 - - [30/Mar/2023:04:15:13 -0500] "GET /portaldeninos/wp-content/themes/betheme/assets/animations/animations.min.css?ver=20.9.6 HTTP/1.1" 200 58508
65.154.226.166 - - [30/Mar/2023:04:15:15 -0500] "GET /portaldeninos/wp-content/themes/betheme/assets/jplayer/css/jplayer.blue.monday.css?ver=20.9.6 HTTP/1.1" 200 9834
65.154.226.166 - - [30/Mar/2023:04:15:15 -0500] "GET /portaldeninos/wp-content/themes/betheme/assets/ui/jquery.ui.all.css?ver=20.9.6 HTTP/1.1" 200 18765
65.154.226.166 - - [30/Mar/2023:04:15:15 -0500] "GET /portaldeninos/wp-includes/js/jquery/jquery-migrate.min.js?ver=1.4.1 HTTP/1.1" 200 10056
65.154.226.166 - - [30/Mar/2023:04:15:15 -0500] "GET /portaldeninos/wp-content/plugins/google-analytics-for-wordpress/assets/js/frontend-gtag.min.js?ver=8.5.0 HTTP/1.1" 200 11801
65.154.226.166 - - [30/Mar/2023:04:15:11 -0500] "GET /portaldeninos/wp-content/themes/betheme/css/layout.css?ver=20.9.6 HTTP/1.1" 200 116639
65.154.226.166 - - [30/Mar/2023:04:15:15 -0500] "GET /portaldeninos/wp-includes/js/jquery/ui/core.min.js?ver=1.11.4 HTTP/1.1" 200 4000
65.154.226.166 - - [30/Mar/2023:04:15:15 -0500] "GET /portaldeninos/wp-content/themes/betheme/css/responsive.css?ver=20.9.6 HTTP/1.1" 200 55740
65.154.226.166 - - [30/Mar/2023:04:15:15 -0500] "GET /portaldeninos/wp-content/plugins/gallery-videos/JS/modernizr.custom.js?ver=4.9.8 HTTP/1.1" 200 9019
65.154.226.166 - - [30/Mar/2023:04:15:13 -0500] "GET /portaldeninos/wp-content/themes/betheme/css/shortcodes.css?ver=20.9.6 HTTP/1.1" 200 138889
65.154.226.166 - - [30/Mar/2023:04:15:16 -0500] "GET /portaldeninos/wp-includes/js/jquery/ui/widget.min.js?ver=1.11.4 HTTP/1.1" 200 6908
65.154.226.166 - - [30/Mar/2023:04:15:16 -0500] "GET /portaldeninos/wp-includes/js/jquery/ui/mouse.min.js?ver=1.11.4 HTTP/1.1" 200 3148
65.154.226.166 - - [30/Mar/2023:04:15:15 -0500] "GET /portaldeninos/wp-content/plugins/gallery-videos/JS/Total-Soft-Gallery-Video-Widget.js?ver=4.9.8 HTTP/1.1" 200 80264
65.154.226.166 - - [30/Mar/2023:04:15:16 -0500] "GET /portaldeninos/wp-includes/js/jquery/ui/accordion.min.js?ver=1.11.4 HTTP/1.1" 200 8584
65.154.226.166 - - [30/Mar/2023:04:15:16 -0500] "GET /portaldeninos/wp-includes/js/jquery/ui/tabs.min.js?ver=1.11.4 HTTP/1.1" 200 12110
65.154.226.166 - - [30/Mar/2023:04:15:16 -0500] "GET /portaldeninos/wp-content/themes/betheme/js/menu.js?ver=20.9.6 HTTP/1.1" 200 2449
65.154.226.166 - - [30/Mar/2023:04:15:16 -0500] "GET /portaldeninos/wp-includes/js/jquery/ui/sortable.min.js?ver=1.11.4 HTTP/1.1" 200 24899
65.154.226.166 - - [30/Mar/2023:04:15:16 -0500] "GET /portaldeninos/wp-content/themes/betheme/assets/animations/animations.min.js?ver=20.9.6 HTTP/1.1" 200 1896
65.154.226.166 - - [30/Mar/2023:04:15:16 -0500] "GET /portaldeninos/wp-includes/js/wp-embed.min.js?ver=4.9.8 HTTP/1.1" 200 1398
65.154.226.166 - - [30/Mar/2023:04:15:16 -0500] "GET /portaldeninos/wp-includes/js/wp-emoji-release.min.js?ver=4.9.8 HTTP/1.1" 200 12026
65.154.226.166 - - [30/Mar/2023:04:15:16 -0500] "GET /portaldeninos/wp-content/themes/betheme/assets/jplayer/jplayer.min.js?ver=20.9.6 HTTP/1.1" 200 52702
65.154.226.166 - - [30/Mar/2023:04:15:16 -0500] "GET /portaldeninos/wp-content/themes/betheme/js/scripts.js?ver=20.9.6 HTTP/1.1" 200 77162
65.154.226.166 - - [30/Mar/2023:04:15:15 -0500] "GET /portaldeninos/wp-includes/js/jquery/jquery.js?ver=1.12.4 HTTP/1.1" 200 97184
65.154.226.166 - - [30/Mar/2023:04:15:17 -0500] "GET /portaldeninos/wp-content/themes/betheme/images/box_shadow.png HTTP/1.1" 200 108
65.154.226.166 - - [30/Mar/2023:04:15:17 -0500] "GET /portaldeninos/wp-content/themes/betheme/fonts/mfn-icons.woff?93978679 HTTP/1.1" 200 80932
65.154.226.166 - - [30/Mar/2023:04:15:17 -0500] "GET /portaldeninos/wp-content/themes/betheme/fonts/mfn-icons.ttf?93978679 HTTP/1.1" 200 124684
65.154.226.166 - - [30/Mar/2023:04:15:16 -0500] "GET /portaldeninos/wp-content/themes/betheme/js/plugins.js?ver=20.9.6 HTTP/1.1" 200 197151
216.245.221.92 - - [30/Mar/2023:04:16:09 -0500] "HEAD / HTTP/1.1" 200 -
193.32.162.159 - - [30/Mar/2023:04:16:43 -0500] "GET / HTTP/1.1" 200 319
193.32.162.159 - - [30/Mar/2023:04:16:54 -0500] "GET /dispatch.asp HTTP/1.1" 404 1018
201.245.192.253 - - [30/Mar/2023:04:17:01 -0500] "POST /forms/lservlet;jsessionid=ac16012b30d6a27c0ff8516e43e0acd19dbe1ea61ef9.e3iSbxaKaheRe3uRa3iSa3mKci1ynknvrkLOlQzNp65In0 HTTP/1.1" 200 2
52.167.144.150 - - [30/Mar/2023:04:17:41 -0500] "GET /BLA/resoluciones/RESOLUCIONES%202021/0854.pdf HTTP/1.1" 200 355718
201.245.192.253 - - [30/Mar/2023:04:18:01 -0500] "POST /kwsrmcab/Wsrmcab  HTTP/1.1" 200 43001
181.51.34.174 - - [30/Mar/2023:04:18:25 -0500] "GET /galeria/galeria/jquery.fancybox.css?v=2.1.5 HTTP/1.1" 200 4895
181.51.34.174 - - [30/Mar/2023:04:18:25 -0500] "GET /galeria/galeria/jquery.fancybox.js?v=2.1.5 HTTP/1.1" 200 48706
181.51.34.174 - - [30/Mar/2023:04:18:25 -0500] "GET /BLA/boletinlegal/js/jquery.scrollShow.js HTTP/1.1" 200 4586
201.245.192.253 - - [30/Mar/2023:04:19:01 -0500] "POST /forms/lservlet;jsessionid=ac16012b30d6a27c0ff8516e43e0acd19dbe1ea61ef9.e3iSbxaKaheRe3uRa3iSa3mKci1ynknvrkLOlQzNp65In0 HTTP/1.1" 200 2
172.22.2.4 - - [30/Mar/2023:04:17:23 -0500] "HEAD /BLA/boletinlegal/ HTTP/1.1" 200 -
201.245.192.253 - - [30/Mar/2023:04:19:46 -0500] "POST /kwsrmcab/Wsrmcab HTTP/1.1" 200 42524
201.245.192.253 - - [30/Mar/2023:04:19:49 -0500] "POST /kwsrmcab/Wsrmcab HTTP/1.1" 200 43165
172.22.2.4 - - [30/Mar/2023:04:18:13 -0500] "GET /BLA/boletinlegal/ HTTP/1.1" 200 57551
201.245.192.253 - - [30/Mar/2023:04:21:01 -0500] "POST /forms/lservlet;jsessionid=ac16012b30d6a27c0ff8516e43e0acd19dbe1ea61ef9.e3iSbxaKaheRe3uRa3iSa3mKci1ynknvrkLOlQzNp65In0 HTTP/1.1" 200 2
216.245.221.92 - - [30/Mar/2023:04:21:09 -0500] "HEAD / HTTP/1.1" 200 -
52.167.144.46 - - [30/Mar/2023:04:21:27 -0500] "GET /BLA/resoluciones/AUTOS%202022/5221.pdf HTTP/1.1" 200 761656
201.245.192.253 - - [30/Mar/2023:04:23:01 -0500] "POST /forms/lservlet;jsessionid=ac16012b30d6a27c0ff8516e43e0acd19dbe1ea61ef9.e3iSbxaKaheRe3uRa3iSa3mKci1ynknvrkLOlQzNp65In0 HTTP/1.1" 200 2
201.245.192.253 - - [30/Mar/2023:04:23:00 -0500] "POST /kwsrmcab/Wsrmcab  HTTP/1.1" 200 43001
172.22.2.4 - - [30/Mar/2023:04:23:13 -0500] "HEAD /BLA/boletinlegal/ HTTP/1.1" 200 -
201.245.192.253 - - [30/Mar/2023:04:25:01 -0500] "POST /forms/lservlet;jsessionid=ac16012b30d6a27c0ff8516e43e0acd19dbe1ea61ef9.e3iSbxaKaheRe3uRa3iSa3mKci1ynknvrkLOlQzNp65In0 HTTP/1.1" 200 2
172.22.2.4 - - [30/Mar/2023:04:24:03 -0500] "GET /BLA/boletinlegal/ HTTP/1.1" 200 56744
216.245.221.92 - - [30/Mar/2023:04:26:09 -0500] "HEAD / HTTP/1.1" 200 -
173.252.107.10 - - [30/Mar/2023:04:26:56 -0500] "GET /mujeres-que-reverdecen-secretaria-de-ambiente-anuncia-el-inicio-de-la-tercera-fase.html HTTP/1.1" 206 954
201.245.192.253 - - [30/Mar/2023:04:27:01 -0500] "POST /forms/lservlet;jsessionid=ac16012b30d6a27c0ff8516e43e0acd19dbe1ea61ef9.e3iSbxaKaheRe3uRa3iSa3mKci1ynknvrkLOlQzNp65In0 HTTP/1.1" 200 2
201.245.192.253 - - [30/Mar/2023:04:27:59 -0500] "POST /kwsrmcab/Wsrmcab  HTTP/1.1" 200 43001
40.77.167.211 - - [30/Mar/2023:04:28:14 -0500] "GET /BLA/resoluciones/AUTOS%202022/1123.pdf HTTP/1.1" 304 -
201.245.192.253 - - [30/Mar/2023:04:30:01 -0500] "POST /forms/lservlet;jsessionid=ac16012b30d6a27c0ff8516e43e0acd19dbe1ea61ef9.e3iSbxaKaheRe3uRa3iSa3mKci1ynknvrkLOlQzNp65In0 HTTP/1.1" 200 2
201.245.192.253 - - [30/Mar/2023:04:30:46 -0500] "POST /kwsrmcab/Wsrmcab HTTP/1.1" 200 42524
201.245.192.253 - - [30/Mar/2023:04:30:49 -0500] "POST /kwsrmcab/Wsrmcab HTTP/1.1" 200 43165
172.22.2.4 - - [30/Mar/2023:04:28:50 -0500] "GET /BLA/boletinlegal/ HTTP/1.1" 200 55561
45.81.243.34 - - [30/Mar/2023:04:31:43 -0500] "GET / HTTP/1.1" 200 319
172.22.2.4 - - [30/Mar/2023:04:30:03 -0500] "HEAD /BLA/boletinlegal/ HTTP/1.1" 200 -
45.81.243.34 - - [30/Mar/2023:04:31:45 -0500] "POST /HNAP1/ HTTP/1.1" 404 1018
201.245.192.253 - - [30/Mar/2023:04:32:01 -0500] "POST /forms/lservlet;jsessionid=ac16012b30d6a27c0ff8516e43e0acd19dbe1ea61ef9.e3iSbxaKaheRe3uRa3iSa3mKci1ynknvrkLOlQzNp65In0 HTTP/1.1" 200 2
216.245.221.92 - - [30/Mar/2023:04:32:09 -0500] "HEAD / HTTP/1.1" 200 -
172.22.2.4 - - [30/Mar/2023:04:30:54 -0500] "GET /BLA/boletinlegal/ HTTP/1.1" 200 54798
186.31.119.138 - - [30/Mar/2023:04:32:51 -0500] "-" 408 -
201.245.192.253 - - [30/Mar/2023:04:33:58 -0500] "POST /kwsrmcab/Wsrmcab  HTTP/1.1" 200 43001
201.245.192.253 - - [30/Mar/2023:04:34:01 -0500] "POST /forms/lservlet;jsessionid=ac16012b30d6a27c0ff8516e43e0acd19dbe1ea61ef9.e3iSbxaKaheRe3uRa3iSa3mKci1ynknvrkLOlQzNp65In0 HTTP/1.1" 200 2
201.245.192.253 - - [30/Mar/2023:04:36:01 -0500] "POST /forms/lservlet;jsessionid=ac16012b30d6a27c0ff8516e43e0acd19dbe1ea61ef9.e3iSbxaKaheRe3uRa3iSa3mKci1ynknvrkLOlQzNp65In0 HTTP/1.1" 200 2
66.249.79.154 - - [30/Mar/2023:04:36:51 -0500] "-" 408 -
216.245.221.92 - - [30/Mar/2023:04:37:09 -0500] "HEAD / HTTP/1.1" 200 -
172.22.2.4 - - [30/Mar/2023:04:35:53 -0500] "HEAD /BLA/boletinlegal/ HTTP/1.1" 200 -
201.245.192.253 - - [30/Mar/2023:04:38:01 -0500] "POST /forms/lservlet;jsessionid=ac16012b30d6a27c0ff8516e43e0acd19dbe1ea61ef9.e3iSbxaKaheRe3uRa3iSa3mKci1ynknvrkLOlQzNp65In0 HTTP/1.1" 200 2
172.22.2.4 - - [30/Mar/2023:04:36:44 -0500] "GET /BLA/boletinlegal/ HTTP/1.1" 200 52316
172.22.2.4 - - [30/Mar/2023:04:38:26 -0500] "GET /BLA/boletinlegal/actos.php HTTP/1.1" 200 9672
201.245.192.253 - - [30/Mar/2023:04:38:59 -0500] "POST /kwsrmcab/Wsrmcab  HTTP/1.1" 200 43001
201.245.192.253 - - [30/Mar/2023:04:40:01 -0500] "POST /forms/lservlet;jsessionid=ac16012b30d6a27c0ff8516e43e0acd19dbe1ea61ef9.e3iSbxaKaheRe3uRa3iSa3mKci1ynknvrkLOlQzNp65In0 HTTP/1.1" 200 2
201.245.192.253 - - [30/Mar/2023:04:40:47 -0500] "POST /kwsrmcab/Wsrmcab HTTP/1.1" 200 42524
201.245.192.253 - - [30/Mar/2023:04:40:50 -0500] "POST /kwsrmcab/Wsrmcab HTTP/1.1" 200 43165
201.245.192.253 - - [30/Mar/2023:04:42:01 -0500] "POST /forms/lservlet;jsessionid=ac16012b30d6a27c0ff8516e43e0acd19dbe1ea61ef9.e3iSbxaKaheRe3uRa3iSa3mKci1ynknvrkLOlQzNp65In0 HTTP/1.1" 200 2
66.249.66.32 - - [30/Mar/2023:04:42:07 -0500] "-" 408 -
216.245.221.92 - - [30/Mar/2023:04:42:09 -0500] "HEAD / HTTP/1.1" 200 -
172.22.2.4 - - [30/Mar/2023:04:41:43 -0500] "HEAD /BLA/boletinlegal/ HTTP/1.1" 200 -
201.245.192.253 - - [30/Mar/2023:04:43:55 -0500] "POST /kwsrmcab/Wsrmcab  HTTP/1.1" 200 43001
201.245.192.253 - - [30/Mar/2023:04:44:01 -0500] "POST /forms/lservlet;jsessionid=ac16012b30d6a27c0ff8516e43e0acd19dbe1ea61ef9.e3iSbxaKaheRe3uRa3iSa3mKci1ynknvrkLOlQzNp65In0 HTTP/1.1" 200 2
172.22.2.4 - - [30/Mar/2023:04:42:34 -0500] "GET /BLA/boletinlegal/ HTTP/1.1" 200 54414
40.77.167.80 - - [30/Mar/2023:04:45:25 -0500] "GET /BLA/resoluciones/AUTOS%202021/0435.pdf HTTP/1.1" 304 -
201.245.192.253 - - [30/Mar/2023:04:46:01 -0500] "POST /forms/lservlet;jsessionid=ac16012b30d6a27c0ff8516e43e0acd19dbe1ea61ef9.e3iSbxaKaheRe3uRa3iSa3mKci1ynknvrkLOlQzNp65In0 HTTP/1.1" 200 2
216.245.221.92 - - [30/Mar/2023:04:47:09 -0500] "HEAD / HTTP/1.1" 200 -
201.245.192.253 - - [30/Mar/2023:04:48:01 -0500] "POST /forms/lservlet;jsessionid=ac16012b30d6a27c0ff8516e43e0acd19dbe1ea61ef9.e3iSbxaKaheRe3uRa3iSa3mKci1ynknvrkLOlQzNp65In0 HTTP/1.1" 200 2
173.252.107.14 - - [30/Mar/2023:04:48:52 -0500] "GET /images/jardines-verticales_optimized.jpeg HTTP/1.1" 200 138197
201.245.192.253 - - [30/Mar/2023:04:48:54 -0500] "POST /kwsrmcab/Wsrmcab  HTTP/1.1" 200 43001
173.252.95.17 - - [30/Mar/2023:04:49:07 -0500] "GET /images/idpyba-4-marzo-1_optimized.jpeg HTTP/1.1" 200 115318
172.22.2.4 - - [30/Mar/2023:04:47:33 -0500] "HEAD /BLA/boletinlegal/ HTTP/1.1" 200 -
201.245.192.253 - - [30/Mar/2023:04:50:01 -0500] "POST /forms/lservlet;jsessionid=ac16012b30d6a27c0ff8516e43e0acd19dbe1ea61ef9.e3iSbxaKaheRe3uRa3iSa3mKci1ynknvrkLOlQzNp65In0 HTTP/1.1" 200 2
172.22.2.4 - - [30/Mar/2023:04:48:24 -0500] "GET /BLA/boletinlegal/ HTTP/1.1" 200 57551
66.249.79.154 - - [30/Mar/2023:04:52:00 -0500] "-" 408 -
179.1.4.201 - - [30/Mar/2023:04:52:00 -0500] "-" 408 -
201.245.192.253 - - [30/Mar/2023:04:52:01 -0500] "POST /forms/lservlet;jsessionid=ac16012b30d6a27c0ff8516e43e0acd19dbe1ea61ef9.e3iSbxaKaheRe3uRa3iSa3mKci1ynknvrkLOlQzNp65In0 HTTP/1.1" 200 2
216.245.221.92 - - [30/Mar/2023:04:52:09 -0500] "HEAD / HTTP/1.1" 200 -
40.77.167.80 - - [30/Mar/2023:04:52:17 -0500] "GET /BLA/resoluciones/AUTOS%202021/2603.pdf HTTP/1.1" 304 -
52.167.144.150 - - [30/Mar/2023:04:53:47 -0500] "GET /BLA/resoluciones/AUTOS%202018/0512.pdf HTTP/1.1" 200 322657
201.245.192.253 - - [30/Mar/2023:04:53:52 -0500] "POST /kwsrmcab/Wsrmcab  HTTP/1.1" 200 43001
201.245.192.253 - - [30/Mar/2023:04:54:01 -0500] "POST /forms/lservlet;jsessionid=ac16012b30d6a27c0ff8516e43e0acd19dbe1ea61ef9.e3iSbxaKaheRe3uRa3iSa3mKci1ynknvrkLOlQzNp65In0 HTTP/1.1" 200 2
172.22.2.4 - - [30/Mar/2023:04:53:23 -0500] "HEAD /BLA/boletinlegal/ HTTP/1.1" 200 -
172.22.2.4 - - [30/Mar/2023:04:54:14 -0500] "GET /BLA/boletinlegal/ HTTP/1.1" 200 57551
201.245.192.253 - - [30/Mar/2023:04:56:01 -0500] "POST /forms/lservlet;jsessionid=ac16012b30d6a27c0ff8516e43e0acd19dbe1ea61ef9.e3iSbxaKaheRe3uRa3iSa3mKci1ynknvrkLOlQzNp65In0 HTTP/1.1" 200 2
216.245.221.92 - - [30/Mar/2023:04:57:09 -0500] "HEAD / HTTP/1.1" 200 -
201.245.192.253 - - [30/Mar/2023:04:58:01 -0500] "POST /forms/lservlet;jsessionid=ac16012b30d6a27c0ff8516e43e0acd19dbe1ea61ef9.e3iSbxaKaheRe3uRa3iSa3mKci1ynknvrkLOlQzNp65In0 HTTP/1.1" 200 2
201.245.192.253 - - [30/Mar/2023:04:58:51 -0500] "POST /kwsrmcab/Wsrmcab  HTTP/1.1" 200 43001
52.167.144.167 - - [30/Mar/2023:04:59:40 -0500] "GET /BLA/resoluciones/AUTOS%202021/1485.pdf HTTP/1.1" 304 -
201.245.192.253 - - [30/Mar/2023:05:00:01 -0500] "POST /forms/lservlet;jsessionid=ac16012b30d6a27c0ff8516e43e0acd19dbe1ea61ef9.e3iSbxaKaheRe3uRa3iSa3mKci1ynknvrkLOlQzNp65In0 HTTP/1.1" 200 2
172.22.2.4 - - [30/Mar/2023:04:59:13 -0500] "HEAD /BLA/boletinlegal/ HTTP/1.1" 200 -
172.22.2.4 - - [30/Mar/2023:05:00:04 -0500] "GET /BLA/boletinlegal/ HTTP/1.1" 200 57551
201.245.192.253 - - [30/Mar/2023:05:02:01 -0500] "POST /forms/lservlet;jsessionid=ac16012b30d6a27c0ff8516e43e0acd19dbe1ea61ef9.e3iSbxaKaheRe3uRa3iSa3mKci1ynknvrkLOlQzNp65In0 HTTP/1.1" 200 2
216.245.221.92 - - [30/Mar/2023:05:02:09 -0500] "HEAD / HTTP/1.1" 200 -
201.245.192.253 - - [30/Mar/2023:05:03:50 -0500] "POST /kwsrmcab/Wsrmcab  HTTP/1.1" 200 43001
65.154.226.167 - - [30/Mar/2023:05:03:56 -0500] "GET /portaldeninos/wp-content/uploads/useanyfont/uaf.css?ver=1589905315 HTTP/1.1" 200 408
65.154.226.167 - - [30/Mar/2023:05:03:56 -0500] "GET /portaldeninos/wp-content/themes/betheme/style.css?ver=20.9.6 HTTP/1.1" 200 287
65.154.226.167 - - [30/Mar/2023:05:03:56 -0500] "GET /portaldeninos/wp-content/plugins/gallery-videos/CSS/Total-Soft-Gallery-Video-Widget.css?ver=4.9.8 HTTP/1.1" 200 51554
65.154.226.167 - - [30/Mar/2023:05:03:56 -0500] "GET /portaldeninos/wp-content/plugins/gallery-videos/CSS/totalsoft.css?ver=4.9.8 HTTP/1.1" 200 40622
65.154.226.167 - - [30/Mar/2023:05:03:56 -0500] "GET /portaldeninos/wp-content/themes/betheme/css/base.css?ver=20.9.6 HTTP/1.1" 200 57283
65.154.226.167 - - [30/Mar/2023:05:03:56 -0500] "GET /portaldeninos/wp-content/themes/betheme/assets/animations/animations.min.css?ver=20.9.6 HTTP/1.1" 200 58508
65.154.226.167 - - [30/Mar/2023:05:03:57 -0500] "GET /portaldeninos/wp-content/themes/betheme/assets/jplayer/css/jplayer.blue.monday.css?ver=20.9.6 HTTP/1.1" 200 9834
65.154.226.167 - - [30/Mar/2023:05:03:57 -0500] "GET /portaldeninos/wp-content/themes/betheme/assets/ui/jquery.ui.all.css?ver=20.9.6 HTTP/1.1" 200 18765
65.154.226.167 - - [30/Mar/2023:05:03:57 -0500] "GET /portaldeninos/wp-content/plugins/google-analytics-for-wordpress/assets/js/frontend-gtag.min.js?ver=8.5.0 HTTP/1.1" 200 11801
65.154.226.167 - - [30/Mar/2023:05:03:57 -0500] "GET /portaldeninos/wp-includes/js/jquery/jquery-migrate.min.js?ver=1.4.1 HTTP/1.1" 200 10056
65.154.226.167 - - [30/Mar/2023:05:03:57 -0500] "GET /portaldeninos/wp-content/themes/betheme/css/responsive.css?ver=20.9.6 HTTP/1.1" 200 55740
65.154.226.167 - - [30/Mar/2023:05:03:57 -0500] "GET /portaldeninos/wp-includes/js/jquery/ui/core.min.js?ver=1.11.4 HTTP/1.1" 200 4000
65.154.226.167 - - [30/Mar/2023:05:03:57 -0500] "GET /portaldeninos/wp-content/plugins/gallery-videos/JS/modernizr.custom.js?ver=4.9.8 HTTP/1.1" 200 9019
65.154.226.167 - - [30/Mar/2023:05:03:56 -0500] "GET /portaldeninos/wp-content/themes/betheme/css/layout.css?ver=20.9.6 HTTP/1.1" 200 116639
65.154.226.167 - - [30/Mar/2023:05:03:58 -0500] "GET /portaldeninos/wp-includes/js/jquery/ui/widget.min.js?ver=1.11.4 HTTP/1.1" 200 6908
65.154.226.167 - - [30/Mar/2023:05:03:56 -0500] "GET /portaldeninos/wp-content/themes/betheme/css/shortcodes.css?ver=20.9.6 HTTP/1.1" 200 138889
65.154.226.167 - - [30/Mar/2023:05:03:58 -0500] "GET /portaldeninos/wp-includes/js/jquery/ui/mouse.min.js?ver=1.11.4 HTTP/1.1" 200 3148
65.154.226.167 - - [30/Mar/2023:05:03:58 -0500] "GET /portaldeninos/wp-content/plugins/gallery-videos/JS/Total-Soft-Gallery-Video-Widget.js?ver=4.9.8 HTTP/1.1" 200 80264
65.154.226.167 - - [30/Mar/2023:05:03:58 -0500] "GET /portaldeninos/wp-includes/js/jquery/ui/accordion.min.js?ver=1.11.4 HTTP/1.1" 200 8584
65.154.226.167 - - [30/Mar/2023:05:03:58 -0500] "GET /portaldeninos/wp-includes/js/jquery/ui/tabs.min.js?ver=1.11.4 HTTP/1.1" 200 12110
65.154.226.167 - - [30/Mar/2023:05:03:57 -0500] "GET /portaldeninos/wp-includes/js/jquery/jquery.js?ver=1.12.4 HTTP/1.1" 200 97184
65.154.226.167 - - [30/Mar/2023:05:03:58 -0500] "GET /portaldeninos/wp-content/themes/betheme/js/menu.js?ver=20.9.6 HTTP/1.1" 200 2449
65.154.226.167 - - [30/Mar/2023:05:03:58 -0500] "GET /portaldeninos/wp-includes/js/jquery/ui/sortable.min.js?ver=1.11.4 HTTP/1.1" 200 24899
65.154.226.167 - - [30/Mar/2023:05:03:58 -0500] "GET /portaldeninos/wp-content/themes/betheme/assets/animations/animations.min.js?ver=20.9.6 HTTP/1.1" 200 1896
65.154.226.167 - - [30/Mar/2023:05:03:58 -0500] "GET /portaldeninos/wp-includes/js/wp-embed.min.js?ver=4.9.8 HTTP/1.1" 200 1398
65.154.226.167 - - [30/Mar/2023:05:03:58 -0500] "GET /portaldeninos/wp-content/themes/betheme/assets/jplayer/jplayer.min.js?ver=20.9.6 HTTP/1.1" 200 52702
65.154.226.167 - - [30/Mar/2023:05:03:58 -0500] "GET /portaldeninos/wp-content/themes/betheme/js/scripts.js?ver=20.9.6 HTTP/1.1" 200 77162
65.154.226.167 - - [30/Mar/2023:05:03:59 -0500] "GET /portaldeninos/wp-content/themes/betheme/images/box_shadow.png HTTP/1.1" 200 108
65.154.226.167 - - [30/Mar/2023:05:03:59 -0500] "GET /portaldeninos/wp-includes/js/wp-emoji-release.min.js?ver=4.9.8 HTTP/1.1" 200 12026
65.154.226.167 - - [30/Mar/2023:05:03:58 -0500] "GET /portaldeninos/wp-content/themes/betheme/js/plugins.js?ver=20.9.6 HTTP/1.1" 200 197151
65.154.226.167 - - [30/Mar/2023:05:03:59 -0500] "GET /portaldeninos/wp-content/themes/betheme/fonts/mfn-icons.woff?93978679 HTTP/1.1" 200 80932
201.245.192.253 - - [30/Mar/2023:05:04:01 -0500] "POST /forms/lservlet;jsessionid=ac16012b30d6a27c0ff8516e43e0acd19dbe1ea61ef9.e3iSbxaKaheRe3uRa3iSa3mKci1ynknvrkLOlQzNp65In0 HTTP/1.1" 200 2
201.245.192.253 - - [30/Mar/2023:05:06:01 -0500] "POST /forms/lservlet;jsessionid=ac16012b30d6a27c0ff8516e43e0acd19dbe1ea61ef9.e3iSbxaKaheRe3uRa3iSa3mKci1ynknvrkLOlQzNp65In0 HTTP/1.1" 200 2
172.22.2.4 - - [30/Mar/2023:05:06:31 -0500] "GET /BLA/boletinlegal/Directivas/2011/Directiva%20No.%206%20del%208%20de%20Septiembre%20de%202011.pdf HTTP/1.1" 304 -
52.167.144.167 - - [30/Mar/2023:05:06:31 -0500] "GET /BLA/resoluciones/index.php?dir=RESOLUCIONES+2023%2F HTTP/1.1" 200 11738
172.22.2.4 - - [30/Mar/2023:05:05:03 -0500] "HEAD /BLA/boletinlegal/ HTTP/1.1" 200 -
216.245.221.92 - - [30/Mar/2023:05:07:09 -0500] "HEAD / HTTP/1.1" 200 -
172.22.2.4 - - [30/Mar/2023:05:05:53 -0500] "GET /BLA/boletinlegal/ HTTP/1.1" 200 57141
201.245.192.253 - - [30/Mar/2023:05:08:01 -0500] "POST /forms/lservlet;jsessionid=ac16012b30d6a27c0ff8516e43e0acd19dbe1ea61ef9.e3iSbxaKaheRe3uRa3iSa3mKci1ynknvrkLOlQzNp65In0 HTTP/1.1" 200 2
40.77.167.80 - - [30/Mar/2023:05:08:26 -0500] "GET /BLA/resoluciones/RESOLUCIONES%202021/5348.pdf HTTP/1.1" 200 419746
201.245.192.253 - - [30/Mar/2023:05:08:50 -0500] "POST /kwsrmcab/Wsrmcab  HTTP/1.1" 200 43001
201.245.192.253 - - [30/Mar/2023:05:10:01 -0500] "POST /forms/lservlet;jsessionid=ac16012b30d6a27c0ff8516e43e0acd19dbe1ea61ef9.e3iSbxaKaheRe3uRa3iSa3mKci1ynknvrkLOlQzNp65In0 HTTP/1.1" 200 2
201.245.192.253 - - [30/Mar/2023:05:12:01 -0500] "POST /forms/lservlet;jsessionid=ac16012b30d6a27c0ff8516e43e0acd19dbe1ea61ef9.e3iSbxaKaheRe3uRa3iSa3mKci1ynknvrkLOlQzNp65In0 HTTP/1.1" 200 2
216.245.221.92 - - [30/Mar/2023:05:12:09 -0500] "HEAD / HTTP/1.1" 200 -
172.22.2.4 - - [30/Mar/2023:05:10:53 -0500] "HEAD /BLA/boletinlegal/ HTTP/1.1" 200 -
172.22.2.4 - - [30/Mar/2023:05:11:44 -0500] "GET /BLA/boletinlegal/ HTTP/1.1" 200 53104
201.245.192.253 - - [30/Mar/2023:05:13:49 -0500] "POST /kwsrmcab/Wsrmcab  HTTP/1.1" 200 43001
201.245.192.253 - - [30/Mar/2023:05:14:01 -0500] "POST /forms/lservlet;jsessionid=ac16012b30d6a27c0ff8516e43e0acd19dbe1ea61ef9.e3iSbxaKaheRe3uRa3iSa3mKci1ynknvrkLOlQzNp65In0 HTTP/1.1" 200 2
194.31.100.217 - - [30/Mar/2023:05:14:37 -0500] "-" 408 -
194.110.95.192 - - [30/Mar/2023:05:14:39 -0500] "-" 408 -
201.245.192.253 - - [30/Mar/2023:05:16:01 -0500] "POST /forms/lservlet;jsessionid=ac16012b30d6a27c0ff8516e43e0acd19dbe1ea61ef9.e3iSbxaKaheRe3uRa3iSa3mKci1ynknvrkLOlQzNp65In0 HTTP/1.1" 200 2
172.22.2.4 - - [30/Mar/2023:05:16:09 -0500] "GET /BLA/boletinlegal/tinyows/demo/tinyows.js HTTP/1.1" 404 1037
216.245.221.92 - - [30/Mar/2023:05:17:09 -0500] "HEAD / HTTP/1.1" 200 -
157.55.39.216 - - [30/Mar/2023:05:17:55 -0500] "GET /pagos-por-servicios-ambientales-hidricos-una-iniciativa-para-la-conservacion-de-este-recurso.html HTTP/1.1" 200 1006
201.245.192.253 - - [30/Mar/2023:05:18:01 -0500] "POST /forms/lservlet;jsessionid=ac16012b30d6a27c0ff8516e43e0acd19dbe1ea61ef9.e3iSbxaKaheRe3uRa3iSa3mKci1ynknvrkLOlQzNp65In0 HTTP/1.1" 200 2
172.22.2.4 - - [30/Mar/2023:05:16:43 -0500] "HEAD /BLA/boletinlegal/ HTTP/1.1" 200 -
201.245.192.253 - - [30/Mar/2023:05:18:47 -0500] "POST /kwsrmcab/Wsrmcab  HTTP/1.1" 200 43001
172.22.2.4 - - [30/Mar/2023:05:17:34 -0500] "GET /BLA/boletinlegal/ HTTP/1.1" 200 56277
201.245.192.253 - - [30/Mar/2023:05:20:01 -0500] "POST /forms/lservlet;jsessionid=ac16012b30d6a27c0ff8516e43e0acd19dbe1ea61ef9.e3iSbxaKaheRe3uRa3iSa3mKci1ynknvrkLOlQzNp65In0 HTTP/1.1" 200 2
172.22.2.4 - - [30/Mar/2023:05:20:23 -0500] "GET /BLA/boletinlegal/actos.php HTTP/1.1" 200 9672
201.245.192.253 - - [30/Mar/2023:05:20:46 -0500] "POST /kwsrmcab/Wsrmcab HTTP/1.1" 200 42057
201.245.192.253 - - [30/Mar/2023:05:20:49 -0500] "POST /kwsrmcab/Wsrmcab HTTP/1.1" 200 43179
173.252.83.18 - - [30/Mar/2023:05:21:55 -0500] "GET /en-semana-santa-no-uses-palmas-ni-traigas-o-consumas-animales-silvestres.html HTTP/1.1" 206 959
201.245.192.253 - - [30/Mar/2023:05:22:01 -0500] "POST /forms/lservlet;jsessionid=ac16012b30d6a27c0ff8516e43e0acd19dbe1ea61ef9.e3iSbxaKaheRe3uRa3iSa3mKci1ynknvrkLOlQzNp65In0 HTTP/1.1" 200 2
74.125.210.165 - - [30/Mar/2023:05:22:02 -0500] "GET /images/jardines-verticales_optimized.jpeg HTTP/1.1" 200 138197
216.245.221.92 - - [30/Mar/2023:05:22:09 -0500] "HEAD / HTTP/1.1" 200 -
66.249.66.80 - - [30/Mar/2023:05:23:22 -0500] "-" 408 -
201.245.192.253 - - [30/Mar/2023:05:23:46 -0500] "POST /kwsrmcab/Wsrmcab  HTTP/1.1" 200 43001
201.245.192.253 - - [30/Mar/2023:05:24:01 -0500] "POST /forms/lservlet;jsessionid=ac16012b30d6a27c0ff8516e43e0acd19dbe1ea61ef9.e3iSbxaKaheRe3uRa3iSa3mKci1ynknvrkLOlQzNp65In0 HTTP/1.1" 200 2
172.22.2.4 - - [30/Mar/2023:05:22:33 -0500] "HEAD /BLA/boletinlegal/ HTTP/1.1" 200 -
172.22.2.4 - - [30/Mar/2023:05:23:23 -0500] "GET /BLA/boletinlegal/ HTTP/1.1" 200 54798
201.245.192.253 - - [30/Mar/2023:05:26:01 -0500] "POST /forms/lservlet;jsessionid=ac16012b30d6a27c0ff8516e43e0acd19dbe1ea61ef9.e3iSbxaKaheRe3uRa3iSa3mKci1ynknvrkLOlQzNp65In0 HTTP/1.1" 200 2
216.245.221.92 - - [30/Mar/2023:05:27:09 -0500] "HEAD / HTTP/1.1" 200 -
94.102.61.10 - - [30/Mar/2023:05:27:45 -0500] "GET / HTTP/1.1" 200 319
201.245.192.253 - - [30/Mar/2023:05:28:01 -0500] "POST /forms/lservlet;jsessionid=ac16012b30d6a27c0ff8516e43e0acd19dbe1ea61ef9.e3iSbxaKaheRe3uRa3iSa3mKci1ynknvrkLOlQzNp65In0 HTTP/1.1" 200 2
201.245.192.253 - - [30/Mar/2023:05:28:45 -0500] "POST /kwsrmcab/Wsrmcab  HTTP/1.1" 200 43001
190.240.2.139 - - [30/Mar/2023:05:29:34 -0500] "-" 408 -
201.245.192.253 - - [30/Mar/2023:05:30:01 -0500] "POST /forms/lservlet;jsessionid=ac16012b30d6a27c0ff8516e43e0acd19dbe1ea61ef9.e3iSbxaKaheRe3uRa3iSa3mKci1ynknvrkLOlQzNp65In0 HTTP/1.1" 200 2
172.22.2.4 - - [30/Mar/2023:05:28:23 -0500] "HEAD /BLA/boletinlegal/ HTTP/1.1" 200 -
201.245.192.253 - - [30/Mar/2023:05:30:46 -0500] "POST /kwsrmcab/Wsrmcab HTTP/1.1" 200 42057
201.245.192.253 - - [30/Mar/2023:05:30:49 -0500] "POST /kwsrmcab/Wsrmcab HTTP/1.1" 200 43179
172.22.2.4 - - [30/Mar/2023:05:29:13 -0500] "GET /BLA/boletinlegal/ HTTP/1.1" 200 52316
201.245.192.253 - - [30/Mar/2023:05:32:01 -0500] "POST /forms/lservlet;jsessionid=ac16012b30d6a27c0ff8516e43e0acd19dbe1ea61ef9.e3iSbxaKaheRe3uRa3iSa3mKci1ynknvrkLOlQzNp65In0 HTTP/1.1" 200 2
216.245.221.92 - - [30/Mar/2023:05:32:09 -0500] "HEAD / HTTP/1.1" 200 -
157.90.254.89 - - [30/Mar/2023:05:33:03 -0500] "GET / HTTP/1.1" 200 4720
157.90.254.89 - - [30/Mar/2023:05:33:06 -0500] "GET / HTTP/1.1" 200 319
157.55.39.216 - - [30/Mar/2023:05:33:15 -0500] "GET /images/balance-ru_optimized.jpeg HTTP/1.1" 200 66908
66.249.79.117 - - [30/Mar/2023:05:33:34 -0500] "-" 408 -
201.245.192.253 - - [30/Mar/2023:05:33:44 -0500] "POST /kwsrmcab/Wsrmcab  HTTP/1.1" 200 43001
201.245.192.253 - - [30/Mar/2023:05:34:01 -0500] "POST /forms/lservlet;jsessionid=ac16012b30d6a27c0ff8516e43e0acd19dbe1ea61ef9.e3iSbxaKaheRe3uRa3iSa3mKci1ynknvrkLOlQzNp65In0 HTTP/1.1" 200 2
52.167.144.167 - - [30/Mar/2023:05:34:21 -0500] "GET /BLA/resoluciones/RESOLUCIONES%202022/3237.pdf HTTP/1.1" 304 -
172.22.2.4 - - [30/Mar/2023:05:34:09 -0500] "GET /BLA/boletinlegal/ HTTP/1.1" 200 20427
172.22.2.4 - - [30/Mar/2023:05:34:13 -0500] "HEAD /BLA/boletinlegal/ HTTP/1.1" 200 -
201.245.192.253 - - [30/Mar/2023:05:36:01 -0500] "POST /forms/lservlet;jsessionid=ac16012b30d6a27c0ff8516e43e0acd19dbe1ea61ef9.e3iSbxaKaheRe3uRa3iSa3mKci1ynknvrkLOlQzNp65In0 HTTP/1.1" 200 2
52.167.144.150 - - [30/Mar/2023:05:36:30 -0500] "GET /bla/resoluciones/autos%202014/2605.pdf HTTP/1.1" 200 267695
172.22.2.4 - - [30/Mar/2023:05:35:03 -0500] "GET /BLA/boletinlegal/ HTTP/1.1" 200 56277
216.245.221.92 - - [30/Mar/2023:05:37:09 -0500] "HEAD / HTTP/1.1" 200 -
172.22.2.4 - - [30/Mar/2023:05:37:21 -0500] "GET /BLA/boletinlegal/jurisprudencia/analisis/CUADRO%20SENTENCIA%20C-222%20DE%202011.doc HTTP/1.1" 304 -
201.245.192.253 - - [30/Mar/2023:05:38:01 -0500] "POST /forms/lservlet;jsessionid=ac16012b30d6a27c0ff8516e43e0acd19dbe1ea61ef9.e3iSbxaKaheRe3uRa3iSa3mKci1ynknvrkLOlQzNp65In0 HTTP/1.1" 200 2
201.245.192.253 - - [30/Mar/2023:05:38:43 -0500] "POST /kwsrmcab/Wsrmcab  HTTP/1.1" 200 43001
69.171.249.24 - - [30/Mar/2023:05:38:54 -0500] "GET /proyecto-de-eficiencia-energetica-y-energia-solar-para-entidades-publicas-de-bogota-recibira-apoyo-de-c40.html HTTP/1.1" 206 890
172.22.2.4 - - [30/Mar/2023:05:39:28 -0500] "GET /BLA/boletinlegal/circulares/2011/circular%20no.%203%20del%2023%20de%20junio%20de%202011.pdf HTTP/1.1" 200 1452758
172.22.2.4 - - [30/Mar/2023:05:39:28 -0500] "GET /BLA/boletinlegal/circulares/2013/circular%20no.%204%20del%2005%20de%20junio%20de%202013.pdf HTTP/1.1" 200 130461
172.22.2.4 - - [30/Mar/2023:05:39:28 -0500] "GET /BLA/boletinlegal/circulares/2019/circular%20no.%2012%20del%2014%20de%20marzo%20de%202019.pdf HTTP/1.1" 200 344384
172.22.2.4 - - [30/Mar/2023:05:39:28 -0500] "GET /BLA/boletinlegal/actas/079-2013.pdf HTTP/1.1" 200 1500109
201.245.192.253 - - [30/Mar/2023:05:40:01 -0500] "POST /forms/lservlet;jsessionid=ac16012b30d6a27c0ff8516e43e0acd19dbe1ea61ef9.e3iSbxaKaheRe3uRa3iSa3mKci1ynknvrkLOlQzNp65In0 HTTP/1.1" 200 2
201.245.192.253 - - [30/Mar/2023:05:40:47 -0500] "POST /kwsrmcab/Wsrmcab HTTP/1.1" 200 42057
201.245.192.253 - - [30/Mar/2023:05:40:50 -0500] "POST /kwsrmcab/Wsrmcab HTTP/1.1" 200 43179
172.22.2.4 - - [30/Mar/2023:05:40:03 -0500] "HEAD /BLA/boletinlegal/ HTTP/1.1" 200 -
201.245.192.253 - - [30/Mar/2023:05:42:01 -0500] "POST /forms/lservlet;jsessionid=ac16012b30d6a27c0ff8516e43e0acd19dbe1ea61ef9.e3iSbxaKaheRe3uRa3iSa3mKci1ynknvrkLOlQzNp65In0 HTTP/1.1" 200 2
172.22.2.4 - - [30/Mar/2023:05:42:03 -0500] "GET /BLA/boletinlegal/circulares/2013/circular%20no.%204%20del%2005%20de%20junio%20de%202013.pdf HTTP/1.1" 200 130461
172.22.2.4 - - [30/Mar/2023:05:42:03 -0500] "GET /BLA/boletinlegal/circulares/2011/circular%20no.%203%20del%2023%20de%20junio%20de%202011.pdf HTTP/1.1" 200 1452758
172.22.2.4 - - [30/Mar/2023:05:42:03 -0500] "GET /BLA/boletinlegal/circulares/2019/circular%20no.%2012%20del%2014%20de%20marzo%20de%202019.pdf HTTP/1.1" 200 344384
172.22.2.4 - - [30/Mar/2023:05:42:03 -0500] "GET /BLA/boletinlegal/actas/079-2013.pdf HTTP/1.1" 200 1500109
216.245.221.92 - - [30/Mar/2023:05:42:09 -0500] "HEAD / HTTP/1.1" 200 -
172.22.2.4 - - [30/Mar/2023:05:42:29 -0500] "GET /BLA/boletinlegal/consulta_actos.php?tipo=resoluciones&no=&usuario=&sector=&fecha=2022&resuelve=desistimiento HTTP/1.1" 200 62833
172.22.2.4 - - [30/Mar/2023:05:40:53 -0500] "GET /BLA/boletinlegal/ HTTP/1.1" 200 56744
172.22.2.4 - - [30/Mar/2023:05:42:40 -0500] "GET /BLA/boletinlegal/consulta_actos.php?tipo=resoluciones&no=&usuario=&sector=&fecha=2023&resuelve=desistimiento HTTP/1.1" 200 1563
186.144.252.26 - - [30/Mar/2023:05:42:51 -0500] "GET /BLA/resoluciones/RESOLUCIONES%202023/2789.pdf HTTP/1.1" 200 371982
66.249.79.117 - - [30/Mar/2023:05:42:52 -0500] "-" 408 -
201.245.192.253 - - [30/Mar/2023:05:43:42 -0500] "POST /kwsrmcab/Wsrmcab  HTTP/1.1" 200 43001
201.245.192.253 - - [30/Mar/2023:05:44:01 -0500] "POST /forms/lservlet;jsessionid=ac16012b30d6a27c0ff8516e43e0acd19dbe1ea61ef9.e3iSbxaKaheRe3uRa3iSa3mKci1ynknvrkLOlQzNp65In0 HTTP/1.1" 200 2
185.189.182.234 - - [30/Mar/2023:05:45:05 -0500] "GET / HTTP/1.1" 400 946
157.55.39.216 - - [30/Mar/2023:05:45:26 -0500] "GET /portaldeninos/aulas-ambientales-2/parque-ecologico-distrital-de-montana-entrenubes/ HTTP/1.1" 200 90406
66.249.66.45 - - [30/Mar/2023:05:45:40 -0500] "-" 408 -
52.167.144.44 - - [30/Mar/2023:05:45:42 -0500] "GET /portaldeninos/wp-content/plugins/gallery-videos/CSS/Total-Soft-Gallery-Video-Widget.css?ver=4.9.8 HTTP/1.1" 200 51554
52.167.144.44 - - [30/Mar/2023:05:45:42 -0500] "GET /portaldeninos/wp-content/plugins/gallery-videos/JS/modernizr.custom.js?ver=4.9.8 HTTP/1.1" 200 9019
52.167.144.44 - - [30/Mar/2023:05:45:42 -0500] "GET /portaldeninos/wp-content/themes/betheme/assets/jplayer/css/jplayer.blue.monday.css?ver=20.9.6 HTTP/1.1" 200 9834
