172.22.2.4 - - [01/Apr/2023:20:30:27 -0500] "GET /BLA/boletinlegal/ HTTP/1.1" 200 28619
201.245.192.253 - - [01/Apr/2023:20:31:22 -0500] "POST /kwsrmcab/Wsrmcab  HTTP/1.1" 200 43001
172.22.2.4 - - [01/Apr/2023:20:31:47 -0500] "GET /BLA/boletinlegal/jurisprudencia/analisis/G__Jurisp.%20Junio%202014_Sent%20Tutela%20Drumond.docx HTTP/1.1" 200 25380
172.22.2.4 - - [01/Apr/2023:20:30:21 -0500] "GET /BLA/boletinlegal/ HTTP/1.1" 200 55924
173.252.83.22 - - [01/Apr/2023:20:33:01 -0500] "GET /galeria/galeria/fotos/Jaboque4P.jpg HTTP/1.1" 200 27446
172.22.2.4 - - [01/Apr/2023:20:33:33 -0500] "GET /BLA/boletinlegal/Directivas/2018/Directiva%20No.%2023%20del%2026%20de%20diciembre%20de%202018.pdf HTTP/1.1" 200 481134
173.252.107.23 - - [01/Apr/2023:20:34:09 -0500] "GET /unidos-por-un-nuevo-aire-un-ano-de-pacto-del-compromiso-por-bogota.html HTTP/1.1" 206 764
173.252.95.117 - - [01/Apr/2023:20:34:10 -0500] "GET /images/prueba3.jpeg HTTP/1.1" 200 88955
172.22.2.4 - - [01/Apr/2023:20:34:27 -0500] "GET /BLA/boletinlegal/Circulares/2012/Circular%20No.%2015%20del%2022%20de%20octubre%20de%202012.pdf HTTP/1.1" 200 486506
216.245.221.92 - - [01/Apr/2023:20:35:47 -0500] "HEAD / HTTP/1.1" 200 -
40.77.167.162 - - [01/Apr/2023:20:35:48 -0500] "GET /images/contenedores-1_optimized.jpeg HTTP/1.1" 200 34036
66.249.66.32 - - [01/Apr/2023:20:35:51 -0500] "-" 408 -
201.245.192.253 - - [01/Apr/2023:20:36:22 -0500] "POST /kwsrmcab/Wsrmcab  HTTP/1.1" 200 43001
172.22.2.4 - - [01/Apr/2023:20:35:21 -0500] "HEAD /BLA/boletinlegal/ HTTP/1.1" 200 -
3.87.155.205 - - [01/Apr/2023:20:37:35 -0500] "GET /secretaria-de-ambiente-ha-incautado-estos-dias-mas-de-55-kilos-de-palma-silvestre-y-refuerza-controles-previo-a-domingo-de-ramos.html HTTP/1.1" 200 1109
172.22.2.4 - - [01/Apr/2023:20:36:11 -0500] "GET /BLA/boletinlegal/ HTTP/1.1" 200 57551
54.226.151.52 - - [01/Apr/2023:20:37:56 -0500] "GET /images/palma-de-cera-1-abril_optimized.jpeg HTTP/1.1" 200 171987
52.167.144.167 - - [01/Apr/2023:20:38:49 -0500] "GET /BLA/resoluciones/RESOLUCIONES%202021/5264.pdf HTTP/1.1" 200 341337
201.245.192.253 - - [01/Apr/2023:20:40:34 -0500] "POST /kwsrmcab/Wsrmcab HTTP/1.1" 200 43143
201.245.192.253 - - [01/Apr/2023:20:40:36 -0500] "POST /kwsrmcab/Wsrmcab HTTP/1.1" 200 43444
216.245.221.92 - - [01/Apr/2023:20:40:46 -0500] "HEAD / HTTP/1.1" 200 -
201.245.192.253 - - [01/Apr/2023:20:41:21 -0500] "POST /kwsrmcab/Wsrmcab  HTTP/1.1" 200 43001
66.249.66.64 - - [01/Apr/2023:20:41:57 -0500] "-" 408 -
172.22.2.4 - - [01/Apr/2023:20:41:11 -0500] "HEAD /BLA/boletinlegal/ HTTP/1.1" 200 -
172.22.2.4 - - [01/Apr/2023:20:42:01 -0500] "GET /BLA/boletinlegal/ HTTP/1.1" 200 57141
52.167.144.46 - - [01/Apr/2023:20:44:25 -0500] "GET /BLA/resoluciones/AUTOS%202021/0429.pdf HTTP/1.1" 304 -
216.245.221.92 - - [01/Apr/2023:20:45:46 -0500] "HEAD / HTTP/1.1" 200 -
201.245.192.253 - - [01/Apr/2023:20:46:19 -0500] "POST /kwsrmcab/Wsrmcab  HTTP/1.1" 200 43001
52.167.144.150 - - [01/Apr/2023:20:47:15 -0500] "GET /BLA/resoluciones/AUTOS%202021/0673.pdf HTTP/1.1" 304 -
172.22.2.4 - - [01/Apr/2023:20:47:01 -0500] "HEAD /BLA/boletinlegal/ HTTP/1.1" 200 -
186.29.49.100 - - [01/Apr/2023:20:49:11 -0500] "GET /cinco-entidades-distritales-fueron-exaltadas-por-sus-buenas-practicas-ambientales.html HTTP/1.1" 200 985
186.29.49.100 - - [01/Apr/2023:20:49:11 -0500] "GET /apple-touch-icon-120x120-precomposed.png HTTP/1.1" 404 1136
186.29.49.100 - - [01/Apr/2023:20:49:11 -0500] "GET /apple-touch-icon-120x120.png HTTP/1.1" 404 1136
186.29.49.100 - - [01/Apr/2023:20:49:11 -0500] "GET /apple-touch-icon-precomposed.png HTTP/1.1" 404 1136
186.29.49.100 - - [01/Apr/2023:20:49:11 -0500] "GET /apple-touch-icon.png HTTP/1.1" 404 1136
186.29.49.100 - - [01/Apr/2023:20:49:11 -0500] "GET /favicon.ico HTTP/1.1" 404 1136
186.29.49.100 - - [01/Apr/2023:20:49:11 -0500] "GET /apple-touch-icon-120x120-precomposed.png HTTP/1.1" 404 1136
186.29.49.100 - - [01/Apr/2023:20:49:11 -0500] "GET /apple-touch-icon-120x120.png HTTP/1.1" 404 1136
186.29.49.100 - - [01/Apr/2023:20:49:11 -0500] "GET /apple-touch-icon-precomposed.png HTTP/1.1" 404 1136
186.29.49.100 - - [01/Apr/2023:20:49:11 -0500] "GET /apple-touch-icon.png HTTP/1.1" 404 1136
186.29.49.100 - - [01/Apr/2023:20:49:11 -0500] "GET /favicon.ico HTTP/1.1" 404 1136
172.22.2.4 - - [01/Apr/2023:20:47:51 -0500] "GET /BLA/boletinlegal/ HTTP/1.1" 200 52316
216.245.221.92 - - [01/Apr/2023:20:50:47 -0500] "HEAD / HTTP/1.1" 200 -
201.245.192.253 - - [01/Apr/2023:20:51:18 -0500] "POST /kwsrmcab/Wsrmcab  HTTP/1.1" 200 43001
52.167.144.46 - - [01/Apr/2023:20:53:33 -0500] "GET /BLA/resoluciones/AUTOS%202021/1717.pdf HTTP/1.1" 304 -
172.22.2.4 - - [01/Apr/2023:20:52:51 -0500] "HEAD /BLA/boletinlegal/ HTTP/1.1" 200 -
170.64.165.31 - - [01/Apr/2023:20:55:20 -0500] "GET / HTTP/1.1" 200 319
172.22.2.4 - - [01/Apr/2023:20:53:41 -0500] "GET /BLA/boletinlegal/ HTTP/1.1" 200 53914
40.77.167.80 - - [01/Apr/2023:20:55:35 -0500] "GET /BLA/resoluciones/AUTOS%202021/6636.pdf HTTP/1.1" 304 -
172.22.2.4 - - [01/Apr/2023:20:55:37 -0500] "GET /BLA/boletinlegal/actuator/gateway/routes HTTP/1.1" 404 1018
216.245.221.92 - - [01/Apr/2023:20:55:46 -0500] "HEAD / HTTP/1.1" 200 -
201.245.192.253 - - [01/Apr/2023:20:56:17 -0500] "POST /kwsrmcab/Wsrmcab  HTTP/1.1" 200 43001
212.129.57.169 - - [01/Apr/2023:20:57:20 -0500] "GET /secretaria-de-ambiente-entrego-balance-de-su-gestion-en-2022-y-presento-los-retos-para-el-2023.html HTTP/1.1" 200 968
212.129.57.169 - - [01/Apr/2023:20:57:20 -0500] "GET /images/rendici%C3%B3n-de-cuentas-2_optimized.jpeg HTTP/1.1" 404 1034
172.22.2.4 - - [01/Apr/2023:20:58:41 -0500] "HEAD /BLA/boletinlegal/ HTTP/1.1" 200 -
216.245.221.92 - - [01/Apr/2023:21:00:46 -0500] "HEAD / HTTP/1.1" 200 -
172.22.2.4 - - [01/Apr/2023:20:59:31 -0500] "GET /BLA/boletinlegal/ HTTP/1.1" 200 59296
201.245.192.253 - - [01/Apr/2023:21:01:17 -0500] "POST /kwsrmcab/Wsrmcab  HTTP/1.1" 200 43001
74.125.210.166 - - [01/Apr/2023:21:03:18 -0500] "GET /images/jardines-verticales_optimized.jpeg HTTP/1.1" 200 138197
157.55.39.212 - - [01/Apr/2023:21:03:29 -0500] "GET /BLA/ HTTP/1.1" 200 538
66.249.70.216 - - [01/Apr/2023:21:05:16 -0500] "-" 408 -
52.167.144.46 - - [01/Apr/2023:21:04:05 -0500] "GET /BLA/boletinlegal/index.php HTTP/1.1" 200 54414
216.245.221.92 - - [01/Apr/2023:21:05:46 -0500] "HEAD / HTTP/1.1" 200 -
51.159.194.199 - - [01/Apr/2023:21:06:09 -0500] "GET /secretaria-de-ambiente-entrego-balance-de-su-gestion-en-2022-y-presento-los-retos-para-el-2023.html HTTP/1.1" 200 968
51.159.194.199 - - [01/Apr/2023:21:06:09 -0500] "GET /images/rendici%C3%B3n-de-cuentas-2_optimized.jpeg HTTP/1.1" 404 1034
172.22.2.4 - - [01/Apr/2023:21:04:31 -0500] "HEAD /BLA/boletinlegal/ HTTP/1.1" 200 -
201.245.192.253 - - [01/Apr/2023:21:06:15 -0500] "POST /kwsrmcab/Wsrmcab  HTTP/1.1" 200 43001
172.22.2.4 - - [01/Apr/2023:21:05:22 -0500] "GET /BLA/boletinlegal/ HTTP/1.1" 200 53914
40.77.167.80 - - [01/Apr/2023:21:07:56 -0500] "GET /bla/resoluciones/resoluciones%202012/0675.pdf HTTP/1.1" 304 -
172.22.2.4 - - [01/Apr/2023:21:10:00 -0500] "GET /BLA/boletinlegal/cgi-bin/config.exp HTTP/1.1" 404 1018
191.111.29.64 - - [01/Apr/2023:21:10:10 -0500] "GET /secretaria-de-ambiente-entrego-balance-de-su-gestion-en-2022-y-presento-los-retos-para-el-2023.html HTTP/1.1" 200 968
216.245.221.92 - - [01/Apr/2023:21:10:46 -0500] "HEAD / HTTP/1.1" 200 -
201.245.192.253 - - [01/Apr/2023:21:11:14 -0500] "POST /kwsrmcab/Wsrmcab  HTTP/1.1" 200 43001
172.22.2.4 - - [01/Apr/2023:21:10:21 -0500] "HEAD /BLA/boletinlegal/ HTTP/1.1" 200 -
172.22.2.4 - - [01/Apr/2023:21:11:11 -0500] "GET /BLA/boletinlegal/ HTTP/1.1" 200 57141
52.167.144.167 - - [01/Apr/2023:21:12:53 -0500] "GET / HTTP/1.1" 200 319
157.55.39.212 - - [01/Apr/2023:21:13:50 -0500] "GET /BLA/resoluciones/AUTOS%202021/1406.pdf HTTP/1.1" 304 -
216.245.221.92 - - [01/Apr/2023:21:15:46 -0500] "HEAD / HTTP/1.1" 200 -
201.245.192.253 - - [01/Apr/2023:21:16:13 -0500] "POST /kwsrmcab/Wsrmcab  HTTP/1.1" 200 43001
172.22.2.4 - - [01/Apr/2023:21:16:11 -0500] "HEAD /BLA/boletinlegal/ HTTP/1.1" 200 -
179.19.56.199 - - [01/Apr/2023:21:18:07 -0500] "GET /BLA/resoluciones/index.php?dir=AUTOS+2017%2F HTTP/1.1" 200 464726
172.22.2.4 - - [01/Apr/2023:21:17:01 -0500] "GET /BLA/boletinlegal/ HTTP/1.1" 200 58297
52.167.144.167 - - [01/Apr/2023:21:19:06 -0500] "GET /bla/resoluciones/resoluciones%202007/res%202007%204101%20al%204200/RESOLUCION%204182%20DE%202007.pdf HTTP/1.1" 304 -
40.77.189.248 - - [01/Apr/2023:21:19:41 -0500] "GET /BLA/boletinlegal/styles2.css HTTP/1.1" 200 1838
40.77.190.145 - - [01/Apr/2023:21:19:42 -0500] "GET /BLA/boletinlegal/js/jquery.scrollTo-min.js HTTP/1.1" 200 1150
40.77.190.9 - - [01/Apr/2023:21:19:42 -0500] "GET /BLA/boletinlegal/js/jquery.js HTTP/1.1" 200 57254
40.77.189.13 - - [01/Apr/2023:21:19:42 -0500] "GET /BLA/boletinlegal/style.css HTTP/1.1" 200 9406
201.245.192.253 - - [01/Apr/2023:21:20:34 -0500] "POST /kwsrmcab/Wsrmcab HTTP/1.1" 200 42964
201.245.192.253 - - [01/Apr/2023:21:20:37 -0500] "POST /kwsrmcab/Wsrmcab HTTP/1.1" 200 43453
216.245.221.92 - - [01/Apr/2023:21:20:46 -0500] "HEAD / HTTP/1.1" 200 -
201.245.192.253 - - [01/Apr/2023:21:21:12 -0500] "POST /kwsrmcab/Wsrmcab  HTTP/1.1" 200 43001
172.22.2.4 - - [01/Apr/2023:21:22:01 -0500] "HEAD /BLA/boletinlegal/ HTTP/1.1" 200 -
172.22.2.4 - - [01/Apr/2023:21:22:51 -0500] "GET /BLA/boletinlegal/ HTTP/1.1" 200 59296
216.245.221.92 - - [01/Apr/2023:21:25:46 -0500] "HEAD / HTTP/1.1" 200 -
201.245.192.253 - - [01/Apr/2023:21:26:12 -0500] "POST /kwsrmcab/Wsrmcab  HTTP/1.1" 200 43001
40.77.167.80 - - [01/Apr/2023:21:26:46 -0500] "GET /BLA/resoluciones/AUTOS%202021/0797.pdf HTTP/1.1" 304 -
172.22.2.4 - - [01/Apr/2023:21:26:48 -0500] "GET /BLA/boletinlegal/ HTTP/1.1" 200 20427
172.22.2.4 - - [01/Apr/2023:21:27:50 -0500] "HEAD /BLA/boletinlegal/ HTTP/1.1" 200 -
172.22.2.4 - - [01/Apr/2023:21:30:06 -0500] "GET /BLA/boletinlegal/Directivas/2011/Directiva%20No.%201%20del%205%20de%20Abril%20de%202011.pdf HTTP/1.1" 304 -
172.22.2.4 - - [01/Apr/2023:21:28:41 -0500] "GET /BLA/boletinlegal/ HTTP/1.1" 200 52316
201.245.192.253 - - [01/Apr/2023:21:30:33 -0500] "POST /kwsrmcab/Wsrmcab HTTP/1.1" 200 42964
201.245.192.253 - - [01/Apr/2023:21:30:36 -0500] "POST /kwsrmcab/Wsrmcab HTTP/1.1" 200 43453
216.245.221.92 - - [01/Apr/2023:21:30:46 -0500] "HEAD / HTTP/1.1" 200 -
201.245.192.253 - - [01/Apr/2023:21:31:12 -0500] "POST /kwsrmcab/Wsrmcab  HTTP/1.1" 200 43001
40.77.167.211 - - [01/Apr/2023:21:32:24 -0500] "GET /BLA/resoluciones/AUTOS%202021/0301.pdf HTTP/1.1" 304 -
186.30.73.106 - - [01/Apr/2023:21:34:33 -0500] "GET /BLA/resoluciones/dlf/dirup.png HTTP/1.1" 200 644
186.30.73.106 - - [01/Apr/2023:21:34:33 -0500] "GET /BLA/resoluciones/dlf/pdf.gif HTTP/1.1" 200 272
186.30.73.106 - - [01/Apr/2023:21:34:33 -0500] "GET /BLA/resoluciones/dlf/bg.gif HTTP/1.1" 200 54
186.30.73.106 - - [01/Apr/2023:21:34:45 -0500] "GET /BLA/resoluciones/index.php?dir=AUTOS+2015%2F HTTP/1.1" 200 581071
172.22.2.4 - - [01/Apr/2023:21:34:57 -0500] "GET /BLA/boletinlegal/geoserver HTTP/1.1" 404 1018
186.30.73.106 - - [01/Apr/2023:21:35:04 -0500] "GET /BLA/resoluciones/AUTOS%202015/0543.pdf HTTP/1.1" 200 543943
172.22.2.4 - - [01/Apr/2023:21:33:38 -0500] "GET /BLA/boletinlegal/ HTTP/1.1" 200 48649
172.22.2.4 - - [01/Apr/2023:21:33:40 -0500] "HEAD /BLA/boletinlegal/ HTTP/1.1" 200 -
66.249.70.213 - - [01/Apr/2023:21:35:21 -0500] "-" 408 -
216.245.221.92 - - [01/Apr/2023:21:35:46 -0500] "HEAD / HTTP/1.1" 200 -
172.22.2.4 - - [01/Apr/2023:21:34:31 -0500] "GET /BLA/boletinlegal/ HTTP/1.1" 200 56277
201.245.192.253 - - [01/Apr/2023:21:36:11 -0500] "POST /kwsrmcab/Wsrmcab  HTTP/1.1" 200 43001
157.55.39.212 - - [01/Apr/2023:21:36:14 -0500] "GET /BLA/resoluciones/AUTOS%202021/0478.pdf HTTP/1.1" 304 -
172.22.2.4 - - [01/Apr/2023:21:37:29 -0500] "GET /BLA/boletinlegal/Circulares/2019/.pdf HTTP/1.1" 404 1218
181.56.235.113 - - [01/Apr/2023:21:38:18 -0500] "GET /BLA/resoluciones/index.php HTTP/1.1" 200 13502
181.56.235.113 - - [01/Apr/2023:21:38:20 -0500] "GET /BLA/resoluciones/index.php?dir=AUTOS+2014%2F HTTP/1.1" 200 889384
190.69.61.12 - - [01/Apr/2023:21:38:48 -0500] "GET /sipse/faces/index.xhtml HTTP/1.1" 200 677
190.69.61.12 - - [01/Apr/2023:21:38:48 -0500] "GET /sipse/faces/javax.faces.resource/theme.css?ln=primefaces-sipse HTTP/1.1" 200 50058
190.69.61.12 - - [01/Apr/2023:21:38:48 -0500] "GET /favicon.ico HTTP/1.1" 200 7782
172.22.2.4 - - [01/Apr/2023:21:40:15 -0500] "GET /BLA/boletinlegal/actos.php HTTP/1.1" 200 9672
172.22.2.4 - - [01/Apr/2023:21:40:15 -0500] "GET /BLA/boletinlegal/js/ajax_actos.js HTTP/1.1" 200 1322
172.22.2.4 - - [01/Apr/2023:21:40:15 -0500] "GET /BLA/boletinlegal/niceforms-default.css HTTP/1.1" 200 6694
172.22.2.4 - - [01/Apr/2023:21:40:15 -0500] "GET /BLA/boletinlegal/style.css HTTP/1.1" 200 9406
172.22.2.4 - - [01/Apr/2023:21:40:15 -0500] "GET /BLA/boletinlegal/styles2.css HTTP/1.1" 200 1838
172.22.2.4 - - [01/Apr/2023:21:40:15 -0500] "GET /BLA/boletinlegal/niceforms.js HTTP/1.1" 200 22876
172.22.2.4 - - [01/Apr/2023:21:40:15 -0500] "GET /BLA/boletinlegal/js/lib.js HTTP/1.1" 200 6474
172.22.2.4 - - [01/Apr/2023:21:40:15 -0500] "GET /BLA/boletinlegal/js/popup.js HTTP/1.1" 200 1270
172.22.2.4 - - [01/Apr/2023:21:40:15 -0500] "GET /BLA/boletinlegal/js/jquery1.js HTTP/1.1" 200 29846
172.22.2.4 - - [01/Apr/2023:21:40:15 -0500] "GET /BLA/boletinlegal/images/cabezote%20BLEGAL.jpg HTTP/1.1" 200 118164
172.22.2.4 - - [01/Apr/2023:21:40:15 -0500] "GET /BLA/boletinlegal/images/subscribe-icon-big.png HTTP/1.1" 200 47702
172.22.2.4 - - [01/Apr/2023:21:40:15 -0500] "GET /BLA/boletinlegal/images/registro-usuarios.png HTTP/1.1" 200 8106
172.22.2.4 - - [01/Apr/2023:21:40:15 -0500] "GET /BLA/boletinlegal/images/historia.png HTTP/1.1" 200 52775
172.22.2.4 - - [01/Apr/2023:21:40:15 -0500] "GET /BLA/boletinlegal/images/green-yellow-blue-pink-th.png HTTP/1.1" 200 7394
172.22.2.4 - - [01/Apr/2023:21:40:15 -0500] "GET /BLA/boletinlegal/images/tel.png HTTP/1.1" 200 14477
172.22.2.4 - - [01/Apr/2023:21:40:15 -0500] "GET /BLA/boletinlegal/images/icono-email.png HTTP/1.1" 200 5544
172.22.2.4 - - [01/Apr/2023:21:40:15 -0500] "GET /BLA/boletinlegal/images/body_bg.jpg HTTP/1.1" 200 1601
172.22.2.4 - - [01/Apr/2023:21:40:15 -0500] "GET /BLA/boletinlegal/images/menu_lft.gif HTTP/1.1" 200 1713
172.22.2.4 - - [01/Apr/2023:21:40:15 -0500] "GET /BLA/boletinlegal/images/bg_top.jpg HTTP/1.1" 200 522
172.22.2.4 - - [01/Apr/2023:21:40:15 -0500] "GET /BLA/boletinlegal/images/footer_bg.jpg HTTP/1.1" 200 586
172.22.2.4 - - [01/Apr/2023:21:40:15 -0500] "GET /BLA/boletinlegal/images/text.jpg HTTP/1.1" 200 568
172.22.2.4 - - [01/Apr/2023:21:40:15 -0500] "GET /BLA/boletinlegal/images/menu_bg.jpg HTTP/1.1" 200 620
172.22.2.4 - - [01/Apr/2023:21:40:15 -0500] "GET /BLA/boletinlegal/images/menu_rght.gif HTTP/1.1" 200 1627
172.22.2.4 - - [01/Apr/2023:21:40:15 -0500] "GET /BLA/boletinlegal/images/hover.jpg HTTP/1.1" 200 640
172.22.2.4 - - [01/Apr/2023:21:40:15 -0500] "GET /BLA/boletinlegal/images/footer_bg_l.jpg HTTP/1.1" 200 776
172.22.2.4 - - [01/Apr/2023:21:40:15 -0500] "GET /BLA/boletinlegal/img/0.png HTTP/1.1" 200 110
172.22.2.4 - - [01/Apr/2023:21:40:15 -0500] "GET /BLA/boletinlegal/img/select-left.png HTTP/1.1" 200 263
172.22.2.4 - - [01/Apr/2023:21:40:15 -0500] "GET /BLA/boletinlegal/img/select-right.png HTTP/1.1" 200 44019
172.22.2.4 - - [01/Apr/2023:21:40:15 -0500] "GET /BLA/boletinlegal/img/button-left.png HTTP/1.1" 200 57071
172.22.2.4 - - [01/Apr/2023:21:40:15 -0500] "GET /BLA/boletinlegal/img/button.png HTTP/1.1" 200 43241
172.22.2.4 - - [01/Apr/2023:21:40:15 -0500] "GET /BLA/boletinlegal/img/button-right.png HTTP/1.1" 200 57878
172.22.2.4 - - [01/Apr/2023:21:40:15 -0500] "GET /BLA/boletinlegal/favicon.ico HTTP/1.1" 404 1326
173.252.79.2 - - [01/Apr/2023:21:40:32 -0500] "GET /images/caminatas-ecol\xc3\xb3gicas-marzo---1920x1080_optimized.jpg HTTP/1.1" 404 1034
201.245.192.253 - - [01/Apr/2023:21:40:34 -0500] "POST /kwsrmcab/Wsrmcab HTTP/1.1" 200 42964
201.245.192.253 - - [01/Apr/2023:21:40:36 -0500] "POST /kwsrmcab/Wsrmcab HTTP/1.1" 200 43453
216.245.221.92 - - [01/Apr/2023:21:40:47 -0500] "HEAD / HTTP/1.1" 200 -
172.22.2.4 - - [01/Apr/2023:21:40:53 -0500] "GET /BLA/boletinlegal/consulta_actos.php?tipo=resoluciones&no=3971&usuario=&sector=&fecha=2018&resuelve= HTTP/1.1" 200 1330
172.22.2.4 - - [01/Apr/2023:21:40:53 -0500] "GET /BLA/boletinlegal/images/pdf.gif HTTP/1.1" 200 567
190.69.61.12 - - [01/Apr/2023:21:40:58 -0500] "GET /BLA/resoluciones/RESOLUCIONES%202018/3971.pdf HTTP/1.1" 200 3334526
172.22.2.4 - - [01/Apr/2023:21:39:30 -0500] "HEAD /BLA/boletinlegal/ HTTP/1.1" 200 -
201.245.192.253 - - [01/Apr/2023:21:41:11 -0500] "POST /kwsrmcab/Wsrmcab  HTTP/1.1" 200 43001
173.252.87.22 - - [01/Apr/2023:21:41:18 -0500] "GET /images/calidad-aire-2-marzo-1_optimized.jpeg HTTP/1.1" 200 51562
172.22.2.4 - - [01/Apr/2023:21:40:21 -0500] "GET /BLA/boletinlegal/ HTTP/1.1" 200 56277
173.252.87.113 - - [01/Apr/2023:21:44:28 -0500] "GET /images/rendicion-de-cuentas-post-01-02-(1)_optimized.jpg HTTP/1.1" 200 121430
186.83.248.226 - - [01/Apr/2023:21:45:32 -0500] "GET /secretaria-de-ambiente-ha-incautado-estos-dias-mas-de-55-kilos-de-palma-silvestre-y-refuerza-controles-previo-a-domingo-de-ramos.html HTTP/1.1" 200 1109
173.252.107.11 - - [01/Apr/2023:21:45:39 -0500] "GET /images/caminatas-ecol\xc3\xb3gicas-marzo---1920x1080_optimized.jpg HTTP/1.1" 404 1034
216.245.221.92 - - [01/Apr/2023:21:45:46 -0500] "HEAD / HTTP/1.1" 200 -
201.245.192.253 - - [01/Apr/2023:21:46:10 -0500] "POST /kwsrmcab/Wsrmcab  HTTP/1.1" 200 43001
172.22.2.4 - - [01/Apr/2023:21:45:20 -0500] "HEAD /BLA/boletinlegal/ HTTP/1.1" 200 -
172.22.2.4 - - [01/Apr/2023:21:46:11 -0500] "GET /BLA/boletinlegal/ HTTP/1.1" 200 58653
201.184.96.253 - - [01/Apr/2023:21:50:33 -0500] "GET /sipse/faces/faces/autenticacion.xhtml HTTP/1.1" 200 12500
201.184.96.253 - - [01/Apr/2023:21:50:39 -0500] "GET /sipse/js/disable_browser_buttons.js HTTP/1.1" 304 -
201.184.96.253 - - [01/Apr/2023:21:50:39 -0500] "GET /sipse/faces/javax.faces.resource/layout/layout.css;jsessionid=kLHelbM-W3UCmPgP3HnIe23+.undefined?ln=primefaces&v=4.0 HTTP/1.1" 200 542
201.184.96.253 - - [01/Apr/2023:21:50:39 -0500] "GET /sipse/css/custom_css_sg.css HTTP/1.1" 304 -
201.184.96.253 - - [01/Apr/2023:21:50:39 -0500] "GET /sipse/js/funciones.js HTTP/1.1" 304 -
181.204.226.82 - - [01/Apr/2023:21:50:39 -0500] "GET /sipse/faces/javax.faces.resource/theme.css?ln=primefaces-sipse HTTP/1.1" 304 -
181.204.226.82 - - [01/Apr/2023:21:50:39 -0500] "GET /sipse/css/custom_css_sg_prime_login.css HTTP/1.1" 304 -
181.204.226.82 - - [01/Apr/2023:21:50:39 -0500] "GET /sipse/faces/javax.faces.resource/primefaces.css;jsessionid=kLHelbM-W3UCmPgP3HnIe23+.undefined?ln=primefaces&v=4.0 HTTP/1.1" 200 53295
201.184.96.253 - - [01/Apr/2023:21:50:39 -0500] "GET /sipse/faces/javax.faces.resource/jquery/jquery.js;jsessionid=kLHelbM-W3UCmPgP3HnIe23+.undefined?ln=primefaces&v=4.0 HTTP/1.1" 200 105384
181.204.226.82 - - [01/Apr/2023:21:50:39 -0500] "GET /sipse/faces/javax.faces.resource/layout/layout.js;jsessionid=kLHelbM-W3UCmPgP3HnIe23+.undefined?ln=primefaces&v=4.0 HTTP/1.1" 200 87560
201.184.96.253 - - [01/Apr/2023:21:50:39 -0500] "GET /sipse/faces/javax.faces.resource/primefaces.js;jsessionid=kLHelbM-W3UCmPgP3HnIe23+.undefined?ln=primefaces&v=4.0 HTTP/1.1" 200 276924
181.204.226.82 - - [01/Apr/2023:21:50:39 -0500] "GET /sipse/faces/javax.faces.resource/jquery/jquery-plugins.js;jsessionid=kLHelbM-W3UCmPgP3HnIe23+.undefined?ln=primefaces&v=4.0 HTTP/1.1" 200 220526
181.204.226.82 - - [01/Apr/2023:21:50:43 -0500] "GET /sipse/css/imagen/logoSDG.png HTTP/1.1" 200 53064
181.204.226.82 - - [01/Apr/2023:21:50:44 -0500] "GET /sipse/css/imagen/loginimg.png HTTP/1.1" 200 71635
181.204.226.82 - - [01/Apr/2023:21:50:45 -0500] "GET /sipse/faces/javax.faces.resource/images/ui-icons_898989_256x240.png?ln=primefaces-aristo HTTP/1.1" 304 -
216.245.221.92 - - [01/Apr/2023:21:50:46 -0500] "HEAD / HTTP/1.1" 200 -
201.184.96.253 - - [01/Apr/2023:21:50:47 -0500] "GET /sipse/faces/faces/index.xhtml HTTP/1.1" 200 677
181.204.226.82 - - [01/Apr/2023:21:50:49 -0500] "GET /sipse/faces/javax.faces.resource/theme.css?ln=primefaces-sipse HTTP/1.1" 304 -
201.184.96.253 - - [01/Apr/2023:21:50:53 -0500] "GET /sipse/faces/faces/faces/autenticacion.xhtml HTTP/1.1" 200 12178
181.204.226.82 - - [01/Apr/2023:21:50:57 -0500] "GET /sipse/faces/javax.faces.resource/theme.css?ln=primefaces-sipse HTTP/1.1" 304 -
201.184.96.253 - - [01/Apr/2023:21:50:57 -0500] "GET /sipse/faces/javax.faces.resource/primefaces.css?ln=primefaces&v=4.0 HTTP/1.1" 304 -
181.204.226.82 - - [01/Apr/2023:21:50:57 -0500] "GET /sipse/faces/javax.faces.resource/layout/layout.css?ln=primefaces&v=4.0 HTTP/1.1" 304 -
181.204.226.82 - - [01/Apr/2023:21:50:57 -0500] "GET /sipse/faces/javax.faces.resource/jquery/jquery.js?ln=primefaces&v=4.0 HTTP/1.1" 304 -
181.204.226.82 - - [01/Apr/2023:21:50:57 -0500] "GET /sipse/faces/javax.faces.resource/jquery/jquery-plugins.js?ln=primefaces&v=4.0 HTTP/1.1" 304 -
181.204.226.82 - - [01/Apr/2023:21:50:57 -0500] "GET /sipse/faces/javax.faces.resource/primefaces.js?ln=primefaces&v=4.0 HTTP/1.1" 304 -
181.204.226.82 - - [01/Apr/2023:21:50:57 -0500] "GET /sipse/faces/javax.faces.resource/layout/layout.js?ln=primefaces&v=4.0 HTTP/1.1" 304 -
181.204.226.82 - - [01/Apr/2023:21:51:01 -0500] "GET /sipse/faces/javax.faces.resource/images/ui-icons_898989_256x240.png?ln=primefaces-aristo HTTP/1.1" 304 -
201.184.96.253 - - [01/Apr/2023:21:51:06 -0500] "POST /sipse/faces/autenticacion.xhtml HTTP/1.1" 200 2227
181.204.226.82 - - [01/Apr/2023:21:51:08 -0500] "GET /sipse/faces/javax.faces.resource/messages/messages.png?ln=primefaces&v=4.0 HTTP/1.1" 304 -
181.204.226.82 - - [01/Apr/2023:21:51:08 -0500] "POST /sipse/faces/autenticacion.xhtml HTTP/1.1" 200 2231
201.245.192.253 - - [01/Apr/2023:21:51:07 -0500] "POST /kwsrmcab/Wsrmcab  HTTP/1.1" 200 43001
201.184.96.253 - - [01/Apr/2023:21:51:10 -0500] "POST /sipse/faces/autenticacion.xhtml HTTP/1.1" 200 16236
181.204.226.82 - - [01/Apr/2023:21:51:11 -0500] "GET /sipse/css/custom_css_sg_prime.css HTTP/1.1" 304 -
181.204.226.82 - - [01/Apr/2023:21:51:11 -0500] "GET /sipse/js/jquery.min.js HTTP/1.1" 304 -
181.204.226.82 - - [01/Apr/2023:21:51:12 -0500] "GET /sipse/faces/javax.faces.resource/jquery/jquery.js?ln=primefaces&v=4.0 HTTP/1.1" 304 -
181.204.226.82 - - [01/Apr/2023:21:51:12 -0500] "GET /sipse/faces/javax.faces.resource/jquery/jquery-plugins.js?ln=primefaces&v=4.0 HTTP/1.1" 304 -
181.204.226.82 - - [01/Apr/2023:21:51:12 -0500] "GET /sipse/faces/javax.faces.resource/primefaces.js?ln=primefaces&v=4.0 HTTP/1.1" 304 -
181.204.226.82 - - [01/Apr/2023:21:51:13 -0500] "GET /sipse/faces/javax.faces.resource/layout/layout.js?ln=primefaces&v=4.0 HTTP/1.1" 304 -
181.204.226.82 - - [01/Apr/2023:21:51:13 -0500] "GET /sipse/imagenes/cargando.gif HTTP/1.1" 304 -
181.204.226.82 - - [01/Apr/2023:21:51:13 -0500] "GET /sipse/imagenes/logoAplicacion.jpg HTTP/1.1" 304 -
201.184.96.253 - - [01/Apr/2023:21:51:13 -0500] "GET /sipse/css/imagen/contrasena.png HTTP/1.1" 404 383
181.204.226.82 - - [01/Apr/2023:21:51:17 -0500] "GET /sipse/faces/javax.faces.resource/images/ui-bg_flat_0_2d5972_40x100.png?ln=primefaces-aristo HTTP/1.1" 304 -
201.184.96.253 - - [01/Apr/2023:21:51:17 -0500] "POST /sipse/faces/bienvenido.xhtml HTTP/1.1" 200 2658
201.184.96.253 - - [01/Apr/2023:21:51:20 -0500] "POST /sipse/faces/bienvenido.xhtml HTTP/1.1" 200 2073
201.184.96.253 - - [01/Apr/2023:21:51:21 -0500] "POST /sipse/faces/bienvenido.xhtml HTTP/1.1" 200 40731
181.204.226.82 - - [01/Apr/2023:21:51:21 -0500] "GET /sipse/faces/javax.faces.resource/jquery/jquery.js?ln=primefaces&v=4.0 HTTP/1.1" 304 -
181.204.226.82 - - [01/Apr/2023:21:51:21 -0500] "GET /sipse/faces/javax.faces.resource/jquery/jquery-plugins.js?ln=primefaces&v=4.0 HTTP/1.1" 304 -
181.204.226.82 - - [01/Apr/2023:21:51:21 -0500] "GET /sipse/faces/javax.faces.resource/primefaces.js?ln=primefaces&v=4.0 HTTP/1.1" 304 -
181.204.226.82 - - [01/Apr/2023:21:51:21 -0500] "GET /sipse/faces/javax.faces.resource/layout/layout.js?ln=primefaces&v=4.0 HTTP/1.1" 304 -
181.204.226.82 - - [01/Apr/2023:21:51:50 -0500] "POST /sipse/faces/presentacion/financiero/solicitudProceso/consultar.xhtml HTTP/1.1" 200 12810
181.204.226.82 - - [01/Apr/2023:21:51:54 -0500] "POST /sipse/faces/presentacion/financiero/solicitudProceso/consultar.xhtml HTTP/1.1" 200 158007
181.204.226.82 - - [01/Apr/2023:21:51:56 -0500] "GET /sipse/faces/javax.faces.resource/jquery/jquery.js?ln=primefaces&v=4.0 HTTP/1.1" 304 -
181.204.226.82 - - [01/Apr/2023:21:51:56 -0500] "GET /sipse/faces/javax.faces.resource/jquery/jquery-plugins.js?ln=primefaces&v=4.0 HTTP/1.1" 304 -
181.204.226.82 - - [01/Apr/2023:21:51:56 -0500] "GET /sipse/faces/javax.faces.resource/primefaces.js?ln=primefaces&v=4.0 HTTP/1.1" 304 -
181.204.226.82 - - [01/Apr/2023:21:51:56 -0500] "GET /sipse/faces/javax.faces.resource/layout/layout.js?ln=primefaces&v=4.0 HTTP/1.1" 304 -
181.204.226.82 - - [01/Apr/2023:21:52:01 -0500] "POST /sipse/faces/presentacion/financiero/solicitudProceso/consultarSolicitudProceso.xhtml HTTP/1.1" 200 132855
181.204.226.82 - - [01/Apr/2023:21:52:08 -0500] "POST /sipse/faces/presentacion/financiero/solicitudProceso/consultarSolicitudProceso.xhtml HTTP/1.1" 200 132855
172.22.2.4 - - [01/Apr/2023:21:51:10 -0500] "HEAD /BLA/boletinlegal/ HTTP/1.1" 200 -
172.22.2.4 - - [01/Apr/2023:21:52:01 -0500] "GET /BLA/boletinlegal/ HTTP/1.1" 200 57551
172.22.2.4 - - [01/Apr/2023:21:55:02 -0500] "GET /BLA/boletinlegal/styles2.css HTTP/1.1" 200 1838
172.22.2.4 - - [01/Apr/2023:21:55:02 -0500] "GET /BLA/boletinlegal/style.css HTTP/1.1" 200 9406
172.22.2.4 - - [01/Apr/2023:21:55:03 -0500] "GET /BLA/boletinlegal/js/jquery.js HTTP/1.1" 200 57254
172.22.2.4 - - [01/Apr/2023:21:55:03 -0500] "GET /BLA/boletinlegal/js/jquery.scrollTo-min.js HTTP/1.1" 200 1150
172.22.2.4 - - [01/Apr/2023:21:55:03 -0500] "GET /BLA/boletinlegal/js/jquery.scrollShow.js HTTP/1.1" 200 4586
172.22.2.4 - - [01/Apr/2023:21:55:03 -0500] "GET /BLA/boletinlegal/images/cabezote%20BLEGAL.jpg HTTP/1.1" 200 118164
172.22.2.4 - - [01/Apr/2023:21:55:03 -0500] "GET /BLA/boletinlegal/images/subscribe-icon-big.png HTTP/1.1" 200 47702
172.22.2.4 - - [01/Apr/2023:21:55:03 -0500] "GET /BLA/boletinlegal/images/historia.png HTTP/1.1" 200 52775
172.22.2.4 - - [01/Apr/2023:21:55:03 -0500] "GET /BLA/boletinlegal/images/body_bg.jpg HTTP/1.1" 200 1601
172.22.2.4 - - [01/Apr/2023:21:55:03 -0500] "GET /BLA/boletinlegal/images/menu_rght.gif HTTP/1.1" 200 1627
172.22.2.4 - - [01/Apr/2023:21:55:03 -0500] "GET /BLA/boletinlegal/images/menu_lft.gif HTTP/1.1" 200 1713
172.22.2.4 - - [01/Apr/2023:21:55:03 -0500] "GET /BLA/boletinlegal/images/bg_top.jpg HTTP/1.1" 200 522
172.22.2.4 - - [01/Apr/2023:21:55:03 -0500] "GET /BLA/boletinlegal/images/menu_bg.jpg HTTP/1.1" 200 620
172.22.2.4 - - [01/Apr/2023:21:55:03 -0500] "GET /BLA/boletinlegal/images/text.jpg HTTP/1.1" 200 568
172.22.2.4 - - [01/Apr/2023:21:55:03 -0500] "GET /BLA/boletinlegal/images/hover.jpg HTTP/1.1" 200 640
172.22.2.4 - - [01/Apr/2023:21:55:03 -0500] "GET /BLA/boletinlegal/images/launch.jpg HTTP/1.1" 200 14577
172.22.2.4 - - [01/Apr/2023:21:55:03 -0500] "GET /BLA/boletinlegal/images/arr_l.jpg HTTP/1.1" 200 1979
172.22.2.4 - - [01/Apr/2023:21:55:03 -0500] "GET /BLA/boletinlegal/images/screen_1.png HTTP/1.1" 200 202547
172.22.2.4 - - [01/Apr/2023:21:55:03 -0500] "GET /BLA/boletinlegal/images/registro-usuarios.png HTTP/1.1" 200 8106
172.22.2.4 - - [01/Apr/2023:21:55:07 -0500] "GET /BLA/boletinlegal/actos.php HTTP/1.1" 200 9672
172.22.2.4 - - [01/Apr/2023:21:55:07 -0500] "GET /BLA/boletinlegal/js/ajax_actos.js HTTP/1.1" 200 1322
172.22.2.4 - - [01/Apr/2023:21:55:07 -0500] "GET /BLA/boletinlegal/niceforms.js HTTP/1.1" 200 22876
172.22.2.4 - - [01/Apr/2023:21:55:07 -0500] "GET /BLA/boletinlegal/niceforms-default.css HTTP/1.1" 200 6694
172.22.2.4 - - [01/Apr/2023:21:55:07 -0500] "GET /BLA/boletinlegal/js/popup.js HTTP/1.1" 200 1270
172.22.2.4 - - [01/Apr/2023:21:55:07 -0500] "GET /BLA/boletinlegal/js/lib.js HTTP/1.1" 200 6474
172.22.2.4 - - [01/Apr/2023:21:55:07 -0500] "GET /BLA/boletinlegal/js/jquery1.js HTTP/1.1" 200 29846
172.22.2.4 - - [01/Apr/2023:21:55:07 -0500] "GET /BLA/boletinlegal/images/green-yellow-blue-pink-th.png HTTP/1.1" 200 7394
172.22.2.4 - - [01/Apr/2023:21:55:07 -0500] "GET /BLA/boletinlegal/images/tel.png HTTP/1.1" 200 14477
172.22.2.4 - - [01/Apr/2023:21:55:07 -0500] "GET /BLA/boletinlegal/images/icono-email.png HTTP/1.1" 200 5544
172.22.2.4 - - [01/Apr/2023:21:55:07 -0500] "GET /BLA/boletinlegal/images/footer_bg.jpg HTTP/1.1" 200 586
172.22.2.4 - - [01/Apr/2023:21:55:07 -0500] "GET /BLA/boletinlegal/images/footer_bg_l.jpg HTTP/1.1" 200 776
172.22.2.4 - - [01/Apr/2023:21:55:08 -0500] "GET /BLA/boletinlegal/img/select-left.png HTTP/1.1" 200 263
172.22.2.4 - - [01/Apr/2023:21:55:08 -0500] "GET /BLA/boletinlegal/img/0.png HTTP/1.1" 200 110
172.22.2.4 - - [01/Apr/2023:21:55:08 -0500] "GET /BLA/boletinlegal/img/select-right.png HTTP/1.1" 200 44019
172.22.2.4 - - [01/Apr/2023:21:55:08 -0500] "GET /BLA/boletinlegal/img/button-left.png HTTP/1.1" 200 57071
172.22.2.4 - - [01/Apr/2023:21:55:08 -0500] "GET /BLA/boletinlegal/img/button.png HTTP/1.1" 200 43241
172.22.2.4 - - [01/Apr/2023:21:55:08 -0500] "GET /BLA/boletinlegal/img/button-right.png HTTP/1.1" 200 57878
172.22.2.4 - - [01/Apr/2023:21:55:08 -0500] "GET /BLA/boletinlegal/favicon.ico HTTP/1.1" 404 1326
172.22.2.4 - - [01/Apr/2023:21:55:24 -0500] "GET /BLA/boletinlegal/consulta_actos.php?tipo=resoluciones&no=0645&usuario=&sector=&fecha=2021&resuelve= HTTP/1.1" 200 1204
172.22.2.4 - - [01/Apr/2023:21:55:24 -0500] "GET /BLA/boletinlegal/images/pdf.gif HTTP/1.1" 200 567
69.63.189.1 - - [01/Apr/2023:21:55:32 -0500] "GET /images/palma-de-cera-1-abril_optimized.jpeg HTTP/1.1" 200 171987
172.22.2.4 - - [01/Apr/2023:21:55:02 -0500] "GET /BLA/boletinlegal/ HTTP/1.1" 200 24523
69.63.189.118 - - [01/Apr/2023:21:55:36 -0500] "GET /images/empresas-alertas_optimized.jpeg HTTP/1.1" 200 142365
216.245.221.92 - - [01/Apr/2023:21:55:46 -0500] "HEAD / HTTP/1.1" 200 -
201.245.192.253 - - [01/Apr/2023:21:56:01 -0500] "POST /kwsrmcab/Wsrmcab  HTTP/1.1" 200 43001
66.249.70.210 - - [01/Apr/2023:21:56:24 -0500] "-" 408 -
31.13.127.12 - - [01/Apr/2023:21:56:52 -0500] "GET /la-musica-como-bandera-para-el-cuidado-del-planeta.html HTTP/1.1" 206 855
157.55.39.212 - - [01/Apr/2023:21:58:03 -0500] "GET /BLA/resoluciones/RESOLUCIONES%202021/5040.pdf HTTP/1.1" 200 339409
138.201.157.89 - - [01/Apr/2023:21:58:27 -0500] "GET / HTTP/1.1" 200 319
138.201.157.89 - - [01/Apr/2023:21:58:28 -0500] "GET / HTTP/1.1" 200 4720
172.22.2.4 - - [01/Apr/2023:21:57:00 -0500] "HEAD /BLA/boletinlegal/ HTTP/1.1" 200 -
172.22.2.4 - - [01/Apr/2023:21:57:51 -0500] "GET /BLA/boletinlegal/ HTTP/1.1" 200 52720
216.245.221.92 - - [01/Apr/2023:22:00:46 -0500] "HEAD / HTTP/1.1" 200 -
201.245.192.253 - - [01/Apr/2023:22:00:59 -0500] "POST /kwsrmcab/Wsrmcab  HTTP/1.1" 200 43001
172.22.2.4 - - [01/Apr/2023:22:02:50 -0500] "HEAD /BLA/boletinlegal/ HTTP/1.1" 200 -
172.22.2.4 - - [01/Apr/2023:22:03:41 -0500] "GET /BLA/boletinlegal/ HTTP/1.1" 200 57551
216.245.221.92 - - [01/Apr/2023:22:05:46 -0500] "HEAD / HTTP/1.1" 200 -
201.245.192.253 - - [01/Apr/2023:22:06:02 -0500] "POST /kwsrmcab/Wsrmcab  HTTP/1.1" 200 43001
52.167.144.43 - - [01/Apr/2023:22:07:38 -0500] "GET /caminatas-ecologicas-en-bogota-inscribete-y-participa-en-los-recorridos-de-abril.html HTTP/1.1" 200 868
181.237.171.208 - - [01/Apr/2023:22:07:52 -0500] "GET /galeria/nivo-slider/demo/escuadron.mp4 HTTP/1.1" 206 2
181.237.171.208 - - [01/Apr/2023:22:07:52 -0500] "GET /galeria/nivo-slider/demo/escuadron.mp4 HTTP/1.1" 206 141917477
181.237.171.208 - - [01/Apr/2023:22:07:53 -0500] "GET /galeria/nivo-slider/demo/escuadron.mp4 HTTP/1.1" 206 140158509
173.252.95.10 - - [01/Apr/2023:22:08:12 -0500] "GET /images/calidaddeaire1.png HTTP/1.1" 200 158614
193.32.162.159 - - [01/Apr/2023:22:08:28 -0500] "GET / HTTP/1.1" 200 319
193.32.162.159 - - [01/Apr/2023:22:08:38 -0500] "GET /dispatch.asp HTTP/1.1" 404 1018
157.55.39.212 - - [01/Apr/2023:22:09:17 -0500] "GET /sipse/faces/faces/autenticacion.xhtml HTTP/1.1" 200 12500
66.249.70.210 - - [01/Apr/2023:22:09:22 -0500] "-" 408 -
168.119.100.88 - - [01/Apr/2023:22:09:31 -0500] "GET / HTTP/1.1" 200 319
168.119.100.88 - - [01/Apr/2023:22:09:32 -0500] "GET / HTTP/1.1" 200 4720
66.249.66.12 - - [01/Apr/2023:22:09:36 -0500] "-" 408 -
172.22.2.4 - - [01/Apr/2023:22:08:40 -0500] "HEAD /BLA/boletinlegal/ HTTP/1.1" 200 -
216.245.221.92 - - [01/Apr/2023:22:10:46 -0500] "HEAD / HTTP/1.1" 200 -
201.245.192.253 - - [01/Apr/2023:22:11:00 -0500] "POST /kwsrmcab/Wsrmcab  HTTP/1.1" 200 43001
172.22.2.4 - - [01/Apr/2023:22:09:31 -0500] "GET /BLA/boletinlegal/ HTTP/1.1" 200 59296
173.252.83.120 - - [01/Apr/2023:22:15:40 -0500] "GET /images/calidaddeaire1.png HTTP/1.1" 200 158614
172.22.2.4 - - [01/Apr/2023:22:15:46 -0500] "GET /BLA/boletinlegal/Directivas/2018/Directiva%20No.%2025%20del%2027%20de%20diciembre%20de%202018.pdf HTTP/1.1" 200 1351319
216.245.221.92 - - [01/Apr/2023:22:15:46 -0500] "HEAD / HTTP/1.1" 200 -
201.245.192.253 - - [01/Apr/2023:22:15:59 -0500] "POST /kwsrmcab/Wsrmcab  HTTP/1.1" 200 43001
172.22.2.4 - - [01/Apr/2023:22:14:30 -0500] "HEAD /BLA/boletinlegal/ HTTP/1.1" 200 -
52.167.144.167 - - [01/Apr/2023:22:16:52 -0500] "GET /BLA/resoluciones/AUTOS%202019/1732.pdf HTTP/1.1" 200 256493
172.22.2.4 - - [01/Apr/2023:22:15:21 -0500] "GET /BLA/boletinlegal/ HTTP/1.1" 200 58297
54.82.99.19 - - [01/Apr/2023:22:17:37 -0500] "-" 408 -
172.22.2.4 - - [01/Apr/2023:22:17:47 -0500] "GET /BLA/boletinlegal/Circulares/2013/Circular%20No.%205%20del%2013%20de%20junio%20de%202013.pdf HTTP/1.1" 304 -
162.55.171.138 - - [01/Apr/2023:22:17:55 -0500] "GET / HTTP/1.1" 200 319
162.55.171.138 - - [01/Apr/2023:22:17:55 -0500] "GET / HTTP/1.1" 200 4720
92.118.39.82 - - [01/Apr/2023:22:20:18 -0500] "GET / HTTP/1.1" 200 319
92.118.39.82 - - [01/Apr/2023:22:20:18 -0500] "GET /cgi-bin/downloadFlile.cgi HTTP/1.1" 404 1018
201.245.192.253 - - [01/Apr/2023:22:20:34 -0500] "POST /kwsrmcab/Wsrmcab HTTP/1.1" 200 43127
201.245.192.253 - - [01/Apr/2023:22:20:37 -0500] "POST /kwsrmcab/Wsrmcab HTTP/1.1" 200 43458
216.245.221.92 - - [01/Apr/2023:22:20:46 -0500] "HEAD / HTTP/1.1" 200 -
201.245.192.253 - - [01/Apr/2023:22:20:58 -0500] "POST /kwsrmcab/Wsrmcab  HTTP/1.1" 200 43001
40.77.167.211 - - [01/Apr/2023:22:21:59 -0500] "GET /BLA/resoluciones/AUTOS%202021/5867.pdf HTTP/1.1" 304 -
172.22.2.4 - - [01/Apr/2023:22:20:20 -0500] "HEAD /BLA/boletinlegal/ HTTP/1.1" 200 -
172.22.2.4 - - [01/Apr/2023:22:21:11 -0500] "GET /BLA/boletinlegal/ HTTP/1.1" 200 57551
181.53.13.246 - - [01/Apr/2023:22:23:15 -0500] "GET /mujeres-que-reverdecen-secretaria-de-ambiente-anuncia-el-inicio-de-la-tercera-fase.html HTTP/1.1" 200 954
52.167.144.46 - - [01/Apr/2023:22:24:15 -0500] "GET /BLA/resoluciones/AUTOS%202021/5334.pdf HTTP/1.1" 304 -
216.245.221.92 - - [01/Apr/2023:22:25:46 -0500] "HEAD / HTTP/1.1" 200 -
201.245.192.253 - - [01/Apr/2023:22:25:57 -0500] "POST /kwsrmcab/Wsrmcab  HTTP/1.1" 200 43001
172.22.2.4 - - [01/Apr/2023:22:26:10 -0500] "HEAD /BLA/boletinlegal/ HTTP/1.1" 200 -
172.22.2.4 - - [01/Apr/2023:22:27:53 -0500] "GET /BLA/boletinlegal/ HTTP/1.1" 200 20427
172.22.2.4 - - [01/Apr/2023:22:27:01 -0500] "GET /BLA/boletinlegal/ HTTP/1.1" 200 56744
181.62.56.148 - - [01/Apr/2023:22:29:10 -0500] "GET /BLA/resoluciones/Notificaciones/AUTOS%202021/1952.pdf HTTP/1.1" 200 377608
181.62.56.148 - - [01/Apr/2023:22:29:10 -0500] "GET /favicon.ico HTTP/1.1" 200 7782
172.22.2.4 - - [01/Apr/2023:22:29:42 -0500] "GET /BLA/boletinlegal/favicon.ico HTTP/1.1" 404 1018
95.217.144.244 - - [01/Apr/2023:22:29:45 -0500] "-" 408 -
172.22.2.4 - - [01/Apr/2023:22:29:27 -0500] "GET /BLA/boletinlegal/ HTTP/1.1" 200 20427
172.22.2.4 - - [01/Apr/2023:22:29:27 -0500] "GET /BLA/boletinlegal/ HTTP/1.1" 200 28619
201.245.192.253 - - [01/Apr/2023:22:30:33 -0500] "POST /kwsrmcab/Wsrmcab HTTP/1.1" 200 43127
201.245.192.253 - - [01/Apr/2023:22:30:36 -0500] "POST /kwsrmcab/Wsrmcab HTTP/1.1" 200 43458
216.245.221.92 - - [01/Apr/2023:22:30:46 -0500] "HEAD / HTTP/1.1" 200 -
201.245.192.253 - - [01/Apr/2023:22:30:55 -0500] "POST /kwsrmcab/Wsrmcab  HTTP/1.1" 200 43001
52.167.144.167 - - [01/Apr/2023:22:31:50 -0500] "GET /BLA/resoluciones/RESOLUCIONES%202021/3560.pdf HTTP/1.1" 200 572195
191.95.57.39 - - [01/Apr/2023:22:32:21 -0500] "GET /sipse/css/custom_css_sg.css HTTP/1.1" 304 -
191.95.57.39 - - [01/Apr/2023:22:32:21 -0500] "GET /sipse/css/custom_css_sg_prime_login.css HTTP/1.1" 304 -
191.95.57.39 - - [01/Apr/2023:22:32:21 -0500] "GET /sipse/faces/javax.faces.resource/layout/layout.css?ln=primefaces&v=4.0 HTTP/1.1" 304 -
191.95.57.39 - - [01/Apr/2023:22:32:21 -0500] "GET /sipse/js/disable_browser_buttons.js HTTP/1.1" 304 -
191.95.57.39 - - [01/Apr/2023:22:32:21 -0500] "GET /sipse/js/funciones.js HTTP/1.1" 304 -
191.95.57.39 - - [01/Apr/2023:22:32:21 -0500] "GET /sipse/faces/javax.faces.resource/layout/layout.js?ln=primefaces&v=4.0 HTTP/1.1" 304 -
191.95.57.39 - - [01/Apr/2023:22:32:21 -0500] "GET /sipse/faces/javax.faces.resource/jquery/jquery.js?ln=primefaces&v=4.0 HTTP/1.1" 304 -
191.95.57.39 - - [01/Apr/2023:22:32:21 -0500] "GET /sipse/faces/javax.faces.resource/theme.css?ln=primefaces-sipse HTTP/1.1" 200 50058
191.95.57.39 - - [01/Apr/2023:22:32:21 -0500] "GET /sipse/faces/javax.faces.resource/primefaces.css?ln=primefaces&v=4.0 HTTP/1.1" 200 53295
191.95.57.39 - - [01/Apr/2023:22:32:21 -0500] "GET /sipse/faces/javax.faces.resource/primefaces.js?ln=primefaces&v=4.0 HTTP/1.1" 200 276924
191.95.57.39 - - [01/Apr/2023:22:32:21 -0500] "GET /sipse/faces/javax.faces.resource/jquery/jquery-plugins.js?ln=primefaces&v=4.0 HTTP/1.1" 200 220526
191.95.57.39 - - [01/Apr/2023:22:32:22 -0500] "GET /sipse/faces/javax.faces.resource/images/ui-icons_898989_256x240.png?ln=primefaces-aristo HTTP/1.1" 304 -
191.95.57.39 - - [01/Apr/2023:22:32:22 -0500] "GET /sipse/faces/javax.faces.resource/theme.css?ln=primefaces-sipse HTTP/1.1" 304 -
191.95.57.39 - - [01/Apr/2023:22:32:22 -0500] "GET /sipse/css/imagen/logoSDG.png HTTP/1.1" 200 53064
191.95.57.39 - - [01/Apr/2023:22:32:22 -0500] "GET /sipse/css/imagen/loginimg.png HTTP/1.1" 200 71635
191.95.57.39 - - [01/Apr/2023:22:32:22 -0500] "GET /sipse/faces/faces/faces/autenticacion.xhtml HTTP/1.1" 200 12178
191.95.57.39 - - [01/Apr/2023:22:32:22 -0500] "GET /sipse/faces/javax.faces.resource/primefaces.css?ln=primefaces&v=4.0 HTTP/1.1" 304 -
191.95.57.39 - - [01/Apr/2023:22:32:22 -0500] "GET /sipse/faces/javax.faces.resource/theme.css?ln=primefaces-sipse HTTP/1.1" 304 -
191.95.57.39 - - [01/Apr/2023:22:32:22 -0500] "GET /sipse/faces/javax.faces.resource/jquery/jquery.js?ln=primefaces&v=4.0 HTTP/1.1" 304 -
191.95.57.39 - - [01/Apr/2023:22:32:22 -0500] "GET /sipse/faces/javax.faces.resource/layout/layout.css?ln=primefaces&v=4.0 HTTP/1.1" 304 -
191.95.57.39 - - [01/Apr/2023:22:32:22 -0500] "GET /sipse/faces/javax.faces.resource/jquery/jquery-plugins.js?ln=primefaces&v=4.0 HTTP/1.1" 304 -
191.95.57.39 - - [01/Apr/2023:22:32:22 -0500] "GET /sipse/faces/javax.faces.resource/primefaces.js?ln=primefaces&v=4.0 HTTP/1.1" 304 -
191.95.57.39 - - [01/Apr/2023:22:32:22 -0500] "GET /sipse/faces/javax.faces.resource/layout/layout.js?ln=primefaces&v=4.0 HTTP/1.1" 304 -
191.95.57.39 - - [01/Apr/2023:22:32:22 -0500] "GET /sipse/css/imagen/loginimg.png HTTP/1.1" 206 1
191.95.57.39 - - [01/Apr/2023:22:32:22 -0500] "GET /sipse/css/imagen/logoSDG.png HTTP/1.1" 206 1
191.95.57.39 - - [01/Apr/2023:22:32:22 -0500] "GET /sipse/faces/javax.faces.resource/images/ui-icons_898989_256x240.png?ln=primefaces-aristo HTTP/1.1" 304 -
191.95.57.39 - - [01/Apr/2023:22:32:22 -0500] "GET /sipse/css/imagen/logoSDG.png HTTP/1.1" 206 9026
191.95.57.39 - - [01/Apr/2023:22:32:22 -0500] "GET /sipse/css/imagen/loginimg.png HTTP/1.1" 206 47729
40.77.167.80 - - [01/Apr/2023:22:33:23 -0500] "GET /BLA/resoluciones/RESOLUCIONES%202021/4695.pdf HTTP/1.1" 200 439802
172.22.2.4 - - [01/Apr/2023:22:32:00 -0500] "HEAD /BLA/boletinlegal/ HTTP/1.1" 200 -
172.22.2.4 - - [01/Apr/2023:22:32:51 -0500] "GET /BLA/boletinlegal/ HTTP/1.1" 200 53914
172.22.2.4 - - [01/Apr/2023:22:33:37 -0500] "GET /BLA/boletinlegal/ HTTP/1.1" 200 57935
216.245.221.92 - - [01/Apr/2023:22:35:46 -0500] "HEAD / HTTP/1.1" 200 -
201.245.192.253 - - [01/Apr/2023:22:35:54 -0500] "POST /kwsrmcab/Wsrmcab  HTTP/1.1" 200 43001
172.22.2.4 - - [01/Apr/2023:22:37:33 -0500] "GET /BLA/boletinlegal/Circulares/2019/.pdf HTTP/1.1" 404 1218
66.249.70.216 - - [01/Apr/2023:22:38:03 -0500] "-" 408 -
207.46.13.215 - - [01/Apr/2023:22:39:01 -0500] "GET /sipse/faces/index.xhtml HTTP/1.1" 200 677
172.22.2.4 - - [01/Apr/2023:22:37:50 -0500] "HEAD /BLA/boletinlegal/ HTTP/1.1" 200 -
172.22.2.4 - - [01/Apr/2023:22:38:41 -0500] "GET /BLA/boletinlegal/ HTTP/1.1" 200 57551
201.245.192.253 - - [01/Apr/2023:22:40:33 -0500] "POST /kwsrmcab/Wsrmcab HTTP/1.1" 200 43127
201.245.192.253 - - [01/Apr/2023:22:40:36 -0500] "POST /kwsrmcab/Wsrmcab HTTP/1.1" 200 43458
66.249.66.64 - - [01/Apr/2023:22:40:46 -0500] "-" 408 -
216.245.221.92 - - [01/Apr/2023:22:40:46 -0500] "HEAD / HTTP/1.1" 200 -
201.245.192.253 - - [01/Apr/2023:22:40:52 -0500] "POST /kwsrmcab/Wsrmcab  HTTP/1.1" 200 43001
34.91.142.213 - - [01/Apr/2023:22:42:17 -0500] "GET /inventario-de-emisiones-2020-transporte-publico-sitp-redujo-emisiones-de-pm-2-5-en-un-37.html HTTP/1.1" 200 925
122.233.174.208 - - [01/Apr/2023:22:43:39 -0500] "GET /boaform/admin/formLogin?username=user&psd=user HTTP/1.0" 404 1019
172.22.2.4 - - [01/Apr/2023:22:43:40 -0500] "HEAD /BLA/boletinlegal/ HTTP/1.1" 200 -
216.245.221.92 - - [01/Apr/2023:22:45:46 -0500] "HEAD / HTTP/1.1" 200 -
201.245.192.253 - - [01/Apr/2023:22:45:51 -0500] "POST /kwsrmcab/Wsrmcab  HTTP/1.1" 200 43001
172.22.2.4 - - [01/Apr/2023:22:44:31 -0500] "GET /BLA/boletinlegal/ HTTP/1.1" 200 53104
66.249.70.210 - - [01/Apr/2023:22:48:09 -0500] "-" 408 -
66.249.66.10 - - [01/Apr/2023:22:48:23 -0500] "-" 408 -
69.63.184.5 - - [01/Apr/2023:22:48:33 -0500] "GET /images/palma-de-cera-1-abril_optimized.jpeg HTTP/1.1" 200 171987
216.245.221.92 - - [01/Apr/2023:22:50:46 -0500] "HEAD / HTTP/1.1" 200 -
201.245.192.253 - - [01/Apr/2023:22:50:50 -0500] "POST /kwsrmcab/Wsrmcab  HTTP/1.1" 200 43001
172.22.2.4 - - [01/Apr/2023:22:49:30 -0500] "HEAD /BLA/boletinlegal/ HTTP/1.1" 200 -
172.22.2.4 - - [01/Apr/2023:22:50:21 -0500] "GET /BLA/boletinlegal/ HTTP/1.1" 200 56744
172.22.2.4 - - [01/Apr/2023:22:51:28 -0500] "GET /BLA/boletinlegal/ HTTP/1.1" 200 36811
172.22.2.4 - - [01/Apr/2023:22:55:08 -0500] "GET /BLA/boletinlegal/.git/config HTTP/1.1" 404 1018
216.245.221.92 - - [01/Apr/2023:22:55:46 -0500] "HEAD / HTTP/1.1" 200 -
201.245.192.253 - - [01/Apr/2023:22:55:49 -0500] "POST /kwsrmcab/Wsrmcab  HTTP/1.1" 200 43001
172.22.2.4 - - [01/Apr/2023:22:55:11 -0500] "GET /BLA/boletinlegal/index.php HTTP/1.1" 200 53551
66.249.66.44 - - [01/Apr/2023:22:56:56 -0500] "-" 408 -
172.22.2.4 - - [01/Apr/2023:22:55:20 -0500] "HEAD /BLA/boletinlegal/ HTTP/1.1" 200 -
186.102.36.223 - - [01/Apr/2023:22:57:23 -0500] "GET /agendate-para-participar-en-las-caminatas-ecologicas-de-febrero.html HTTP/1.1" 200 830
186.102.36.223 - - [01/Apr/2023:22:57:23 -0500] "GET /html/css/main.css?browserId=other&themeId=rknowsys_WAR_rknowsystheme&minifierType=css&languageId=es_ES&b=6202&t=1419355480000 HTTP/1.1" 404 1136
172.22.2.4 - - [01/Apr/2023:22:56:11 -0500] "GET /BLA/boletinlegal/ HTTP/1.1" 200 55211
216.245.221.92 - - [01/Apr/2023:23:00:46 -0500] "HEAD / HTTP/1.1" 200 -
201.245.192.253 - - [01/Apr/2023:23:00:47 -0500] "POST /kwsrmcab/Wsrmcab  HTTP/1.1" 200 43001
66.249.70.210 - - [01/Apr/2023:23:01:57 -0500] "-" 408 -
52.167.144.167 - - [01/Apr/2023:23:02:44 -0500] "GET /BLA/resoluciones/index.php?dir=RESOLUCIONES+2023%2F HTTP/1.1" 200 11738
172.22.2.4 - - [01/Apr/2023:23:01:10 -0500] "HEAD /BLA/boletinlegal/ HTTP/1.1" 200 -
200.118.80.117 - - [01/Apr/2023:23:03:20 -0500] "GET /mujeres-que-reverdecen-secretaria-de-ambiente-anuncia-el-inicio-de-la-tercera-fase.html HTTP/1.1" 200 954
172.22.2.4 - - [01/Apr/2023:23:02:01 -0500] "GET /BLA/boletinlegal/ HTTP/1.1" 200 59296
8.130.92.227 - - [01/Apr/2023:23:03:49 -0500] "GET /portaldeninos/wp-content/uploads/2021/06/titulo-videos-ni%C3%B1os.png HTTP/1.1" 200 10502
40.77.167.211 - - [01/Apr/2023:23:05:41 -0500] "GET /BLA/resoluciones/RESOLUCIONES%202015/0331.pdf HTTP/1.1" 200 368413
216.245.221.92 - - [01/Apr/2023:23:05:46 -0500] "HEAD / HTTP/1.1" 200 -
201.245.192.253 - - [01/Apr/2023:23:05:45 -0500] "POST /kwsrmcab/Wsrmcab  HTTP/1.1" 200 43001
31.148.130.137 - - [01/Apr/2023:23:06:10 -0500] "GET /BLA/resoluciones/AUTOS%202015/1607.pdf HTTP/1.1" 200 486244
52.167.144.167 - - [01/Apr/2023:23:08:04 -0500] "GET /BLA/resoluciones/AUTOS%202021/5808.pdf HTTP/1.1" 304 -
172.22.2.4 - - [01/Apr/2023:23:07:00 -0500] "HEAD /BLA/boletinlegal/ HTTP/1.1" 200 -
172.22.2.4 - - [01/Apr/2023:23:07:51 -0500] "GET /BLA/boletinlegal/ HTTP/1.1" 200 57141
186.84.21.69 - - [01/Apr/2023:23:09:36 -0500] "GET /caminatas-ecologicas-en-bogota-inscribete-y-participa-en-los-recorridos-de-abril.html HTTP/1.1" 200 868
201.245.192.253 - - [01/Apr/2023:23:10:43 -0500] "POST /kwsrmcab/Wsrmcab  HTTP/1.1" 200 43001
216.245.221.92 - - [01/Apr/2023:23:10:46 -0500] "HEAD / HTTP/1.1" 200 -
38.242.226.253 - - [01/Apr/2023:23:10:54 -0500] "GET /secretaria-de-ambiente-entrego-balance-de-su-gestion-en-2022-y-presento-los-retos-para-el-2023.html HTTP/1.1" 200 968
66.249.70.210 - - [01/Apr/2023:23:11:14 -0500] "-" 408 -
172.22.2.4 - - [01/Apr/2023:23:12:50 -0500] "HEAD /BLA/boletinlegal/ HTTP/1.1" 200 -
172.22.2.4 - - [01/Apr/2023:23:13:41 -0500] "GET /BLA/boletinlegal/ HTTP/1.1" 200 55924
201.245.192.253 - - [01/Apr/2023:23:15:41 -0500] "POST /kwsrmcab/Wsrmcab  HTTP/1.1" 200 43001
216.245.221.92 - - [01/Apr/2023:23:15:46 -0500] "HEAD / HTTP/1.1" 200 -
172.22.2.4 - - [01/Apr/2023:23:17:00 -0500] "GET /BLA/boletinlegal/jurisprudencia/analisis/Analisis%20Jurisprudencia%20Sent%202000-00005-01.doc HTTP/1.1" 304 -
66.249.70.210 - - [01/Apr/2023:23:17:55 -0500] "-" 408 -
40.77.167.211 - - [01/Apr/2023:23:18:37 -0500] "GET /BLA/resoluciones/RESOLUCIONES%202022/3410.pdf HTTP/1.1" 304 -
172.22.2.4 - - [01/Apr/2023:23:18:40 -0500] "HEAD /BLA/boletinlegal/ HTTP/1.1" 200 -
201.245.192.253 - - [01/Apr/2023:23:20:33 -0500] "POST /kwsrmcab/Wsrmcab HTTP/1.1" 200 42964
201.245.192.253 - - [01/Apr/2023:23:20:36 -0500] "POST /kwsrmcab/Wsrmcab HTTP/1.1" 200 43432
201.245.192.253 - - [01/Apr/2023:23:20:40 -0500] "POST /kwsrmcab/Wsrmcab  HTTP/1.1" 200 43001
216.245.221.92 - - [01/Apr/2023:23:20:46 -0500] "HEAD / HTTP/1.1" 200 -
185.58.224.209 - - [01/Apr/2023:23:20:59 -0500] "GET /secretaria-de-ambiente-entrego-balance-de-su-gestion-en-2022-y-presento-los-retos-para-el-2023.html HTTP/1.1" 200 968
172.22.2.4 - - [01/Apr/2023:23:19:31 -0500] "GET /BLA/boletinlegal/ HTTP/1.1" 200 57141
172.22.2.4 - - [01/Apr/2023:23:23:34 -0500] "GET /BLA/boletinlegal/ HTTP/1.1" 200 24523
201.245.192.253 - - [01/Apr/2023:23:25:38 -0500] "POST /kwsrmcab/Wsrmcab  HTTP/1.1" 200 43001
216.245.221.92 - - [01/Apr/2023:23:25:46 -0500] "HEAD / HTTP/1.1" 200 -
173.252.83.3 - - [01/Apr/2023:23:25:48 -0500] "GET /secretaria-de-ambiente-ha-incautado-estos-dias-mas-de-55-kilos-de-palma-silvestre-y-refuerza-controles-previo-a-domingo-de-ramos.html HTTP/1.1" 206 1109
173.252.83.15 - - [01/Apr/2023:23:25:49 -0500] "GET /secretaria-de-ambiente-ha-incautado-estos-dias-mas-de-55-kilos-de-palma-silvestre-y-refuerza-controles-previo-a-domingo-de-ramos.html HTTP/1.1" 206 1109
173.252.83.15 - - [01/Apr/2023:23:25:49 -0500] "GET /secretaria-de-ambiente-ha-incautado-estos-dias-mas-de-55-kilos-de-palma-silvestre-y-refuerza-controles-previo-a-domingo-de-ramos.html HTTP/1.1" 206 1109
172.22.2.4 - - [01/Apr/2023:23:24:30 -0500] "HEAD /BLA/boletinlegal/ HTTP/1.1" 200 -
66.249.70.210 - - [01/Apr/2023:23:26:47 -0500] "-" 408 -
172.22.2.4 - - [01/Apr/2023:23:25:21 -0500] "GET /BLA/boletinlegal/ HTTP/1.1" 200 59296
161.123.189.98 - - [01/Apr/2023:23:28:41 -0500] "GET /secretaria-de-ambiente-ha-incautado-estos-dias-mas-de-55-kilos-de-palma-silvestre-y-refuerza-controles-previo-a-domingo-de-ramos.html HTTP/1.1" 200 1109
168.151.107.39 - - [01/Apr/2023:23:28:41 -0500] "GET /secretaria-de-ambiente-entrego-balance-de-su-gestion-en-2022-y-presento-los-retos-para-el-2023.html HTTP/1.1" 200 968
40.77.167.80 - - [01/Apr/2023:23:28:49 -0500] "GET /Publicaciones/2022EE85800.pdf HTTP/1.1" 404 227
52.167.144.150 - - [01/Apr/2023:23:30:20 -0500] "GET /Publicaciones/2022EE179943.pdf HTTP/1.1" 404 228
201.245.192.253 - - [01/Apr/2023:23:30:33 -0500] "POST /kwsrmcab/Wsrmcab HTTP/1.1" 200 42964
201.245.192.253 - - [01/Apr/2023:23:30:36 -0500] "POST /kwsrmcab/Wsrmcab HTTP/1.1" 200 43432
201.245.192.253 - - [01/Apr/2023:23:30:37 -0500] "POST /kwsrmcab/Wsrmcab  HTTP/1.1" 200 43001
216.245.221.92 - - [01/Apr/2023:23:30:46 -0500] "HEAD / HTTP/1.1" 200 -
172.22.2.4 - - [01/Apr/2023:23:30:20 -0500] "HEAD /BLA/boletinlegal/ HTTP/1.1" 200 -
172.22.2.4 - - [01/Apr/2023:23:31:11 -0500] "GET /BLA/boletinlegal/ HTTP/1.1" 200 57551
52.167.144.167 - - [01/Apr/2023:23:33:30 -0500] "GET /BLA/resoluciones/AUTOS%202013/0800.pdf HTTP/1.1" 200 555005
40.77.189.213 - - [01/Apr/2023:23:33:30 -0500] "GET /galeria/galeria/jquery.fancybox.js?v=2.1.5 HTTP/1.1" 200 48706
201.245.192.253 - - [01/Apr/2023:23:35:38 -0500] "POST /kwsrmcab/Wsrmcab  HTTP/1.1" 200 43001
216.245.221.92 - - [01/Apr/2023:23:35:46 -0500] "HEAD / HTTP/1.1" 200 -
172.22.2.4 - - [01/Apr/2023:23:37:43 -0500] "GET /BLA/boletinlegal/jurisprudencia/analisis/CUADRO%20ANALISIS%20SENTENCIA%20T-411%20DE%201992.doc HTTP/1.1" 304 -
172.22.2.4 - - [01/Apr/2023:23:36:10 -0500] "HEAD /BLA/boletinlegal/ HTTP/1.1" 200 -
172.22.2.4 - - [01/Apr/2023:23:37:01 -0500] "GET /BLA/boletinlegal/ HTTP/1.1" 200 54798
66.249.70.210 - - [01/Apr/2023:23:38:52 -0500] "-" 408 -
201.245.192.253 - - [01/Apr/2023:23:40:33 -0500] "POST /kwsrmcab/Wsrmcab HTTP/1.1" 200 42964
