191.95.61.104 - - [01/Apr/2023:07:42:49 -0500] "GET /cooperacion-internacional-postulate-para-la-coordinacion-ambiental-de-proyecto-con-la-union-europea-avantia.html HTTP/1.1" 200 1020
172.22.2.4 - - [01/Apr/2023:07:41:41 -0500] "GET /BLA/boletinlegal/index.php HTTP/1.1" 200 60084
52.167.144.167 - - [01/Apr/2023:07:43:40 -0500] "GET /BLA/resoluciones/AUTOS%202021/6744.pdf HTTP/1.1" 200 1281506
190.25.166.36 - - [01/Apr/2023:07:44:03 -0500] "GET /BLA/resoluciones/ HTTP/1.1" 200 13502
190.25.166.36 - - [01/Apr/2023:07:44:09 -0500] "GET /BLA/resoluciones/index.php?dir=AUTOS+2016%2F HTTP/1.1" 200 328851
190.25.166.36 - - [01/Apr/2023:07:44:22 -0500] "GET /BLA/resoluciones/AUTOS%202016/1700.pdf HTTP/1.1" 200 303012
201.245.192.253 - - [01/Apr/2023:07:44:21 -0500] "POST /kwsrmcab/Wsrmcab  HTTP/1.1" 200 43001
181.56.235.113 - - [01/Apr/2023:07:45:15 -0500] "GET /BLA/resoluciones/index.php?dir=AUTOS+2015%2F HTTP/1.1" 200 581071
216.245.221.92 - - [01/Apr/2023:07:45:48 -0500] "HEAD / HTTP/1.1" 200 -
66.249.66.45 - - [01/Apr/2023:07:45:49 -0500] "-" 408 -
172.22.2.4 - - [01/Apr/2023:07:45:19 -0500] "HEAD /BLA/boletinlegal/ HTTP/1.1" 200 -
172.22.2.4 - - [01/Apr/2023:07:46:10 -0500] "GET /BLA/boletinlegal/ HTTP/1.1" 200 59296
40.77.167.211 - - [01/Apr/2023:07:48:28 -0500] "GET /bla/resoluciones/autos%202021/5233.pdf HTTP/1.1" 200 402593
201.245.192.253 - - [01/Apr/2023:07:49:20 -0500] "POST /kwsrmcab/Wsrmcab  HTTP/1.1" 200 43001
216.245.221.92 - - [01/Apr/2023:07:50:48 -0500] "HEAD / HTTP/1.1" 200 -
172.22.2.4 - - [01/Apr/2023:07:51:10 -0500] "HEAD /BLA/boletinlegal/ HTTP/1.1" 200 -
52.167.144.46 - - [01/Apr/2023:07:52:53 -0500] "GET /BLA/resoluciones/AUTOS%202021/0043.pdf HTTP/1.1" 304 -
172.22.2.4 - - [01/Apr/2023:07:52:03 -0500] "GET /BLA/boletinlegal/ HTTP/1.1" 200 49744
172.22.2.4 - - [01/Apr/2023:07:52:19 -0500] "GET /BLA/boletinlegal/ HTTP/1.1" 200 51022
201.245.192.253 - - [01/Apr/2023:07:54:18 -0500] "POST /kwsrmcab/Wsrmcab  HTTP/1.1" 200 43001
216.245.221.92 - - [01/Apr/2023:07:55:48 -0500] "HEAD / HTTP/1.1" 200 -
172.22.2.4 - - [01/Apr/2023:07:57:02 -0500] "HEAD /BLA/boletinlegal/ HTTP/1.1" 200 -
201.245.192.253 - - [01/Apr/2023:07:59:17 -0500] "POST /kwsrmcab/Wsrmcab  HTTP/1.1" 200 43001
172.22.2.4 - - [01/Apr/2023:07:57:53 -0500] "GET /BLA/boletinlegal/ HTTP/1.1" 200 59296
191.156.231.85 - - [01/Apr/2023:08:00:19 -0500] "GET /sipse/faces/javax.faces.resource/theme.css?ln=primefaces-sipse HTTP/1.1" 304 -
191.156.231.85 - - [01/Apr/2023:08:00:19 -0500] "GET /sipse/faces/javax.faces.resource/primefaces.css?ln=primefaces&v=4.0 HTTP/1.1" 304 -
191.156.231.85 - - [01/Apr/2023:08:00:19 -0500] "GET /sipse/faces/javax.faces.resource/layout/layout.css?ln=primefaces&v=4.0 HTTP/1.1" 304 -
191.156.231.85 - - [01/Apr/2023:08:00:19 -0500] "GET /sipse/faces/javax.faces.resource/jquery/jquery.js?ln=primefaces&v=4.0 HTTP/1.1" 304 -
191.156.231.85 - - [01/Apr/2023:08:00:19 -0500] "GET /sipse/faces/javax.faces.resource/jquery/jquery-plugins.js?ln=primefaces&v=4.0 HTTP/1.1" 304 -
191.156.231.85 - - [01/Apr/2023:08:00:19 -0500] "GET /sipse/faces/javax.faces.resource/primefaces.js?ln=primefaces&v=4.0 HTTP/1.1" 304 -
191.156.231.85 - - [01/Apr/2023:08:00:19 -0500] "GET /sipse/faces/javax.faces.resource/layout/layout.js?ln=primefaces&v=4.0 HTTP/1.1" 304 -
191.156.231.85 - - [01/Apr/2023:08:00:19 -0500] "GET /sipse/faces/javax.faces.resource/images/ui-icons_898989_256x240.png?ln=primefaces-aristo HTTP/1.1" 304 -
191.156.231.85 - - [01/Apr/2023:08:00:20 -0500] "GET /sipse/faces/faces/index.xhtml HTTP/1.1" 200 677
191.156.231.85 - - [01/Apr/2023:08:00:20 -0500] "GET /sipse/faces/javax.faces.resource/theme.css?ln=primefaces-sipse HTTP/1.1" 304 -
191.156.231.85 - - [01/Apr/2023:08:00:20 -0500] "GET /sipse/faces/faces/faces/autenticacion.xhtml HTTP/1.1" 200 12178
191.156.231.85 - - [01/Apr/2023:08:00:20 -0500] "GET /sipse/faces/javax.faces.resource/theme.css?ln=primefaces-sipse HTTP/1.1" 304 -
191.156.231.85 - - [01/Apr/2023:08:00:20 -0500] "GET /sipse/faces/javax.faces.resource/primefaces.css?ln=primefaces&v=4.0 HTTP/1.1" 304 -
191.156.231.85 - - [01/Apr/2023:08:00:20 -0500] "GET /sipse/faces/javax.faces.resource/layout/layout.css?ln=primefaces&v=4.0 HTTP/1.1" 304 -
191.156.231.85 - - [01/Apr/2023:08:00:20 -0500] "GET /sipse/faces/javax.faces.resource/jquery/jquery.js?ln=primefaces&v=4.0 HTTP/1.1" 304 -
191.156.231.85 - - [01/Apr/2023:08:00:20 -0500] "GET /sipse/faces/javax.faces.resource/primefaces.js?ln=primefaces&v=4.0 HTTP/1.1" 304 -
191.156.231.85 - - [01/Apr/2023:08:00:20 -0500] "GET /sipse/faces/javax.faces.resource/jquery/jquery-plugins.js?ln=primefaces&v=4.0 HTTP/1.1" 304 -
191.156.231.85 - - [01/Apr/2023:08:00:20 -0500] "GET /sipse/faces/javax.faces.resource/layout/layout.js?ln=primefaces&v=4.0 HTTP/1.1" 304 -
216.245.221.92 - - [01/Apr/2023:08:00:48 -0500] "HEAD / HTTP/1.1" 200 -
34.91.63.51 - - [01/Apr/2023:08:00:52 -0500] "GET /inventario-de-emisiones-2020-transporte-publico-sitp-redujo-emisiones-de-pm-2-5-en-un-37.html HTTP/1.1" 200 925
186.113.72.88 - - [01/Apr/2023:08:01:35 -0500] "GET /sipse/faces/faces/index.xhtml HTTP/1.1" 200 677
186.113.72.88 - - [01/Apr/2023:08:01:35 -0500] "GET /sipse/faces/javax.faces.resource/theme.css?ln=primefaces-sipse HTTP/1.1" 304 -
186.113.72.88 - - [01/Apr/2023:08:01:35 -0500] "GET /favicon.ico HTTP/1.1" 200 7782
186.113.72.88 - - [01/Apr/2023:08:01:35 -0500] "GET /sipse/faces/faces/faces/autenticacion.xhtml HTTP/1.1" 200 12178
186.113.72.88 - - [01/Apr/2023:08:01:36 -0500] "GET /sipse/css/custom_css_sg.css HTTP/1.1" 200 9694
186.113.72.88 - - [01/Apr/2023:08:01:36 -0500] "GET /sipse/js/disable_browser_buttons.js HTTP/1.1" 304 -
186.113.72.88 - - [01/Apr/2023:08:01:36 -0500] "GET /sipse/css/custom_css_sg_prime_login.css HTTP/1.1" 200 443
186.113.72.88 - - [01/Apr/2023:08:01:36 -0500] "GET /sipse/faces/javax.faces.resource/theme.css?ln=primefaces-sipse HTTP/1.1" 304 -
186.113.72.88 - - [01/Apr/2023:08:01:36 -0500] "GET /sipse/faces/javax.faces.resource/primefaces.css?ln=primefaces&v=4.0 HTTP/1.1" 304 -
186.113.72.88 - - [01/Apr/2023:08:01:36 -0500] "GET /sipse/faces/javax.faces.resource/layout/layout.css?ln=primefaces&v=4.0 HTTP/1.1" 304 -
186.113.72.88 - - [01/Apr/2023:08:01:36 -0500] "GET /sipse/faces/javax.faces.resource/jquery/jquery.js?ln=primefaces&v=4.0 HTTP/1.1" 304 -
186.113.72.88 - - [01/Apr/2023:08:01:36 -0500] "GET /sipse/faces/javax.faces.resource/primefaces.js?ln=primefaces&v=4.0 HTTP/1.1" 304 -
186.113.72.88 - - [01/Apr/2023:08:01:36 -0500] "GET /sipse/js/funciones.js HTTP/1.1" 304 -
186.113.72.88 - - [01/Apr/2023:08:01:36 -0500] "GET /sipse/faces/javax.faces.resource/jquery/jquery-plugins.js?ln=primefaces&v=4.0 HTTP/1.1" 304 -
186.113.72.88 - - [01/Apr/2023:08:01:36 -0500] "GET /sipse/faces/javax.faces.resource/layout/layout.js?ln=primefaces&v=4.0 HTTP/1.1" 304 -
186.113.72.88 - - [01/Apr/2023:08:01:36 -0500] "GET /sipse/css/imagen/logoSDG.png HTTP/1.1" 200 53064
186.113.72.88 - - [01/Apr/2023:08:01:36 -0500] "GET /sipse/css/imagen/loginimg.png HTTP/1.1" 200 71635
186.113.72.88 - - [01/Apr/2023:08:01:36 -0500] "GET /sipse/faces/javax.faces.resource/images/ui-icons_898989_256x240.png?ln=primefaces-aristo HTTP/1.1" 200 5355
186.113.72.88 - - [01/Apr/2023:08:01:42 -0500] "POST /sipse/faces/autenticacion.xhtml HTTP/1.1" 200 2227
186.113.72.88 - - [01/Apr/2023:08:01:42 -0500] "GET /sipse/faces/javax.faces.resource/messages/messages.png?ln=primefaces&v=4.0 HTTP/1.1" 200 27209
186.113.72.88 - - [01/Apr/2023:08:01:44 -0500] "POST /sipse/faces/autenticacion.xhtml HTTP/1.1" 200 16237
186.113.72.88 - - [01/Apr/2023:08:01:44 -0500] "GET /sipse/css/custom_css_sg_prime.css HTTP/1.1" 304 -
186.113.72.88 - - [01/Apr/2023:08:01:44 -0500] "GET /sipse/faces/javax.faces.resource/theme.css?ln=primefaces-sipse HTTP/1.1" 304 -
186.113.72.88 - - [01/Apr/2023:08:01:44 -0500] "GET /sipse/faces/javax.faces.resource/primefaces.css?ln=primefaces&v=4.0 HTTP/1.1" 304 -
186.113.72.88 - - [01/Apr/2023:08:01:44 -0500] "GET /sipse/faces/javax.faces.resource/layout/layout.css?ln=primefaces&v=4.0 HTTP/1.1" 304 -
186.113.72.88 - - [01/Apr/2023:08:01:44 -0500] "GET /sipse/js/jquery.min.js HTTP/1.1" 304 -
186.113.72.88 - - [01/Apr/2023:08:01:44 -0500] "GET /sipse/faces/javax.faces.resource/jquery/jquery.js?ln=primefaces&v=4.0 HTTP/1.1" 304 -
186.113.72.88 - - [01/Apr/2023:08:01:44 -0500] "GET /sipse/faces/javax.faces.resource/jquery/jquery-plugins.js?ln=primefaces&v=4.0 HTTP/1.1" 304 -
186.113.72.88 - - [01/Apr/2023:08:01:44 -0500] "GET /sipse/faces/javax.faces.resource/primefaces.js?ln=primefaces&v=4.0 HTTP/1.1" 304 -
186.113.72.88 - - [01/Apr/2023:08:01:44 -0500] "GET /sipse/faces/javax.faces.resource/layout/layout.js?ln=primefaces&v=4.0 HTTP/1.1" 304 -
186.113.72.88 - - [01/Apr/2023:08:01:44 -0500] "GET /sipse/css/imagen/contrasena.png HTTP/1.1" 404 383
186.113.72.88 - - [01/Apr/2023:08:01:44 -0500] "GET /sipse/imagenes/cargando.gif HTTP/1.1" 200 36959
186.113.72.88 - - [01/Apr/2023:08:01:44 -0500] "GET /sipse/imagenes/logoAplicacion.jpg HTTP/1.1" 200 155084
186.113.72.88 - - [01/Apr/2023:08:01:47 -0500] "GET /sipse/faces/javax.faces.resource/images/ui-bg_flat_0_2d5972_40x100.png?ln=primefaces-aristo HTTP/1.1" 200 183
186.113.72.88 - - [01/Apr/2023:08:01:47 -0500] "POST /sipse/faces/bienvenido.xhtml HTTP/1.1" 200 2073
186.113.72.88 - - [01/Apr/2023:08:01:47 -0500] "POST /sipse/faces/bienvenido.xhtml HTTP/1.1" 200 38974
186.113.72.88 - - [01/Apr/2023:08:01:48 -0500] "GET /sipse/faces/javax.faces.resource/theme.css?ln=primefaces-sipse HTTP/1.1" 304 -
186.113.72.88 - - [01/Apr/2023:08:01:48 -0500] "GET /sipse/faces/javax.faces.resource/primefaces.css?ln=primefaces&v=4.0 HTTP/1.1" 304 -
186.113.72.88 - - [01/Apr/2023:08:01:48 -0500] "GET /sipse/faces/javax.faces.resource/layout/layout.css?ln=primefaces&v=4.0 HTTP/1.1" 304 -
186.113.72.88 - - [01/Apr/2023:08:01:48 -0500] "GET /sipse/faces/javax.faces.resource/jquery/jquery.js?ln=primefaces&v=4.0 HTTP/1.1" 304 -
186.113.72.88 - - [01/Apr/2023:08:01:48 -0500] "GET /sipse/faces/javax.faces.resource/jquery/jquery-plugins.js?ln=primefaces&v=4.0 HTTP/1.1" 304 -
186.113.72.88 - - [01/Apr/2023:08:01:48 -0500] "GET /sipse/faces/javax.faces.resource/primefaces.js?ln=primefaces&v=4.0 HTTP/1.1" 304 -
186.113.72.88 - - [01/Apr/2023:08:01:48 -0500] "GET /sipse/faces/javax.faces.resource/layout/layout.js?ln=primefaces&v=4.0 HTTP/1.1" 304 -
186.113.72.88 - - [01/Apr/2023:08:01:52 -0500] "POST /sipse/faces/presentacion/financiero/solicitudProceso/consultar.xhtml HTTP/1.1" 200 12917
186.113.72.88 - - [01/Apr/2023:08:02:00 -0500] "POST /sipse/faces/presentacion/financiero/solicitudProceso/consultar.xhtml HTTP/1.1" 200 196226
186.113.72.88 - - [01/Apr/2023:08:02:01 -0500] "GET /sipse/faces/javax.faces.resource/theme.css?ln=primefaces-sipse HTTP/1.1" 304 -
186.113.72.88 - - [01/Apr/2023:08:02:01 -0500] "GET /sipse/faces/javax.faces.resource/primefaces.css?ln=primefaces&v=4.0 HTTP/1.1" 304 -
186.113.72.88 - - [01/Apr/2023:08:02:01 -0500] "GET /sipse/faces/javax.faces.resource/layout/layout.css?ln=primefaces&v=4.0 HTTP/1.1" 304 -
186.113.72.88 - - [01/Apr/2023:08:02:01 -0500] "GET /sipse/faces/javax.faces.resource/jquery/jquery.js?ln=primefaces&v=4.0 HTTP/1.1" 304 -
186.113.72.88 - - [01/Apr/2023:08:02:01 -0500] "GET /sipse/faces/javax.faces.resource/jquery/jquery-plugins.js?ln=primefaces&v=4.0 HTTP/1.1" 304 -
186.113.72.88 - - [01/Apr/2023:08:02:01 -0500] "GET /sipse/faces/javax.faces.resource/primefaces.js?ln=primefaces&v=4.0 HTTP/1.1" 304 -
186.113.72.88 - - [01/Apr/2023:08:02:01 -0500] "GET /sipse/faces/javax.faces.resource/layout/layout.js?ln=primefaces&v=4.0 HTTP/1.1" 304 -
186.113.72.88 - - [01/Apr/2023:08:02:01 -0500] "GET /sipse/faces/javax.faces.resource/dynamiccontent.properties?ln=primefaces&pfdrid=XjOR5%2F%2FfPAZAuY9TpWQeCiM0BhlXxYRBGKi%2FQcXXfeA%3D&pfdrid_c=false HTTP/1.1" 500 383
52.167.144.46 - - [01/Apr/2023:08:02:23 -0500] "GET /BLA/resoluciones/RESOLUCIONES%202021/3632.pdf HTTP/1.1" 200 344871
186.113.72.88 - - [01/Apr/2023:08:02:23 -0500] "POST /sipse/faces/presentacion/financiero/solicitudProceso/consultarSolicitudProceso.xhtml HTTP/1.1" 200 42112
186.113.72.88 - - [01/Apr/2023:08:02:23 -0500] "GET /sipse/faces/javax.faces.resource/theme.css?ln=primefaces-sipse HTTP/1.1" 304 -
186.113.72.88 - - [01/Apr/2023:08:02:23 -0500] "GET /sipse/faces/javax.faces.resource/primefaces.css?ln=primefaces&v=4.0 HTTP/1.1" 304 -
186.113.72.88 - - [01/Apr/2023:08:02:23 -0500] "GET /sipse/faces/javax.faces.resource/layout/layout.css?ln=primefaces&v=4.0 HTTP/1.1" 304 -
186.113.72.88 - - [01/Apr/2023:08:02:23 -0500] "GET /sipse/faces/javax.faces.resource/jquery/jquery.js?ln=primefaces&v=4.0 HTTP/1.1" 304 -
186.113.72.88 - - [01/Apr/2023:08:02:23 -0500] "GET /sipse/faces/javax.faces.resource/jquery/jquery-plugins.js?ln=primefaces&v=4.0 HTTP/1.1" 304 -
186.113.72.88 - - [01/Apr/2023:08:02:23 -0500] "GET /sipse/faces/javax.faces.resource/primefaces.js?ln=primefaces&v=4.0 HTTP/1.1" 304 -
186.113.72.88 - - [01/Apr/2023:08:02:23 -0500] "GET /sipse/faces/javax.faces.resource/layout/layout.js?ln=primefaces&v=4.0 HTTP/1.1" 304 -
186.113.72.88 - - [01/Apr/2023:08:02:23 -0500] "POST /sipse/faces/presentacion/financiero/solicitudProceso/consultar.xhtml HTTP/1.1" 200 35529
186.113.72.88 - - [01/Apr/2023:08:02:24 -0500] "POST /sipse/faces/presentacion/financiero/solicitudProceso/consultar.xhtml HTTP/1.1" 200 35529
186.113.72.88 - - [01/Apr/2023:08:02:30 -0500] "POST /sipse/faces/presentacion/financiero/solicitudProceso/consultar.xhtml HTTP/1.1" 200 13221
172.22.2.4 - - [01/Apr/2023:08:02:42 -0500] "GET /BLA/boletinlegal/actos.php HTTP/1.1" 200 9672
186.113.72.88 - - [01/Apr/2023:08:03:15 -0500] "POST /sipse/faces/presentacion/financiero/solicitudProceso/consultar.xhtml HTTP/1.1" 200 12832
186.113.72.88 - - [01/Apr/2023:08:03:16 -0500] "POST /sipse/faces/presentacion/financiero/solicitudProceso/consultar.xhtml HTTP/1.1" 200 172436
186.113.72.88 - - [01/Apr/2023:08:03:17 -0500] "GET /sipse/faces/javax.faces.resource/theme.css?ln=primefaces-sipse HTTP/1.1" 304 -
186.113.72.88 - - [01/Apr/2023:08:03:17 -0500] "GET /sipse/faces/javax.faces.resource/primefaces.css?ln=primefaces&v=4.0 HTTP/1.1" 304 -
186.113.72.88 - - [01/Apr/2023:08:03:17 -0500] "GET /sipse/faces/javax.faces.resource/layout/layout.css?ln=primefaces&v=4.0 HTTP/1.1" 304 -
186.113.72.88 - - [01/Apr/2023:08:03:17 -0500] "GET /sipse/faces/javax.faces.resource/jquery/jquery.js?ln=primefaces&v=4.0 HTTP/1.1" 304 -
186.113.72.88 - - [01/Apr/2023:08:03:17 -0500] "GET /sipse/faces/javax.faces.resource/jquery/jquery-plugins.js?ln=primefaces&v=4.0 HTTP/1.1" 304 -
186.113.72.88 - - [01/Apr/2023:08:03:17 -0500] "GET /sipse/faces/javax.faces.resource/primefaces.js?ln=primefaces&v=4.0 HTTP/1.1" 304 -
186.113.72.88 - - [01/Apr/2023:08:03:17 -0500] "GET /sipse/faces/javax.faces.resource/layout/layout.js?ln=primefaces&v=4.0 HTTP/1.1" 304 -
186.113.72.88 - - [01/Apr/2023:08:03:18 -0500] "GET /sipse/faces/javax.faces.resource/dynamiccontent.properties?ln=primefaces&pfdrid=XjOR5%2F%2FfPAZAuY9TpWQeCiM0BhlXxYRBGKi%2FQcXXfeA%3D&pfdrid_c=false HTTP/1.1" 500 383
186.113.72.88 - - [01/Apr/2023:08:03:21 -0500] "POST /sipse/faces/presentacion/financiero/solicitudProceso/consultarSolicitudProceso.xhtml HTTP/1.1" 200 187425
186.113.72.88 - - [01/Apr/2023:08:03:23 -0500] "POST /sipse/faces/presentacion/financiero/solicitudProceso/consultarSolicitudProceso.xhtml HTTP/1.1" 200 480533
186.113.72.88 - - [01/Apr/2023:08:03:33 -0500] "POST /sipse/faces/presentacion/financiero/solicitudProceso/consultarSolicitudProceso.xhtml HTTP/1.1" 200 89133
40.77.167.211 - - [01/Apr/2023:08:03:58 -0500] "GET /BLA/resoluciones/RESOLUCIONES%202022/2347.pdf HTTP/1.1" 200 475968
201.245.192.253 - - [01/Apr/2023:08:04:16 -0500] "POST /kwsrmcab/Wsrmcab  HTTP/1.1" 200 43001
172.22.2.4 - - [01/Apr/2023:08:02:52 -0500] "HEAD /BLA/boletinlegal/ HTTP/1.1" 200 -
172.22.2.4 - - [01/Apr/2023:08:03:43 -0500] "GET /BLA/boletinlegal/ HTTP/1.1" 200 57141
52.167.144.46 - - [01/Apr/2023:08:05:26 -0500] "GET /BLA/resoluciones/RESOLUCIONES%202016/0489.pdf HTTP/1.1" 304 -
172.22.2.4 - - [01/Apr/2023:08:05:27 -0500] "GET /BLA/boletinlegal/Circulares/2012/Circular%20No.%2012%20del%2028%20de%20Agosto%20de%202012.pdf HTTP/1.1" 200 369945
173.252.83.7 - - [01/Apr/2023:08:05:36 -0500] "GET /images/semana-bosques-1_optimized.1.jpg HTTP/1.1" 200 102892
216.245.221.92 - - [01/Apr/2023:08:05:48 -0500] "HEAD / HTTP/1.1" 200 -
201.245.192.253 - - [01/Apr/2023:08:09:16 -0500] "POST /kwsrmcab/Wsrmcab  HTTP/1.1" 200 43001
172.22.2.4 - - [01/Apr/2023:08:08:42 -0500] "HEAD /BLA/boletinlegal/ HTTP/1.1" 200 -
172.22.2.4 - - [01/Apr/2023:08:10:33 -0500] "GET /BLA/boletinlegal/jurisprudencia.php HTTP/1.1" 200 17573
216.245.221.92 - - [01/Apr/2023:08:10:48 -0500] "HEAD / HTTP/1.1" 200 -
172.22.2.4 - - [01/Apr/2023:08:10:59 -0500] "GET /BLA/boletinlegal/js/lib.js HTTP/1.1" 200 6474
172.22.2.4 - - [01/Apr/2023:08:11:03 -0500] "GET /BLA/boletinlegal/js/jquery1.js HTTP/1.1" 200 29846
172.22.2.4 - - [01/Apr/2023:08:11:03 -0500] "GET /BLA/boletinlegal/js/popup.js HTTP/1.1" 200 1270
172.22.2.4 - - [01/Apr/2023:08:09:33 -0500] "GET /BLA/boletinlegal/ HTTP/1.1" 200 59296
157.55.39.216 - - [01/Apr/2023:08:12:01 -0500] "GET /portaldeninos/humedal-la-conejera-2/ HTTP/1.1" 200 88020
172.22.2.4 - - [01/Apr/2023:08:12:27 -0500] "GET /BLA/boletinlegal/.env HTTP/1.1" 404 1018
40.77.167.162 - - [01/Apr/2023:08:12:28 -0500] "GET /portaldeninos/wp-content/themes/betheme/fonts/mfn-icons.ttf?93978679 HTTP/1.1" 200 124684
172.22.2.4 - - [01/Apr/2023:08:12:27 -0500] "POST /BLA/boletinlegal/ HTTP/1.1" 200 24523
103.149.192.136 - - [01/Apr/2023:08:13:40 -0500] "GET /portaldeninos/ HTTP/1.1" 200 110197
201.245.192.253 - - [01/Apr/2023:08:14:14 -0500] "POST /kwsrmcab/Wsrmcab  HTTP/1.1" 200 43001
172.22.2.4 - - [01/Apr/2023:08:14:31 -0500] "GET /BLA/boletinlegal/Circulares/2019/Circular%20No.%200003%20del%2031%20de%20Enero%20de%202019.pdf HTTP/1.1" 200 164676
172.22.2.4 - - [01/Apr/2023:08:14:31 -0500] "GET /BLA/boletinlegal/favicon.ico HTTP/1.1" 404 1494
216.245.221.92 - - [01/Apr/2023:08:15:48 -0500] "HEAD / HTTP/1.1" 200 -
172.22.2.4 - - [01/Apr/2023:08:14:32 -0500] "HEAD /BLA/boletinlegal/ HTTP/1.1" 200 -
172.22.2.4 - - [01/Apr/2023:08:15:23 -0500] "GET /BLA/boletinlegal/ HTTP/1.1" 200 56277
201.245.192.253 - - [01/Apr/2023:08:19:14 -0500] "POST /kwsrmcab/Wsrmcab  HTTP/1.1" 200 43001
201.245.192.253 - - [01/Apr/2023:08:20:36 -0500] "POST /kwsrmcab/Wsrmcab HTTP/1.1" 200 43184
201.245.192.253 - - [01/Apr/2023:08:20:39 -0500] "POST /kwsrmcab/Wsrmcab HTTP/1.1" 200 43206
216.245.221.92 - - [01/Apr/2023:08:20:48 -0500] "HEAD / HTTP/1.1" 200 -
186.80.52.163 - - [01/Apr/2023:08:21:34 -0500] "GET /sipse/faces/index.xhtml HTTP/1.1" 200 677
186.80.52.163 - - [01/Apr/2023:08:21:35 -0500] "GET /sipse/faces/javax.faces.resource/theme.css?ln=primefaces-sipse HTTP/1.1" 304 -
186.80.52.163 - - [01/Apr/2023:08:21:35 -0500] "GET /sipse/faces/faces/autenticacion.xhtml HTTP/1.1" 200 12178
186.80.52.163 - - [01/Apr/2023:08:21:35 -0500] "GET /sipse/css/custom_css_sg_prime_login.css HTTP/1.1" 304 -
186.80.52.163 - - [01/Apr/2023:08:21:35 -0500] "GET /sipse/css/custom_css_sg.css HTTP/1.1" 304 -
186.80.52.163 - - [01/Apr/2023:08:21:35 -0500] "GET /sipse/faces/javax.faces.resource/theme.css?ln=primefaces-sipse HTTP/1.1" 304 -
186.80.52.163 - - [01/Apr/2023:08:21:35 -0500] "GET /sipse/js/funciones.js HTTP/1.1" 304 -
186.80.52.163 - - [01/Apr/2023:08:21:35 -0500] "GET /sipse/js/disable_browser_buttons.js HTTP/1.1" 304 -
186.80.52.163 - - [01/Apr/2023:08:21:35 -0500] "GET /sipse/faces/javax.faces.resource/layout/layout.css?ln=primefaces&v=4.0 HTTP/1.1" 304 -
186.80.52.163 - - [01/Apr/2023:08:21:35 -0500] "GET /sipse/faces/javax.faces.resource/primefaces.css?ln=primefaces&v=4.0 HTTP/1.1" 304 -
186.80.52.163 - - [01/Apr/2023:08:21:35 -0500] "GET /sipse/faces/javax.faces.resource/jquery/jquery.js?ln=primefaces&v=4.0 HTTP/1.1" 304 -
186.80.52.163 - - [01/Apr/2023:08:21:35 -0500] "GET /sipse/faces/javax.faces.resource/primefaces.js?ln=primefaces&v=4.0 HTTP/1.1" 304 -
186.80.52.163 - - [01/Apr/2023:08:21:35 -0500] "GET /sipse/faces/javax.faces.resource/jquery/jquery-plugins.js?ln=primefaces&v=4.0 HTTP/1.1" 304 -
186.80.52.163 - - [01/Apr/2023:08:21:35 -0500] "GET /sipse/faces/javax.faces.resource/layout/layout.js?ln=primefaces&v=4.0 HTTP/1.1" 304 -
186.80.52.163 - - [01/Apr/2023:08:21:35 -0500] "GET /sipse/css/imagen/loginimg.png HTTP/1.1" 304 -
186.80.52.163 - - [01/Apr/2023:08:21:35 -0500] "GET /sipse/css/imagen/logoSDG.png HTTP/1.1" 304 -
186.80.52.163 - - [01/Apr/2023:08:21:35 -0500] "GET /sipse/faces/javax.faces.resource/images/ui-icons_898989_256x240.png?ln=primefaces-aristo HTTP/1.1" 304 -
186.80.52.163 - - [01/Apr/2023:08:21:41 -0500] "POST /sipse/faces/autenticacion.xhtml HTTP/1.1" 200 2225
186.80.52.163 - - [01/Apr/2023:08:21:41 -0500] "GET /sipse/faces/javax.faces.resource/messages/messages.png?ln=primefaces&v=4.0 HTTP/1.1" 304 -
181.53.12.60 - - [01/Apr/2023:08:21:44 -0500] "GET /BLA/resoluciones/ HTTP/1.1" 200 13502
181.53.12.60 - - [01/Apr/2023:08:21:44 -0500] "GET /favicon.ico HTTP/1.1" 200 7782
186.80.52.163 - - [01/Apr/2023:08:21:47 -0500] "POST /sipse/faces/autenticacion.xhtml HTTP/1.1" 200 16230
186.80.52.163 - - [01/Apr/2023:08:21:47 -0500] "GET /sipse/faces/javax.faces.resource/theme.css?ln=primefaces-sipse HTTP/1.1" 304 -
186.80.52.163 - - [01/Apr/2023:08:21:47 -0500] "GET /sipse/css/custom_css_sg_prime.css HTTP/1.1" 304 -
186.80.52.163 - - [01/Apr/2023:08:21:47 -0500] "GET /sipse/faces/javax.faces.resource/primefaces.css?ln=primefaces&v=4.0 HTTP/1.1" 304 -
186.80.52.163 - - [01/Apr/2023:08:21:47 -0500] "GET /sipse/faces/javax.faces.resource/layout/layout.css?ln=primefaces&v=4.0 HTTP/1.1" 304 -
186.80.52.163 - - [01/Apr/2023:08:21:47 -0500] "GET /sipse/js/jquery.min.js HTTP/1.1" 304 -
186.80.52.163 - - [01/Apr/2023:08:21:47 -0500] "GET /sipse/faces/javax.faces.resource/jquery/jquery.js?ln=primefaces&v=4.0 HTTP/1.1" 304 -
186.80.52.163 - - [01/Apr/2023:08:21:47 -0500] "GET /sipse/faces/javax.faces.resource/jquery/jquery-plugins.js?ln=primefaces&v=4.0 HTTP/1.1" 304 -
186.80.52.163 - - [01/Apr/2023:08:21:47 -0500] "GET /sipse/faces/javax.faces.resource/primefaces.js?ln=primefaces&v=4.0 HTTP/1.1" 304 -
186.80.52.163 - - [01/Apr/2023:08:21:47 -0500] "GET /sipse/faces/javax.faces.resource/layout/layout.js?ln=primefaces&v=4.0 HTTP/1.1" 304 -
186.80.52.163 - - [01/Apr/2023:08:21:47 -0500] "GET /sipse/css/imagen/contrasena.png HTTP/1.1" 404 383
186.80.52.163 - - [01/Apr/2023:08:21:47 -0500] "GET /sipse/imagenes/cargando.gif HTTP/1.1" 304 -
186.80.52.163 - - [01/Apr/2023:08:21:47 -0500] "GET /sipse/imagenes/logoAplicacion.jpg HTTP/1.1" 304 -
181.53.12.60 - - [01/Apr/2023:08:21:48 -0500] "GET /BLA/resoluciones/index.php?dir=RESOLUCIONES+2011%2F HTTP/1.1" 200 746823
186.80.52.163 - - [01/Apr/2023:08:21:51 -0500] "GET /sipse/faces/javax.faces.resource/images/ui-bg_flat_0_2d5972_40x100.png?ln=primefaces-aristo HTTP/1.1" 304 -
186.80.52.163 - - [01/Apr/2023:08:21:51 -0500] "POST /sipse/faces/bienvenido.xhtml HTTP/1.1" 200 2658
186.80.52.163 - - [01/Apr/2023:08:21:52 -0500] "POST /sipse/faces/bienvenido.xhtml HTTP/1.1" 200 65093
186.80.52.163 - - [01/Apr/2023:08:21:56 -0500] "GET /sipse/faces/javax.faces.resource/theme.css?ln=primefaces-sipse HTTP/1.1" 304 -
186.80.52.163 - - [01/Apr/2023:08:21:56 -0500] "GET /sipse/faces/javax.faces.resource/primefaces.css?ln=primefaces&v=4.0 HTTP/1.1" 304 -
186.80.52.163 - - [01/Apr/2023:08:21:56 -0500] "GET /sipse/faces/javax.faces.resource/layout/layout.css?ln=primefaces&v=4.0 HTTP/1.1" 304 -
186.80.52.163 - - [01/Apr/2023:08:21:56 -0500] "GET /sipse/faces/javax.faces.resource/jquery/jquery.js?ln=primefaces&v=4.0 HTTP/1.1" 304 -
186.80.52.163 - - [01/Apr/2023:08:21:56 -0500] "GET /sipse/faces/javax.faces.resource/jquery/jquery-plugins.js?ln=primefaces&v=4.0 HTTP/1.1" 304 -
186.80.52.163 - - [01/Apr/2023:08:21:56 -0500] "GET /sipse/faces/javax.faces.resource/primefaces.js?ln=primefaces&v=4.0 HTTP/1.1" 304 -
186.80.52.163 - - [01/Apr/2023:08:21:56 -0500] "GET /sipse/faces/javax.faces.resource/layout/layout.js?ln=primefaces&v=4.0 HTTP/1.1" 304 -
186.80.52.163 - - [01/Apr/2023:08:21:57 -0500] "POST /sipse/faces/presentacion/financiero/solicitudProceso/listarSolicitudProceso.xhtml HTTP/1.1" 200 1556
172.22.2.4 - - [01/Apr/2023:08:20:22 -0500] "HEAD /BLA/boletinlegal/ HTTP/1.1" 200 -
181.53.12.60 - - [01/Apr/2023:08:22:09 -0500] "GET /BLA/resoluciones/RESOLUCIONES%202011/6563.pdf HTTP/1.1" 200 2501452
186.80.52.163 - - [01/Apr/2023:08:22:26 -0500] "POST /sipse/faces/presentacion/financiero/solicitudProceso/listarSolicitudProceso.xhtml HTTP/1.1" 200 44908
186.80.52.163 - - [01/Apr/2023:08:22:43 -0500] "POST /sipse/faces/presentacion/financiero/solicitudProceso/listarSolicitudProceso.xhtml HTTP/1.1" 200 23500
172.22.2.4 - - [01/Apr/2023:08:21:13 -0500] "GET /BLA/boletinlegal/ HTTP/1.1" 200 52720
201.245.192.253 - - [01/Apr/2023:08:24:06 -0500] "POST /kwsrmcab/Wsrmcab  HTTP/1.1" 200 43001
216.245.221.92 - - [01/Apr/2023:08:25:48 -0500] "HEAD / HTTP/1.1" 200 -
173.252.107.6 - - [01/Apr/2023:08:26:20 -0500] "GET /incautadas-tarantulas-que-iban-a-ser-exportadas-ilegalmente-desde-bogota-hasta-mexico.html HTTP/1.1" 206 899
172.22.2.4 - - [01/Apr/2023:08:26:12 -0500] "HEAD /BLA/boletinlegal/ HTTP/1.1" 200 -
172.22.2.4 - - [01/Apr/2023:08:27:03 -0500] "GET /BLA/boletinlegal/ HTTP/1.1" 200 53551
201.245.192.253 - - [01/Apr/2023:08:29:11 -0500] "POST /kwsrmcab/Wsrmcab  HTTP/1.1" 200 43001
201.245.192.253 - - [01/Apr/2023:08:30:36 -0500] "POST /kwsrmcab/Wsrmcab HTTP/1.1" 200 43184
201.245.192.253 - - [01/Apr/2023:08:30:39 -0500] "POST /kwsrmcab/Wsrmcab HTTP/1.1" 200 43206
216.245.221.92 - - [01/Apr/2023:08:30:48 -0500] "HEAD / HTTP/1.1" 200 -
69.171.249.119 - - [01/Apr/2023:08:31:26 -0500] "GET /images/rendicion-de-cuentas-post-01-02-(1)_optimized.jpg HTTP/1.1" 200 121430
172.22.2.4 - - [01/Apr/2023:08:32:02 -0500] "HEAD /BLA/boletinlegal/ HTTP/1.1" 200 -
201.245.192.253 - - [01/Apr/2023:08:34:09 -0500] "POST /kwsrmcab/Wsrmcab  HTTP/1.1" 200 43001
172.22.2.4 - - [01/Apr/2023:08:32:53 -0500] "GET /BLA/boletinlegal/ HTTP/1.1" 200 57141
216.245.221.92 - - [01/Apr/2023:08:35:48 -0500] "HEAD / HTTP/1.1" 200 -
190.25.40.251 - - [01/Apr/2023:08:35:58 -0500] "GET /caminatas-ecologicas-en-bogota-inscribete-y-participa-en-los-recorridos-de-abril.html HTTP/1.1" 200 868
201.245.192.253 - - [01/Apr/2023:08:39:07 -0500] "POST /kwsrmcab/Wsrmcab  HTTP/1.1" 200 43001
66.249.70.216 - - [01/Apr/2023:08:39:19 -0500] "-" 408 -
172.22.2.4 - - [01/Apr/2023:08:37:52 -0500] "HEAD /BLA/boletinlegal/ HTTP/1.1" 200 -
172.22.2.4 - - [01/Apr/2023:08:38:43 -0500] "GET /BLA/boletinlegal/ HTTP/1.1" 200 58297
201.245.192.253 - - [01/Apr/2023:08:40:36 -0500] "POST /kwsrmcab/Wsrmcab HTTP/1.1" 200 43184
201.245.192.253 - - [01/Apr/2023:08:40:39 -0500] "POST /kwsrmcab/Wsrmcab HTTP/1.1" 200 43206
216.245.221.92 - - [01/Apr/2023:08:40:48 -0500] "HEAD / HTTP/1.1" 200 -
191.156.186.0 - - [01/Apr/2023:08:40:56 -0500] "GET /sipse/faces/index.xhtml HTTP/1.1" 200 677
191.156.186.0 - - [01/Apr/2023:08:40:56 -0500] "GET /sipse/faces/javax.faces.resource/theme.css?ln=primefaces-sipse HTTP/1.1" 304 -
191.156.186.0 - - [01/Apr/2023:08:40:56 -0500] "GET /sipse/faces/faces/autenticacion.xhtml HTTP/1.1" 200 12178
191.156.186.0 - - [01/Apr/2023:08:40:56 -0500] "GET /sipse/faces/javax.faces.resource/theme.css?ln=primefaces-sipse HTTP/1.1" 304 -
191.156.183.125 - - [01/Apr/2023:08:40:56 -0500] "GET /sipse/css/custom_css_sg_prime_login.css HTTP/1.1" 304 -
191.156.177.173 - - [01/Apr/2023:08:40:56 -0500] "GET /sipse/css/custom_css_sg.css HTTP/1.1" 304 -
191.156.179.223 - - [01/Apr/2023:08:40:56 -0500] "GET /sipse/faces/javax.faces.resource/primefaces.css?ln=primefaces&v=4.0 HTTP/1.1" 304 -
191.156.184.196 - - [01/Apr/2023:08:40:56 -0500] "GET /sipse/faces/javax.faces.resource/layout/layout.css?ln=primefaces&v=4.0 HTTP/1.1" 304 -
191.156.186.0 - - [01/Apr/2023:08:40:56 -0500] "GET /sipse/js/funciones.js HTTP/1.1" 304 -
191.156.181.197 - - [01/Apr/2023:08:40:56 -0500] "GET /sipse/js/disable_browser_buttons.js HTTP/1.1" 304 -
191.156.184.196 - - [01/Apr/2023:08:40:56 -0500] "GET /sipse/faces/javax.faces.resource/jquery/jquery-plugins.js?ln=primefaces&v=4.0 HTTP/1.1" 304 -
191.156.183.125 - - [01/Apr/2023:08:40:56 -0500] "GET /sipse/faces/javax.faces.resource/jquery/jquery.js?ln=primefaces&v=4.0 HTTP/1.1" 304 -
191.156.179.223 - - [01/Apr/2023:08:40:56 -0500] "GET /sipse/faces/javax.faces.resource/layout/layout.js?ln=primefaces&v=4.0 HTTP/1.1" 304 -
191.156.177.173 - - [01/Apr/2023:08:40:56 -0500] "GET /sipse/faces/javax.faces.resource/primefaces.js?ln=primefaces&v=4.0 HTTP/1.1" 304 -
191.156.181.197 - - [01/Apr/2023:08:40:56 -0500] "GET /sipse/css/imagen/loginimg.png HTTP/1.1" 304 -
191.156.179.223 - - [01/Apr/2023:08:40:56 -0500] "GET /sipse/css/imagen/logoSDG.png HTTP/1.1" 304 -
191.156.177.173 - - [01/Apr/2023:08:40:56 -0500] "GET /sipse/faces/javax.faces.resource/images/ui-icons_898989_256x240.png?ln=primefaces-aristo HTTP/1.1" 304 -
191.156.182.223 - - [01/Apr/2023:08:41:41 -0500] "POST /sipse/faces/autenticacion.xhtml HTTP/1.1" 200 2228
191.156.182.223 - - [01/Apr/2023:08:41:42 -0500] "GET /sipse/faces/javax.faces.resource/messages/messages.png?ln=primefaces&v=4.0 HTTP/1.1" 304 -
191.156.182.223 - - [01/Apr/2023:08:41:44 -0500] "POST /sipse/faces/autenticacion.xhtml HTTP/1.1" 200 16254
191.156.182.223 - - [01/Apr/2023:08:41:45 -0500] "GET /sipse/faces/javax.faces.resource/theme.css?ln=primefaces-sipse HTTP/1.1" 304 -
191.156.183.125 - - [01/Apr/2023:08:41:45 -0500] "GET /sipse/js/jquery.min.js HTTP/1.1" 304 -
191.156.184.196 - - [01/Apr/2023:08:41:45 -0500] "GET /sipse/css/custom_css_sg_prime.css HTTP/1.1" 304 -
191.156.182.223 - - [01/Apr/2023:08:41:45 -0500] "GET /sipse/faces/javax.faces.resource/primefaces.css?ln=primefaces&v=4.0 HTTP/1.1" 304 -
191.156.184.196 - - [01/Apr/2023:08:41:45 -0500] "GET /sipse/faces/javax.faces.resource/layout/layout.css?ln=primefaces&v=4.0 HTTP/1.1" 304 -
191.156.182.223 - - [01/Apr/2023:08:41:45 -0500] "GET /sipse/faces/javax.faces.resource/jquery/jquery.js?ln=primefaces&v=4.0 HTTP/1.1" 304 -
191.156.182.223 - - [01/Apr/2023:08:41:46 -0500] "GET /sipse/faces/javax.faces.resource/jquery/jquery-plugins.js?ln=primefaces&v=4.0 HTTP/1.1" 304 -
191.156.182.223 - - [01/Apr/2023:08:41:46 -0500] "GET /sipse/faces/javax.faces.resource/primefaces.js?ln=primefaces&v=4.0 HTTP/1.1" 304 -
191.156.182.223 - - [01/Apr/2023:08:41:46 -0500] "GET /sipse/faces/javax.faces.resource/layout/layout.js?ln=primefaces&v=4.0 HTTP/1.1" 304 -
191.156.184.196 - - [01/Apr/2023:08:41:46 -0500] "GET /sipse/imagenes/cargando.gif HTTP/1.1" 304 -
191.156.182.223 - - [01/Apr/2023:08:41:46 -0500] "GET /sipse/imagenes/logoAplicacion.jpg HTTP/1.1" 304 -
191.156.184.196 - - [01/Apr/2023:08:41:46 -0500] "GET /sipse/css/imagen/contrasena.png HTTP/1.1" 404 383
191.156.182.223 - - [01/Apr/2023:08:41:50 -0500] "GET /sipse/faces/javax.faces.resource/images/ui-bg_flat_0_2d5972_40x100.png?ln=primefaces-aristo HTTP/1.1" 304 -
191.156.184.196 - - [01/Apr/2023:08:41:50 -0500] "POST /sipse/faces/bienvenido.xhtml HTTP/1.1" 200 2658
191.156.184.196 - - [01/Apr/2023:08:41:52 -0500] "POST /sipse/faces/bienvenido.xhtml HTTP/1.1" 200 65439
191.156.184.196 - - [01/Apr/2023:08:41:57 -0500] "GET /sipse/faces/javax.faces.resource/theme.css?ln=primefaces-sipse HTTP/1.1" 304 -
191.156.182.223 - - [01/Apr/2023:08:41:57 -0500] "GET /sipse/faces/javax.faces.resource/jquery/jquery.js?ln=primefaces&v=4.0 HTTP/1.1" 304 -
191.156.182.223 - - [01/Apr/2023:08:41:57 -0500] "GET /sipse/faces/javax.faces.resource/jquery/jquery-plugins.js?ln=primefaces&v=4.0 HTTP/1.1" 304 -
191.156.182.223 - - [01/Apr/2023:08:41:58 -0500] "GET /sipse/faces/javax.faces.resource/primefaces.js?ln=primefaces&v=4.0 HTTP/1.1" 304 -
191.156.182.223 - - [01/Apr/2023:08:41:58 -0500] "GET /sipse/faces/javax.faces.resource/layout/layout.js?ln=primefaces&v=4.0 HTTP/1.1" 304 -
191.156.182.223 - - [01/Apr/2023:08:41:58 -0500] "GET /sipse/faces/javax.faces.resource/primefaces.css?ln=primefaces&v=4.0 HTTP/1.1" 304 -
191.156.184.196 - - [01/Apr/2023:08:41:58 -0500] "GET /sipse/faces/javax.faces.resource/layout/layout.css?ln=primefaces&v=4.0 HTTP/1.1" 304 -
191.156.182.223 - - [01/Apr/2023:08:41:58 -0500] "POST /sipse/faces/presentacion/financiero/solicitudProceso/listarSolicitudProceso.xhtml HTTP/1.1" 200 1556
66.249.66.66 - - [01/Apr/2023:08:42:03 -0500] "-" 408 -
191.156.182.223 - - [01/Apr/2023:08:42:05 -0500] "POST /sipse/faces/presentacion/financiero/solicitudProceso/listarSolicitudProceso.xhtml HTTP/1.1" 200 17174
191.156.180.160 - - [01/Apr/2023:08:42:11 -0500] "POST /sipse/faces/presentacion/financiero/solicitudProceso/listarSolicitudProceso.xhtml HTTP/1.1" 200 17182
191.156.180.160 - - [01/Apr/2023:08:42:15 -0500] "POST /sipse/faces/presentacion/financiero/solicitudProceso/listarSolicitudProceso.xhtml HTTP/1.1" 200 17198
191.156.180.160 - - [01/Apr/2023:08:42:17 -0500] "POST /sipse/faces/presentacion/financiero/solicitudProceso/listarSolicitudProceso.xhtml HTTP/1.1" 200 17167
191.156.180.160 - - [01/Apr/2023:08:42:22 -0500] "POST /sipse/faces/presentacion/financiero/solicitudProceso/listarSolicitudProceso.xhtml HTTP/1.1" 200 17138
191.156.180.160 - - [01/Apr/2023:08:42:36 -0500] "POST /sipse/faces/presentacion/financiero/solicitudProceso/listarSolicitudProceso.xhtml HTTP/1.1" 200 17163
191.156.180.160 - - [01/Apr/2023:08:42:50 -0500] "POST /sipse/faces/presentacion/financiero/solicitudProceso/listarSolicitudProceso.xhtml HTTP/1.1" 200 17222
191.156.180.221 - - [01/Apr/2023:08:43:06 -0500] "POST /sipse/faces/presentacion/financiero/solicitudProceso/listarSolicitudProceso.xhtml HTTP/1.1" 200 17198
191.156.180.221 - - [01/Apr/2023:08:43:13 -0500] "POST /sipse/faces/presentacion/financiero/solicitudProceso/listarSolicitudProceso.xhtml HTTP/1.1" 200 17218
186.84.22.203 - - [01/Apr/2023:08:43:16 -0500] "GET /privados-y-distrito-inauguraron-vivero-en-la-reserva-van-der-hammen-con-capacidad-para-producir-50-mil-arboles-al-ano.html HTTP/1.1" 200 899
201.245.192.253 - - [01/Apr/2023:08:44:05 -0500] "POST /kwsrmcab/Wsrmcab  HTTP/1.1" 200 43001
172.22.2.4 - - [01/Apr/2023:08:43:42 -0500] "HEAD /BLA/boletinlegal/ HTTP/1.1" 200 -
216.245.221.92 - - [01/Apr/2023:08:45:48 -0500] "HEAD / HTTP/1.1" 200 -
172.22.2.4 - - [01/Apr/2023:08:44:33 -0500] "GET /BLA/boletinlegal/ HTTP/1.1" 200 57551
201.245.192.253 - - [01/Apr/2023:08:49:03 -0500] "POST /kwsrmcab/Wsrmcab  HTTP/1.1" 200 43001
52.167.144.150 - - [01/Apr/2023:08:50:39 -0500] "GET /BLA/resoluciones/RESOLUCIONES%202021/4173.pdf HTTP/1.1" 200 344816
216.245.221.92 - - [01/Apr/2023:08:50:48 -0500] "HEAD / HTTP/1.1" 200 -
172.22.2.4 - - [01/Apr/2023:08:49:32 -0500] "HEAD /BLA/boletinlegal/ HTTP/1.1" 200 -
172.22.2.4 - - [01/Apr/2023:08:51:23 -0500] "GET /BLA/boletinlegal/actos.php HTTP/1.1" 200 9672
34.90.16.100 - - [01/Apr/2023:08:51:43 -0500] "GET /inventario-de-emisiones-2020-transporte-publico-sitp-redujo-emisiones-de-pm-2-5-en-un-37.html HTTP/1.1" 200 925
172.22.2.4 - - [01/Apr/2023:08:50:23 -0500] "GET /BLA/boletinlegal/ HTTP/1.1" 200 59296
66.249.70.210 - - [01/Apr/2023:08:53:24 -0500] "-" 408 -
172.22.2.4 - - [01/Apr/2023:08:53:49 -0500] "GET /BLA/boletinlegal/actos.php HTTP/1.1" 200 9672
157.55.39.212 - - [01/Apr/2023:08:53:50 -0500] "GET /BLA/resoluciones/AUTOS%202021/5406.pdf HTTP/1.1" 304 -
201.245.192.253 - - [01/Apr/2023:08:54:02 -0500] "POST /kwsrmcab/Wsrmcab  HTTP/1.1" 200 43001
40.77.167.80 - - [01/Apr/2023:08:54:30 -0500] "GET /BLA/resoluciones/AUTOS%202020/2559.pdf HTTP/1.1" 200 381000
34.141.239.235 - - [01/Apr/2023:08:55:04 -0500] "GET /inventario-de-emisiones-2020-transporte-publico-sitp-redujo-emisiones-de-pm-2-5-en-un-37.html HTTP/1.1" 200 925
52.167.144.44 - - [01/Apr/2023:08:55:25 -0500] "GET / HTTP/1.1" 200 319
216.245.221.92 - - [01/Apr/2023:08:55:48 -0500] "HEAD / HTTP/1.1" 200 -
172.22.2.4 - - [01/Apr/2023:08:55:50 -0500] "GET /BLA/boletinlegal/actos.php HTTP/1.1" 200 9672
35.204.9.239 - - [01/Apr/2023:08:56:19 -0500] "GET /inventario-de-emisiones-2020-transporte-publico-sitp-redujo-emisiones-de-pm-2-5-en-un-37.html HTTP/1.1" 200 925
52.167.144.46 - - [01/Apr/2023:08:56:38 -0500] "GET /images/CORREO.jpg HTTP/1.1" 200 39337
172.22.2.4 - - [01/Apr/2023:08:56:54 -0500] "GET /BLA/boletinlegal/actos.php HTTP/1.1" 200 9672
172.22.2.4 - - [01/Apr/2023:08:55:22 -0500] "HEAD /BLA/boletinlegal/ HTTP/1.1" 200 -
69.63.184.120 - - [01/Apr/2023:08:57:19 -0500] "GET /images/8%20de%20febrero%20incendio%20forestal.jpeg HTTP/1.1" 200 56283
34.91.8.49 - - [01/Apr/2023:08:57:19 -0500] "GET /inventario-de-emisiones-2020-transporte-publico-sitp-redujo-emisiones-de-pm-2-5-en-un-37.html HTTP/1.1" 200 925
173.252.83.117 - - [01/Apr/2023:08:57:34 -0500] "GET /BLA/boletinlegal/images/screen_5.png HTTP/1.1" 200 368876
172.22.2.4 - - [01/Apr/2023:08:56:13 -0500] "GET /BLA/boletinlegal/ HTTP/1.1" 200 57141
34.91.125.128 - - [01/Apr/2023:08:58:04 -0500] "GET /inventario-de-emisiones-2020-transporte-publico-sitp-redujo-emisiones-de-pm-2-5-en-un-37.html HTTP/1.1" 200 925
201.245.192.253 - - [01/Apr/2023:08:59:01 -0500] "POST /kwsrmcab/Wsrmcab  HTTP/1.1" 200 43001
35.204.9.239 - - [01/Apr/2023:08:59:14 -0500] "GET /inventario-de-emisiones-2020-transporte-publico-sitp-redujo-emisiones-de-pm-2-5-en-un-37.html HTTP/1.1" 200 925
190.93.152.40 - - [01/Apr/2023:08:59:17 -0500] "GET /%C3%82%C2%BFquieres-aprender-sobre-jardines-verticales-esta-es-tu-oportunidad.html HTTP/1.1" 200 925
69.63.184.116 - - [01/Apr/2023:08:59:37 -0500] "GET /garza-azul-nueva-ave-registrada-en-el-humedal-el-burro.html HTTP/1.1" 206 890
35.204.9.239 - - [01/Apr/2023:08:59:41 -0500] "GET /inventario-de-emisiones-2020-transporte-publico-sitp-redujo-emisiones-de-pm-2-5-en-un-37.html HTTP/1.1" 200 925
172.22.2.4 - - [01/Apr/2023:08:59:51 -0500] "GET /BLA/boletinlegal/actos.php HTTP/1.1" 200 9672
179.19.110.178 - - [01/Apr/2023:09:00:45 -0500] "GET /BLA/resoluciones/index.php?dir=AUTOS+2015%2F HTTP/1.1" 200 581071
216.245.221.92 - - [01/Apr/2023:09:00:48 -0500] "HEAD / HTTP/1.1" 200 -
52.167.144.46 - - [01/Apr/2023:09:01:18 -0500] "GET /Publicaciones/2022EE22733.pdf HTTP/1.1" 404 227
162.55.175.24 - - [01/Apr/2023:09:01:45 -0500] "GET / HTTP/1.1" 200 319
162.55.175.24 - - [01/Apr/2023:09:01:48 -0500] "GET / HTTP/1.1" 200 4720
162.55.175.143 - - [01/Apr/2023:09:01:55 -0500] "GET / HTTP/1.1" 200 319
162.55.175.143 - - [01/Apr/2023:09:01:57 -0500] "GET / HTTP/1.1" 200 4720
172.22.2.4 - - [01/Apr/2023:09:01:12 -0500] "HEAD /BLA/boletinlegal/ HTTP/1.1" 200 -
173.252.107.20 - - [01/Apr/2023:09:02:57 -0500] "GET /engativa-tendra-jornada-de-recoleccion-de-llantas-este-miercoles.html HTTP/1.1" 206 933
34.91.125.128 - - [01/Apr/2023:09:03:26 -0500] "GET /inventario-de-emisiones-2020-transporte-publico-sitp-redujo-emisiones-de-pm-2-5-en-un-37.html HTTP/1.1" 200 925
172.22.2.4 - - [01/Apr/2023:09:02:03 -0500] "GET /BLA/boletinlegal/ HTTP/1.1" 200 54414
172.22.2.4 - - [01/Apr/2023:09:04:02 -0500] "GET /BLA/boletinlegal/actos.php HTTP/1.1" 200 9672
201.245.192.253 - - [01/Apr/2023:09:04:01 -0500] "POST /kwsrmcab/Wsrmcab  HTTP/1.1" 200 43001
172.22.2.4 - - [01/Apr/2023:09:04:52 -0500] "GET /BLA/boletinlegal/actos.php HTTP/1.1" 200 9672
52.188.77.43 - - [01/Apr/2023:09:05:11 -0500] "GET /images/Foto%20Di%C3%8C%C2%81a%20Mundial%20del%20Agua%20(1)%20(1).jpeg HTTP/1.1" 200 41770
34.91.8.49 - - [01/Apr/2023:09:05:47 -0500] "GET /inventario-de-emisiones-2020-transporte-publico-sitp-redujo-emisiones-de-pm-2-5-en-un-37.html HTTP/1.1" 200 925
216.245.221.92 - - [01/Apr/2023:09:05:48 -0500] "HEAD / HTTP/1.1" 200 -
34.90.16.100 - - [01/Apr/2023:09:06:12 -0500] "GET /inventario-de-emisiones-2020-transporte-publico-sitp-redujo-emisiones-de-pm-2-5-en-un-37.html HTTP/1.1" 200 925
172.22.2.4 - - [01/Apr/2023:09:06:17 -0500] "GET /BLA/boletinlegal/actos.php HTTP/1.1" 200 9672
190.27.190.227 - - [01/Apr/2023:09:06:41 -0500] "GET /kwssiamovil/sm/ldap/au?x=U2FsdGVkX18R5p2qJUSznr78v9ymEr4ZySg+u/6WV+6VT0wdMACwlfaJ/DDy5TMW&y=U2FsdGVkX18wXAkVJYHtAy8y9v1IpYVG9erN1uCc3dk37OmFHqFRjtgmdDh3RU0a HTTP/1.1" 200 30
190.27.190.227 - - [01/Apr/2023:09:06:41 -0500] "GET /kwssiamovil/sm/acme/s?s=U2FsdGVkX1+kSiU/kgJfiaSCTZdAl1pLyagyyX1J5cbVC9wRuTO78Fnk/jOiwIePuBB1+ugbyo55x2gTUFvkg5OoFYTSSaNg9Peb3gXUfKk=&u=U2FsdGVkX1/CHuzfNuSk4IQ7NRUxP/UZRHdiXxwL6GooyUc700f7jcBNKWP76xpV&y=U2FsdGVkX18wXAkVJYHtAy8y9v1IpYVG9erN1uCc3dk37OmFHqFRjtgmdDh3RU0a HTTP/1.1" 200 97
190.27.190.227 - - [01/Apr/2023:09:06:42 -0500] "GET /kwssiamovil/sm/acme/s?s=U2FsdGVkX1+EyLMHnyPO8QihmLIDBiaEwsJGcPXIb+9UW0GrRVzQ49+Fgcl5aKMRwmB2wvmh7kn0w2RpKRmJVo11sNSheEFUeii8U34DUoqtwiob1AfUOQo+4bW1DCWIeTLq08iKvhTHoh4Dil3V0SeasnA2Dt01YrtlFVAOhjqn9jhKaxWNYjPs7CupLKZQ/F6PzSjrTB7syVmICGfQcymhakyb6AKY28Wo5U03f1bLwPB/r9+Z7/y399a2Mwlyh9jvCRpaWhPNPgxXdY0PnuY0HQS5zkdK8DeZAIVrKXvxwC6ilzagIIXKlw9umvAvaRx4ueAPmxWLo2rauO3jOftnRpTHSNYBq2Zk4ilCjmLJ1VH9Md5+0jpfKJBQ9Baf+4BprD6s30cp/sa1DTk0sJgin3wYz0DZ/bR/I/GzNNv0QCDPxG/FVPO3Djs720XO+vYTyb7BP+xNKKVfSfZOj9Wp/gVKQZGqHqXuL0WTLdQMqDmXZtREy9edQmbxJD7P0qBWwkeF0jBpGnnOe8aMDq7fuVkE+CBNtmZoeyLg+hwbdFXR+6keY9SLPXVxkbhsWYM0L/BEo4y+lycaj9v/zx3+cdvK4gMyZKEx5o0wqz3Tu20pNl9mryZNK5gazLeRVIuFEg0SXpcBfeqSv6VIaFKYd6GpEXxSnpLatudFNLjrVYX9yFpaTNlavWeA2jvpXZxPE1xG93+ZE3n+QdYIG2dg373Jgl2J8KBNQmyiTunMOj7ZbFgu++qYmrQvpXAnNB3b6d8UFRBGqBxTc/dGi8Tu9OUoEE0sMDHxozmBD2LYKTV5STILK14d2ZpcpZWq3GDburmEgc7SR6P7Q2IliJre2S+89RKBVeVVYeZwxHMalxdTfr0rCOdR9mwd+mvjxAktaDS8j3X7tZ69savfDYbJb4PwePce/XQJHJSWdhlBZhSCBv/9smH7eqnTAaZLIud4KRk12py3RV7ia4zI54JEf76rWjV2DFgXpIDPLJUnpBZB0CcSSHDOEYS5qz+Cp9DSXFiDXp62I/l1PgkoQ1LNqNzgf5i/W+oItpy2f9XW/WlCR5vyiAhJQWKc4CqdL7CmhD3pAcZV6zelKDWh0mVwM+6SRaUGgaRUfTgpd6hHYR0fRZxGHL9z9MaKQpOqxxKWg9plzm6M9Ei4qnAMy6lLIz0s2kVFq84L5v9XEEzyv8FbQN5/PsNhb/JWR9CI7Onbodmwmeb8JNEyZC+MaTVoWwzvfuRy+dSyNOXnQZW+iNnZ3o/2a7nFbZKsOdkMz/Huxit7UBUTbcd0EPgoJ5QtyyvrAkociBNjKMOxe7tS758TMph9PJ+hooZMtPKx28JvbwvryY033M6zbgP+cKG1DtziQ7Xum1+nHDFl8zIzjZA06pzhRw7xMrfU1f4T1+m1cbZmQgNac0D+BesCi7MZR+hv8udA9l4UlyMuH6JVMVSMKGrKGyawrDs9gC8fJu8p4+DKigGH61YFWZa0MUovPYtbN+mOBnEwTyuphe7Rm+CoHUVBqKqsRpw/aBA0hgK50/4vLLjeZxQbbRlsS7UxeAv8n9djaKvxeGcKr3y6CiZfMjCyET5ZOokKboOfdODaJi11EfZQS9bOhZeNirpgp1aWzX86W6wdFCd3319sJ3lcjWlElJLRgVU2/wxigQxnxa5RUkANEBL37XPJ5Mk4LJo/vHo8j6iMjEt6rqsABd1/mXb5f5TGUZ54PAbfpEA253AHE/y0y4AmPeYDNBaIAXGwL2u7RlyvcZGOxfHBmbje/eG6AnEjEWRVzt2R&u=U2FsdGVkX1/CHuzfNuSk4IQ7NRUxP/UZRHdiXxwL6GooyUc700f7jcBNKWP76xpV&y=U2FsdGVkX18wXAkVJYHtAy8y9v1IpYVG9erN1uCc3dk37OmFHqFRjtgmdDh3RU0a HTTP/1.1" 200 8780
190.27.190.227 - - [01/Apr/2023:09:06:42 -0500] "GET /kwssiamovil/sm/acme/s?s=U2FsdGVkX1/Q4/a0sB2gdn9mz3ov0ngEDXf9RRbt3XklD7m0knQRTzhxyBB5hRP931vb78vL++knFncBUIofmbI5M3xWEg1nC+e18kw1YonpmzKpjLy0czTnDc1yCUmt9QeVQAZ3i/ZKbCdoehPNKAmKDky305XBcqJgm2z06LXuoUpFH5rNtGz9ST2lx1u+aypgRD22hCa6a0na9aZ+p94+BkyfCM/qv7nir/oVsY9QpiGhgSFtfxbgy6BRm0Sult7hwLA7oz7+xtuJ/hzfglU6L0SRw5nOni20Xme6vJ9pFrGlRYf+jtjJP7BcMtTN8Tf1pH5qO89j/VdPalf7QkWcp4xxZtlzy1AbaRfOsXNlhYpzI0vqLMHCuvVTUbmhz0j1XNEbgWI50kYBitbV7hiNYU/Dw+xA9i3mWrVcs0PwJc0vr5+Vj5EkL7BLd6QaqAopkMytsbRMDkATi6iY9yKAmjvNWnmd/6r6kpFdM9jTsR2hX1AoveKdASUL0afuSQncsdknIh3RvwxsrZbv9jOxDNGwa4sgjcgDlqCm5VBElLpPiNoW95Kapi1+OZEez5APC+YeDpO669A5ReFaas4NBE69J3lp5Zv6rRuo0jYDJ1dBrTEQzQd7m1+Qr0CmbKpLAKX+vb7J4OmkPW+ZgIO3sWet2wgucC1Bc9zUczopjkPRwLtVmJH0OAeh0LrVWLgt0G//jiNM7NMVuO809DHt94kKiKxrdSPp0eE91gjoqVul0+7BbXnb0u7beumCJ2zK6mqgcHyqAFfGHNFNFw==&u=U2FsdGVkX1/CHuzfNuSk4IQ7NRUxP/UZRHdiXxwL6GooyUc700f7jcBNKWP76xpV&y=U2FsdGVkX18wXAkVJYHtAy8y9v1IpYVG9erN1uCc3dk37OmFHqFRjtgmdDh3RU0a HTTP/1.1" 200 354
190.27.190.227 - - [01/Apr/2023:09:06:42 -0500] "GET /kwssiamovil/sm/cjson/pre?f=1&x=U2FsdGVkX18R5p2qJUSznr78v9ymEr4ZySg+u/6WV+6VT0wdMACwlfaJ/DDy5TMW HTTP/1.1" 200 31032
190.27.190.227 - - [01/Apr/2023:09:06:42 -0500] "GET /kwssiamovil/sm/cjson/pre?f=18&x=U2FsdGVkX18R5p2qJUSznr78v9ymEr4ZySg+u/6WV+6VT0wdMACwlfaJ/DDy5TMW HTTP/1.1" 200 32849
200.69.100.67 - - [01/Apr/2023:09:06:50 -0500] "GET /galeria/galeria/jquery.fancybox.css?v=2.1.5 HTTP/1.1" 200 4895
200.69.100.67 - - [01/Apr/2023:09:06:51 -0500] "GET /BLA/boletinlegal/js/jquery.scrollShow.js HTTP/1.1" 200 4586
200.69.100.67 - - [01/Apr/2023:09:06:51 -0500] "GET /galeria/galeria/jquery.fancybox.js?v=2.1.5 HTTP/1.1" 200 48706
34.91.8.49 - - [01/Apr/2023:09:08:18 -0500] "GET /inventario-de-emisiones-2020-transporte-publico-sitp-redujo-emisiones-de-pm-2-5-en-un-37.html HTTP/1.1" 200 925
172.22.2.4 - - [01/Apr/2023:09:07:02 -0500] "HEAD /BLA/boletinlegal/ HTTP/1.1" 200 -
34.90.16.100 - - [01/Apr/2023:09:08:46 -0500] "GET /inventario-de-emisiones-2020-transporte-publico-sitp-redujo-emisiones-de-pm-2-5-en-un-37.html HTTP/1.1" 200 925
201.245.192.253 - - [01/Apr/2023:09:09:00 -0500] "POST /kwsrmcab/Wsrmcab  HTTP/1.1" 200 43001
172.22.2.4 - - [01/Apr/2023:09:09:02 -0500] "GET /BLA/boletinlegal/jurisprudencia/analisis/analisis%20C-595-2010.doc HTTP/1.1" 200 39424
173.252.111.23 - - [01/Apr/2023:09:09:17 -0500] "GET /images/calidaddeaire1.png HTTP/1.1" 200 158614
157.55.39.212 - - [01/Apr/2023:09:09:20 -0500] "GET /sipse/faces/faces/autenticacion.xhtml HTTP/1.1" 200 12500
173.252.83.11 - - [01/Apr/2023:09:09:23 -0500] "GET /images/cr\xc3\xb3nica-29-nov-1_optimized.jpeg HTTP/1.1" 404 1034
172.22.2.4 - - [01/Apr/2023:09:07:53 -0500] "GET /BLA/boletinlegal/ HTTP/1.1" 200 57551
216.245.221.92 - - [01/Apr/2023:09:10:48 -0500] "HEAD / HTTP/1.1" 200 -
172.22.2.4 - - [01/Apr/2023:09:11:17 -0500] "GET /BLA/boletinlegal/ HTTP/1.1" 200 61240
201.245.192.253 - - [01/Apr/2023:09:13:58 -0500] "POST /kwsrmcab/Wsrmcab  HTTP/1.1" 200 43001
172.22.2.4 - - [01/Apr/2023:09:12:52 -0500] "HEAD /BLA/boletinlegal/ HTTP/1.1" 200 -
172.22.2.4 - - [01/Apr/2023:09:13:43 -0500] "GET /BLA/boletinlegal/ HTTP/1.1" 200 58653
216.245.221.92 - - [01/Apr/2023:09:15:48 -0500] "HEAD / HTTP/1.1" 200 -
190.145.240.6 - - [01/Apr/2023:09:16:07 -0500] "GET /galeria/galeria/jquery.fancybox.css?v=2.1.5 HTTP/1.1" 200 4895
190.145.240.6 - - [01/Apr/2023:09:16:07 -0500] "GET /BLA/boletinlegal/js/jquery.scrollShow.js HTTP/1.1" 200 4586
190.145.240.6 - - [01/Apr/2023:09:16:07 -0500] "GET /galeria/galeria/jquery.fancybox.js?v=2.1.5 HTTP/1.1" 200 48706
172.22.2.4 - - [01/Apr/2023:09:16:52 -0500] "GET /BLA/boletinlegal/ HTTP/1.1" 200 20427
186.102.31.13 - - [01/Apr/2023:09:18:16 -0500] "GET /secretaria-de-ambiente-entrego-balance-de-su-gestion-en-2022-y-presento-los-retos-para-el-2023.html HTTP/1.1" 200 968
201.245.192.253 - - [01/Apr/2023:09:18:58 -0500] "POST /kwsrmcab/Wsrmcab  HTTP/1.1" 200 43001
172.22.2.4 - - [01/Apr/2023:09:18:42 -0500] "HEAD /BLA/boletinlegal/ HTTP/1.1" 200 -
201.245.192.253 - - [01/Apr/2023:09:20:36 -0500] "POST /kwsrmcab/Wsrmcab HTTP/1.1" 200 41187
201.245.192.253 - - [01/Apr/2023:09:20:38 -0500] "POST /kwsrmcab/Wsrmcab HTTP/1.1" 200 43192
216.245.221.92 - - [01/Apr/2023:09:20:48 -0500] "HEAD / HTTP/1.1" 200 -
172.22.2.4 - - [01/Apr/2023:09:19:33 -0500] "GET /BLA/boletinlegal/ HTTP/1.1" 200 57551
201.245.192.253 - - [01/Apr/2023:09:23:57 -0500] "POST /kwsrmcab/Wsrmcab  HTTP/1.1" 200 43001
52.167.144.44 - - [01/Apr/2023:09:24:58 -0500] "GET /portaldeninos/wp-content/uploads/2020/05/fb.jpg HTTP/1.1" 200 9893
216.245.221.92 - - [01/Apr/2023:09:25:48 -0500] "HEAD / HTTP/1.1" 200 -
172.22.2.4 - - [01/Apr/2023:09:24:32 -0500] "HEAD /BLA/boletinlegal/ HTTP/1.1" 200 -
172.22.2.4 - - [01/Apr/2023:09:25:23 -0500] "GET /BLA/boletinlegal/ HTTP/1.1" 200 59296
201.245.192.253 - - [01/Apr/2023:09:28:56 -0500] "POST /kwsrmcab/Wsrmcab  HTTP/1.1" 200 43001
192.155.90.220 - - [01/Apr/2023:09:29:38 -0500] "\x16\x03\x01" 400 226
170.64.154.82 - - [01/Apr/2023:09:29:42 -0500] "GET /portaldeninos/ HTTP/1.1" 200 110197
190.27.190.227 - - [01/Apr/2023:09:29:59 -0500] "OPTIONS /kwssiamovil/sm/setfile/f? HTTP/1.1" 200 13
190.27.190.227 - - [01/Apr/2023:09:30:00 -0500] "POST /kwssiamovil/sm/setfile/f? HTTP/1.1" 200 381
190.27.190.227 - - [01/Apr/2023:09:30:11 -0500] "GET /kwssiamovil/sm/acme/a?s=U2FsdGVkX19uemiRuP0BL5BVQCo+O4LiGHOGBj6JCIcRMhkxf4uA11M7AIj6EYtOzD/VWT4fl2g6Is4r01+lDT2IDUk+jXGOqQCrhnQ+hJLYW3HVcG4TooE8+tM15QEMR/QYYmLj6qFenLF/3HH/8/mtXYhpZsEnYX6IS84RkTKP8Kqt5jFaxjhLG6+qTO9NoJGS8xf0gYw3owxToWu/ZuUE+RP0FLsbYb3VdeGlDFEyYKt8Iqpwrw6ZF7Wz/mOwH6ZnQnXM7b7zm4yYe50OmQ==&u=U2FsdGVkX1/CHuzfNuSk4IQ7NRUxP/UZRHdiXxwL6GooyUc700f7jcBNKWP76xpV&y=U2FsdGVkX18wXAkVJYHtAy8y9v1IpYVG9erN1uCc3dk37OmFHqFRjtgmdDh3RU0a HTTP/1.1" 200 26
