!C99Shell v. 1.0 pre-release build #13!

Software: Apache. PHP/5.5.15 

uname -a: Windows NT SVR-DMZ 6.1 build 7600 (Windows Server 2008 R2 Enterprise Edition) i586 

SYSTEM 

Safe-mode: OFF (not secure)

E:\nuevo\apache\logs\   drwxrwxrwx
Free 7.33 GB of 239.26 GB (3.07%)
Detected drives: [ a ] [ c ] [ d ] [ e ] [ f ]
Home    Back    Forward    UPDIR    Refresh    Search    Buffer    Encoder    Tools    Proc.    FTP brute    Sec.    SQL    PHP-code    Update    Feedback    Self remove    Logout    


Viewing file:     access.2023.04.01.log (639.82 KB)      -rw-rw-rw-
Select action/file-type:
(+) | (+) | (+) | Code (+) | Session (+) | (+) | SDB (+) | (+) | (+) | (+) | (+) | (+) |
216.245.221.92 - - [01/Apr/2023:00:02:03 -0500] "HEAD / HTTP/1.1" 200 -
172.22.2.4 - - [01/Apr/2023:00:00:59 -0500] "HEAD /BLA/boletinlegal/ HTTP/1.1" 200 -
172.22.2.4 - - [01/Apr/2023:00:01:49 -0500] "GET /BLA/boletinlegal/ HTTP/1.1" 200 57935
172.22.2.4 - - [01/Apr/2023:00:03:29 -0500] "HEAD /BLA/boletinlegal/epa/scripts/win/nsepa_setup.exe HTTP/1.1" 404 -
201.245.192.253 - - [01/Apr/2023:00:03:49 -0500] "POST /kwsrmcab/Wsrmcab  HTTP/1.1" 200 43001
35.204.9.239 - - [01/Apr/2023:00:04:28 -0500] "GET /inventario-de-emisiones-2020-transporte-publico-sitp-redujo-emisiones-de-pm-2-5-en-un-37.html HTTP/1.1" 200 925
66.249.66.7 - - [01/Apr/2023:00:05:15 -0500] "-" 408 -
172.22.2.4 - - [01/Apr/2023:00:05:24 -0500] "GET /BLA/boletinlegal/actos.php HTTP/1.1" 200 9672
216.245.221.92 - - [01/Apr/2023:00:07:03 -0500] "HEAD / HTTP/1.1" 200 -
40.77.167.214 - - [01/Apr/2023:00:08:04 -0500] "GET /BLA/boletinlegal/jurisprudencia/analisis/analisis%20sentencia%20C-596-10.doc HTTP/1.1" 200 36352
172.22.2.4 - - [01/Apr/2023:00:06:49 -0500] "HEAD /BLA/boletinlegal/ HTTP/1.1" 200 -
201.245.192.253 - - [01/Apr/2023:00:08:48 -0500] "POST /kwsrmcab/Wsrmcab  HTTP/1.1" 200 43001
152.61.192.232 - - [01/Apr/2023:00:09:01 -0500] "GET / HTTP/1.1" 200 319
172.22.2.4 - - [01/Apr/2023:00:07:39 -0500] "GET /BLA/boletinlegal/ HTTP/1.1" 200 53551
66.249.66.45 - - [01/Apr/2023:00:11:42 -0500] "-" 408 -
216.245.221.92 - - [01/Apr/2023:00:12:03 -0500] "HEAD / HTTP/1.1" 200 -
201.245.192.253 - - [01/Apr/2023:00:13:48 -0500] "POST /kwsrmcab/Wsrmcab  HTTP/1.1" 200 43001
172.22.2.4 - - [01/Apr/2023:00:12:39 -0500] "HEAD /BLA/boletinlegal/ HTTP/1.1" 200 -
199.16.157.180 - - [01/Apr/2023:00:15:03 -0500] "GET /images/evento-wef-1_optimized.jpeg HTTP/1.1" 200 138129
172.22.2.4 - - [01/Apr/2023:00:13:29 -0500] "GET /BLA/boletinlegal/ HTTP/1.1" 200 57551
216.245.221.92 - - [01/Apr/2023:00:17:03 -0500] "HEAD / HTTP/1.1" 200 -
66.249.66.79 - - [01/Apr/2023:00:17:34 -0500] "-" 408 -
104.28.92.32 - - [01/Apr/2023:00:18:07 -0500] "GET /images/Foto%20Di%C3%8C%C2%81a%20Mundial%20del%20Agua%20(1)%20(1).jpeg HTTP/1.1" 200 41770
201.245.192.253 - - [01/Apr/2023:00:18:48 -0500] "POST /kwsrmcab/Wsrmcab  HTTP/1.1" 200 43001
52.167.144.46 - - [01/Apr/2023:00:19:10 -0500] "GET /BLA/resoluciones/RESOLUCIONES%202021/5644.pdf HTTP/1.1" 200 356248
23.251.102.74 - - [01/Apr/2023:00:19:21 -0500] "GET / HTTP/1.1" 200 319
23.251.102.74 - - [01/Apr/2023:00:19:22 -0500] "HEAD /icons/sphere1.png HTTP/1.1" 200 -
23.251.102.74 - - [01/Apr/2023:00:19:22 -0500] "HEAD /icons/.%2e/%2e%2e/apache2/icons/sphere1.png HTTP/1.1" 400 -
23.251.102.74 - - [01/Apr/2023:00:19:22 -0500] "HEAD /icons/.%%32%65/.%%32%65/apache2/icons/sphere1.png HTTP/1.1" 400 -
23.251.102.74 - - [01/Apr/2023:00:19:22 -0500] "HEAD /icons/.%%32%65/.%%32%65/apache2/icons/non-existant-image.png HTTP/1.1" 400 -
172.22.2.4 - - [01/Apr/2023:00:18:29 -0500] "HEAD /BLA/boletinlegal/ HTTP/1.1" 200 -
201.245.192.253 - - [01/Apr/2023:00:20:38 -0500] "POST /kwsrmcab/Wsrmcab HTTP/1.1" 200 43162
201.245.192.253 - - [01/Apr/2023:00:20:42 -0500] "POST /kwsrmcab/Wsrmcab HTTP/1.1" 200 43167
172.22.2.4 - - [01/Apr/2023:00:19:19 -0500] "GET /BLA/boletinlegal/ HTTP/1.1" 200 55211
165.154.134.205 - - [01/Apr/2023:00:21:26 -0500] "-" 408 -
216.245.221.92 - - [01/Apr/2023:00:22:02 -0500] "HEAD / HTTP/1.1" 200 -
165.154.134.205 - - [01/Apr/2023:00:22:04 -0500] "-" 408 -
173.252.107.10 - - [01/Apr/2023:00:22:55 -0500] "GET /con-el-pot-bogota-tendra-30-mas-de-areas-verdes-protegidas.html HTTP/1.1" 206 940
172.22.2.4 - - [01/Apr/2023:00:23:25 -0500] "GET /BLA/boletinlegal/favicon.ico HTTP/1.1" 404 1018
172.22.2.4 - - [01/Apr/2023:00:23:09 -0500] "GET /BLA/boletinlegal/ HTTP/1.1" 200 20427
201.245.192.253 - - [01/Apr/2023:00:23:46 -0500] "POST /kwsrmcab/Wsrmcab  HTTP/1.1" 200 43001
172.22.2.4 - - [01/Apr/2023:00:23:10 -0500] "GET /BLA/boletinlegal/ HTTP/1.1" 200 28619
52.167.144.167 - - [01/Apr/2023:00:25:11 -0500] "GET /BLA/resoluciones/index.php?dir=RESOLUCIONES+2023%2F HTTP/1.1" 200 11738
52.167.144.46 - - [01/Apr/2023:00:25:20 -0500] "GET /BLA/resoluciones/AUTOS%202021/4889.pdf HTTP/1.1" 200 351137
172.22.2.4 - - [01/Apr/2023:00:24:19 -0500] "HEAD /BLA/boletinlegal/ HTTP/1.1" 200 -
172.22.2.4 - - [01/Apr/2023:00:25:09 -0500] "GET /BLA/boletinlegal/ HTTP/1.1" 200 57551
216.245.221.92 - - [01/Apr/2023:00:27:03 -0500] "HEAD / HTTP/1.1" 200 -
66.249.66.79 - - [01/Apr/2023:00:27:35 -0500] "-" 408 -
191.156.243.40 - - [01/Apr/2023:00:28:37 -0500] "GET /secretaria-de-ambiente-entrego-balance-de-su-gestion-en-2022-y-presento-los-retos-para-el-2023.html HTTP/1.1" 200 968
201.245.192.253 - - [01/Apr/2023:00:28:46 -0500] "POST /kwsrmcab/Wsrmcab  HTTP/1.1" 200 43001
154.209.125.115 - - [01/Apr/2023:00:28:55 -0500] "-" 408 -
201.245.192.253 - - [01/Apr/2023:00:30:38 -0500] "POST /kwsrmcab/Wsrmcab HTTP/1.1" 200 43162
201.245.192.253 - - [01/Apr/2023:00:30:40 -0500] "POST /kwsrmcab/Wsrmcab HTTP/1.1" 200 43167
152.61.128.50 - - [01/Apr/2023:00:30:58 -0500] "GET / HTTP/1.1" 200 319
172.22.2.4 - - [01/Apr/2023:00:30:09 -0500] "HEAD /BLA/boletinlegal/ HTTP/1.1" 200 -
216.245.221.92 - - [01/Apr/2023:00:32:02 -0500] "HEAD / HTTP/1.1" 200 -
172.22.2.4 - - [01/Apr/2023:00:30:59 -0500] "GET /BLA/boletinlegal/ HTTP/1.1" 200 59296
201.245.192.253 - - [01/Apr/2023:00:33:45 -0500] "POST /kwsrmcab/Wsrmcab  HTTP/1.1" 200 43001
172.22.2.4 - - [01/Apr/2023:00:34:17 -0500] "GET /BLA/boletinlegal/.env HTTP/1.1" 404 1018
66.249.66.65 - - [01/Apr/2023:00:35:30 -0500] "-" 408 -
216.245.221.92 - - [01/Apr/2023:00:37:02 -0500] "HEAD / HTTP/1.1" 200 -
66.249.66.45 - - [01/Apr/2023:00:37:29 -0500] "-" 408 -
172.22.2.4 - - [01/Apr/2023:00:35:59 -0500] "HEAD /BLA/boletinlegal/ HTTP/1.1" 200 -
172.22.2.4 - - [01/Apr/2023:00:36:49 -0500] "GET /BLA/boletinlegal/ HTTP/1.1" 200 52316
201.245.192.253 - - [01/Apr/2023:00:38:44 -0500] "POST /kwsrmcab/Wsrmcab  HTTP/1.1" 200 43001
52.167.144.150 - - [01/Apr/2023:00:39:56 -0500] "GET /BLA/resoluciones/AUTOS%202021/5268.pdf HTTP/1.1" 304 -
201.245.192.253 - - [01/Apr/2023:00:40:38 -0500] "POST /kwsrmcab/Wsrmcab HTTP/1.1" 200 43162
201.245.192.253 - - [01/Apr/2023:00:40:41 -0500] "POST /kwsrmcab/Wsrmcab HTTP/1.1" 200 43167
192.241.229.19 - - [01/Apr/2023:00:40:44 -0500] "GET /hudson HTTP/1.1" 404 1018
216.245.221.92 - - [01/Apr/2023:00:42:02 -0500] "HEAD / HTTP/1.1" 200 -
172.22.2.4 - - [01/Apr/2023:00:41:49 -0500] "HEAD /BLA/boletinlegal/ HTTP/1.1" 200 -
201.245.192.253 - - [01/Apr/2023:00:43:43 -0500] "POST /kwsrmcab/Wsrmcab  HTTP/1.1" 200 43001
172.22.2.4 - - [01/Apr/2023:00:42:39 -0500] "GET /BLA/boletinlegal/ HTTP/1.1" 200 59296
3.252.255.70 - - [01/Apr/2023:00:45:17 -0500] "GET / HTTP/1.0" 200 4720
17.241.219.66 - - [01/Apr/2023:00:45:53 -0500] "-" 408 -
216.245.221.92 - - [01/Apr/2023:00:47:02 -0500] "HEAD / HTTP/1.1" 200 -
201.245.192.253 - - [01/Apr/2023:00:48:43 -0500] "POST /kwsrmcab/Wsrmcab  HTTP/1.1" 200 43001
172.22.2.4 - - [01/Apr/2023:00:47:39 -0500] "HEAD /BLA/boletinlegal/ HTTP/1.1" 200 -
172.22.2.4 - - [01/Apr/2023:00:48:29 -0500] "GET /BLA/boletinlegal/ HTTP/1.1" 200 59296
66.249.66.6 - - [01/Apr/2023:00:52:02 -0500] "-" 408 -
216.245.221.92 - - [01/Apr/2023:00:52:02 -0500] "HEAD / HTTP/1.1" 200 -
181.51.196.18 - - [01/Apr/2023:00:52:35 -0500] "GET /BLA/boletinlegal/js/jquery.scrollShow.js HTTP/1.1" 200 4586
181.51.196.18 - - [01/Apr/2023:00:52:35 -0500] "GET /galeria/galeria/jquery.fancybox.js?v=2.1.5 HTTP/1.1" 200 48706
181.51.196.18 - - [01/Apr/2023:00:52:35 -0500] "GET /galeria/galeria/jquery.fancybox.css?v=2.1.5 HTTP/1.1" 200 4895
66.249.66.32 - - [01/Apr/2023:00:53:13 -0500] "-" 408 -
201.245.192.253 - - [01/Apr/2023:00:53:41 -0500] "POST /kwsrmcab/Wsrmcab  HTTP/1.1" 200 43001
172.22.2.4 - - [01/Apr/2023:00:53:29 -0500] "HEAD /BLA/boletinlegal/ HTTP/1.1" 200 -
152.61.192.232 - - [01/Apr/2023:00:55:42 -0500] "GET /arcgis/services/Calidad_del_Agua_WQI/MapServer/WMSServer?request=GetCapabilities&service=WMS HTTP/1.1" 503 1020
152.61.192.232 - - [01/Apr/2023:00:55:44 -0500] "GET /arcgis/services/Calidad_del_Agua_WQI/MapServer/WMSServer?SERVICE=WMS&REQUEST=GetCapabilities HTTP/1.1" 503 1020
152.61.192.232 - - [01/Apr/2023:00:55:44 -0500] "GET /arcgis/services/Calidad_del_Agua_WQI/MapServer/WMSServer?WMTVER=1.0.0&REQUEST=capabilities HTTP/1.1" 503 1020
172.22.2.4 - - [01/Apr/2023:00:54:19 -0500] "GET /BLA/boletinlegal/ HTTP/1.1" 200 57551
216.245.221.92 - - [01/Apr/2023:00:57:02 -0500] "HEAD / HTTP/1.1" 200 -
201.245.192.253 - - [01/Apr/2023:00:58:37 -0500] "POST /kwsrmcab/Wsrmcab  HTTP/1.1" 200 43001
74.125.210.212 - - [01/Apr/2023:00:58:46 -0500] "GET /Publicaciones/SSFFS-06119-2021.zip HTTP/1.1" 404 232
173.252.95.19 - - [01/Apr/2023:00:59:09 -0500] "GET /images/mercados-campesinos-5-mayo.jpg HTTP/1.1" 200 95848
52.209.144.229 - - [01/Apr/2023:00:59:39 -0500] "-" 408 -
172.22.2.4 - - [01/Apr/2023:00:59:19 -0500] "HEAD /BLA/boletinlegal/ HTTP/1.1" 200 -
172.22.2.4 - - [01/Apr/2023:01:00:09 -0500] "GET /BLA/boletinlegal/ HTTP/1.1" 200 52316
216.245.221.92 - - [01/Apr/2023:01:02:02 -0500] "HEAD / HTTP/1.1" 200 -
201.245.192.253 - - [01/Apr/2023:01:03:35 -0500] "POST /kwsrmcab/Wsrmcab  HTTP/1.1" 200 43001
40.77.167.80 - - [01/Apr/2023:01:05:04 -0500] "GET /BLA/resoluciones/AUTOS%202014/0020.pdf HTTP/1.1" 200 323391
51.15.164.30 - - [01/Apr/2023:01:06:21 -0500] "HEAD /secretaria-de-ambiente-entrego-balance-de-su-gestion-en-2022-y-presento-los-retos-para-el-2023.html HTTP/1.1" 200 -
172.22.2.4 - - [01/Apr/2023:01:05:08 -0500] "HEAD /BLA/boletinlegal/ HTTP/1.1" 200 -
216.245.221.92 - - [01/Apr/2023:01:07:02 -0500] "HEAD / HTTP/1.1" 200 -
172.22.2.4 - - [01/Apr/2023:01:05:59 -0500] "GET /BLA/boletinlegal/ HTTP/1.1" 200 58297
201.245.192.253 - - [01/Apr/2023:01:08:34 -0500] "POST /kwsrmcab/Wsrmcab  HTTP/1.1" 200 43001
52.167.144.167 - - [01/Apr/2023:01:09:56 -0500] "GET /BLA/resoluciones/AUTOS%202018/6812.pdf HTTP/1.1" 200 291489
52.167.144.150 - - [01/Apr/2023:01:10:09 -0500] "GET /BLA/resoluciones/AUTOS%202021/0594.pdf HTTP/1.1" 304 -
216.245.221.92 - - [01/Apr/2023:01:12:02 -0500] "HEAD / HTTP/1.1" 200 -
172.22.2.4 - - [01/Apr/2023:01:10:58 -0500] "HEAD /BLA/boletinlegal/ HTTP/1.1" 200 -
172.22.2.4 - - [01/Apr/2023:01:11:49 -0500] "GET /BLA/boletinlegal/ HTTP/1.1" 200 57141
201.245.192.253 - - [01/Apr/2023:01:13:32 -0500] "POST /kwsrmcab/Wsrmcab  HTTP/1.1" 200 14501
201.245.192.253 - - [01/Apr/2023:01:14:41 -0500] "POST /kwsrmcab/Wsrmcab  HTTP/1.1" 200 43001
201.245.192.253 - - [01/Apr/2023:01:15:43 -0500] "POST /kwsrmcab/Wsrmcab  HTTP/1.1" 200 43001
152.61.128.50 - - [01/Apr/2023:01:15:52 -0500] "GET /arcgis/services/Calidad_del_Agua_WQI/MapServer/WMSServer?request=GetCapabilities&service=WMS HTTP/1.1" 503 1020
152.61.128.50 - - [01/Apr/2023:01:15:53 -0500] "GET /arcgis/services/Calidad_del_Agua_WQI/MapServer/WMSServer?SERVICE=WMS&REQUEST=GetCapabilities HTTP/1.1" 503 1020
152.61.128.50 - - [01/Apr/2023:01:15:54 -0500] "GET /arcgis/services/Calidad_del_Agua_WQI/MapServer/WMSServer?WMTVER=1.0.0&REQUEST=capabilities HTTP/1.1" 503 1020
216.245.221.92 - - [01/Apr/2023:01:17:02 -0500] "HEAD / HTTP/1.1" 200 -
52.167.144.167 - - [01/Apr/2023:01:17:06 -0500] "GET /BLA/resoluciones/index.php?dir=RESOLUCIONES+2023%2F HTTP/1.1" 200 11738
172.22.2.4 - - [01/Apr/2023:01:16:48 -0500] "HEAD /BLA/boletinlegal/ HTTP/1.1" 200 -
172.22.2.4 - - [01/Apr/2023:01:19:09 -0500] "GET /BLA/boletinlegal/console/ HTTP/1.1" 404 1018
172.22.2.4 - - [01/Apr/2023:01:17:39 -0500] "GET /BLA/boletinlegal/ HTTP/1.1" 200 52316
31.148.130.84 - - [01/Apr/2023:01:20:04 -0500] "GET /BLA/resoluciones/RESOLUCIONES%202012/0288.pdf HTTP/1.1" 200 418763
201.245.192.253 - - [01/Apr/2023:01:20:38 -0500] "POST /kwsrmcab/Wsrmcab HTTP/1.1" 200 42671
201.245.192.253 - - [01/Apr/2023:01:20:40 -0500] "POST /kwsrmcab/Wsrmcab HTTP/1.1" 200 43008
201.245.192.253 - - [01/Apr/2023:01:20:43 -0500] "POST /kwsrmcab/Wsrmcab  HTTP/1.1" 200 43001
216.245.221.92 - - [01/Apr/2023:01:22:02 -0500] "HEAD / HTTP/1.1" 200 -
193.32.162.159 - - [01/Apr/2023:01:22:18 -0500] "GET / HTTP/1.1" 200 319
193.32.162.159 - - [01/Apr/2023:01:22:28 -0500] "GET /dispatch.asp HTTP/1.1" 404 1018
40.77.167.211 - - [01/Apr/2023:01:22:53 -0500] "GET /BLA/resoluciones/RESOLUCIONES%202021/5037.pdf HTTP/1.1" 200 432399
172.22.2.4 - - [01/Apr/2023:01:22:39 -0500] "HEAD /BLA/boletinlegal/ HTTP/1.1" 200 -
172.22.2.4 - - [01/Apr/2023:01:23:29 -0500] "GET /BLA/boletinlegal/ HTTP/1.1" 200 52316
72.167.51.183 - - [01/Apr/2023:01:25:18 -0500] "GET / HTTP/1.1" 200 319
201.245.192.253 - - [01/Apr/2023:01:25:42 -0500] "POST /kwsrmcab/Wsrmcab  HTTP/1.1" 200 43001
72.167.51.183 - - [01/Apr/2023:01:25:34 -0500] "GET / HTTP/1.1" 200 319
72.167.51.183 - - [01/Apr/2023:01:25:49 -0500] "GET /wp-includes/wlwmanifest.xml HTTP/1.1" 404 1043
72.167.51.183 - - [01/Apr/2023:01:26:05 -0500] "GET /xmlrpc.php?rsd HTTP/1.1" 404 1043
72.167.51.183 - - [01/Apr/2023:01:26:21 -0500] "GET / HTTP/1.1" 200 319
72.167.51.183 - - [01/Apr/2023:01:26:37 -0500] "GET /blog/wp-includes/wlwmanifest.xml HTTP/1.1" 404 1043
216.245.221.92 - - [01/Apr/2023:01:27:02 -0500] "HEAD / HTTP/1.1" 200 -
72.167.51.183 - - [01/Apr/2023:01:26:53 -0500] "GET /web/wp-includes/wlwmanifest.xml HTTP/1.1" 404 1043
72.167.51.183 - - [01/Apr/2023:01:27:08 -0500] "GET /wordpress/wp-includes/wlwmanifest.xml HTTP/1.1" 404 1043
72.167.51.183 - - [01/Apr/2023:01:27:24 -0500] "GET /website/wp-includes/wlwmanifest.xml HTTP/1.1" 404 1043
72.167.51.183 - - [01/Apr/2023:01:27:40 -0500] "GET /wp/wp-includes/wlwmanifest.xml HTTP/1.1" 404 1043
72.167.51.183 - - [01/Apr/2023:01:27:56 -0500] "GET /news/wp-includes/wlwmanifest.xml HTTP/1.1" 404 1043
72.167.51.183 - - [01/Apr/2023:01:28:12 -0500] "GET /2020/wp-includes/wlwmanifest.xml HTTP/1.1" 404 1043
72.167.51.183 - - [01/Apr/2023:01:28:27 -0500] "GET /2019/wp-includes/wlwmanifest.xml HTTP/1.1" 404 1043
72.167.51.183 - - [01/Apr/2023:01:28:43 -0500] "GET /shop/wp-includes/wlwmanifest.xml HTTP/1.1" 404 1043
72.167.51.183 - - [01/Apr/2023:01:28:59 -0500] "GET /wp1/wp-includes/wlwmanifest.xml HTTP/1.1" 404 1043
72.167.51.183 - - [01/Apr/2023:01:29:15 -0500] "GET /test/wp-includes/wlwmanifest.xml HTTP/1.1" 404 1043
72.167.51.183 - - [01/Apr/2023:01:29:30 -0500] "GET /wp2/wp-includes/wlwmanifest.xml HTTP/1.1" 404 1043
72.167.51.183 - - [01/Apr/2023:01:29:46 -0500] "GET /site/wp-includes/wlwmanifest.xml HTTP/1.1" 404 1043
172.22.2.4 - - [01/Apr/2023:01:28:28 -0500] "HEAD /BLA/boletinlegal/ HTTP/1.1" 200 -
69.171.249.120 - - [01/Apr/2023:01:30:14 -0500] "GET /images/calidad-aire-2-marzo-1_optimized.jpeg HTTP/1.1" 200 51562
69.171.249.117 - - [01/Apr/2023:01:30:16 -0500] "GET /images/camino-a-los-cerros-1_optimized.jpeg HTTP/1.1" 200 222279
72.167.51.183 - - [01/Apr/2023:01:30:02 -0500] "GET /cms/wp-includes/wlwmanifest.xml HTTP/1.1" 404 1043
72.167.51.183 - - [01/Apr/2023:01:30:18 -0500] "GET /sito/wp-includes/wlwmanifest.xml HTTP/1.1" 404 1043
201.245.192.253 - - [01/Apr/2023:01:30:38 -0500] "POST /kwsrmcab/Wsrmcab HTTP/1.1" 200 42671
201.245.192.253 - - [01/Apr/2023:01:30:41 -0500] "POST /kwsrmcab/Wsrmcab HTTP/1.1" 200 43008
201.245.192.253 - - [01/Apr/2023:01:30:41 -0500] "POST /kwsrmcab/Wsrmcab  HTTP/1.1" 200 43001
172.22.2.4 - - [01/Apr/2023:01:29:19 -0500] "GET /BLA/boletinlegal/ HTTP/1.1" 200 57141
216.245.221.92 - - [01/Apr/2023:01:32:02 -0500] "HEAD / HTTP/1.1" 200 -
40.77.167.80 - - [01/Apr/2023:01:32:26 -0500] "GET /sendero/? HTTP/1.1" 200 36439
201.245.192.253 - - [01/Apr/2023:01:35:39 -0500] "POST /kwsrmcab/Wsrmcab  HTTP/1.1" 200 43001
172.22.2.4 - - [01/Apr/2023:01:34:18 -0500] "HEAD /BLA/boletinlegal/ HTTP/1.1" 200 -
66.249.66.8 - - [01/Apr/2023:01:36:05 -0500] "-" 408 -
172.22.2.4 - - [01/Apr/2023:01:35:09 -0500] "GET /BLA/boletinlegal/ HTTP/1.1" 200 57551
216.245.221.92 - - [01/Apr/2023:01:37:02 -0500] "HEAD / HTTP/1.1" 200 -
201.245.192.253 - - [01/Apr/2023:01:40:37 -0500] "POST /kwsrmcab/Wsrmcab HTTP/1.1" 200 42671
201.245.192.253 - - [01/Apr/2023:01:40:39 -0500] "POST /kwsrmcab/Wsrmcab  HTTP/1.1" 200 43001
201.245.192.253 - - [01/Apr/2023:01:40:40 -0500] "POST /kwsrmcab/Wsrmcab HTTP/1.1" 200 43008
92.204.133.105 - - [01/Apr/2023:01:41:47 -0500] "GET / HTTP/1.1" 200 4720
92.204.133.105 - - [01/Apr/2023:01:41:47 -0500] "GET / HTTP/1.1" 200 319
92.204.133.105 - - [01/Apr/2023:01:41:47 -0500] "GET / HTTP/1.1" 200 4720
92.204.133.105 - - [01/Apr/2023:01:41:48 -0500] "GET / HTTP/1.1" 200 319
172.22.2.4 - - [01/Apr/2023:01:40:08 -0500] "HEAD /BLA/boletinlegal/ HTTP/1.1" 200 -
216.245.221.92 - - [01/Apr/2023:01:42:02 -0500] "HEAD / HTTP/1.1" 200 -
65.154.226.168 - - [01/Apr/2023:01:42:28 -0500] "GET /portaldeninos/wp-content/themes/betheme/style.css?ver=20.9.6 HTTP/1.1" 200 287
65.154.226.168 - - [01/Apr/2023:01:42:28 -0500] "GET /portaldeninos/wp-content/uploads/useanyfont/uaf.css?ver=1589905315 HTTP/1.1" 200 408
65.154.226.168 - - [01/Apr/2023:01:42:28 -0500] "GET /portaldeninos/wp-content/plugins/gallery-videos/CSS/Total-Soft-Gallery-Video-Widget.css?ver=4.9.8 HTTP/1.1" 200 51554
65.154.226.168 - - [01/Apr/2023:01:42:28 -0500] "GET /portaldeninos/wp-content/plugins/gallery-videos/CSS/totalsoft.css?ver=4.9.8 HTTP/1.1" 200 40622
65.154.226.168 - - [01/Apr/2023:01:42:28 -0500] "GET /portaldeninos/wp-content/themes/betheme/css/base.css?ver=20.9.6 HTTP/1.1" 200 57283
65.154.226.168 - - [01/Apr/2023:01:42:29 -0500] "GET /portaldeninos/wp-content/themes/betheme/assets/animations/animations.min.css?ver=20.9.6 HTTP/1.1" 200 58508
65.154.226.168 - - [01/Apr/2023:01:42:29 -0500] "GET /portaldeninos/wp-content/themes/betheme/assets/ui/jquery.ui.all.css?ver=20.9.6 HTTP/1.1" 200 18765
65.154.226.168 - - [01/Apr/2023:01:42:29 -0500] "GET /portaldeninos/wp-content/themes/betheme/assets/jplayer/css/jplayer.blue.monday.css?ver=20.9.6 HTTP/1.1" 200 9834
65.154.226.168 - - [01/Apr/2023:01:42:29 -0500] "GET /portaldeninos/wp-content/plugins/google-analytics-for-wordpress/assets/js/frontend-gtag.min.js?ver=8.5.0 HTTP/1.1" 200 11801
65.154.226.168 - - [01/Apr/2023:01:42:29 -0500] "GET /portaldeninos/wp-content/themes/betheme/css/responsive.css?ver=20.9.6 HTTP/1.1" 200 55740
65.154.226.168 - - [01/Apr/2023:01:42:28 -0500] "GET /portaldeninos/wp-content/themes/betheme/css/layout.css?ver=20.9.6 HTTP/1.1" 200 116639
65.154.226.168 - - [01/Apr/2023:01:42:30 -0500] "GET /portaldeninos/wp-includes/js/jquery/ui/tabs.min.js?ver=1.11.4 HTTP/1.1" 200 12110
65.154.226.168 - - [01/Apr/2023:01:42:30 -0500] "GET /portaldeninos/wp-content/plugins/gallery-videos/JS/Total-Soft-Gallery-Video-Widget.js?ver=4.9.8 HTTP/1.1" 200 80264
65.154.226.168 - - [01/Apr/2023:01:42:29 -0500] "GET /portaldeninos/wp-content/themes/betheme/css/shortcodes.css?ver=20.9.6 HTTP/1.1" 200 138889
65.154.226.168 - - [01/Apr/2023:01:42:30 -0500] "GET /portaldeninos/wp-includes/js/jquery/jquery-migrate.min.js?ver=1.4.1 HTTP/1.1" 200 10056
65.154.226.168 - - [01/Apr/2023:01:42:30 -0500] "GET /portaldeninos/wp-includes/js/jquery/ui/core.min.js?ver=1.11.4 HTTP/1.1" 200 4000
65.154.226.168 - - [01/Apr/2023:01:42:30 -0500] "GET /portaldeninos/wp-content/plugins/gallery-videos/JS/modernizr.custom.js?ver=4.9.8 HTTP/1.1" 200 9019
65.154.226.168 - - [01/Apr/2023:01:42:30 -0500] "GET /portaldeninos/wp-includes/js/jquery/ui/widget.min.js?ver=1.11.4 HTTP/1.1" 200 6908
65.154.226.168 - - [01/Apr/2023:01:42:30 -0500] "GET /portaldeninos/wp-includes/js/jquery/ui/accordion.min.js?ver=1.11.4 HTTP/1.1" 200 8584
65.154.226.168 - - [01/Apr/2023:01:42:30 -0500] "GET /portaldeninos/wp-includes/js/jquery/ui/mouse.min.js?ver=1.11.4 HTTP/1.1" 200 3148
65.154.226.168 - - [01/Apr/2023:01:42:29 -0500] "GET /portaldeninos/wp-includes/js/jquery/jquery.js?ver=1.12.4 HTTP/1.1" 200 97184
65.154.226.168 - - [01/Apr/2023:01:42:30 -0500] "GET /portaldeninos/wp-content/themes/betheme/js/menu.js?ver=20.9.6 HTTP/1.1" 200 2449
65.154.226.168 - - [01/Apr/2023:01:42:30 -0500] "GET /portaldeninos/wp-includes/js/jquery/ui/sortable.min.js?ver=1.11.4 HTTP/1.1" 200 24899
65.154.226.168 - - [01/Apr/2023:01:42:30 -0500] "GET /portaldeninos/wp-includes/js/wp-embed.min.js?ver=4.9.8 HTTP/1.1" 200 1398
65.154.226.168 - - [01/Apr/2023:01:42:30 -0500] "GET /portaldeninos/wp-content/themes/betheme/assets/animations/animations.min.js?ver=20.9.6 HTTP/1.1" 200 1896
65.154.226.168 - - [01/Apr/2023:01:42:30 -0500] "GET /portaldeninos/wp-content/themes/betheme/images/box_shadow.png HTTP/1.1" 200 108
65.154.226.168 - - [01/Apr/2023:01:42:30 -0500] "GET /portaldeninos/wp-content/themes/betheme/assets/jplayer/jplayer.min.js?ver=20.9.6 HTTP/1.1" 200 52702
65.154.226.168 - - [01/Apr/2023:01:42:30 -0500] "GET /portaldeninos/wp-content/themes/betheme/js/scripts.js?ver=20.9.6 HTTP/1.1" 200 77162
65.154.226.168 - - [01/Apr/2023:01:42:30 -0500] "GET /portaldeninos/wp-includes/js/wp-emoji-release.min.js?ver=4.9.8 HTTP/1.1" 200 12026
65.154.226.168 - - [01/Apr/2023:01:42:30 -0500] "GET /portaldeninos/wp-content/themes/betheme/fonts/mfn-icons.woff?93978679 HTTP/1.1" 200 80932
65.154.226.168 - - [01/Apr/2023:01:42:30 -0500] "GET /portaldeninos/wp-content/themes/betheme/js/plugins.js?ver=20.9.6 HTTP/1.1" 200 197151
172.22.2.4 - - [01/Apr/2023:01:40:59 -0500] "GET /BLA/boletinlegal/ HTTP/1.1" 200 58297
201.245.192.253 - - [01/Apr/2023:01:45:38 -0500] "POST /kwsrmcab/Wsrmcab  HTTP/1.1" 200 43001
172.22.2.4 - - [01/Apr/2023:01:44:42 -0500] "GET /BLA/boletinlegal/ HTTP/1.1" 200 58297
216.245.221.92 - - [01/Apr/2023:01:47:02 -0500] "HEAD / HTTP/1.1" 200 -
172.22.2.4 - - [01/Apr/2023:01:45:58 -0500] "HEAD /BLA/boletinlegal/ HTTP/1.1" 200 -
40.77.167.101 - - [01/Apr/2023:01:47:46 -0500] "-" 408 -
172.22.2.4 - - [01/Apr/2023:01:46:22 -0500] "GET /BLA/boletinlegal/ HTTP/1.1" 200 50654
172.22.2.4 - - [01/Apr/2023:01:46:49 -0500] "GET /BLA/boletinlegal/ HTTP/1.1" 200 52316
128.1.248.42 - - [01/Apr/2023:01:48:44 -0500] "GET /portaldeninos/ HTTP/1.1" 200 110197
66.249.66.12 - - [01/Apr/2023:01:49:03 -0500] "-" 408 -
201.245.192.253 - - [01/Apr/2023:01:50:38 -0500] "POST /kwsrmcab/Wsrmcab  HTTP/1.1" 200 43001
34.140.130.61 - - [01/Apr/2023:01:50:50 -0500] "GET / HTTP/1.1" 200 319
216.245.221.92 - - [01/Apr/2023:01:52:02 -0500] "HEAD / HTTP/1.1" 200 -
172.22.2.4 - - [01/Apr/2023:01:51:48 -0500] "HEAD /BLA/boletinlegal/ HTTP/1.1" 200 -
172.22.2.4 - - [01/Apr/2023:01:52:39 -0500] "GET /BLA/boletinlegal/ HTTP/1.1" 200 59296
168.119.52.80 - - [01/Apr/2023:01:54:26 -0500] "GET / HTTP/1.1" 200 319
168.119.52.80 - - [01/Apr/2023:01:54:28 -0500] "GET / HTTP/1.1" 200 4720
201.245.192.253 - - [01/Apr/2023:01:55:31 -0500] "POST /kwsrmcab/Wsrmcab  HTTP/1.1" 200 43001
216.245.221.92 - - [01/Apr/2023:01:57:02 -0500] "HEAD / HTTP/1.1" 200 -
162.55.167.166 - - [01/Apr/2023:01:57:12 -0500] "GET / HTTP/1.1" 200 4720
162.55.167.166 - - [01/Apr/2023:01:57:13 -0500] "GET / HTTP/1.1" 200 319
172.22.2.4 - - [01/Apr/2023:01:57:38 -0500] "HEAD /BLA/boletinlegal/ HTTP/1.1" 200 -
18.144.3.135 - - [01/Apr/2023:01:59:34 -0500] "OPTIONS / HTTP/1.1" 200 -
172.22.2.4 - - [01/Apr/2023:01:58:29 -0500] "GET /BLA/boletinlegal/ HTTP/1.1" 200 56277
201.245.192.253 - - [01/Apr/2023:02:00:28 -0500] "POST /kwsrmcab/Wsrmcab  HTTP/1.1" 200 43001
216.245.221.92 - - [01/Apr/2023:02:02:02 -0500] "HEAD / HTTP/1.1" 200 -
172.22.2.4 - - [01/Apr/2023:02:03:28 -0500] "HEAD /BLA/boletinlegal/ HTTP/1.1" 200 -
186.154.166.94 - - [01/Apr/2023:02:05:11 -0500] "GET /secretaria-de-ambiente-rinde-cuentas-este-viernes-31-de-marzo.html HTTP/1.1" 200 864
201.245.192.253 - - [01/Apr/2023:02:05:31 -0500] "POST /kwsrmcab/Wsrmcab  HTTP/1.1" 200 43001
172.22.2.4 - - [01/Apr/2023:02:05:56 -0500] "GET /BLA/boletinlegal/actos.php HTTP/1.1" 200 9672
172.22.2.4 - - [01/Apr/2023:02:04:19 -0500] "GET /BLA/boletinlegal/ HTTP/1.1" 200 57551
172.22.2.4 - - [01/Apr/2023:02:06:37 -0500] "GET /BLA/boletinlegal/actos.php HTTP/1.1" 200 9672
40.77.167.80 - - [01/Apr/2023:02:07:01 -0500] "GET /sipse/faces/autenticacion.xhtml HTTP/1.1" 200 12500
216.245.221.92 - - [01/Apr/2023:02:07:02 -0500] "HEAD / HTTP/1.1" 200 -
157.55.39.212 - - [01/Apr/2023:02:07:05 -0500] "GET /BLA/resoluciones/AUTOS%202021/0638.pdf HTTP/1.1" 304 -
52.167.144.150 - - [01/Apr/2023:02:09:13 -0500] "GET /forest/ HTTP/1.1" 200 12041
52.167.144.167 - - [01/Apr/2023:02:09:21 -0500] "GET /BLA/resoluciones/index.php?dir=RESOLUCIONES+2023%2F HTTP/1.1" 200 11738
157.55.39.212 - - [01/Apr/2023:02:10:21 -0500] "GET /sipse/faces/faces/autenticacion.xhtml HTTP/1.1" 200 12500
201.245.192.253 - - [01/Apr/2023:02:10:31 -0500] "POST /kwsrmcab/Wsrmcab  HTTP/1.1" 200 43001
172.22.2.4 - - [01/Apr/2023:02:09:18 -0500] "HEAD /BLA/boletinlegal/ HTTP/1.1" 200 -
172.22.2.4 - - [01/Apr/2023:02:10:09 -0500] "GET /BLA/boletinlegal/ HTTP/1.1" 200 59296
216.245.221.92 - - [01/Apr/2023:02:12:02 -0500] "HEAD / HTTP/1.1" 200 -
201.245.192.253 - - [01/Apr/2023:02:15:29 -0500] "POST /kwsrmcab/Wsrmcab  HTTP/1.1" 200 43001
172.22.2.4 - - [01/Apr/2023:02:15:08 -0500] "HEAD /BLA/boletinlegal/ HTTP/1.1" 200 -
216.245.221.92 - - [01/Apr/2023:02:17:02 -0500] "HEAD / HTTP/1.1" 200 -
94.102.61.10 - - [01/Apr/2023:02:17:02 -0500] "GET /portaldeninos/ HTTP/1.1" 200 110197
45.142.107.249 - - [01/Apr/2023:02:16:59 -0500] "POST /boaform/admin/formLogin HTTP/1.1" 404 1186
172.22.2.4 - - [01/Apr/2023:02:15:59 -0500] "GET /BLA/boletinlegal/ HTTP/1.1" 200 57551
201.245.192.253 - - [01/Apr/2023:02:20:28 -0500] "POST /kwsrmcab/Wsrmcab  HTTP/1.1" 200 43001
201.245.192.253 - - [01/Apr/2023:02:20:37 -0500] "POST /kwsrmcab/Wsrmcab HTTP/1.1" 200 43160
201.245.192.253 - - [01/Apr/2023:02:20:40 -0500] "POST /kwsrmcab/Wsrmcab HTTP/1.1" 200 43158
216.245.221.92 - - [01/Apr/2023:02:22:02 -0500] "HEAD / HTTP/1.1" 200 -
172.22.2.4 - - [01/Apr/2023:02:20:58 -0500] "HEAD /BLA/boletinlegal/ HTTP/1.1" 200 -
172.22.2.4 - - [01/Apr/2023:02:23:01 -0500] "POST /BLA/boletinlegal/Autodiscover/Autodiscover.xml HTTP/1.1" 404 1018
172.22.2.4 - - [01/Apr/2023:02:21:49 -0500] "GET /BLA/boletinlegal/ HTTP/1.1" 200 57141
66.249.66.10 - - [01/Apr/2023:02:24:12 -0500] "-" 408 -
66.249.66.32 - - [01/Apr/2023:02:24:16 -0500] "-" 408 -
14.29.231.137 - - [01/Apr/2023:02:24:34 -0500] "GET / HTTP/1.1" 200 319
201.245.192.253 - - [01/Apr/2023:02:25:27 -0500] "POST /kwsrmcab/Wsrmcab  HTTP/1.1" 200 43001
185.225.74.42 - - [01/Apr/2023:02:26:48 -0500] "GET / HTTP/1.1" 200 319
216.245.221.92 - - [01/Apr/2023:02:27:02 -0500] "HEAD / HTTP/1.1" 200 -
40.77.167.80 - - [01/Apr/2023:02:27:33 -0500] "GET /BLA/resoluciones/AUTOS%202021/2546.pdf HTTP/1.1" 200 521929
172.22.2.4 - - [01/Apr/2023:02:26:48 -0500] "HEAD /BLA/boletinlegal/ HTTP/1.1" 200 -
157.55.39.212 - - [01/Apr/2023:02:28:36 -0500] "GET /BLA/resoluciones/AUTOS%202021/5282.pdf HTTP/1.1" 304 -
172.22.2.4 - - [01/Apr/2023:02:27:39 -0500] "GET /BLA/boletinlegal/ HTTP/1.1" 200 57551
201.245.192.253 - - [01/Apr/2023:02:30:26 -0500] "POST /kwsrmcab/Wsrmcab  HTTP/1.1" 200 43001
201.245.192.253 - - [01/Apr/2023:02:30:38 -0500] "POST /kwsrmcab/Wsrmcab HTTP/1.1" 200 43160
201.245.192.253 - - [01/Apr/2023:02:30:40 -0500] "POST /kwsrmcab/Wsrmcab HTTP/1.1" 200 43158
66.249.66.64 - - [01/Apr/2023:02:31:32 -0500] "-" 408 -
216.245.221.92 - - [01/Apr/2023:02:32:02 -0500] "HEAD / HTTP/1.1" 200 -
172.22.2.4 - - [01/Apr/2023:02:32:51 -0500] "GET /BLA/boletinlegal/Circulares/2018/Circular%20No.%2010%20del%2021%20de%20Septiembre%20de%202018.pdf HTTP/1.1" 304 -
172.22.2.4 - - [01/Apr/2023:02:32:38 -0500] "HEAD /BLA/boletinlegal/ HTTP/1.1" 200 -
172.22.2.4 - - [01/Apr/2023:02:33:29 -0500] "GET /BLA/boletinlegal/ HTTP/1.1" 200 57141
201.245.192.253 - - [01/Apr/2023:02:35:25 -0500] "POST /kwsrmcab/Wsrmcab  HTTP/1.1" 200 43001
216.245.221.92 - - [01/Apr/2023:02:37:02 -0500] "HEAD / HTTP/1.1" 200 -
128.1.248.34 - - [01/Apr/2023:02:37:04 -0500] "GET /portaldeninos/ HTTP/1.1" 200 110197
172.22.2.4 - - [01/Apr/2023:02:38:28 -0500] "HEAD /BLA/boletinlegal/ HTTP/1.1" 200 -
201.245.192.253 - - [01/Apr/2023:02:40:24 -0500] "POST /kwsrmcab/Wsrmcab  HTTP/1.1" 200 43001
201.245.192.253 - - [01/Apr/2023:02:40:37 -0500] "POST /kwsrmcab/Wsrmcab HTTP/1.1" 200 43160
201.245.192.253 - - [01/Apr/2023:02:40:40 -0500] "POST /kwsrmcab/Wsrmcab HTTP/1.1" 200 43158
172.22.2.4 - - [01/Apr/2023:02:39:19 -0500] "GET /BLA/boletinlegal/ HTTP/1.1" 200 59296
172.22.2.4 - - [01/Apr/2023:02:41:36 -0500] "GET /BLA/boletinlegal/robots.txt HTTP/1.1" 404 1038
172.22.2.4 - - [01/Apr/2023:02:41:42 -0500] "GET /BLA/boletinlegal/jurisprudencia/analisis/ANALISIST-672-14.docx HTTP/1.1" 304 -
216.245.221.92 - - [01/Apr/2023:02:42:02 -0500] "HEAD / HTTP/1.1" 200 -
52.167.144.167 - - [01/Apr/2023:02:42:32 -0500] "GET /BLA/resoluciones/RESOLUCIONES%202022/1315.pdf HTTP/1.1" 304 -
172.22.2.4 - - [01/Apr/2023:02:41:38 -0500] "GET /BLA/boletinlegal/ HTTP/1.1" 200 61749
201.245.192.253 - - [01/Apr/2023:02:45:23 -0500] "POST /kwsrmcab/Wsrmcab  HTTP/1.1" 200 43001
172.22.2.4 - - [01/Apr/2023:02:44:18 -0500] "HEAD /BLA/boletinlegal/ HTTP/1.1" 200 -
168.119.100.88 - - [01/Apr/2023:02:46:45 -0500] "GET / HTTP/1.1" 200 319
168.119.100.88 - - [01/Apr/2023:02:46:47 -0500] "GET / HTTP/1.1" 200 4720
172.22.2.4 - - [01/Apr/2023:02:45:09 -0500] "GET /BLA/boletinlegal/ HTTP/1.1" 200 57551
216.245.221.92 - - [01/Apr/2023:02:47:02 -0500] "HEAD / HTTP/1.1" 200 -
172.22.2.4 - - [01/Apr/2023:02:48:20 -0500] "GET /BLA/boletinlegal/robots.txt HTTP/1.1" 404 1038
172.22.2.4 - - [01/Apr/2023:02:48:21 -0500] "GET /BLA/boletinlegal/Directivas/2017/Directiva%20No.%2001%20del%2017%20de%20Enero%20de%202017.pdf HTTP/1.1" 200 2804310
201.245.192.253 - - [01/Apr/2023:02:50:22 -0500] "POST /kwsrmcab/Wsrmcab  HTTP/1.1" 200 43001
40.77.167.80 - - [01/Apr/2023:02:50:53 -0500] "GET /BLA/resoluciones/RESOLUCIONES%202008/0408.pdf HTTP/1.1" 304 -
172.22.2.4 - - [01/Apr/2023:02:50:08 -0500] "HEAD /BLA/boletinlegal/ HTTP/1.1" 200 -
216.245.221.92 - - [01/Apr/2023:02:52:02 -0500] "HEAD / HTTP/1.1" 200 -
172.22.2.4 - - [01/Apr/2023:02:50:59 -0500] "GET /BLA/boletinlegal/ HTTP/1.1" 200 58297
66.249.66.65 - - [01/Apr/2023:02:54:50 -0500] "-" 408 -
201.245.192.253 - - [01/Apr/2023:02:55:21 -0500] "POST /kwsrmcab/Wsrmcab  HTTP/1.1" 200 43001
69.147.87.185 - - [01/Apr/2023:02:56:46 -0500] "GET /images/jardines-verticales_optimized.jpeg HTTP/1.1" 200 138197
69.171.249.118 - - [01/Apr/2023:02:59:39 -0500] "GET /images/rendicion-de-cuentas-post-01-02-(1)_optimized.jpg HTTP/1.1" 200 121430
201.245.192.253 - - [01/Apr/2023:03:00:20 -0500] "POST /kwsrmcab/Wsrmcab  HTTP/1.1" 200 43001
216.245.221.92 - - [01/Apr/2023:03:00:49 -0500] "HEAD / HTTP/1.1" 200 -
52.167.144.150 - - [01/Apr/2023:03:00:57 -0500] "GET /BLA/resoluciones/AUTOS%202016/0287.pdf HTTP/1.1" 200 463182
172.22.2.4 - - [01/Apr/2023:02:59:29 -0500] "HEAD /BLA/boletinlegal/ HTTP/1.1" 200 -
172.22.2.4 - - [01/Apr/2023:03:00:19 -0500] "GET /BLA/boletinlegal/ HTTP/1.1" 200 57551
193.32.162.159 - - [01/Apr/2023:03:04:19 -0500] "GET / HTTP/1.1" 200 319
66.249.66.64 - - [01/Apr/2023:03:04:22 -0500] "-" 408 -
193.32.162.159 - - [01/Apr/2023:03:04:30 -0500] "GET /dispatch.asp HTTP/1.1" 404 1018
201.245.192.253 - - [01/Apr/2023:03:05:19 -0500] "POST /kwsrmcab/Wsrmcab  HTTP/1.1" 200 43001
216.245.221.92 - - [01/Apr/2023:03:05:49 -0500] "HEAD / HTTP/1.1" 200 -
172.22.2.4 - - [01/Apr/2023:03:05:19 -0500] "HEAD /BLA/boletinlegal/ HTTP/1.1" 200 -
172.22.2.4 - - [01/Apr/2023:03:06:10 -0500] "GET /BLA/boletinlegal/ HTTP/1.1" 200 55924
201.245.192.253 - - [01/Apr/2023:03:10:19 -0500] "POST /kwsrmcab/Wsrmcab  HTTP/1.1" 200 43001
216.245.221.92 - - [01/Apr/2023:03:10:49 -0500] "HEAD / HTTP/1.1" 200 -
172.22.2.4 - - [01/Apr/2023:03:11:09 -0500] "HEAD /BLA/boletinlegal/ HTTP/1.1" 200 -
172.22.2.4 - - [01/Apr/2023:03:12:00 -0500] "GET /BLA/boletinlegal/ HTTP/1.1" 200 57141
192.241.217.22 - - [01/Apr/2023:03:14:54 -0500] "GET / HTTP/1.1" 200 319
201.245.192.253 - - [01/Apr/2023:03:15:19 -0500] "POST /kwsrmcab/Wsrmcab  HTTP/1.1" 200 43001
186.28.48.118 - - [01/Apr/2023:03:15:21 -0500] "GET /BLA/resoluciones/index.php?dir= HTTP/1.1" 200 13502
186.28.48.118 - - [01/Apr/2023:03:15:22 -0500] "GET /BLA/resoluciones/dlf/folder.png HTTP/1.1" 200 410
186.28.48.118 - - [01/Apr/2023:03:15:22 -0500] "GET /BLA/resoluciones/dlf/styles.css HTTP/1.1" 200 3049
186.28.48.118 - - [01/Apr/2023:03:15:22 -0500] "GET /BLA/resoluciones/dlf/bg.gif HTTP/1.1" 200 54
186.28.48.118 - - [01/Apr/2023:03:15:26 -0500] "GET /BLA/resoluciones/dlf/dirup.png HTTP/1.1" 200 644
186.28.48.118 - - [01/Apr/2023:03:15:26 -0500] "GET /BLA/resoluciones/dlf/pdf.gif HTTP/1.1" 200 272
186.28.48.118 - - [01/Apr/2023:03:15:26 -0500] "GET /BLA/resoluciones/index.php?dir=AUTOS+2022%2F HTTP/1.1" 200 461656
186.28.48.118 - - [01/Apr/2023:03:15:44 -0500] "GET /BLA/resoluciones/AUTOS%202022/6321.pdf HTTP/1.1" 200 442540
157.55.39.212 - - [01/Apr/2023:03:15:48 -0500] "GET /Publicaciones/2022EE88319.pdf HTTP/1.1" 404 227
216.245.221.92 - - [01/Apr/2023:03:15:49 -0500] "HEAD / HTTP/1.1" 200 -
186.28.48.118 - - [01/Apr/2023:03:16:15 -0500] "GET /BLA/resoluciones/index.php?dir= HTTP/1.1" 200 13502
186.28.48.118 - - [01/Apr/2023:03:16:16 -0500] "GET /BLA/resoluciones/index.php?dir=AUTOS+2022%2F HTTP/1.1" 200 461656
52.167.144.167 - - [01/Apr/2023:03:16:17 -0500] "GET /BLA/resoluciones/AUTOS%202018/3770.pdf HTTP/1.1" 200 303940
66.249.66.81 - - [01/Apr/2023:03:18:30 -0500] "-" 408 -
172.22.2.4 - - [01/Apr/2023:03:16:59 -0500] "HEAD /BLA/boletinlegal/ HTTP/1.1" 200 -
172.22.2.4 - - [01/Apr/2023:03:17:51 -0500] "GET /BLA/boletinlegal/ HTTP/1.1" 200 57935
179.43.177.242 - - [01/Apr/2023:03:20:17 -0500] "GET / HTTP/1.1" 200 319
201.245.192.253 - - [01/Apr/2023:03:20:18 -0500] "POST /kwsrmcab/Wsrmcab  HTTP/1.1" 200 43001
201.245.192.253 - - [01/Apr/2023:03:20:37 -0500] "POST /kwsrmcab/Wsrmcab HTTP/1.1" 200 43152
201.245.192.253 - - [01/Apr/2023:03:20:40 -0500] "POST /kwsrmcab/Wsrmcab HTTP/1.1" 200 43175
216.245.221.92 - - [01/Apr/2023:03:20:49 -0500] "HEAD / HTTP/1.1" 200 -
69.63.184.119 - - [01/Apr/2023:03:23:25 -0500] "GET /BLA/resoluciones/RESOLUCIONES%202016/2228.pdf HTTP/1.1" 206 340571
40.77.167.80 - - [01/Apr/2023:03:23:27 -0500] "GET /BLA/resoluciones/AUTOS%202021/5515.pdf HTTP/1.1" 304 -
172.22.2.4 - - [01/Apr/2023:03:22:50 -0500] "HEAD /BLA/boletinlegal/ HTTP/1.1" 200 -
201.245.192.253 - - [01/Apr/2023:03:25:17 -0500] "POST /kwsrmcab/Wsrmcab  HTTP/1.1" 200 43001
172.22.2.4 - - [01/Apr/2023:03:23:41 -0500] "GET /BLA/boletinlegal/ HTTP/1.1" 200 59296
216.245.221.92 - - [01/Apr/2023:03:25:49 -0500] "HEAD / HTTP/1.1" 200 -
157.55.39.217 - - [01/Apr/2023:03:27:28 -0500] "GET /secretaria-de-ambiente-rinde-cuentas-este-viernes-31-de-marzo.html HTTP/1.1" 200 864
34.141.213.162 - - [01/Apr/2023:03:28:19 -0500] "GET /inventario-de-emisiones-2020-transporte-publico-sitp-redujo-emisiones-de-pm-2-5-en-un-37.html HTTP/1.1" 200 925
172.22.2.4 - - [01/Apr/2023:03:28:25 -0500] "GET /BLA/boletinlegal/Circulares/2022/CIRCULAR%20No.%2000003%20DEL%2007%20DE%20MARZO%20DEL%202022.pdf HTTP/1.1" 304 -
188.119.118.35 - - [01/Apr/2023:03:29:30 -0500] "GET /secretaria-de-ambiente-entrego-balance-de-su-gestion-en-2022-y-presento-los-retos-para-el-2023.html HTTP/1.1" 200 968
201.245.192.253 - - [01/Apr/2023:03:30:16 -0500] "POST /kwsrmcab/Wsrmcab  HTTP/1.1" 200 43001
172.22.2.4 - - [01/Apr/2023:03:28:40 -0500] "HEAD /BLA/boletinlegal/ HTTP/1.1" 200 -
201.245.192.253 - - [01/Apr/2023:03:30:37 -0500] "POST /kwsrmcab/Wsrmcab HTTP/1.1" 200 43152
201.245.192.253 - - [01/Apr/2023:03:30:39 -0500] "POST /kwsrmcab/Wsrmcab HTTP/1.1" 200 43175
216.245.221.92 - - [01/Apr/2023:03:30:49 -0500] "HEAD / HTTP/1.1" 200 -
172.22.2.4 - - [01/Apr/2023:03:29:31 -0500] "GET /BLA/boletinlegal/ HTTP/1.1" 200 57551
168.119.253.21 - - [01/Apr/2023:03:31:36 -0500] "GET / HTTP/1.1" 200 319
168.119.253.21 - - [01/Apr/2023:03:31:36 -0500] "GET / HTTP/1.1" 200 4720
168.119.253.32 - - [01/Apr/2023:03:31:46 -0500] "GET / HTTP/1.1" 200 319
168.119.253.32 - - [01/Apr/2023:03:31:46 -0500] "GET / HTTP/1.1" 200 4720
201.245.192.253 - - [01/Apr/2023:03:35:15 -0500] "POST /kwsrmcab/Wsrmcab  HTTP/1.1" 200 43001
216.245.221.92 - - [01/Apr/2023:03:35:49 -0500] "HEAD / HTTP/1.1" 200 -
172.22.2.4 - - [01/Apr/2023:03:34:30 -0500] "HEAD /BLA/boletinlegal/ HTTP/1.1" 200 -
52.167.144.46 - - [01/Apr/2023:03:36:28 -0500] "GET /BLA/resoluciones/ HTTP/1.1" 200 13502
172.22.2.4 - - [01/Apr/2023:03:35:21 -0500] "GET /BLA/boletinlegal/ HTTP/1.1" 200 57141
66.249.66.66 - - [01/Apr/2023:03:37:56 -0500] "-" 408 -
157.55.39.212 - - [01/Apr/2023:03:39:19 -0500] "GET /BLA/resoluciones/RESOLUCIONES%202021/4506.pdf HTTP/1.1" 200 338593
201.245.192.253 - - [01/Apr/2023:03:40:07 -0500] "POST /kwsrmcab/Wsrmcab  HTTP/1.1" 200 43001
201.245.192.253 - - [01/Apr/2023:03:40:37 -0500] "POST /kwsrmcab/Wsrmcab HTTP/1.1" 200 43152
201.245.192.253 - - [01/Apr/2023:03:40:40 -0500] "POST /kwsrmcab/Wsrmcab HTTP/1.1" 200 43175
216.245.221.92 - - [01/Apr/2023:03:40:49 -0500] "HEAD / HTTP/1.1" 200 -
172.22.2.4 - - [01/Apr/2023:03:41:42 -0500] "GET /BLA/boletinlegal/jurisprudencia/analisis/CUADRO%20ANALISIS%20SENTENCIA%20C-554%20DE%202007.doc HTTP/1.1" 304 -
172.22.2.4 - - [01/Apr/2023:03:40:20 -0500] "HEAD /BLA/boletinlegal/ HTTP/1.1" 200 -
172.22.2.4 - - [01/Apr/2023:03:41:11 -0500] "GET /BLA/boletinlegal/ HTTP/1.1" 200 57551
34.91.208.242 - - [01/Apr/2023:03:44:58 -0500] "GET /inventario-de-emisiones-2020-transporte-publico-sitp-redujo-emisiones-de-pm-2-5-en-un-37.html HTTP/1.1" 200 925
201.245.192.253 - - [01/Apr/2023:03:45:05 -0500] "POST /kwsrmcab/Wsrmcab  HTTP/1.1" 200 43001
216.245.221.92 - - [01/Apr/2023:03:45:49 -0500] "HEAD / HTTP/1.1" 200 -
66.249.66.80 - - [01/Apr/2023:03:46:53 -0500] "-" 408 -
34.91.125.128 - - [01/Apr/2023:03:47:16 -0500] "GET /inventario-de-emisiones-2020-transporte-publico-sitp-redujo-emisiones-de-pm-2-5-en-un-37.html HTTP/1.1" 200 925
52.167.144.150 - - [01/Apr/2023:03:47:43 -0500] "GET /BLA/resoluciones/AUTOS%202013/1262.pdf HTTP/1.1" 200 912240
172.22.2.4 - - [01/Apr/2023:03:46:10 -0500] "HEAD /BLA/boletinlegal/ HTTP/1.1" 200 -
172.22.2.4 - - [01/Apr/2023:03:47:01 -0500] "GET /BLA/boletinlegal/ HTTP/1.1" 200 58653
172.22.2.4 - - [01/Apr/2023:03:49:12 -0500] "GET /BLA/boletinlegal/actos.php HTTP/1.1" 200 9672
201.245.192.253 - - [01/Apr/2023:03:50:04 -0500] "POST /kwsrmcab/Wsrmcab  HTTP/1.1" 200 43001
216.245.221.92 - - [01/Apr/2023:03:50:49 -0500] "HEAD / HTTP/1.1" 200 -
172.22.2.4 - - [01/Apr/2023:03:52:05 -0500] "GET /BLA/boletinlegal/actos.php HTTP/1.1" 200 9672
172.22.2.4 - - [01/Apr/2023:03:52:00 -0500] "HEAD /BLA/boletinlegal/ HTTP/1.1" 200 -
172.22.2.4 - - [01/Apr/2023:03:52:51 -0500] "GET /BLA/boletinlegal/ HTTP/1.1" 200 57141
201.245.192.253 - - [01/Apr/2023:03:55:03 -0500] "POST /kwsrmcab/Wsrmcab  HTTP/1.1" 200 43001
40.77.167.80 - - [01/Apr/2023:03:55:21 -0500] "GET /BLA/resoluciones/AUTOS%202021/0829.pdf HTTP/1.1" 304 -
216.245.221.92 - - [01/Apr/2023:03:55:49 -0500] "HEAD / HTTP/1.1" 200 -
69.171.249.6 - - [01/Apr/2023:03:56:59 -0500] "GET /images/Sello%201%20JA-2.jpeg HTTP/1.1" 200 42236
52.167.144.150 - - [01/Apr/2023:03:58:13 -0500] "GET /BLA/resoluciones/AUTOS%202014/6369.pdf HTTP/1.1" 200 726319
172.22.2.4 - - [01/Apr/2023:03:57:50 -0500] "HEAD /BLA/boletinlegal/ HTTP/1.1" 200 -
201.245.192.253 - - [01/Apr/2023:04:00:07 -0500] "POST /kwsrmcab/Wsrmcab  HTTP/1.1" 200 43001
172.22.2.4 - - [01/Apr/2023:03:58:41 -0500] "GET /BLA/boletinlegal/ HTTP/1.1" 200 52316
216.245.221.92 - - [01/Apr/2023:04:00:49 -0500] "HEAD / HTTP/1.1" 200 -
52.167.144.43 - - [01/Apr/2023:04:01:00 -0500] "GET / HTTP/1.1" 200 319
66.249.66.66 - - [01/Apr/2023:04:03:23 -0500] "-" 408 -
173.252.107.20 - - [01/Apr/2023:04:05:00 -0500] "GET /images/calidaddeaire1.png HTTP/1.1" 200 158614
201.245.192.253 - - [01/Apr/2023:04:05:05 -0500] "POST /kwsrmcab/Wsrmcab  HTTP/1.1" 200 43001
172.22.2.4 - - [01/Apr/2023:04:03:40 -0500] "HEAD /BLA/boletinlegal/ HTTP/1.1" 200 -
216.245.221.92 - - [01/Apr/2023:04:05:49 -0500] "HEAD / HTTP/1.1" 200 -
172.22.2.4 - - [01/Apr/2023:04:04:31 -0500] "GET /BLA/boletinlegal/ HTTP/1.1" 200 57141
201.245.192.253 - - [01/Apr/2023:04:10:04 -0500] "POST /kwsrmcab/Wsrmcab  HTTP/1.1" 200 43001
52.167.144.167 - - [01/Apr/2023:04:10:12 -0500] "GET /bla/resoluciones/autos%202013/0408.pdf HTTP/1.1" 200 902005
216.245.221.92 - - [01/Apr/2023:04:10:49 -0500] "HEAD / HTTP/1.1" 200 -
172.22.2.4 - - [01/Apr/2023:04:09:30 -0500] "HEAD /BLA/boletinlegal/ HTTP/1.1" 200 -
172.22.2.4 - - [01/Apr/2023:04:10:21 -0500] "GET /BLA/boletinlegal/ HTTP/1.1" 200 59296
201.245.192.253 - - [01/Apr/2023:04:15:03 -0500] "POST /kwsrmcab/Wsrmcab  HTTP/1.1" 200 43001
216.245.221.92 - - [01/Apr/2023:04:15:49 -0500] "HEAD / HTTP/1.1" 200 -
172.22.2.4 - - [01/Apr/2023:04:15:20 -0500] "HEAD /BLA/boletinlegal/ HTTP/1.1" 200 -
172.22.2.4 - - [01/Apr/2023:04:16:11 -0500] "GET /BLA/boletinlegal/ HTTP/1.1" 200 54414
66.249.66.64 - - [01/Apr/2023:04:19:35 -0500] "-" 408 -
54.39.177.173 - - [01/Apr/2023:04:19:59 -0500] "GET /secretaria-de-ambiente-entrego-balance-de-su-gestion-en-2022-y-presento-los-retos-para-el-2023.html HTTP/1.1" 200 968
201.245.192.253 - - [01/Apr/2023:04:20:03 -0500] "POST /kwsrmcab/Wsrmcab  HTTP/1.1" 200 43001
168.232.13.134 - - [01/Apr/2023:04:20:33 -0500] "GET / HTTP/1.1" 200 319
201.245.192.253 - - [01/Apr/2023:04:20:37 -0500] "POST /kwsrmcab/Wsrmcab HTTP/1.1" 200 43147
201.245.192.253 - - [01/Apr/2023:04:20:40 -0500] "GET /kwsrmcab/Wsrmcab?wsdl HTTP/1.1" 200 6948
201.245.192.253 - - [01/Apr/2023:04:20:40 -0500] "POST /kwsrmcab/Wsrmcab HTTP/1.1" 200 43179
216.245.221.92 - - [01/Apr/2023:04:20:49 -0500] "HEAD / HTTP/1.1" 200 -
172.22.2.4 - - [01/Apr/2023:04:21:10 -0500] "HEAD /BLA/boletinlegal/ HTTP/1.1" 200 -
172.22.2.4 - - [01/Apr/2023:04:22:01 -0500] "GET /BLA/boletinlegal/ HTTP/1.1" 200 52316
172.22.2.4 - - [01/Apr/2023:04:24:41 -0500] "GET /BLA/boletinlegal/styles2.css HTTP/1.1" 200 1838
172.22.2.4 - - [01/Apr/2023:04:24:41 -0500] "GET /BLA/boletinlegal/style.css HTTP/1.1" 200 9406
172.22.2.4 - - [01/Apr/2023:04:24:41 -0500] "GET /BLA/boletinlegal/js/jquery.scrollShow.js HTTP/1.1" 200 4586
172.22.2.4 - - [01/Apr/2023:04:24:41 -0500] "GET /BLA/boletinlegal/images/cabezote%20BLEGAL.jpg HTTP/1.1" 200 118164
172.22.2.4 - - [01/Apr/2023:04:24:41 -0500] "GET /BLA/boletinlegal/js/jquery.js HTTP/1.1" 200 57254
172.22.2.4 - - [01/Apr/2023:04:24:41 -0500] "GET /BLA/boletinlegal/js/jquery.scrollTo-min.js HTTP/1.1" 200 1150
172.22.2.4 - - [01/Apr/2023:04:24:41 -0500] "GET /BLA/boletinlegal/images/historia.png HTTP/1.1" 200 52775
172.22.2.4 - - [01/Apr/2023:04:24:41 -0500] "GET /BLA/boletinlegal/images/subscribe-icon-big.png HTTP/1.1" 200 47702
172.22.2.4 - - [01/Apr/2023:04:24:41 -0500] "GET /BLA/boletinlegal/images/registro-usuarios.png HTTP/1.1" 200 8106
172.22.2.4 - - [01/Apr/2023:04:24:41 -0500] "GET /BLA/boletinlegal/images/arr_l.jpg HTTP/1.1" 200 1979
172.22.2.4 - - [01/Apr/2023:04:24:41 -0500] "GET /BLA/boletinlegal/images/screen_1.png HTTP/1.1" 200 202547
172.22.2.4 - - [01/Apr/2023:04:24:41 -0500] "GET /BLA/boletinlegal/images/launch.jpg HTTP/1.1" 200 14577
172.22.2.4 - - [01/Apr/2023:04:24:43 -0500] "GET /BLA/boletinlegal/images/body_bg.jpg HTTP/1.1" 200 1601
172.22.2.4 - - [01/Apr/2023:04:24:43 -0500] "GET /BLA/boletinlegal/images/bg_top.jpg HTTP/1.1" 200 522
172.22.2.4 - - [01/Apr/2023:04:24:43 -0500] "GET /BLA/boletinlegal/images/menu_lft.gif HTTP/1.1" 200 1713
172.22.2.4 - - [01/Apr/2023:04:24:43 -0500] "GET /BLA/boletinlegal/images/menu_bg.jpg HTTP/1.1" 200 620
172.22.2.4 - - [01/Apr/2023:04:24:43 -0500] "GET /BLA/boletinlegal/images/menu_rght.gif HTTP/1.1" 200 1627
172.22.2.4 - - [01/Apr/2023:04:24:43 -0500] "GET /BLA/boletinlegal/images/hover.jpg HTTP/1.1" 200 640
172.22.2.4 - - [01/Apr/2023:04:24:43 -0500] "GET /BLA/boletinlegal/images/text.jpg HTTP/1.1" 200 568
172.22.2.4 - - [01/Apr/2023:04:24:44 -0500] "GET /BLA/boletinlegal/actos.php HTTP/1.1" 200 9672
172.22.2.4 - - [01/Apr/2023:04:24:44 -0500] "GET /BLA/boletinlegal/niceforms-default.css HTTP/1.1" 200 6694
172.22.2.4 - - [01/Apr/2023:04:24:44 -0500] "GET /BLA/boletinlegal/niceforms.js HTTP/1.1" 200 22876
172.22.2.4 - - [01/Apr/2023:04:24:44 -0500] "GET /BLA/boletinlegal/js/ajax_actos.js HTTP/1.1" 200 1322
172.22.2.4 - - [01/Apr/2023:04:24:44 -0500] "GET /BLA/boletinlegal/js/popup.js HTTP/1.1" 200 1270
172.22.2.4 - - [01/Apr/2023:04:24:44 -0500] "GET /BLA/boletinlegal/js/lib.js HTTP/1.1" 200 6474
172.22.2.4 - - [01/Apr/2023:04:24:44 -0500] "GET /BLA/boletinlegal/js/jquery1.js HTTP/1.1" 200 29846
172.22.2.4 - - [01/Apr/2023:04:24:44 -0500] "GET /BLA/boletinlegal/images/green-yellow-blue-pink-th.png HTTP/1.1" 200 7394
172.22.2.4 - - [01/Apr/2023:04:24:44 -0500] "GET /BLA/boletinlegal/images/tel.png HTTP/1.1" 200 14477
172.22.2.4 - - [01/Apr/2023:04:24:44 -0500] "GET /BLA/boletinlegal/images/icono-email.png HTTP/1.1" 200 5544
172.22.2.4 - - [01/Apr/2023:04:24:44 -0500] "GET /BLA/boletinlegal/images/footer_bg.jpg HTTP/1.1" 200 586
172.22.2.4 - - [01/Apr/2023:04:24:44 -0500] "GET /BLA/boletinlegal/images/footer_bg_l.jpg HTTP/1.1" 200 776
172.22.2.4 - - [01/Apr/2023:04:24:44 -0500] "GET /BLA/boletinlegal/img/0.png HTTP/1.1" 200 110
172.22.2.4 - - [01/Apr/2023:04:24:44 -0500] "GET /BLA/boletinlegal/img/select-left.png HTTP/1.1" 200 263
172.22.2.4 - - [01/Apr/2023:04:24:44 -0500] "GET /BLA/boletinlegal/img/button-left.png HTTP/1.1" 200 57071
172.22.2.4 - - [01/Apr/2023:04:24:44 -0500] "GET /BLA/boletinlegal/img/select-right.png HTTP/1.1" 200 44019
172.22.2.4 - - [01/Apr/2023:04:24:44 -0500] "GET /BLA/boletinlegal/img/button.png HTTP/1.1" 200 43241
172.22.2.4 - - [01/Apr/2023:04:24:44 -0500] "GET /BLA/boletinlegal/img/button-right.png HTTP/1.1" 200 57878
172.22.2.4 - - [01/Apr/2023:04:24:44 -0500] "GET /BLA/boletinlegal/favicon.ico HTTP/1.1" 404 1326
186.29.181.193 - - [01/Apr/2023:04:24:46 -0500] "GET /BLA/resoluciones/ HTTP/1.1" 200 13502
186.29.181.193 - - [01/Apr/2023:04:24:47 -0500] "GET /BLA/resoluciones/dlf/styles.css HTTP/1.1" 200 3049
186.29.181.193 - - [01/Apr/2023:04:24:47 -0500] "GET /BLA/resoluciones/dlf/folder.png HTTP/1.1" 200 410
186.29.181.193 - - [01/Apr/2023:04:24:47 -0500] "GET /BLA/resoluciones/dlf/bg.gif HTTP/1.1" 200 54
186.29.181.193 - - [01/Apr/2023:04:24:47 -0500] "GET /favicon.ico HTTP/1.1" 200 7782
172.22.2.4 - - [01/Apr/2023:04:24:48 -0500] "GET /BLA/boletinlegal/images/arr_r.jpg HTTP/1.1" 200 1998
172.22.2.4 - - [01/Apr/2023:04:24:48 -0500] "GET /BLA/boletinlegal/images/screen_3.png HTTP/1.1" 200 210620
172.22.2.4 - - [01/Apr/2023:04:24:48 -0500] "GET /BLA/boletinlegal/images/screen_5.png HTTP/1.1" 200 368876
172.22.2.4 - - [01/Apr/2023:04:24:48 -0500] "GET /BLA/boletinlegal/images/screen_2.png HTTP/1.1" 200 362502
172.22.2.4 - - [01/Apr/2023:04:24:57 -0500] "GET /BLA/boletinlegal/images/pdf.gif HTTP/1.1" 200 567
172.22.2.4 - - [01/Apr/2023:04:24:58 -0500] "GET /BLA/boletinlegal/consulta_actos.php?tipo=autos&no=&usuario=&sector=&fecha=2022&resuelve=ACLARA HTTP/1.1" 200 42225
172.22.2.4 - - [01/Apr/2023:04:24:58 -0500] "GET /BLA/boletinlegal/images/background.gif HTTP/1.1" 200 -
201.245.192.253 - - [01/Apr/2023:04:25:02 -0500] "POST /kwsrmcab/Wsrmcab  HTTP/1.1" 200 43001
186.29.181.193 - - [01/Apr/2023:04:25:14 -0500] "GET /BLA/resoluciones/AUTOS%202022/6298.pdf HTTP/1.1" 200 319951
186.29.181.193 - - [01/Apr/2023:04:25:26 -0500] "GET /BLA/resoluciones/AUTOS%202022/4964.pdf HTTP/1.1" 200 608817
186.29.181.193 - - [01/Apr/2023:04:25:46 -0500] "GET /BLA/resoluciones/AUTOS%202022/1820.pdf HTTP/1.1" 200 341121
216.245.221.92 - - [01/Apr/2023:04:25:49 -0500] "HEAD / HTTP/1.1" 200 -
172.22.2.4 - - [01/Apr/2023:04:24:41 -0500] "GET /BLA/boletinlegal/ HTTP/1.1" 200 62202
66.249.66.64 - - [01/Apr/2023:04:26:31 -0500] "-" 408 -
172.22.2.4 - - [01/Apr/2023:04:27:00 -0500] "HEAD /BLA/boletinlegal/ HTTP/1.1" 200 -
45.128.232.149 - - [01/Apr/2023:04:29:11 -0500] "POST /boaform/admin/formLogin HTTP/1.1" 404 1186
172.22.2.4 - - [01/Apr/2023:04:27:50 -0500] "GET /BLA/boletinlegal/ HTTP/1.1" 200 53551
172.22.2.4 - - [01/Apr/2023:04:29:52 -0500] "GET /BLA/boletinlegal/actos.php HTTP/1.1" 200 9672
201.245.192.253 - - [01/Apr/2023:04:30:02 -0500] "POST /kwsrmcab/Wsrmcab  HTTP/1.1" 200 43001
201.245.192.253 - - [01/Apr/2023:04:30:37 -0500] "POST /kwsrmcab/Wsrmcab HTTP/1.1" 200 43147
201.245.192.253 - - [01/Apr/2023:04:30:40 -0500] "POST /kwsrmcab/Wsrmcab HTTP/1.1" 200 43179
216.245.221.92 - - [01/Apr/2023:04:30:49 -0500] "HEAD / HTTP/1.1" 200 -
66.249.66.64 - - [01/Apr/2023:04:33:07 -0500] "-" 408 -
157.55.39.212 - - [01/Apr/2023:04:33:56 -0500] "GET /BLA/resoluciones/AUTOS%202021/5972.pdf HTTP/1.1" 304 -
172.22.2.4 - - [01/Apr/2023:04:32:50 -0500] "HEAD /BLA/boletinlegal/ HTTP/1.1" 200 -
201.245.192.253 - - [01/Apr/2023:04:35:00 -0500] "POST /kwsrmcab/Wsrmcab  HTTP/1.1" 200 43001
172.22.2.4 - - [01/Apr/2023:04:33:40 -0500] "GET /BLA/boletinlegal/ HTTP/1.1" 200 59296
216.245.221.92 - - [01/Apr/2023:04:35:49 -0500] "HEAD / HTTP/1.1" 200 -
66.249.66.79 - - [01/Apr/2023:04:39:18 -0500] "-" 408 -
201.245.192.253 - - [01/Apr/2023:04:40:00 -0500] "POST /kwsrmcab/Wsrmcab  HTTP/1.1" 200 43001
172.22.2.4 - - [01/Apr/2023:04:38:40 -0500] "HEAD /BLA/boletinlegal/ HTTP/1.1" 200 -
201.245.192.253 - - [01/Apr/2023:04:40:37 -0500] "POST /kwsrmcab/Wsrmcab HTTP/1.1" 200 43147
201.245.192.253 - - [01/Apr/2023:04:40:40 -0500] "POST /kwsrmcab/Wsrmcab HTTP/1.1" 200 43179
216.245.221.92 - - [01/Apr/2023:04:40:49 -0500] "HEAD / HTTP/1.1" 200 -
172.22.2.4 - - [01/Apr/2023:04:39:30 -0500] "GET /BLA/boletinlegal/ HTTP/1.1" 200 55924
