191.156.61.168 - - [01/Apr/2023:11:53:27 -0500] "GET /BLA/boletinlegal/js/jquery.scrollShow.js HTTP/1.1" 200 4586
191.156.63.162 - - [01/Apr/2023:11:53:27 -0500] "GET /galeria/galeria/jquery.fancybox.js?v=2.1.5 HTTP/1.1" 200 48706
103.149.192.7 - - [01/Apr/2023:11:54:58 -0500] "GET / HTTP/1.1" 200 319
216.245.221.92 - - [01/Apr/2023:11:55:48 -0500] "HEAD / HTTP/1.1" 200 -
186.169.232.86 - - [01/Apr/2023:11:56:04 -0500] "GET /sipse/css/custom_css_sg_prime_login.css HTTP/1.1" 200 443
186.169.232.86 - - [01/Apr/2023:11:56:04 -0500] "GET /sipse/js/disable_browser_buttons.js HTTP/1.1" 200 3230
186.169.232.86 - - [01/Apr/2023:11:56:04 -0500] "GET /sipse/css/custom_css_sg.css HTTP/1.1" 200 9694
186.169.232.86 - - [01/Apr/2023:11:56:04 -0500] "GET /sipse/js/funciones.js HTTP/1.1" 200 12592
186.169.232.86 - - [01/Apr/2023:11:56:03 -0500] "GET /sipse/faces/faces/autenticacion.xhtml HTTP/1.1" 200 12500
186.169.232.86 - - [01/Apr/2023:11:56:04 -0500] "GET /sipse/faces/javax.faces.resource/layout/layout.css;jsessionid=Wh0K1wvXWhg1MzViCQOeeU3K.undefined?ln=primefaces&v=4.0 HTTP/1.1" 200 542
186.169.232.86 - - [01/Apr/2023:11:56:04 -0500] "GET /sipse/faces/javax.faces.resource/layout/layout.js;jsessionid=Wh0K1wvXWhg1MzViCQOeeU3K.undefined?ln=primefaces&v=4.0 HTTP/1.1" 200 87560
186.169.232.86 - - [01/Apr/2023:11:56:04 -0500] "GET /sipse/faces/javax.faces.resource/primefaces.css;jsessionid=Wh0K1wvXWhg1MzViCQOeeU3K.undefined?ln=primefaces&v=4.0 HTTP/1.1" 200 53295
186.169.232.86 - - [01/Apr/2023:11:56:04 -0500] "GET /sipse/faces/javax.faces.resource/theme.css?ln=primefaces-sipse HTTP/1.1" 200 50058
186.169.232.86 - - [01/Apr/2023:11:56:04 -0500] "GET /sipse/faces/javax.faces.resource/jquery/jquery.js;jsessionid=Wh0K1wvXWhg1MzViCQOeeU3K.undefined?ln=primefaces&v=4.0 HTTP/1.1" 200 105384
186.169.232.86 - - [01/Apr/2023:11:56:04 -0500] "GET /sipse/faces/javax.faces.resource/jquery/jquery-plugins.js;jsessionid=Wh0K1wvXWhg1MzViCQOeeU3K.undefined?ln=primefaces&v=4.0 HTTP/1.1" 200 220526
186.169.232.86 - - [01/Apr/2023:11:56:04 -0500] "GET /sipse/faces/javax.faces.resource/primefaces.js;jsessionid=Wh0K1wvXWhg1MzViCQOeeU3K.undefined?ln=primefaces&v=4.0 HTTP/1.1" 200 276924
186.169.232.86 - - [01/Apr/2023:11:56:06 -0500] "GET /sipse/css/imagen/loginimg.png HTTP/1.1" 200 71635
186.169.232.86 - - [01/Apr/2023:11:56:07 -0500] "GET /sipse/css/imagen/logoSDG.png HTTP/1.1" 200 53064
186.169.232.86 - - [01/Apr/2023:11:56:07 -0500] "GET /sipse/faces/javax.faces.resource/images/ui-icons_898989_256x240.png?ln=primefaces-aristo HTTP/1.1" 200 5355
186.169.232.86 - - [01/Apr/2023:11:56:07 -0500] "GET /sipse/faces/faces/index.xhtml HTTP/1.1" 200 677
186.169.232.86 - - [01/Apr/2023:11:56:08 -0500] "GET /sipse/faces/javax.faces.resource/theme.css?ln=primefaces-sipse HTTP/1.1" 304 -
172.22.2.4 - - [01/Apr/2023:11:56:12 -0500] "HEAD /BLA/boletinlegal/ HTTP/1.1" 200 -
201.245.192.253 - - [01/Apr/2023:11:58:14 -0500] "POST /kwsrmcab/Wsrmcab  HTTP/1.1" 200 43001
172.22.2.4 - - [01/Apr/2023:11:57:02 -0500] "GET /BLA/boletinlegal/ HTTP/1.1" 200 53551
34.91.8.49 - - [01/Apr/2023:12:00:09 -0500] "GET /inventario-de-emisiones-2020-transporte-publico-sitp-redujo-emisiones-de-pm-2-5-en-un-37.html HTTP/1.1" 200 925
216.245.221.92 - - [01/Apr/2023:12:00:48 -0500] "HEAD / HTTP/1.1" 200 -
186.102.22.42 - - [01/Apr/2023:12:01:02 -0500] "POST /appsia/controlador HTTP/1.1" 200 5437
186.102.22.42 - - [01/Apr/2023:12:01:07 -0500] "POST /appsia/controlador HTTP/1.1" 200 4799
168.119.76.225 - - [01/Apr/2023:12:01:53 -0500] "-" 408 -
34.91.8.49 - - [01/Apr/2023:12:02:05 -0500] "GET /inventario-de-emisiones-2020-transporte-publico-sitp-redujo-emisiones-de-pm-2-5-en-un-37.html HTTP/1.1" 200 925
69.63.184.116 - - [01/Apr/2023:12:02:33 -0500] "GET /images/palma-de-cera-1-abril_optimized.jpeg HTTP/1.1" 200 171987
172.22.2.4 - - [01/Apr/2023:12:03:13 -0500] "GET /BLA/boletinlegal/actos.php HTTP/1.1" 200 9672
201.245.192.253 - - [01/Apr/2023:12:03:16 -0500] "POST /kwsrmcab/Wsrmcab  HTTP/1.1" 200 43001
172.22.2.4 - - [01/Apr/2023:12:02:02 -0500] "HEAD /BLA/boletinlegal/ HTTP/1.1" 200 -
172.22.2.4 - - [01/Apr/2023:12:02:52 -0500] "GET /BLA/boletinlegal/ HTTP/1.1" 200 58653
217.182.175.162 - - [01/Apr/2023:12:05:00 -0500] "HEAD /secretaria-de-ambiente-ha-incautado-estos-dias-mas-de-55-kilos-de-palma-silvestre-y-refuerza-controles-previo-a-domingo-de-ramos.html HTTP/1.1" 200 -
69.171.249.18 - - [01/Apr/2023:12:05:38 -0500] "GET /secretaria-de-ambiente-ha-incautado-estos-dias-mas-de-55-kilos-de-palma-silvestre-y-refuerza-controles-previo-a-domingo-de-ramos.html HTTP/1.1" 206 1109
69.171.249.120 - - [01/Apr/2023:12:05:38 -0500] "GET /secretaria-de-ambiente-ha-incautado-estos-dias-mas-de-55-kilos-de-palma-silvestre-y-refuerza-controles-previo-a-domingo-de-ramos.html HTTP/1.1" 206 1109
69.171.249.18 - - [01/Apr/2023:12:05:39 -0500] "GET /secretaria-de-ambiente-ha-incautado-estos-dias-mas-de-55-kilos-de-palma-silvestre-y-refuerza-controles-previo-a-domingo-de-ramos.html HTTP/1.1" 206 1109
216.245.221.92 - - [01/Apr/2023:12:05:48 -0500] "HEAD / HTTP/1.1" 200 -
69.63.184.5 - - [01/Apr/2023:12:06:18 -0500] "GET /images/rendicion-de-cuentas-post-01-02-(1)_optimized.jpg HTTP/1.1" 200 121430
186.84.22.214 - - [01/Apr/2023:12:06:42 -0500] "GET /bsc_sda/ HTTP/1.1" 404 1245
186.84.22.214 - - [01/Apr/2023:12:06:43 -0500] "GET /favicon.ico HTTP/1.1" 200 7782
201.245.192.253 - - [01/Apr/2023:12:08:16 -0500] "POST /kwsrmcab/Wsrmcab  HTTP/1.1" 200 43001
172.22.2.4 - - [01/Apr/2023:12:08:33 -0500] "GET /BLA/boletinlegal/Circulares/2020/Circular%20No.%2000018%20del%2002%20de%20diciembre%20del%202020.pdf HTTP/1.1" 304 -
172.22.2.4 - - [01/Apr/2023:12:07:52 -0500] "HEAD /BLA/boletinlegal/ HTTP/1.1" 200 -
66.249.70.210 - - [01/Apr/2023:12:10:21 -0500] "-" 408 -
172.22.2.4 - - [01/Apr/2023:12:08:42 -0500] "GET /BLA/boletinlegal/ HTTP/1.1" 200 59296
216.245.221.92 - - [01/Apr/2023:12:10:48 -0500] "HEAD / HTTP/1.1" 200 -
201.245.192.253 - - [01/Apr/2023:12:13:15 -0500] "POST /kwsrmcab/Wsrmcab  HTTP/1.1" 200 43001
173.252.111.119 - - [01/Apr/2023:12:13:27 -0500] "GET /images/palma-de-cera-1-abril_optimized.jpeg HTTP/1.1" 200 171987
172.22.2.4 - - [01/Apr/2023:12:13:42 -0500] "HEAD /BLA/boletinlegal/ HTTP/1.1" 200 -
216.245.221.92 - - [01/Apr/2023:12:15:48 -0500] "HEAD / HTTP/1.1" 200 -
172.22.2.4 - - [01/Apr/2023:12:14:32 -0500] "GET /BLA/boletinlegal/ HTTP/1.1" 200 58653
186.169.232.86 - - [01/Apr/2023:12:17:33 -0500] "GET /sipse/faces/faces/index.xhtml HTTP/1.1" 200 677
186.169.232.86 - - [01/Apr/2023:12:17:33 -0500] "GET /sipse/faces/javax.faces.resource/theme.css?ln=primefaces-sipse HTTP/1.1" 200 50058
66.249.70.213 - - [01/Apr/2023:12:18:07 -0500] "-" 408 -
201.245.192.253 - - [01/Apr/2023:12:18:14 -0500] "POST /kwsrmcab/Wsrmcab  HTTP/1.1" 200 43001
181.237.227.40 - - [01/Apr/2023:12:19:54 -0500] "GET /secretaria-de-ambiente-ha-incautado-estos-dias-mas-de-55-kilos-de-palma-silvestre-y-refuerza-controles-previo-a-domingo-de-ramos.html HTTP/1.1" 200 1109
69.171.249.22 - - [01/Apr/2023:12:20:03 -0500] "GET /secretaria-de-ambiente-ha-incautado-estos-dias-mas-de-55-kilos-de-palma-silvestre-y-refuerza-controles-previo-a-domingo-de-ramos.html HTTP/1.1" 206 1109
69.171.249.116 - - [01/Apr/2023:12:20:05 -0500] "GET /secretaria-de-ambiente-ha-incautado-estos-dias-mas-de-55-kilos-de-palma-silvestre-y-refuerza-controles-previo-a-domingo-de-ramos.html HTTP/1.1" 206 1109
173.252.83.16 - - [01/Apr/2023:12:20:33 -0500] "GET /images/jardines-verticales-plantas-24-mayo.jpg HTTP/1.1" 200 148288
201.245.192.253 - - [01/Apr/2023:12:20:35 -0500] "POST /kwsrmcab/Wsrmcab HTTP/1.1" 200 40638
201.245.192.253 - - [01/Apr/2023:12:20:38 -0500] "POST /kwsrmcab/Wsrmcab HTTP/1.1" 200 43471
216.245.221.92 - - [01/Apr/2023:12:20:48 -0500] "HEAD / HTTP/1.1" 200 -
173.252.87.3 - - [01/Apr/2023:12:20:51 -0500] "GET /images/eficiencia-energetica-11-marzo.jpg HTTP/1.1" 200 46478
172.22.2.4 - - [01/Apr/2023:12:19:32 -0500] "HEAD /BLA/boletinlegal/ HTTP/1.1" 200 -
173.252.95.24 - - [01/Apr/2023:12:21:19 -0500] "GET /bogota-destacada-en-america-latina-por-su-accion-climatica.html HTTP/1.1" 206 768
172.22.2.4 - - [01/Apr/2023:12:20:22 -0500] "GET /BLA/boletinlegal/ HTTP/1.1" 200 55211
172.22.2.4 - - [01/Apr/2023:12:22:29 -0500] "GET /BLA/boletinlegal/jurisprudencia/analisis/analisis%20C-595-2010.doc HTTP/1.1" 200 39424
201.245.192.253 - - [01/Apr/2023:12:23:13 -0500] "POST /kwsrmcab/Wsrmcab  HTTP/1.1" 200 43001
216.245.221.92 - - [01/Apr/2023:12:25:48 -0500] "HEAD / HTTP/1.1" 200 -
172.22.2.4 - - [01/Apr/2023:12:25:22 -0500] "HEAD /BLA/boletinlegal/ HTTP/1.1" 200 -
89.40.126.127 - - [01/Apr/2023:12:27:26 -0500] "GET /secretaria-de-ambiente-ha-incautado-estos-dias-mas-de-55-kilos-de-palma-silvestre-y-refuerza-controles-previo-a-domingo-de-ramos.html HTTP/1.1" 200 1109
172.22.2.4 - - [01/Apr/2023:12:26:12 -0500] "GET /BLA/boletinlegal/ HTTP/1.1" 200 57141
201.245.192.253 - - [01/Apr/2023:12:28:12 -0500] "POST /kwsrmcab/Wsrmcab  HTTP/1.1" 200 43001
173.252.83.3 - - [01/Apr/2023:12:29:14 -0500] "GET /images/calidad-aire-2-marzo-1_optimized.jpeg HTTP/1.1" 200 51562
181.56.235.113 - - [01/Apr/2023:12:29:43 -0500] "GET /BLA/resoluciones/index.php HTTP/1.1" 200 13502
181.56.235.113 - - [01/Apr/2023:12:29:45 -0500] "GET /BLA/resoluciones/index.php?dir=AUTOS+2014%2F HTTP/1.1" 200 889384
89.40.116.198 - - [01/Apr/2023:12:29:51 -0500] "GET /secretaria-de-ambiente-entrego-balance-de-su-gestion-en-2022-y-presento-los-retos-para-el-2023.html HTTP/1.1" 200 968
201.245.192.253 - - [01/Apr/2023:12:30:35 -0500] "POST /kwsrmcab/Wsrmcab HTTP/1.1" 200 40638
201.245.192.253 - - [01/Apr/2023:12:30:38 -0500] "POST /kwsrmcab/Wsrmcab HTTP/1.1" 200 43471
216.245.221.92 - - [01/Apr/2023:12:30:48 -0500] "HEAD / HTTP/1.1" 200 -
52.167.144.46 - - [01/Apr/2023:12:31:57 -0500] "GET /BLA/resoluciones/AUTOS%202021/2333.pdf HTTP/1.1" 200 376443
66.249.70.210 - - [01/Apr/2023:12:32:51 -0500] "-" 408 -
172.22.2.4 - - [01/Apr/2023:12:31:12 -0500] "HEAD /BLA/boletinlegal/ HTTP/1.1" 200 -
201.245.192.253 - - [01/Apr/2023:12:33:11 -0500] "POST /kwsrmcab/Wsrmcab  HTTP/1.1" 200 43001
31.13.127.10 - - [01/Apr/2023:12:33:20 -0500] "GET /images/palma-de-cera-1-abril_optimized.jpeg HTTP/1.1" 200 171987
173.252.83.17 - - [01/Apr/2023:12:33:20 -0500] "GET /images/palma-de-cera-1-abril_optimized.jpeg HTTP/1.1" 200 171987
172.22.2.4 - - [01/Apr/2023:12:32:02 -0500] "GET /BLA/boletinlegal/ HTTP/1.1" 200 52316
66.220.149.13 - - [01/Apr/2023:12:33:46 -0500] "GET /images/palma-de-cera-1-abril_optimized.jpeg HTTP/1.1" 200 171987
167.94.146.60 - - [01/Apr/2023:12:34:37 -0500] "GET / HTTP/1.1" 200 319
167.94.146.60 - - [01/Apr/2023:12:34:37 -0500] "GET / HTTP/1.1" 200 319
167.94.146.60 - - [01/Apr/2023:12:34:38 -0500] "PRI * HTTP/2.0" 400 946
167.94.146.60 - - [01/Apr/2023:12:34:38 -0500] "GET /favicon.ico HTTP/1.1" 200 7782
186.169.232.86 - - [01/Apr/2023:12:34:42 -0500] "GET /sipse/faces/faces/index.xhtml HTTP/1.1" 200 677
186.169.232.86 - - [01/Apr/2023:12:34:43 -0500] "GET /sipse/faces/javax.faces.resource/theme.css?ln=primefaces-sipse HTTP/1.1" 200 50058
186.169.232.86 - - [01/Apr/2023:12:34:46 -0500] "GET /sipse/faces/faces/faces/autenticacion.xhtml HTTP/1.1" 200 12178
186.169.232.86 - - [01/Apr/2023:12:34:47 -0500] "GET /sipse/js/funciones.js HTTP/1.1" 200 12592
186.169.232.86 - - [01/Apr/2023:12:34:47 -0500] "GET /sipse/css/custom_css_sg_prime_login.css HTTP/1.1" 200 443
186.169.232.86 - - [01/Apr/2023:12:34:47 -0500] "GET /sipse/js/disable_browser_buttons.js HTTP/1.1" 200 3230
186.169.232.86 - - [01/Apr/2023:12:34:47 -0500] "GET /sipse/css/custom_css_sg.css HTTP/1.1" 200 9694
186.169.232.86 - - [01/Apr/2023:12:34:47 -0500] "GET /sipse/faces/javax.faces.resource/theme.css?ln=primefaces-sipse HTTP/1.1" 304 -
186.169.232.86 - - [01/Apr/2023:12:34:47 -0500] "GET /sipse/faces/javax.faces.resource/layout/layout.css?ln=primefaces&v=4.0 HTTP/1.1" 200 542
186.169.232.86 - - [01/Apr/2023:12:34:47 -0500] "GET /sipse/faces/javax.faces.resource/primefaces.css?ln=primefaces&v=4.0 HTTP/1.1" 200 53295
186.169.232.86 - - [01/Apr/2023:12:34:48 -0500] "GET /sipse/faces/javax.faces.resource/layout/layout.js?ln=primefaces&v=4.0 HTTP/1.1" 200 87560
186.169.232.86 - - [01/Apr/2023:12:34:47 -0500] "GET /sipse/faces/javax.faces.resource/jquery/jquery.js?ln=primefaces&v=4.0 HTTP/1.1" 200 105384
186.169.232.86 - - [01/Apr/2023:12:34:47 -0500] "GET /sipse/faces/javax.faces.resource/jquery/jquery-plugins.js?ln=primefaces&v=4.0 HTTP/1.1" 200 220526
186.169.232.86 - - [01/Apr/2023:12:34:48 -0500] "GET /sipse/faces/javax.faces.resource/primefaces.js?ln=primefaces&v=4.0 HTTP/1.1" 200 276924
186.169.232.86 - - [01/Apr/2023:12:34:50 -0500] "GET /sipse/css/imagen/loginimg.png HTTP/1.1" 200 71635
186.169.232.86 - - [01/Apr/2023:12:34:50 -0500] "GET /sipse/css/imagen/logoSDG.png HTTP/1.1" 200 53064
186.169.232.86 - - [01/Apr/2023:12:34:51 -0500] "GET /sipse/faces/javax.faces.resource/images/ui-icons_898989_256x240.png?ln=primefaces-aristo HTTP/1.1" 200 5355
216.245.221.92 - - [01/Apr/2023:12:35:48 -0500] "HEAD / HTTP/1.1" 200 -
107.178.232.199 - - [01/Apr/2023:12:37:09 -0500] "GET /secretaria-de-ambiente-ha-incautado-estos-dias-mas-de-55-kilos-de-palma-silvestre-y-refuerza-controles-previo-a-domingo-de-ramos.html HTTP/1.1" 200 1109
107.178.232.199 - - [01/Apr/2023:12:37:11 -0500] "HEAD /secretaria-de-ambiente-ha-incautado-estos-dias-mas-de-55-kilos-de-palma-silvestre-y-refuerza-controles-previo-a-domingo-de-ramos.html HTTP/1.1" 200 -
74.125.212.82 - - [01/Apr/2023:12:37:11 -0500] "GET /secretaria-de-ambiente-ha-incautado-estos-dias-mas-de-55-kilos-de-palma-silvestre-y-refuerza-controles-previo-a-domingo-de-ramos.html HTTP/1.1" 200 1109
201.245.192.253 - - [01/Apr/2023:12:38:10 -0500] "POST /kwsrmcab/Wsrmcab  HTTP/1.1" 200 43001
172.22.2.4 - - [01/Apr/2023:12:37:02 -0500] "HEAD /BLA/boletinlegal/ HTTP/1.1" 200 -
66.249.70.210 - - [01/Apr/2023:12:39:20 -0500] "-" 408 -
172.22.2.4 - - [01/Apr/2023:12:37:52 -0500] "GET /BLA/boletinlegal/ HTTP/1.1" 200 57551
186.30.189.89 - - [01/Apr/2023:12:40:10 -0500] "GET /BLA/ HTTP/1.1" 200 538
186.30.189.89 - - [01/Apr/2023:12:40:15 -0500] "GET /BLA/boletinlegal/style.css HTTP/1.1" 200 9406
186.30.189.89 - - [01/Apr/2023:12:40:15 -0500] "GET /BLA/boletinlegal/js/jquery.scrollTo-min.js HTTP/1.1" 200 1150
186.30.189.89 - - [01/Apr/2023:12:40:15 -0500] "GET /BLA/boletinlegal/styles2.css HTTP/1.1" 200 1838
186.30.189.89 - - [01/Apr/2023:12:40:15 -0500] "GET /BLA/boletinlegal/js/jquery.scrollShow.js HTTP/1.1" 200 4586
186.30.189.89 - - [01/Apr/2023:12:40:15 -0500] "GET /BLA/boletinlegal/js/jquery.js HTTP/1.1" 200 57254
186.30.189.89 - - [01/Apr/2023:12:40:15 -0500] "GET /BLA/boletinlegal/images/cabezote%20BLEGAL.jpg HTTP/1.1" 200 118164
186.30.189.89 - - [01/Apr/2023:12:40:15 -0500] "GET /BLA/boletinlegal/images/subscribe-icon-big.png HTTP/1.1" 200 47702
186.30.189.89 - - [01/Apr/2023:12:40:15 -0500] "GET /BLA/boletinlegal/images/historia.png HTTP/1.1" 200 52775
186.30.189.89 - - [01/Apr/2023:12:40:15 -0500] "GET /BLA/boletinlegal/images/registro-usuarios.png HTTP/1.1" 200 8106
186.30.189.89 - - [01/Apr/2023:12:40:15 -0500] "GET /BLA/boletinlegal/images/arr_l.jpg HTTP/1.1" 200 1979
186.30.189.89 - - [01/Apr/2023:12:40:15 -0500] "GET /BLA/boletinlegal/images/screen_1.png HTTP/1.1" 200 202547
186.30.189.89 - - [01/Apr/2023:12:40:15 -0500] "GET /BLA/boletinlegal/images/launch.jpg HTTP/1.1" 200 14577
186.30.189.89 - - [01/Apr/2023:12:40:15 -0500] "GET /BLA/boletinlegal/images/body_bg.jpg HTTP/1.1" 200 1601
186.30.189.89 - - [01/Apr/2023:12:40:15 -0500] "GET /BLA/boletinlegal/images/menu_lft.gif HTTP/1.1" 200 1713
186.30.189.89 - - [01/Apr/2023:12:40:15 -0500] "GET /BLA/boletinlegal/images/menu_rght.gif HTTP/1.1" 200 1627
186.30.189.89 - - [01/Apr/2023:12:40:15 -0500] "GET /BLA/boletinlegal/images/bg_top.jpg HTTP/1.1" 200 522
186.30.189.89 - - [01/Apr/2023:12:40:15 -0500] "GET /BLA/boletinlegal/images/hover.jpg HTTP/1.1" 200 640
186.30.189.89 - - [01/Apr/2023:12:40:15 -0500] "GET /BLA/boletinlegal/images/text.jpg HTTP/1.1" 200 568
186.30.189.89 - - [01/Apr/2023:12:40:15 -0500] "GET /BLA/boletinlegal/images/menu_bg.jpg HTTP/1.1" 200 620
186.30.189.89 - - [01/Apr/2023:12:40:19 -0500] "GET /BLA/boletinlegal/images/screen_3.png HTTP/1.1" 200 210620
186.30.189.89 - - [01/Apr/2023:12:40:19 -0500] "GET /BLA/boletinlegal/images/screen_2.png HTTP/1.1" 200 362502
186.30.189.89 - - [01/Apr/2023:12:40:19 -0500] "GET /BLA/boletinlegal/images/arr_r.jpg HTTP/1.1" 200 1998
186.30.189.89 - - [01/Apr/2023:12:40:19 -0500] "GET /BLA/boletinlegal/images/screen_5.png HTTP/1.1" 200 368876
186.30.189.89 - - [01/Apr/2023:12:40:19 -0500] "GET /BLA/boletinlegal/images/footer_bg.jpg HTTP/1.1" 200 586
186.30.189.89 - - [01/Apr/2023:12:40:25 -0500] "GET /BLA/boletinlegal/normativa.php HTTP/1.1" 200 8333
186.30.189.89 - - [01/Apr/2023:12:40:25 -0500] "GET /BLA/boletinlegal/niceforms.js HTTP/1.1" 200 22876
186.30.189.89 - - [01/Apr/2023:12:40:25 -0500] "GET /BLA/boletinlegal/niceforms-default.css HTTP/1.1" 200 6694
186.30.189.89 - - [01/Apr/2023:12:40:25 -0500] "GET /BLA/boletinlegal/js/ajax_normativa.js HTTP/1.1" 200 1154
186.30.189.89 - - [01/Apr/2023:12:40:25 -0500] "GET /BLA/boletinlegal/images/tel.png HTTP/1.1" 200 14477
186.30.189.89 - - [01/Apr/2023:12:40:25 -0500] "GET /BLA/boletinlegal/images/icono-email.png HTTP/1.1" 200 5544
186.30.189.89 - - [01/Apr/2023:12:40:25 -0500] "GET /BLA/boletinlegal/images/footer_bg_l.jpg HTTP/1.1" 200 776
186.30.189.89 - - [01/Apr/2023:12:40:25 -0500] "GET /BLA/boletinlegal/img/0.png HTTP/1.1" 200 110
186.30.189.89 - - [01/Apr/2023:12:40:25 -0500] "GET /BLA/boletinlegal/img/select-left.png HTTP/1.1" 200 263
186.30.189.89 - - [01/Apr/2023:12:40:25 -0500] "GET /BLA/boletinlegal/img/button-left.png HTTP/1.1" 200 57071
186.30.189.89 - - [01/Apr/2023:12:40:25 -0500] "GET /BLA/boletinlegal/img/button.png HTTP/1.1" 200 43241
186.30.189.89 - - [01/Apr/2023:12:40:25 -0500] "GET /BLA/boletinlegal/img/select-right.png HTTP/1.1" 200 44019
186.30.189.89 - - [01/Apr/2023:12:40:25 -0500] "GET /BLA/boletinlegal/img/button-right.png HTTP/1.1" 200 57878
186.30.189.89 - - [01/Apr/2023:12:40:25 -0500] "GET /favicon.ico HTTP/1.1" 200 7782
173.252.107.18 - - [01/Apr/2023:12:40:33 -0500] "GET /crisis-climatica-distrito-firmo-alianza-para-preservar-la-seguridad-hidrica-de-bogota-y-la-region.html HTTP/1.1" 206 1075
201.245.192.253 - - [01/Apr/2023:12:40:36 -0500] "POST /kwsrmcab/Wsrmcab HTTP/1.1" 200 40638
201.245.192.253 - - [01/Apr/2023:12:40:38 -0500] "POST /kwsrmcab/Wsrmcab HTTP/1.1" 200 43471
186.30.189.89 - - [01/Apr/2023:12:40:12 -0500] "GET /BLA/boletinlegal/index.php HTTP/1.1" 200 24523
216.245.221.92 - - [01/Apr/2023:12:40:48 -0500] "HEAD / HTTP/1.1" 200 -
52.167.144.46 - - [01/Apr/2023:12:40:49 -0500] "GET /BLA/resoluciones/AUTOS%202019/0929.pdf HTTP/1.1" 200 320625
186.30.189.89 - - [01/Apr/2023:12:40:56 -0500] "GET /BLA/boletinlegal/normativa.php HTTP/1.1" 200 8333
186.30.189.89 - - [01/Apr/2023:12:40:59 -0500] "GET /BLA/boletinlegal/actos.php HTTP/1.1" 200 9672
186.30.189.89 - - [01/Apr/2023:12:40:59 -0500] "GET /BLA/boletinlegal/js/ajax_actos.js HTTP/1.1" 200 1322
186.30.189.89 - - [01/Apr/2023:12:40:59 -0500] "GET /BLA/boletinlegal/js/lib.js HTTP/1.1" 200 6474
186.30.189.89 - - [01/Apr/2023:12:40:59 -0500] "GET /BLA/boletinlegal/js/popup.js HTTP/1.1" 200 1270
186.30.189.89 - - [01/Apr/2023:12:40:59 -0500] "GET /BLA/boletinlegal/js/jquery1.js HTTP/1.1" 200 29846
186.30.189.89 - - [01/Apr/2023:12:40:59 -0500] "GET /BLA/boletinlegal/images/green-yellow-blue-pink-th.png HTTP/1.1" 200 7394
190.143.25.57 - - [01/Apr/2023:12:41:03 -0500] "GET /galeria/galeria/jquery.fancybox.css?v=2.1.5 HTTP/1.1" 200 4895
190.143.25.57 - - [01/Apr/2023:12:41:03 -0500] "GET /BLA/boletinlegal/js/jquery.scrollShow.js HTTP/1.1" 200 4586
190.143.25.57 - - [01/Apr/2023:12:41:03 -0500] "GET /galeria/galeria/jquery.fancybox.js?v=2.1.5 HTTP/1.1" 200 48706
186.30.189.89 - - [01/Apr/2023:12:41:25 -0500] "GET /BLA/boletinlegal/consulta_actos.php?tipo=resoluciones&no=3103&usuario=&sector=SILVICULTURA&fecha=2019&resuelve= HTTP/1.1" 200 1101
186.30.189.89 - - [01/Apr/2023:12:41:26 -0500] "GET /BLA/boletinlegal/images/pdf.gif HTTP/1.1" 200 567
52.167.144.167 - - [01/Apr/2023:12:41:28 -0500] "GET /BLA/resoluciones/index.php?dir=RESOLUCIONES+2023%2F HTTP/1.1" 200 11738
186.30.189.89 - - [01/Apr/2023:12:41:29 -0500] "GET /BLA/resoluciones/RESOLUCIONES%202019/3103.pdf HTTP/1.1" 200 804543
201.245.192.253 - - [01/Apr/2023:12:43:10 -0500] "POST /kwsrmcab/Wsrmcab  HTTP/1.1" 200 43001
172.22.2.4 - - [01/Apr/2023:12:42:52 -0500] "HEAD /BLA/boletinlegal/ HTTP/1.1" 200 -
172.22.2.4 - - [01/Apr/2023:12:43:42 -0500] "GET /BLA/boletinlegal/ HTTP/1.1" 200 56744
216.245.221.92 - - [01/Apr/2023:12:45:48 -0500] "HEAD / HTTP/1.1" 200 -
190.27.115.239 - - [01/Apr/2023:12:47:08 -0500] "GET /secretaria-de-ambiente-ha-incautado-estos-dias-mas-de-55-kilos-de-palma-silvestre-y-refuerza-controles-previo-a-domingo-de-ramos.html HTTP/1.1" 200 1109
186.155.62.65 - - [01/Apr/2023:12:47:48 -0500] "GET /galeria/galeria/jquery.fancybox.css?v=2.1.5 HTTP/1.1" 200 4895
186.155.62.65 - - [01/Apr/2023:12:47:48 -0500] "GET /BLA/boletinlegal/js/jquery.scrollShow.js HTTP/1.1" 200 4586
186.155.62.65 - - [01/Apr/2023:12:47:48 -0500] "GET /galeria/galeria/jquery.fancybox.js?v=2.1.5 HTTP/1.1" 200 48706
186.155.62.65 - - [01/Apr/2023:12:48:07 -0500] "GET /galeria/bibloteca/contentflow.js HTTP/1.1" 200 42804
186.155.62.65 - - [01/Apr/2023:12:48:07 -0500] "GET /galeria/bibloteca/mycontentflow.css HTTP/1.1" 200 3110
186.155.62.65 - - [01/Apr/2023:12:48:07 -0500] "GET /galeria/bibloteca/ContentFlowAddOn_white.js HTTP/1.1" 200 2497
186.155.62.65 - - [01/Apr/2023:12:48:07 -0500] "GET /galeria/bibloteca/contentflow.css HTTP/1.1" 200 3201
186.155.62.65 - - [01/Apr/2023:12:48:08 -0500] "GET /galeria/bibloteca/ContentFlowAddOn_white.css HTTP/1.1" 200 3355
186.155.62.65 - - [01/Apr/2023:12:48:08 -0500] "GET /galeria/bibloteca/img/scrollbar_white.png HTTP/1.1" 200 82
186.155.62.65 - - [01/Apr/2023:12:48:08 -0500] "GET /galeria/bibloteca/img/loader.gif HTTP/1.1" 200 8238
186.155.62.65 - - [01/Apr/2023:12:48:08 -0500] "GET /galeria/bibloteca/img/slider_white.png HTTP/1.1" 200 178
186.155.62.65 - - [01/Apr/2023:12:48:08 -0500] "GET /galeria/bibloteca/img/1x1_0.5_white.png HTTP/1.1" 200 82
186.155.62.65 - - [01/Apr/2023:12:48:08 -0500] "GET /galeria/bibloteca/img/scrollbar_black.png HTTP/1.1" 200 82
186.155.62.65 - - [01/Apr/2023:12:48:08 -0500] "GET /galeria/bibloteca/img/ajax-loader.gif HTTP/1.1" 200 9427
186.155.62.65 - - [01/Apr/2023:12:48:08 -0500] "GET /galeria/bibloteca/img/slider_black.png HTTP/1.1" 200 175
201.245.192.253 - - [01/Apr/2023:12:48:10 -0500] "POST /kwsrmcab/Wsrmcab  HTTP/1.1" 200 43001
186.155.62.65 - - [01/Apr/2023:12:48:25 -0500] "GET /galeria/galeria/fotos/mico1P.jpg HTTP/1.1" 200 28110
186.155.62.65 - - [01/Apr/2023:12:48:25 -0500] "GET /galeria/galeria/fotos/micos5P.jpg HTTP/1.1" 200 37145
186.155.62.65 - - [01/Apr/2023:12:48:25 -0500] "GET /galeria/galeria/fotos/micos6P.jpg HTTP/1.1" 200 31809
186.155.62.65 - - [01/Apr/2023:12:48:25 -0500] "GET /galeria/galeria/fotos/micos7P.jpg HTTP/1.1" 200 30212
186.155.62.65 - - [01/Apr/2023:12:48:25 -0500] "GET /galeria/galeria/fotos/boa8P.jpg HTTP/1.1" 200 28060
186.155.62.65 - - [01/Apr/2023:12:48:25 -0500] "GET /galeria/galeria/fotos/boa10P.jpg HTTP/1.1" 200 19337
186.155.62.65 - - [01/Apr/2023:12:48:25 -0500] "GET /galeria/galeria/fotos/boa11P.jpg HTTP/1.1" 200 25099
186.155.62.65 - - [01/Apr/2023:12:48:25 -0500] "GET /galeria/galeria/fotos/cusumbo4P.jpg HTTP/1.1" 200 34990
186.155.62.65 - - [01/Apr/2023:12:48:25 -0500] "GET /galeria/galeria/fotos/loro3P.jpg HTTP/1.1" 200 24900
186.155.62.65 - - [01/Apr/2023:12:48:25 -0500] "GET /galeria/galeria/fotos/tortuga2P.jpg HTTP/1.1" 200 33472
186.155.62.65 - - [01/Apr/2023:12:48:41 -0500] "GET /BLA/boletinlegal/disciplinarios.php? HTTP/1.1" 200 2069
186.155.62.65 - - [01/Apr/2023:12:48:42 -0500] "GET /BLA/boletinlegal/styles2.css HTTP/1.1" 200 1838
186.155.62.65 - - [01/Apr/2023:12:48:42 -0500] "GET /BLA/boletinlegal/js/jquery.scrollTo-min.js HTTP/1.1" 200 1150
186.155.62.65 - - [01/Apr/2023:12:48:42 -0500] "GET /BLA/boletinlegal/js/jquery.js HTTP/1.1" 200 57254
186.155.62.65 - - [01/Apr/2023:12:48:42 -0500] "GET /BLA/boletinlegal/js/jquery.scrollShow.js HTTP/1.1" 200 4586
186.155.62.65 - - [01/Apr/2023:12:48:42 -0500] "GET /BLA/boletinlegal/images/menu_bg.jpg HTTP/1.1" 200 620
172.22.2.4 - - [01/Apr/2023:12:48:42 -0500] "HEAD /BLA/boletinlegal/ HTTP/1.1" 200 -
52.167.144.43 - - [01/Apr/2023:12:50:28 -0500] "GET / HTTP/1.1" 200 4720
216.245.221.92 - - [01/Apr/2023:12:50:48 -0500] "HEAD / HTTP/1.1" 200 -
172.22.2.4 - - [01/Apr/2023:12:49:32 -0500] "GET /BLA/boletinlegal/ HTTP/1.1" 200 59296
45.238.181.170 - - [01/Apr/2023:12:53:08 -0500] "GET /mujeres-que-reverdecen-secretaria-de-ambiente-anuncia-el-inicio-de-la-tercera-fase.html HTTP/1.1" 200 954
201.245.192.253 - - [01/Apr/2023:12:53:10 -0500] "POST /kwsrmcab/Wsrmcab  HTTP/1.1" 200 43001
40.77.167.211 - - [01/Apr/2023:12:53:36 -0500] "GET /BLA/resoluciones/RESOLUCIONES%202021/5177.pdf HTTP/1.1" 200 350743
66.249.66.32 - - [01/Apr/2023:12:55:37 -0500] "-" 408 -
216.245.221.92 - - [01/Apr/2023:12:55:48 -0500] "HEAD / HTTP/1.1" 200 -
172.22.2.4 - - [01/Apr/2023:12:54:32 -0500] "HEAD /BLA/boletinlegal/ HTTP/1.1" 200 -
172.22.2.4 - - [01/Apr/2023:12:55:22 -0500] "GET /BLA/boletinlegal/ HTTP/1.1" 200 57551
201.245.192.253 - - [01/Apr/2023:12:58:09 -0500] "POST /kwsrmcab/Wsrmcab  HTTP/1.1" 200 43001
40.77.167.162 - - [01/Apr/2023:12:58:35 -0500] "GET /documents/10184/4278102/8+de+febrero+incendio+forestal.jpeg/8d265fba-8195-457e-82f2-219756f20d14?t=1675894915884 HTTP/1.1" 404 1034
69.63.184.7 - - [01/Apr/2023:12:59:44 -0500] "GET /images/palma-de-cera-1-abril_optimized.jpeg HTTP/1.1" 200 171987
173.252.95.6 - - [01/Apr/2023:12:59:46 -0500] "GET /secretaria-de-ambiente-ha-incautado-estos-dias-mas-de-55-kilos-de-palma-silvestre-y-refuerza-controles-previo-a-domingo-de-ramos.html HTTP/1.1" 206 1109
173.252.95.19 - - [01/Apr/2023:12:59:47 -0500] "GET /secretaria-de-ambiente-ha-incautado-estos-dias-mas-de-55-kilos-de-palma-silvestre-y-refuerza-controles-previo-a-domingo-de-ramos.html HTTP/1.1" 206 1109
173.252.95.120 - - [01/Apr/2023:12:59:47 -0500] "GET /images/palma-de-cera-1-abril_optimized.jpeg HTTP/1.1" 200 171987
216.245.221.92 - - [01/Apr/2023:13:00:48 -0500] "HEAD / HTTP/1.1" 200 -
172.22.2.4 - - [01/Apr/2023:13:00:22 -0500] "HEAD /BLA/boletinlegal/ HTTP/1.1" 200 -
172.22.2.4 - - [01/Apr/2023:13:01:12 -0500] "GET /BLA/boletinlegal/ HTTP/1.1" 200 59296
201.245.192.253 - - [01/Apr/2023:13:03:09 -0500] "POST /kwsrmcab/Wsrmcab  HTTP/1.1" 200 43001
193.32.162.159 - - [01/Apr/2023:13:04:44 -0500] "GET / HTTP/1.1" 200 319
193.32.162.159 - - [01/Apr/2023:13:04:54 -0500] "GET /dispatch.asp HTTP/1.1" 404 1018
162.55.175.143 - - [01/Apr/2023:13:04:57 -0500] "GET / HTTP/1.1" 200 319
162.55.175.143 - - [01/Apr/2023:13:04:59 -0500] "GET / HTTP/1.1" 200 4720
216.245.221.92 - - [01/Apr/2023:13:05:48 -0500] "HEAD / HTTP/1.1" 200 -
172.22.2.4 - - [01/Apr/2023:13:05:50 -0500] "GET /BLA/boletinlegal/Directivas/2017/Directiva%20No.%2002%20del%2017%20de%20Enero%20de%202017.pdf HTTP/1.1" 200 3521427
172.22.2.4 - - [01/Apr/2023:13:05:50 -0500] "GET /BLA/boletinlegal/favicon.ico HTTP/1.1" 404 1396
172.22.2.4 - - [01/Apr/2023:13:06:12 -0500] "HEAD /BLA/boletinlegal/ HTTP/1.1" 200 -
201.245.192.253 - - [01/Apr/2023:13:08:07 -0500] "POST /kwsrmcab/Wsrmcab  HTTP/1.1" 200 43001
186.86.33.172 - - [01/Apr/2023:13:08:14 -0500] "GET /galeria/galeria/jquery.fancybox.css?v=2.1.5 HTTP/1.1" 200 4895
186.86.33.172 - - [01/Apr/2023:13:08:14 -0500] "GET /BLA/boletinlegal/js/jquery.scrollShow.js HTTP/1.1" 200 4586
186.86.33.172 - - [01/Apr/2023:13:08:14 -0500] "GET /galeria/galeria/jquery.fancybox.js?v=2.1.5 HTTP/1.1" 200 48706
172.22.2.4 - - [01/Apr/2023:13:07:02 -0500] "GET /BLA/boletinlegal/ HTTP/1.1" 200 59296
172.22.2.4 - - [01/Apr/2023:13:09:23 -0500] "GET /BLA/boletinlegal/actos.php HTTP/1.1" 200 9672
216.245.221.92 - - [01/Apr/2023:13:10:48 -0500] "HEAD / HTTP/1.1" 200 -
157.100.87.21 - - [01/Apr/2023:13:11:23 -0500] "GET /galeria/galeria/jquery.fancybox.css?v=2.1.5 HTTP/1.1" 200 4895
157.100.87.21 - - [01/Apr/2023:13:11:24 -0500] "GET /BLA/boletinlegal/js/jquery.scrollShow.js HTTP/1.1" 200 4586
157.100.87.21 - - [01/Apr/2023:13:11:24 -0500] "GET /galeria/galeria/jquery.fancybox.js?v=2.1.5 HTTP/1.1" 200 48706
40.77.167.162 - - [01/Apr/2023:13:12:57 -0500] "GET /portaldeninos/ HTTP/1.1" 200 110197
201.245.192.253 - - [01/Apr/2023:13:13:05 -0500] "POST /kwsrmcab/Wsrmcab  HTTP/1.1" 200 43001
40.77.167.162 - - [01/Apr/2023:13:13:07 -0500] "GET /portaldeninos/ HTTP/1.1" 200 110197
124.221.186.26 - - [01/Apr/2023:13:13:12 -0500] "GET /sipse/css/custom_css_sg_prime_login.css HTTP/1.1" 200 443
172.22.2.4 - - [01/Apr/2023:13:12:02 -0500] "HEAD /BLA/boletinlegal/ HTTP/1.1" 200 -
173.252.107.117 - - [01/Apr/2023:13:13:46 -0500] "GET /bogota-esta-mejorando-y-en-el-dia-de-los-humedales-bogota-reafirma-su-compromiso-con-estos-ecosistemas.html HTTP/1.1" 206 1153
172.22.2.4 - - [01/Apr/2023:13:12:52 -0500] "GET /BLA/boletinlegal/ HTTP/1.1" 200 56277
167.94.138.124 - - [01/Apr/2023:13:15:26 -0500] "GET / HTTP/1.1" 200 319
167.94.138.124 - - [01/Apr/2023:13:15:27 -0500] "PRI * HTTP/2.0" 400 946
167.94.138.124 - - [01/Apr/2023:13:15:27 -0500] "GET /favicon.ico HTTP/1.1" 200 7782
216.245.221.92 - - [01/Apr/2023:13:15:48 -0500] "HEAD / HTTP/1.1" 200 -
173.252.83.19 - - [01/Apr/2023:13:16:44 -0500] "GET /galeria/galeria/fotos/3GuaymaralTorcaP3.jpg HTTP/1.1" 200 8521
66.249.66.12 - - [01/Apr/2023:13:17:16 -0500] "-" 408 -
201.245.192.253 - - [01/Apr/2023:13:18:02 -0500] "POST /kwsrmcab/Wsrmcab  HTTP/1.1" 200 43001
69.63.184.119 - - [01/Apr/2023:13:18:39 -0500] "GET /images/palma-de-cera-1-abril_optimized.jpeg HTTP/1.1" 200 171987
172.22.2.4 - - [01/Apr/2023:13:17:52 -0500] "HEAD /BLA/boletinlegal/ HTTP/1.1" 200 -
172.22.2.4 - - [01/Apr/2023:13:18:42 -0500] "GET /BLA/boletinlegal/ HTTP/1.1" 200 52316
201.245.192.253 - - [01/Apr/2023:13:20:36 -0500] "POST /kwsrmcab/Wsrmcab HTTP/1.1" 200 43153
201.245.192.253 - - [01/Apr/2023:13:20:38 -0500] "POST /kwsrmcab/Wsrmcab HTTP/1.1" 200 43473
216.245.221.92 - - [01/Apr/2023:13:20:48 -0500] "HEAD / HTTP/1.1" 200 -
201.245.192.253 - - [01/Apr/2023:13:23:01 -0500] "POST /kwsrmcab/Wsrmcab  HTTP/1.1" 200 43001
172.22.2.4 - - [01/Apr/2023:13:23:44 -0500] "GET /BLA/boletinlegal/js/jquery.js HTTP/1.1" 200 57254
172.22.2.4 - - [01/Apr/2023:13:23:44 -0500] "GET /BLA/boletinlegal/js/jquery.scrollTo-min.js HTTP/1.1" 200 1150
172.22.2.4 - - [01/Apr/2023:13:23:44 -0500] "GET /BLA/boletinlegal/js/jquery.scrollShow.js HTTP/1.1" 200 4586
172.22.2.4 - - [01/Apr/2023:13:23:44 -0500] "GET /BLA/boletinlegal/images/launch.jpg HTTP/1.1" 200 14577
172.22.2.4 - - [01/Apr/2023:13:23:44 -0500] "GET /BLA/boletinlegal/images/arr_l.jpg HTTP/1.1" 200 1979
172.22.2.4 - - [01/Apr/2023:13:23:44 -0500] "GET /BLA/boletinlegal/images/screen_1.png HTTP/1.1" 200 202547
172.22.2.4 - - [01/Apr/2023:13:23:49 -0500] "GET /BLA/boletinlegal/actos.php HTTP/1.1" 200 9672
172.22.2.4 - - [01/Apr/2023:13:23:50 -0500] "GET /BLA/boletinlegal/favicon.ico HTTP/1.1" 404 1326
190.25.166.36 - - [01/Apr/2023:13:23:52 -0500] "GET /BLA/resoluciones/ HTTP/1.1" 200 13502
172.22.2.4 - - [01/Apr/2023:13:23:53 -0500] "GET /BLA/boletinlegal/images/screen_2.png HTTP/1.1" 200 362502
172.22.2.4 - - [01/Apr/2023:13:23:53 -0500] "GET /BLA/boletinlegal/images/screen_3.png HTTP/1.1" 200 210620
172.22.2.4 - - [01/Apr/2023:13:23:53 -0500] "GET /BLA/boletinlegal/images/screen_5.png HTTP/1.1" 200 368876
172.22.2.4 - - [01/Apr/2023:13:23:53 -0500] "GET /BLA/boletinlegal/images/arr_r.jpg HTTP/1.1" 200 1998
172.22.2.4 - - [01/Apr/2023:13:24:05 -0500] "GET /BLA/boletinlegal/images/pdf.gif HTTP/1.1" 200 567
190.25.166.36 - - [01/Apr/2023:13:24:05 -0500] "GET /BLA/resoluciones/ HTTP/1.1" 200 13502
190.25.166.36 - - [01/Apr/2023:13:24:09 -0500] "GET /BLA/resoluciones/index.php?dir=AUTOS+2021%2F HTTP/1.1" 200 397402
14.116.152.103 - - [01/Apr/2023:13:24:23 -0500] "GET / HTTP/1.1" 200 319
172.22.2.4 - - [01/Apr/2023:13:23:42 -0500] "HEAD /BLA/boletinlegal/ HTTP/1.1" 200 -
172.22.2.4 - - [01/Apr/2023:13:23:44 -0500] "GET /BLA/boletinlegal/ HTTP/1.1" 200 44625
216.245.221.92 - - [01/Apr/2023:13:25:48 -0500] "HEAD / HTTP/1.1" 200 -
168.119.76.157 - - [01/Apr/2023:13:25:51 -0500] "-" 408 -
200.118.60.176 - - [01/Apr/2023:13:25:53 -0500] "GET /secretaria-de-ambiente-entrego-balance-de-su-gestion-en-2022-y-presento-los-retos-para-el-2023.html HTTP/1.1" 200 968
172.22.2.4 - - [01/Apr/2023:13:24:32 -0500] "GET /BLA/boletinlegal/ HTTP/1.1" 200 53551
201.245.192.253 - - [01/Apr/2023:13:27:59 -0500] "POST /kwsrmcab/Wsrmcab  HTTP/1.1" 200 43001
186.84.20.209 - - [01/Apr/2023:13:28:41 -0500] "GET /BLA/resoluciones/index.php?dir=AUTOS+2014%2F HTTP/1.1" 200 889384
186.84.20.209 - - [01/Apr/2023:13:28:45 -0500] "GET /BLA/resoluciones/index.php?dir=AUTOS+2014%2F HTTP/1.1" 200 889384
186.84.20.209 - - [01/Apr/2023:13:28:53 -0500] "GET /BLA/resoluciones/AUTOS%202014/1785.pdf HTTP/1.1" 200 707807
172.22.2.4 - - [01/Apr/2023:13:29:25 -0500] "GET /BLA/boletinlegal/jurisprudencia/analisis/Analisis%20jurisprudencial%20Sentencia%20C-366-11.doc HTTP/1.1" 200 59392
52.167.144.167 - - [01/Apr/2023:13:30:00 -0500] "GET /BLA/resoluciones/AUTOS%202019/1043.pdf HTTP/1.1" 200 267883
201.245.192.253 - - [01/Apr/2023:13:30:35 -0500] "POST /kwsrmcab/Wsrmcab HTTP/1.1" 200 43153
201.245.192.253 - - [01/Apr/2023:13:30:38 -0500] "POST /kwsrmcab/Wsrmcab HTTP/1.1" 200 43473
216.245.221.92 - - [01/Apr/2023:13:30:48 -0500] "HEAD / HTTP/1.1" 200 -
172.22.2.4 - - [01/Apr/2023:13:29:32 -0500] "HEAD /BLA/boletinlegal/ HTTP/1.1" 200 -
172.22.2.4 - - [01/Apr/2023:13:30:22 -0500] "GET /BLA/boletinlegal/ HTTP/1.1" 200 57141
201.245.192.253 - - [01/Apr/2023:13:32:58 -0500] "POST /kwsrmcab/Wsrmcab  HTTP/1.1" 200 43001
162.55.175.144 - - [01/Apr/2023:13:33:00 -0500] "GET / HTTP/1.1" 200 4720
162.55.175.144 - - [01/Apr/2023:13:33:03 -0500] "GET / HTTP/1.1" 200 319
216.245.221.92 - - [01/Apr/2023:13:35:48 -0500] "HEAD / HTTP/1.1" 200 -
172.22.2.4 - - [01/Apr/2023:13:35:22 -0500] "HEAD /BLA/boletinlegal/ HTTP/1.1" 200 -
172.22.2.4 - - [01/Apr/2023:13:36:12 -0500] "GET /BLA/boletinlegal/ HTTP/1.1" 200 53914
201.245.192.253 - - [01/Apr/2023:13:37:56 -0500] "POST /kwsrmcab/Wsrmcab  HTTP/1.1" 200 43001
201.245.192.253 - - [01/Apr/2023:13:40:35 -0500] "POST /kwsrmcab/Wsrmcab HTTP/1.1" 200 43153
201.245.192.253 - - [01/Apr/2023:13:40:38 -0500] "POST /kwsrmcab/Wsrmcab HTTP/1.1" 200 43473
216.245.221.92 - - [01/Apr/2023:13:40:48 -0500] "HEAD / HTTP/1.1" 200 -
40.77.167.211 - - [01/Apr/2023:13:41:12 -0500] "GET /BLA/resoluciones/AUTOS%202021/0241.pdf HTTP/1.1" 304 -
172.22.2.4 - - [01/Apr/2023:13:41:12 -0500] "HEAD /BLA/boletinlegal/ HTTP/1.1" 200 -
201.245.192.253 - - [01/Apr/2023:13:42:56 -0500] "POST /kwsrmcab/Wsrmcab  HTTP/1.1" 200 43001
181.53.13.185 - - [01/Apr/2023:13:43:31 -0500] "GET /secretaria-de-ambiente-ha-incautado-estos-dias-mas-de-55-kilos-de-palma-silvestre-y-refuerza-controles-previo-a-domingo-de-ramos.html HTTP/1.1" 200 1109
172.22.2.4 - - [01/Apr/2023:13:42:02 -0500] "GET /BLA/boletinlegal/ HTTP/1.1" 200 52720
107.170.238.28 - - [01/Apr/2023:13:43:50 -0500] "MGLNDD_190.27.245.106_80" 501 953
172.22.2.4 - - [01/Apr/2023:13:44:58 -0500] "GET /BLA/boletinlegal/actos.php HTTP/1.1" 200 9672
172.22.2.4 - - [01/Apr/2023:13:44:58 -0500] "GET /BLA/boletinlegal/styles2.css HTTP/1.1" 200 1838
172.22.2.4 - - [01/Apr/2023:13:44:58 -0500] "GET /BLA/boletinlegal/js/ajax_actos.js HTTP/1.1" 200 1322
172.22.2.4 - - [01/Apr/2023:13:44:58 -0500] "GET /BLA/boletinlegal/niceforms-default.css HTTP/1.1" 200 6694
172.22.2.4 - - [01/Apr/2023:13:44:58 -0500] "GET /BLA/boletinlegal/style.css HTTP/1.1" 200 9406
172.22.2.4 - - [01/Apr/2023:13:44:58 -0500] "GET /BLA/boletinlegal/niceforms.js HTTP/1.1" 200 22876
172.22.2.4 - - [01/Apr/2023:13:44:58 -0500] "GET /BLA/boletinlegal/js/lib.js HTTP/1.1" 200 6474
172.22.2.4 - - [01/Apr/2023:13:44:58 -0500] "GET /BLA/boletinlegal/js/popup.js HTTP/1.1" 200 1270
172.22.2.4 - - [01/Apr/2023:13:44:58 -0500] "GET /BLA/boletinlegal/js/jquery1.js HTTP/1.1" 200 29846
172.22.2.4 - - [01/Apr/2023:13:44:58 -0500] "GET /BLA/boletinlegal/images/cabezote%20BLEGAL.jpg HTTP/1.1" 200 118164
172.22.2.4 - - [01/Apr/2023:13:44:58 -0500] "GET /BLA/boletinlegal/images/subscribe-icon-big.png HTTP/1.1" 200 47702
172.22.2.4 - - [01/Apr/2023:13:44:58 -0500] "GET /BLA/boletinlegal/images/historia.png HTTP/1.1" 200 52775
172.22.2.4 - - [01/Apr/2023:13:44:58 -0500] "GET /BLA/boletinlegal/images/registro-usuarios.png HTTP/1.1" 200 8106
172.22.2.4 - - [01/Apr/2023:13:44:58 -0500] "GET /BLA/boletinlegal/images/green-yellow-blue-pink-th.png HTTP/1.1" 200 7394
172.22.2.4 - - [01/Apr/2023:13:44:58 -0500] "GET /BLA/boletinlegal/images/tel.png HTTP/1.1" 200 14477
172.22.2.4 - - [01/Apr/2023:13:44:58 -0500] "GET /BLA/boletinlegal/images/icono-email.png HTTP/1.1" 200 5544
172.22.2.4 - - [01/Apr/2023:13:44:58 -0500] "GET /BLA/boletinlegal/images/body_bg.jpg HTTP/1.1" 200 1601
172.22.2.4 - - [01/Apr/2023:13:44:58 -0500] "GET /BLA/boletinlegal/images/bg_top.jpg HTTP/1.1" 200 522
172.22.2.4 - - [01/Apr/2023:13:44:58 -0500] "GET /BLA/boletinlegal/images/menu_rght.gif HTTP/1.1" 200 1627
172.22.2.4 - - [01/Apr/2023:13:44:58 -0500] "GET /BLA/boletinlegal/images/menu_lft.gif HTTP/1.1" 200 1713
172.22.2.4 - - [01/Apr/2023:13:44:58 -0500] "GET /BLA/boletinlegal/images/hover.jpg HTTP/1.1" 200 640
172.22.2.4 - - [01/Apr/2023:13:44:58 -0500] "GET /BLA/boletinlegal/images/menu_bg.jpg HTTP/1.1" 200 620
172.22.2.4 - - [01/Apr/2023:13:44:58 -0500] "GET /BLA/boletinlegal/images/footer_bg.jpg HTTP/1.1" 200 586
172.22.2.4 - - [01/Apr/2023:13:44:58 -0500] "GET /BLA/boletinlegal/images/text.jpg HTTP/1.1" 200 568
172.22.2.4 - - [01/Apr/2023:13:44:58 -0500] "GET /BLA/boletinlegal/images/footer_bg_l.jpg HTTP/1.1" 200 776
172.22.2.4 - - [01/Apr/2023:13:44:59 -0500] "GET /BLA/boletinlegal/img/0.png HTTP/1.1" 200 110
172.22.2.4 - - [01/Apr/2023:13:44:59 -0500] "GET /BLA/boletinlegal/img/select-left.png HTTP/1.1" 200 263
172.22.2.4 - - [01/Apr/2023:13:44:59 -0500] "GET /BLA/boletinlegal/img/select-right.png HTTP/1.1" 200 44019
172.22.2.4 - - [01/Apr/2023:13:44:59 -0500] "GET /BLA/boletinlegal/img/button-left.png HTTP/1.1" 200 57071
172.22.2.4 - - [01/Apr/2023:13:44:59 -0500] "GET /BLA/boletinlegal/img/button.png HTTP/1.1" 200 43241
172.22.2.4 - - [01/Apr/2023:13:44:59 -0500] "GET /BLA/boletinlegal/img/button-right.png HTTP/1.1" 200 57878
172.22.2.4 - - [01/Apr/2023:13:44:59 -0500] "GET /BLA/boletinlegal/favicon.ico HTTP/1.1" 404 1326
172.22.2.4 - - [01/Apr/2023:13:45:18 -0500] "GET /BLA/boletinlegal/consulta_actos.php?tipo=resoluciones&no=&usuario=&sector=&fecha=2023&resuelve= HTTP/1.1" 200 35348
172.22.2.4 - - [01/Apr/2023:13:45:19 -0500] "GET /BLA/boletinlegal/images/pdf.gif HTTP/1.1" 200 567
172.22.2.4 - - [01/Apr/2023:13:45:19 -0500] "GET /BLA/boletinlegal/images/background.gif HTTP/1.1" 200 -
216.245.221.92 - - [01/Apr/2023:13:45:48 -0500] "HEAD / HTTP/1.1" 200 -
201.245.192.253 - - [01/Apr/2023:13:47:56 -0500] "POST /kwsrmcab/Wsrmcab  HTTP/1.1" 200 43001
172.22.2.4 - - [01/Apr/2023:13:47:02 -0500] "HEAD /BLA/boletinlegal/ HTTP/1.1" 200 -
172.22.2.4 - - [01/Apr/2023:13:47:52 -0500] "GET /BLA/boletinlegal/ HTTP/1.1" 200 52720
69.63.184.4 - - [01/Apr/2023:13:50:45 -0500] "GET /images/palma-de-cera-1-abril_optimized.jpeg HTTP/1.1" 200 171987
216.245.221.92 - - [01/Apr/2023:13:50:48 -0500] "HEAD / HTTP/1.1" 200 -
201.245.192.253 - - [01/Apr/2023:13:52:55 -0500] "POST /kwsrmcab/Wsrmcab  HTTP/1.1" 200 43001
31.13.115.22 - - [01/Apr/2023:13:53:55 -0500] "GET /images/palma-de-cera-1-abril_optimized.jpeg HTTP/1.1" 200 171987
172.22.2.4 - - [01/Apr/2023:13:52:52 -0500] "HEAD /BLA/boletinlegal/ HTTP/1.1" 200 -
172.22.2.4 - - [01/Apr/2023:13:53:42 -0500] "GET /BLA/boletinlegal/ HTTP/1.1" 200 57551
190.145.92.145 - - [01/Apr/2023:13:55:34 -0500] "GET /BLA/resoluciones/RESOLUCIONES%202023/0370.pdf HTTP/1.1" 200 6487701
190.145.92.145 - - [01/Apr/2023:13:55:35 -0500] "GET /favicon.ico HTTP/1.1" 200 7782
186.29.242.248 - - [01/Apr/2023:13:55:47 -0500] "GET /secretaria-de-ambiente-ha-incautado-estos-dias-mas-de-55-kilos-de-palma-silvestre-y-refuerza-controles-previo-a-domingo-de-ramos.html HTTP/1.1" 200 1109
216.245.221.92 - - [01/Apr/2023:13:55:47 -0500] "HEAD / HTTP/1.1" 200 -
190.25.166.36 - - [01/Apr/2023:13:56:10 -0500] "GET /BLA/boletinlegal/admin/index.php HTTP/1.1" 200 2324
190.25.166.36 - - [01/Apr/2023:13:56:10 -0500] "GET /BLA/boletinlegal/admin/index_files/style.css HTTP/1.1" 200 6223
190.25.166.36 - - [01/Apr/2023:13:56:10 -0500] "GET /BLA/boletinlegal/admin/images/bg.png HTTP/1.1" 200 332965
181.48.255.198 - - [01/Apr/2023:13:56:14 -0500] "GET /BLA/boletinlegal/admin/index.php HTTP/1.1" 200 2324
181.48.255.198 - - [01/Apr/2023:13:56:14 -0500] "GET /BLA/boletinlegal/admin/index_files/style.css HTTP/1.1" 200 6223
181.48.255.198 - - [01/Apr/2023:13:56:15 -0500] "GET /BLA/boletinlegal/admin/images/bg.png HTTP/1.1" 200 332965
190.25.166.36 - - [01/Apr/2023:13:56:43 -0500] "POST /BLA/boletinlegal/admin/usuarios/process.php HTTP/1.1" 302 -
190.25.166.36 - - [01/Apr/2023:13:56:43 -0500] "GET /BLA/boletinlegal/admin/index.php HTTP/1.1" 200 2463
66.249.66.10 - - [01/Apr/2023:13:56:53 -0500] "-" 408 -
190.25.166.36 - - [01/Apr/2023:13:57:10 -0500] "POST /BLA/boletinlegal/admin/usuarios/process.php HTTP/1.1" 302 -
190.25.166.36 - - [01/Apr/2023:13:57:10 -0500] "GET /BLA/boletinlegal/admin/index.php HTTP/1.1" 200 2470
190.25.166.36 - - [01/Apr/2023:13:57:13 -0500] "POST /BLA/boletinlegal/admin/usuarios/process.php HTTP/1.1" 302 -
190.25.166.36 - - [01/Apr/2023:13:57:13 -0500] "GET /BLA/boletinlegal/admin/index.php HTTP/1.1" 200 2470
190.25.166.36 - - [01/Apr/2023:13:57:53 -0500] "POST /BLA/boletinlegal/admin/usuarios/process.php HTTP/1.1" 302 -
201.245.192.253 - - [01/Apr/2023:13:57:55 -0500] "POST /kwsrmcab/Wsrmcab  HTTP/1.1" 200 43001
190.25.166.36 - - [01/Apr/2023:13:57:54 -0500] "GET /BLA/boletinlegal/admin/index.php HTTP/1.1" 200 7107
190.25.166.36 - - [01/Apr/2023:13:57:57 -0500] "POST /BLA/boletinlegal/admin/usuarios/process.php HTTP/1.1" 302 -
190.25.166.36 - - [01/Apr/2023:13:58:10 -0500] "GET /BLA/boletinlegal/admin/index.php HTTP/1.1" 200 7107
190.25.166.36 - - [01/Apr/2023:13:58:27 -0500] "GET /BLA/boletinlegal/admin/index_files/header.png HTTP/1.1" 200 240212
190.25.166.36 - - [01/Apr/2023:13:58:27 -0500] "GET /BLA/boletinlegal/admin/index_files/7_5.gif HTTP/1.1" 200 1565
190.25.166.36 - - [01/Apr/2023:13:58:27 -0500] "GET /BLA/boletinlegal/admin/index_files/3_5.gif HTTP/1.1" 200 1633
190.25.166.36 - - [01/Apr/2023:13:58:27 -0500] "GET /BLA/boletinlegal/images/can.png HTTP/1.1" 200 37574
190.25.166.36 - - [01/Apr/2023:13:58:27 -0500] "GET /BLA/boletinlegal/admin/index_files/2_2.gif HTTP/1.1" 200 1728
190.25.166.36 - - [01/Apr/2023:13:58:27 -0500] "GET /BLA/boletinlegal/admin/index_files/7_1.gif HTTP/1.1" 200 1455
190.25.166.36 - - [01/Apr/2023:13:58:27 -0500] "GET /BLA/boletinlegal/admin/index_files/2_4.gif HTTP/1.1" 200 1763
190.25.166.36 - - [01/Apr/2023:13:58:27 -0500] "GET /BLA/boletinlegal/admin/index_files/index_files/tback.gif HTTP/1.1" 404 1334
186.30.73.106 - - [01/Apr/2023:13:58:34 -0500] "GET /BLA/resoluciones/index.php?dir=AUTOS+2015%2F HTTP/1.1" 200 581071
157.55.39.212 - - [01/Apr/2023:13:58:35 -0500] "GET /BLA/resoluciones/RESOLUCIONES%202022/2368.pdf HTTP/1.1" 200 387764
186.30.73.106 - - [01/Apr/2023:13:58:36 -0500] "GET /BLA/resoluciones/dlf/styles.css HTTP/1.1" 200 3049
186.30.73.106 - - [01/Apr/2023:13:58:36 -0500] "GET /BLA/resoluciones/dlf/dirup.png HTTP/1.1" 200 644
186.30.73.106 - - [01/Apr/2023:13:58:36 -0500] "GET /BLA/resoluciones/dlf/pdf.gif HTTP/1.1" 200 272
186.30.73.106 - - [01/Apr/2023:13:58:36 -0500] "GET /BLA/resoluciones/dlf/unknown.png HTTP/1.1" 200 266
186.30.73.106 - - [01/Apr/2023:13:58:36 -0500] "GET /BLA/resoluciones/dlf/bg.gif HTTP/1.1" 200 54
186.30.73.106 - - [01/Apr/2023:13:58:39 -0500] "GET /BLA/resoluciones/ HTTP/1.1" 200 13502
186.30.73.106 - - [01/Apr/2023:13:58:44 -0500] "GET /BLA/resoluciones/dlf/folder.png HTTP/1.1" 200 410
186.30.73.106 - - [01/Apr/2023:13:58:47 -0500] "GET /BLA/resoluciones/index.php?dir=AUTOS+2014%2F HTTP/1.1" 200 889384
190.25.166.36 - - [01/Apr/2023:13:58:49 -0500] "GET /BLA/boletinlegal/admin/actos/ingresar.php HTTP/1.1" 200 7209
190.25.166.36 - - [01/Apr/2023:13:58:49 -0500] "GET /BLA/boletinlegal/admin/css/default.css HTTP/1.1" 200 4379
190.25.166.36 - - [01/Apr/2023:13:58:49 -0500] "GET /BLA/boletinlegal/admin/js/jquery-1.3.1.min.js HTTP/1.1" 200 55272
190.25.166.36 - - [01/Apr/2023:13:58:49 -0500] "GET /BLA/boletinlegal/admin/js/nicEdit-latest.js HTTP/1.1" 200 38373
190.25.166.36 - - [01/Apr/2023:13:58:49 -0500] "GET /BLA/boletinlegal/admin/js/jquery.functions.js HTTP/1.1" 200 2317
190.25.166.36 - - [01/Apr/2023:13:58:50 -0500] "GET /BLA/boletinlegal/admin/img/h1.png HTTP/1.1" 200 3227
190.25.166.36 - - [01/Apr/2023:13:58:50 -0500] "GET /BLA/boletinlegal/admin/img/overlay.png HTTP/1.1" 200 984
190.25.166.36 - - [01/Apr/2023:13:58:51 -0500] "GET /BLA/boletinlegal/images/favicon.ico HTTP/1.1" 404 1328
186.30.73.106 - - [01/Apr/2023:13:59:17 -0500] "GET /BLA/resoluciones/AUTOS%202014/4091.pdf HTTP/1.1" 200 423008
104.232.215.25 - - [01/Apr/2023:13:59:17 -0500] "GET /secretaria-de-ambiente-ha-incautado-estos-dias-mas-de-55-kilos-de-palma-silvestre-y-refuerza-controles-previo-a-domingo-de-ramos.html HTTP/1.1" 200 1109
172.22.2.4 - - [01/Apr/2023:13:58:42 -0500] "HEAD /BLA/boletinlegal/ HTTP/1.1" 200 -
216.245.221.92 - - [01/Apr/2023:14:00:48 -0500] "HEAD / HTTP/1.1" 200 -
172.22.2.4 - - [01/Apr/2023:13:59:32 -0500] "GET /BLA/boletinlegal/ HTTP/1.1" 200 53914
190.25.166.36 - - [01/Apr/2023:14:01:43 -0500] "POST /BLA/boletinlegal/admin/actos/ingresar.php HTTP/1.1" 200 7302
190.93.142.96 - - [01/Apr/2023:14:02:45 -0500] "GET /appsia/controlador HTTP/1.1" 200 4799
190.93.142.96 - - [01/Apr/2023:14:02:45 -0500] "GET /appsia/css/estilos.css HTTP/1.1" 200 4804
190.93.142.96 - - [01/Apr/2023:14:02:45 -0500] "GET /appsia/scripts/validarIngreso.js HTTP/1.1" 200 851
190.93.142.96 - - [01/Apr/2023:14:02:45 -0500] "GET /appsia/images/cabezoteHojaVida.png HTTP/1.1" 200 32493
190.93.142.96 - - [01/Apr/2023:14:02:45 -0500] "GET /appsia/images/logo_bogota_p.png HTTP/1.1" 200 14951
190.93.142.96 - - [01/Apr/2023:14:02:45 -0500] "GET /favicon.ico HTTP/1.1" 200 7782
34.90.16.100 - - [01/Apr/2023:14:02:54 -0500] "GET /inventario-de-emisiones-2020-transporte-publico-sitp-redujo-emisiones-de-pm-2-5-en-un-37.html HTTP/1.1" 200 925
201.245.192.253 - - [01/Apr/2023:14:02:55 -0500] "POST /kwsrmcab/Wsrmcab  HTTP/1.1" 200 43001
190.93.142.96 - - [01/Apr/2023:14:03:08 -0500] "POST /appsia/controlador HTTP/1.1" 200 5437
190.93.142.96 - - [01/Apr/2023:14:03:13 -0500] "POST /appsia/controlador HTTP/1.1" 200 7789
190.93.142.96 - - [01/Apr/2023:14:03:22 -0500] "POST /appsia/controlador HTTP/1.1" 200 6654
190.93.142.96 - - [01/Apr/2023:14:03:26 -0500] "POST /appsia/controlador HTTP/1.1" 200 10615
35.204.179.221 - - [01/Apr/2023:14:05:24 -0500] "GET /inventario-de-emisiones-2020-transporte-publico-sitp-redujo-emisiones-de-pm-2-5-en-un-37.html HTTP/1.1" 200 925
190.93.142.96 - - [01/Apr/2023:14:05:35 -0500] "POST /appsia/controlador HTTP/1.1" 200 7789
190.93.142.96 - - [01/Apr/2023:14:05:38 -0500] "POST /appsia/controlador HTTP/1.1" 200 5437
190.93.142.96 - - [01/Apr/2023:14:05:39 -0500] "POST /appsia/controlador HTTP/1.1" 200 4799
216.245.221.92 - - [01/Apr/2023:14:05:48 -0500] "HEAD / HTTP/1.1" 200 -
172.22.2.4 - - [01/Apr/2023:14:04:32 -0500] "HEAD /BLA/boletinlegal/ HTTP/1.1" 200 -
172.22.2.4 - - [01/Apr/2023:14:06:32 -0500] "GET /BLA/boletinlegal/actos.php HTTP/1.1" 200 9672
179.33.120.208 - - [01/Apr/2023:14:06:47 -0500] "GET /secretaria-de-ambiente-ha-incautado-estos-dias-mas-de-55-kilos-de-palma-silvestre-y-refuerza-controles-previo-a-domingo-de-ramos.html HTTP/1.1" 200 1109
172.22.2.4 - - [01/Apr/2023:14:05:22 -0500] "GET /BLA/boletinlegal/ HTTP/1.1" 200 57141
201.245.192.253 - - [01/Apr/2023:14:07:51 -0500] "POST /kwsrmcab/Wsrmcab  HTTP/1.1" 200 43001
191.95.32.219 - - [01/Apr/2023:14:08:33 -0500] "GET /%C3%82%C2%BFquieres-aprender-sobre-jardines-verticales-esta-es-tu-oportunidad.html HTTP/1.1" 304 -
216.245.221.92 - - [01/Apr/2023:14:10:47 -0500] "HEAD / HTTP/1.1" 200 -
200.118.80.45 - - [01/Apr/2023:14:11:19 -0500] "GET /appsia/controlador HTTP/1.1" 200 4799
200.118.80.45 - - [01/Apr/2023:14:11:24 -0500] "POST /appsia/controlador HTTP/1.1" 200 3293
200.118.80.45 - - [01/Apr/2023:14:11:24 -0500] "GET /appsia/jscripts/validarSolicitud.js HTTP/1.1" 404 68
172.22.2.4 - - [01/Apr/2023:14:10:22 -0500] "HEAD /BLA/boletinlegal/ HTTP/1.1" 200 -
69.171.249.14 - - [01/Apr/2023:14:12:51 -0500] "GET /images/rendicion-de-cuentas-post-01-02-(1)_optimized.jpg HTTP/1.1" 200 121430
201.245.192.253 - - [01/Apr/2023:14:12:49 -0500] "POST /kwsrmcab/Wsrmcab  HTTP/1.1" 200 43001
172.22.2.4 - - [01/Apr/2023:14:11:12 -0500] "GET /BLA/boletinlegal/ HTTP/1.1" 200 55561
74.125.210.166 - - [01/Apr/2023:14:14:07 -0500] "GET /images/jardines-verticales_optimized.jpeg HTTP/1.1" 200 138197
107.170.237.19 - - [01/Apr/2023:14:15:24 -0500] "GET /druid/index.html HTTP/1.1" 404 1018
216.245.221.92 - - [01/Apr/2023:14:15:47 -0500] "HEAD / HTTP/1.1" 200 -
190.25.166.36 - - [01/Apr/2023:14:16:07 -0500] "POST /BLA/boletinlegal/admin/actos/ingresar.php HTTP/1.1" 200 7302
201.245.192.253 - - [01/Apr/2023:14:17:47 -0500] "POST /kwsrmcab/Wsrmcab  HTTP/1.1" 200 43001
172.22.2.4 - - [01/Apr/2023:14:16:12 -0500] "HEAD /BLA/boletinlegal/ HTTP/1.1" 200 -
193.32.162.159 - - [01/Apr/2023:14:18:13 -0500] "GET / HTTP/1.1" 200 319
193.32.162.159 - - [01/Apr/2023:14:18:23 -0500] "GET /dispatch.asp HTTP/1.1" 404 1018
