201.245.192.253 - - [20/Apr/2023:03:50:03 -0500] "POST /kwsrmcab/Wsrmcab  HTTP/1.1" 200 42096
172.111.57.159 - - [20/Apr/2023:03:50:19 -0500] "\x16\x03\x01" 400 226
45.152.177.168 - - [20/Apr/2023:03:50:19 -0500] "\x16\x03\x01\x02" 400 226
87.248.131.88 - - [20/Apr/2023:03:50:19 -0500] "\x16\x03\x01\x02" 400 226
138.36.93.159 - - [20/Apr/2023:03:50:19 -0500] "\x16\x03\x01" 400 226
172.111.57.121 - - [20/Apr/2023:03:50:20 -0500] "\x16\x03\x01" 400 226
173.252.83.116 - - [20/Apr/2023:03:50:26 -0500] "GET /galeria/galeria/fotos/Entrenube2P.jpg HTTP/1.1" 200 8416
66.249.70.168 - - [20/Apr/2023:03:51:07 -0500] "-" 408 -
216.245.221.92 - - [20/Apr/2023:03:52:47 -0500] "HEAD / HTTP/1.1" 200 -
172.22.2.4 - - [20/Apr/2023:03:51:31 -0500] "HEAD /BLA/boletinlegal/ HTTP/1.1" 200 -
172.22.2.4 - - [20/Apr/2023:03:52:13 -0500] "GET /BLA/boletinlegal/index.php HTTP/1.1" 200 47624
172.22.2.4 - - [20/Apr/2023:03:52:22 -0500] "GET /BLA/boletinlegal/ HTTP/1.1" 200 51620
201.245.192.253 - - [20/Apr/2023:03:55:02 -0500] "POST /kwsrmcab/Wsrmcab  HTTP/1.1" 200 42096
52.167.144.27 - - [20/Apr/2023:03:55:29 -0500] "GET /BLA/boletinlegal/notificaciones.php HTTP/1.1" 200 10015
216.245.221.92 - - [20/Apr/2023:03:57:47 -0500] "HEAD / HTTP/1.1" 200 -
172.22.2.4 - - [20/Apr/2023:03:57:21 -0500] "HEAD /BLA/boletinlegal/ HTTP/1.1" 200 -
172.22.2.4 - - [20/Apr/2023:03:58:12 -0500] "GET /BLA/boletinlegal/ HTTP/1.1" 200 56754
201.245.192.253 - - [20/Apr/2023:04:00:00 -0500] "POST /kwsrmcab/Wsrmcab  HTTP/1.1" 200 42096
172.22.2.4 - - [20/Apr/2023:04:01:52 -0500] "GET /BLA/boletinlegal/ HTTP/1.1" 200 36811
216.245.221.92 - - [20/Apr/2023:04:02:47 -0500] "HEAD / HTTP/1.1" 200 -
200.114.55.4 - - [20/Apr/2023:04:04:36 -0500] "-" 408 -
172.22.2.4 - - [20/Apr/2023:04:03:11 -0500] "HEAD /BLA/boletinlegal/ HTTP/1.1" 200 -
201.245.192.253 - - [20/Apr/2023:04:04:58 -0500] "POST /kwsrmcab/Wsrmcab  HTTP/1.1" 200 42096
172.22.2.4 - - [20/Apr/2023:04:04:02 -0500] "GET /BLA/boletinlegal/ HTTP/1.1" 200 59306
181.54.228.54 - - [20/Apr/2023:04:05:45 -0500] "GET /BLA/resoluciones/AUTOS%202021/5093.pdf HTTP/1.1" 200 369745
40.77.167.94 - - [20/Apr/2023:04:06:35 -0500] "GET /sipse/faces/index.xhtml HTTP/1.1" 200 677
199.16.157.182 - - [20/Apr/2023:04:07:01 -0500] "-" 408 -
216.245.221.92 - - [20/Apr/2023:04:07:47 -0500] "HEAD / HTTP/1.1" 200 -
201.245.192.253 - - [20/Apr/2023:04:09:57 -0500] "POST /kwsrmcab/Wsrmcab  HTTP/1.1" 200 42096
172.22.2.4 - - [20/Apr/2023:04:09:01 -0500] "HEAD /BLA/boletinlegal/ HTTP/1.1" 200 -
172.22.2.4 - - [20/Apr/2023:04:09:52 -0500] "GET /BLA/boletinlegal/ HTTP/1.1" 200 57561
216.245.221.92 - - [20/Apr/2023:04:12:47 -0500] "HEAD / HTTP/1.1" 200 -
172.22.2.4 - - [20/Apr/2023:04:13:03 -0500] "GET /BLA/boletinlegal/actos.php HTTP/1.1" 200 9682
66.249.70.168 - - [20/Apr/2023:04:13:53 -0500] "-" 408 -
201.245.192.253 - - [20/Apr/2023:04:14:56 -0500] "POST /kwsrmcab/Wsrmcab  HTTP/1.1" 200 42096
172.22.2.4 - - [20/Apr/2023:04:14:51 -0500] "HEAD /BLA/boletinlegal/ HTTP/1.1" 200 -
157.55.39.207 - - [20/Apr/2023:04:17:11 -0500] "GET /BLA/resoluciones/AUTOS%202021/2115.pdf HTTP/1.1" 200 435847
172.22.2.4 - - [20/Apr/2023:04:15:42 -0500] "GET /BLA/boletinlegal/ HTTP/1.1" 200 57945
216.245.221.92 - - [20/Apr/2023:04:17:47 -0500] "HEAD / HTTP/1.1" 200 -
201.245.192.253 - - [20/Apr/2023:04:19:55 -0500] "POST /kwsrmcab/Wsrmcab  HTTP/1.1" 200 42096
201.245.192.253 - - [20/Apr/2023:04:20:05 -0500] "POST /kwsrmcab/Wsrmcab HTTP/1.1" 200 42879
201.245.192.253 - - [20/Apr/2023:04:20:08 -0500] "POST /kwsrmcab/Wsrmcab HTTP/1.1" 200 43031
172.22.2.4 - - [20/Apr/2023:04:21:48 -0500] "GET /BLA/boletinlegal/actuator/gateway/routes HTTP/1.1" 404 1018
172.22.2.4 - - [20/Apr/2023:04:20:41 -0500] "HEAD /BLA/boletinlegal/ HTTP/1.1" 200 -
173.252.83.8 - - [20/Apr/2023:04:22:41 -0500] "GET /galeria/galeria/fotos/Humedal-Tibanica4P.jpg HTTP/1.1" 200 26708
216.245.221.92 - - [20/Apr/2023:04:22:47 -0500] "HEAD / HTTP/1.1" 200 -
172.22.2.4 - - [20/Apr/2023:04:21:32 -0500] "GET /BLA/boletinlegal/ HTTP/1.1" 200 58307
201.245.192.253 - - [20/Apr/2023:04:24:54 -0500] "POST /kwsrmcab/Wsrmcab  HTTP/1.1" 200 42096
52.167.144.125 - - [20/Apr/2023:04:25:21 -0500] "GET /galeria/galeria/fotos/Humedal-Santa-Mar%C3%ADa-del-Lago2G.jpg HTTP/1.1" 200 313606
172.22.2.4 - - [20/Apr/2023:04:25:50 -0500] "GET /BLA/boletinlegal/actos.php HTTP/1.1" 200 9682
216.245.221.92 - - [20/Apr/2023:04:27:47 -0500] "HEAD / HTTP/1.1" 200 -
172.22.2.4 - - [20/Apr/2023:04:26:31 -0500] "HEAD /BLA/boletinlegal/ HTTP/1.1" 200 -
66.249.79.109 - - [20/Apr/2023:04:28:17 -0500] "-" 408 -
172.22.2.4 - - [20/Apr/2023:04:27:22 -0500] "GET /BLA/boletinlegal/ HTTP/1.1" 200 57561
172.22.2.4 - - [20/Apr/2023:04:29:13 -0500] "GET /BLA/boletinlegal/actos.php HTTP/1.1" 200 9682
172.22.2.4 - - [20/Apr/2023:04:29:27 -0500] "GET /BLA/boletinlegal/actos.php HTTP/1.1" 200 9682
201.245.192.253 - - [20/Apr/2023:04:29:54 -0500] "POST /kwsrmcab/Wsrmcab  HTTP/1.1" 200 42096
201.245.192.253 - - [20/Apr/2023:04:30:05 -0500] "POST /kwsrmcab/Wsrmcab HTTP/1.1" 200 42879
201.245.192.253 - - [20/Apr/2023:04:30:07 -0500] "POST /kwsrmcab/Wsrmcab HTTP/1.1" 200 43031
157.55.39.207 - - [20/Apr/2023:04:30:35 -0500] "GET /BLA/resoluciones/AUTOS%202021/6371.pdf HTTP/1.1" 304 -
34.91.74.160 - - [20/Apr/2023:04:31:56 -0500] "GET /inventario-de-emisiones-2020-transporte-publico-sitp-redujo-emisiones-de-pm-2-5-en-un-37.html HTTP/1.1" 200 925
216.245.221.92 - - [20/Apr/2023:04:32:47 -0500] "HEAD / HTTP/1.1" 200 -
172.22.2.4 - - [20/Apr/2023:04:32:21 -0500] "HEAD /BLA/boletinlegal/ HTTP/1.1" 200 -
172.22.2.4 - - [20/Apr/2023:04:33:12 -0500] "GET /BLA/boletinlegal/ HTTP/1.1" 200 57561
201.245.192.253 - - [20/Apr/2023:04:34:54 -0500] "POST /kwsrmcab/Wsrmcab  HTTP/1.1" 200 42096
216.245.221.92 - - [20/Apr/2023:04:37:47 -0500] "HEAD / HTTP/1.1" 200 -
66.249.70.173 - - [20/Apr/2023:04:37:49 -0500] "-" 408 -
66.249.70.172 - - [20/Apr/2023:04:39:48 -0500] "-" 408 -
172.22.2.4 - - [20/Apr/2023:04:38:11 -0500] "HEAD /BLA/boletinlegal/ HTTP/1.1" 200 -
201.245.192.253 - - [20/Apr/2023:04:39:53 -0500] "POST /kwsrmcab/Wsrmcab  HTTP/1.1" 200 42096
201.245.192.253 - - [20/Apr/2023:04:40:05 -0500] "POST /kwsrmcab/Wsrmcab HTTP/1.1" 200 42879
201.245.192.253 - - [20/Apr/2023:04:40:08 -0500] "POST /kwsrmcab/Wsrmcab HTTP/1.1" 200 43031
172.22.2.4 - - [20/Apr/2023:04:39:02 -0500] "GET /BLA/boletinlegal/ HTTP/1.1" 200 51032
52.167.144.27 - - [20/Apr/2023:04:40:56 -0500] "GET /BLA/resoluciones/AUTOS%202021/5795.pdf HTTP/1.1" 304 -
200.114.47.8 - - [20/Apr/2023:04:41:24 -0500] "-" 408 -
157.55.39.207 - - [20/Apr/2023:04:41:33 -0500] "GET /BLA/resoluciones/RESOLUCIONES%202021/1969.pdf HTTP/1.1" 200 343157
216.245.221.92 - - [20/Apr/2023:04:42:47 -0500] "HEAD / HTTP/1.1" 200 -
201.245.192.253 - - [20/Apr/2023:04:44:53 -0500] "POST /kwsrmcab/Wsrmcab  HTTP/1.1" 200 42096
66.249.70.173 - - [20/Apr/2023:04:45:24 -0500] "-" 408 -
66.249.79.107 - - [20/Apr/2023:04:45:30 -0500] "-" 408 -
172.22.2.4 - - [20/Apr/2023:04:44:01 -0500] "HEAD /BLA/boletinlegal/ HTTP/1.1" 200 -
172.22.2.4 - - [20/Apr/2023:04:44:52 -0500] "GET /BLA/boletinlegal/ HTTP/1.1" 200 53114
66.249.70.168 - - [20/Apr/2023:04:46:35 -0500] "-" 408 -
34.90.208.247 - - [20/Apr/2023:04:46:54 -0500] "GET /inventario-de-emisiones-2020-transporte-publico-sitp-redujo-emisiones-de-pm-2-5-en-un-37.html HTTP/1.1" 200 925
216.245.221.92 - - [20/Apr/2023:04:47:47 -0500] "HEAD / HTTP/1.1" 200 -
201.245.192.253 - - [20/Apr/2023:04:49:52 -0500] "POST /kwsrmcab/Wsrmcab  HTTP/1.1" 200 42096
172.22.2.4 - - [20/Apr/2023:04:49:51 -0500] "HEAD /BLA/boletinlegal/ HTTP/1.1" 200 -
114.119.142.189 - - [20/Apr/2023:04:51:38 -0500] "-" 408 -
172.22.2.4 - - [20/Apr/2023:04:50:42 -0500] "GET /BLA/boletinlegal/ HTTP/1.1" 200 57151
40.77.189.159 - - [20/Apr/2023:04:52:29 -0500] "GET /BLA/boletinlegal/js/jquery.scrollShow.js HTTP/1.1" 200 4586
66.249.70.168 - - [20/Apr/2023:04:52:39 -0500] "-" 408 -
216.245.221.92 - - [20/Apr/2023:04:52:47 -0500] "HEAD / HTTP/1.1" 200 -
201.245.192.253 - - [20/Apr/2023:04:54:51 -0500] "POST /kwsrmcab/Wsrmcab  HTTP/1.1" 200 42096
113.87.250.11 - - [20/Apr/2023:04:55:12 -0500] "POST /GponForm/diag_Form?images/ HTTP/1.1" 404 1013
172.22.2.4 - - [20/Apr/2023:04:55:41 -0500] "HEAD /BLA/boletinlegal/ HTTP/1.1" 200 -
216.245.221.92 - - [20/Apr/2023:04:57:47 -0500] "HEAD / HTTP/1.1" 200 -
172.22.2.4 - - [20/Apr/2023:04:56:32 -0500] "GET /BLA/boletinlegal/ HTTP/1.1" 200 58307
201.245.192.253 - - [20/Apr/2023:04:59:50 -0500] "POST /kwsrmcab/Wsrmcab  HTTP/1.1" 200 42096
199.16.157.180 - - [20/Apr/2023:05:00:32 -0500] "GET /ascenso-tecnologico-distrito-firma-decreto-que-permitira-renovar-parte-de-los-vehiculos-de-carga-y-asi-reducir-emisiones-contaminantes.html HTTP/1.1" 200 1058
199.16.157.181 - - [20/Apr/2023:05:00:33 -0500] "GET /images/Secretarias%20Fondo%20carga%206%20de%20febrero.jpeg HTTP/1.1" 200 55460
179.19.153.211 - - [20/Apr/2023:05:02:10 -0500] "GET /mujeres-que-reverdecen-secretaria-de-ambiente-anuncia-el-inicio-de-la-tercera-fase.html HTTP/1.1" 200 954
34.147.93.45 - - [20/Apr/2023:05:02:41 -0500] "GET /inventario-de-emisiones-2020-transporte-publico-sitp-redujo-emisiones-de-pm-2-5-en-un-37.html HTTP/1.1" 200 925
216.245.221.92 - - [20/Apr/2023:05:02:47 -0500] "HEAD / HTTP/1.1" 200 -
172.22.2.4 - - [20/Apr/2023:05:01:31 -0500] "HEAD /BLA/boletinlegal/ HTTP/1.1" 200 -
172.22.2.4 - - [20/Apr/2023:05:02:22 -0500] "GET /BLA/boletinlegal/ HTTP/1.1" 200 54424
66.249.79.109 - - [20/Apr/2023:05:04:05 -0500] "-" 408 -
172.22.2.4 - - [20/Apr/2023:05:04:28 -0500] "GET /BLA/boletinlegal/actos.php HTTP/1.1" 200 9682
201.245.192.253 - - [20/Apr/2023:05:04:45 -0500] "POST /kwsrmcab/Wsrmcab  HTTP/1.1" 200 42096
52.167.144.132 - - [20/Apr/2023:05:05:21 -0500] "-" 408 -
172.22.2.4 - - [20/Apr/2023:05:05:32 -0500] "GET /BLA/boletinlegal/actos.php HTTP/1.1" 200 9682
40.77.167.84 - - [20/Apr/2023:05:07:36 -0500] "GET / HTTP/1.1" 200 319
216.245.221.92 - - [20/Apr/2023:05:07:47 -0500] "HEAD / HTTP/1.1" 200 -
172.22.2.4 - - [20/Apr/2023:05:07:21 -0500] "HEAD /BLA/boletinlegal/ HTTP/1.1" 200 -
52.167.144.27 - - [20/Apr/2023:05:09:36 -0500] "GET /BLA/resoluciones/AUTOS%202022/6040.pdf HTTP/1.1" 200 401707
201.245.192.253 - - [20/Apr/2023:05:09:44 -0500] "POST /kwsrmcab/Wsrmcab  HTTP/1.1" 200 42096
172.22.2.4 - - [20/Apr/2023:05:08:12 -0500] "GET /BLA/boletinlegal/ HTTP/1.1" 200 57151
216.245.221.92 - - [20/Apr/2023:05:12:47 -0500] "HEAD / HTTP/1.1" 200 -
152.203.43.97 - - [20/Apr/2023:05:13:16 -0500] "GET /BLA/resoluciones/ HTTP/1.1" 200 13502
152.203.43.97 - - [20/Apr/2023:05:13:19 -0500] "GET /BLA/resoluciones/index.php?dir=AUTOS+2017%2F HTTP/1.1" 200 465543
152.203.43.97 - - [20/Apr/2023:05:13:38 -0500] "GET /BLA/resoluciones/AUTOS%202017/2436.pdf HTTP/1.1" 200 365494
66.249.70.172 - - [20/Apr/2023:05:14:07 -0500] "-" 408 -
201.245.192.253 - - [20/Apr/2023:05:14:46 -0500] "POST /kwsrmcab/Wsrmcab  HTTP/1.1" 200 42096
172.22.2.4 - - [20/Apr/2023:05:13:11 -0500] "HEAD /BLA/boletinlegal/ HTTP/1.1" 200 -
66.249.79.105 - - [20/Apr/2023:05:15:12 -0500] "-" 408 -
152.203.43.97 - - [20/Apr/2023:05:15:35 -0500] "GET /BLA/resoluciones/ HTTP/1.1" 200 13502
152.203.43.97 - - [20/Apr/2023:05:15:38 -0500] "GET /BLA/resoluciones/index.php?dir=AUTOS+2020%2F HTTP/1.1" 200 328123
172.22.2.4 - - [20/Apr/2023:05:14:02 -0500] "GET /BLA/boletinlegal/ HTTP/1.1" 200 54424
152.203.43.97 - - [20/Apr/2023:05:15:46 -0500] "GET /BLA/resoluciones/index.php?dir=AUTOS+2020%2F HTTP/1.1" 200 328123
152.203.43.97 - - [20/Apr/2023:05:15:52 -0500] "GET /BLA/resoluciones/AUTOS%202020/3248.pdf HTTP/1.1" 200 384499
172.22.2.4 - - [20/Apr/2023:05:15:28 -0500] "GET /BLA/boletinlegal/ HTTP/1.1" 200 60506
216.245.221.92 - - [20/Apr/2023:05:17:47 -0500] "HEAD / HTTP/1.1" 200 -
162.55.175.143 - - [20/Apr/2023:05:19:39 -0500] "GET / HTTP/1.1" 200 319
162.55.175.143 - - [20/Apr/2023:05:19:41 -0500] "GET / HTTP/1.1" 200 4720
201.245.192.253 - - [20/Apr/2023:05:19:45 -0500] "POST /kwsrmcab/Wsrmcab  HTTP/1.1" 200 42096
201.245.192.253 - - [20/Apr/2023:05:20:05 -0500] "POST /kwsrmcab/Wsrmcab HTTP/1.1" 200 42883
201.245.192.253 - - [20/Apr/2023:05:20:07 -0500] "POST /kwsrmcab/Wsrmcab HTTP/1.1" 200 43022
157.55.39.220 - - [20/Apr/2023:05:20:16 -0500] "GET /BLA/resoluciones/ HTTP/1.1" 200 13502
172.22.2.4 - - [20/Apr/2023:05:19:01 -0500] "HEAD /BLA/boletinlegal/ HTTP/1.1" 200 -
152.203.43.97 - - [20/Apr/2023:05:21:05 -0500] "GET /BLA/resoluciones/ HTTP/1.1" 200 13502
152.203.43.97 - - [20/Apr/2023:05:21:15 -0500] "GET /BLA/resoluciones/index.php?dir=AUTOS+2017%2F HTTP/1.1" 200 465543
152.203.43.97 - - [20/Apr/2023:05:21:18 -0500] "GET /BLA/resoluciones/AUTOS%202017/2441.pdf HTTP/1.1" 200 326381
172.22.2.4 - - [20/Apr/2023:05:19:53 -0500] "GET /BLA/boletinlegal/ HTTP/1.1" 200 56287
66.249.79.105 - - [20/Apr/2023:05:22:14 -0500] "-" 408 -
216.245.221.92 - - [20/Apr/2023:05:22:47 -0500] "HEAD / HTTP/1.1" 200 -
152.203.43.97 - - [20/Apr/2023:05:23:36 -0500] "GET /BLA/resoluciones/AUTOS%202017/2431.pdf HTTP/1.1" 200 612355
201.245.192.253 - - [20/Apr/2023:05:24:44 -0500] "POST /kwsrmcab/Wsrmcab  HTTP/1.1" 200 42096
157.55.39.207 - - [20/Apr/2023:05:25:02 -0500] "GET /catalogoisis/ HTTP/1.1" 200 8575
172.22.2.4 - - [20/Apr/2023:05:25:06 -0500] "GET /BLA/boletinlegal/.git/config HTTP/1.1" 404 1018
152.203.43.97 - - [20/Apr/2023:05:25:35 -0500] "GET /BLA/resoluciones/ HTTP/1.1" 200 13502
152.203.43.97 - - [20/Apr/2023:05:25:59 -0500] "GET /BLA/resoluciones/index.php?dir=AUTOS+2017%2F HTTP/1.1" 200 465543
152.203.43.97 - - [20/Apr/2023:05:26:04 -0500] "GET /BLA/resoluciones/AUTOS%202017/2775.pdf HTTP/1.1" 200 370071
172.22.2.4 - - [20/Apr/2023:05:24:51 -0500] "HEAD /BLA/boletinlegal/ HTTP/1.1" 200 -
172.22.2.4 - - [20/Apr/2023:05:25:42 -0500] "GET /BLA/boletinlegal/ HTTP/1.1" 200 52326
216.245.221.92 - - [20/Apr/2023:05:27:47 -0500] "HEAD / HTTP/1.1" 200 -
152.203.43.97 - - [20/Apr/2023:05:28:49 -0500] "GET /BLA/resoluciones/AUTOS%202017/2125.pdf HTTP/1.1" 200 364228
201.245.192.253 - - [20/Apr/2023:05:29:42 -0500] "POST /kwsrmcab/Wsrmcab  HTTP/1.1" 200 42096
201.245.192.253 - - [20/Apr/2023:05:30:05 -0500] "POST /kwsrmcab/Wsrmcab HTTP/1.1" 200 42883
201.245.192.253 - - [20/Apr/2023:05:30:08 -0500] "POST /kwsrmcab/Wsrmcab HTTP/1.1" 200 43022
152.203.43.97 - - [20/Apr/2023:05:30:30 -0500] "GET /BLA/resoluciones/ HTTP/1.1" 200 13502
66.249.79.107 - - [20/Apr/2023:05:30:39 -0500] "-" 408 -
152.203.43.97 - - [20/Apr/2023:05:30:44 -0500] "GET /BLA/resoluciones/index.php?dir=AUTOS+2017%2F HTTP/1.1" 200 465543
152.203.43.97 - - [20/Apr/2023:05:30:48 -0500] "GET /BLA/resoluciones/AUTOS%202017/2124.pdf HTTP/1.1" 200 373365
152.203.43.97 - - [20/Apr/2023:05:31:53 -0500] "GET /BLA/resoluciones/AUTOS%202017/2453.pdf HTTP/1.1" 200 913897
172.22.2.4 - - [20/Apr/2023:05:30:41 -0500] "HEAD /BLA/boletinlegal/ HTTP/1.1" 200 -
216.245.221.92 - - [20/Apr/2023:05:32:47 -0500] "HEAD / HTTP/1.1" 200 -
172.22.2.4 - - [20/Apr/2023:05:31:32 -0500] "GET /BLA/boletinlegal/ HTTP/1.1" 200 58307
152.203.43.97 - - [20/Apr/2023:05:33:43 -0500] "GET /BLA/resoluciones/AUTOS%202017/2664.pdf HTTP/1.1" 200 2096962
201.245.192.253 - - [20/Apr/2023:05:34:41 -0500] "POST /kwsrmcab/Wsrmcab  HTTP/1.1" 200 42096
152.203.43.97 - - [20/Apr/2023:05:35:12 -0500] "GET /BLA/resoluciones/AUTOS%202017/2429.pdf HTTP/1.1" 200 1924542
172.22.2.4 - - [20/Apr/2023:05:34:51 -0500] "GET /BLA/boletinlegal/ HTTP/1.1" 200 20427
152.203.43.97 - - [20/Apr/2023:05:35:48 -0500] "GET /BLA/resoluciones/ HTTP/1.1" 200 13502
152.203.43.97 - - [20/Apr/2023:05:36:36 -0500] "GET /BLA/resoluciones/index.php?dir=AUTOS+2017%2F HTTP/1.1" 200 465543
152.203.43.97 - - [20/Apr/2023:05:36:41 -0500] "GET /BLA/resoluciones/AUTOS%202017/2150.pdf HTTP/1.1" 200 1305924
216.245.221.92 - - [20/Apr/2023:05:37:47 -0500] "HEAD / HTTP/1.1" 200 -
152.203.43.97 - - [20/Apr/2023:05:38:01 -0500] "GET /BLA/resoluciones/AUTOS%202017/2232.pdf HTTP/1.1" 200 703601
172.22.2.4 - - [20/Apr/2023:05:36:31 -0500] "HEAD /BLA/boletinlegal/ HTTP/1.1" 200 -
172.22.2.4 - - [20/Apr/2023:05:37:22 -0500] "GET /BLA/boletinlegal/ HTTP/1.1" 200 54424
152.203.43.97 - - [20/Apr/2023:05:39:19 -0500] "GET /BLA/resoluciones/AUTOS%202017/2207.pdf HTTP/1.1" 200 589363
162.55.165.184 - - [20/Apr/2023:05:39:34 -0500] "GET / HTTP/1.1" 200 319
162.55.165.184 - - [20/Apr/2023:05:39:35 -0500] "GET / HTTP/1.1" 200 4720
201.245.192.253 - - [20/Apr/2023:05:39:41 -0500] "POST /kwsrmcab/Wsrmcab  HTTP/1.1" 200 42096
201.245.192.253 - - [20/Apr/2023:05:40:05 -0500] "POST /kwsrmcab/Wsrmcab HTTP/1.1" 200 42883
201.245.192.253 - - [20/Apr/2023:05:40:07 -0500] "POST /kwsrmcab/Wsrmcab HTTP/1.1" 200 43022
186.30.33.191 - - [20/Apr/2023:05:40:16 -0500] "GET /kwssiamovil/sm/ldap/au?x=U2FsdGVkX18EmJfmxnnQqLQ2oGm49aCVYaKTxdV6vb4BnlukDXPKCA3NjO9nEmk5&y=U2FsdGVkX1+/bzMnlFlROg/qSR7XMpe8hOxvZxLqQFdX99UJeP8xNF+mTcQg/tVJ HTTP/1.1" 200 30
186.30.33.191 - - [20/Apr/2023:05:40:16 -0500] "GET /kwssiamovil/sm/acme/s?s=U2FsdGVkX1/qZNEtAZsY69Y2sBPN4zFHLKN83iXslsXjB8NealRetr8IXfWQsjBcY7Z9dZkNptsbkCwVFCOEKoKGCnNZDrOlDnuh7y/3ZnI=&u=U2FsdGVkX1+xRaYEMEjE9AzK99p9Rt3N1eKH6IgPRwa/a62HJ6zPDX0IgKYwg7aU&y=U2FsdGVkX1+/bzMnlFlROg/qSR7XMpe8hOxvZxLqQFdX99UJeP8xNF+mTcQg/tVJ HTTP/1.1" 200 97
186.30.33.191 - - [20/Apr/2023:05:40:16 -0500] "GET /kwssiamovil/sm/acme/s?s=U2FsdGVkX1+9zV8Za+QXGL/rJDm8tUnM6YxJX8YLKNRfH2qFfQ2qqRxjLm3b/Gq0XT1P8jAM0WVBLxE76XvE+CiuDPyHpNC3O54aQMVkmZEg+o5Iiw56rXJy8fkFwY/P3kfnn6iF7ReCXiz9NGpSlXmfeTarQfo3nTgan+636cVpx9XnR4E+XwLWP8VEazknpnTGLNTTyOw15Ywx5IPIy1AMH+6xdZv9WIRy8ye186Oky4yi5K6RymgjCzpLLGPctl63sBEAFuUSEia9TQL2FBg5r9E1iqV9DUXHR3+V+1Ko0C/mt/sHtK/oriseYOvBXbDU9wV9fNwSo0iXa71aJu83lIkvf2PfvgmsvIaCW+9W27//b/X/jvpurfD5vJQm4h7sndOZJ4CTlGyvf03TXbaqp0GoJiymEBlxoSnjjA8tinns3CuyNlbwUPzX6uyTvKqyjckDLET8mn34mhmxcbBc5Srep4JesOk2btjFULMsfgSrPe6JXXxspEofyzaF/3CP7bOp27Qb2a1GYySFjo2LwBcSF4RJZZ84xw4yAZ7mGqx3+zvbi2IOWR+lGY1UHXvnWh8mJZUWL6NUmwN9U5FQJjzXBNBvD7DYYbDjXGJRCVeyL91FBGK1PZ+7z+O8hXPAn6LvPE/EZ2z5XXWNX69RZU3IMFSYvzxSMgvHxcpctBPbja9eck+ZxFHkHsdvbd49nfmDBEnyahZqdyoVej9dRcd6P3eLT3CnyjQ+FwBWX65PIypIlIt+SxXnyMMvFd3VsdDlOG01HFeMC4OmStGlYwxSzhCJm7KkoWARh7cpY6HRsxggEd42TGALPP2fsOSDuPEGkX6fDuy7yhIf7hjzoon08v0p98bDj6ur6AmBs49vFPjhB8hSEFDqOcmHvDhTacdLBn4B+ASNsjPg/bFjBKJH0wdyo35mowOJpWe79CeD0I8fpsmpExoETEtAso+QYnrgmIL7nRwAXVAPloqfz4svbQqR6lPxmbUkuFdT6AScMWOsKyK+AHiN+Sh2zjkFLaGcJ9gH7V98FxZHC6jEoPClye5hVfOlJmsEA6yu7BzUJ/081UlOESsbZf5pJnPw1GMJ4OmSedER3PVPtZmFkXHpH/2ySDWkPickI4NVBppf+4WanM8EgnqjF4+y6iVd0bUWSbyA18Fo9xLumWeJ0dWxJzSCjLoBrlI9n8TDMp3fK0TPEAkvDXTxB87rR2WJxiyFxhMspOZEPhn9ZxHQ0nUxLn5lH03VMo06c9mzrQUW9UK2fLsP+X21WS5VT+iRkl88YFl79of4rYV7TzUcBOWhzE9nfGfABd4Dk4RpY9VpKLxO/kY5MpU6LohJIeGd0qIFyhT1TVLYAX2XA3AmHweSM4GoPLAE0xfuz/KP6mbA9NDtsq5HbOzdDq1JxBRRwS0dX8xzPJqjQjEjTLYfAcqYQxO1v/4EYVQJFfo=&u=U2FsdGVkX1+xRaYEMEjE9AzK99p9Rt3N1eKH6IgPRwa/a62HJ6zPDX0IgKYwg7aU&y=U2FsdGVkX1+/bzMnlFlROg/qSR7XMpe8hOxvZxLqQFdX99UJeP8xNF+mTcQg/tVJ HTTP/1.1" 200 1572
186.30.33.191 - - [20/Apr/2023:05:40:16 -0500] "GET /kwssiamovil/sm/acme/s?s=U2FsdGVkX1/mgnQiCI6yfbG+Ck3N4kUxREaB3r3nmtRar1xvF/d32SQdRlUYQoerPGCkKkVdSCZQlBzaZhheApj0T2nprndRDBuo1mAB1v3fJ5E0088HUnDgtTWWZj+M4221CcQwD+v+cI3lodl5XyNHwgSyE/aQOT9RSfvSlP5WUQZZ+WyWRWtLmhHur67xGUyTOS2El6+ucR1x3841CJU4g963Mzf061aF1X2O/M6paogTWEg/n/pgEGd/pOJx9dmCoEh5NacBEN3fEwrwVICHoVhjHZsIBK2pHCprO3/4Vf2tNawujXDOs6R9OanKCZYpBM7L0Rj2K7JX1eA440luqN2FjY3crcdHePiQJ/U=&u=U2FsdGVkX1+xRaYEMEjE9AzK99p9Rt3N1eKH6IgPRwa/a62HJ6zPDX0IgKYwg7aU&y=U2FsdGVkX1+/bzMnlFlROg/qSR7XMpe8hOxvZxLqQFdX99UJeP8xNF+mTcQg/tVJ HTTP/1.1" 200 196
186.30.33.191 - - [20/Apr/2023:05:40:17 -0500] "GET /kwssiamovil/sm/cjson/pre?f=1&x=U2FsdGVkX18EmJfmxnnQqLQ2oGm49aCVYaKTxdV6vb4BnlukDXPKCA3NjO9nEmk5 HTTP/1.1" 200 31032
186.30.33.191 - - [20/Apr/2023:05:40:28 -0500] "GET /kwssiamovil/sm/acme/u?s=U2FsdGVkX18liwYV3eqEQEs7MFyJrrScKvBs+V6LcWDxur3cjZrmex3T9oRzieq3/J1V4t1gpzeH2XvphgEDdWMO46qha5hrSDwmEaaOeyqrGSp5BxIwdEGsv9h2HkM00gQDtBQaw+dD2BJbwZBWKICJZqUuJdE4L9YeBTxIxAA=&u=U2FsdGVkX1+xRaYEMEjE9AzK99p9Rt3N1eKH6IgPRwa/a62HJ6zPDX0IgKYwg7aU&y=U2FsdGVkX1+/bzMnlFlROg/qSR7XMpe8hOxvZxLqQFdX99UJeP8xNF+mTcQg/tVJ HTTP/1.1" 200 60
186.30.33.191 - - [20/Apr/2023:05:40:34 -0500] "GET /kwssiamovil/sm/acme/u?s=U2FsdGVkX1+AbDmJXmjOXpuwrXsef3ogNEIkQg4HUd5nDd0gT77IBI5yXrEtDGXeX6U35hWDYa+6x0MDSOQV9YQ6QhDuQM6PwZgyb0jKv3KFNJYS5IghkRMqHSVPwmGREa4ewgNRYpfarV0DBkafV87eFQtGyMFpYGwCipMVChE=&u=U2FsdGVkX1+xRaYEMEjE9AzK99p9Rt3N1eKH6IgPRwa/a62HJ6zPDX0IgKYwg7aU&y=U2FsdGVkX1+/bzMnlFlROg/qSR7XMpe8hOxvZxLqQFdX99UJeP8xNF+mTcQg/tVJ HTTP/1.1" 200 60
152.203.43.97 - - [20/Apr/2023:05:40:40 -0500] "GET /BLA/resoluciones/AUTOS%202017/2219.pdf HTTP/1.1" 200 373067
186.30.33.191 - - [20/Apr/2023:05:40:58 -0500] "GET /kwssiamovil/sm/acme/u?s=U2FsdGVkX18TfQA5p/g1crJRvWghPsg9SOpd50x9DXIIUioh6OnQaKZEK4Y4jNSH6ABnvFIHm5IO7IWSv60CMjIVwuv0VnWQr4fJSV0A9k1DzzoDtWv8c2Ie5NiQPMm94ZPQIZE1P3AxcX+5I8hLYaeMbs+CjP+6XwTYXitb8lw=&u=U2FsdGVkX1+xRaYEMEjE9AzK99p9Rt3N1eKH6IgPRwa/a62HJ6zPDX0IgKYwg7aU&y=U2FsdGVkX1+/bzMnlFlROg/qSR7XMpe8hOxvZxLqQFdX99UJeP8xNF+mTcQg/tVJ HTTP/1.1" 200 60
157.55.39.220 - - [20/Apr/2023:05:42:18 -0500] "GET /BLA/resoluciones/RESOLUCIONES%202022/1174.pdf HTTP/1.1" 304 -
152.203.43.97 - - [20/Apr/2023:05:42:25 -0500] "GET /BLA/resoluciones/index.php?dir=AUTOS+2018%2F HTTP/1.1" 200 456491
152.203.43.97 - - [20/Apr/2023:05:42:28 -0500] "GET /BLA/resoluciones/AUTOS%202018/1031.pdf HTTP/1.1" 200 287821
66.249.79.105 - - [20/Apr/2023:05:42:30 -0500] "-" 408 -
216.245.221.92 - - [20/Apr/2023:05:42:47 -0500] "HEAD / HTTP/1.1" 200 -
172.22.2.4 - - [20/Apr/2023:05:42:21 -0500] "HEAD /BLA/boletinlegal/ HTTP/1.1" 200 -
181.59.2.144 - - [20/Apr/2023:05:44:40 -0500] "GET /mujeres-que-reverdecen-secretaria-de-ambiente-anuncia-el-inicio-de-la-tercera-fase.html HTTP/1.1" 200 954
201.245.192.253 - - [20/Apr/2023:05:44:40 -0500] "POST /kwsrmcab/Wsrmcab  HTTP/1.1" 200 42096
172.22.2.4 - - [20/Apr/2023:05:43:12 -0500] "GET /BLA/boletinlegal/ HTTP/1.1" 200 57151
152.203.43.97 - - [20/Apr/2023:05:45:14 -0500] "GET /BLA/resoluciones/index.php?dir=AUTOS+2017%2F HTTP/1.1" 200 465543
152.203.43.97 - - [20/Apr/2023:05:45:19 -0500] "GET /BLA/resoluciones/AUTOS%202017/2163.pdf HTTP/1.1" 200 5438615
152.203.43.97 - - [20/Apr/2023:05:47:20 -0500] "GET /BLA/resoluciones/AUTOS%202017/2668.pdf HTTP/1.1" 200 1645132
216.245.221.92 - - [20/Apr/2023:05:47:47 -0500] "HEAD / HTTP/1.1" 200 -
152.203.43.97 - - [20/Apr/2023:05:49:25 -0500] "GET /BLA/resoluciones/AUTOS%202017/2665.pdf HTTP/1.1" 200 4489904
201.245.192.253 - - [20/Apr/2023:05:49:40 -0500] "POST /kwsrmcab/Wsrmcab  HTTP/1.1" 200 42096
172.22.2.4 - - [20/Apr/2023:05:48:11 -0500] "HEAD /BLA/boletinlegal/ HTTP/1.1" 200 -
40.77.167.240 - - [20/Apr/2023:05:50:35 -0500] "GET /distrito-presenta-proyecto-de-energia-solar-y-eficiencia-energetica-para-entidades-publicas-de-bogota.html HTTP/1.1" 200 908
172.22.2.4 - - [20/Apr/2023:05:49:02 -0500] "GET /BLA/boletinlegal/ HTTP/1.1" 200 57945
35.204.196.122 - - [20/Apr/2023:05:50:54 -0500] "GET /inventario-de-emisiones-2020-transporte-publico-sitp-redujo-emisiones-de-pm-2-5-en-un-37.html HTTP/1.1" 200 925
66.249.79.105 - - [20/Apr/2023:05:50:56 -0500] "-" 408 -
172.22.2.4 - - [20/Apr/2023:05:50:59 -0500] "GET /BLA/boletinlegal/actos.php HTTP/1.1" 200 9682
152.203.43.97 - - [20/Apr/2023:05:51:05 -0500] "GET /BLA/resoluciones/AUTOS%202017/2164.pdf HTTP/1.1" 200 2010109
172.22.2.4 - - [20/Apr/2023:05:51:44 -0500] "GET /BLA/boletinlegal/actos.php HTTP/1.1" 200 9682
167.94.138.35 - - [20/Apr/2023:05:52:46 -0500] "GET / HTTP/1.1" 200 319
167.94.138.35 - - [20/Apr/2023:05:52:46 -0500] "GET / HTTP/1.1" 200 319
167.94.138.35 - - [20/Apr/2023:05:52:46 -0500] "PRI * HTTP/2.0" 400 946
167.94.138.35 - - [20/Apr/2023:05:52:47 -0500] "GET /favicon.ico HTTP/1.1" 200 7782
216.245.221.92 - - [20/Apr/2023:05:52:47 -0500] "HEAD / HTTP/1.1" 200 -
172.22.2.4 - - [20/Apr/2023:05:53:05 -0500] "GET /BLA/boletinlegal/actos.php HTTP/1.1" 200 9682
172.22.2.4 - - [20/Apr/2023:05:53:35 -0500] "GET /BLA/boletinlegal/actos.php HTTP/1.1" 200 9682
186.84.90.235 - - [20/Apr/2023:05:54:30 -0500] "GET /BLA/resoluciones/ HTTP/1.1" 200 13502
201.245.192.253 - - [20/Apr/2023:05:54:39 -0500] "POST /kwsrmcab/Wsrmcab  HTTP/1.1" 200 42096
172.22.2.4 - - [20/Apr/2023:05:54:45 -0500] "GET /BLA/boletinlegal/actos.php HTTP/1.1" 200 9682
66.249.70.168 - - [20/Apr/2023:05:55:10 -0500] "-" 408 -
74.125.210.162 - - [20/Apr/2023:05:55:38 -0500] "GET /images/jardines-verticales_optimized.jpeg HTTP/1.1" 200 138197
172.22.2.4 - - [20/Apr/2023:05:54:01 -0500] "HEAD /BLA/boletinlegal/ HTTP/1.1" 200 -
152.203.43.97 - - [20/Apr/2023:05:55:41 -0500] "GET /BLA/resoluciones/AUTOS%202017/2368.pdf HTTP/1.1" 200 2766333
172.22.2.4 - - [20/Apr/2023:05:54:51 -0500] "GET /BLA/boletinlegal/ HTTP/1.1" 200 55221
172.22.2.4 - - [20/Apr/2023:05:56:37 -0500] "GET /BLA/boletinlegal/actos.php HTTP/1.1" 200 9682
152.203.43.97 - - [20/Apr/2023:05:57:27 -0500] "GET /BLA/resoluciones/AUTOS%202017/2967.pdf HTTP/1.1" 200 1367344
172.22.2.4 - - [20/Apr/2023:05:57:29 -0500] "GET /BLA/boletinlegal/actos.php HTTP/1.1" 200 9682
172.22.2.4 - - [20/Apr/2023:05:57:33 -0500] "GET /BLA/boletinlegal/actos.php HTTP/1.1" 200 9682
216.245.221.92 - - [20/Apr/2023:05:57:47 -0500] "HEAD / HTTP/1.1" 200 -
34.91.103.66 - - [20/Apr/2023:05:58:04 -0500] "GET /inventario-de-emisiones-2020-transporte-publico-sitp-redujo-emisiones-de-pm-2-5-en-un-37.html HTTP/1.1" 200 925
34.147.86.107 - - [20/Apr/2023:05:58:31 -0500] "GET /inventario-de-emisiones-2020-transporte-publico-sitp-redujo-emisiones-de-pm-2-5-en-un-37.html HTTP/1.1" 200 925
66.249.79.105 - - [20/Apr/2023:05:58:37 -0500] "-" 408 -
152.203.43.97 - - [20/Apr/2023:05:58:45 -0500] "GET /BLA/resoluciones/AUTOS%202017/2669.pdf HTTP/1.1" 200 2326174
201.245.192.253 - - [20/Apr/2023:05:59:37 -0500] "POST /kwsrmcab/Wsrmcab  HTTP/1.1" 200 42096
152.203.43.97 - - [20/Apr/2023:06:00:11 -0500] "GET /BLA/resoluciones/index.php?dir=AUTOS+2017%2F HTTP/1.1" 200 465543
172.22.2.4 - - [20/Apr/2023:05:59:51 -0500] "HEAD /BLA/boletinlegal/ HTTP/1.1" 200 -
152.203.43.97 - - [20/Apr/2023:06:02:12 -0500] "GET /BLA/resoluciones/AUTOS%202017/2666.pdf HTTP/1.1" 200 2479527
172.22.2.4 - - [20/Apr/2023:06:00:41 -0500] "GET /BLA/boletinlegal/ HTTP/1.1" 200 52326
216.245.221.92 - - [20/Apr/2023:06:02:47 -0500] "HEAD / HTTP/1.1" 200 -
34.91.114.203 - - [20/Apr/2023:06:03:45 -0500] "GET /inventario-de-emisiones-2020-transporte-publico-sitp-redujo-emisiones-de-pm-2-5-en-un-37.html HTTP/1.1" 200 925
152.203.43.97 - - [20/Apr/2023:06:04:07 -0500] "GET /BLA/resoluciones/AUTOS%202017/2663.pdf HTTP/1.1" 200 2130302
201.245.192.253 - - [20/Apr/2023:06:04:36 -0500] "POST /kwsrmcab/Wsrmcab  HTTP/1.1" 200 42096
34.91.114.203 - - [20/Apr/2023:06:04:53 -0500] "GET /inventario-de-emisiones-2020-transporte-publico-sitp-redujo-emisiones-de-pm-2-5-en-un-37.html HTTP/1.1" 200 925
66.249.79.105 - - [20/Apr/2023:06:05:30 -0500] "-" 408 -
172.22.2.4 - - [20/Apr/2023:06:06:10 -0500] "GET /BLA/boletinlegal/actos.php HTTP/1.1" 200 9682
152.203.43.97 - - [20/Apr/2023:06:06:30 -0500] "GET /BLA/resoluciones/AUTOS%202017/5252.pdf HTTP/1.1" 200 1400150
66.249.70.168 - - [20/Apr/2023:06:06:39 -0500] "-" 408 -
35.234.169.74 - - [20/Apr/2023:06:06:51 -0500] "GET /inventario-de-emisiones-2020-transporte-publico-sitp-redujo-emisiones-de-pm-2-5-en-un-37.html HTTP/1.1" 200 925
172.22.2.4 - - [20/Apr/2023:06:05:41 -0500] "HEAD /BLA/boletinlegal/ HTTP/1.1" 200 -
159.69.179.16 - - [20/Apr/2023:06:07:31 -0500] "GET / HTTP/1.1" 200 319
159.69.179.16 - - [20/Apr/2023:06:07:32 -0500] "GET / HTTP/1.1" 200 4720
216.245.221.92 - - [20/Apr/2023:06:07:47 -0500] "HEAD / HTTP/1.1" 200 -
172.22.2.4 - - [20/Apr/2023:06:08:03 -0500] "GET /BLA/boletinlegal/actos.php HTTP/1.1" 200 9682
172.22.2.4 - - [20/Apr/2023:06:06:31 -0500] "GET /BLA/boletinlegal/ HTTP/1.1" 200 52730
152.203.43.97 - - [20/Apr/2023:06:08:26 -0500] "GET /BLA/resoluciones/index.php?dir=AUTOS+2017%2F HTTP/1.1" 200 465543
78.108.195.50 - - [20/Apr/2023:06:08:46 -0500] "GET / HTTP/1.1" 200 319
34.91.177.4 - - [20/Apr/2023:06:08:58 -0500] "GET /inventario-de-emisiones-2020-transporte-publico-sitp-redujo-emisiones-de-pm-2-5-en-un-37.html HTTP/1.1" 200 925
172.22.2.4 - - [20/Apr/2023:06:09:07 -0500] "GET /BLA/boletinlegal/actos.php HTTP/1.1" 200 9682
193.32.162.159 - - [20/Apr/2023:06:09:18 -0500] "GET / HTTP/1.1" 200 319
191.156.154.38 - - [20/Apr/2023:06:09:24 -0500] "GET /florecio-la-herrania-en-el-tropicario-distrital-una-planta-nativa-de-la-amazonia-colombiana.html HTTP/1.1" 200 935
193.32.162.159 - - [20/Apr/2023:06:09:28 -0500] "GET /dispatch.asp HTTP/1.1" 404 1018
201.245.192.253 - - [20/Apr/2023:06:09:35 -0500] "POST /kwsrmcab/Wsrmcab  HTTP/1.1" 200 42096
172.22.2.4 - - [20/Apr/2023:06:10:23 -0500] "GET /BLA/boletinlegal/actos.php HTTP/1.1" 200 9682
152.203.43.97 - - [20/Apr/2023:06:10:40 -0500] "GET /BLA/resoluciones/index.php?dir=AUTOS+2018%2F HTTP/1.1" 200 456491
152.203.43.97 - - [20/Apr/2023:06:10:50 -0500] "GET /BLA/resoluciones/AUTOS%202018/4842.pdf HTTP/1.1" 200 329270
190.84.176.92 - - [20/Apr/2023:06:11:20 -0500] "GET /soratama-en-los-cerros-orientales-un-rincon-ideal-para-los-mamiferos.html HTTP/1.1" 200 804
40.77.167.94 - - [20/Apr/2023:06:11:45 -0500] "GET /BLA/resoluciones/AUTOS%202018/3676.pdf HTTP/1.1" 304 -
69.63.189.118 - - [20/Apr/2023:06:12:29 -0500] "GET /images/incautan-animales-semana-santa-2023.jpeg HTTP/1.1" 200 36611
69.63.189.118 - - [20/Apr/2023:06:12:30 -0500] "GET /images/Fauna-silvestre-jornada-sensibilizacion-semana-santa.jpeg HTTP/1.1" 200 50019
69.63.189.117 - - [20/Apr/2023:06:12:30 -0500] "GET /images/mejora-la-calidad-del-aire-en-bogota-5-abril.jpeg HTTP/1.1" 200 44341
69.63.189.5 - - [20/Apr/2023:06:12:30 -0500] "GET /images/WhatsApp%20Image%202023-04-05%20at%2013.54.41.jpeg HTTP/1.1" 200 210747
69.63.189.3 - - [20/Apr/2023:06:12:30 -0500] "GET /images/Adopcion-gatos-y-perros-en-bogota-abril-23.jpeg HTTP/1.1" 200 68661
69.63.189.117 - - [20/Apr/2023:06:12:33 -0500] "GET /images/semana-bosques-1_optimized.1.jpg HTTP/1.1" 200 102892
69.63.189.3 - - [20/Apr/2023:06:12:35 -0500] "GET /images/rendicion-de-cuentas-post-01-02-(1)_optimized.jpg HTTP/1.1" 200 121430
69.63.189.3 - - [20/Apr/2023:06:12:35 -0500] "GET /images/caminos-de-los-cerros-1_optimized.jpeg HTTP/1.1" 200 49537
69.63.189.118 - - [20/Apr/2023:06:12:35 -0500] "GET /images/palma-de-cera-1-abril_optimized.jpeg HTTP/1.1" 200 171987
69.63.189.116 - - [20/Apr/2023:06:12:35 -0500] "GET /images/atencion-al-ciudadano-abril.jpg HTTP/1.1" 200 116523
216.245.221.92 - - [20/Apr/2023:06:12:47 -0500] "HEAD / HTTP/1.1" 200 -
152.203.43.97 - - [20/Apr/2023:06:12:47 -0500] "GET /BLA/resoluciones/index.php?dir=AUTOS+2017%2F HTTP/1.1" 200 465543
152.203.43.97 - - [20/Apr/2023:06:12:50 -0500] "GET /BLA/resoluciones/AUTOS%202017/2439.pdf HTTP/1.1" 200 365435
186.84.90.235 - - [20/Apr/2023:06:12:51 -0500] "GET /BLA/resoluciones/index.php?dir=RESOLUCIONES+2012%2F HTTP/1.1" 200 140066
186.84.90.235 - - [20/Apr/2023:06:12:55 -0500] "GET /BLA/resoluciones/index.php?dir=AUTOS+2012%2F HTTP/1.1" 200 276152
106.216.231.175 - - [20/Apr/2023:06:13:06 -0500] "GET /sipse/faces/index.xhtml HTTP/1.1" 200 677
186.84.90.235 - - [20/Apr/2023:06:13:06 -0500] "GET /BLA/resoluciones/index.php?dir=AUTOS+2010%2F HTTP/1.1" 200 279556
106.216.231.175 - - [20/Apr/2023:06:13:06 -0500] "GET /sipse/faces/javax.faces.resource/theme.css?ln=primefaces-sipse HTTP/1.1" 200 50058
106.216.231.175 - - [20/Apr/2023:06:13:08 -0500] "GET /favicon.ico HTTP/1.1" 200 7782
172.22.2.4 - - [20/Apr/2023:06:11:31 -0500] "HEAD /BLA/boletinlegal/ HTTP/1.1" 200 -
106.216.231.175 - - [20/Apr/2023:06:13:12 -0500] "GET /sipse/faces/faces/autenticacion.xhtml HTTP/1.1" 200 12170
106.216.231.175 - - [20/Apr/2023:06:13:12 -0500] "GET /sipse/js/disable_browser_buttons.js HTTP/1.1" 200 3230
106.216.231.175 - - [20/Apr/2023:06:13:13 -0500] "GET /sipse/css/custom_css_sg.css HTTP/1.1" 200 9694
106.216.231.175 - - [20/Apr/2023:06:13:13 -0500] "GET /sipse/css/custom_css_sg_prime_login.css HTTP/1.1" 200 443
106.216.231.175 - - [20/Apr/2023:06:13:13 -0500] "GET /sipse/faces/javax.faces.resource/theme.css?ln=primefaces-sipse HTTP/1.1" 304 -
106.216.231.175 - - [20/Apr/2023:06:13:12 -0500] "GET /sipse/js/funciones.js HTTP/1.1" 200 12592
106.216.231.175 - - [20/Apr/2023:06:13:13 -0500] "GET /sipse/faces/javax.faces.resource/layout/layout.css?ln=primefaces&v=4.0 HTTP/1.1" 200 542
106.216.231.175 - - [20/Apr/2023:06:13:13 -0500] "GET /sipse/faces/javax.faces.resource/primefaces.css?ln=primefaces&v=4.0 HTTP/1.1" 200 53295
106.216.231.175 - - [20/Apr/2023:06:13:14 -0500] "GET /sipse/faces/javax.faces.resource/jquery/jquery.js?ln=primefaces&v=4.0 HTTP/1.1" 200 105384
106.216.231.175 - - [20/Apr/2023:06:13:14 -0500] "GET /sipse/faces/javax.faces.resource/jquery/jquery-plugins.js?ln=primefaces&v=4.0 HTTP/1.1" 200 220526
106.216.231.175 - - [20/Apr/2023:06:13:16 -0500] "GET /sipse/faces/javax.faces.resource/layout/layout.js?ln=primefaces&v=4.0 HTTP/1.1" 200 87560
106.216.231.175 - - [20/Apr/2023:06:13:15 -0500] "GET /sipse/faces/javax.faces.resource/primefaces.js?ln=primefaces&v=4.0 HTTP/1.1" 200 276924
106.216.231.175 - - [20/Apr/2023:06:13:23 -0500] "GET /sipse/faces/javax.faces.resource/images/ui-icons_898989_256x240.png?ln=primefaces-aristo HTTP/1.1" 200 5355
106.216.231.175 - - [20/Apr/2023:06:13:23 -0500] "GET /sipse/css/imagen/logoSDG.png HTTP/1.1" 200 53064
106.216.231.175 - - [20/Apr/2023:06:13:23 -0500] "GET /sipse/css/imagen/loginimg.png HTTP/1.1" 200 71635
106.216.231.175 - - [20/Apr/2023:06:13:25 -0500] "GET /sipse/faces/faces/index.xhtml HTTP/1.1" 200 677
106.216.231.175 - - [20/Apr/2023:06:13:25 -0500] "GET /sipse/faces/javax.faces.resource/theme.css?ln=primefaces-sipse HTTP/1.1" 304 -
106.216.231.175 - - [20/Apr/2023:06:13:26 -0500] "GET /sipse/faces/faces/faces/autenticacion.xhtml HTTP/1.1" 200 12170
106.216.231.175 - - [20/Apr/2023:06:13:26 -0500] "GET /sipse/faces/javax.faces.resource/layout/layout.css?ln=primefaces&v=4.0 HTTP/1.1" 304 -
106.216.231.175 - - [20/Apr/2023:06:13:26 -0500] "GET /sipse/faces/javax.faces.resource/primefaces.css?ln=primefaces&v=4.0 HTTP/1.1" 304 -
106.216.231.175 - - [20/Apr/2023:06:13:26 -0500] "GET /sipse/faces/javax.faces.resource/theme.css?ln=primefaces-sipse HTTP/1.1" 304 -
106.216.231.175 - - [20/Apr/2023:06:13:27 -0500] "GET /sipse/faces/javax.faces.resource/primefaces.js?ln=primefaces&v=4.0 HTTP/1.1" 304 -
106.216.231.175 - - [20/Apr/2023:06:13:27 -0500] "GET /sipse/faces/javax.faces.resource/jquery/jquery.js?ln=primefaces&v=4.0 HTTP/1.1" 304 -
106.216.231.175 - - [20/Apr/2023:06:13:27 -0500] "GET /sipse/faces/javax.faces.resource/layout/layout.js?ln=primefaces&v=4.0 HTTP/1.1" 304 -
106.216.231.175 - - [20/Apr/2023:06:13:27 -0500] "GET /sipse/faces/javax.faces.resource/jquery/jquery-plugins.js?ln=primefaces&v=4.0 HTTP/1.1" 304 -
172.22.2.4 - - [20/Apr/2023:06:12:21 -0500] "GET /BLA/boletinlegal/ HTTP/1.1" 200 54808
201.245.192.253 - - [20/Apr/2023:06:14:33 -0500] "POST /kwsrmcab/Wsrmcab  HTTP/1.1" 200 42096
152.203.43.97 - - [20/Apr/2023:06:15:45 -0500] "GET /BLA/resoluciones/index.php?dir=AUTOS+2017%2F HTTP/1.1" 200 465543
152.203.43.97 - - [20/Apr/2023:06:15:49 -0500] "GET /BLA/resoluciones/AUTOS%202017/2440.pdf HTTP/1.1" 200 350651
172.22.2.4 - - [20/Apr/2023:06:15:11 -0500] "GET /BLA/boletinlegal/ HTTP/1.1" 200 28619
173.252.83.5 - - [20/Apr/2023:06:15:56 -0500] "GET /images/reunion-planta-termovalorizacion-11-mayo.jpg HTTP/1.1" 200 34782
106.216.231.175 - - [20/Apr/2023:06:16:07 -0500] "POST /sipse/faces/autenticacion.xhtml HTTP/1.1" 200 2179
106.216.231.175 - - [20/Apr/2023:06:16:08 -0500] "GET /sipse/faces/javax.faces.resource/messages/messages.png?ln=primefaces&v=4.0 HTTP/1.1" 200 27209
106.216.231.175 - - [20/Apr/2023:06:16:11 -0500] "POST /sipse/faces/autenticacion.xhtml HTTP/1.1" 200 2187
106.216.231.175 - - [20/Apr/2023:06:16:14 -0500] "POST /sipse/faces/autenticacion.xhtml HTTP/1.1" 200 2183
106.216.231.175 - - [20/Apr/2023:06:16:15 -0500] "POST /sipse/faces/autenticacion.xhtml HTTP/1.1" 200 2191
106.216.231.175 - - [20/Apr/2023:06:16:25 -0500] "GET /galeria/galeria/jquery.fancybox.css?v=2.1.5 HTTP/1.1" 200 4895
216.245.221.92 - - [20/Apr/2023:06:17:47 -0500] "HEAD / HTTP/1.1" 200 -
152.203.43.97 - - [20/Apr/2023:06:18:16 -0500] "GET /BLA/resoluciones/index.php?dir=AUTOS+2017%2F HTTP/1.1" 200 465543
152.203.43.97 - - [20/Apr/2023:06:18:23 -0500] "GET /BLA/resoluciones/AUTOS%202017/1353.pdf HTTP/1.1" 200 383053
172.22.2.4 - - [20/Apr/2023:06:17:21 -0500] "HEAD /BLA/boletinlegal/ HTTP/1.1" 200 -
173.252.107.7 - - [20/Apr/2023:06:19:22 -0500] "GET /en-el-diamundialdelmedioambiente-distrito-ejercito-nacional-y-comunidad-plantaron-120-arboles-en-parque-nacional.html HTTP/1.1" 206 838
201.245.192.253 - - [20/Apr/2023:06:19:32 -0500] "POST /kwsrmcab/Wsrmcab  HTTP/1.1" 200 42096
186.29.106.194 - - [20/Apr/2023:06:19:35 -0500] "GET /BLA/resoluciones/dlf/styles.css HTTP/1.1" 200 3049
186.29.106.194 - - [20/Apr/2023:06:19:35 -0500] "GET /BLA/resoluciones/dlf/dirup.png HTTP/1.1" 200 644
186.29.106.194 - - [20/Apr/2023:06:19:35 -0500] "GET /BLA/resoluciones/dlf/pdf.gif HTTP/1.1" 200 272
186.29.106.194 - - [20/Apr/2023:06:19:35 -0500] "GET /BLA/resoluciones/dlf/bg.gif HTTP/1.1" 200 54
186.29.106.194 - - [20/Apr/2023:06:19:35 -0500] "GET /BLA/resoluciones/index.php?dir=AUTOS+2015%2F HTTP/1.1" 200 581397
186.29.106.194 - - [20/Apr/2023:06:19:36 -0500] "GET /BLA/resoluciones/dlf/unknown.png HTTP/1.1" 200 266
186.29.106.194 - - [20/Apr/2023:06:19:36 -0500] "GET /favicon.ico HTTP/1.1" 200 7782
123.183.224.68 - - [20/Apr/2023:06:19:41 -0500] "GET / HTTP/1.1" 200 319
172.22.2.4 - - [20/Apr/2023:06:18:11 -0500] "GET /BLA/boletinlegal/ HTTP/1.1" 200 57151
201.245.192.253 - - [20/Apr/2023:06:20:05 -0500] "POST /kwsrmcab/Wsrmcab HTTP/1.1" 200 42596
201.245.192.253 - - [20/Apr/2023:06:20:08 -0500] "POST /kwsrmcab/Wsrmcab HTTP/1.1" 200 43033
52.167.144.27 - - [20/Apr/2023:06:20:32 -0500] "GET /BLA/boletinlegal/notificaciones.php HTTP/1.1" 200 10015
186.29.106.194 - - [20/Apr/2023:06:21:08 -0500] "GET /BLA/resoluciones/AUTOS%202015/5261.pdf HTTP/1.1" 200 637568
152.203.43.97 - - [20/Apr/2023:06:21:40 -0500] "GET /BLA/resoluciones/AUTOS%202017/1708.pdf HTTP/1.1" 200 351518
186.29.106.194 - - [20/Apr/2023:06:22:20 -0500] "GET /BLA/resoluciones/index.php?dir=AUTOS+2015%2F HTTP/1.1" 200 581397
186.29.106.194 - - [20/Apr/2023:06:22:33 -0500] "GET /BLA/resoluciones/index.php?dir=AUTOS+2017%2F HTTP/1.1" 200 465543
216.245.221.92 - - [20/Apr/2023:06:22:47 -0500] "HEAD / HTTP/1.1" 200 -
95.108.213.176 - - [20/Apr/2023:06:22:47 -0500] "GET /portaldeninos/ HTTP/1.1" 200 110197
186.29.106.194 - - [20/Apr/2023:06:23:27 -0500] "GET /BLA/resoluciones/AUTOS%202017/5261.pdf HTTP/1.1" 200 358326
172.22.2.4 - - [20/Apr/2023:06:24:13 -0500] "GET /BLA/boletinlegal/Directivas/2017/Directiva%20No.%2002%20del%2017%20de%20Enero%20de%202017.pdf HTTP/1.1" 200 3521427
201.245.192.253 - - [20/Apr/2023:06:24:31 -0500] "POST /kwsrmcab/Wsrmcab  HTTP/1.1" 200 42096
52.167.144.27 - - [20/Apr/2023:06:24:34 -0500] "GET /BLA/resoluciones/RESOLUCIONES%202021/3807.pdf HTTP/1.1" 200 426113
173.252.107.11 - - [20/Apr/2023:06:24:44 -0500] "GET /mujeres-que-reverdecen-bogota-intercambian-saberes-y-semillas.html HTTP/1.1" 206 880
172.22.2.4 - - [20/Apr/2023:06:23:11 -0500] "HEAD /BLA/boletinlegal/ HTTP/1.1" 200 -
172.22.2.4 - - [20/Apr/2023:06:24:01 -0500] "GET /BLA/boletinlegal/ HTTP/1.1" 200 57151
216.245.221.92 - - [20/Apr/2023:06:27:47 -0500] "HEAD / HTTP/1.1" 200 -
172.22.2.4 - - [20/Apr/2023:06:28:38 -0500] "GET /BLA/boletinlegal/apple-touch-icon-precomposed.png HTTP/1.1" 404 1140
172.22.2.4 - - [20/Apr/2023:06:28:39 -0500] "GET /BLA/boletinlegal/apple-touch-icon.png HTTP/1.1" 404 1140
172.22.2.4 - - [20/Apr/2023:06:28:39 -0500] "GET /BLA/boletinlegal/favicon.ico HTTP/1.1" 404 1140
201.245.192.253 - - [20/Apr/2023:06:29:31 -0500] "POST /kwsrmcab/Wsrmcab  HTTP/1.1" 200 42096
172.22.2.4 - - [20/Apr/2023:06:28:21 -0500] "GET /BLA/boletinlegal/ HTTP/1.1" 200 45003
201.245.192.253 - - [20/Apr/2023:06:30:04 -0500] "POST /kwsrmcab/Wsrmcab HTTP/1.1" 200 42596
201.245.192.253 - - [20/Apr/2023:06:30:07 -0500] "POST /kwsrmcab/Wsrmcab HTTP/1.1" 200 43033
172.22.2.4 - - [20/Apr/2023:06:29:01 -0500] "HEAD /BLA/boletinlegal/ HTTP/1.1" 200 -
172.22.2.4 - - [20/Apr/2023:06:29:51 -0500] "GET /BLA/boletinlegal/ HTTP/1.1" 200 53561
216.245.221.92 - - [20/Apr/2023:06:32:47 -0500] "HEAD / HTTP/1.1" 200 -
52.167.144.125 - - [20/Apr/2023:06:34:14 -0500] "GET / HTTP/1.1" 200 319
201.245.192.253 - - [20/Apr/2023:06:34:29 -0500] "POST /kwsrmcab/Wsrmcab  HTTP/1.1" 200 42096
157.55.39.207 - - [20/Apr/2023:06:35:49 -0500] "GET /Publicaciones/2021EE148645.pdf HTTP/1.1" 404 228
172.22.2.4 - - [20/Apr/2023:06:34:51 -0500] "HEAD /BLA/boletinlegal/ HTTP/1.1" 200 -
172.22.2.4 - - [20/Apr/2023:06:37:21 -0500] "GET /BLA/boletinlegal/favicon.ico HTTP/1.1" 404 1326
172.22.2.4 - - [20/Apr/2023:06:35:41 -0500] "GET /BLA/boletinlegal/ HTTP/1.1" 200 56287
52.167.144.125 - - [20/Apr/2023:06:37:23 -0500] "GET /galeria/galeria/fotos/Humedal-la-conejera3G.jpg HTTP/1.1" 200 373974
216.245.221.92 - - [20/Apr/2023:06:37:47 -0500] "HEAD / HTTP/1.1" 200 -
152.203.43.97 - - [20/Apr/2023:06:38:36 -0500] "GET /BLA/resoluciones/ HTTP/1.1" 200 13502
152.203.43.97 - - [20/Apr/2023:06:38:44 -0500] "GET /BLA/resoluciones/index.php?dir=AUTOS+2017%2F HTTP/1.1" 200 465543
201.245.192.253 - - [20/Apr/2023:06:39:29 -0500] "POST /kwsrmcab/Wsrmcab  HTTP/1.1" 200 42096
192.241.206.81 - - [20/Apr/2023:06:39:51 -0500] "GET /hudson HTTP/1.1" 404 1018
201.245.192.253 - - [20/Apr/2023:06:40:05 -0500] "POST /kwsrmcab/Wsrmcab HTTP/1.1" 200 42596
201.245.192.253 - - [20/Apr/2023:06:40:08 -0500] "POST /kwsrmcab/Wsrmcab HTTP/1.1" 200 43033
199.16.157.180 - - [20/Apr/2023:06:40:27 -0500] "-" 408 -
69.171.231.117 - - [20/Apr/2023:06:41:49 -0500] "GET /images/negocios-verdes-en-bogota.jpeg HTTP/1.1" 200 132932
134.209.74.164 - - [20/Apr/2023:06:42:05 -0500] "GET /portaldeninos/ HTTP/1.1" 200 110197
172.22.2.4 - - [20/Apr/2023:06:40:41 -0500] "HEAD /BLA/boletinlegal/ HTTP/1.1" 200 -
216.245.221.92 - - [20/Apr/2023:06:42:47 -0500] "HEAD / HTTP/1.1" 200 -
172.22.2.4 - - [20/Apr/2023:06:41:31 -0500] "GET /BLA/boletinlegal/ HTTP/1.1" 200 57561
66.249.70.172 - - [20/Apr/2023:06:44:07 -0500] "-" 408 -
201.245.192.253 - - [20/Apr/2023:06:44:27 -0500] "POST /kwsrmcab/Wsrmcab  HTTP/1.1" 200 42096
66.249.69.63 - - [20/Apr/2023:06:45:00 -0500] "-" 408 -
172.22.2.4 - - [20/Apr/2023:06:45:37 -0500] "GET /BLA/boletinlegal/actos.php HTTP/1.1" 200 9682
52.167.144.125 - - [20/Apr/2023:06:46:54 -0500] "GET /BLA/resoluciones/AUTOS%202021/3925.pdf HTTP/1.1" 304 -
216.245.221.92 - - [20/Apr/2023:06:47:47 -0500] "HEAD / HTTP/1.1" 200 -
172.22.2.4 - - [20/Apr/2023:06:46:31 -0500] "HEAD /BLA/boletinlegal/ HTTP/1.1" 200 -
172.22.2.4 - - [20/Apr/2023:06:47:21 -0500] "GET /BLA/boletinlegal/ HTTP/1.1" 200 55571
152.203.43.97 - - [20/Apr/2023:06:49:14 -0500] "GET /BLA/resoluciones/ HTTP/1.1" 200 13502
152.203.43.97 - - [20/Apr/2023:06:49:15 -0500] "GET /BLA/resoluciones/index.php?dir=AUTOS+2017%2F HTTP/1.1" 200 465543
201.245.192.253 - - [20/Apr/2023:06:49:26 -0500] "POST /kwsrmcab/Wsrmcab  HTTP/1.1" 200 42096
66.249.70.175 - - [20/Apr/2023:06:50:22 -0500] "-" 408 -
186.84.90.155 - - [20/Apr/2023:06:51:47 -0500] "GET /soratama-en-los-cerros-orientales-un-rincon-ideal-para-los-mamiferos.html?fbclid=IwAR2ILE154dWLfH4cB8olVVkMIFBTAseuOY0ETXqO858qlGnNqjw48DEGyRM HTTP/1.1" 200 804
200.118.80.45 - - [20/Apr/2023:06:52:37 -0500] "GET /sipse/faces/index.xhtml HTTP/1.1" 200 677
200.118.80.45 - - [20/Apr/2023:06:52:37 -0500] "GET /sipse/faces/javax.faces.resource/theme.css?ln=primefaces-sipse HTTP/1.1" 304 -
200.118.80.45 - - [20/Apr/2023:06:52:37 -0500] "GET /sipse/faces/faces/autenticacion.xhtml HTTP/1.1" 200 12170
200.118.80.45 - - [20/Apr/2023:06:52:37 -0500] "GET /sipse/js/disable_browser_buttons.js HTTP/1.1" 304 -
200.118.80.45 - - [20/Apr/2023:06:52:37 -0500] "GET /sipse/css/custom_css_sg.css HTTP/1.1" 304 -
200.118.80.45 - - [20/Apr/2023:06:52:37 -0500] "GET /sipse/css/custom_css_sg_prime_login.css HTTP/1.1" 304 -
200.118.80.45 - - [20/Apr/2023:06:52:37 -0500] "GET /sipse/faces/javax.faces.resource/theme.css?ln=primefaces-sipse HTTP/1.1" 304 -
200.118.80.45 - - [20/Apr/2023:06:52:37 -0500] "GET /sipse/js/funciones.js HTTP/1.1" 304 -
200.118.80.45 - - [20/Apr/2023:06:52:37 -0500] "GET /sipse/faces/javax.faces.resource/layout/layout.css?ln=primefaces&v=4.0 HTTP/1.1" 304 -
200.118.80.45 - - [20/Apr/2023:06:52:37 -0500] "GET /sipse/faces/javax.faces.resource/primefaces.css?ln=primefaces&v=4.0 HTTP/1.1" 304 -
200.118.80.45 - - [20/Apr/2023:06:52:37 -0500] "GET /sipse/faces/javax.faces.resource/primefaces.js?ln=primefaces&v=4.0 HTTP/1.1" 304 -
200.118.80.45 - - [20/Apr/2023:06:52:37 -0500] "GET /sipse/faces/javax.faces.resource/jquery/jquery.js?ln=primefaces&v=4.0 HTTP/1.1" 304 -
200.118.80.45 - - [20/Apr/2023:06:52:37 -0500] "GET /sipse/faces/javax.faces.resource/jquery/jquery-plugins.js?ln=primefaces&v=4.0 HTTP/1.1" 304 -
200.118.80.45 - - [20/Apr/2023:06:52:37 -0500] "GET /sipse/faces/javax.faces.resource/layout/layout.js?ln=primefaces&v=4.0 HTTP/1.1" 304 -
200.118.80.45 - - [20/Apr/2023:06:52:38 -0500] "GET /sipse/faces/javax.faces.resource/images/ui-icons_898989_256x240.png?ln=primefaces-aristo HTTP/1.1" 304 -
200.118.80.45 - - [20/Apr/2023:06:52:38 -0500] "GET /sipse/css/imagen/loginimg.png HTTP/1.1" 304 -
200.118.80.45 - - [20/Apr/2023:06:52:38 -0500] "GET /sipse/css/imagen/logoSDG.png HTTP/1.1" 304 -
200.118.80.45 - - [20/Apr/2023:06:52:41 -0500] "POST /sipse/faces/autenticacion.xhtml HTTP/1.1" 200 2220
200.118.80.45 - - [20/Apr/2023:06:52:42 -0500] "GET /sipse/faces/javax.faces.resource/messages/messages.png?ln=primefaces&v=4.0 HTTP/1.1" 304 -
200.118.80.45 - - [20/Apr/2023:06:52:44 -0500] "POST /sipse/faces/autenticacion.xhtml HTTP/1.1" 200 16305
200.118.80.45 - - [20/Apr/2023:06:52:45 -0500] "GET /sipse/css/custom_css_sg_prime.css HTTP/1.1" 304 -
200.118.80.45 - - [20/Apr/2023:06:52:45 -0500] "GET /sipse/faces/javax.faces.resource/primefaces.css?ln=primefaces&v=4.0 HTTP/1.1" 304 -
200.118.80.45 - - [20/Apr/2023:06:52:45 -0500] "GET /sipse/faces/javax.faces.resource/theme.css?ln=primefaces-sipse HTTP/1.1" 304 -
200.118.80.45 - - [20/Apr/2023:06:52:45 -0500] "GET /sipse/js/jquery.min.js HTTP/1.1" 304 -
200.118.80.45 - - [20/Apr/2023:06:52:45 -0500] "GET /sipse/faces/javax.faces.resource/layout/layout.css?ln=primefaces&v=4.0 HTTP/1.1" 304 -
200.118.80.45 - - [20/Apr/2023:06:52:45 -0500] "GET /sipse/faces/javax.faces.resource/jquery/jquery.js?ln=primefaces&v=4.0 HTTP/1.1" 304 -
200.118.80.45 - - [20/Apr/2023:06:52:45 -0500] "GET /sipse/faces/javax.faces.resource/jquery/jquery-plugins.js?ln=primefaces&v=4.0 HTTP/1.1" 304 -
200.118.80.45 - - [20/Apr/2023:06:52:45 -0500] "GET /sipse/faces/javax.faces.resource/primefaces.js?ln=primefaces&v=4.0 HTTP/1.1" 304 -
200.118.80.45 - - [20/Apr/2023:06:52:45 -0500] "GET /sipse/faces/javax.faces.resource/layout/layout.js?ln=primefaces&v=4.0 HTTP/1.1" 304 -
200.118.80.45 - - [20/Apr/2023:06:52:45 -0500] "GET /sipse/css/imagen/contrasena.png HTTP/1.1" 404 383
200.118.80.45 - - [20/Apr/2023:06:52:45 -0500] "GET /sipse/imagenes/cargando.gif HTTP/1.1" 304 -
200.118.80.45 - - [20/Apr/2023:06:52:45 -0500] "GET /sipse/imagenes/logoAplicacion.jpg HTTP/1.1" 304 -
167.248.133.125 - - [20/Apr/2023:06:52:46 -0500] "GET / HTTP/1.1" 200 319
200.118.80.45 - - [20/Apr/2023:06:52:47 -0500] "GET /sipse/faces/javax.faces.resource/images/ui-bg_flat_0_2d5972_40x100.png?ln=primefaces-aristo HTTP/1.1" 304 -
167.248.133.125 - - [20/Apr/2023:06:52:47 -0500] "GET / HTTP/1.1" 200 319
216.245.221.92 - - [20/Apr/2023:06:52:47 -0500] "HEAD / HTTP/1.1" 200 -
167.248.133.125 - - [20/Apr/2023:06:52:47 -0500] "PRI * HTTP/2.0" 400 946
200.118.80.45 - - [20/Apr/2023:06:52:47 -0500] "POST /sipse/faces/bienvenido.xhtml HTTP/1.1" 200 2658
167.248.133.125 - - [20/Apr/2023:06:52:47 -0500] "GET /favicon.ico HTTP/1.1" 200 7782
200.118.80.45 - - [20/Apr/2023:06:52:48 -0500] "POST /sipse/faces/bienvenido.xhtml HTTP/1.1" 200 65271
200.118.80.45 - - [20/Apr/2023:06:52:56 -0500] "GET /sipse/faces/javax.faces.resource/theme.css?ln=primefaces-sipse HTTP/1.1" 304 -
200.118.80.45 - - [20/Apr/2023:06:52:56 -0500] "GET /sipse/faces/javax.faces.resource/layout/layout.css?ln=primefaces&v=4.0 HTTP/1.1" 304 -
200.118.80.45 - - [20/Apr/2023:06:52:56 -0500] "GET /sipse/faces/javax.faces.resource/primefaces.css?ln=primefaces&v=4.0 HTTP/1.1" 304 -
200.118.80.45 - - [20/Apr/2023:06:52:56 -0500] "GET /sipse/faces/javax.faces.resource/jquery/jquery.js?ln=primefaces&v=4.0 HTTP/1.1" 304 -
200.118.80.45 - - [20/Apr/2023:06:52:56 -0500] "GET /sipse/faces/javax.faces.resource/jquery/jquery-plugins.js?ln=primefaces&v=4.0 HTTP/1.1" 304 -
200.118.80.45 - - [20/Apr/2023:06:52:56 -0500] "GET /sipse/faces/javax.faces.resource/primefaces.js?ln=primefaces&v=4.0 HTTP/1.1" 304 -
200.118.80.45 - - [20/Apr/2023:06:52:56 -0500] "GET /sipse/faces/javax.faces.resource/layout/layout.js?ln=primefaces&v=4.0 HTTP/1.1" 304 -
200.118.80.45 - - [20/Apr/2023:06:52:56 -0500] "POST /sipse/faces/presentacion/financiero/solicitudProceso/listarSolicitudProceso.xhtml HTTP/1.1" 200 1560
200.118.80.45 - - [20/Apr/2023:06:53:09 -0500] "POST /sipse/faces/presentacion/financiero/solicitudProceso/listarSolicitudProceso.xhtml HTTP/1.1" 200 17315
200.118.80.45 - - [20/Apr/2023:06:53:10 -0500] "POST /sipse/faces/presentacion/financiero/solicitudProceso/listarSolicitudProceso.xhtml HTTP/1.1" 200 17311
200.118.80.45 - - [20/Apr/2023:06:53:15 -0500] "POST /sipse/faces/presentacion/financiero/solicitudProceso/listarSolicitudProceso.xhtml HTTP/1.1" 200 44031
200.118.80.45 - - [20/Apr/2023:06:53:18 -0500] "POST /sipse/faces/presentacion/financiero/solicitudProceso/listarSolicitudProceso.xhtml HTTP/1.1" 200 44027
200.118.80.45 - - [20/Apr/2023:06:53:21 -0500] "POST /sipse/faces/presentacion/financiero/solicitudProceso/listarSolicitudProceso.xhtml HTTP/1.1" 200 44039
