!C99Shell v. 1.0 pre-release build #13!

Software: Apache. PHP/5.5.15 

uname -a: Windows NT SVR-DMZ 6.1 build 7600 (Windows Server 2008 R2 Enterprise Edition) i586 

SYSTEM 

Safe-mode: OFF (not secure)

E:\nuevo\apache\logs\   drwxrwxrwx
Free 7.33 GB of 239.26 GB (3.07%)
Detected drives: [ a ] [ c ] [ d ] [ e ] [ f ]
Home    Back    Forward    UPDIR    Refresh    Search    Buffer    Encoder    Tools    Proc.    FTP brute    Sec.    SQL    PHP-code    Update    Feedback    Self remove    Logout    


Viewing file:     access.2023.04.20.log (4.95 MB)      -rw-rw-rw-
Select action/file-type:
(+) | (+) | (+) | Code (+) | Session (+) | (+) | SDB (+) | (+) | (+) | (+) | (+) | (+) |
172.22.2.4 - - [19/Apr/2023:23:59:02 -0500] "GET /BLA/boletinlegal/ HTTP/1.1" 200 58663
69.171.249.24 - - [20/Apr/2023:00:01:19 -0500] "GET /images/negocios-verdes-en-bogota.jpeg HTTP/1.1" 200 132932
191.156.231.247 - - [20/Apr/2023:00:01:50 -0500] "GET /soratama-en-los-cerros-orientales-un-rincon-ideal-para-los-mamiferos.html?fbclid=IwAR1y-wFysxL3wFqymbGTKuE8EqFrmWUAKTFrmTTb__7IQlOUPiKWzv-e_5U HTTP/1.1" 200 804
216.245.221.92 - - [20/Apr/2023:00:02:48 -0500] "HEAD / HTTP/1.1" 200 -
201.245.192.253 - - [20/Apr/2023:00:03:46 -0500] "POST /kwsrmcab/Wsrmcab  HTTP/1.1" 200 42096
66.249.70.172 - - [20/Apr/2023:00:04:57 -0500] "-" 408 -
66.249.79.105 - - [20/Apr/2023:00:05:19 -0500] "-" 408 -
52.167.144.27 - - [20/Apr/2023:00:05:28 -0500] "GET /BLA/resoluciones/index.php?dir=AUTOS+2008%2F HTTP/1.1" 200 569644
52.167.144.27 - - [20/Apr/2023:00:05:30 -0500] "GET /BLA/resoluciones/index.php?dir=AUTOS+2020%2F HTTP/1.1" 200 328123
172.22.2.4 - - [20/Apr/2023:00:04:02 -0500] "HEAD /BLA/boletinlegal/ HTTP/1.1" 200 -
172.22.2.4 - - [20/Apr/2023:00:04:52 -0500] "GET /BLA/boletinlegal/ HTTP/1.1" 200 53561
157.55.39.220 - - [20/Apr/2023:00:07:28 -0500] "GET /BLA/resoluciones/index.php?dir=RESOLUCIONES+2022%2F HTTP/1.1" 200 298181
157.55.39.207 - - [20/Apr/2023:00:07:32 -0500] "GET /BLA/resoluciones/index.php?dir=AUTOS+2014%2F HTTP/1.1" 200 890036
52.167.144.63 - - [20/Apr/2023:00:07:38 -0500] "GET /BLA/resoluciones/index.php?dir=AUTOS+2015%2F HTTP/1.1" 200 581397
216.245.221.92 - - [20/Apr/2023:00:07:48 -0500] "HEAD / HTTP/1.1" 200 -
152.61.192.232 - - [20/Apr/2023:00:08:18 -0500] "GET / HTTP/1.1" 200 319
94.102.61.10 - - [20/Apr/2023:00:08:31 -0500] "GET /portaldeninos/ HTTP/1.1" 200 110197
201.245.192.253 - - [20/Apr/2023:00:08:45 -0500] "POST /kwsrmcab/Wsrmcab  HTTP/1.1" 200 42096
172.22.2.4 - - [20/Apr/2023:00:10:17 -0500] "GET /BLA/boletinlegal/robots.txt HTTP/1.1" 404 1140
52.167.144.27 - - [20/Apr/2023:00:10:20 -0500] "GET /BLA/resoluciones/index.php?dir=RESOLUCIONES+2019%2F HTTP/1.1" 200 251026
173.252.79.16 - - [20/Apr/2023:00:11:31 -0500] "GET /images/mercados-campesinos-5-mayo.jpg HTTP/1.1" 200 95848
172.22.2.4 - - [20/Apr/2023:00:09:52 -0500] "HEAD /BLA/boletinlegal/ HTTP/1.1" 200 -
66.249.79.107 - - [20/Apr/2023:00:11:41 -0500] "-" 408 -
66.249.70.170 - - [20/Apr/2023:00:11:45 -0500] "-" 408 -
172.22.2.4 - - [20/Apr/2023:00:10:42 -0500] "GET /BLA/boletinlegal/ HTTP/1.1" 200 52326
52.167.144.125 - - [20/Apr/2023:00:12:40 -0500] "GET /BLA/resoluciones/index.php?dir=AUTOS+2022%2F HTTP/1.1" 200 482042
216.245.221.92 - - [20/Apr/2023:00:12:48 -0500] "HEAD / HTTP/1.1" 200 -
157.55.39.220 - - [20/Apr/2023:00:13:39 -0500] "GET /BLA/resoluciones/index.php?dir=AUTOS+2016%2F HTTP/1.1" 200 329340
201.245.192.253 - - [20/Apr/2023:00:13:44 -0500] "POST /kwsrmcab/Wsrmcab  HTTP/1.1" 200 42096
186.154.2.214 - - [20/Apr/2023:00:14:10 -0500] "-" 408 -
186.154.2.214 - - [20/Apr/2023:00:14:10 -0500] "-" 408 -
186.154.2.214 - - [20/Apr/2023:00:14:10 -0500] "-" 408 -
186.154.2.214 - - [20/Apr/2023:00:14:30 -0500] "-" 408 -
186.154.2.214 - - [20/Apr/2023:00:14:30 -0500] "-" 408 -
186.154.2.214 - - [20/Apr/2023:00:14:31 -0500] "-" 408 -
186.154.2.214 - - [20/Apr/2023:00:14:49 -0500] "-" 408 -
186.154.2.214 - - [20/Apr/2023:00:14:49 -0500] "-" 408 -
186.154.2.214 - - [20/Apr/2023:00:14:50 -0500] "-" 408 -
186.154.2.214 - - [20/Apr/2023:00:15:08 -0500] "-" 408 -
186.154.2.214 - - [20/Apr/2023:00:15:08 -0500] "-" 408 -
186.154.2.214 - - [20/Apr/2023:00:15:09 -0500] "-" 408 -
40.77.167.94 - - [20/Apr/2023:00:15:13 -0500] "GET /sipse/faces/index.xhtml HTTP/1.1" 200 677
186.28.114.193 - - [20/Apr/2023:00:15:23 -0500] "GET /BLA/resoluciones/index.php?dir=AUTOS+2021%2F HTTP/1.1" 200 397728
186.28.114.193 - - [20/Apr/2023:00:15:25 -0500] "GET /BLA/resoluciones/index.php HTTP/1.1" 200 13502
186.154.2.214 - - [20/Apr/2023:00:15:27 -0500] "-" 408 -
186.154.2.214 - - [20/Apr/2023:00:15:27 -0500] "-" 408 -
186.154.2.214 - - [20/Apr/2023:00:15:28 -0500] "-" 408 -
186.28.114.193 - - [20/Apr/2023:00:15:27 -0500] "GET /BLA/resoluciones/index.php?dir=AUTOS+2022%2F HTTP/1.1" 200 482042
186.154.2.214 - - [20/Apr/2023:00:15:46 -0500] "-" 408 -
186.154.2.214 - - [20/Apr/2023:00:15:46 -0500] "-" 408 -
186.154.2.214 - - [20/Apr/2023:00:15:46 -0500] "-" 408 -
186.154.2.214 - - [20/Apr/2023:00:16:05 -0500] "-" 408 -
186.154.2.214 - - [20/Apr/2023:00:16:05 -0500] "-" 408 -
186.154.2.214 - - [20/Apr/2023:00:16:05 -0500] "-" 408 -
186.154.2.214 - - [20/Apr/2023:00:16:24 -0500] "-" 408 -
186.154.2.214 - - [20/Apr/2023:00:16:24 -0500] "-" 408 -
186.154.2.214 - - [20/Apr/2023:00:16:43 -0500] "-" 408 -
186.154.2.214 - - [20/Apr/2023:00:16:43 -0500] "-" 408 -
186.154.2.214 - - [20/Apr/2023:00:16:44 -0500] "-" 408 -
186.154.2.214 - - [20/Apr/2023:00:17:02 -0500] "-" 408 -
172.22.2.4 - - [20/Apr/2023:00:15:42 -0500] "HEAD /BLA/boletinlegal/ HTTP/1.1" 200 -
66.249.79.105 - - [20/Apr/2023:00:17:41 -0500] "-" 408 -
216.245.221.92 - - [20/Apr/2023:00:17:48 -0500] "HEAD / HTTP/1.1" 200 -
172.22.2.4 - - [20/Apr/2023:00:16:32 -0500] "GET /BLA/boletinlegal/ HTTP/1.1" 200 52730
201.245.192.253 - - [20/Apr/2023:00:18:43 -0500] "POST /kwsrmcab/Wsrmcab  HTTP/1.1" 200 42096
172.22.2.4 - - [20/Apr/2023:00:19:21 -0500] "GET /BLA/boletinlegal/index.php?s=/Index/\\think\\app/invokefunction&function=call_user_func_array&vars[0]=md5&vars[1][]=HelloThinkPHP21 HTTP/1.1" 200 28619
201.245.192.253 - - [20/Apr/2023:00:20:06 -0500] "POST /kwsrmcab/Wsrmcab HTTP/1.1" 200 42712
201.245.192.253 - - [20/Apr/2023:00:20:11 -0500] "POST /kwsrmcab/Wsrmcab HTTP/1.1" 200 43032
31.13.103.9 - - [20/Apr/2023:00:22:36 -0500] "GET /images/jardines-verticales_optimized.jpeg HTTP/1.1" 200 138197
216.245.221.92 - - [20/Apr/2023:00:22:48 -0500] "HEAD / HTTP/1.1" 200 -
172.22.2.4 - - [20/Apr/2023:00:21:32 -0500] "HEAD /BLA/boletinlegal/ HTTP/1.1" 200 -
201.245.192.253 - - [20/Apr/2023:00:23:39 -0500] "POST /kwsrmcab/Wsrmcab  HTTP/1.1" 200 42096
172.22.2.4 - - [20/Apr/2023:00:22:22 -0500] "GET /BLA/boletinlegal/ HTTP/1.1" 200 56287
52.167.144.125 - - [20/Apr/2023:00:24:40 -0500] "GET /galeria/galeria/fotos/Capellania4P.jpg HTTP/1.1" 200 37377
66.249.70.168 - - [20/Apr/2023:00:25:44 -0500] "-" 408 -
216.245.221.92 - - [20/Apr/2023:00:27:48 -0500] "HEAD / HTTP/1.1" 200 -
17.241.227.166 - - [20/Apr/2023:00:28:35 -0500] "-" 408 -
201.245.192.253 - - [20/Apr/2023:00:28:39 -0500] "POST /kwsrmcab/Wsrmcab  HTTP/1.1" 200 42096
172.22.2.4 - - [20/Apr/2023:00:27:22 -0500] "HEAD /BLA/boletinlegal/ HTTP/1.1" 200 -
172.22.2.4 - - [20/Apr/2023:00:28:12 -0500] "GET /BLA/boletinlegal/ HTTP/1.1" 200 56754
201.245.192.253 - - [20/Apr/2023:00:30:06 -0500] "POST /kwsrmcab/Wsrmcab HTTP/1.1" 200 42712
201.245.192.253 - - [20/Apr/2023:00:30:09 -0500] "POST /kwsrmcab/Wsrmcab HTTP/1.1" 200 43032
216.245.221.92 - - [20/Apr/2023:00:32:48 -0500] "HEAD / HTTP/1.1" 200 -
172.22.2.4 - - [20/Apr/2023:00:33:01 -0500] "GET /BLA/boletinlegal/.env HTTP/1.1" 404 1018
201.245.192.253 - - [20/Apr/2023:00:33:39 -0500] "POST /kwsrmcab/Wsrmcab  HTTP/1.1" 200 42096
172.22.2.4 - - [20/Apr/2023:00:33:12 -0500] "HEAD /BLA/boletinlegal/ HTTP/1.1" 200 -
152.61.128.50 - - [20/Apr/2023:00:35:19 -0500] "GET / HTTP/1.1" 200 319
172.22.2.4 - - [20/Apr/2023:00:34:02 -0500] "GET /BLA/boletinlegal/ HTTP/1.1" 200 53924
216.245.221.92 - - [20/Apr/2023:00:37:48 -0500] "HEAD / HTTP/1.1" 200 -
193.32.162.159 - - [20/Apr/2023:00:38:23 -0500] "GET / HTTP/1.1" 200 319
193.32.162.159 - - [20/Apr/2023:00:38:33 -0500] "GET /dispatch.asp HTTP/1.1" 404 1018
201.245.192.253 - - [20/Apr/2023:00:38:38 -0500] "POST /kwsrmcab/Wsrmcab  HTTP/1.1" 200 42096
172.22.2.4 - - [20/Apr/2023:00:38:44 -0500] "GET /BLA/boletinlegal/ReportServer HTTP/1.1" 404 1018
172.22.2.4 - - [20/Apr/2023:00:39:16 -0500] "GET /BLA/boletinlegal/login HTTP/1.1" 404 1018
198.235.24.89 - - [20/Apr/2023:00:39:44 -0500] "GET / HTTP/1.0" 200 319
201.245.192.253 - - [20/Apr/2023:00:40:06 -0500] "POST /kwsrmcab/Wsrmcab HTTP/1.1" 200 42712
201.245.192.253 - - [20/Apr/2023:00:40:09 -0500] "POST /kwsrmcab/Wsrmcab HTTP/1.1" 200 43032
172.22.2.4 - - [20/Apr/2023:00:39:02 -0500] "HEAD /BLA/boletinlegal/ HTTP/1.1" 200 -
40.77.167.94 - - [20/Apr/2023:00:40:46 -0500] "GET /BLA/resoluciones/AUTOS%202013/2339.pdf HTTP/1.1" 200 771721
172.22.2.4 - - [20/Apr/2023:00:39:52 -0500] "GET /BLA/boletinlegal/ HTTP/1.1" 200 57151
216.245.221.92 - - [20/Apr/2023:00:42:48 -0500] "HEAD / HTTP/1.1" 200 -
172.22.2.4 - - [20/Apr/2023:00:42:55 -0500] "GET /BLA/boletinlegal/jurisprudencia.php HTTP/1.1" 200 17583
172.22.2.4 - - [20/Apr/2023:00:43:15 -0500] "GET /BLA/boletinlegal/js/lib.js HTTP/1.1" 200 6474
172.22.2.4 - - [20/Apr/2023:00:43:19 -0500] "GET /BLA/boletinlegal/js/jquery1.js HTTP/1.1" 200 29846
172.22.2.4 - - [20/Apr/2023:00:43:20 -0500] "GET /BLA/boletinlegal/js/popup.js HTTP/1.1" 200 1270
201.245.192.253 - - [20/Apr/2023:00:43:37 -0500] "POST /kwsrmcab/Wsrmcab  HTTP/1.1" 200 42096
186.31.22.86 - - [20/Apr/2023:00:43:49 -0500] "GET /BLA/boletinlegal/js/jquery.scrollShow.js HTTP/1.1" 200 4586
186.31.22.86 - - [20/Apr/2023:00:43:49 -0500] "GET /galeria/galeria/jquery.fancybox.js?v=2.1.5 HTTP/1.1" 200 48706
186.31.22.86 - - [20/Apr/2023:00:43:49 -0500] "GET /galeria/galeria/jquery.fancybox.css?v=2.1.5 HTTP/1.1" 200 4895
52.167.144.63 - - [20/Apr/2023:00:44:25 -0500] "GET /BLA/resoluciones/AUTOS%202022/1913.pdf HTTP/1.1" 304 -
172.22.2.4 - - [20/Apr/2023:00:44:52 -0500] "HEAD /BLA/boletinlegal/ HTTP/1.1" 200 -
157.55.39.209 - - [20/Apr/2023:00:46:56 -0500] "GET /caminatas-ecologicas-en-bogota-inscribete-y-participa-en-los-recorridos-de-abril.html HTTP/1.1" 200 868
157.55.39.207 - - [20/Apr/2023:00:47:21 -0500] "GET /BLA/resoluciones/AUTOS%202013/0353.pdf HTTP/1.1" 200 1155831
172.22.2.4 - - [20/Apr/2023:00:45:42 -0500] "GET /BLA/boletinlegal/ HTTP/1.1" 200 56754
216.245.221.92 - - [20/Apr/2023:00:47:48 -0500] "HEAD / HTTP/1.1" 200 -
168.119.252.253 - - [20/Apr/2023:00:47:56 -0500] "GET / HTTP/1.1" 200 319
168.119.252.253 - - [20/Apr/2023:00:47:58 -0500] "GET / HTTP/1.1" 200 4720
201.245.192.253 - - [20/Apr/2023:00:48:36 -0500] "POST /kwsrmcab/Wsrmcab  HTTP/1.1" 200 42096
173.252.83.16 - - [20/Apr/2023:00:49:50 -0500] "GET /galeria/galeria/fotos/juan-amarillo3P.jpg HTTP/1.1" 200 28033
52.167.144.63 - - [20/Apr/2023:00:50:09 -0500] "GET /BLA/resoluciones/AUTOS%202013/0260.pdf HTTP/1.1" 200 2658861
152.61.192.232 - - [20/Apr/2023:00:51:47 -0500] "GET /arcgis/services/Calidad_del_Agua_WQI/MapServer/WMSServer?request=GetCapabilities&service=WMS HTTP/1.1" 503 1020
152.61.192.232 - - [20/Apr/2023:00:51:49 -0500] "GET /arcgis/services/Calidad_del_Agua_WQI/MapServer/WMSServer?SERVICE=WMS&REQUEST=GetCapabilities HTTP/1.1" 503 1020
152.61.192.232 - - [20/Apr/2023:00:51:49 -0500] "GET /arcgis/services/Calidad_del_Agua_WQI/MapServer/WMSServer?WMTVER=1.0.0&REQUEST=capabilities HTTP/1.1" 503 1020
172.22.2.4 - - [20/Apr/2023:00:50:42 -0500] "HEAD /BLA/boletinlegal/ HTTP/1.1" 200 -
216.245.221.92 - - [20/Apr/2023:00:52:48 -0500] "HEAD / HTTP/1.1" 200 -
172.22.2.4 - - [20/Apr/2023:00:51:32 -0500] "GET /BLA/boletinlegal/ HTTP/1.1" 200 57561
201.245.192.253 - - [20/Apr/2023:00:53:35 -0500] "POST /kwsrmcab/Wsrmcab  HTTP/1.1" 200 42096
40.77.167.94 - - [20/Apr/2023:00:55:26 -0500] "GET /BLA/resoluciones/RESOLUCIONES%202021/0023.pdf HTTP/1.1" 200 340897
216.245.221.92 - - [20/Apr/2023:00:57:48 -0500] "HEAD / HTTP/1.1" 200 -
66.102.6.191 - - [20/Apr/2023:00:57:50 -0500] "GET /Publicaciones/SSFFS-00857-2023.zip HTTP/1.1" 200 1860123
172.22.2.4 - - [20/Apr/2023:00:56:32 -0500] "HEAD /BLA/boletinlegal/ HTTP/1.1" 200 -
201.245.192.253 - - [20/Apr/2023:00:58:34 -0500] "POST /kwsrmcab/Wsrmcab  HTTP/1.1" 200 42096
172.22.2.4 - - [20/Apr/2023:00:57:22 -0500] "GET /BLA/boletinlegal/ HTTP/1.1" 200 57561
216.245.221.92 - - [20/Apr/2023:01:02:48 -0500] "HEAD / HTTP/1.1" 200 -
201.245.192.253 - - [20/Apr/2023:01:03:33 -0500] "POST /kwsrmcab/Wsrmcab  HTTP/1.1" 200 42096
186.102.26.125 - - [20/Apr/2023:01:03:38 -0500] "GET /kwssiamovil/sm/ldap/au?x=U2FsdGVkX19bZ5pnNRNdFldcZaw0uzwaBWbQJMS0uN/RbXFNk0P5vDi2Jyrv67bx&y=U2FsdGVkX1/Nmv3A+BvG3ARSa8XcElPXqxEHbvRCyG1D11NEUXR+tZH16Cxfa6Zy HTTP/1.1" 200 30
186.102.26.125 - - [20/Apr/2023:01:03:38 -0500] "GET /kwssiamovil/sm/acme/s?s=U2FsdGVkX19oeTbJg9gEpogbabZm5okQVZVWcyR8rR5Ejp3tL/dTqjephZiNooTLVzk1g3PYAh+h0FOLGq96kLNrGVPVfqDVJRQNe7MxdMY=&u=U2FsdGVkX19F23+Bfu30Ncl42mqQHkmD8px8zMmqK0Psk2rTnxDhXzCbpRDEW6C3&y=U2FsdGVkX1/Nmv3A+BvG3ARSa8XcElPXqxEHbvRCyG1D11NEUXR+tZH16Cxfa6Zy HTTP/1.1" 200 97
186.102.26.125 - - [20/Apr/2023:01:03:38 -0500] "GET /kwssiamovil/sm/acme/s?s=U2FsdGVkX1/9/qzRokbH80HqRDEaucIbsCZkV2byRwimIxgTfE0mGohqCNzASmooicx/qzet/6VVzs5BfVYiU5pgENBZxJ/pftOcDgK20Xc63MDn85axAJGmh7GT07o088kWHKTzZmk2N6IsodrN+5OdcMwxp4vxA7kbw9UKCYlBeL+T4JpmtfLwzeV0x4xbjLWJraeZCsWhorTb2tf9bPzK8+6idwBEEQYyG+787Jt4lCQypwia1rF2wfE3rgZcmyvyySACBKdFpe3Zj0Q+HbOJdBzc9PA8YDxs1PsHSI4cM2Dtn4a7lSOVbNkF66FIqy6KCJpMpojmGnxmgmuWrHQ5UJq75Ty13W3bgxsj8Z1jtoiuy7ZK4I9SVTxY/ebLzE3v9IULAz7sBQxVQXloRZ9UyhSmhQVUtwv9s5OiJwCGRYn/yvOUHfKtVxMuubKTrSbio5W9irJE0DjRSeZHJuwml+VXMmxlfx3pbG6bFmYEIaK/VxvJCo6D2i23Jz7dOGZDs8yPnTtZuMMviR2CQVdnS+Ew7sqt33ZecaBiZz6jQe+zmb4JH96oN0wr08T4n2q5CaqgAU9dq2v3lIBpGj1nn2Cr+b7yIjSv8eLeoJJeptj0QEeV3OciY7ike6u+Htqm+espJUR4rSpV2R6eXSEHTGad3/zDv/I5YmttDz5Etyst+PCRknw+hyVo6fg3EineTJWREqYwDltcosFcEMNn1H8Xd4VRDDCDJai0t01lGslnOxFm16S2G47+fF4NQQIOPEwDL4mZP56+XEVrWvp7uEGeZkIZo65/996l8iCycTX4/ZpuifTd3C4iPcGfHOfs2dAtRogcKUfVz+ynzbASq/uQR4DkBxHKk8CMNQFahjCLhV+WlKQSLkEZ2PblTtJ7ZPP5oAfDTAfD2tu6anz3fqkCJrszZDuHDv9BNPL8vPTrF2h79Dz+S4TFzmOMyqaLJ/zoWD29UXi61GHImWSe50ciEz1rzHjUc/QXct+Xl+MiaOHlixEtMGmI0ieaFg4TB4ywLXTH2RLGar8CEBthXiOyjEZWxQrzMb7gsM7x41NZ9k5EmDGvZZRYtX9ZodXwKAAMZN9mihXrEcppnCyuN1fQjSp+PBZQzGxzblGymGwExxY8Qk0EqDvYShU8t+tH8KsaBjw+fqMo95YdO/gbW9iPB3gR1sXQvdaHPOIePveei/o9wg4X5pYjY9Fa69NSUyVW2Qs1AlhBHQAvVHWyHO6YsKZhHat0SqwIpjrl56MxQvsCNAPuWgHMZ4h0WUr7pEPTVy/Fme6V29/FhbAu97WVSkS8NKQXu+G8pJv0DDMamJh+NdQmwrpG61t82qTkbnIkrgnNRg/7yQhFp88teZ1C5BM0suh8WTLKrSuofOWGB5mGjI5xthyNOcVfRVjMMBv5EJWVGG7vcgUB2xZSak1byWJbkPfIGb5m1cA=&u=U2FsdGVkX19F23+Bfu30Ncl42mqQHkmD8px8zMmqK0Psk2rTnxDhXzCbpRDEW6C3&y=U2FsdGVkX1/Nmv3A+BvG3ARSa8XcElPXqxEHbvRCyG1D11NEUXR+tZH16Cxfa6Zy HTTP/1.1" 200 2772
186.102.26.125 - - [20/Apr/2023:01:03:38 -0500] "GET /kwssiamovil/sm/acme/s?s=U2FsdGVkX1/4xgRTlgjdv0ssqyDuTfvLfYyQVK+CorQaB+Uhx49KT3WoY5g9y0M5syM7slfOXazSL1AbP/KBJS513F65VQTo6y+UGFhRcjr0LoVQ76ag0L4VHGnPwRkUQ7LEM/7grvnN6bgUaAP56G2F7JxJYT0pjOLFCOqnHguhx6U4TnsTjPpk+Lryhj4nu6xqri/7HKfLHekIrAt7OMB0oA6p9tiLdxrm5NhBvZQTn+O3CXKhlYeBHsZCyFECK+se6Ch5z3kiG3SsbGJtjMCKYvWrdMbc6zD0IDJ9cKE/Rpxbodz6ihl4SJtGNuL6ng2/c0n4tI3IYeLEXzDRhz4V/9xrkPPwuqebkNGBZqg=&u=U2FsdGVkX19F23+Bfu30Ncl42mqQHkmD8px8zMmqK0Psk2rTnxDhXzCbpRDEW6C3&y=U2FsdGVkX1/Nmv3A+BvG3ARSa8XcElPXqxEHbvRCyG1D11NEUXR+tZH16Cxfa6Zy HTTP/1.1" 200 196
186.102.26.125 - - [20/Apr/2023:01:03:38 -0500] "GET /kwssiamovil/sm/cjson/pre?f=1&x=U2FsdGVkX19bZ5pnNRNdFldcZaw0uzwaBWbQJMS0uN/RbXFNk0P5vDi2Jyrv67bx HTTP/1.1" 200 31032
172.22.2.4 - - [20/Apr/2023:01:02:22 -0500] "HEAD /BLA/boletinlegal/ HTTP/1.1" 200 -
172.22.2.4 - - [20/Apr/2023:01:03:12 -0500] "GET /BLA/boletinlegal/ HTTP/1.1" 200 57945
172.22.2.4 - - [20/Apr/2023:01:04:52 -0500] "GET /BLA/boletinlegal/actos.php HTTP/1.1" 200 9682
173.252.83.13 - - [20/Apr/2023:01:05:43 -0500] "GET /bogota-tendra-la-primera-planta-de-termovalorizacion-de-colombia-la-cual-convertira-los-residuos-en-energia-para-la-ciudad.html HTTP/1.1" 206 883
69.171.249.8 - - [20/Apr/2023:01:05:45 -0500] "GET /images/mejora-la-calidad-del-aire-en-bogota-5-abril.jpeg HTTP/1.1" 200 44341
173.252.107.116 - - [20/Apr/2023:01:05:50 -0500] "GET /images/semana-bosques-1_optimized.1.jpg HTTP/1.1" 200 102892
216.245.221.92 - - [20/Apr/2023:01:07:48 -0500] "HEAD / HTTP/1.1" 200 -
201.245.192.253 - - [20/Apr/2023:01:08:32 -0500] "POST /kwsrmcab/Wsrmcab  HTTP/1.1" 200 42096
66.249.70.168 - - [20/Apr/2023:01:08:57 -0500] "-" 408 -
172.22.2.4 - - [20/Apr/2023:01:08:12 -0500] "HEAD /BLA/boletinlegal/ HTTP/1.1" 200 -
172.22.2.4 - - [20/Apr/2023:01:09:02 -0500] "GET /BLA/boletinlegal/ HTTP/1.1" 200 57151
216.245.221.92 - - [20/Apr/2023:01:12:48 -0500] "HEAD / HTTP/1.1" 200 -
201.245.192.253 - - [20/Apr/2023:01:13:32 -0500] "POST /kwsrmcab/Wsrmcab  HTTP/1.1" 200 42096
157.55.39.207 - - [20/Apr/2023:01:14:35 -0500] "GET /BLA/resoluciones/AUTOS%202021/2938.pdf HTTP/1.1" 304 -
172.22.2.4 - - [20/Apr/2023:01:15:00 -0500] "GET /BLA/boletinlegal/actos.php HTTP/1.1" 200 9682
172.22.2.4 - - [20/Apr/2023:01:14:02 -0500] "HEAD /BLA/boletinlegal/ HTTP/1.1" 200 -
172.22.2.4 - - [20/Apr/2023:01:14:52 -0500] "GET /BLA/boletinlegal/ HTTP/1.1" 200 57561
216.245.221.92 - - [20/Apr/2023:01:17:48 -0500] "HEAD / HTTP/1.1" 200 -
152.61.128.50 - - [20/Apr/2023:01:17:51 -0500] "GET /arcgis/services/Calidad_del_Agua_WQI/MapServer/WMSServer?request=GetCapabilities&service=WMS HTTP/1.1" 503 1020
152.61.128.50 - - [20/Apr/2023:01:17:53 -0500] "GET /arcgis/services/Calidad_del_Agua_WQI/MapServer/WMSServer?SERVICE=WMS&REQUEST=GetCapabilities HTTP/1.1" 503 1020
152.61.128.50 - - [20/Apr/2023:01:17:53 -0500] "GET /arcgis/services/Calidad_del_Agua_WQI/MapServer/WMSServer?WMTVER=1.0.0&REQUEST=capabilities HTTP/1.1" 503 1020
201.245.192.253 - - [20/Apr/2023:01:18:32 -0500] "POST /kwsrmcab/Wsrmcab  HTTP/1.1" 200 42096
66.249.70.168 - - [20/Apr/2023:01:19:34 -0500] "-" 408 -
201.245.192.253 - - [20/Apr/2023:01:20:05 -0500] "POST /kwsrmcab/Wsrmcab HTTP/1.1" 200 42560
201.245.192.253 - - [20/Apr/2023:01:20:08 -0500] "POST /kwsrmcab/Wsrmcab HTTP/1.1" 200 42868
172.22.2.4 - - [20/Apr/2023:01:19:52 -0500] "HEAD /BLA/boletinlegal/ HTTP/1.1" 200 -
66.249.79.107 - - [20/Apr/2023:01:22:02 -0500] "-" 408 -
172.22.2.4 - - [20/Apr/2023:01:20:42 -0500] "GET /BLA/boletinlegal/ HTTP/1.1" 200 57561
216.245.221.92 - - [20/Apr/2023:01:22:48 -0500] "HEAD / HTTP/1.1" 200 -
201.245.192.253 - - [20/Apr/2023:01:23:31 -0500] "POST /kwsrmcab/Wsrmcab  HTTP/1.1" 200 42096
172.22.2.4 - - [20/Apr/2023:01:24:59 -0500] "GET /BLA/boletinlegal/actos.php HTTP/1.1" 200 9682
172.22.2.4 - - [20/Apr/2023:01:26:24 -0500] "GET /BLA/boletinlegal/robots.txt HTTP/1.1" 404 1038
172.22.2.4 - - [20/Apr/2023:01:25:42 -0500] "HEAD /BLA/boletinlegal/ HTTP/1.1" 200 -
216.245.221.92 - - [20/Apr/2023:01:27:48 -0500] "HEAD / HTTP/1.1" 200 -
172.22.2.4 - - [20/Apr/2023:01:26:25 -0500] "GET /BLA/boletinlegal/index.php HTTP/1.1" 200 48659
172.22.2.4 - - [20/Apr/2023:01:26:32 -0500] "GET /BLA/boletinlegal/ HTTP/1.1" 200 50283
201.245.192.253 - - [20/Apr/2023:01:28:29 -0500] "POST /kwsrmcab/Wsrmcab  HTTP/1.1" 200 42096
172.22.2.4 - - [20/Apr/2023:01:29:31 -0500] "GET /BLA/boletinlegal/jurisprudencia.php HTTP/1.1" 200 17583
172.22.2.4 - - [20/Apr/2023:01:29:31 -0500] "GET /BLA/boletinlegal/style.css HTTP/1.1" 200 9406
172.22.2.4 - - [20/Apr/2023:01:29:31 -0500] "GET /BLA/boletinlegal/js/popup.js HTTP/1.1" 200 1270
172.22.2.4 - - [20/Apr/2023:01:29:31 -0500] "GET /BLA/boletinlegal/js/lib.js HTTP/1.1" 200 6474
172.22.2.4 - - [20/Apr/2023:01:29:31 -0500] "GET /BLA/boletinlegal/js/jquery1.js HTTP/1.1" 200 29846
172.22.2.4 - - [20/Apr/2023:01:29:32 -0500] "GET /BLA/boletinlegal/images/cabezote%20BLEGAL.jpg HTTP/1.1" 200 118164
172.22.2.4 - - [20/Apr/2023:01:29:32 -0500] "GET /BLA/boletinlegal/images/subscribe-icon-big.png HTTP/1.1" 200 47702
172.22.2.4 - - [20/Apr/2023:01:29:32 -0500] "GET /BLA/boletinlegal/images/historia.png HTTP/1.1" 200 52775
172.22.2.4 - - [20/Apr/2023:01:29:32 -0500] "GET /BLA/boletinlegal/images/registro-usuarios.png HTTP/1.1" 200 8106
172.22.2.4 - - [20/Apr/2023:01:29:32 -0500] "GET /BLA/boletinlegal/images/body_bg.jpg HTTP/1.1" 200 1601
172.22.2.4 - - [20/Apr/2023:01:29:32 -0500] "GET /BLA/boletinlegal/images/menu_lft.gif HTTP/1.1" 200 1713
172.22.2.4 - - [20/Apr/2023:01:29:32 -0500] "GET /BLA/boletinlegal/images/menu_rght.gif HTTP/1.1" 200 1627
172.22.2.4 - - [20/Apr/2023:01:29:32 -0500] "GET /BLA/boletinlegal/images/bg_top.jpg HTTP/1.1" 200 522
172.22.2.4 - - [20/Apr/2023:01:29:32 -0500] "GET /BLA/boletinlegal/images/menu_bg.jpg HTTP/1.1" 200 620
172.22.2.4 - - [20/Apr/2023:01:29:32 -0500] "GET /BLA/boletinlegal/images/hover.jpg HTTP/1.1" 200 640
172.22.2.4 - - [20/Apr/2023:01:29:32 -0500] "GET /BLA/boletinlegal/images/footer_bg.jpg HTTP/1.1" 200 586
172.22.2.4 - - [20/Apr/2023:01:29:32 -0500] "GET /BLA/boletinlegal/images/text.jpg HTTP/1.1" 200 568
172.22.2.4 - - [20/Apr/2023:01:29:32 -0500] "GET /BLA/boletinlegal/images/sub_ul_li.gif HTTP/1.1" 200 343
172.22.2.4 - - [20/Apr/2023:01:29:32 -0500] "GET /BLA/boletinlegal/images/footer_bg_l.jpg HTTP/1.1" 200 776
172.22.2.4 - - [20/Apr/2023:01:29:32 -0500] "GET /BLA/boletinlegal/images/jurisprudencia.png HTTP/1.1" 200 66721
201.245.192.253 - - [20/Apr/2023:01:30:05 -0500] "POST /kwsrmcab/Wsrmcab HTTP/1.1" 200 42560
201.245.192.253 - - [20/Apr/2023:01:30:08 -0500] "POST /kwsrmcab/Wsrmcab HTTP/1.1" 200 42868
66.249.70.168 - - [20/Apr/2023:01:31:44 -0500] "-" 408 -
172.22.2.4 - - [20/Apr/2023:01:32:23 -0500] "GET /BLA/boletinlegal/robots.txt HTTP/1.1" 404 1038
172.22.2.4 - - [20/Apr/2023:01:32:23 -0500] "GET /BLA/boletinlegal/Directivas/2011/Directiva%20No.%203%20del%2027%20de%20Mayo%20de%202011.pdf HTTP/1.1" 304 -
52.167.144.27 - - [20/Apr/2023:01:32:26 -0500] "GET /BLA/boletinlegal/notificaciones.php HTTP/1.1" 200 10015
216.245.221.92 - - [20/Apr/2023:01:32:48 -0500] "HEAD / HTTP/1.1" 200 -
66.249.79.105 - - [20/Apr/2023:01:33:03 -0500] "-" 408 -
172.22.2.4 - - [20/Apr/2023:01:31:32 -0500] "HEAD /BLA/boletinlegal/ HTTP/1.1" 200 -
201.245.192.253 - - [20/Apr/2023:01:33:27 -0500] "POST /kwsrmcab/Wsrmcab  HTTP/1.1" 200 42096
172.22.2.4 - - [20/Apr/2023:01:32:22 -0500] "GET /BLA/boletinlegal/ HTTP/1.1" 200 59306
216.245.221.92 - - [20/Apr/2023:01:37:48 -0500] "HEAD / HTTP/1.1" 200 -
201.245.192.253 - - [20/Apr/2023:01:38:25 -0500] "POST /kwsrmcab/Wsrmcab  HTTP/1.1" 200 42096
172.22.2.4 - - [20/Apr/2023:01:37:22 -0500] "HEAD /BLA/boletinlegal/ HTTP/1.1" 200 -
172.22.2.4 - - [20/Apr/2023:01:38:12 -0500] "GET /BLA/boletinlegal/ HTTP/1.1" 200 55934
201.245.192.253 - - [20/Apr/2023:01:40:06 -0500] "POST /kwsrmcab/Wsrmcab HTTP/1.1" 200 42560
201.245.192.253 - - [20/Apr/2023:01:40:08 -0500] "POST /kwsrmcab/Wsrmcab HTTP/1.1" 200 42868
172.22.2.4 - - [20/Apr/2023:01:41:23 -0500] "GET /BLA/boletinlegal/Circulares/2012/Circular%20No.%209%20del%2021%20de%20Agosto%20de%202012.pdf HTTP/1.1" 304 -
216.245.221.92 - - [20/Apr/2023:01:42:48 -0500] "HEAD / HTTP/1.1" 200 -
201.245.192.253 - - [20/Apr/2023:01:43:23 -0500] "POST /kwsrmcab/Wsrmcab  HTTP/1.1" 200 42096
66.249.70.168 - - [20/Apr/2023:01:43:37 -0500] "-" 408 -
172.22.2.4 - - [20/Apr/2023:01:43:12 -0500] "HEAD /BLA/boletinlegal/ HTTP/1.1" 200 -
172.22.2.4 - - [20/Apr/2023:01:44:02 -0500] "GET /BLA/boletinlegal/ HTTP/1.1" 200 57561
216.245.221.92 - - [20/Apr/2023:01:47:48 -0500] "HEAD / HTTP/1.1" 200 -
201.245.192.253 - - [20/Apr/2023:01:48:20 -0500] "POST /kwsrmcab/Wsrmcab  HTTP/1.1" 200 42096
172.22.2.4 - - [20/Apr/2023:01:48:47 -0500] "GET /BLA/boletinlegal/conceptos.php HTTP/1.1" 200 7496
172.22.2.4 - - [20/Apr/2023:01:48:47 -0500] "GET /BLA/boletinlegal/favicon.ico HTTP/1.1" 404 1334
172.22.2.4 - - [20/Apr/2023:01:48:55 -0500] "GET /BLA/boletinlegal/consulta_conceptos.php?no=&solicitante=&radicado_entrada=&fecha_concepto=2023&objeto= HTTP/1.1" 200 11607
52.167.144.125 - - [20/Apr/2023:01:49:06 -0500] "GET /BLA/resoluciones/AUTOS%202019/4147.pdf HTTP/1.1" 200 286227
172.22.2.4 - - [20/Apr/2023:01:48:38 -0500] "GET /BLA/boletinlegal/ HTTP/1.1" 200 28619
157.55.39.207 - - [20/Apr/2023:01:50:41 -0500] "GET /BLA/resoluciones/AUTOS%202021/5690.pdf HTTP/1.1" 304 -
172.22.2.4 - - [20/Apr/2023:01:49:02 -0500] "HEAD /BLA/boletinlegal/ HTTP/1.1" 200 -
52.167.144.27 - - [20/Apr/2023:01:51:06 -0500] "GET /forest/ HTTP/1.1" 200 12041
172.22.2.4 - - [20/Apr/2023:01:49:52 -0500] "GET /BLA/boletinlegal/ HTTP/1.1" 200 53561
186.102.15.47 - - [20/Apr/2023:01:51:33 -0500] "GET /kwssiamovil/sm/acme/a?s=U2FsdGVkX1/Uh0L15YTokbNAdW2ecFaRvwaAScw2NhSN8y3l07dNNeho7YexT8wbhw+H+W5LaWLCSLmtMSBVcNGkkmB/iHv1mJiUNDwXait4ciimfxx7fndhvHb2QAI0W6SKx22y8HlFCDidCbH3EQjnrYhFQOFR/ujPiMPOPPIZeuFxg5S9HhdEmHwl6JD7Fq9I+FcLHl9N0JkWsBDR/acfip4gt/xy8FstT2/NohobEA9Gra+0TtnISiM7JdrrzOncs9WZPmimu3w9z0eMLA==&u=U2FsdGVkX1/PF+S9M6gZzJpw9GDsZ876uv0hZo1i3e8=&y=U2FsdGVkX1/0xFz39Kkd+qtrzLxe58XyV1rDoQIa2OI= HTTP/1.1" 200 26
186.102.15.47 - - [20/Apr/2023:01:51:33 -0500] "GET /kwssiamovil/sm/acme/a?s=U2FsdGVkX198gphweUNEWQKRFUJutBV1ayz2OhmJZGs7AEqo0X3obeQ+04AHjJPmoy8o0q1dR2fLWq3MFwmeSz7vkUmQwuIONJEKjAlg3j/NrsMaXmc9dnsbT+tGR2sWnLa1e+CND4XPCOz4BE7naF9kHI4ZTXRCaXi9P1yp24N28sAPU5dIL/MyYsA9uGh43jJvipw/OCtxTk/Un3sjzeeygS7ol0EJOMAEtRETAAo+hBj1SIE5biEL62iX0Cfui9otzpGO2UbDoIqnpVpqxSDX4nnX8N0QUDT4Wyv93F9KJ1stGaRXmUj39nRB9kSjtNDEdd8NXhsHzuRG47k9duRdINBif5butUw0P48EycO0iPC4x3Kv7Fp55N8DNdC4JuqAT7KF1Xvqk+vUSs/9mnJJHBjqPIfSvCnqsQvtoMNmOcqAN5L7Nv7sNd/5RvE7e8DiwM//JqWv85CS3Sj3gi/oiPWkPSBV2/iDfA8MhOCBgi/gsuFrvyGa0kIl4Zi6qJsjRIY8f+KpL4xqL0YlSWxq2IQ8EYeijbimSqSmY9CxO9jn05PS8D7O/ab9fkNSSGBOy37YSNKuNTo1rbi0xxA+2nemEGr8uqrLAKgwLoyBCWCXDIZL7EHAKJSADi4NzoHR8z91Tv3qfoekuQXLt2g/1DE2STK5DXtn+lvLz/b9SdLK2Ab3uKTLBWor4gwtxLSEL+7WgrXA3VxniM2dSzrlXDGwXq3QssbAIfPqggN2FYJPF6u7LQ9DEHZcfkRUND3BWLrhzdJgdfRdtZex276JPIKTWoBBa2ICbCugjQSq3Ox3vi5i8SB8E5+wDu832wV3/C1/Rqact5iMw2SxMK9Um7OqB9FXlkY2eQECGluI/dGaEZB6N07vFOTIhSAMuc0vgM/RSVQFu7VHNrIbd2mSj0l9TxYFpBcBnfasETvtFRyEsPT/PNWwVYLOSpW/JoWfLRtEIVijgCX8M4AA/K9KmaqKjdOj6Ry0tK61d7oJxE71mgMrndZa6yFY2xG0R2qc2FrjDHL5riebit8jVBIfzKGLmYMBTow5C/6uLzBPC5+aV+1/90N3IwBT49D4HXvsL+CpU71s4jpsrHuJCZ3mCGCouMe4HStH8cLkOgkINKBof038MOcboXS7GrZr2Dp3tBZYaQW7oA/DpTdQJaAvnuNSADuyOX8yXgNmGggyf4WW7Vapq6xHc8z7Gki+kZp7rnB8CnqMFfYIyVi41YTCfcnhvU9P4uxuQZ3WoqpOH6QUyUMtXQbg/Esn2PzrIfjZHBDvOCUOnVmb6Ec/g6+BDIf7AKGCo1drxKtZ0d3hddprHTfaiHEP7j4CzKTmEybEmNd3gQsC8IyESWTAkuiYJ4QbmAnd+zQ0azDEFfOmKCa3y0rQJivxgXY5yu3gQx80O6NmCAVS7k5ggYG5hnG4NZzM2FZMDTXlbbjEW6bXkg+79V/GkwfUgvrqeYraY7/8UjhfE2MO/lUSGNA4qLg2rh1sYcMNX+mQc1ur9KEGF20cGr7EB7EnB8KK3Vg7bkxioPwdCbJfgZeZJvooVl5FwYzzgJ7dFoCJVOtumIa4KbV5GezLdXUwJUr2GxhEKLSvwfPEZTdCMgn9jGpzK6DT59sW+8qoRPH9iFjEtxjJsOZ6wZ7afzbJj1Xc8LF2VwNQYejqUqaPhZNr5s0OX9SZ/flx1Zixd2WaCBhF7KYTVlY30JglQ/rKWXNz6KSykSR+hChuynScFtlzlx5KjqP7k5U/K6xS/gcYjO1KM1vyL/SO/C03i0xXt51iddj0GZNjF8PpwCFryh1HJDasVzy385OSaxJPc6u3/j33V9/fOQQxXYnBxdDBmaKKp/w7sDBIaWWrSVonGeETXlaBWw==&u=U2FsdGVkX1/PF+S9M6gZzJpw9GDsZ876uv0hZo1i3e8=&y=U2FsdGVkX1/0xFz39Kkd+qtrzLxe58XyV1rDoQIa2OI= HTTP/1.1" 200 26
186.102.15.47 - - [20/Apr/2023:01:51:34 -0500] "GET /kwssiamovil/sm/acme/a?s=U2FsdGVkX1+q9EIlukTwcykkFLccZcRQYeA1Vrfm6GsfsxAzOKv564NE7Ozn1ybDZLRdiYN5hrTV/Dk/CQzxgDbCZGVL4w7AaQPIyb0T+ywHd0mYyburzfOrsfBUeFdD34r/9rg5mfg3HO8gwhsXWbkp7KgQ4Xhuehsgu/w1szQ=&u=U2FsdGVkX1/PF+S9M6gZzJpw9GDsZ876uv0hZo1i3e8=&y=U2FsdGVkX1/0xFz39Kkd+qtrzLxe58XyV1rDoQIa2OI= HTTP/1.1" 200 26
186.102.15.47 - - [20/Apr/2023:01:51:34 -0500] "GET /kwssiamovil/sm/acme/a?s=U2FsdGVkX1+f084sv87LZ4r8bYORgeHLu9re5kkOgeE27qOHRMtsT9eaAB1UgEApzZ1E5xOucCE5haxIl57PWpfweofmsbbwHwUmFQWpkuPjYh0sYVS/ihwcmkFwiNkJVo4PKSzbTZA0SJa0+BYkg46zIl1idH25xrTu7oFlG0g=&u=U2FsdGVkX1/PF+S9M6gZzJpw9GDsZ876uv0hZo1i3e8=&y=U2FsdGVkX1/0xFz39Kkd+qtrzLxe58XyV1rDoQIa2OI= HTTP/1.1" 200 26
186.102.15.47 - - [20/Apr/2023:01:51:34 -0500] "GET /kwssiamovil/sm/acme/a?s=U2FsdGVkX19YyIYwJwq7ZJJ3OzlyAMW97kmNVpVEvcUFWu0Zv0DWdKukHIGk9jUfHU9IfNl8eFlhJVisWSc93VXe0FS8ouK8r6n6EtDA2nbe8pzDbugYaD8Jw1Sf4lsxKOMZWDy3Ft9LtFX+TErtCfE8NERAJhemJRoFRhEXpNA=&u=U2FsdGVkX1/PF+S9M6gZzJpw9GDsZ876uv0hZo1i3e8=&y=U2FsdGVkX1/0xFz39Kkd+qtrzLxe58XyV1rDoQIa2OI= HTTP/1.1" 200 26
186.102.15.47 - - [20/Apr/2023:01:51:34 -0500] "GET /kwssiamovil/sm/acme/a?s=U2FsdGVkX18x2wGoYRjQdRf+3NerZ6IQpxzCgwILohCtdR+jpkpNXtnZ5b3a2C64VUJL7Wso19YbsCIsjS+bT/oGzENJZKbCUKdw9FFuXnUdjoc8IcelfFy9uhpl4sCsqIHe4hsDikMOsCCiRUXEr5OnjWBANu3A2URfONLu9ofA6X4L8/Uinbdh6TQSwOHS&u=U2FsdGVkX1/PF+S9M6gZzJpw9GDsZ876uv0hZo1i3e8=&y=U2FsdGVkX1/0xFz39Kkd+qtrzLxe58XyV1rDoQIa2OI= HTTP/1.1" 200 26
172.22.2.4 - - [20/Apr/2023:01:50:18 -0500] "HEAD /BLA/boletinlegal/ HTTP/1.1" 200 -
162.55.175.158 - - [20/Apr/2023:01:52:05 -0500] "GET / HTTP/1.1" 200 319
162.55.175.158 - - [20/Apr/2023:01:52:05 -0500] "GET / HTTP/1.1" 200 4720
52.167.144.125 - - [20/Apr/2023:01:52:08 -0500] "GET /BLA/resoluciones/AUTOS%202022/2144.pdf HTTP/1.1" 200 3686885
216.245.221.92 - - [20/Apr/2023:01:52:48 -0500] "HEAD / HTTP/1.1" 200 -
186.102.15.47 - - [20/Apr/2023:01:52:49 -0500] "GET /kwssiamovil/sm/acme/a?s=U2FsdGVkX1+WIZZp6Q93dvTTMYOHfRvybix/CIUmKeFUl/UducIv81uMi5+LegUQS+18VCyJ1roJ2N8uUD73WJ3uiH3aZUqfYW7KyiPudx1JPAyq+nCNlKVyqniwtBk0UBBnpqPoK6zuNN3DG/STlUVRyLB6uF7HM8EFOAEAIHfzudAXdR3rZ3dnjV6wKApPZCjENSA6dNAQ2eY1JA2rquKB74RtHTFAUH9+2/0M23xGvYqA/oXQQwUekdGrrIXn0e4bGXgmLrsRA2qfFKC4hA==&u=U2FsdGVkX1/PF+S9M6gZzJpw9GDsZ876uv0hZo1i3e8=&y=U2FsdGVkX1/0xFz39Kkd+qtrzLxe58XyV1rDoQIa2OI= HTTP/1.1" 200 26
186.102.15.47 - - [20/Apr/2023:01:52:49 -0500] "GET /kwssiamovil/sm/acme/a?s=U2FsdGVkX1/xAU9iLVNrWsi22Vd6tqjuLqTO4FvvoBPkdclRaYDeNiCYgRCZTPOikL/KtytWRV7OMF1GBCQQvsnxqYQsgQ1bv4PQa5ECow42Yuxpt0X5GqFJbomJV1gW6ResJDZDTJ/DzzjRs73le4lxlY0STG3I9x76ccIHq9Um5bI2LkQ630DZrQ3OBUpZzaTfFXkjr5RoaTPf5QroYXnyvhKKbl/OzOmkfT4SW/+lHOxcVCZ9usXGGKb+XGzoi9LYLpgfnZXNthp7M1YLDqwqgDeG4RUaZfj0NNCnZRfZ6UE53A4NYMh/bnRMIKbVh0qHD22xYiJWKerfGZ/NRiuMguEarzAiq4Up3rkd5SjmAnT0QKYj0rXqkXYm5a07zdU3kehhKyDoTkc6wpal2cVjE3sboxj17CVejbfWudyQ+13k20dQ9DsOc9HLFIbbTAYYINKlKd99pwZNPWYtS4VGSPIR9gA58jGpPtUZAt2rwmmXVC6B6FylMxfpABSsfOoSLupW93jJ89OkcHtLzuK8XmpmZ74qo6Ra8xIcvB/AUqGq+nFnCgdJGL4RoVpR1Lk2smSG5d+7QXvredydke/5sOqmL1QVYCj52FzPeAl77eMd03gL2y6LY3tSwoy30YCjTmCbT2zEReIhH0DvSHTtX6kocuH+11QcdGwvUY/1iJ3YykMYF5TKJ+H4bSjuFexpvQr1TR06+dZQwYXJg/KJ5LkqIb/k6CIMSoi+hrMc9mTh9ujKSgijowsFClCxc0jpdBSCachWilMzZ3eAIofzFcJ/8aaXJ02mt67h5/ccQn8YnWNBsK15ZUyAD+Q5p3CnOt2O1Wgi6//UELyzuMnZn0mg7pqDCy+/28Dx/3z1wVgBdkm6PDc4WzqxKamAhKaEj49yA9RNzAcvkU19TXsW0W0Fv79c9A9eMuWDXRTdRJHBRYEwx4oD1teH6k518+KaxwK/NW6a4AqBP7DxgqDvMi1VwrdIlxBUa268h4JviLINpg3fyM4D9kE74Ed1JM6h8b6tQ/K9s+hHwtH6LEReJNkryvWzVRl2xBQ0H0LiyoTYOEiThKxwygDAqHw7h4bree/YO9uA2sVlL7vm9baGj3/OOai6Katgn3HjNmJFk1Nh4mdgjw8yPsk+f3b5nqwZ0D1ni4No9OT8Is2DAd4K8Jdc1+Fb1LMpGzbe3KM/dmWDCudmvimREbYWHFeFKT38AKAfic8MwoNet+oP7/UALGsvYQfA+JiafGRaJkh8Y67uyt39Ig4CahUtAonXuNNGXMt2C/X3WzqDXY1y7Q==&u=U2FsdGVkX1/PF+S9M6gZzJpw9GDsZ876uv0hZo1i3e8=&y=U2FsdGVkX1/0xFz39Kkd+qtrzLxe58XyV1rDoQIa2OI= HTTP/1.1" 200 26
186.102.15.47 - - [20/Apr/2023:01:52:49 -0500] "GET /kwssiamovil/sm/acme/a?s=U2FsdGVkX1941vXAA9ebZ2hBIswMc3rt1xkUuu2FG5qtvk4z6oSlK3WbWAzox2QweqHM3l3nCYadE3j8ZrgNW/sUpd8ge7qniwIJojv7wQ9948YpB0wD0kJwB2Z+m4Q/C5pgljdCCKaX2IR6d/MtXd1NcwVixIJvqqER1CXLRnQ=&u=U2FsdGVkX1/PF+S9M6gZzJpw9GDsZ876uv0hZo1i3e8=&y=U2FsdGVkX1/0xFz39Kkd+qtrzLxe58XyV1rDoQIa2OI= HTTP/1.1" 200 26
186.102.15.47 - - [20/Apr/2023:01:52:50 -0500] "GET /kwssiamovil/sm/acme/a?s=U2FsdGVkX19ypGmi2oXMzZZl6Bka/XjNreg2ptxV0HzF0d81887Xh3PlYqBlvlm7uh0yzI42X2GoG9cssObC4+vf9jejyDDMm4sPiNqO9oBDBb5ni/Bskfp+j7NFp+1WWNIN35OtPFNQI+rdtrv/2HIY2pq1DFZp7A+HbO+Clhs=&u=U2FsdGVkX1/PF+S9M6gZzJpw9GDsZ876uv0hZo1i3e8=&y=U2FsdGVkX1/0xFz39Kkd+qtrzLxe58XyV1rDoQIa2OI= HTTP/1.1" 200 26
186.102.15.47 - - [20/Apr/2023:01:52:50 -0500] "GET /kwssiamovil/sm/acme/a?s=U2FsdGVkX193lQpxUIfrQ3ULsVPAoPGXweMkjYG+WhSjfN21gE/3tmxEfTOPVkavEOIfcb76WZ8CDV/EQKRauDEYi+W7muBG8Jv7RCDyfYgsO+wTKccA4jYvIIyuNUlYOXyoVp4bGoNZiqI+aW/Sz8HUIaJnBSBT7vZlSzdotec=&u=U2FsdGVkX1/PF+S9M6gZzJpw9GDsZ876uv0hZo1i3e8=&y=U2FsdGVkX1/0xFz39Kkd+qtrzLxe58XyV1rDoQIa2OI= HTTP/1.1" 200 26
186.102.15.47 - - [20/Apr/2023:01:52:50 -0500] "GET /kwssiamovil/sm/acme/a?s=U2FsdGVkX1/Qc4PPSxLCP7U5XhfQitSIQsz0ct6z+EZrdb6t4FRDmaezGTjsQm9N+KDlGXAsCdAicCR1GbPyzTSogN4aOn/4A+yWlkaeNlRh4qfY67fVTld3fyGIs+ccA8qVfSNRVsPzU/yJ/WK1ab2Yf6E/hu1ukEsH0UD2bsdOcR+jDmOB0ABzYhtxyFfM&u=U2FsdGVkX1/PF+S9M6gZzJpw9GDsZ876uv0hZo1i3e8=&y=U2FsdGVkX1/0xFz39Kkd+qtrzLxe58XyV1rDoQIa2OI= HTTP/1.1" 200 26
201.245.192.253 - - [20/Apr/2023:01:53:18 -0500] "POST /kwsrmcab/Wsrmcab  HTTP/1.1" 200 42096
172.22.2.4 - - [20/Apr/2023:01:54:52 -0500] "HEAD /BLA/boletinlegal/ HTTP/1.1" 200 -
172.22.2.4 - - [20/Apr/2023:01:55:42 -0500] "GET /BLA/boletinlegal/ HTTP/1.1" 200 55934
216.245.221.92 - - [20/Apr/2023:01:57:47 -0500] "HEAD / HTTP/1.1" 200 -
201.245.192.253 - - [20/Apr/2023:01:58:16 -0500] "POST /kwsrmcab/Wsrmcab  HTTP/1.1" 200 42096
49.7.21.82 - - [20/Apr/2023:01:58:48 -0500] "GET / HTTP/1.1" 200 319
172.22.2.4 - - [20/Apr/2023:01:59:44 -0500] "GET /BLA/boletinlegal/sugerencias.php HTTP/1.1" 200 8615
172.22.2.4 - - [20/Apr/2023:01:59:45 -0500] "GET /BLA/boletinlegal/ HTTP/1.1" 200 54424
66.249.70.172 - - [20/Apr/2023:02:01:44 -0500] "-" 408 -
172.22.2.4 - - [20/Apr/2023:02:00:42 -0500] "HEAD /BLA/boletinlegal/ HTTP/1.1" 200 -
216.245.221.92 - - [20/Apr/2023:02:02:47 -0500] "HEAD / HTTP/1.1" 200 -
172.22.2.4 - - [20/Apr/2023:02:01:32 -0500] "GET /BLA/boletinlegal/ HTTP/1.1" 200 57945
201.245.192.253 - - [20/Apr/2023:02:03:15 -0500] "POST /kwsrmcab/Wsrmcab  HTTP/1.1" 200 14501
201.245.192.253 - - [20/Apr/2023:02:04:25 -0500] "POST /kwsrmcab/Wsrmcab  HTTP/1.1" 200 42096
52.167.144.125 - - [20/Apr/2023:02:05:09 -0500] "GET /BLA/resoluciones/AUTOS%202021/2139.pdf HTTP/1.1" 304 -
181.54.228.54 - - [20/Apr/2023:02:05:18 -0500] "GET /BLA/resoluciones/AUTOS%202021/5853.pdf HTTP/1.1" 200 339129
201.245.192.253 - - [20/Apr/2023:02:05:26 -0500] "POST /kwsrmcab/Wsrmcab  HTTP/1.1" 200 42096
216.245.221.92 - - [20/Apr/2023:02:07:47 -0500] "HEAD / HTTP/1.1" 200 -
172.22.2.4 - - [20/Apr/2023:02:07:59 -0500] "GET /BLA/boletinlegal/ab2g HTTP/1.1" 404 1018
172.22.2.4 - - [20/Apr/2023:02:08:00 -0500] "GET /BLA/boletinlegal/ab2h HTTP/1.1" 404 1018
34.147.86.107 - - [20/Apr/2023:02:08:09 -0500] "GET /inventario-de-emisiones-2020-transporte-publico-sitp-redujo-emisiones-de-pm-2-5-en-un-37.html HTTP/1.1" 200 925
172.22.2.4 - - [20/Apr/2023:02:06:32 -0500] "HEAD /BLA/boletinlegal/ HTTP/1.1" 200 -
172.22.2.4 - - [20/Apr/2023:02:08:15 -0500] "GET /BLA/boletinlegal/t4 HTTP/1.1" 404 1018
172.22.2.4 - - [20/Apr/2023:02:08:15 -0500] "GET /BLA/boletinlegal/favicon.ico HTTP/1.1" 404 1018
172.22.2.4 - - [20/Apr/2023:02:08:04 -0500] "GET /BLA/boletinlegal/ HTTP/1.1" 200 24523
172.22.2.4 - - [20/Apr/2023:02:07:22 -0500] "GET /BLA/boletinlegal/ HTTP/1.1" 200 54424
201.245.192.253 - - [20/Apr/2023:02:10:25 -0500] "POST /kwsrmcab/Wsrmcab  HTTP/1.1" 200 42096
216.245.221.92 - - [20/Apr/2023:02:12:47 -0500] "HEAD / HTTP/1.1" 200 -
40.77.167.245 - - [20/Apr/2023:02:12:52 -0500] "GET /portaldeninos/humedal-la-conejera-2/ HTTP/1.1" 200 88020
172.22.2.4 - - [20/Apr/2023:02:12:22 -0500] "HEAD /BLA/boletinlegal/ HTTP/1.1" 200 -
172.22.2.4 - - [20/Apr/2023:02:13:12 -0500] "GET /BLA/boletinlegal/ HTTP/1.1" 200 57945
201.245.192.253 - - [20/Apr/2023:02:15:24 -0500] "POST /kwsrmcab/Wsrmcab  HTTP/1.1" 200 42096
40.77.167.94 - - [20/Apr/2023:02:15:43 -0500] "GET /BLA/resoluciones/RESOLUCIONES%202021/2237.pdf HTTP/1.1" 200 372188
40.77.167.240 - - [20/Apr/2023:02:16:55 -0500] "GET /portaldeninos/2021/05/11/secretaria-de-ambiente-recuerda-a-comerciantes-implementar-o-actualizar-el-programa-de-uso-racional-de-bolsas-plasticas/ HTTP/1.1" 200 103956
52.167.144.27 - - [20/Apr/2023:02:16:59 -0500] "GET /BLA/boletinlegal/js/jquery.scrollShow.js HTTP/1.1" 200 4586
40.77.167.240 - - [20/Apr/2023:02:17:24 -0500] "GET /portaldeninos/wp-includes/js/wp-emoji-release.min.js?ver=4.9.8 HTTP/1.1" 200 12026
216.245.221.92 - - [20/Apr/2023:02:17:47 -0500] "HEAD / HTTP/1.1" 200 -
172.22.2.4 - - [20/Apr/2023:02:18:15 -0500] "GET /BLA/boletinlegal/?XDEBUG_SESSION_START=phpstorm HTTP/1.1" 200 28619
69.171.249.24 - - [20/Apr/2023:02:19:32 -0500] "GET /images/Fauna-silvestre-jornada-sensibilizacion-semana-santa.jpeg HTTP/1.1" 200 50019
172.22.2.4 - - [20/Apr/2023:02:19:34 -0500] "GET /BLA/boletinlegal/actos.php HTTP/1.1" 200 9682
172.22.2.4 - - [20/Apr/2023:02:18:12 -0500] "HEAD /BLA/boletinlegal/ HTTP/1.1" 200 -
66.249.70.170 - - [20/Apr/2023:02:20:07 -0500] "-" 408 -
201.245.192.253 - - [20/Apr/2023:02:20:06 -0500] "POST /kwsrmcab/Wsrmcab HTTP/1.1" 200 42888
201.245.192.253 - - [20/Apr/2023:02:20:08 -0500] "POST /kwsrmcab/Wsrmcab HTTP/1.1" 200 43177
201.245.192.253 - - [20/Apr/2023:02:20:23 -0500] "POST /kwsrmcab/Wsrmcab  HTTP/1.1" 200 42096
172.22.2.4 - - [20/Apr/2023:02:19:02 -0500] "GET /BLA/boletinlegal/ HTTP/1.1" 200 53924
216.245.221.92 - - [20/Apr/2023:02:22:47 -0500] "HEAD / HTTP/1.1" 200 -
201.245.192.253 - - [20/Apr/2023:02:25:22 -0500] "POST /kwsrmcab/Wsrmcab  HTTP/1.1" 200 42096
172.22.2.4 - - [20/Apr/2023:02:24:02 -0500] "HEAD /BLA/boletinlegal/ HTTP/1.1" 200 -
172.22.2.4 - - [20/Apr/2023:02:24:52 -0500] "GET /BLA/boletinlegal/ HTTP/1.1" 200 57561
199.16.157.182 - - [20/Apr/2023:02:27:01 -0500] "GET /images/Musgo%20SDA%20(1)%20(1).png HTTP/1.1" 200 302122
199.16.157.180 - - [20/Apr/2023:02:27:02 -0500] "GET /no-uses-musgo-en-la-elaboracion-de-tu-pesebre.html HTTP/1.1" 200 846
199.16.157.182 - - [20/Apr/2023:02:27:06 -0500] "GET /no-uses-musgo-en-la-elaboracion-de-tu-pesebre.html HTTP/1.1" 200 846
199.16.157.182 - - [20/Apr/2023:02:27:06 -0500] "GET /images/Musgo%20SDA%20(1)%20(1).png HTTP/1.1" 200 302122
216.245.221.92 - - [20/Apr/2023:02:27:47 -0500] "HEAD / HTTP/1.1" 200 -
201.245.192.253 - - [20/Apr/2023:02:30:06 -0500] "POST /kwsrmcab/Wsrmcab HTTP/1.1" 200 42888
201.245.192.253 - - [20/Apr/2023:02:30:08 -0500] "POST /kwsrmcab/Wsrmcab HTTP/1.1" 200 43177
201.245.192.253 - - [20/Apr/2023:02:30:20 -0500] "POST /kwsrmcab/Wsrmcab  HTTP/1.1" 200 42096
157.90.251.233 - - [20/Apr/2023:02:30:28 -0500] "GET / HTTP/1.1" 200 319
157.90.251.233 - - [20/Apr/2023:02:30:30 -0500] "GET / HTTP/1.1" 200 4720
52.167.144.125 - - [20/Apr/2023:02:31:11 -0500] "GET /BLA/resoluciones/AUTOS%202022/2126.pdf HTTP/1.1" 304 -
172.22.2.4 - - [20/Apr/2023:02:29:52 -0500] "HEAD /BLA/boletinlegal/ HTTP/1.1" 200 -
172.22.2.4 - - [20/Apr/2023:02:30:42 -0500] "GET /BLA/boletinlegal/ HTTP/1.1" 200 52730
216.245.221.92 - - [20/Apr/2023:02:32:47 -0500] "HEAD / HTTP/1.1" 200 -
149.18.24.89 - - [20/Apr/2023:02:33:47 -0500] "GET /wp-login.php HTTP/1.1" 404 1018
201.245.192.253 - - [20/Apr/2023:02:35:20 -0500] "POST /kwsrmcab/Wsrmcab  HTTP/1.1" 200 42096
172.22.2.4 - - [20/Apr/2023:02:35:41 -0500] "HEAD /BLA/boletinlegal/ HTTP/1.1" 200 -
216.245.221.92 - - [20/Apr/2023:02:37:47 -0500] "HEAD / HTTP/1.1" 200 -
172.22.2.4 - - [20/Apr/2023:02:36:32 -0500] "GET /BLA/boletinlegal/ HTTP/1.1" 200 53924
95.215.233.91 - - [20/Apr/2023:02:38:24 -0500] "GET / HTTP/1.1" 200 319
201.245.192.253 - - [20/Apr/2023:02:40:05 -0500] "POST /kwsrmcab/Wsrmcab HTTP/1.1" 200 42888
201.245.192.253 - - [20/Apr/2023:02:40:08 -0500] "POST /kwsrmcab/Wsrmcab HTTP/1.1" 200 43177
201.245.192.253 - - [20/Apr/2023:02:40:19 -0500] "POST /kwsrmcab/Wsrmcab  HTTP/1.1" 200 42096
172.22.2.4 - - [20/Apr/2023:02:39:37 -0500] "GET /BLA/boletinlegal/ HTTP/1.1" 200 61759
66.249.70.172 - - [20/Apr/2023:02:41:56 -0500] "-" 408 -
216.245.221.92 - - [20/Apr/2023:02:42:47 -0500] "HEAD / HTTP/1.1" 200 -
172.22.2.4 - - [20/Apr/2023:02:41:31 -0500] "HEAD /BLA/boletinlegal/ HTTP/1.1" 200 -
172.22.2.4 - - [20/Apr/2023:02:42:22 -0500] "GET /BLA/boletinlegal/ HTTP/1.1" 200 57945
201.245.192.253 - - [20/Apr/2023:02:45:19 -0500] "POST /kwsrmcab/Wsrmcab  HTTP/1.1" 200 42096
216.245.221.92 - - [20/Apr/2023:02:47:47 -0500] "HEAD / HTTP/1.1" 200 -
172.22.2.4 - - [20/Apr/2023:02:47:21 -0500] "HEAD /BLA/boletinlegal/ HTTP/1.1" 200 -
172.22.2.4 - - [20/Apr/2023:02:48:12 -0500] "GET /BLA/boletinlegal/ HTTP/1.1" 200 58307
172.22.2.4 - - [20/Apr/2023:02:49:55 -0500] "GET /BLA/boletinlegal/robots.txt HTTP/1.1" 404 1037
172.22.2.4 - - [20/Apr/2023:02:49:55 -0500] "GET /BLA/boletinlegal/conceptos.php HTTP/1.1" 200 7496
201.245.192.253 - - [20/Apr/2023:02:50:18 -0500] "POST /kwsrmcab/Wsrmcab  HTTP/1.1" 200 42096
157.55.39.207 - - [20/Apr/2023:02:50:23 -0500] "GET /catalogoisis/ HTTP/1.1" 200 8575
52.167.144.27 - - [20/Apr/2023:02:50:42 -0500] "GET /catalogoisis/Js/AceptarLimpiar.js HTTP/1.1" 200 331
52.167.144.27 - - [20/Apr/2023:02:50:42 -0500] "GET /catalogoisis/Js/LimpiarCombinada.js HTTP/1.1" 200 207
157.55.39.220 - - [20/Apr/2023:02:50:43 -0500] "GET /catalogoisis/Js/CriterioCombinada.js HTTP/1.1" 200 1843
157.55.39.207 - - [20/Apr/2023:02:50:43 -0500] "GET /catalogoisis/Css/Busqueda.css HTTP/1.1" 200 1995
52.167.144.63 - - [20/Apr/2023:02:50:46 -0500] "GET /catalogoisis/Js/Enter.js HTTP/1.1" 200 1208
52.167.144.125 - - [20/Apr/2023:02:50:47 -0500] "GET /catalogoisis/Js/Go.js HTTP/1.1" 200 364
157.55.39.220 - - [20/Apr/2023:02:50:52 -0500] "GET /catalogoisis/Js/Numero.js HTTP/1.1" 200 398
157.55.39.220 - - [20/Apr/2023:02:50:52 -0500] "GET /catalogoisis/Js/Remote.js HTTP/1.1" 200 436
157.55.39.207 - - [20/Apr/2023:02:50:56 -0500] "GET /catalogoisis/Js/Cookies.js HTTP/1.1" 200 1369
139.59.5.139 - - [20/Apr/2023:02:52:07 -0500] "\x16\x03\x01" 400 226
139.59.5.139 - - [20/Apr/2023:02:52:08 -0500] "\x16\x03\x01" 400 226
139.59.5.139 - - [20/Apr/2023:02:52:09 -0500] "GET / HTTP/1.1" 200 319
139.59.5.139 - - [20/Apr/2023:02:52:09 -0500] "GET /client/get_targets HTTP/1.1" 404 1018
139.59.5.139 - - [20/Apr/2023:02:52:10 -0500] "GET /upl.php HTTP/1.1" 404 1018
139.59.5.139 - - [20/Apr/2023:02:52:11 -0500] "\x16\x03\x01" 400 226
139.59.5.139 - - [20/Apr/2023:02:52:11 -0500] "GET /geoip/ HTTP/1.1" 404 1018
139.59.5.139 - - [20/Apr/2023:02:52:12 -0500] "GET / HTTP/1.1" 200 319
139.59.5.139 - - [20/Apr/2023:02:52:13 -0500] "GET /favicon.ico HTTP/1.1" 200 7782
40.77.167.94 - - [20/Apr/2023:02:52:36 -0500] "GET /sia/ HTTP/1.1" 200 2661
216.245.221.92 - - [20/Apr/2023:02:52:47 -0500] "HEAD / HTTP/1.1" 200 -
52.167.144.63 - - [20/Apr/2023:02:52:56 -0500] "GET /css/textos.css HTTP/1.1" 404 1018
52.167.144.125 - - [20/Apr/2023:02:53:02 -0500] "GET /css/bordes.css HTTP/1.1" 404 1018
52.167.144.27 - - [20/Apr/2023:02:53:06 -0500] "GET /css/fondos.css HTTP/1.1" 404 1018
35.204.196.122 - - [20/Apr/2023:02:53:51 -0500] "GET /inventario-de-emisiones-2020-transporte-publico-sitp-redujo-emisiones-de-pm-2-5-en-un-37.html HTTP/1.1" 200 925
172.22.2.4 - - [20/Apr/2023:02:53:11 -0500] "HEAD /BLA/boletinlegal/ HTTP/1.1" 200 -
201.245.192.253 - - [20/Apr/2023:02:55:17 -0500] "POST /kwsrmcab/Wsrmcab  HTTP/1.1" 200 42096
181.54.228.54 - - [20/Apr/2023:02:55:27 -0500] "GET /BLA/resoluciones/AUTOS%202021/5875.pdf HTTP/1.1" 200 345297
172.22.2.4 - - [20/Apr/2023:02:54:02 -0500] "GET /BLA/boletinlegal/ HTTP/1.1" 200 57561
216.245.221.92 - - [20/Apr/2023:02:57:47 -0500] "HEAD / HTTP/1.1" 200 -
172.22.2.4 - - [20/Apr/2023:02:59:29 -0500] "GET /BLA/boletinlegal/actos.php HTTP/1.1" 200 9682
201.245.192.253 - - [20/Apr/2023:03:00:16 -0500] "POST /kwsrmcab/Wsrmcab  HTTP/1.1" 200 42096
172.22.2.4 - - [20/Apr/2023:02:59:01 -0500] "HEAD /BLA/boletinlegal/ HTTP/1.1" 200 -
172.22.2.4 - - [20/Apr/2023:02:59:52 -0500] "GET /BLA/boletinlegal/ HTTP/1.1" 200 54808
34.90.139.86 - - [20/Apr/2023:03:02:41 -0500] "GET /inventario-de-emisiones-2020-transporte-publico-sitp-redujo-emisiones-de-pm-2-5-en-un-37.html HTTP/1.1" 200 925
216.245.221.92 - - [20/Apr/2023:03:02:47 -0500] "HEAD / HTTP/1.1" 200 -
201.245.192.253 - - [20/Apr/2023:03:05:13 -0500] "POST /kwsrmcab/Wsrmcab  HTTP/1.1" 200 42096
172.22.2.4 - - [20/Apr/2023:03:04:51 -0500] "HEAD /BLA/boletinlegal/ HTTP/1.1" 200 -
172.22.2.4 - - [20/Apr/2023:03:05:42 -0500] "GET /BLA/boletinlegal/ HTTP/1.1" 200 58307
216.245.221.92 - - [20/Apr/2023:03:07:47 -0500] "HEAD / HTTP/1.1" 200 -
40.77.189.214 - - [20/Apr/2023:03:08:55 -0500] "GET /css/date_blue.css HTTP/1.1" 404 1018
172.22.2.4 - - [20/Apr/2023:03:09:53 -0500] "GET /BLA/boletinlegal/robots.txt HTTP/1.1" 404 1038
201.245.192.253 - - [20/Apr/2023:03:10:12 -0500] "POST /kwsrmcab/Wsrmcab  HTTP/1.1" 200 42096
173.252.87.20 - - [20/Apr/2023:03:10:15 -0500] "GET /images/foto%202.jpg HTTP/1.1" 200 63300
172.22.2.4 - - [20/Apr/2023:03:09:55 -0500] "GET /BLA/boletinlegal/ HTTP/1.1" 200 59306
172.22.2.4 - - [20/Apr/2023:03:10:41 -0500] "HEAD /BLA/boletinlegal/ HTTP/1.1" 200 -
216.245.221.92 - - [20/Apr/2023:03:12:47 -0500] "HEAD / HTTP/1.1" 200 -
172.22.2.4 - - [20/Apr/2023:03:11:32 -0500] "GET /BLA/boletinlegal/ HTTP/1.1" 200 57151
52.167.144.27 - - [20/Apr/2023:03:13:45 -0500] "GET /BLA/resoluciones/RESOLUCIONES%202022/4411.pdf HTTP/1.1" 304 -
172.22.2.4 - - [20/Apr/2023:03:14:29 -0500] "GET /BLA/boletinlegal/jurisprudencia.php HTTP/1.1" 200 17583
172.22.2.4 - - [20/Apr/2023:03:14:32 -0500] "GET /BLA/boletinlegal/documentos-importantes.php HTTP/1.1" 200 4829
117.221.176.107 - - [20/Apr/2023:03:14:32 -0500] "GET /boaform/admin/formLogin?username=adminisp&psd=adminisp HTTP/1.0" 404 1019
172.22.2.4 - - [20/Apr/2023:03:14:34 -0500] "GET /BLA/boletinlegal/normativa.php HTTP/1.1" 200 8343
172.22.2.4 - - [20/Apr/2023:03:14:36 -0500] "GET /BLA/boletinlegal/doctrina.php HTTP/1.1" 200 5614
172.22.2.4 - - [20/Apr/2023:03:14:39 -0500] "GET /BLA/boletinlegal/conceptos.php HTTP/1.1" 200 7496
172.22.2.4 - - [20/Apr/2023:03:14:41 -0500] "GET /BLA/boletinlegal/sugerencias.php HTTP/1.1" 200 8615
172.22.2.4 - - [20/Apr/2023:03:14:44 -0500] "GET /BLA/boletinlegal/actos.php HTTP/1.1" 200 9682
201.245.192.253 - - [20/Apr/2023:03:15:10 -0500] "POST /kwsrmcab/Wsrmcab  HTTP/1.1" 200 42096
157.55.39.220 - - [20/Apr/2023:03:16:46 -0500] "GET /bla/resoluciones/index.php?dir=resoluciones+2007/res+2007+4101+al+4200 HTTP/1.1" 200 26886
216.245.221.92 - - [20/Apr/2023:03:17:47 -0500] "HEAD / HTTP/1.1" 200 -
172.22.2.4 - - [20/Apr/2023:03:16:31 -0500] "HEAD /BLA/boletinlegal/ HTTP/1.1" 200 -
172.22.2.4 - - [20/Apr/2023:03:17:22 -0500] "GET /BLA/boletinlegal/ HTTP/1.1" 200 52730
201.245.192.253 - - [20/Apr/2023:03:20:06 -0500] "POST /kwsrmcab/Wsrmcab HTTP/1.1" 200 42887
201.245.192.253 - - [20/Apr/2023:03:20:09 -0500] "POST /kwsrmcab/Wsrmcab HTTP/1.1" 200 43032
201.245.192.253 - - [20/Apr/2023:03:20:10 -0500] "POST /kwsrmcab/Wsrmcab  HTTP/1.1" 200 42096
66.249.79.107 - - [20/Apr/2023:03:20:54 -0500] "-" 408 -
52.167.144.27 - - [20/Apr/2023:03:20:55 -0500] "GET /BLA/resoluciones/AUTOS%202021/5976.pdf HTTP/1.1" 304 -
114.119.129.92 - - [20/Apr/2023:03:21:08 -0500] "-" 408 -
172.22.2.4 - - [20/Apr/2023:03:22:00 -0500] "GET /BLA/boletinlegal/jurisprudencia/analisis/G__Jurisp.%20Junio%202014_ANALISIS%20JURISPRUDENCIA%20C-634-12%20DECOMISO.docx HTTP/1.1" 304 -
216.245.221.92 - - [20/Apr/2023:03:22:47 -0500] "HEAD / HTTP/1.1" 200 -
172.22.2.4 - - [20/Apr/2023:03:22:21 -0500] "HEAD /BLA/boletinlegal/ HTTP/1.1" 200 -
172.22.2.4 - - [20/Apr/2023:03:23:12 -0500] "GET /BLA/boletinlegal/ HTTP/1.1" 200 57561
201.245.192.253 - - [20/Apr/2023:03:25:09 -0500] "POST /kwsrmcab/Wsrmcab  HTTP/1.1" 200 42096
40.77.167.120 - - [20/Apr/2023:03:25:40 -0500] "GET / HTTP/1.1" 200 319
216.245.221.92 - - [20/Apr/2023:03:27:47 -0500] "HEAD / HTTP/1.1" 200 -
172.22.2.4 - - [20/Apr/2023:03:27:23 -0500] "GET /BLA/boletinlegal/ HTTP/1.1" 200 36811
172.22.2.4 - - [20/Apr/2023:03:28:11 -0500] "HEAD /BLA/boletinlegal/ HTTP/1.1" 200 -
201.245.192.253 - - [20/Apr/2023:03:30:05 -0500] "POST /kwsrmcab/Wsrmcab HTTP/1.1" 200 42887
201.245.192.253 - - [20/Apr/2023:03:30:08 -0500] "POST /kwsrmcab/Wsrmcab  HTTP/1.1" 200 42096
201.245.192.253 - - [20/Apr/2023:03:30:09 -0500] "POST /kwsrmcab/Wsrmcab HTTP/1.1" 200 43032
172.22.2.4 - - [20/Apr/2023:03:29:02 -0500] "GET /BLA/boletinlegal/ HTTP/1.1" 200 57561
216.245.221.92 - - [20/Apr/2023:03:32:47 -0500] "HEAD / HTTP/1.1" 200 -
201.245.192.253 - - [20/Apr/2023:03:35:07 -0500] "POST /kwsrmcab/Wsrmcab  HTTP/1.1" 200 42096
172.22.2.4 - - [20/Apr/2023:03:34:01 -0500] "HEAD /BLA/boletinlegal/ HTTP/1.1" 200 -
181.49.182.132 - - [20/Apr/2023:03:35:43 -0500] "-" 408 -
34.147.86.107 - - [20/Apr/2023:03:35:58 -0500] "GET /inventario-de-emisiones-2020-transporte-publico-sitp-redujo-emisiones-de-pm-2-5-en-un-37.html HTTP/1.1" 200 925
172.22.2.4 - - [20/Apr/2023:03:36:11 -0500] "GET /BLA/boletinlegal/actos.php HTTP/1.1" 200 9682
51.15.164.30 - - [20/Apr/2023:03:36:21 -0500] "HEAD /soratama-en-los-cerros-orientales-un-rincon-ideal-para-los-mamiferos.html HTTP/1.1" 200 -
217.182.175.162 - - [20/Apr/2023:03:36:21 -0500] "HEAD /soratama-en-los-cerros-orientales-un-rincon-ideal-para-los-mamiferos.html HTTP/1.1" 200 -
172.22.2.4 - - [20/Apr/2023:03:34:52 -0500] "GET /BLA/boletinlegal/ HTTP/1.1" 200 59306
172.22.2.4 - - [20/Apr/2023:03:36:54 -0500] "GET /BLA/boletinlegal/actos.php HTTP/1.1" 200 9682
216.245.221.92 - - [20/Apr/2023:03:37:47 -0500] "HEAD / HTTP/1.1" 200 -
66.249.70.168 - - [20/Apr/2023:03:39:43 -0500] "-" 408 -
201.245.192.253 - - [20/Apr/2023:03:40:05 -0500] "POST /kwsrmcab/Wsrmcab  HTTP/1.1" 200 42096
201.245.192.253 - - [20/Apr/2023:03:40:05 -0500] "POST /kwsrmcab/Wsrmcab HTTP/1.1" 200 42887
201.245.192.253 - - [20/Apr/2023:03:40:09 -0500] "POST /kwsrmcab/Wsrmcab HTTP/1.1" 200 43032
172.22.2.4 - - [20/Apr/2023:03:39:51 -0500] "HEAD /BLA/boletinlegal/ HTTP/1.1" 200 -
179.1.4.201 - - [20/Apr/2023:03:41:32 -0500] "-" 408 -
172.22.2.4 - - [20/Apr/2023:03:40:42 -0500] "GET /BLA/boletinlegal/ HTTP/1.1" 200 57151
216.245.221.92 - - [20/Apr/2023:03:42:47 -0500] "HEAD / HTTP/1.1" 200 -
172.22.2.4 - - [20/Apr/2023:03:42:16 -0500] "GET /BLA/boletinlegal/ HTTP/1.1" 200 28619
201.245.192.253 - - [20/Apr/2023:03:44:57 -0500] "POST /kwsrmcab/Wsrmcab  HTTP/1.1" 200 42096
172.22.2.4 - - [20/Apr/2023:03:45:41 -0500] "HEAD /BLA/boletinlegal/ HTTP/1.1" 200 -
216.245.221.92 - - [20/Apr/2023:03:47:47 -0500] "HEAD / HTTP/1.1" 200 -
172.22.2.4 - - [20/Apr/2023:03:46:32 -0500] "GET /BLA/boletinlegal/ HTTP/1.1" 200 57561
