201.245.192.253 - - [20/Apr/2023:11:15:05 -0500] "GET /sipse/faces/javax.faces.resource/layout/layout.css?ln=primefaces&v=4.0 HTTP/1.1" 304 -
201.245.192.253 - - [20/Apr/2023:11:15:05 -0500] "GET /sipse/faces/javax.faces.resource/layout/layout.js?ln=primefaces&v=4.0 HTTP/1.1" 304 -
201.245.192.253 - - [20/Apr/2023:11:15:05 -0500] "GET /sipse/faces/javax.faces.resource/primefaces.js?ln=primefaces&v=4.0 HTTP/1.1" 304 -
191.95.59.210 - - [20/Apr/2023:11:15:05 -0500] "GET /sipse/faces/javax.faces.resource/layout/layout.js?ln=primefaces&v=4.0 HTTP/1.1" 304 -
191.95.59.210 - - [20/Apr/2023:11:15:05 -0500] "GET /sipse/imagenes/logoAplicacion.jpg HTTP/1.1" 304 -
191.95.59.210 - - [20/Apr/2023:11:15:05 -0500] "GET /sipse/imagenes/cargando.gif HTTP/1.1" 304 -
191.95.59.210 - - [20/Apr/2023:11:15:05 -0500] "GET /sipse/css/imagen/contrasena.png HTTP/1.1" 404 383
191.95.59.210 - - [20/Apr/2023:11:15:07 -0500] "GET /sipse/faces/javax.faces.resource/images/ui-bg_flat_0_2d5972_40x100.png?ln=primefaces-aristo HTTP/1.1" 304 -
191.95.59.210 - - [20/Apr/2023:11:15:07 -0500] "POST /sipse/faces/bienvenido.xhtml HTTP/1.1" 200 2658
191.95.59.210 - - [20/Apr/2023:11:15:08 -0500] "POST /sipse/faces/bienvenido.xhtml HTTP/1.1" 200 63276
191.95.59.210 - - [20/Apr/2023:11:15:08 -0500] "GET /sipse/faces/javax.faces.resource/layout/layout.css?ln=primefaces&v=4.0 HTTP/1.1" 304 -
191.95.59.210 - - [20/Apr/2023:11:15:08 -0500] "GET /sipse/faces/javax.faces.resource/theme.css?ln=primefaces-sipse HTTP/1.1" 304 -
191.95.59.210 - - [20/Apr/2023:11:15:08 -0500] "GET /sipse/faces/javax.faces.resource/primefaces.css?ln=primefaces&v=4.0 HTTP/1.1" 304 -
191.95.59.210 - - [20/Apr/2023:11:15:08 -0500] "GET /sipse/faces/javax.faces.resource/jquery/jquery.js?ln=primefaces&v=4.0 HTTP/1.1" 304 -
201.245.192.253 - - [20/Apr/2023:11:15:08 -0500] "POST /sipse/faces/presentacion/financiero/solicitudProceso/consultar.xhtml HTTP/1.1" 200 12872
191.95.59.210 - - [20/Apr/2023:11:15:08 -0500] "GET /sipse/faces/javax.faces.resource/jquery/jquery-plugins.js?ln=primefaces&v=4.0 HTTP/1.1" 304 -
191.95.59.210 - - [20/Apr/2023:11:15:08 -0500] "GET /sipse/faces/javax.faces.resource/primefaces.js?ln=primefaces&v=4.0 HTTP/1.1" 304 -
191.95.59.210 - - [20/Apr/2023:11:15:08 -0500] "GET /sipse/faces/javax.faces.resource/layout/layout.js?ln=primefaces&v=4.0 HTTP/1.1" 304 -
191.95.59.210 - - [20/Apr/2023:11:15:08 -0500] "POST /sipse/faces/presentacion/financiero/solicitudProceso/listarSolicitudProceso.xhtml HTTP/1.1" 200 1560
191.149.112.78 - - [20/Apr/2023:11:15:09 -0500] "GET /sipse/faces/javax.faces.resource/images/ui-icons_898989_256x240.png?ln=primefaces-aristo HTTP/1.1" 304 -
186.29.34.0 - - [20/Apr/2023:11:15:08 -0500] "POST /sipse/faces/presentacion/financiero/solicitudProceso/listarSolicitudProceso.xhtml HTTP/1.1" 200 120486
186.29.34.0 - - [20/Apr/2023:11:15:09 -0500] "GET /sipse/faces/javax.faces.resource/jquery/jquery.js?ln=primefaces&v=4.0 HTTP/1.1" 304 -
186.29.34.0 - - [20/Apr/2023:11:15:09 -0500] "GET /sipse/faces/javax.faces.resource/jquery/jquery-plugins.js?ln=primefaces&v=4.0 HTTP/1.1" 304 -
186.29.34.0 - - [20/Apr/2023:11:15:09 -0500] "GET /sipse/faces/javax.faces.resource/primefaces.js?ln=primefaces&v=4.0 HTTP/1.1" 304 -
186.29.34.0 - - [20/Apr/2023:11:15:09 -0500] "GET /sipse/faces/javax.faces.resource/layout/layout.js?ln=primefaces&v=4.0 HTTP/1.1" 304 -
201.245.192.253 - - [20/Apr/2023:11:15:13 -0500] "POST /sipse/faces/presentacion/financiero/estudioPrevio/personalSolicitado/personalSolicitadoSolicitudProceso.xhtml HTTP/1.1" 200 36843
201.245.192.253 - - [20/Apr/2023:11:15:13 -0500] "GET /sipse/faces/javax.faces.resource/primefaces.css?ln=primefaces&v=4.0 HTTP/1.1" 304 -
201.245.192.253 - - [20/Apr/2023:11:15:13 -0500] "GET /sipse/faces/javax.faces.resource/layout/layout.css?ln=primefaces&v=4.0 HTTP/1.1" 304 -
201.245.192.253 - - [20/Apr/2023:11:15:13 -0500] "GET /sipse/faces/javax.faces.resource/theme.css?ln=primefaces-sipse HTTP/1.1" 304 -
201.245.192.253 - - [20/Apr/2023:11:15:13 -0500] "GET /sipse/faces/javax.faces.resource/jquery/jquery.js?ln=primefaces&v=4.0 HTTP/1.1" 304 -
201.245.192.253 - - [20/Apr/2023:11:15:13 -0500] "GET /sipse/faces/javax.faces.resource/jquery/jquery-plugins.js?ln=primefaces&v=4.0 HTTP/1.1" 304 -
201.245.192.253 - - [20/Apr/2023:11:15:13 -0500] "GET /sipse/faces/javax.faces.resource/primefaces.js?ln=primefaces&v=4.0 HTTP/1.1" 304 -
201.245.192.253 - - [20/Apr/2023:11:15:13 -0500] "GET /sipse/faces/javax.faces.resource/layout/layout.js?ln=primefaces&v=4.0 HTTP/1.1" 304 -
201.245.192.253 - - [20/Apr/2023:11:15:15 -0500] "POST /sipse/faces/presentacion/financiero/estudioPrevio/personalSolicitado/asociarProfesionPersonalSolicitado.xhtml HTTP/1.1" 200 18454
186.29.34.0 - - [20/Apr/2023:11:15:18 -0500] "POST /sipse/faces/presentacion/financiero/solicitudProceso/consultarSolicitudProceso.xhtml HTTP/1.1" 200 49768
201.245.192.253 - - [20/Apr/2023:11:15:20 -0500] "POST /sipse/faces/presentacion/financiero/estudioPrevio/personalSolicitado/asociarProfesionPersonalSolicitado.xhtml HTTP/1.1" 200 54198
201.245.192.253 - - [20/Apr/2023:11:15:20 -0500] "GET /sipse/faces/javax.faces.resource/jquery/jquery-plugins.js?ln=primefaces&v=4.0 HTTP/1.1" 304 -
201.245.192.253 - - [20/Apr/2023:11:15:20 -0500] "GET /sipse/faces/javax.faces.resource/theme.css?ln=primefaces-sipse HTTP/1.1" 304 -
201.245.192.253 - - [20/Apr/2023:11:15:20 -0500] "GET /sipse/faces/javax.faces.resource/primefaces.css?ln=primefaces&v=4.0 HTTP/1.1" 304 -
201.245.192.253 - - [20/Apr/2023:11:15:20 -0500] "GET /sipse/faces/javax.faces.resource/layout/layout.css?ln=primefaces&v=4.0 HTTP/1.1" 304 -
201.245.192.253 - - [20/Apr/2023:11:15:20 -0500] "GET /sipse/faces/javax.faces.resource/jquery/jquery.js?ln=primefaces&v=4.0 HTTP/1.1" 304 -
201.245.192.253 - - [20/Apr/2023:11:15:20 -0500] "GET /sipse/faces/javax.faces.resource/primefaces.js?ln=primefaces&v=4.0 HTTP/1.1" 304 -
201.245.192.253 - - [20/Apr/2023:11:15:20 -0500] "GET /sipse/faces/javax.faces.resource/layout/layout.js?ln=primefaces&v=4.0 HTTP/1.1" 304 -
201.245.192.253 - - [20/Apr/2023:11:15:22 -0500] "POST /sipse/faces/presentacion/financiero/estudioPrevio/personalSolicitado/personalSolicitadoSolicitudProceso.xhtml HTTP/1.1" 200 36847
201.245.192.253 - - [20/Apr/2023:11:15:22 -0500] "GET /sipse/faces/javax.faces.resource/theme.css?ln=primefaces-sipse HTTP/1.1" 304 -
201.245.192.253 - - [20/Apr/2023:11:15:22 -0500] "GET /sipse/faces/javax.faces.resource/primefaces.css?ln=primefaces&v=4.0 HTTP/1.1" 304 -
201.245.192.253 - - [20/Apr/2023:11:15:22 -0500] "GET /sipse/faces/javax.faces.resource/layout/layout.css?ln=primefaces&v=4.0 HTTP/1.1" 304 -
201.245.192.253 - - [20/Apr/2023:11:15:22 -0500] "GET /sipse/faces/javax.faces.resource/jquery/jquery.js?ln=primefaces&v=4.0 HTTP/1.1" 304 -
201.245.192.253 - - [20/Apr/2023:11:15:22 -0500] "GET /sipse/faces/javax.faces.resource/jquery/jquery-plugins.js?ln=primefaces&v=4.0 HTTP/1.1" 304 -
201.245.192.253 - - [20/Apr/2023:11:15:22 -0500] "GET /sipse/faces/javax.faces.resource/primefaces.js?ln=primefaces&v=4.0 HTTP/1.1" 304 -
201.245.192.253 - - [20/Apr/2023:11:15:22 -0500] "GET /sipse/faces/javax.faces.resource/layout/layout.js?ln=primefaces&v=4.0 HTTP/1.1" 304 -
191.95.53.36 - - [20/Apr/2023:11:15:24 -0500] "POST /sipse/faces/presentacion/financiero/solicitudProceso/listarSolicitudProceso.xhtml HTTP/1.1" 200 148786
191.95.53.36 - - [20/Apr/2023:11:15:25 -0500] "GET /sipse/faces/javax.faces.resource/theme.css?ln=primefaces-sipse HTTP/1.1" 304 -
191.95.53.36 - - [20/Apr/2023:11:15:25 -0500] "GET /sipse/faces/javax.faces.resource/primefaces.css?ln=primefaces&v=4.0 HTTP/1.1" 304 -
191.95.53.36 - - [20/Apr/2023:11:15:25 -0500] "GET /sipse/faces/javax.faces.resource/layout/layout.css?ln=primefaces&v=4.0 HTTP/1.1" 304 -
191.95.53.36 - - [20/Apr/2023:11:15:25 -0500] "GET /sipse/faces/javax.faces.resource/jquery/jquery.js?ln=primefaces&v=4.0 HTTP/1.1" 304 -
191.95.53.36 - - [20/Apr/2023:11:15:25 -0500] "GET /sipse/faces/javax.faces.resource/jquery/jquery-plugins.js?ln=primefaces&v=4.0 HTTP/1.1" 304 -
191.95.53.36 - - [20/Apr/2023:11:15:25 -0500] "GET /sipse/faces/javax.faces.resource/primefaces.js?ln=primefaces&v=4.0 HTTP/1.1" 304 -
191.95.53.36 - - [20/Apr/2023:11:15:25 -0500] "GET /sipse/faces/javax.faces.resource/layout/layout.js?ln=primefaces&v=4.0 HTTP/1.1" 304 -
201.245.192.253 - - [20/Apr/2023:11:15:33 -0500] "POST /sipse/faces/presentacion/financiero/estudioPrevio/personalSolicitado/asociarProfesionPersonalSolicitado.xhtml HTTP/1.1" 200 6207
201.245.192.253 - - [20/Apr/2023:11:15:37 -0500] "POST /sipse/faces/presentacion/financiero/estudioPrevio/personalSolicitado/asociarProfesionPersonalSolicitado.xhtml HTTP/1.1" 200 54198
201.245.192.253 - - [20/Apr/2023:11:15:37 -0500] "GET /sipse/faces/javax.faces.resource/primefaces.css?ln=primefaces&v=4.0 HTTP/1.1" 304 -
201.245.192.253 - - [20/Apr/2023:11:15:37 -0500] "GET /sipse/faces/javax.faces.resource/jquery/jquery-plugins.js?ln=primefaces&v=4.0 HTTP/1.1" 304 -
201.245.192.253 - - [20/Apr/2023:11:15:37 -0500] "GET /sipse/faces/javax.faces.resource/jquery/jquery.js?ln=primefaces&v=4.0 HTTP/1.1" 304 -
201.245.192.253 - - [20/Apr/2023:11:15:37 -0500] "GET /sipse/faces/javax.faces.resource/layout/layout.js?ln=primefaces&v=4.0 HTTP/1.1" 304 -
201.245.192.253 - - [20/Apr/2023:11:15:37 -0500] "GET /sipse/faces/javax.faces.resource/primefaces.js?ln=primefaces&v=4.0 HTTP/1.1" 304 -
201.245.192.253 - - [20/Apr/2023:11:15:37 -0500] "GET /sipse/faces/javax.faces.resource/theme.css?ln=primefaces-sipse HTTP/1.1" 304 -
201.245.192.253 - - [20/Apr/2023:11:15:37 -0500] "GET /sipse/faces/javax.faces.resource/layout/layout.css?ln=primefaces&v=4.0 HTTP/1.1" 304 -
201.245.192.253 - - [20/Apr/2023:11:15:36 -0500] "POST /kwsrmcab/Wsrmcab  HTTP/1.1" 200 41946
139.177.246.48 - - [20/Apr/2023:11:15:40 -0500] "GET /galeria/galeria/fotos/4humedal-Burro4P.jpg HTTP/1.1" 200 7980
191.149.112.78 - - [20/Apr/2023:11:15:46 -0500] "GET /sipse/faces/javax.faces.resource/images/ui-icons_898989_256x240.png?ln=primefaces-aristo HTTP/1.1" 304 -
201.245.192.253 - - [20/Apr/2023:11:15:46 -0500] "POST /sipse/faces/presentacion/financiero/solicitudProceso/consultarSolicitudProceso.xhtml HTTP/1.1" 200 73689
201.245.192.253 - - [20/Apr/2023:11:15:46 -0500] "GET /sipse/faces/javax.faces.resource/theme.css?ln=primefaces-sipse HTTP/1.1" 304 -
201.245.192.253 - - [20/Apr/2023:11:15:46 -0500] "GET /sipse/faces/javax.faces.resource/primefaces.css?ln=primefaces&v=4.0 HTTP/1.1" 304 -
201.245.192.253 - - [20/Apr/2023:11:15:46 -0500] "GET /sipse/faces/javax.faces.resource/layout/layout.css?ln=primefaces&v=4.0 HTTP/1.1" 304 -
201.245.192.253 - - [20/Apr/2023:11:15:46 -0500] "GET /sipse/faces/javax.faces.resource/jquery/jquery.js?ln=primefaces&v=4.0 HTTP/1.1" 304 -
201.245.192.253 - - [20/Apr/2023:11:15:46 -0500] "GET /sipse/faces/javax.faces.resource/jquery/jquery-plugins.js?ln=primefaces&v=4.0 HTTP/1.1" 304 -
201.245.192.253 - - [20/Apr/2023:11:15:46 -0500] "GET /sipse/faces/javax.faces.resource/primefaces.js?ln=primefaces&v=4.0 HTTP/1.1" 304 -
201.245.192.253 - - [20/Apr/2023:11:15:46 -0500] "GET /sipse/faces/javax.faces.resource/layout/layout.js?ln=primefaces&v=4.0 HTTP/1.1" 304 -
191.149.112.78 - - [20/Apr/2023:11:15:47 -0500] "GET /sipse/faces/javax.faces.resource/images/ui-icons_898989_256x240.png?ln=primefaces-aristo HTTP/1.1" 304 -
201.245.192.253 - - [20/Apr/2023:11:15:49 -0500] "GET /sipse/faces/javax.faces.resource/theme.css?ln=primefaces-sipse HTTP/1.1" 304 -
201.245.192.253 - - [20/Apr/2023:11:15:49 -0500] "GET /sipse/faces/javax.faces.resource/primefaces.css?ln=primefaces&v=4.0 HTTP/1.1" 304 -
201.245.192.253 - - [20/Apr/2023:11:15:49 -0500] "GET /sipse/faces/javax.faces.resource/layout/layout.css?ln=primefaces&v=4.0 HTTP/1.1" 304 -
201.245.192.253 - - [20/Apr/2023:11:15:49 -0500] "GET /sipse/faces/javax.faces.resource/jquery/jquery.js?ln=primefaces&v=4.0 HTTP/1.1" 304 -
201.245.192.253 - - [20/Apr/2023:11:15:49 -0500] "GET /sipse/faces/javax.faces.resource/jquery/jquery-plugins.js?ln=primefaces&v=4.0 HTTP/1.1" 304 -
201.245.192.253 - - [20/Apr/2023:11:15:49 -0500] "GET /sipse/faces/javax.faces.resource/layout/layout.js?ln=primefaces&v=4.0 HTTP/1.1" 304 -
201.245.192.253 - - [20/Apr/2023:11:15:49 -0500] "GET /sipse/faces/javax.faces.resource/primefaces.js?ln=primefaces&v=4.0 HTTP/1.1" 304 -
201.245.192.253 - - [20/Apr/2023:11:15:48 -0500] "POST /sipse/faces/presentacion/financiero/estudioPrevio/personalSolicitado/personalSolicitadoSolicitudProceso.xhtml HTTP/1.1" 200 177373
191.95.53.36 - - [20/Apr/2023:11:15:46 -0500] "POST /sipse/faces/presentacion/financiero/solicitudProceso/consultarSolicitudProceso.xhtml HTTP/1.1" 200 40199
191.95.53.36 - - [20/Apr/2023:11:15:50 -0500] "GET /sipse/faces/javax.faces.resource/theme.css?ln=primefaces-sipse HTTP/1.1" 304 -
191.95.53.36 - - [20/Apr/2023:11:15:50 -0500] "GET /sipse/faces/javax.faces.resource/primefaces.css?ln=primefaces&v=4.0 HTTP/1.1" 304 -
191.95.53.36 - - [20/Apr/2023:11:15:50 -0500] "GET /sipse/faces/javax.faces.resource/layout/layout.css?ln=primefaces&v=4.0 HTTP/1.1" 304 -
191.95.53.36 - - [20/Apr/2023:11:15:50 -0500] "GET /sipse/faces/javax.faces.resource/jquery/jquery.js?ln=primefaces&v=4.0 HTTP/1.1" 304 -
191.95.53.36 - - [20/Apr/2023:11:15:50 -0500] "GET /sipse/faces/javax.faces.resource/jquery/jquery-plugins.js?ln=primefaces&v=4.0 HTTP/1.1" 304 -
191.95.53.36 - - [20/Apr/2023:11:15:50 -0500] "GET /sipse/faces/javax.faces.resource/primefaces.js?ln=primefaces&v=4.0 HTTP/1.1" 304 -
191.95.53.36 - - [20/Apr/2023:11:15:50 -0500] "GET /sipse/faces/javax.faces.resource/layout/layout.js?ln=primefaces&v=4.0 HTTP/1.1" 304 -
157.55.39.220 - - [20/Apr/2023:11:15:50 -0500] "GET /BLA/resoluciones/RESOLUCIONES%202021/4048.pdf HTTP/1.1" 304 -
191.95.53.36 - - [20/Apr/2023:11:15:51 -0500] "POST /sipse/faces/presentacion/financiero/solicitudProceso/listarSolicitudProceso.xhtml HTTP/1.1" 200 1424
191.149.112.78 - - [20/Apr/2023:11:15:47 -0500] "POST /sipse/faces/presentacion/financiero/solicitudProceso/consultarSolicitudProceso.xhtml HTTP/1.1" 200 1167142
191.95.53.36 - - [20/Apr/2023:11:15:54 -0500] "POST /sipse/faces/presentacion/financiero/solicitudProceso/listarSolicitudProceso.xhtml HTTP/1.1" 200 144695
191.95.53.36 - - [20/Apr/2023:11:15:55 -0500] "GET /sipse/faces/javax.faces.resource/theme.css?ln=primefaces-sipse HTTP/1.1" 304 -
191.95.53.36 - - [20/Apr/2023:11:15:55 -0500] "GET /sipse/faces/javax.faces.resource/primefaces.css?ln=primefaces&v=4.0 HTTP/1.1" 304 -
191.95.53.36 - - [20/Apr/2023:11:15:55 -0500] "GET /sipse/faces/javax.faces.resource/layout/layout.css?ln=primefaces&v=4.0 HTTP/1.1" 304 -
191.95.53.36 - - [20/Apr/2023:11:15:55 -0500] "GET /sipse/faces/javax.faces.resource/jquery/jquery.js?ln=primefaces&v=4.0 HTTP/1.1" 304 -
191.95.53.36 - - [20/Apr/2023:11:15:55 -0500] "GET /sipse/faces/javax.faces.resource/jquery/jquery-plugins.js?ln=primefaces&v=4.0 HTTP/1.1" 304 -
191.95.53.36 - - [20/Apr/2023:11:15:56 -0500] "GET /sipse/faces/javax.faces.resource/primefaces.js?ln=primefaces&v=4.0 HTTP/1.1" 304 -
191.95.53.36 - - [20/Apr/2023:11:15:56 -0500] "GET /sipse/faces/javax.faces.resource/layout/layout.js?ln=primefaces&v=4.0 HTTP/1.1" 304 -
191.95.53.36 - - [20/Apr/2023:11:15:59 -0500] "POST /sipse/faces/presentacion/financiero/solicitudProceso/consultarSolicitudProceso.xhtml HTTP/1.1" 200 37320
191.95.53.36 - - [20/Apr/2023:11:16:02 -0500] "GET /sipse/faces/javax.faces.resource/primefaces.css?ln=primefaces&v=4.0 HTTP/1.1" 304 -
191.95.53.36 - - [20/Apr/2023:11:16:02 -0500] "GET /sipse/faces/javax.faces.resource/layout/layout.css?ln=primefaces&v=4.0 HTTP/1.1" 304 -
191.95.53.36 - - [20/Apr/2023:11:16:02 -0500] "GET /sipse/faces/javax.faces.resource/theme.css?ln=primefaces-sipse HTTP/1.1" 304 -
191.95.53.36 - - [20/Apr/2023:11:16:02 -0500] "GET /sipse/faces/javax.faces.resource/jquery/jquery.js?ln=primefaces&v=4.0 HTTP/1.1" 304 -
191.95.53.36 - - [20/Apr/2023:11:16:02 -0500] "GET /sipse/faces/javax.faces.resource/jquery/jquery-plugins.js?ln=primefaces&v=4.0 HTTP/1.1" 304 -
191.95.53.36 - - [20/Apr/2023:11:16:02 -0500] "GET /sipse/faces/javax.faces.resource/primefaces.js?ln=primefaces&v=4.0 HTTP/1.1" 304 -
191.95.53.36 - - [20/Apr/2023:11:16:02 -0500] "GET /sipse/faces/javax.faces.resource/layout/layout.js?ln=primefaces&v=4.0 HTTP/1.1" 304 -
191.95.53.36 - - [20/Apr/2023:11:16:02 -0500] "POST /sipse/faces/presentacion/financiero/solicitudProceso/listarSolicitudProceso.xhtml HTTP/1.1" 200 1400
191.95.53.36 - - [20/Apr/2023:11:16:06 -0500] "POST /sipse/faces/presentacion/financiero/solicitudProceso/listarSolicitudProceso.xhtml HTTP/1.1" 200 152819
191.95.53.36 - - [20/Apr/2023:11:16:07 -0500] "GET /sipse/faces/javax.faces.resource/layout/layout.css?ln=primefaces&v=4.0 HTTP/1.1" 304 -
191.95.53.36 - - [20/Apr/2023:11:16:07 -0500] "GET /sipse/faces/javax.faces.resource/theme.css?ln=primefaces-sipse HTTP/1.1" 304 -
191.95.53.36 - - [20/Apr/2023:11:16:07 -0500] "GET /sipse/faces/javax.faces.resource/primefaces.css?ln=primefaces&v=4.0 HTTP/1.1" 304 -
191.95.53.36 - - [20/Apr/2023:11:16:07 -0500] "GET /sipse/faces/javax.faces.resource/jquery/jquery.js?ln=primefaces&v=4.0 HTTP/1.1" 304 -
191.95.53.36 - - [20/Apr/2023:11:16:07 -0500] "GET /sipse/faces/javax.faces.resource/jquery/jquery-plugins.js?ln=primefaces&v=4.0 HTTP/1.1" 304 -
191.95.53.36 - - [20/Apr/2023:11:16:07 -0500] "GET /sipse/faces/javax.faces.resource/primefaces.js?ln=primefaces&v=4.0 HTTP/1.1" 304 -
191.95.53.36 - - [20/Apr/2023:11:16:07 -0500] "GET /sipse/faces/javax.faces.resource/layout/layout.js?ln=primefaces&v=4.0 HTTP/1.1" 304 -
191.95.53.36 - - [20/Apr/2023:11:16:10 -0500] "POST /sipse/faces/presentacion/financiero/solicitudProceso/consultarSolicitudProceso.xhtml HTTP/1.1" 200 34178
191.95.53.36 - - [20/Apr/2023:11:16:12 -0500] "GET /sipse/faces/javax.faces.resource/theme.css?ln=primefaces-sipse HTTP/1.1" 304 -
191.95.53.36 - - [20/Apr/2023:11:16:12 -0500] "GET /sipse/faces/javax.faces.resource/layout/layout.css?ln=primefaces&v=4.0 HTTP/1.1" 304 -
191.95.53.36 - - [20/Apr/2023:11:16:12 -0500] "GET /sipse/faces/javax.faces.resource/primefaces.css?ln=primefaces&v=4.0 HTTP/1.1" 304 -
191.95.53.36 - - [20/Apr/2023:11:16:12 -0500] "GET /sipse/faces/javax.faces.resource/jquery/jquery.js?ln=primefaces&v=4.0 HTTP/1.1" 304 -
191.95.53.36 - - [20/Apr/2023:11:16:12 -0500] "GET /sipse/faces/javax.faces.resource/jquery/jquery-plugins.js?ln=primefaces&v=4.0 HTTP/1.1" 304 -
191.95.53.36 - - [20/Apr/2023:11:16:12 -0500] "GET /sipse/faces/javax.faces.resource/primefaces.js?ln=primefaces&v=4.0 HTTP/1.1" 304 -
191.95.53.36 - - [20/Apr/2023:11:16:12 -0500] "GET /sipse/faces/javax.faces.resource/layout/layout.js?ln=primefaces&v=4.0 HTTP/1.1" 304 -
191.95.53.36 - - [20/Apr/2023:11:16:13 -0500] "POST /sipse/faces/presentacion/financiero/solicitudProceso/listarSolicitudProceso.xhtml HTTP/1.1" 200 1376
172.22.2.4 - - [20/Apr/2023:11:16:13 -0500] "GET /BLA/boletinlegal/actos.php HTTP/1.1" 200 9682
172.22.2.4 - - [20/Apr/2023:11:16:14 -0500] "GET /BLA/boletinlegal/favicon.ico HTTP/1.1" 404 1326
190.145.240.34 - - [20/Apr/2023:11:16:17 -0500] "GET /BLA/resoluciones/ HTTP/1.1" 200 13502
190.145.240.34 - - [20/Apr/2023:11:16:21 -0500] "GET /BLA/resoluciones/index.php?dir=RESOLUCIONES+2022%2F HTTP/1.1" 200 298181
172.22.2.4 - - [20/Apr/2023:11:14:50 -0500] "HEAD /BLA/boletinlegal/ HTTP/1.1" 200 -
191.95.59.210 - - [20/Apr/2023:11:16:42 -0500] "POST /sipse/faces/presentacion/financiero/solicitudProceso/listarSolicitudProceso.xhtml HTTP/1.1" 200 56611
191.95.59.210 - - [20/Apr/2023:11:16:43 -0500] "POST /sipse/faces/presentacion/financiero/solicitudProceso/listarSolicitudProceso.xhtml HTTP/1.1" 200 56611
191.95.59.210 - - [20/Apr/2023:11:16:43 -0500] "POST /sipse/faces/presentacion/financiero/solicitudProceso/listarSolicitudProceso.xhtml HTTP/1.1" 200 1560
191.95.59.210 - - [20/Apr/2023:11:16:43 -0500] "POST /sipse/faces/presentacion/financiero/solicitudProceso/listarSolicitudProceso.xhtml HTTP/1.1" 200 1552
191.95.59.210 - - [20/Apr/2023:11:16:45 -0500] "POST /sipse/faces/presentacion/financiero/solicitudProceso/listarSolicitudProceso.xhtml HTTP/1.1" 200 911
191.95.59.210 - - [20/Apr/2023:11:16:47 -0500] "GET /sipse/faces/faces/faces/autenticacion HTTP/1.1" 302 -
191.95.59.210 - - [20/Apr/2023:11:16:47 -0500] "GET /sipse/faces/autenticacion.xhtml HTTP/1.1" 200 12170
191.95.59.210 - - [20/Apr/2023:11:16:47 -0500] "GET /sipse/faces/javax.faces.resource/primefaces.css?ln=primefaces&v=4.0 HTTP/1.1" 304 -
191.95.59.210 - - [20/Apr/2023:11:16:47 -0500] "GET /sipse/faces/javax.faces.resource/theme.css?ln=primefaces-sipse HTTP/1.1" 304 -
191.95.59.210 - - [20/Apr/2023:11:16:47 -0500] "GET /sipse/faces/javax.faces.resource/layout/layout.css?ln=primefaces&v=4.0 HTTP/1.1" 304 -
191.95.59.210 - - [20/Apr/2023:11:16:47 -0500] "GET /sipse/faces/javax.faces.resource/jquery/jquery.js?ln=primefaces&v=4.0 HTTP/1.1" 304 -
191.95.59.210 - - [20/Apr/2023:11:16:47 -0500] "GET /sipse/faces/javax.faces.resource/jquery/jquery-plugins.js?ln=primefaces&v=4.0 HTTP/1.1" 304 -
191.95.59.210 - - [20/Apr/2023:11:16:47 -0500] "GET /sipse/faces/javax.faces.resource/primefaces.js?ln=primefaces&v=4.0 HTTP/1.1" 304 -
191.95.59.210 - - [20/Apr/2023:11:16:47 -0500] "GET /sipse/faces/javax.faces.resource/layout/layout.js?ln=primefaces&v=4.0 HTTP/1.1" 304 -
191.95.59.210 - - [20/Apr/2023:11:16:54 -0500] "POST /sipse/faces/autenticacion.xhtml HTTP/1.1" 200 2221
191.95.59.210 - - [20/Apr/2023:11:16:55 -0500] "POST /sipse/faces/autenticacion.xhtml HTTP/1.1" 200 16295
172.22.2.4 - - [20/Apr/2023:11:16:12 -0500] "GET /BLA/boletinlegal/ HTTP/1.1" 200 24523
191.95.59.210 - - [20/Apr/2023:11:16:56 -0500] "GET /sipse/faces/javax.faces.resource/theme.css?ln=primefaces-sipse HTTP/1.1" 304 -
191.95.59.210 - - [20/Apr/2023:11:16:56 -0500] "GET /sipse/faces/javax.faces.resource/primefaces.css?ln=primefaces&v=4.0 HTTP/1.1" 304 -
191.95.59.210 - - [20/Apr/2023:11:16:56 -0500] "GET /sipse/faces/javax.faces.resource/layout/layout.css?ln=primefaces&v=4.0 HTTP/1.1" 304 -
191.95.59.210 - - [20/Apr/2023:11:16:56 -0500] "GET /sipse/faces/javax.faces.resource/jquery/jquery.js?ln=primefaces&v=4.0 HTTP/1.1" 304 -
191.95.59.210 - - [20/Apr/2023:11:16:56 -0500] "GET /sipse/faces/javax.faces.resource/jquery/jquery-plugins.js?ln=primefaces&v=4.0 HTTP/1.1" 304 -
191.95.59.210 - - [20/Apr/2023:11:16:56 -0500] "GET /sipse/faces/javax.faces.resource/primefaces.js?ln=primefaces&v=4.0 HTTP/1.1" 304 -
191.95.59.210 - - [20/Apr/2023:11:16:56 -0500] "GET /sipse/faces/javax.faces.resource/layout/layout.js?ln=primefaces&v=4.0 HTTP/1.1" 304 -
191.95.59.210 - - [20/Apr/2023:11:16:59 -0500] "POST /sipse/faces/bienvenido.xhtml HTTP/1.1" 200 2658
191.95.59.210 - - [20/Apr/2023:11:17:01 -0500] "POST /sipse/faces/bienvenido.xhtml HTTP/1.1" 200 62804
191.95.59.210 - - [20/Apr/2023:11:17:01 -0500] "GET /sipse/faces/javax.faces.resource/theme.css?ln=primefaces-sipse HTTP/1.1" 304 -
191.95.59.210 - - [20/Apr/2023:11:17:01 -0500] "GET /sipse/faces/javax.faces.resource/layout/layout.css?ln=primefaces&v=4.0 HTTP/1.1" 304 -
191.95.59.210 - - [20/Apr/2023:11:17:01 -0500] "GET /sipse/faces/javax.faces.resource/primefaces.css?ln=primefaces&v=4.0 HTTP/1.1" 304 -
191.95.59.210 - - [20/Apr/2023:11:17:01 -0500] "GET /sipse/faces/javax.faces.resource/jquery/jquery.js?ln=primefaces&v=4.0 HTTP/1.1" 304 -
191.95.59.210 - - [20/Apr/2023:11:17:01 -0500] "GET /sipse/faces/javax.faces.resource/jquery/jquery-plugins.js?ln=primefaces&v=4.0 HTTP/1.1" 304 -
191.95.59.210 - - [20/Apr/2023:11:17:01 -0500] "GET /sipse/faces/javax.faces.resource/primefaces.js?ln=primefaces&v=4.0 HTTP/1.1" 304 -
191.95.59.210 - - [20/Apr/2023:11:17:01 -0500] "GET /sipse/faces/javax.faces.resource/layout/layout.js?ln=primefaces&v=4.0 HTTP/1.1" 304 -
191.95.59.210 - - [20/Apr/2023:11:17:01 -0500] "POST /sipse/faces/presentacion/financiero/solicitudProceso/listarSolicitudProceso.xhtml HTTP/1.1" 200 1560
172.22.2.4 - - [20/Apr/2023:11:15:41 -0500] "GET /BLA/boletinlegal/ HTTP/1.1" 200 54424
186.80.234.110 - - [20/Apr/2023:11:17:43 -0500] "GET /sipsesda/faces/vista/sistema/cargarMenu.jspx?accionMenu=listadoFuncionario&menuID=18 HTTP/1.1" 200 28315
186.80.234.110 - - [20/Apr/2023:11:17:43 -0500] "POST /sipsesda/faces/vista/sistema/cargarMenu.jspx HTTP/1.1" 200 32097
216.245.221.92 - - [20/Apr/2023:11:17:46 -0500] "HEAD / HTTP/1.1" 200 -
201.245.192.253 - - [20/Apr/2023:11:17:47 -0500] "POST /sipse/faces/presentacion/contratacion/contrato/crearModificarContrato.xhtml HTTP/1.1" 200 58566
201.245.192.253 - - [20/Apr/2023:11:17:47 -0500] "POST /sipse/faces/presentacion/contratacion/contrato/crearModificarContrato.xhtml HTTP/1.1" 200 30988
201.245.192.253 - - [20/Apr/2023:11:17:47 -0500] "GET /sipse/faces/javax.faces.resource/theme.css?ln=primefaces-sipse HTTP/1.1" 304 -
201.245.192.253 - - [20/Apr/2023:11:17:47 -0500] "GET /sipse/faces/javax.faces.resource/primefaces.css?ln=primefaces&v=4.0 HTTP/1.1" 304 -
201.245.192.253 - - [20/Apr/2023:11:17:47 -0500] "GET /sipse/faces/javax.faces.resource/primefaces.js?ln=primefaces&v=4.0 HTTP/1.1" 304 -
201.245.192.253 - - [20/Apr/2023:11:17:47 -0500] "GET /sipse/faces/javax.faces.resource/jquery/jquery-plugins.js?ln=primefaces&v=4.0 HTTP/1.1" 304 -
201.245.192.253 - - [20/Apr/2023:11:17:47 -0500] "GET /sipse/faces/javax.faces.resource/jquery/jquery.js?ln=primefaces&v=4.0 HTTP/1.1" 304 -
201.245.192.253 - - [20/Apr/2023:11:17:47 -0500] "GET /sipse/faces/javax.faces.resource/layout/layout.css?ln=primefaces&v=4.0 HTTP/1.1" 304 -
201.245.192.253 - - [20/Apr/2023:11:17:47 -0500] "GET /sipse/faces/javax.faces.resource/layout/layout.js?ln=primefaces&v=4.0 HTTP/1.1" 304 -
201.245.192.253 - - [20/Apr/2023:11:17:50 -0500] "POST /sipse/faces/presentacion/contratacion/procesoContractual/registrarInvitacionContratista.xhtml HTTP/1.1" 200 9697
201.245.192.253 - - [20/Apr/2023:11:17:51 -0500] "POST /sipse/faces/presentacion/contratacion/procesoContractual/registrarInvitacionContratista.xhtml HTTP/1.1" 200 9237
186.80.234.110 - - [20/Apr/2023:11:17:53 -0500] "POST /sipsesda/faces/vista/administracion/funcionario/listadoFuncionario.jspx HTTP/1.1" 200 32869
201.245.192.253 - - [20/Apr/2023:11:17:54 -0500] "POST /sipse/faces/presentacion/contratacion/procesoContractual/registrarInvitacionContratista.xhtml HTTP/1.1" 200 74512
201.245.192.253 - - [20/Apr/2023:11:17:54 -0500] "GET /sipse/faces/javax.faces.resource/theme.css?ln=primefaces-sipse HTTP/1.1" 304 -
201.245.192.253 - - [20/Apr/2023:11:17:54 -0500] "GET /sipse/faces/javax.faces.resource/primefaces.css?ln=primefaces&v=4.0 HTTP/1.1" 304 -
201.245.192.253 - - [20/Apr/2023:11:17:54 -0500] "GET /sipse/faces/javax.faces.resource/layout/layout.css?ln=primefaces&v=4.0 HTTP/1.1" 304 -
201.245.192.253 - - [20/Apr/2023:11:17:54 -0500] "GET /sipse/faces/javax.faces.resource/jquery/jquery.js?ln=primefaces&v=4.0 HTTP/1.1" 304 -
201.245.192.253 - - [20/Apr/2023:11:17:54 -0500] "GET /sipse/faces/javax.faces.resource/jquery/jquery-plugins.js?ln=primefaces&v=4.0 HTTP/1.1" 304 -
201.245.192.253 - - [20/Apr/2023:11:17:54 -0500] "GET /sipse/faces/javax.faces.resource/primefaces.js?ln=primefaces&v=4.0 HTTP/1.1" 304 -
201.245.192.253 - - [20/Apr/2023:11:17:54 -0500] "GET /sipse/faces/javax.faces.resource/layout/layout.js?ln=primefaces&v=4.0 HTTP/1.1" 304 -
201.245.192.253 - - [20/Apr/2023:11:17:57 -0500] "GET /sipse/faces/javax.faces.resource/jquery/jquery.js?ln=primefaces&v=4.0 HTTP/1.1" 304 -
201.245.192.253 - - [20/Apr/2023:11:17:57 -0500] "GET /sipse/faces/javax.faces.resource/layout/layout.css?ln=primefaces&v=4.0 HTTP/1.1" 304 -
201.245.192.253 - - [20/Apr/2023:11:17:57 -0500] "GET /sipse/faces/javax.faces.resource/jquery/jquery-plugins.js?ln=primefaces&v=4.0 HTTP/1.1" 304 -
201.245.192.253 - - [20/Apr/2023:11:17:57 -0500] "GET /sipse/faces/javax.faces.resource/primefaces.css?ln=primefaces&v=4.0 HTTP/1.1" 304 -
201.245.192.253 - - [20/Apr/2023:11:17:57 -0500] "GET /sipse/faces/javax.faces.resource/layout/layout.js?ln=primefaces&v=4.0 HTTP/1.1" 304 -
201.245.192.253 - - [20/Apr/2023:11:17:57 -0500] "GET /sipse/faces/javax.faces.resource/primefaces.js?ln=primefaces&v=4.0 HTTP/1.1" 304 -
201.245.192.253 - - [20/Apr/2023:11:17:57 -0500] "GET /sipse/faces/javax.faces.resource/theme.css?ln=primefaces-sipse HTTP/1.1" 304 -
201.245.192.253 - - [20/Apr/2023:11:17:56 -0500] "POST /sipse/faces/presentacion/contratacion/contrato/crearModificarContrato.xhtml HTTP/1.1" 200 41238
181.154.94.193 - - [20/Apr/2023:11:17:58 -0500] "GET /appsia/controlador HTTP/1.1" 200 4799
186.80.234.110 - - [20/Apr/2023:11:18:00 -0500] "POST /sipsesda/faces/vista/administracion/funcionario/listadoFuncionario.jspx HTTP/1.1" 200 17668
201.245.192.253 - - [20/Apr/2023:11:18:07 -0500] "POST /sipse/faces/presentacion/contratacion/contrato/adicionarSupervisor.xhtml HTTP/1.1" 200 16597
186.80.234.110 - - [20/Apr/2023:11:18:08 -0500] "POST /sipsesda/faces/vista/administracion/funcionario/registrarFuncionario.jspx?_afPfm=1 HTTP/1.1" 200 32589
186.84.21.126 - - [20/Apr/2023:11:18:10 -0500] "GET /galeria/galeria/jquery.fancybox.css?v=2.1.5 HTTP/1.1" 200 4895
186.84.21.126 - - [20/Apr/2023:11:18:10 -0500] "GET /BLA/boletinlegal/js/jquery.scrollShow.js HTTP/1.1" 200 4586
186.84.21.126 - - [20/Apr/2023:11:18:10 -0500] "GET /galeria/galeria/jquery.fancybox.js?v=2.1.5 HTTP/1.1" 200 48706
201.245.192.253 - - [20/Apr/2023:11:18:10 -0500] "POST /sipse/faces/presentacion/contratacion/contrato/adicionarSupervisor.xhtml HTTP/1.1" 200 79814
201.245.192.253 - - [20/Apr/2023:11:18:10 -0500] "GET /sipse/faces/javax.faces.resource/jquery/jquery.js?ln=primefaces&v=4.0 HTTP/1.1" 304 -
201.245.192.253 - - [20/Apr/2023:11:18:10 -0500] "GET /sipse/faces/javax.faces.resource/jquery/jquery-plugins.js?ln=primefaces&v=4.0 HTTP/1.1" 304 -
201.245.192.253 - - [20/Apr/2023:11:18:10 -0500] "GET /sipse/faces/javax.faces.resource/theme.css?ln=primefaces-sipse HTTP/1.1" 304 -
201.245.192.253 - - [20/Apr/2023:11:18:10 -0500] "GET /sipse/faces/javax.faces.resource/primefaces.js?ln=primefaces&v=4.0 HTTP/1.1" 304 -
201.245.192.253 - - [20/Apr/2023:11:18:10 -0500] "GET /sipse/faces/javax.faces.resource/layout/layout.css?ln=primefaces&v=4.0 HTTP/1.1" 304 -
201.245.192.253 - - [20/Apr/2023:11:18:10 -0500] "GET /sipse/faces/javax.faces.resource/primefaces.css?ln=primefaces&v=4.0 HTTP/1.1" 304 -
201.245.192.253 - - [20/Apr/2023:11:18:10 -0500] "GET /sipse/faces/javax.faces.resource/layout/layout.js?ln=primefaces&v=4.0 HTTP/1.1" 304 -
66.249.69.63 - - [20/Apr/2023:11:18:11 -0500] "-" 408 -
201.245.192.253 - - [20/Apr/2023:11:18:13 -0500] "POST /sipse/faces/presentacion/contratacion/contrato/crearModificarContrato.xhtml HTTP/1.1" 200 164733
201.245.192.253 - - [20/Apr/2023:11:18:13 -0500] "GET /sipse/faces/javax.faces.resource/layout/layout.css?ln=primefaces&v=4.0 HTTP/1.1" 304 -
201.245.192.253 - - [20/Apr/2023:11:18:13 -0500] "GET /sipse/faces/javax.faces.resource/primefaces.css?ln=primefaces&v=4.0 HTTP/1.1" 304 -
201.245.192.253 - - [20/Apr/2023:11:18:13 -0500] "GET /sipse/faces/javax.faces.resource/theme.css?ln=primefaces-sipse HTTP/1.1" 304 -
201.245.192.253 - - [20/Apr/2023:11:18:13 -0500] "GET /sipse/faces/javax.faces.resource/jquery/jquery.js?ln=primefaces&v=4.0 HTTP/1.1" 304 -
201.245.192.253 - - [20/Apr/2023:11:18:13 -0500] "GET /sipse/faces/javax.faces.resource/jquery/jquery-plugins.js?ln=primefaces&v=4.0 HTTP/1.1" 304 -
201.245.192.253 - - [20/Apr/2023:11:18:13 -0500] "GET /sipse/faces/javax.faces.resource/primefaces.js?ln=primefaces&v=4.0 HTTP/1.1" 304 -
201.245.192.253 - - [20/Apr/2023:11:18:13 -0500] "GET /sipse/faces/javax.faces.resource/layout/layout.js?ln=primefaces&v=4.0 HTTP/1.1" 304 -
186.80.234.110 - - [20/Apr/2023:11:18:18 -0500] "POST /sipsesda/faces/vista/administracion/funcionario/listadoFuncionario.jspx HTTP/1.1" 200 32097
201.245.192.253 - - [20/Apr/2023:11:18:16 -0500] "POST /sipse/faces/presentacion/financiero/solicitudProceso/consultarSolicitudProceso.xhtml HTTP/1.1" 200 62529
201.245.192.253 - - [20/Apr/2023:11:18:19 -0500] "GET /sipse/faces/javax.faces.resource/theme.css?ln=primefaces-sipse HTTP/1.1" 304 -
201.245.192.253 - - [20/Apr/2023:11:18:19 -0500] "GET /sipse/faces/javax.faces.resource/primefaces.css?ln=primefaces&v=4.0 HTTP/1.1" 304 -
201.245.192.253 - - [20/Apr/2023:11:18:19 -0500] "GET /sipse/faces/javax.faces.resource/layout/layout.css?ln=primefaces&v=4.0 HTTP/1.1" 304 -
201.245.192.253 - - [20/Apr/2023:11:18:19 -0500] "GET /sipse/faces/javax.faces.resource/jquery/jquery.js?ln=primefaces&v=4.0 HTTP/1.1" 304 -
201.245.192.253 - - [20/Apr/2023:11:18:19 -0500] "GET /sipse/faces/javax.faces.resource/jquery/jquery-plugins.js?ln=primefaces&v=4.0 HTTP/1.1" 304 -
201.245.192.253 - - [20/Apr/2023:11:18:19 -0500] "GET /sipse/faces/javax.faces.resource/primefaces.js?ln=primefaces&v=4.0 HTTP/1.1" 304 -
201.245.192.253 - - [20/Apr/2023:11:18:19 -0500] "GET /sipse/faces/javax.faces.resource/layout/layout.js?ln=primefaces&v=4.0 HTTP/1.1" 304 -
201.245.192.253 - - [20/Apr/2023:11:18:19 -0500] "POST /sipse/faces/presentacion/financiero/solicitudProceso/listarSolicitudProceso.xhtml HTTP/1.1" 200 1560
172.22.2.4 - - [20/Apr/2023:11:18:26 -0500] "GET /BLA/boletinlegal/normativa.php HTTP/1.1" 200 8343
172.22.2.4 - - [20/Apr/2023:11:18:26 -0500] "GET /BLA/boletinlegal/favicon.ico HTTP/1.1" 404 1334
186.80.234.110 - - [20/Apr/2023:11:18:26 -0500] "POST /sipsesda/faces/vista/administracion/funcionario/listadoFuncionario.jspx HTTP/1.1" 200 32871
181.154.94.193 - - [20/Apr/2023:11:18:30 -0500] "POST /appsia/controlador HTTP/1.1" 200 5437
172.22.2.4 - - [20/Apr/2023:11:18:31 -0500] "GET /BLA/boletinlegal/actos.php HTTP/1.1" 200 9682
186.80.234.110 - - [20/Apr/2023:11:18:31 -0500] "POST /sipsesda/faces/vista/administracion/funcionario/listadoFuncionario.jspx HTTP/1.1" 200 32562
186.80.234.110 - - [20/Apr/2023:11:18:38 -0500] "POST /sipsesda/faces/vista/administracion/funcionario/listadoFuncionario.jspx HTTP/1.1" 200 32560
201.245.192.253 - - [20/Apr/2023:11:18:42 -0500] "POST /sipse/faces/presentacion/financiero/solicitudProceso/listarSolicitudProceso.xhtml HTTP/1.1" 200 31547
201.245.192.253 - - [20/Apr/2023:11:18:42 -0500] "POST /sipse/faces/presentacion/financiero/solicitudProceso/listarSolicitudProceso.xhtml HTTP/1.1" 200 43818
201.245.192.253 - - [20/Apr/2023:11:18:42 -0500] "POST /sipse/faces/presentacion/financiero/solicitudProceso/listarSolicitudProceso.xhtml HTTP/1.1" 200 31547
186.80.234.110 - - [20/Apr/2023:11:18:42 -0500] "POST /sipsesda/faces/vista/administracion/funcionario/listadoFuncionario.jspx HTTP/1.1" 200 17666
201.245.192.253 - - [20/Apr/2023:11:18:44 -0500] "POST /sipse/faces/presentacion/financiero/solicitudProceso/listarSolicitudProceso.xhtml HTTP/1.1" 200 32335
201.245.192.253 - - [20/Apr/2023:11:18:47 -0500] "POST /sipse/faces/presentacion/financiero/solicitudProceso/listarSolicitudProceso.xhtml HTTP/1.1" 200 32014
186.80.234.110 - - [20/Apr/2023:11:18:50 -0500] "POST /sipsesda/faces/vista/administracion/funcionario/registrarFuncionario.jspx?_afPfm=2 HTTP/1.1" 200 32595
201.245.192.253 - - [20/Apr/2023:11:18:51 -0500] "POST /sipse/faces/presentacion/financiero/solicitudProceso/listarSolicitudProceso.xhtml HTTP/1.1" 200 145330
201.245.192.253 - - [20/Apr/2023:11:18:52 -0500] "GET /sipse/faces/javax.faces.resource/theme.css?ln=primefaces-sipse HTTP/1.1" 304 -
201.245.192.253 - - [20/Apr/2023:11:18:52 -0500] "GET /sipse/faces/javax.faces.resource/primefaces.css?ln=primefaces&v=4.0 HTTP/1.1" 304 -
201.245.192.253 - - [20/Apr/2023:11:18:52 -0500] "GET /sipse/faces/javax.faces.resource/layout/layout.css?ln=primefaces&v=4.0 HTTP/1.1" 304 -
201.245.192.253 - - [20/Apr/2023:11:18:52 -0500] "GET /sipse/faces/javax.faces.resource/jquery/jquery.js?ln=primefaces&v=4.0 HTTP/1.1" 304 -
201.245.192.253 - - [20/Apr/2023:11:18:52 -0500] "GET /sipse/faces/javax.faces.resource/jquery/jquery-plugins.js?ln=primefaces&v=4.0 HTTP/1.1" 304 -
201.245.192.253 - - [20/Apr/2023:11:18:52 -0500] "GET /sipse/faces/javax.faces.resource/primefaces.js?ln=primefaces&v=4.0 HTTP/1.1" 304 -
201.245.192.253 - - [20/Apr/2023:11:18:52 -0500] "GET /sipse/faces/javax.faces.resource/layout/layout.js?ln=primefaces&v=4.0 HTTP/1.1" 304 -
186.80.234.110 - - [20/Apr/2023:11:18:56 -0500] "POST /sipsesda/faces/vista/administracion/funcionario/listadoFuncionario.jspx HTTP/1.1" 200 32097
172.22.2.4 - - [20/Apr/2023:11:18:56 -0500] "GET /BLA/boletinlegal/consulta_actos.php?tipo=resoluciones&no=1864&usuario=&sector=&fecha=2021&resuelve= HTTP/1.1" 200 1391
52.167.144.27 - - [20/Apr/2023:11:18:59 -0500] "GET /bla/resoluciones/autos%202022/2958.pdf HTTP/1.1" 200 512733
186.80.234.110 - - [20/Apr/2023:11:19:02 -0500] "POST /sipsesda/faces/vista/administracion/funcionario/listadoFuncionario.jspx HTTP/1.1" 200 32568
186.80.234.110 - - [20/Apr/2023:11:19:04 -0500] "POST /sipsesda/faces/vista/administracion/funcionario/listadoFuncionario.jspx HTTP/1.1" 200 17666
186.29.34.0 - - [20/Apr/2023:11:19:05 -0500] "POST /sipse/faces/presentacion/financiero/solicitudProceso/consultarSolicitudProceso.xhtml HTTP/1.1" 200 278118
186.80.234.110 - - [20/Apr/2023:11:19:09 -0500] "POST /sipsesda/faces/vista/administracion/funcionario/registrarFuncionario.jspx?_afPfm=3 HTTP/1.1" 200 18142
201.245.192.253 - - [20/Apr/2023:11:19:10 -0500] "POST /sipse/faces/presentacion/financiero/solicitudProceso/consultar.xhtml HTTP/1.1" 200 64719
201.245.192.253 - - [20/Apr/2023:11:19:10 -0500] "GET /sipse/faces/javax.faces.resource/theme.css?ln=primefaces-sipse HTTP/1.1" 304 -
201.245.192.253 - - [20/Apr/2023:11:19:10 -0500] "GET /sipse/faces/javax.faces.resource/primefaces.css?ln=primefaces&v=4.0 HTTP/1.1" 304 -
201.245.192.253 - - [20/Apr/2023:11:19:10 -0500] "GET /sipse/faces/javax.faces.resource/layout/layout.css?ln=primefaces&v=4.0 HTTP/1.1" 304 -
201.245.192.253 - - [20/Apr/2023:11:19:10 -0500] "GET /sipse/faces/javax.faces.resource/jquery/jquery.js?ln=primefaces&v=4.0 HTTP/1.1" 304 -
201.245.192.253 - - [20/Apr/2023:11:19:10 -0500] "GET /sipse/faces/javax.faces.resource/jquery/jquery-plugins.js?ln=primefaces&v=4.0 HTTP/1.1" 304 -
201.245.192.253 - - [20/Apr/2023:11:19:10 -0500] "GET /sipse/faces/javax.faces.resource/primefaces.js?ln=primefaces&v=4.0 HTTP/1.1" 304 -
201.245.192.253 - - [20/Apr/2023:11:19:10 -0500] "GET /sipse/faces/javax.faces.resource/layout/layout.js?ln=primefaces&v=4.0 HTTP/1.1" 304 -
201.245.192.253 - - [20/Apr/2023:11:19:10 -0500] "POST /sipse/faces/presentacion/financiero/solicitudProceso/listarSolicitudProceso.xhtml HTTP/1.1" 200 58043
201.245.192.253 - - [20/Apr/2023:11:19:11 -0500] "POST /sipse/faces/presentacion/financiero/solicitudProceso/listarSolicitudProceso.xhtml HTTP/1.1" 200 58043
186.29.34.0 - - [20/Apr/2023:11:19:10 -0500] "POST /sipse/faces/presentacion/financiero/solicitudProceso/consultarSolicitudProceso.xhtml HTTP/1.1" 200 424973
201.245.192.253 - - [20/Apr/2023:11:19:11 -0500] "POST /sipse/faces/presentacion/financiero/solicitudProceso/listarSolicitudProceso.xhtml HTTP/1.1" 200 1560
201.245.192.253 - - [20/Apr/2023:11:19:11 -0500] "POST /sipse/faces/presentacion/financiero/solicitudProceso/listarSolicitudProceso.xhtml HTTP/1.1" 200 1552
201.245.192.253 - - [20/Apr/2023:11:19:11 -0500] "POST /sipse/faces/presentacion/financiero/solicitudProceso/listarSolicitudProceso.xhtml HTTP/1.1" 200 1564
186.80.234.110 - - [20/Apr/2023:11:19:12 -0500] "POST /sipsesda/faces/vista/administracion/funcionario/registrarFuncionario.jspx?_afPfm=3 HTTP/1.1" 200 32595
201.245.192.253 - - [20/Apr/2023:11:19:14 -0500] "POST /sipse/faces/presentacion/financiero/solicitudProceso/listarSolicitudProceso.xhtml HTTP/1.1" 200 148305
201.245.192.253 - - [20/Apr/2023:11:19:15 -0500] "GET /sipse/faces/javax.faces.resource/layout/layout.css?ln=primefaces&v=4.0 HTTP/1.1" 304 -
201.245.192.253 - - [20/Apr/2023:11:19:15 -0500] "GET /sipse/faces/javax.faces.resource/primefaces.css?ln=primefaces&v=4.0 HTTP/1.1" 304 -
201.245.192.253 - - [20/Apr/2023:11:19:15 -0500] "GET /sipse/faces/javax.faces.resource/theme.css?ln=primefaces-sipse HTTP/1.1" 304 -
201.245.192.253 - - [20/Apr/2023:11:19:15 -0500] "GET /sipse/faces/javax.faces.resource/jquery/jquery.js?ln=primefaces&v=4.0 HTTP/1.1" 304 -
201.245.192.253 - - [20/Apr/2023:11:19:15 -0500] "GET /sipse/faces/javax.faces.resource/jquery/jquery-plugins.js?ln=primefaces&v=4.0 HTTP/1.1" 304 -
201.245.192.253 - - [20/Apr/2023:11:19:15 -0500] "GET /sipse/faces/javax.faces.resource/primefaces.js?ln=primefaces&v=4.0 HTTP/1.1" 304 -
201.245.192.253 - - [20/Apr/2023:11:19:15 -0500] "GET /sipse/faces/javax.faces.resource/layout/layout.js?ln=primefaces&v=4.0 HTTP/1.1" 304 -
186.80.234.110 - - [20/Apr/2023:11:19:16 -0500] "POST /sipsesda/faces/vista/administracion/funcionario/listadoFuncionario.jspx HTTP/1.1" 200 32599
186.29.34.0 - - [20/Apr/2023:11:19:18 -0500] "POST /sipse/faces/presentacion/financiero/solicitudProceso/consultarSolicitudProceso.xhtml HTTP/1.1" 200 261009
181.154.94.193 - - [20/Apr/2023:11:19:20 -0500] "POST /appsia/controlador HTTP/1.1" 200 7732
181.154.94.193 - - [20/Apr/2023:11:19:20 -0500] "GET /appsia/images/logo_escudo.png HTTP/1.1" 200 36965
186.80.234.110 - - [20/Apr/2023:11:19:21 -0500] "POST /sipsesda/faces/vista/administracion/funcionario/listadoFuncionario.jspx HTTP/1.1" 200 32101
186.29.34.0 - - [20/Apr/2023:11:19:24 -0500] "POST /sipse/faces/presentacion/financiero/solicitudProceso/consultarSolicitudProceso.xhtml HTTP/1.1" 200 301053
186.80.234.110 - - [20/Apr/2023:11:19:25 -0500] "POST /sipsesda/faces/vista/administracion/funcionario/listadoFuncionario.jspx HTTP/1.1" 200 35327
201.244.46.205 - - [20/Apr/2023:11:19:27 -0500] "GET /BLA/resoluciones/AUTOS%202016/2755.pdf HTTP/1.1" 200 1342221
191.95.59.210 - - [20/Apr/2023:11:19:29 -0500] "POST /sipse/faces/presentacion/financiero/solicitudProceso/listarSolicitudProceso.xhtml HTTP/1.1" 200 56137
201.245.192.253 - - [20/Apr/2023:11:19:29 -0500] "POST /sipse/faces/presentacion/financiero/solicitudProceso/consultarSolicitudProceso.xhtml HTTP/1.1" 200 81982
201.245.192.253 - - [20/Apr/2023:11:19:30 -0500] "GET /sipse/faces/javax.faces.resource/primefaces.css?ln=primefaces&v=4.0 HTTP/1.1" 304 -
201.245.192.253 - - [20/Apr/2023:11:19:30 -0500] "GET /sipse/faces/javax.faces.resource/theme.css?ln=primefaces-sipse HTTP/1.1" 304 -
201.245.192.253 - - [20/Apr/2023:11:19:30 -0500] "GET /sipse/faces/javax.faces.resource/layout/layout.css?ln=primefaces&v=4.0 HTTP/1.1" 304 -
201.245.192.253 - - [20/Apr/2023:11:19:30 -0500] "GET /sipse/faces/javax.faces.resource/jquery/jquery.js?ln=primefaces&v=4.0 HTTP/1.1" 304 -
201.245.192.253 - - [20/Apr/2023:11:19:30 -0500] "GET /sipse/faces/javax.faces.resource/jquery/jquery-plugins.js?ln=primefaces&v=4.0 HTTP/1.1" 304 -
201.245.192.253 - - [20/Apr/2023:11:19:30 -0500] "GET /sipse/faces/javax.faces.resource/primefaces.js?ln=primefaces&v=4.0 HTTP/1.1" 304 -
201.245.192.253 - - [20/Apr/2023:11:19:30 -0500] "GET /sipse/faces/javax.faces.resource/layout/layout.js?ln=primefaces&v=4.0 HTTP/1.1" 304 -
191.95.59.210 - - [20/Apr/2023:11:19:29 -0500] "POST /sipse/faces/presentacion/financiero/solicitudProceso/listarSolicitudProceso.xhtml HTTP/1.1" 200 56137
186.29.34.0 - - [20/Apr/2023:11:19:30 -0500] "POST /sipse/faces/presentacion/financiero/solicitudProceso/consultarSolicitudProceso.xhtml HTTP/1.1" 200 424973
191.95.59.210 - - [20/Apr/2023:11:19:30 -0500] "POST /sipse/faces/presentacion/financiero/solicitudProceso/listarSolicitudProceso.xhtml HTTP/1.1" 200 1560
191.95.59.210 - - [20/Apr/2023:11:19:30 -0500] "POST /sipse/faces/presentacion/financiero/solicitudProceso/listarSolicitudProceso.xhtml HTTP/1.1" 200 1552
186.29.34.0 - - [20/Apr/2023:11:19:36 -0500] "POST /sipse/faces/presentacion/financiero/solicitudProceso/consultarSolicitudProceso.xhtml HTTP/1.1" 200 50909
181.154.94.193 - - [20/Apr/2023:11:19:38 -0500] "POST /appsia/controlador HTTP/1.1" 200 5437
186.102.25.30 - - [20/Apr/2023:11:19:41 -0500] "GET /kwssiamovil/sm/ldap/au?x=U2FsdGVkX19FzS4sxVhnSOpHZIcn8U1i/mt5DsdrGWq4XN0b1ekvF0bJEHFvhadr&y=U2FsdGVkX1/Qbxr5NVBVly52hN7XQigRafX/IOhnLz8cPS6WehqbFlFbtUWOBGz1 HTTP/1.1" 200 30
186.102.25.30 - - [20/Apr/2023:11:19:41 -0500] "GET /kwssiamovil/sm/acme/s?s=U2FsdGVkX180claguG691sTE38KqLEjzNaHeSMZ0qm5cmILJXk7TCI8pPis6t+H73X0dpOMv1tCc4y4FUXylxkhq4HO/4y/OUfNXQ/QJEZk=&u=U2FsdGVkX18sR5cBoIXdUKeHSvpAagTa2rHVXTlaXMw=&y=U2FsdGVkX1/Qbxr5NVBVly52hN7XQigRafX/IOhnLz8cPS6WehqbFlFbtUWOBGz1 HTTP/1.1" 200 97
186.29.34.0 - - [20/Apr/2023:11:19:41 -0500] "POST /sipse/faces/presentacion/financiero/solicitudProceso/consultarSolicitudProceso.xhtml HTTP/1.1" 200 163479
186.102.25.30 - - [20/Apr/2023:11:19:41 -0500] "GET /kwssiamovil/sm/acme/s?s=U2FsdGVkX1/pO8MQCaa35r6TwciYCspDwTkcYHevpofyjnxWA6PfXbBGtMdIlu+Vfg5pNWnB811dV/5C1l14it/YT9odYE6Z69drrKuNsuFqlOvrx8aGmqY5NmipvxxlBJCbXU1CznV/aPQ+7xmA2g9J9EuAoSDQicfo5KV/x4m259LIdJXRrGeqP30VvD7Uis7qJNEhxeGaCjMe2XoI/XHZJUGSzJTcPeAQSNh8O2EXFl/HEHEM1EXnWt/atnhVFFINQrTO8qjkp1vYyql5mg4PCciZV1KcvcpMiqRzDF23h6FA0tChFbAwvoTxgYlF7FpHQLpq3kz+sMn0XIalFos2ah4BHwYVdGXjVItR5EERkTNPtNp60ZDG23+N0H+DeCqYZ1xDE20Zs90OxOe/li6bL6c0UM2V6z7szeGMdGEE8JXmrUP5FETezLh9LgfTFYvVRYAMLU4SRQU4EMhRnoP7GxbNj0gfuPpcJTIQ0TRu6y8CoRSae2dmM1TqFCltiaENiIOFJHHUKqDIIZf18HMBNw+wYuH6T2ewF5Cd4ZG8fntUudoZJ7RXFbwJ2J1QJti9dawUR5Oi1wTl5mjKlMnt0VAfqC1QIUUrvb13kRt9imLcjyBdKXK1A3/OixyQPEQaHAcvkK0zJZyADi7a6Potocy7cU9ItSLalQ/i9PHVVXjTnv7XrKnkIoMYAs7Kk997IOlK8N5dt9EAZH3UK+9wd2XC4Lo8hghmRqmXCoV7KDRrxZ53KQtyY2TmHuU7NXpiTo9U87ZqxAA7is1nKvF5tJur+Ewtm+4EpwCF6dwezyG9Q4qtzASgEwQiUWQt52A+5QW048VnydUBOnZmaK7b/d8h5+iRiwd5tCyWyEwX/olo8qlSH38wy9mUW9J+3VJ8vKszBnghLjMdo8IEOfoZdam31BNfX+ycQdrvaYB8ok3RkYw5MlKX0jhoqGBkHFeKiJI7xccS77Ql7QovCwh2kECVEKkZB9OTX/AiDUagQ7S3MWB8yDuZE5Y5RS8NGgKecgyLNuIiVCyt8+kw6nREjP3I1ldM6KApxwoIqAcWmVcD800wIvgSt0yA7TyAlivYzu6Kc0vwk3r/4BuTDDZfC7Gl5JA6QK7PV4rqTLV9dd7ggEd3XXO8S07LJUr0LeFFAmSG5LKQUlbXj5r5Pg2O3f0ekZsdyJXktZznz6leGhunpaBRjWhTcjyR0TzNjtinwnc4FZDTM3tV6YSntWHEKIrWYAPb/mFnzWKEPI15ZQ/pC5A99Ivab89AeiN8TADWh7Wq9nlj059yHmiljZrSl82MlNlrTK7eYtgT1mvInZAjGxikunotBQNTpJqFosbeTKgJIteJBPs9wKmrGIemvGsMZg3DLFZUml2wDQMMoFGCkzwxNeFgses3nTzwDCqnOesZTngrhR410HuhnJwIp7A4Z0tFMllUPcR3uKU=&u=U2FsdGVkX18sR5cBoIXdUKeHSvpAagTa2rHVXTlaXMw=&y=U2FsdGVkX1/Qbxr5NVBVly52hN7XQigRafX/IOhnLz8cPS6WehqbFlFbtUWOBGz1 HTTP/1.1" 200 368
186.102.25.30 - - [20/Apr/2023:11:19:41 -0500] "GET /kwssiamovil/sm/acme/s?s=U2FsdGVkX1/RAvH0QJODPG+yzCp0+RqTwMChLdLAReoauuJy3WrGQ2YNZTxasy1Gu+RCk359bUjLdHDxjDK1Fv66JOCRCabDfQkuQchHFMbjqfIoUJW2K+IQqpLt2qalIcfM672d8jK0WxA0Vv1gEV1nHdns4mdEYJV0dP60PIFBDnVqzBcQ8rmXJRFT2JXfr9rwRPL4O9WM26mTPbzgB0yGNsVRixH0ruXVVIk/rxl3t+4InDVVsVqhpCkAO/gYsGHRvgeNTDGVgpaWJBY4g5CxsIcqQ65Y0a5yRRWRLjOzRo1XIuwZQSQNMGnao87MIcHajpfNrJfbSfVXPlaCQ2DGLPE/P6IjUUxQdLKqNkc=&u=U2FsdGVkX18sR5cBoIXdUKeHSvpAagTa2rHVXTlaXMw=&y=U2FsdGVkX1/Qbxr5NVBVly52hN7XQigRafX/IOhnLz8cPS6WehqbFlFbtUWOBGz1 HTTP/1.1" 200 196
186.102.25.30 - - [20/Apr/2023:11:19:42 -0500] "GET /kwssiamovil/sm/cjson/pre?f=1&x=U2FsdGVkX19FzS4sxVhnSOpHZIcn8U1i/mt5DsdrGWq4XN0b1ekvF0bJEHFvhadr HTTP/1.1" 200 31032
186.80.234.110 - - [20/Apr/2023:11:19:47 -0500] "POST /sipsesda/faces/vista/administracion/funcionario/listadoFuncionario.jspx HTTP/1.1" 200 17670
186.80.234.110 - - [20/Apr/2023:11:19:55 -0500] "POST /sipsesda/faces/vista/administracion/funcionario/registrarFuncionario.jspx?_afPfm=4 HTTP/1.1" 200 32591
186.80.234.110 - - [20/Apr/2023:11:20:00 -0500] "POST /sipsesda/faces/vista/administracion/funcionario/listadoFuncionario.jspx HTTP/1.1" 200 32101
201.245.192.253 - - [20/Apr/2023:11:20:04 -0500] "POST /sipse/faces/presentacion/financiero/solicitudProceso/crearModificarSolicitudProceso.xhtml HTTP/1.1" 200 122901
201.245.192.253 - - [20/Apr/2023:11:20:04 -0500] "GET /sipse/faces/javax.faces.resource/theme.css?ln=primefaces-sipse HTTP/1.1" 304 -
201.245.192.253 - - [20/Apr/2023:11:20:04 -0500] "GET /sipse/faces/javax.faces.resource/primefaces.css?ln=primefaces&v=4.0 HTTP/1.1" 304 -
201.245.192.253 - - [20/Apr/2023:11:20:04 -0500] "GET /sipse/faces/javax.faces.resource/layout/layout.css?ln=primefaces&v=4.0 HTTP/1.1" 304 -
201.245.192.253 - - [20/Apr/2023:11:20:05 -0500] "GET /sipse/faces/javax.faces.resource/jquery/jquery.js?ln=primefaces&v=4.0 HTTP/1.1" 304 -
201.245.192.253 - - [20/Apr/2023:11:20:05 -0500] "GET /sipse/faces/javax.faces.resource/jquery/jquery-plugins.js?ln=primefaces&v=4.0 HTTP/1.1" 304 -
201.245.192.253 - - [20/Apr/2023:11:20:05 -0500] "GET /sipse/faces/javax.faces.resource/primefaces.js?ln=primefaces&v=4.0 HTTP/1.1" 304 -
201.245.192.253 - - [20/Apr/2023:11:20:05 -0500] "GET /sipse/faces/javax.faces.resource/layout/layout.js?ln=primefaces&v=4.0 HTTP/1.1" 304 -
201.245.192.253 - - [20/Apr/2023:11:20:05 -0500] "GET /sipse/faces/javax.faces.resource/messages/messages.png?ln=primefaces&v=4.0 HTTP/1.1" 304 -
186.80.234.110 - - [20/Apr/2023:11:20:05 -0500] "POST /sipsesda/faces/vista/administracion/funcionario/listadoFuncionario.jspx HTTP/1.1" 200 35321
201.245.192.253 - - [20/Apr/2023:11:20:04 -0500] "POST /kwsrmcab/Wsrmcab HTTP/1.1" 200 39810
201.245.192.253 - - [20/Apr/2023:11:20:06 -0500] "POST /kwsrmcab/Wsrmcab HTTP/1.1" 200 43005
186.80.234.110 - - [20/Apr/2023:11:20:12 -0500] "POST /sipsesda/faces/vista/administracion/funcionario/listadoFuncionario.jspx HTTP/1.1" 200 17670
201.245.192.253 - - [20/Apr/2023:11:20:15 -0500] "POST /sipse/faces/presentacion/financiero/solicitudProceso/consultarSolicitudProceso.xhtml HTTP/1.1" 200 35065
201.245.192.253 - - [20/Apr/2023:11:20:17 -0500] "GET /sipse/faces/javax.faces.resource/theme.css?ln=primefaces-sipse HTTP/1.1" 304 -
201.245.192.253 - - [20/Apr/2023:11:20:17 -0500] "GET /sipse/faces/javax.faces.resource/layout/layout.css?ln=primefaces&v=4.0 HTTP/1.1" 304 -
201.245.192.253 - - [20/Apr/2023:11:20:17 -0500] "GET /sipse/faces/javax.faces.resource/primefaces.css?ln=primefaces&v=4.0 HTTP/1.1" 304 -
201.245.192.253 - - [20/Apr/2023:11:20:17 -0500] "GET /sipse/faces/javax.faces.resource/jquery/jquery.js?ln=primefaces&v=4.0 HTTP/1.1" 304 -
