172.22.2.4 - - [22/Apr/2023:14:19:06 -0500] "GET /BLA/boletinlegal/.env HTTP/1.1" 404 1018
191.156.229.167 - - [22/Apr/2023:14:19:08 -0500] "GET /mujeres-que-reverdecen-secretaria-de-ambiente-anuncia-300-cupos-para-la-tercera-fase-del-programa.html HTTP/1.1" 200 823
191.95.55.108 - - [22/Apr/2023:14:19:15 -0500] "GET /mujeres-que-reverdecen-secretaria-de-ambiente-anuncia-300-cupos-para-la-tercera-fase-del-programa.html HTTP/1.1" 200 823
172.22.2.4 - - [22/Apr/2023:14:17:47 -0500] "HEAD /BLA/boletinlegal/ HTTP/1.1" 200 -
172.22.2.4 - - [22/Apr/2023:14:18:02 -0500] "GET /BLA/boletinlegal/ HTTP/1.1" 200 48260
181.56.46.177 - - [22/Apr/2023:14:19:43 -0500] "GET /mujeres-que-reverdecen-secretaria-de-ambiente-anuncia-300-cupos-para-la-tercera-fase-del-programa.html HTTP/1.1" 200 823
191.146.116.95 - - [22/Apr/2023:14:19:52 -0500] "GET /mujeres-que-reverdecen-secretaria-de-ambiente-anuncia-300-cupos-para-la-tercera-fase-del-programa.html HTTP/1.1" 200 823
201.245.192.253 - - [22/Apr/2023:14:19:54 -0500] "POST /kwsrmcab/Wsrmcab HTTP/1.1" 200 43157
201.245.192.253 - - [22/Apr/2023:14:19:56 -0500] "POST /kwsrmcab/Wsrmcab HTTP/1.1" 200 39439
172.22.2.4 - - [22/Apr/2023:14:18:37 -0500] "GET /BLA/boletinlegal/ HTTP/1.1" 200 51620
66.249.65.8 - - [22/Apr/2023:14:20:20 -0500] "-" 408 -
190.66.223.78 - - [22/Apr/2023:14:20:45 -0500] "GET /BLA/resoluciones/index.php?dir=AUTOS+2019%2F HTTP/1.1" 200 372819
181.32.4.117 - - [22/Apr/2023:14:21:02 -0500] "GET /BLA/resoluciones/RESOLUCIONES%202009/4230.pdf HTTP/1.1" 200 791149
45.238.181.173 - - [22/Apr/2023:14:21:16 -0500] "GET /mujeres-que-reverdec HTTP/1.1" 404 1136
45.238.181.173 - - [22/Apr/2023:14:21:17 -0500] "GET /favicon.ico HTTP/1.1" 404 1334
191.156.183.144 - - [22/Apr/2023:14:21:17 -0500] "GET /mujeres-que-reverdecen-secretaria-de-ambiente-anuncia-300-cupos-para-la-tercera-fase-del-programa.html HTTP/1.1" 200 823
201.245.192.253 - - [22/Apr/2023:14:21:41 -0500] "POST /kwsrmcab/Wsrmcab  HTTP/1.1" 200 41796
186.102.53.64 - - [22/Apr/2023:14:22:00 -0500] "GET /mujeres-que-reverdecen-secretaria-de-ambiente-anuncia-300-cupos-para-la-tercera-fase-del-programa.html HTTP/1.1" 200 823
45.238.181.173 - - [22/Apr/2023:14:22:02 -0500] "GET /mujeres-que-reverdecen-secretaria-de-ambiente-anuncia-300-cupos-para-la-tercera-fase-del-programa.html HTTP/1.1" 200 823
191.156.144.18 - - [22/Apr/2023:14:22:32 -0500] "GET /mujeres-que-reverdecen-secretaria-de-ambiente-anuncia-300-cupos-para-la-tercera-fase-del-programa.html HTTP/1.1" 304 -
216.245.221.92 - - [22/Apr/2023:14:22:59 -0500] "HEAD / HTTP/1.1" 200 -
40.77.167.84 - - [22/Apr/2023:14:23:54 -0500] "GET / HTTP/1.1" 200 319
186.155.16.167 - - [22/Apr/2023:14:23:57 -0500] "-" 408 -
40.77.167.245 - - [22/Apr/2023:14:24:26 -0500] "GET /portaldeninos/humedal-la-conejera-2/ HTTP/1.1" 200 88020
170.78.42.107 - - [22/Apr/2023:14:25:01 -0500] "GET /mujeres-que-reverdecen-secretaria-de-ambiente-anuncia-300-cupos-para-la-tercera-fase-del-programa.html HTTP/1.1" 304 -
172.22.2.4 - - [22/Apr/2023:14:23:37 -0500] "HEAD /BLA/boletinlegal/ HTTP/1.1" 200 -
172.22.2.4 - - [22/Apr/2023:14:24:27 -0500] "GET /BLA/boletinlegal/ HTTP/1.1" 200 55571
201.245.192.253 - - [22/Apr/2023:14:26:40 -0500] "POST /kwsrmcab/Wsrmcab  HTTP/1.1" 200 41796
37.221.92.199 - - [22/Apr/2023:14:26:52 -0500] "POST /boaform/admin/formLogin HTTP/1.1" 404 1186
186.102.2.189 - - [22/Apr/2023:14:27:28 -0500] "GET /bogota-se-prepara-para-tres-fines-de-semana-de-adopciones.html HTTP/1.1" 200 821
216.245.221.92 - - [22/Apr/2023:14:27:59 -0500] "HEAD / HTTP/1.1" 200 -
186.28.77.178 - - [22/Apr/2023:14:28:46 -0500] "GET /mujeres-que-reverdecen-secretaria-de-ambiente-anuncia-300-cupos-para-la-tercera-fase-del-programa.html HTTP/1.1" 200 823
181.53.12.175 - - [22/Apr/2023:14:29:25 -0500] "GET /mujeres-que-reverdec HTTP/1.1" 404 1136
181.53.12.175 - - [22/Apr/2023:14:29:26 -0500] "GET /favicon.ico HTTP/1.1" 404 1334
201.245.192.253 - - [22/Apr/2023:14:29:54 -0500] "POST /kwsrmcab/Wsrmcab HTTP/1.1" 200 43157
201.245.192.253 - - [22/Apr/2023:14:29:56 -0500] "POST /kwsrmcab/Wsrmcab HTTP/1.1" 200 39439
172.22.2.4 - - [22/Apr/2023:14:29:27 -0500] "HEAD /BLA/boletinlegal/ HTTP/1.1" 200 -
201.245.192.253 - - [22/Apr/2023:14:31:39 -0500] "POST /kwsrmcab/Wsrmcab  HTTP/1.1" 200 41796
181.61.204.231 - - [22/Apr/2023:14:31:43 -0500] "GET /mujeres-que-reverdec HTTP/1.1" 404 1136
181.61.204.231 - - [22/Apr/2023:14:31:44 -0500] "GET /favicon.ico HTTP/1.1" 404 1334
172.22.2.4 - - [22/Apr/2023:14:30:17 -0500] "GET /BLA/boletinlegal/ HTTP/1.1" 200 51977
181.53.12.177 - - [22/Apr/2023:14:32:03 -0500] "GET /mujeres-que-reverdecen-secretaria-de-ambiente-anuncia-300-cupos-para-la-tercera-fase-del-programa.html HTTP/1.1" 304 -
45.83.65.73 - - [22/Apr/2023:14:32:04 -0500] "GET / HTTP/1.1" 200 319
45.83.65.137 - - [22/Apr/2023:14:32:09 -0500] "GET /favicon.ico HTTP/1.1" 200 7782
186.102.82.174 - - [22/Apr/2023:14:32:54 -0500] "GET /dia-mundial-de-la-tierra-unete-a-esta-celebracion-con-actividades-que-promueven-el-cuidado-de-nuestro-planeta.html?fbclid=PAAabBt_Cc6UlwoBFwDRNf3rf0er3LE42mAz6usciUcOFRQ0qFdY46nT_FrL8 HTTP/1.1" 200 818
216.245.221.92 - - [22/Apr/2023:14:32:59 -0500] "HEAD / HTTP/1.1" 200 -
190.9.208.80 - - [22/Apr/2023:14:33:27 -0500] "GET /mujeres-que-reverdecen-secretaria-de-ambiente-anuncia-300-cupos-para-la-tercera-fase-del-programa.html HTTP/1.1" 200 823
172.22.2.4 - - [22/Apr/2023:14:31:54 -0500] "GET /BLA/boletinlegal/ HTTP/1.1" 200 61759
173.252.79.22 - - [22/Apr/2023:14:33:59 -0500] "GET /distrito-plantara-2-650-nuevos-arboles-en-la-ciudad-para-celebrar-los-dias-de-la-tierra-y-el-arbol.html HTTP/1.1" 206 849
173.252.79.119 - - [22/Apr/2023:14:34:03 -0500] "GET /distrito-plantara-2-650-nuevos-arboles-en-la-ciudad-para-celebrar-los-dias-de-la-tierra-y-el-arbol.html HTTP/1.1" 206 849
66.249.66.42 - - [22/Apr/2023:14:34:46 -0500] "-" 408 -
200.119.110.124 - - [22/Apr/2023:14:35:11 -0500] "GET /dia-mundial-de-la-tierra-unete-a-esta-celebracion-con-actividades-que-promueven-el-cuidado-de-nuestro-planeta.html?fbclid=PAAabe3exe2kXy8fsm1inIaig14BU5WYId0s8J427tGg6HeroKmF6-1HrW2yw HTTP/1.1" 200 818
172.22.2.4 - - [22/Apr/2023:14:35:53 -0500] "GET /BLA/boletinlegal/actos.php HTTP/1.1" 200 9682
172.22.2.4 - - [22/Apr/2023:14:35:54 -0500] "GET /BLA/boletinlegal/js/ajax_actos.js HTTP/1.1" 200 1322
172.22.2.4 - - [22/Apr/2023:14:35:54 -0500] "GET /BLA/boletinlegal/niceforms.js HTTP/1.1" 200 22876
181.237.239.208 - - [22/Apr/2023:14:35:55 -0500] "GET /BLA/resoluciones/ HTTP/1.1" 200 13502
181.237.239.208 - - [22/Apr/2023:14:35:56 -0500] "GET /BLA/resoluciones/dlf/styles.css HTTP/1.1" 200 3049
181.237.239.208 - - [22/Apr/2023:14:36:00 -0500] "GET /BLA/resoluciones/index.php?dir=RESOLUCIONES+2008%2F HTTP/1.1" 200 12235
181.237.239.208 - - [22/Apr/2023:14:36:01 -0500] "GET /BLA/resoluciones/dlf/unknown.png HTTP/1.1" 200 266
168.119.100.88 - - [22/Apr/2023:14:36:01 -0500] "GET / HTTP/1.1" 200 319
181.237.239.208 - - [22/Apr/2023:14:36:00 -0500] "GET /BLA/resoluciones/index.php?dir=RESOLUCIONES+2008%2F HTTP/1.1" 200 976272
168.119.100.88 - - [22/Apr/2023:14:36:02 -0500] "GET / HTTP/1.1" 200 4720
181.237.239.208 - - [22/Apr/2023:14:36:12 -0500] "GET /BLA/resoluciones/RESOLUCIONES%202008/0609.pdf HTTP/1.1" 200 452044
52.167.144.27 - - [22/Apr/2023:14:36:15 -0500] "GET /BLA/resoluciones/AUTOS%202021/5493.pdf HTTP/1.1" 304 -
172.22.2.4 - - [22/Apr/2023:14:35:51 -0500] "GET /BLA/boletinlegal/ HTTP/1.1" 200 24523
201.245.192.253 - - [22/Apr/2023:14:36:38 -0500] "POST /kwsrmcab/Wsrmcab  HTTP/1.1" 200 41796
172.22.2.4 - - [22/Apr/2023:14:35:17 -0500] "HEAD /BLA/boletinlegal/ HTTP/1.1" 200 -
172.22.2.4 - - [22/Apr/2023:14:36:07 -0500] "GET /BLA/boletinlegal/ HTTP/1.1" 200 55934
186.29.182.180 - - [22/Apr/2023:14:37:52 -0500] "GET /mujeres-que-reverdecen-secretaria-de-ambiente-anuncia-300-cupos-para-la-tercera-fase-del-programa.html HTTP/1.1" 200 823
216.245.221.92 - - [22/Apr/2023:14:37:59 -0500] "HEAD / HTTP/1.1" 200 -
191.95.50.2 - - [22/Apr/2023:14:38:40 -0500] "GET /guadalupe-aguanoso-un-nuevo-tramo-de-camino-para-disfrutar-en-los-cerros-orientales.html HTTP/1.1" 200 795
191.156.235.102 - - [22/Apr/2023:14:39:00 -0500] "GET /css/fondos.css HTTP/1.1" 404 1254
191.156.235.102 - - [22/Apr/2023:14:39:00 -0500] "GET /css/date_blue.css HTTP/1.1" 404 1254
191.156.235.102 - - [22/Apr/2023:14:39:00 -0500] "GET /css/textos.css HTTP/1.1" 404 1254
191.156.235.102 - - [22/Apr/2023:14:39:06 -0500] "GET /css/bordes.css HTTP/1.1" 404 1254
186.29.182.180 - - [22/Apr/2023:14:39:19 -0500] "GET /mujeres-que-reverdec HTTP/1.1" 404 1136
186.29.182.180 - - [22/Apr/2023:14:39:20 -0500] "GET /favicon.ico HTTP/1.1" 404 1334
161.18.208.206 - - [22/Apr/2023:14:39:20 -0500] "GET /bogota-se-prepara-para-tres-fines-de-semana-de-adopciones.html HTTP/1.1" 200 821
201.245.192.253 - - [22/Apr/2023:14:39:53 -0500] "POST /kwsrmcab/Wsrmcab HTTP/1.1" 200 43157
201.245.192.253 - - [22/Apr/2023:14:39:56 -0500] "POST /kwsrmcab/Wsrmcab HTTP/1.1" 200 39439
200.119.110.124 - - [22/Apr/2023:14:40:28 -0500] "GET /dia-mundial-de-la-tierra-unete-a-esta-celebracion-con-actividades-que-promueven-el-cuidado-de-nuestro-planeta.html?fbclid=PAAaaek8YokIRYVSCOtcbSsPNWdtsoLzRzeaLMt7ovcDJ_Fz91HKxBwQV_ZtE HTTP/1.1" 200 818
152.89.196.211 - - [22/Apr/2023:14:40:52 -0500] "GET /actuator/gateway/routes HTTP/1.1" 404 1018
181.237.239.208 - - [22/Apr/2023:14:41:32 -0500] "GET /BLA/resoluciones/index.php?dir= HTTP/1.1" 200 13502
181.237.239.208 - - [22/Apr/2023:14:41:33 -0500] "GET /BLA/resoluciones/dlf/folder.png HTTP/1.1" 200 410
181.237.239.208 - - [22/Apr/2023:14:41:36 -0500] "GET /BLA/resoluciones/index.php?dir=RESOLUCIONES+2013%2F HTTP/1.1" 200 238278
181.237.239.208 - - [22/Apr/2023:14:41:36 -0500] "GET /BLA/resoluciones/dlf/doc.gif HTTP/1.1" 200 1079
201.245.192.253 - - [22/Apr/2023:14:41:37 -0500] "POST /kwsrmcab/Wsrmcab  HTTP/1.1" 200 41796
181.237.239.208 - - [22/Apr/2023:14:41:47 -0500] "GET /BLA/resoluciones/RESOLUCIONES%202013/1138.pdf HTTP/1.1" 200 495266
172.22.2.4 - - [22/Apr/2023:14:41:07 -0500] "HEAD /BLA/boletinlegal/ HTTP/1.1" 200 -
173.252.127.2 - - [22/Apr/2023:14:42:50 -0500] "GET /images/Acuerdos%2001%20(1)%20(1).jpeg HTTP/1.1" 200 32884
216.245.221.92 - - [22/Apr/2023:14:42:59 -0500] "HEAD / HTTP/1.1" 200 -
66.249.66.15 - - [22/Apr/2023:14:43:13 -0500] "-" 408 -
172.22.2.4 - - [22/Apr/2023:14:41:57 -0500] "GET /BLA/boletinlegal/ HTTP/1.1" 200 59656
173.252.87.5 - - [22/Apr/2023:14:43:47 -0500] "GET /images/cr\xc3\xb3nica-29-nov-1_optimized.jpeg HTTP/1.1" 404 1034
186.84.89.152 - - [22/Apr/2023:14:44:09 -0500] "GET /mujeres-que-reverdecen-secretaria-de-ambiente-anuncia-300-cupos-para-la-tercera-fase-del-programa.html HTTP/1.1" 200 823
66.249.65.8 - - [22/Apr/2023:14:44:27 -0500] "-" 408 -
190.158.204.11 - - [22/Apr/2023:14:44:31 -0500] "GET /guadalupe-aguanoso-un-nuevo-tramo-de-camino-para-disfrutar-en-los-cerros-orientales.html HTTP/1.1" 200 795
190.158.186.28 - - [22/Apr/2023:14:45:53 -0500] "GET /dia-mundial-de-la-tierra-unete-a-esta-celebracion-con-actividades-que-promueven-el-cuidado-de-nuestro-planeta.html HTTP/1.1" 200 818
201.245.192.253 - - [22/Apr/2023:14:46:37 -0500] "POST /kwsrmcab/Wsrmcab  HTTP/1.1" 200 41796
191.95.58.249 - - [22/Apr/2023:14:47:09 -0500] "GET /mujeres-que-reverdecen-secretaria-de-ambiente-anuncia-300-cupos-para-la-tercera-fase-del-programa.html HTTP/1.1" 304 -
191.95.58.249 - - [22/Apr/2023:14:47:11 -0500] "GET /mujeres-que-reverdecen-secretaria-de-ambiente-anuncia-300-cupos-para-la-tercera-fase-del-programa.html HTTP/1.1" 200 823
172.22.2.4 - - [22/Apr/2023:14:47:20 -0500] "GET /BLA/boletinlegal/.env HTTP/1.1" 404 1018
216.245.221.92 - - [22/Apr/2023:14:47:59 -0500] "HEAD / HTTP/1.1" 200 -
172.22.2.4 - - [22/Apr/2023:14:47:20 -0500] "POST /BLA/boletinlegal/ HTTP/1.1" 200 24523
172.22.2.4 - - [22/Apr/2023:14:48:26 -0500] "GET /BLA/boletinlegal/images/body_bg.jpg HTTP/1.1" 200 1601
172.22.2.4 - - [22/Apr/2023:14:48:26 -0500] "GET /BLA/boletinlegal/images/menu_lft.gif HTTP/1.1" 200 1713
172.22.2.4 - - [22/Apr/2023:14:48:26 -0500] "GET /BLA/boletinlegal/images/menu_rght.gif HTTP/1.1" 200 1627
172.22.2.4 - - [22/Apr/2023:14:48:26 -0500] "GET /BLA/boletinlegal/images/bg_top.jpg HTTP/1.1" 200 522
172.22.2.4 - - [22/Apr/2023:14:48:26 -0500] "GET /BLA/boletinlegal/images/menu_bg.jpg HTTP/1.1" 200 620
172.22.2.4 - - [22/Apr/2023:14:48:26 -0500] "GET /BLA/boletinlegal/images/text.jpg HTTP/1.1" 200 568
172.22.2.4 - - [22/Apr/2023:14:48:26 -0500] "GET /BLA/boletinlegal/images/hover.jpg HTTP/1.1" 200 640
172.22.2.4 - - [22/Apr/2023:14:48:28 -0500] "GET /BLA/boletinlegal/actos.php HTTP/1.1" 200 9682
172.22.2.4 - - [22/Apr/2023:14:48:28 -0500] "GET /BLA/boletinlegal/niceforms-default.css HTTP/1.1" 200 6694
172.22.2.4 - - [22/Apr/2023:14:48:28 -0500] "GET /BLA/boletinlegal/js/ajax_actos.js HTTP/1.1" 200 1322
172.22.2.4 - - [22/Apr/2023:14:48:28 -0500] "GET /BLA/boletinlegal/js/lib.js HTTP/1.1" 200 6474
172.22.2.4 - - [22/Apr/2023:14:48:28 -0500] "GET /BLA/boletinlegal/js/popup.js HTTP/1.1" 200 1270
172.22.2.4 - - [22/Apr/2023:14:48:28 -0500] "GET /BLA/boletinlegal/js/jquery1.js HTTP/1.1" 200 29846
172.22.2.4 - - [22/Apr/2023:14:48:28 -0500] "GET /BLA/boletinlegal/niceforms.js HTTP/1.1" 200 22876
172.22.2.4 - - [22/Apr/2023:14:48:28 -0500] "GET /BLA/boletinlegal/images/green-yellow-blue-pink-th.png HTTP/1.1" 200 7394
172.22.2.4 - - [22/Apr/2023:14:48:28 -0500] "GET /BLA/boletinlegal/images/tel.png HTTP/1.1" 200 14477
172.22.2.4 - - [22/Apr/2023:14:48:28 -0500] "GET /BLA/boletinlegal/images/icono-email.png HTTP/1.1" 200 5544
172.22.2.4 - - [22/Apr/2023:14:48:28 -0500] "GET /BLA/boletinlegal/images/footer_bg_l.jpg HTTP/1.1" 200 776
172.22.2.4 - - [22/Apr/2023:14:48:28 -0500] "GET /BLA/boletinlegal/images/footer_bg.jpg HTTP/1.1" 200 586
172.22.2.4 - - [22/Apr/2023:14:48:28 -0500] "GET /BLA/boletinlegal/img/0.png HTTP/1.1" 200 110
172.22.2.4 - - [22/Apr/2023:14:48:28 -0500] "GET /BLA/boletinlegal/img/select-right.png HTTP/1.1" 200 44019
172.22.2.4 - - [22/Apr/2023:14:48:28 -0500] "GET /BLA/boletinlegal/img/button-left.png HTTP/1.1" 200 57071
172.22.2.4 - - [22/Apr/2023:14:48:28 -0500] "GET /BLA/boletinlegal/img/select-left.png HTTP/1.1" 200 263
172.22.2.4 - - [22/Apr/2023:14:48:28 -0500] "GET /BLA/boletinlegal/img/button.png HTTP/1.1" 200 43241
172.22.2.4 - - [22/Apr/2023:14:48:28 -0500] "GET /BLA/boletinlegal/img/button-right.png HTTP/1.1" 200 57878
186.155.19.147 - - [22/Apr/2023:14:48:30 -0500] "GET /BLA/resoluciones/ HTTP/1.1" 200 13502
186.155.19.147 - - [22/Apr/2023:14:48:30 -0500] "GET /BLA/resoluciones/dlf/styles.css HTTP/1.1" 200 3049
186.155.19.147 - - [22/Apr/2023:14:48:30 -0500] "GET /BLA/resoluciones/dlf/folder.png HTTP/1.1" 200 410
186.155.19.147 - - [22/Apr/2023:14:48:30 -0500] "GET /BLA/resoluciones/dlf/bg.gif HTTP/1.1" 200 54
186.155.19.147 - - [22/Apr/2023:14:48:30 -0500] "GET /favicon.ico HTTP/1.1" 200 7782
186.155.19.147 - - [22/Apr/2023:14:48:33 -0500] "GET /BLA/resoluciones/index.php?dir=AUTOS+2021%2F HTTP/1.1" 200 20427
186.155.19.147 - - [22/Apr/2023:14:48:33 -0500] "GET /BLA/resoluciones/dlf/dirup.png HTTP/1.1" 200 644
186.155.19.147 - - [22/Apr/2023:14:48:33 -0500] "GET /BLA/resoluciones/dlf/pdf.gif HTTP/1.1" 200 272
186.155.19.147 - - [22/Apr/2023:14:48:33 -0500] "GET /BLA/resoluciones/dlf/unknown.png HTTP/1.1" 200 266
186.155.19.147 - - [22/Apr/2023:14:48:33 -0500] "GET /BLA/resoluciones/index.php?dir=AUTOS+2021%2F HTTP/1.1" 200 397728
172.22.2.4 - - [22/Apr/2023:14:48:35 -0500] "GET /BLA/boletinlegal/images/screen_3.png HTTP/1.1" 200 210620
172.22.2.4 - - [22/Apr/2023:14:48:35 -0500] "GET /BLA/boletinlegal/images/screen_2.png HTTP/1.1" 200 362502
172.22.2.4 - - [22/Apr/2023:14:48:35 -0500] "GET /BLA/boletinlegal/images/arr_r.jpg HTTP/1.1" 200 1998
172.22.2.4 - - [22/Apr/2023:14:48:35 -0500] "GET /BLA/boletinlegal/images/screen_5.png HTTP/1.1" 200 368876
172.22.2.4 - - [22/Apr/2023:14:46:57 -0500] "HEAD /BLA/boletinlegal/ HTTP/1.1" 200 -
186.155.19.147 - - [22/Apr/2023:14:48:44 -0500] "GET /BLA/resoluciones/AUTOS%202021/2197.pdf HTTP/1.1" 200 1388066
172.22.2.4 - - [22/Apr/2023:14:48:46 -0500] "GET /BLA/boletinlegal/images/pdf.gif HTTP/1.1" 200 567
186.84.89.152 - - [22/Apr/2023:14:49:08 -0500] "GET /mujeres-que-reverdecen-secretaria-de-ambiente-anuncia-300-cupos-para-la-tercera-fase-del-programa.html HTTP/1.1" 200 823
37.221.92.199 - - [22/Apr/2023:14:49:06 -0500] "POST /boaform/admin/formLogin HTTP/1.1" 404 1186
162.55.37.179 - - [22/Apr/2023:14:49:19 -0500] "GET / HTTP/1.1" 200 319
162.55.37.179 - - [22/Apr/2023:14:49:19 -0500] "GET / HTTP/1.1" 200 4720
66.249.65.82 - - [22/Apr/2023:14:49:20 -0500] "-" 408 -
181.59.3.0 - - [22/Apr/2023:14:49:21 -0500] "GET /mujeres-que-reverdecen-secretaria-de-ambiente-anuncia-300-cupos-para-la-tercera-fase-del-programa.html HTTP/1.1" 200 823
172.22.2.4 - - [22/Apr/2023:14:47:47 -0500] "GET /BLA/boletinlegal/ HTTP/1.1" 200 51032
181.142.85.213 - - [22/Apr/2023:14:49:34 -0500] "GET /dia-mundial-de-la-tierra-unete-a-esta-celebracion-con-actividades-que-promueven-el-cuidado-de-nuestro-planeta.html?fbclid=PAAaYRO21-j1c6rDZwtBBDnFJ-GBu1BTFDcZm8Vbtv3E40rhVTA6Ld1Uh3lc0 HTTP/1.1" 200 818
157.55.39.207 - - [22/Apr/2023:14:50:01 -0500] "GET /BLA/resoluciones/AUTOS%202021/1602.pdf HTTP/1.1" 304 -
172.22.2.4 - - [22/Apr/2023:14:48:25 -0500] "GET /BLA/boletinlegal/ HTTP/1.1" 200 55571
31.13.103.6 - - [22/Apr/2023:14:50:19 -0500] "GET /guadalupe-aguanoso-un-nuevo-tramo-de-camino-para-disfrutar-en-los-cerros-orientales.html HTTP/1.1" 206 795
31.13.103.10 - - [22/Apr/2023:14:50:21 -0500] "GET /guadalupe-aguanoso-un-nuevo-tramo-de-camino-para-disfrutar-en-los-cerros-orientales.html HTTP/1.1" 206 795
66.249.65.8 - - [22/Apr/2023:14:50:24 -0500] "-" 408 -
201.245.192.253 - - [22/Apr/2023:14:51:36 -0500] "POST /kwsrmcab/Wsrmcab  HTTP/1.1" 200 41796
186.31.208.104 - - [22/Apr/2023:14:52:07 -0500] "GET /guadalupe-aguanoso-un-nuevo-tramo-de-camino-para-disfrutar-en-los-cerros-orientales.html HTTP/1.1" 200 795
181.32.4.117 - - [22/Apr/2023:14:52:13 -0500] "GET /BLA/resoluciones/ HTTP/1.1" 200 13502
216.245.221.92 - - [22/Apr/2023:14:52:58 -0500] "HEAD / HTTP/1.1" 200 -
157.55.39.207 - - [22/Apr/2023:14:53:39 -0500] "GET /BLA/resoluciones/AUTOS%202023/0347.pdf HTTP/1.1" 200 738912
181.53.13.46 - - [22/Apr/2023:14:53:45 -0500] "GET /mujeres-que-reverdecen-secretaria-de-ambiente-anuncia-300-cupos-para-la-tercera-fase-del-programa.html HTTP/1.1" 200 823
172.22.2.4 - - [22/Apr/2023:14:52:47 -0500] "HEAD /BLA/boletinlegal/ HTTP/1.1" 200 -
52.167.144.27 - - [22/Apr/2023:14:54:56 -0500] "GET /BLA/boletinlegal/notificaciones.php HTTP/1.1" 200 6005
172.22.2.4 - - [22/Apr/2023:14:53:37 -0500] "GET /BLA/boletinlegal/ HTTP/1.1" 200 52730
157.55.39.207 - - [22/Apr/2023:14:55:42 -0500] "GET /bla/resoluciones/resoluciones%202023/0154.pdf HTTP/1.1" 200 395805
201.245.192.253 - - [22/Apr/2023:14:56:36 -0500] "POST /kwsrmcab/Wsrmcab  HTTP/1.1" 200 41796
181.32.4.117 - - [22/Apr/2023:14:56:50 -0500] "GET /BLA/resoluciones/index.php?dir=RESOLUCIONES+2009%2F HTTP/1.1" 200 1694101
191.156.184.196 - - [22/Apr/2023:14:57:03 -0500] "GET /mujeres-que-reverdec HTTP/1.1" 404 1136
191.156.184.196 - - [22/Apr/2023:14:57:05 -0500] "GET /favicon.ico HTTP/1.1" 404 1334
191.156.184.196 - - [22/Apr/2023:14:57:13 -0500] "GET /mujeres-que-reverdec HTTP/1.1" 404 1136
191.156.184.196 - - [22/Apr/2023:14:57:18 -0500] "GET /mujeres-que-reverdec HTTP/1.1" 404 1136
191.156.182.223 - - [22/Apr/2023:14:57:56 -0500] "GET /mujeres-que-reverdec HTTP/1.1" 404 1136
216.245.221.92 - - [22/Apr/2023:14:57:58 -0500] "HEAD / HTTP/1.1" 200 -
40.77.167.215 - - [22/Apr/2023:14:58:03 -0500] "GET /BLA/resoluciones/AUTOS%202021/5412.pdf HTTP/1.1" 304 -
191.156.182.223 - - [22/Apr/2023:14:58:03 -0500] "GET / HTTP/1.1" 200 4720
191.156.182.223 - - [22/Apr/2023:14:58:03 -0500] "GET /js/url.js HTTP/1.1" 404 1294
191.156.183.38 - - [22/Apr/2023:14:58:03 -0500] "GET /fonts/icomoon/style.css HTTP/1.1" 200 79820
191.156.178.202 - - [22/Apr/2023:14:58:03 -0500] "GET /css/bootstrap.min.css HTTP/1.1" 200 178212
191.156.184.196 - - [22/Apr/2023:14:58:03 -0500] "GET /css/style.css HTTP/1.1" 200 3473
191.156.178.202 - - [22/Apr/2023:14:58:17 -0500] "GET / HTTP/1.1" 200 4720
191.156.178.202 - - [22/Apr/2023:14:58:17 -0500] "GET /js/url.js HTTP/1.1" 404 1294
186.28.1.84 - - [22/Apr/2023:14:58:19 -0500] "GET /galeria/galeria/jquery.fancybox.js?v=2.1.5 HTTP/1.1" 200 48706
186.28.1.84 - - [22/Apr/2023:14:58:19 -0500] "GET /BLA/boletinlegal/js/jquery.scrollShow.js HTTP/1.1" 200 4586
186.28.1.84 - - [22/Apr/2023:14:58:19 -0500] "GET /galeria/galeria/jquery.fancybox.css?v=2.1.5 HTTP/1.1" 200 4895
185.191.171.42 - - [22/Apr/2023:14:59:36 -0500] "-" 408 -
185.191.171.42 - - [22/Apr/2023:14:59:57 -0500] "-" 408 -
172.22.2.4 - - [22/Apr/2023:14:58:37 -0500] "HEAD /BLA/boletinlegal/ HTTP/1.1" 200 -
172.22.2.4 - - [22/Apr/2023:14:59:27 -0500] "GET /BLA/boletinlegal/ HTTP/1.1" 200 57151
201.245.192.253 - - [22/Apr/2023:15:01:35 -0500] "POST /kwsrmcab/Wsrmcab  HTTP/1.1" 200 41796
173.252.83.22 - - [22/Apr/2023:15:01:42 -0500] "GET /images/Adopcion-gatos-y-perros-en-bogota-abril-23.jpeg HTTP/1.1" 200 68661
173.252.83.14 - - [22/Apr/2023:15:01:42 -0500] "GET /images/WhatsApp%20Image%202023-04-05%20at%2013.54.41.jpeg HTTP/1.1" 200 210747
172.22.2.4 - - [22/Apr/2023:15:02:50 -0500] "GET /BLA/boletinlegal/sugar_version.json HTTP/1.1" 404 1018
216.245.221.92 - - [22/Apr/2023:15:02:58 -0500] "HEAD / HTTP/1.1" 200 -
191.156.55.238 - - [22/Apr/2023:15:04:14 -0500] "GET /mujeres-que-reverdecen-secretaria-de-ambiente-anuncia-300-cupos-para-la-tercera-fase-del-programa.html HTTP/1.1" 200 823
173.252.95.7 - - [22/Apr/2023:15:05:20 -0500] "GET /images/Sello%201%20JA-2.jpeg HTTP/1.1" 200 42236
40.77.167.94 - - [22/Apr/2023:15:06:04 -0500] "GET /Publicaciones/2023EE63431.pdf HTTP/1.1" 404 227
172.22.2.4 - - [22/Apr/2023:15:04:27 -0500] "HEAD /BLA/boletinlegal/ HTTP/1.1" 200 -
181.237.1.65 - - [22/Apr/2023:15:06:07 -0500] "GET /guadalupe-aguanoso-un-nuevo-tramo-de-camino-para-disfrutar-en-los-cerros-orientales.html HTTP/1.1" 200 795
52.167.144.63 - - [22/Apr/2023:15:06:31 -0500] "GET /BLA/resoluciones/AUTOS%202011/3707.pdf HTTP/1.1" 200 859302
201.245.192.253 - - [22/Apr/2023:15:06:31 -0500] "POST /kwsrmcab/Wsrmcab  HTTP/1.1" 200 41796
172.22.2.4 - - [22/Apr/2023:15:05:17 -0500] "GET /BLA/boletinlegal/ HTTP/1.1" 200 57151
34.141.210.160 - - [22/Apr/2023:15:07:43 -0500] "GET /inventario-de-emisiones-2020-transporte-publico-sitp-redujo-emisiones-de-pm-2-5-en-un-37.html HTTP/1.1" 200 925
216.245.221.92 - - [22/Apr/2023:15:07:58 -0500] "HEAD / HTTP/1.1" 200 -
201.244.46.205 - - [22/Apr/2023:15:09:04 -0500] "GET /BLA/resoluciones/index.php?dir=AUTOS+2017%2F HTTP/1.1" 200 466196
181.63.176.24 - - [22/Apr/2023:15:09:18 -0500] "GET /dia-mundial-de-la-tierra-unete-a-esta-celebracion-con-actividades-que-promueven-el-cuidado-de-nuestro-planeta.html?fbclid=PAAab0ukR4ec9cHVuPLn0OExXYOK6hJAGDMkgje2VHkRpmrkmvqCF8jsfgWf8 HTTP/1.1" 200 818
190.25.64.105 - - [22/Apr/2023:15:09:39 -0500] "GET /sia/ HTTP/1.1" 200 2661
190.25.64.105 - - [22/Apr/2023:15:09:40 -0500] "GET /css/date_blue.css HTTP/1.1" 404 1254
190.25.64.105 - - [22/Apr/2023:15:09:40 -0500] "GET /css/fondos.css HTTP/1.1" 404 1254
190.25.64.105 - - [22/Apr/2023:15:09:40 -0500] "GET /css/textos.css HTTP/1.1" 404 1254
190.25.64.105 - - [22/Apr/2023:15:09:40 -0500] "GET /css/bordes.css HTTP/1.1" 404 1254
190.25.64.105 - - [22/Apr/2023:15:09:41 -0500] "GET /favicon.ico HTTP/1.1" 200 7782
172.22.2.4 - - [22/Apr/2023:15:10:11 -0500] "GET /BLA/boletinlegal/jurisprudencia/analisis/AnalisisC-035-16.docx HTTP/1.1" 200 25011
190.25.64.105 - - [22/Apr/2023:15:11:03 -0500] "GET /mesa/contrasena.pdf HTTP/1.1" 200 443199
40.77.167.94 - - [22/Apr/2023:15:11:24 -0500] "GET /galeria/galeria/jquery.fancybox.css?v=2.1.5 HTTP/1.1" 200 4895
191.95.53.72 - - [22/Apr/2023:15:11:25 -0500] "GET /mujeres-que-reverdecen-secretaria-de-ambiente-anuncia-300-cupos-para-la-tercera-fase-del-programa.html HTTP/1.1" 200 823
52.167.144.27 - - [22/Apr/2023:15:11:29 -0500] "GET /BLA/boletinlegal/js/jquery.scrollShow.js HTTP/1.1" 200 4586
201.245.192.253 - - [22/Apr/2023:15:11:28 -0500] "POST /kwsrmcab/Wsrmcab  HTTP/1.1" 200 41796
172.22.2.4 - - [22/Apr/2023:15:10:17 -0500] "HEAD /BLA/boletinlegal/ HTTP/1.1" 200 -
172.22.2.4 - - [22/Apr/2023:15:11:07 -0500] "GET /BLA/boletinlegal/ HTTP/1.1" 200 57561
216.245.221.92 - - [22/Apr/2023:15:12:58 -0500] "HEAD / HTTP/1.1" 200 -
179.19.65.179 - - [22/Apr/2023:15:13:25 -0500] "GET /mujeres-que-reverdecen-secretaria-de-ambiente-anuncia-300-cupos-para-la-tercera-fase-del-programa.html HTTP/1.1" 304 -
179.33.165.231 - - [22/Apr/2023:15:14:10 -0500] "GET /mujeres-que-reverdecen-secretaria-de-ambiente-anuncia-300-cupos-para-la-tercera-fase-del-programa.html HTTP/1.1" 200 823
66.220.149.24 - - [22/Apr/2023:15:14:38 -0500] "GET /images/negocios-verdes-mayo-2022.jpg HTTP/1.1" 200 48000
186.28.78.240 - - [22/Apr/2023:15:16:07 -0500] "GET /favicon.ico HTTP/1.1" 404 1334
201.245.192.253 - - [22/Apr/2023:15:16:29 -0500] "POST /kwsrmcab/Wsrmcab  HTTP/1.1" 200 41796
201.244.46.205 - - [22/Apr/2023:15:16:46 -0500] "GET /BLA/resoluciones/index.php?dir=AUTOS+2016%2F HTTP/1.1" 200 329666
172.22.2.4 - - [22/Apr/2023:15:17:08 -0500] "GET /BLA/boletinlegal/actos.php HTTP/1.1" 200 9682
172.22.2.4 - - [22/Apr/2023:15:17:08 -0500] "GET /BLA/boletinlegal/js/ajax_actos.js HTTP/1.1" 200 1322
172.22.2.4 - - [22/Apr/2023:15:17:08 -0500] "GET /BLA/boletinlegal/styles2.css HTTP/1.1" 200 1838
172.22.2.4 - - [22/Apr/2023:15:17:08 -0500] "GET /BLA/boletinlegal/niceforms-default.css HTTP/1.1" 200 6694
172.22.2.4 - - [22/Apr/2023:15:17:08 -0500] "GET /BLA/boletinlegal/style.css HTTP/1.1" 200 9406
172.22.2.4 - - [22/Apr/2023:15:17:08 -0500] "GET /BLA/boletinlegal/js/popup.js HTTP/1.1" 200 1270
172.22.2.4 - - [22/Apr/2023:15:17:08 -0500] "GET /BLA/boletinlegal/niceforms.js HTTP/1.1" 200 22876
172.22.2.4 - - [22/Apr/2023:15:17:08 -0500] "GET /BLA/boletinlegal/js/lib.js HTTP/1.1" 200 6474
172.22.2.4 - - [22/Apr/2023:15:17:08 -0500] "GET /BLA/boletinlegal/js/jquery1.js HTTP/1.1" 200 29846
172.22.2.4 - - [22/Apr/2023:15:17:08 -0500] "GET /BLA/boletinlegal/images/cabezote%20BLEGAL.jpg HTTP/1.1" 200 118164
172.22.2.4 - - [22/Apr/2023:15:17:08 -0500] "GET /BLA/boletinlegal/images/subscribe-icon-big.png HTTP/1.1" 200 47702
172.22.2.4 - - [22/Apr/2023:15:17:08 -0500] "GET /BLA/boletinlegal/images/historia.png HTTP/1.1" 200 52775
172.22.2.4 - - [22/Apr/2023:15:17:08 -0500] "GET /BLA/boletinlegal/images/registro-usuarios.png HTTP/1.1" 200 8106
172.22.2.4 - - [22/Apr/2023:15:17:08 -0500] "GET /BLA/boletinlegal/images/green-yellow-blue-pink-th.png HTTP/1.1" 200 7394
172.22.2.4 - - [22/Apr/2023:15:17:08 -0500] "GET /BLA/boletinlegal/images/tel.png HTTP/1.1" 200 14477
172.22.2.4 - - [22/Apr/2023:15:17:08 -0500] "GET /BLA/boletinlegal/images/icono-email.png HTTP/1.1" 200 5544
172.22.2.4 - - [22/Apr/2023:15:17:08 -0500] "GET /BLA/boletinlegal/images/body_bg.jpg HTTP/1.1" 200 1601
172.22.2.4 - - [22/Apr/2023:15:17:08 -0500] "GET /BLA/boletinlegal/images/footer_bg.jpg HTTP/1.1" 200 586
172.22.2.4 - - [22/Apr/2023:15:17:09 -0500] "GET /BLA/boletinlegal/images/menu_bg.jpg HTTP/1.1" 200 620
172.22.2.4 - - [22/Apr/2023:15:17:09 -0500] "GET /BLA/boletinlegal/images/menu_lft.gif HTTP/1.1" 200 1713
172.22.2.4 - - [22/Apr/2023:15:17:09 -0500] "GET /BLA/boletinlegal/images/menu_rght.gif HTTP/1.1" 200 1627
172.22.2.4 - - [22/Apr/2023:15:17:09 -0500] "GET /BLA/boletinlegal/images/bg_top.jpg HTTP/1.1" 200 522
172.22.2.4 - - [22/Apr/2023:15:17:09 -0500] "GET /BLA/boletinlegal/images/text.jpg HTTP/1.1" 200 568
172.22.2.4 - - [22/Apr/2023:15:17:09 -0500] "GET /BLA/boletinlegal/images/hover.jpg HTTP/1.1" 200 640
172.22.2.4 - - [22/Apr/2023:15:17:09 -0500] "GET /BLA/boletinlegal/images/footer_bg_l.jpg HTTP/1.1" 200 776
172.22.2.4 - - [22/Apr/2023:15:17:09 -0500] "GET /BLA/boletinlegal/img/0.png HTTP/1.1" 200 110
172.22.2.4 - - [22/Apr/2023:15:17:09 -0500] "GET /BLA/boletinlegal/img/select-left.png HTTP/1.1" 200 263
172.22.2.4 - - [22/Apr/2023:15:17:09 -0500] "GET /BLA/boletinlegal/img/button-left.png HTTP/1.1" 200 57071
172.22.2.4 - - [22/Apr/2023:15:17:09 -0500] "GET /BLA/boletinlegal/img/button.png HTTP/1.1" 200 43241
172.22.2.4 - - [22/Apr/2023:15:17:09 -0500] "GET /BLA/boletinlegal/img/button-right.png HTTP/1.1" 200 57878
172.22.2.4 - - [22/Apr/2023:15:17:09 -0500] "GET /BLA/boletinlegal/img/select-right.png HTTP/1.1" 200 44019
172.22.2.4 - - [22/Apr/2023:15:17:09 -0500] "GET /BLA/boletinlegal/favicon.ico HTTP/1.1" 404 1326
172.22.2.4 - - [22/Apr/2023:15:17:11 -0500] "GET /BLA/boletinlegal/consulta_actos.php?tipo=autos&no=&usuario=&sector=&fecha=2023&resuelve= HTTP/1.1" 200 60586
172.22.2.4 - - [22/Apr/2023:15:17:11 -0500] "GET /BLA/boletinlegal/images/pdf.gif HTTP/1.1" 200 567
172.22.2.4 - - [22/Apr/2023:15:17:11 -0500] "GET /BLA/boletinlegal/images/background.gif HTTP/1.1" 200 -
201.244.46.205 - - [22/Apr/2023:15:17:26 -0500] "GET /BLA/resoluciones/AUTOS%202016/2901.pdf HTTP/1.1" 200 1008294
181.60.41.150 - - [22/Apr/2023:15:17:36 -0500] "GET /BLA/resoluciones/AUTOS%202023/0862.pdf HTTP/1.1" 200 423039
181.60.41.150 - - [22/Apr/2023:15:17:36 -0500] "GET /favicon.ico HTTP/1.1" 200 7782
172.22.2.4 - - [22/Apr/2023:15:16:07 -0500] "HEAD /BLA/boletinlegal/ HTTP/1.1" 200 -
216.245.221.92 - - [22/Apr/2023:15:17:58 -0500] "HEAD / HTTP/1.1" 200 -
69.171.230.116 - - [22/Apr/2023:15:18:16 -0500] "GET /animales-recuperados-en-san-cristobal-y-ciudad-bolivar-son-atendidos-en-el-centro-de-flora-de-la-secretaria-de-ambiente.html HTTP/1.1" 206 1056
172.22.2.4 - - [22/Apr/2023:15:18:36 -0500] "GET /BLA/boletinlegal/consulta_actos.php?tipo=resoluciones&no=&usuario=&sector=&fecha=2023&resuelve= HTTP/1.1" 200 44033
172.22.2.4 - - [22/Apr/2023:15:16:57 -0500] "GET /BLA/boletinlegal/ HTTP/1.1" 200 53114
181.60.41.150 - - [22/Apr/2023:15:18:52 -0500] "GET /BLA/resoluciones/RESOLUCIONES%202023/0498.pdf HTTP/1.1" 200 363323
186.84.20.209 - - [22/Apr/2023:15:18:58 -0500] "GET /BLA/resoluciones/index.php?dir=AUTOS+2017%2F HTTP/1.1" 200 466196
186.84.20.209 - - [22/Apr/2023:15:19:15 -0500] "GET /BLA/resoluciones/AUTOS%202017/2861.pdf HTTP/1.1" 200 1197361
172.22.2.4 - - [22/Apr/2023:15:19:35 -0500] "GET /BLA/boletinlegal/conceptos.php HTTP/1.1" 200 7496
172.22.2.4 - - [22/Apr/2023:15:19:35 -0500] "GET /BLA/boletinlegal/js/ajax_conceptos.js HTTP/1.1" 200 1326
172.22.2.4 - - [22/Apr/2023:15:19:38 -0500] "GET /BLA/boletinlegal/consulta_conceptos.php?no=&solicitante=&radicado_entrada=&fecha_concepto=2023&objeto= HTTP/1.1" 200 12089
201.245.192.253 - - [22/Apr/2023:15:19:53 -0500] "POST /kwsrmcab/Wsrmcab HTTP/1.1" 200 43311
201.245.192.253 - - [22/Apr/2023:15:19:56 -0500] "POST /kwsrmcab/Wsrmcab HTTP/1.1" 200 39308
172.22.2.4 - - [22/Apr/2023:15:20:12 -0500] "GET /BLA/boletinlegal/conceptos/2023/20.pdf HTTP/1.1" 200 407888
52.167.144.125 - - [22/Apr/2023:15:21:02 -0500] "GET /bla/resoluciones/resoluciones%202021/2202.pdf HTTP/1.1" 200 337364
172.22.2.4 - - [22/Apr/2023:15:21:12 -0500] "GET /BLA/boletinlegal/apple-touch-icon-precomposed.png HTTP/1.1" 404 1140
172.22.2.4 - - [22/Apr/2023:15:21:12 -0500] "GET /BLA/boletinlegal/apple-touch-icon.png HTTP/1.1" 404 1140
172.22.2.4 - - [22/Apr/2023:15:21:13 -0500] "GET /BLA/boletinlegal/favicon.ico HTTP/1.1" 404 1140
66.249.65.12 - - [22/Apr/2023:15:21:20 -0500] "-" 408 -
201.245.192.253 - - [22/Apr/2023:15:21:28 -0500] "POST /kwsrmcab/Wsrmcab  HTTP/1.1" 200 41796
172.22.2.4 - - [22/Apr/2023:15:20:42 -0500] "GET /BLA/boletinlegal/ HTTP/1.1" 200 49099
40.77.167.84 - - [22/Apr/2023:15:21:59 -0500] "GET /portaldeninos/2021/04/16/secretaria-de-ambiente-apoya-el-reto-planeta-2021-e-invita-a-instituciones-educativas-a-unirse/ HTTP/1.1" 200 104577
40.77.167.114 - - [22/Apr/2023:15:22:21 -0500] "GET /portaldeninos/wp-content/themes/betheme/assets/animations/animations.min.js?ver=20.9.6 HTTP/1.1" 200 1896
40.77.167.114 - - [22/Apr/2023:15:22:21 -0500] "GET /portaldeninos/wp-content/themes/betheme/css/shortcodes.css?ver=20.9.6 HTTP/1.1" 200 138889
40.77.167.114 - - [22/Apr/2023:15:22:22 -0500] "GET /portaldeninos/wp-content/themes/betheme/style.css?ver=20.9.6 HTTP/1.1" 200 287
40.77.167.114 - - [22/Apr/2023:15:22:22 -0500] "GET /portaldeninos/wp-includes/js/jquery/ui/core.min.js?ver=1.11.4 HTTP/1.1" 200 4000
52.167.144.144 - - [22/Apr/2023:15:22:24 -0500] "GET /portaldeninos/wp-content/themes/betheme/assets/animations/animations.min.css?ver=20.9.6 HTTP/1.1" 200 58508
157.55.39.209 - - [22/Apr/2023:15:22:25 -0500] "GET /portaldeninos/wp-content/themes/betheme/js/menu.js?ver=20.9.6 HTTP/1.1" 200 2449
40.77.167.240 - - [22/Apr/2023:15:22:25 -0500] "GET /portaldeninos/wp-content/themes/betheme/assets/jplayer/jplayer.min.js?ver=20.9.6 HTTP/1.1" 200 52702
40.77.167.245 - - [22/Apr/2023:15:22:25 -0500] "GET /portaldeninos/wp-content/plugins/gallery-videos/CSS/totalsoft.css?ver=4.9.8 HTTP/1.1" 200 40622
40.77.167.245 - - [22/Apr/2023:15:22:26 -0500] "GET /portaldeninos/wp-content/themes/betheme/assets/ui/jquery.ui.all.css?ver=20.9.6 HTTP/1.1" 200 18765
40.77.167.245 - - [22/Apr/2023:15:22:26 -0500] "GET /portaldeninos/wp-content/themes/betheme/css/layout.css?ver=20.9.6 HTTP/1.1" 200 116639
40.77.167.245 - - [22/Apr/2023:15:22:26 -0500] "GET /portaldeninos/wp-content/themes/betheme/js/scripts.js?ver=20.9.6 HTTP/1.1" 200 77162
40.77.167.245 - - [22/Apr/2023:15:22:26 -0500] "GET /portaldeninos/wp-content/uploads/useanyfont/uaf.css?ver=1589905315 HTTP/1.1" 200 408
40.77.167.245 - - [22/Apr/2023:15:22:26 -0500] "GET /portaldeninos/wp-includes/js/jquery/jquery.js?ver=1.12.4 HTTP/1.1" 200 97184
190.66.223.78 - - [22/Apr/2023:15:22:26 -0500] "GET /BLA/resoluciones/index.php?dir=AUTOS+2018%2F HTTP/1.1" 200 456654
40.77.167.84 - - [22/Apr/2023:15:22:31 -0500] "GET /portaldeninos/wp-content/plugins/gallery-videos/CSS/Total-Soft-Gallery-Video-Widget.css?ver=4.9.8 HTTP/1.1" 200 51554
40.77.167.84 - - [22/Apr/2023:15:22:32 -0500] "GET /portaldeninos/wp-content/plugins/gallery-videos/JS/modernizr.custom.js?ver=4.9.8 HTTP/1.1" 200 9019
40.77.167.84 - - [22/Apr/2023:15:22:33 -0500] "GET /portaldeninos/wp-content/themes/betheme/assets/jplayer/css/jplayer.blue.monday.css?ver=20.9.6 HTTP/1.1" 200 9834
40.77.167.84 - - [22/Apr/2023:15:22:33 -0500] "GET /portaldeninos/wp-content/themes/betheme/css/base.css?ver=20.9.6 HTTP/1.1" 200 57283
40.77.167.84 - - [22/Apr/2023:15:22:33 -0500] "GET /portaldeninos/wp-content/themes/betheme/css/responsive.css?ver=20.9.6 HTTP/1.1" 200 55740
157.55.39.209 - - [22/Apr/2023:15:22:37 -0500] "GET /portaldeninos/wp-includes/js/jquery/ui/mouse.min.js?ver=1.11.4 HTTP/1.1" 200 3148
157.55.39.209 - - [22/Apr/2023:15:22:37 -0500] "GET /portaldeninos/wp-includes/js/jquery/ui/tabs.min.js?ver=1.11.4 HTTP/1.1" 200 12110
157.55.39.209 - - [22/Apr/2023:15:22:38 -0500] "GET /portaldeninos/wp-includes/js/jquery/ui/widget.min.js?ver=1.11.4 HTTP/1.1" 200 6908
52.167.144.144 - - [22/Apr/2023:15:22:44 -0500] "GET /portaldeninos/wp-includes/js/jquery/ui/accordion.min.js?ver=1.11.4 HTTP/1.1" 200 8584
52.167.144.144 - - [22/Apr/2023:15:22:44 -0500] "GET /portaldeninos/wp-includes/js/wp-embed.min.js?ver=4.9.8 HTTP/1.1" 200 1398
40.77.167.240 - - [22/Apr/2023:15:22:48 -0500] "GET /portaldeninos/wp-content/themes/betheme/js/plugins.js?ver=20.9.6 HTTP/1.1" 200 197151
40.77.167.240 - - [22/Apr/2023:15:22:49 -0500] "GET /portaldeninos/wp-includes/js/jquery/ui/sortable.min.js?ver=1.11.4 HTTP/1.1" 200 24899
40.77.167.240 - - [22/Apr/2023:15:22:49 -0500] "GET /portaldeninos/wp-includes/js/wp-emoji-release.min.js?ver=4.9.8 HTTP/1.1" 200 12026
216.245.221.92 - - [22/Apr/2023:15:22:58 -0500] "HEAD / HTTP/1.1" 200 -
173.252.79.15 - - [22/Apr/2023:15:23:10 -0500] "GET /images/Acuerdos1.jpeg HTTP/1.1" 200 59889
172.22.2.4 - - [22/Apr/2023:15:21:57 -0500] "HEAD /BLA/boletinlegal/ HTTP/1.1" 200 -
172.22.2.4 - - [22/Apr/2023:15:22:47 -0500] "GET /BLA/boletinlegal/ HTTP/1.1" 200 57945
186.102.87.85 - - [22/Apr/2023:15:26:23 -0500] "GET /mujeres-que-reverdecen-secretaria-de-ambiente-anuncia-300-cupos-para-la-tercera-fase-del-programa.html HTTP/1.1" 200 823
201.245.192.253 - - [22/Apr/2023:15:26:26 -0500] "POST /kwsrmcab/Wsrmcab  HTTP/1.1" 200 41796
216.245.221.92 - - [22/Apr/2023:15:27:58 -0500] "HEAD / HTTP/1.1" 200 -
181.53.14.183 - - [22/Apr/2023:15:28:04 -0500] "GET /mujeres-que-reverdecen- HTTP/1.1" 404 1136
181.53.14.183 - - [22/Apr/2023:15:28:05 -0500] "GET /favicon.ico HTTP/1.1" 404 1340
181.53.12.39 - - [22/Apr/2023:15:28:36 -0500] "GET /mujeres-que-reverdecen-secretaria-de-ambiente-anuncia-300-cupos-para-la-tercera-fase-del-programa.html HTTP/1.1" 200 823
172.22.2.4 - - [22/Apr/2023:15:27:46 -0500] "HEAD /BLA/boletinlegal/ HTTP/1.1" 200 -
66.249.65.79 - - [22/Apr/2023:15:29:32 -0500] "-" 408 -
201.245.192.253 - - [22/Apr/2023:15:29:53 -0500] "POST /kwsrmcab/Wsrmcab HTTP/1.1" 200 43311
201.245.192.253 - - [22/Apr/2023:15:29:57 -0500] "POST /kwsrmcab/Wsrmcab HTTP/1.1" 200 39308
186.102.2.11 - - [22/Apr/2023:15:30:02 -0500] "GET /mujeres-que-reverdecen-secretaria-de-ambiente-anuncia-300-cupos-para-la-tercera-fase-del-programa.html HTTP/1.1" 200 823
172.22.2.4 - - [22/Apr/2023:15:30:13 -0500] "GET /BLA/boletinlegal/phpmyadmin HTTP/1.1" 404 1018
172.22.2.4 - - [22/Apr/2023:15:30:14 -0500] "GET /BLA/boletinlegal/members HTTP/1.1" 404 1018
172.22.2.4 - - [22/Apr/2023:15:30:15 -0500] "GET /BLA/boletinlegal/member HTTP/1.1" 404 1018
172.22.2.4 - - [22/Apr/2023:15:30:16 -0500] "GET /BLA/boletinlegal/cwp HTTP/1.1" 404 1018
172.22.2.4 - - [22/Apr/2023:15:30:16 -0500] "GET /BLA/boletinlegal/billing HTTP/1.1" 404 1018
172.22.2.4 - - [22/Apr/2023:15:30:17 -0500] "GET /BLA/boletinlegal/vcenter HTTP/1.1" 404 1018
172.22.2.4 - - [22/Apr/2023:15:28:37 -0500] "GET /BLA/boletinlegal/ HTTP/1.1" 200 52730
172.22.2.4 - - [22/Apr/2023:15:30:18 -0500] "GET /BLA/boletinlegal/cpanel HTTP/1.1" 404 1018
172.22.2.4 - - [22/Apr/2023:15:30:19 -0500] "GET /BLA/boletinlegal/wpadmin HTTP/1.1" 404 1018
172.22.2.4 - - [22/Apr/2023:15:30:19 -0500] "GET /BLA/boletinlegal/management HTTP/1.1" 404 1018
172.22.2.4 - - [22/Apr/2023:15:30:20 -0500] "GET /BLA/boletinlegal/whmcs HTTP/1.1" 404 1018
172.22.2.4 - - [22/Apr/2023:15:30:21 -0500] "GET /BLA/boletinlegal/admin HTTP/1.1" 301 253
172.22.2.4 - - [22/Apr/2023:15:30:22 -0500] "GET /BLA/boletinlegal/webmin HTTP/1.1" 404 1018
172.22.2.4 - - [22/Apr/2023:15:30:23 -0500] "GET /BLA/boletinlegal/plesk HTTP/1.1" 404 1018
172.22.2.4 - - [22/Apr/2023:15:30:23 -0500] "GET /BLA/boletinlegal/proxmox HTTP/1.1" 404 1018
172.22.2.4 - - [22/Apr/2023:15:30:24 -0500] "GET /BLA/boletinlegal/tomcat HTTP/1.1" 404 1018
173.252.83.116 - - [22/Apr/2023:15:30:45 -0500] "GET /images/Foto%20Di%CC%81a%20Mundial%20del%20Agua%20(1)%20(1).jpeg HTTP/1.1" 404 1034
173.252.83.16 - - [22/Apr/2023:15:30:50 -0500] "GET /images/Foto%20Di\xcc\x81a%20Mundial%20del%20Agua%20(1)%20(1).jpeg HTTP/1.1" 404 1034
201.245.192.253 - - [22/Apr/2023:15:31:25 -0500] "POST /kwsrmcab/Wsrmcab  HTTP/1.1" 200 41796
181.59.3.133 - - [22/Apr/2023:15:31:50 -0500] "GET /mujeres-que-reverdecen-secretaria-de-ambiente-anuncia-300-cupos-para-la-tercera-fase-del-programa.html HTTP/1.1" 200 823
51.159.194.233 - - [22/Apr/2023:15:32:14 -0500] "GET /dia-mundial-de-la-tierra-unete-a-esta-celebracion-con-actividades-que-promueven-el-cuidado-de-nuestro-planeta.html HTTP/1.1" 200 818
51.159.194.233 - - [22/Apr/2023:15:32:14 -0500] "GET /images/Di%CC%81a-de-la-Tierra-OPEL-banner.jpg HTTP/1.1" 404 1034
216.245.221.92 - - [22/Apr/2023:15:32:58 -0500] "HEAD / HTTP/1.1" 200 -
191.95.49.33 - - [22/Apr/2023:15:33:23 -0500] "GET /mujeres-que-reverdecen-secretaria-de-ambiente-anuncia-300-cupos-para-la-tercera-fase-del-programa.html HTTP/1.1" 200 823
191.95.56.191 - - [22/Apr/2023:15:33:25 -0500] "GET /mujeres-que-reverdec HTTP/1.1" 404 1136
191.95.56.191 - - [22/Apr/2023:15:33:25 -0500] "GET /favicon.ico HTTP/1.1" 404 1334
173.252.95.24 - - [22/Apr/2023:15:33:40 -0500] "GET /voluntariado-ambiental-en-su-dia-exaltamos-la-labor-de-organizaciones-colectivos-y-ciudadanos-por-el-cuidado-de-nuestro-ambiente-en-bogota.html HTTP/1.1" 206 1024
186.155.43.118 - - [22/Apr/2023:15:35:11 -0500] "GET /mujeres-que-reverdecen-secretaria-de-ambiente-anuncia-300-cupos-para-la-tercera-fase-del-programa.html HTTP/1.1" 200 823
172.22.2.4 - - [22/Apr/2023:15:33:36 -0500] "HEAD /BLA/boletinlegal/ HTTP/1.1" 200 -
66.249.65.76 - - [22/Apr/2023:15:35:58 -0500] "-" 408 -
172.22.2.4 - - [22/Apr/2023:15:34:27 -0500] "GET /BLA/boletinlegal/ HTTP/1.1" 200 54424
201.245.192.253 - - [22/Apr/2023:15:36:24 -0500] "POST /kwsrmcab/Wsrmcab  HTTP/1.1" 200 41796
190.66.223.78 - - [22/Apr/2023:15:36:26 -0500] "GET /BLA/resoluciones/index.php?dir=AUTOS+2018%2F HTTP/1.1" 200 456654
193.35.18.251 - - [22/Apr/2023:15:36:22 -0500] "POST /boaform/admin/formLogin HTTP/1.1" 404 1186
186.102.63.19 - - [22/Apr/2023:15:36:40 -0500] "GET /mujeres-que-reverdec HTTP/1.1" 404 1136
186.102.63.19 - - [22/Apr/2023:15:36:41 -0500] "GET /favicon.ico HTTP/1.1" 404 1334
181.32.213.248 - - [22/Apr/2023:15:37:35 -0500] "GET /dia-mundial-de-la-tierra-unete-a-esta-celebracion-con-actividades-que-promueven-el-cuidado-de-nuestro-planeta.html?fbclid=PAAaaSEMY-Kr3OGrIcVuDKomY6_yj_t-lJKqrPBuE6KRwOVOLx-PPHwSd_v-M HTTP/1.1" 200 818
172.22.2.4 - - [22/Apr/2023:15:36:02 -0500] "GET /BLA/boletinlegal/ HTTP/1.1" 200 61759
52.167.144.63 - - [22/Apr/2023:15:37:54 -0500] "GET /BLA/resoluciones/RESOLUCIONES%202023/0463.pdf HTTP/1.1" 200 319246
216.245.221.92 - - [22/Apr/2023:15:37:58 -0500] "HEAD / HTTP/1.1" 200 -
66.249.65.10 - - [22/Apr/2023:15:38:18 -0500] "-" 408 -
173.252.95.11 - - [22/Apr/2023:15:38:19 -0500] "GET /images/rendicion-de-cuentas-post-01-02-(1)_optimized.jpg HTTP/1.1" 200 121430
40.77.190.204 - - [22/Apr/2023:15:38:20 -0500] "GET /portaldeninos/wp-includes/js/jquery/jquery-migrate.min.js?ver=1.4.1 HTTP/1.1" 200 10056
40.77.190.204 - - [22/Apr/2023:15:38:20 -0500] "GET /portaldeninos/wp-includes/js/comment-reply.min.js?ver=4.9.8 HTTP/1.1" 200 1078
40.77.190.204 - - [22/Apr/2023:15:38:21 -0500] "GET /portaldeninos/wp-content/themes/betheme/fonts/mfn-icons.woff?93978679 HTTP/1.1" 200 80932
173.252.127.15 - - [22/Apr/2023:15:38:26 -0500] "GET /images/negocios-verdes-en-bogota.jpeg HTTP/1.1" 200 132932
66.249.66.42 - - [22/Apr/2023:15:39:19 -0500] "-" 408 -
181.61.206.235 - - [22/Apr/2023:15:39:21 -0500] "GET /mujeres-que-reverdecen-secretaria-de-ambiente-anuncia-300-cupos-para-la-tercera-fase-del-programa.html HTTP/1.1" 200 823
201.245.192.253 - - [22/Apr/2023:15:39:53 -0500] "POST /kwsrmcab/Wsrmcab HTTP/1.1" 200 43311
172.22.2.4 - - [22/Apr/2023:15:39:56 -0500] "GET /BLA/boletinlegal/Circulares/2019/.pdf HTTP/1.1" 404 1218
201.245.192.253 - - [22/Apr/2023:15:39:56 -0500] "POST /kwsrmcab/Wsrmcab HTTP/1.1" 200 39308
172.22.2.4 - - [22/Apr/2023:15:40:04 -0500] "GET /BLA/boletinlegal/Circulares/2012/Circular%20No.%2010%20del%2026%20de%20Enero%20de%202012.pdf HTTP/1.1" 404 1218
52.167.144.63 - - [22/Apr/2023:15:40:13 -0500] "GET /BLA/resoluciones/RESOLUCIONES%202021/3872.pdf HTTP/1.1" 304 -
172.22.2.4 - - [22/Apr/2023:15:39:26 -0500] "HEAD /BLA/boletinlegal/ HTTP/1.1" 200 -
201.245.192.253 - - [22/Apr/2023:15:41:22 -0500] "POST /kwsrmcab/Wsrmcab  HTTP/1.1" 200 41796
172.22.2.4 - - [22/Apr/2023:15:40:17 -0500] "GET /BLA/boletinlegal/ HTTP/1.1" 200 55934
191.156.150.210 - - [22/Apr/2023:15:42:41 -0500] "GET /mujeres-que-reverdecen-secretaria-de-ambiente-anuncia-300-cupos-para-la-tercera-fase-del-programa.html HTTP/1.1" 200 823
216.245.221.92 - - [22/Apr/2023:15:42:58 -0500] "HEAD / HTTP/1.1" 200 -
66.249.65.76 - - [22/Apr/2023:15:43:00 -0500] "-" 408 -
186.84.20.209 - - [22/Apr/2023:15:43:27 -0500] "GET /BLA/resoluciones/index.php?dir=AUTOS+2017%2F HTTP/1.1" 200 466196
186.29.12.101 - - [22/Apr/2023:15:44:37 -0500] "GET /mujeres-que-reverdec HTTP/1.1" 404 1136
186.29.12.101 - - [22/Apr/2023:15:44:39 -0500] "GET /favicon.ico HTTP/1.1" 404 1334
186.29.12.101 - - [22/Apr/2023:15:44:54 -0500] "GET /mujeres-que-reverdec HTTP/1.1" 404 1136
200.118.62.229 - - [22/Apr/2023:15:45:27 -0500] "-" 408 -
191.156.182.41 - - [22/Apr/2023:15:46:10 -0500] "GET /dia-mundial-de-la-tierra-unete-a-esta-celebracion-con-actividades-que-promueven-el-cuidado-de-nuestro-planeta.html HTTP/1.1" 200 818
201.245.192.253 - - [22/Apr/2023:15:46:21 -0500] "POST /kwsrmcab/Wsrmcab  HTTP/1.1" 200 41796
179.19.31.57 - - [22/Apr/2023:15:46:48 -0500] "GET /favicon.ico HTTP/1.1" 404 1334
172.22.2.4 - - [22/Apr/2023:15:45:17 -0500] "HEAD /BLA/boletinlegal/ HTTP/1.1" 200 -
172.22.2.4 - - [22/Apr/2023:15:47:22 -0500] "GET /BLA/boletinlegal/normativa.php HTTP/1.1" 200 8343
172.22.2.4 - - [22/Apr/2023:15:46:07 -0500] "GET /BLA/boletinlegal/ HTTP/1.1" 200 57561
172.22.2.4 - - [22/Apr/2023:15:47:55 -0500] "GET /BLA/boletinlegal/Directivas/2017/Directiva%20No.%2006%20del%2016%20de%20Agosto%20de%202017.pdf HTTP/1.1" 200 310598
216.245.221.92 - - [22/Apr/2023:15:47:58 -0500] "HEAD / HTTP/1.1" 200 -
186.154.72.160 - - [22/Apr/2023:15:48:35 -0500] "GET /mujeres-que-reverdecen-secretaria-de-ambiente-anuncia-300-cupos-para-la-tercera-fase-del-programa.html HTTP/1.1" 200 823
172.22.2.4 - - [22/Apr/2023:15:48:47 -0500] "GET /BLA/boletinlegal/actos.php HTTP/1.1" 200 9682
179.19.135.243 - - [22/Apr/2023:15:48:55 -0500] "GET /mujeres-que-reverdec HTTP/1.1" 404 1034
179.19.135.243 - - [22/Apr/2023:15:49:01 -0500] "GET / HTTP/1.1" 200 4720
179.19.135.243 - - [22/Apr/2023:15:49:01 -0500] "GET /js/url.js HTTP/1.1" 404 1294
172.22.2.4 - - [22/Apr/2023:15:49:36 -0500] "GET /BLA/boletinlegal/Directivas/2014/Directiva%20No.%203%20del%2020%20de%20Mayo%20de%202014.pdf HTTP/1.1" 200 504420
190.24.59.103 - - [22/Apr/2023:15:51:07 -0500] "GET /mujeres-que-reverdecen-secretaria-de-ambiente-anuncia-300-cupos-para-la-tercera-fase-del-programa.html HTTP/1.1" 200 823
201.245.192.253 - - [22/Apr/2023:15:51:20 -0500] "POST /kwsrmcab/Wsrmcab  HTTP/1.1" 200 41796
172.22.2.4 - - [22/Apr/2023:15:51:06 -0500] "HEAD /BLA/boletinlegal/ HTTP/1.1" 200 -
216.245.221.92 - - [22/Apr/2023:15:52:58 -0500] "HEAD / HTTP/1.1" 200 -
201.221.172.254 - - [22/Apr/2023:15:53:05 -0500] "GET /mujeres-que-reverdecen-secretaria-de-ambiente-anuncia-300-cupos-para-la-tercera-fase-del-programa.html HTTP/1.1" 304 -
186.102.32.25 - - [22/Apr/2023:15:53:18 -0500] "-" 408 -
172.22.2.4 - - [22/Apr/2023:15:51:57 -0500] "GET /BLA/boletinlegal/ HTTP/1.1" 200 57151
172.22.2.4 - - [22/Apr/2023:15:55:14 -0500] "GET /BLA/boletinlegal/ HTTP/1.1" 200 20427
201.245.192.253 - - [22/Apr/2023:15:56:19 -0500] "POST /kwsrmcab/Wsrmcab  HTTP/1.1" 200 41796
190.60.254.216 - - [22/Apr/2023:15:56:49 -0500] "GET /mujeres-que-reverdec HTTP/1.1" 404 1136
190.60.254.216 - - [22/Apr/2023:15:56:49 -0500] "GET /favicon.ico HTTP/1.1" 404 1334
190.60.254.216 - - [22/Apr/2023:15:57:14 -0500] "GET /mujeres-que-reverdec HTTP/1.1" 404 1136
190.60.254.216 - - [22/Apr/2023:15:57:23 -0500] "GET /mujeres-que-reverdecen-secretaria-de-ambiente-anuncia-300-cupos-para-la-tercera-fase-del-programa.html HTTP/1.1" 200 823
190.66.223.78 - - [22/Apr/2023:15:57:54 -0500] "GET /BLA/resoluciones/index.php?dir=AUTOS+2019%2F HTTP/1.1" 200 372819
216.245.221.92 - - [22/Apr/2023:15:57:58 -0500] "HEAD / HTTP/1.1" 200 -
173.252.107.23 - - [22/Apr/2023:15:58:33 -0500] "GET /images/mujeres-que-reverdecen.jpg HTTP/1.1" 200 31358
172.22.2.4 - - [22/Apr/2023:15:56:56 -0500] "HEAD /BLA/boletinlegal/ HTTP/1.1" 200 -
52.167.144.63 - - [22/Apr/2023:15:59:06 -0500] "GET /sipse/faces/autenticacion.xhtml HTTP/1.1" 200 12493
172.22.2.4 - - [22/Apr/2023:15:57:47 -0500] "GET /BLA/boletinlegal/ HTTP/1.1" 200 57945
191.156.149.240 - - [22/Apr/2023:16:00:02 -0500] "GET /mujeres-que-reverdecen-secretaria-de-ambiente-anuncia-300-cupos-para-la-tercera-fase-del-programa.html HTTP/1.1" 200 823
181.53.13.215 - - [22/Apr/2023:16:01:08 -0500] "GET /mujeres-que-reverdec HTTP/1.1" 404 1136
181.53.13.215 - - [22/Apr/2023:16:01:09 -0500] "GET /favicon.ico HTTP/1.1" 404 1334
201.245.192.253 - - [22/Apr/2023:16:01:19 -0500] "POST /kwsrmcab/Wsrmcab  HTTP/1.1" 200 41796
181.53.13.215 - - [22/Apr/2023:16:01:29 -0500] "GET /mujeres-que-reverdecen-secretaria-de-ambiente-anuncia-300-cupos-para-la-tercera-fase-del-programa.html HTTP/1.1" 200 823
172.22.2.4 - - [22/Apr/2023:16:02:18 -0500] "GET /BLA/boletinlegal/ HTTP/1.1" 200 20427
40.77.167.215 - - [22/Apr/2023:16:02:49 -0500] "GET /BLA/resoluciones/RESOLUCIONES%202020/0098.pdf HTTP/1.1" 304 -
216.245.221.92 - - [22/Apr/2023:16:02:58 -0500] "HEAD / HTTP/1.1" 200 -
52.167.144.63 - - [22/Apr/2023:16:03:28 -0500] "GET /BLA/resoluciones/AUTOS%202021/0530.pdf HTTP/1.1" 304 -
186.102.27.51 - - [22/Apr/2023:16:04:07 -0500] "GET /mujeres-que-reverdecen-secretaria-de-ambiente-anuncia-300-cupos-para-la-tercera-fase-del-programa.html HTTP/1.1" 200 823
172.22.2.4 - - [22/Apr/2023:16:02:46 -0500] "HEAD /BLA/boletinlegal/ HTTP/1.1" 200 -
181.78.24.210 - - [22/Apr/2023:16:04:38 -0500] "GET /mujeres-que-reverdecen-secretaria-de-ambiente-anuncia-300-cupos-para-la-tercera-fase-del-programa.html HTTP/1.1" 200 823
172.22.2.4 - - [22/Apr/2023:16:04:30 -0500] "GET /BLA/boletinlegal/ HTTP/1.1" 200 20427
181.59.3.220 - - [22/Apr/2023:16:05:04 -0500] "GET /mujeres-que-reverdecen-secretaria-de-ambiente-anuncia-300-cupos-para-la-tercera-fase-del-programa.html HTTP/1.1" 304 -
172.22.2.4 - - [22/Apr/2023:16:03:37 -0500] "GET /BLA/boletinlegal/ HTTP/1.1" 200 55571
201.245.192.253 - - [22/Apr/2023:16:06:17 -0500] "POST /kwsrmcab/Wsrmcab  HTTP/1.1" 200 41796
186.84.89.237 - - [22/Apr/2023:16:06:32 -0500] "GET /mujeres-que-reverdecen-secretaria-de-ambiente-anuncia-300-cupos-para-la-tercera-fase-del-programa.html HTTP/1.1" 200 823
216.245.221.92 - - [22/Apr/2023:16:07:58 -0500] "HEAD / HTTP/1.1" 200 -
181.61.132.56 - - [22/Apr/2023:16:08:41 -0500] "GET /mujeres-que-reverdec HTTP/1.1" 404 1136
181.61.132.56 - - [22/Apr/2023:16:08:42 -0500] "GET /favicon.ico HTTP/1.1" 404 1334
173.252.95.118 - - [22/Apr/2023:16:09:40 -0500] "GET /images/bogota-economia-circular-7-febrero.jpg HTTP/1.1" 200 51473
