186.155.19.219 - - [26/Apr/2023:02:34:03 -0500] "POST /sipse/faces/presentacion/financiero/solicitudProceso/listarSolicitudProceso.xhtml HTTP/1.1" 200 1556
186.155.19.219 - - [26/Apr/2023:02:34:03 -0500] "POST /sipse/faces/presentacion/financiero/solicitudProceso/listarSolicitudProceso.xhtml HTTP/1.1" 200 1548
201.245.192.253 - - [26/Apr/2023:02:36:11 -0500] "POST /kwsrmcab/Wsrmcab  HTTP/1.1" 200 41796
216.245.221.92 - - [26/Apr/2023:02:37:46 -0500] "HEAD / HTTP/1.1" 200 -
172.22.2.4 - - [26/Apr/2023:02:36:26 -0500] "HEAD /BLA/boletinlegal/ HTTP/1.1" 200 -
186.155.19.219 - - [26/Apr/2023:02:38:24 -0500] "POST /sipse/faces/presentacion/financiero/solicitudProceso/listarSolicitudProceso.xhtml HTTP/1.1" 200 911
186.155.19.219 - - [26/Apr/2023:02:38:32 -0500] "GET /sipse/faces/faces/faces/autenticacion HTTP/1.1" 302 -
186.155.19.219 - - [26/Apr/2023:02:38:32 -0500] "GET /sipse/faces/autenticacion.xhtml HTTP/1.1" 200 12182
186.155.19.219 - - [26/Apr/2023:02:38:33 -0500] "GET /sipse/faces/javax.faces.resource/theme.css?ln=primefaces-sipse HTTP/1.1" 304 -
186.155.19.219 - - [26/Apr/2023:02:38:33 -0500] "GET /sipse/faces/javax.faces.resource/primefaces.css?ln=primefaces&v=4.0 HTTP/1.1" 304 -
186.155.19.219 - - [26/Apr/2023:02:38:33 -0500] "GET /sipse/faces/javax.faces.resource/layout/layout.css?ln=primefaces&v=4.0 HTTP/1.1" 304 -
186.155.19.219 - - [26/Apr/2023:02:38:33 -0500] "GET /sipse/faces/javax.faces.resource/jquery/jquery.js?ln=primefaces&v=4.0 HTTP/1.1" 304 -
186.155.19.219 - - [26/Apr/2023:02:38:33 -0500] "GET /sipse/faces/javax.faces.resource/layout/layout.js?ln=primefaces&v=4.0 HTTP/1.1" 304 -
186.155.19.219 - - [26/Apr/2023:02:38:33 -0500] "GET /sipse/faces/javax.faces.resource/jquery/jquery-plugins.js?ln=primefaces&v=4.0 HTTP/1.1" 304 -
186.155.19.219 - - [26/Apr/2023:02:38:33 -0500] "GET /sipse/faces/javax.faces.resource/primefaces.js?ln=primefaces&v=4.0 HTTP/1.1" 304 -
186.155.19.219 - - [26/Apr/2023:02:38:36 -0500] "POST /sipse/faces/autenticacion.xhtml HTTP/1.1" 200 2225
186.155.19.219 - - [26/Apr/2023:02:38:37 -0500] "POST /sipse/faces/autenticacion.xhtml HTTP/1.1" 200 16366
186.155.19.219 - - [26/Apr/2023:02:38:38 -0500] "GET /sipse/faces/javax.faces.resource/layout/layout.css?ln=primefaces&v=4.0 HTTP/1.1" 304 -
186.155.19.219 - - [26/Apr/2023:02:38:38 -0500] "GET /sipse/faces/javax.faces.resource/primefaces.css?ln=primefaces&v=4.0 HTTP/1.1" 304 -
186.155.19.219 - - [26/Apr/2023:02:38:38 -0500] "GET /sipse/faces/javax.faces.resource/theme.css?ln=primefaces-sipse HTTP/1.1" 304 -
186.155.19.219 - - [26/Apr/2023:02:38:38 -0500] "GET /sipse/faces/javax.faces.resource/jquery/jquery.js?ln=primefaces&v=4.0 HTTP/1.1" 304 -
186.155.19.219 - - [26/Apr/2023:02:38:38 -0500] "GET /sipse/faces/javax.faces.resource/jquery/jquery-plugins.js?ln=primefaces&v=4.0 HTTP/1.1" 304 -
186.155.19.219 - - [26/Apr/2023:02:38:38 -0500] "GET /sipse/faces/javax.faces.resource/primefaces.js?ln=primefaces&v=4.0 HTTP/1.1" 304 -
186.155.19.219 - - [26/Apr/2023:02:38:38 -0500] "GET /sipse/faces/javax.faces.resource/layout/layout.js?ln=primefaces&v=4.0 HTTP/1.1" 304 -
186.155.19.219 - - [26/Apr/2023:02:38:40 -0500] "POST /sipse/faces/bienvenido.xhtml HTTP/1.1" 200 2658
186.155.19.219 - - [26/Apr/2023:02:38:41 -0500] "POST /sipse/faces/bienvenido.xhtml HTTP/1.1" 200 63281
186.155.19.219 - - [26/Apr/2023:02:38:42 -0500] "GET /sipse/faces/javax.faces.resource/primefaces.css?ln=primefaces&v=4.0 HTTP/1.1" 304 -
186.155.19.219 - - [26/Apr/2023:02:38:42 -0500] "GET /sipse/faces/javax.faces.resource/theme.css?ln=primefaces-sipse HTTP/1.1" 304 -
186.155.19.219 - - [26/Apr/2023:02:38:42 -0500] "GET /sipse/faces/javax.faces.resource/layout/layout.css?ln=primefaces&v=4.0 HTTP/1.1" 304 -
186.155.19.219 - - [26/Apr/2023:02:38:42 -0500] "GET /sipse/faces/javax.faces.resource/jquery/jquery.js?ln=primefaces&v=4.0 HTTP/1.1" 304 -
186.155.19.219 - - [26/Apr/2023:02:38:42 -0500] "GET /sipse/faces/javax.faces.resource/jquery/jquery-plugins.js?ln=primefaces&v=4.0 HTTP/1.1" 304 -
186.155.19.219 - - [26/Apr/2023:02:38:42 -0500] "GET /sipse/faces/javax.faces.resource/primefaces.js?ln=primefaces&v=4.0 HTTP/1.1" 304 -
186.155.19.219 - - [26/Apr/2023:02:38:42 -0500] "GET /sipse/faces/javax.faces.resource/layout/layout.js?ln=primefaces&v=4.0 HTTP/1.1" 304 -
186.155.19.219 - - [26/Apr/2023:02:38:42 -0500] "POST /sipse/faces/presentacion/financiero/solicitudProceso/listarSolicitudProceso.xhtml HTTP/1.1" 200 1556
172.22.2.4 - - [26/Apr/2023:02:37:17 -0500] "GET /BLA/boletinlegal/ HTTP/1.1" 200 57561
201.245.192.253 - - [26/Apr/2023:02:39:37 -0500] "POST /kwsrmcab/Wsrmcab HTTP/1.1" 200 43170
201.245.192.253 - - [26/Apr/2023:02:39:39 -0500] "POST /kwsrmcab/Wsrmcab HTTP/1.1" 200 43191
66.249.66.71 - - [26/Apr/2023:02:39:44 -0500] "-" 408 -
201.245.192.253 - - [26/Apr/2023:02:41:10 -0500] "POST /kwsrmcab/Wsrmcab  HTTP/1.1" 200 41796
34.91.239.8 - - [26/Apr/2023:02:41:36 -0500] "GET /inventario-de-emisiones-2020-transporte-publico-sitp-redujo-emisiones-de-pm-2-5-en-un-37.html HTTP/1.1" 200 925
216.245.221.92 - - [26/Apr/2023:02:42:46 -0500] "HEAD / HTTP/1.1" 200 -
172.22.2.4 - - [26/Apr/2023:02:42:16 -0500] "HEAD /BLA/boletinlegal/ HTTP/1.1" 200 -
172.22.2.4 - - [26/Apr/2023:02:43:07 -0500] "GET /BLA/boletinlegal/ HTTP/1.1" 200 50283
201.245.192.253 - - [26/Apr/2023:02:46:09 -0500] "POST /kwsrmcab/Wsrmcab  HTTP/1.1" 200 41796
216.245.221.92 - - [26/Apr/2023:02:47:46 -0500] "HEAD / HTTP/1.1" 200 -
172.22.2.4 - - [26/Apr/2023:02:48:06 -0500] "HEAD /BLA/boletinlegal/ HTTP/1.1" 200 -
172.22.2.4 - - [26/Apr/2023:02:48:57 -0500] "GET /BLA/boletinlegal/ HTTP/1.1" 200 58307
172.22.2.4 - - [26/Apr/2023:02:50:38 -0500] "GET /BLA/boletinlegal/actuator/gateway/routes HTTP/1.1" 404 1018
156.59.237.147 - - [26/Apr/2023:02:50:48 -0500] "GET /galeria/galeria/fotos/MeandrodelSay1P.jpg HTTP/1.1" 200 27908
156.59.237.147 - - [26/Apr/2023:02:51:00 -0500] "GET /galeria/galeria/fotos/Humedal-vaca7P.jpg HTTP/1.1" 200 11116
201.245.192.253 - - [26/Apr/2023:02:51:07 -0500] "POST /kwsrmcab/Wsrmcab  HTTP/1.1" 200 41796
216.245.221.92 - - [26/Apr/2023:02:52:46 -0500] "HEAD / HTTP/1.1" 200 -
85.217.144.136 - - [26/Apr/2023:02:55:06 -0500] "CONNECT 84.153.78.7:4444 HTTP/1.1" 405 939
101.198.0.155 - - [26/Apr/2023:02:55:09 -0500] "-" 408 -
172.22.2.4 - - [26/Apr/2023:02:53:56 -0500] "HEAD /BLA/boletinlegal/ HTTP/1.1" 200 -
201.245.192.253 - - [26/Apr/2023:02:56:06 -0500] "POST /kwsrmcab/Wsrmcab  HTTP/1.1" 200 41796
172.22.2.4 - - [26/Apr/2023:02:54:47 -0500] "GET /BLA/boletinlegal/ HTTP/1.1" 200 56754
216.245.221.92 - - [26/Apr/2023:02:57:46 -0500] "HEAD / HTTP/1.1" 200 -
66.249.66.84 - - [26/Apr/2023:02:59:34 -0500] "-" 408 -
193.32.162.159 - - [26/Apr/2023:02:59:56 -0500] "GET / HTTP/1.1" 200 319
193.32.162.159 - - [26/Apr/2023:03:00:06 -0500] "GET /dispatch.asp HTTP/1.1" 404 1018
205.210.31.33 - - [26/Apr/2023:03:00:29 -0500] "\x16\x03\x01" 400 226
201.245.192.253 - - [26/Apr/2023:03:01:05 -0500] "POST /kwsrmcab/Wsrmcab  HTTP/1.1" 200 41796
172.22.2.4 - - [26/Apr/2023:02:59:46 -0500] "HEAD /BLA/boletinlegal/ HTTP/1.1" 200 -
172.22.2.4 - - [26/Apr/2023:03:00:37 -0500] "GET /BLA/boletinlegal/ HTTP/1.1" 200 57561
52.167.144.62 - - [26/Apr/2023:03:02:28 -0500] "GET /BLA/resoluciones/AUTOS%202021/6049.pdf HTTP/1.1" 304 -
216.245.221.92 - - [26/Apr/2023:03:02:46 -0500] "HEAD / HTTP/1.1" 200 -
40.77.167.114 - - [26/Apr/2023:03:03:32 -0500] "GET /oso-melero-recuperado-en-bogota-fue-liberado-exitosamente-en-el-meta.html HTTP/1.1" 200 948
172.22.2.4 - - [26/Apr/2023:03:03:40 -0500] "GET /BLA/boletinlegal/favicon.ico HTTP/1.1" 404 1018
91.85.193.43 - - [26/Apr/2023:03:03:44 -0500] "GET / HTTP/1.1" 200 319
172.22.2.4 - - [26/Apr/2023:03:03:24 -0500] "GET /BLA/boletinlegal/ HTTP/1.1" 200 20427
172.22.2.4 - - [26/Apr/2023:03:03:25 -0500] "GET /BLA/boletinlegal/ HTTP/1.1" 200 28619
66.249.66.71 - - [26/Apr/2023:03:05:44 -0500] "-" 408 -
201.245.192.253 - - [26/Apr/2023:03:06:04 -0500] "POST /kwsrmcab/Wsrmcab  HTTP/1.1" 200 41796
172.22.2.4 - - [26/Apr/2023:03:05:36 -0500] "HEAD /BLA/boletinlegal/ HTTP/1.1" 200 -
181.56.235.113 - - [26/Apr/2023:03:07:37 -0500] "GET /BLA/resoluciones/index.php HTTP/1.1" 200 13502
181.56.235.113 - - [26/Apr/2023:03:07:40 -0500] "GET /BLA/resoluciones/index.php?dir=AUTOS+2016%2F HTTP/1.1" 200 329666
216.245.221.92 - - [26/Apr/2023:03:07:46 -0500] "HEAD / HTTP/1.1" 200 -
181.56.235.113 - - [26/Apr/2023:03:07:47 -0500] "GET /BLA/resoluciones/AUTOS%202016/1123.pdf HTTP/1.1" 200 367146
172.22.2.4 - - [26/Apr/2023:03:06:27 -0500] "GET /BLA/boletinlegal/ HTTP/1.1" 200 53114
157.55.39.207 - - [26/Apr/2023:03:08:40 -0500] "GET /bla/resoluciones/resoluciones%202019/3112.pdf HTTP/1.1" 200 676599
168.119.253.85 - - [26/Apr/2023:03:09:40 -0500] "GET / HTTP/1.1" 200 319
167.99.248.185 - - [26/Apr/2023:03:10:59 -0500] "GET /portaldeninos/ HTTP/1.1" 200 110197
201.245.192.253 - - [26/Apr/2023:03:10:58 -0500] "POST /kwsrmcab/Wsrmcab  HTTP/1.1" 200 41796
34.147.77.134 - - [26/Apr/2023:03:11:52 -0500] "GET /inventario-de-emisiones-2020-transporte-publico-sitp-redujo-emisiones-de-pm-2-5-en-un-37.html HTTP/1.1" 200 925
216.245.221.92 - - [26/Apr/2023:03:12:46 -0500] "HEAD / HTTP/1.1" 200 -
172.22.2.4 - - [26/Apr/2023:03:11:26 -0500] "HEAD /BLA/boletinlegal/ HTTP/1.1" 200 -
172.22.2.4 - - [26/Apr/2023:03:13:28 -0500] "GET /BLA/boletinlegal/actos.php HTTP/1.1" 200 9682
172.22.2.4 - - [26/Apr/2023:03:12:17 -0500] "GET /BLA/boletinlegal/ HTTP/1.1" 200 57151
201.245.192.253 - - [26/Apr/2023:03:15:57 -0500] "POST /kwsrmcab/Wsrmcab  HTTP/1.1" 200 41796
216.245.221.92 - - [26/Apr/2023:03:17:46 -0500] "HEAD / HTTP/1.1" 200 -
34.91.35.60 - - [26/Apr/2023:03:17:47 -0500] "GET /inventario-de-emisiones-2020-transporte-publico-sitp-redujo-emisiones-de-pm-2-5-en-un-37.html HTTP/1.1" 200 925
40.77.167.94 - - [26/Apr/2023:03:18:38 -0500] "GET /bla/resoluciones/resoluciones%202019/3115.pdf HTTP/1.1" 200 600763
172.22.2.4 - - [26/Apr/2023:03:17:16 -0500] "HEAD /BLA/boletinlegal/ HTTP/1.1" 200 -
201.245.192.253 - - [26/Apr/2023:03:19:36 -0500] "POST /kwsrmcab/Wsrmcab HTTP/1.1" 200 43000
201.245.192.253 - - [26/Apr/2023:03:19:39 -0500] "POST /kwsrmcab/Wsrmcab HTTP/1.1" 200 43166
172.22.2.4 - - [26/Apr/2023:03:18:07 -0500] "GET /BLA/boletinlegal/ HTTP/1.1" 200 57561
201.245.192.253 - - [26/Apr/2023:03:20:56 -0500] "POST /kwsrmcab/Wsrmcab  HTTP/1.1" 200 41796
216.245.221.92 - - [26/Apr/2023:03:22:46 -0500] "HEAD / HTTP/1.1" 200 -
84.121.91.121 - - [26/Apr/2023:03:23:07 -0500] "GET /galeria/galeria/jquery.fancybox.css?v=2.1.5 HTTP/1.1" 200 4895
84.121.91.121 - - [26/Apr/2023:03:23:07 -0500] "GET /galeria/galeria/jquery.fancybox.js?v=2.1.5 HTTP/1.1" 200 48706
84.121.91.121 - - [26/Apr/2023:03:23:07 -0500] "GET /BLA/boletinlegal/js/jquery.scrollShow.js HTTP/1.1" 200 4586
172.22.2.4 - - [26/Apr/2023:03:23:06 -0500] "HEAD /BLA/boletinlegal/ HTTP/1.1" 200 -
172.22.2.4 - - [26/Apr/2023:03:23:57 -0500] "GET /BLA/boletinlegal/ HTTP/1.1" 200 58663
201.245.192.253 - - [26/Apr/2023:03:26:00 -0500] "POST /kwsrmcab/Wsrmcab  HTTP/1.1" 200 41796
216.245.221.92 - - [26/Apr/2023:03:27:46 -0500] "HEAD / HTTP/1.1" 200 -
157.55.39.207 - - [26/Apr/2023:03:28:13 -0500] "GET /bla/resoluciones/resoluciones%202021/4967.pdf HTTP/1.1" 200 603543
66.249.66.71 - - [26/Apr/2023:03:29:23 -0500] "-" 408 -
201.245.192.253 - - [26/Apr/2023:03:29:36 -0500] "POST /kwsrmcab/Wsrmcab HTTP/1.1" 200 43000
201.245.192.253 - - [26/Apr/2023:03:29:39 -0500] "POST /kwsrmcab/Wsrmcab HTTP/1.1" 200 43166
172.22.2.4 - - [26/Apr/2023:03:28:56 -0500] "HEAD /BLA/boletinlegal/ HTTP/1.1" 200 -
201.245.192.253 - - [26/Apr/2023:03:31:00 -0500] "POST /kwsrmcab/Wsrmcab  HTTP/1.1" 200 41796
157.55.39.209 - - [26/Apr/2023:03:31:10 -0500] "GET /caminatas-ecologicas-en-bogota-inscribete-y-participa-en-los-recorridos-de-abril.html HTTP/1.1" 200 868
66.249.66.86 - - [26/Apr/2023:03:31:16 -0500] "-" 408 -
172.22.2.4 - - [26/Apr/2023:03:29:47 -0500] "GET /BLA/boletinlegal/ HTTP/1.1" 200 57561
52.167.144.27 - - [26/Apr/2023:03:32:02 -0500] "GET /bla/resoluciones/resoluciones%202021/2203.pdf HTTP/1.1" 200 763232
216.245.221.92 - - [26/Apr/2023:03:32:46 -0500] "HEAD / HTTP/1.1" 200 -
107.170.254.14 - - [26/Apr/2023:03:33:03 -0500] "GET / HTTP/1.1" 200 319
95.70.147.185 - - [26/Apr/2023:03:33:06 -0500] "GET /webdav/x32.php HTTP/1.1" 404 1018
186.155.19.219 - - [26/Apr/2023:03:33:13 -0500] "POST /sipse/faces/presentacion/financiero/solicitudProceso/listarSolicitudProceso.xhtml HTTP/1.1" 200 56543
186.155.19.219 - - [26/Apr/2023:03:33:18 -0500] "POST /sipse/faces/presentacion/financiero/solicitudProceso/listarSolicitudProceso.xhtml HTTP/1.1" 200 56543
186.155.19.219 - - [26/Apr/2023:03:33:19 -0500] "POST /sipse/faces/presentacion/financiero/solicitudProceso/listarSolicitudProceso.xhtml HTTP/1.1" 200 1556
186.155.19.219 - - [26/Apr/2023:03:33:19 -0500] "POST /sipse/faces/presentacion/financiero/solicitudProceso/listarSolicitudProceso.xhtml HTTP/1.1" 200 1548
52.167.144.63 - - [26/Apr/2023:03:35:43 -0500] "GET /BLA/resoluciones/AUTOS%202022/1195.pdf HTTP/1.1" 304 -
201.245.192.253 - - [26/Apr/2023:03:35:59 -0500] "POST /kwsrmcab/Wsrmcab  HTTP/1.1" 200 41796
172.22.2.4 - - [26/Apr/2023:03:34:46 -0500] "HEAD /BLA/boletinlegal/ HTTP/1.1" 200 -
172.22.2.4 - - [26/Apr/2023:03:35:37 -0500] "GET /BLA/boletinlegal/ HTTP/1.1" 200 52730
216.245.221.92 - - [26/Apr/2023:03:37:46 -0500] "HEAD / HTTP/1.1" 200 -
201.245.192.253 - - [26/Apr/2023:03:39:36 -0500] "POST /kwsrmcab/Wsrmcab HTTP/1.1" 200 43000
201.245.192.253 - - [26/Apr/2023:03:39:39 -0500] "POST /kwsrmcab/Wsrmcab HTTP/1.1" 200 43166
201.245.192.253 - - [26/Apr/2023:03:40:57 -0500] "POST /kwsrmcab/Wsrmcab  HTTP/1.1" 200 41796
172.22.2.4 - - [26/Apr/2023:03:40:36 -0500] "HEAD /BLA/boletinlegal/ HTTP/1.1" 200 -
216.245.221.92 - - [26/Apr/2023:03:42:46 -0500] "HEAD / HTTP/1.1" 200 -
172.22.2.4 - - [26/Apr/2023:03:41:27 -0500] "GET /BLA/boletinlegal/ HTTP/1.1" 200 57151
66.249.66.84 - - [26/Apr/2023:03:43:32 -0500] "-" 408 -
201.245.192.253 - - [26/Apr/2023:03:45:56 -0500] "POST /kwsrmcab/Wsrmcab  HTTP/1.1" 200 41796
52.167.144.27 - - [26/Apr/2023:03:47:43 -0500] "GET /BLA/boletinlegal/js/jquery.scrollShow.js HTTP/1.1" 200 4586
216.245.221.92 - - [26/Apr/2023:03:47:46 -0500] "HEAD / HTTP/1.1" 200 -
172.22.2.4 - - [26/Apr/2023:03:46:26 -0500] "HEAD /BLA/boletinlegal/ HTTP/1.1" 200 -
172.22.2.4 - - [26/Apr/2023:03:47:17 -0500] "GET /BLA/boletinlegal/ HTTP/1.1" 200 53114
35.204.220.184 - - [26/Apr/2023:03:50:19 -0500] "GET /inventario-de-emisiones-2020-transporte-publico-sitp-redujo-emisiones-de-pm-2-5-en-un-37.html HTTP/1.1" 200 925
201.245.192.253 - - [26/Apr/2023:03:50:55 -0500] "POST /kwsrmcab/Wsrmcab  HTTP/1.1" 200 41796
216.245.221.92 - - [26/Apr/2023:03:52:46 -0500] "HEAD / HTTP/1.1" 200 -
172.22.2.4 - - [26/Apr/2023:03:52:16 -0500] "HEAD /BLA/boletinlegal/ HTTP/1.1" 200 -
172.22.2.4 - - [26/Apr/2023:03:53:07 -0500] "GET /BLA/boletinlegal/ HTTP/1.1" 200 59656
173.252.83.11 - - [26/Apr/2023:03:55:03 -0500] "GET /empresas-con-impacto-ambiental-positivo-unanse-a-la-edicion-2023-de-negocios-verdes-mas-cerca-de-ti.html HTTP/1.1" 206 878
201.245.192.253 - - [26/Apr/2023:03:55:54 -0500] "POST /kwsrmcab/Wsrmcab  HTTP/1.1" 200 41796
34.91.154.12 - - [26/Apr/2023:03:56:27 -0500] "GET /inventario-de-emisiones-2020-transporte-publico-sitp-redujo-emisiones-de-pm-2-5-en-un-37.html HTTP/1.1" 200 925
66.249.66.84 - - [26/Apr/2023:03:57:22 -0500] "-" 408 -
216.245.221.92 - - [26/Apr/2023:03:57:46 -0500] "HEAD / HTTP/1.1" 200 -
66.240.205.34 - - [26/Apr/2023:03:59:36 -0500] "Gh0st\xad" 400 226
172.22.2.4 - - [26/Apr/2023:03:58:06 -0500] "HEAD /BLA/boletinlegal/ HTTP/1.1" 200 -
172.22.2.4 - - [26/Apr/2023:04:00:29 -0500] "GET /BLA/boletinlegal/robots.txt HTTP/1.1" 404 1038
172.22.2.4 - - [26/Apr/2023:04:00:30 -0500] "GET /BLA/boletinlegal/conceptos/2020/46.pdf HTTP/1.1" 304 -
172.22.2.4 - - [26/Apr/2023:03:58:57 -0500] "GET /BLA/boletinlegal/ HTTP/1.1" 200 57561
201.245.192.253 - - [26/Apr/2023:04:00:54 -0500] "POST /kwsrmcab/Wsrmcab  HTTP/1.1" 200 41796
34.147.70.184 - - [26/Apr/2023:04:01:16 -0500] "GET /inventario-de-emisiones-2020-transporte-publico-sitp-redujo-emisiones-de-pm-2-5-en-un-37.html HTTP/1.1" 200 925
69.63.184.1 - - [26/Apr/2023:04:01:46 -0500] "GET /images/reunion-planta-termovalorizacion-11-mayo.jpg HTTP/1.1" 200 34782
216.245.221.92 - - [26/Apr/2023:04:02:46 -0500] "HEAD / HTTP/1.1" 200 -
172.22.2.4 - - [26/Apr/2023:04:03:56 -0500] "HEAD /BLA/boletinlegal/ HTTP/1.1" 200 -
201.245.192.253 - - [26/Apr/2023:04:05:53 -0500] "POST /kwsrmcab/Wsrmcab  HTTP/1.1" 200 41796
172.22.2.4 - - [26/Apr/2023:04:04:47 -0500] "GET /BLA/boletinlegal/ HTTP/1.1" 200 53114
52.167.144.125 - - [26/Apr/2023:04:06:28 -0500] "GET / HTTP/1.1" 200 319
216.245.221.92 - - [26/Apr/2023:04:07:46 -0500] "HEAD / HTTP/1.1" 200 -
201.245.192.253 - - [26/Apr/2023:04:10:51 -0500] "POST /kwsrmcab/Wsrmcab  HTTP/1.1" 200 41796
172.22.2.4 - - [26/Apr/2023:04:09:46 -0500] "HEAD /BLA/boletinlegal/ HTTP/1.1" 200 -
172.22.2.4 - - [26/Apr/2023:04:10:37 -0500] "GET /BLA/boletinlegal/ HTTP/1.1" 200 57561
82.64.2.200 - - [26/Apr/2023:04:12:41 -0500] "GET / HTTP/1.1" 200 319
216.245.221.92 - - [26/Apr/2023:04:12:46 -0500] "HEAD / HTTP/1.1" 200 -
52.167.144.125 - - [26/Apr/2023:04:14:38 -0500] "GET /BLA/resoluciones/RESOLUCIONES%202021/0767.pdf HTTP/1.1" 200 478247
66.249.66.86 - - [26/Apr/2023:04:15:44 -0500] "-" 408 -
201.245.192.253 - - [26/Apr/2023:04:15:51 -0500] "POST /kwsrmcab/Wsrmcab  HTTP/1.1" 200 41796
172.22.2.4 - - [26/Apr/2023:04:15:36 -0500] "HEAD /BLA/boletinlegal/ HTTP/1.1" 200 -
216.245.221.92 - - [26/Apr/2023:04:17:46 -0500] "HEAD / HTTP/1.1" 200 -
172.22.2.4 - - [26/Apr/2023:04:16:27 -0500] "GET /BLA/boletinlegal/ HTTP/1.1" 200 57561
201.245.192.253 - - [26/Apr/2023:04:19:36 -0500] "POST /kwsrmcab/Wsrmcab HTTP/1.1" 200 43000
201.245.192.253 - - [26/Apr/2023:04:19:39 -0500] "POST /kwsrmcab/Wsrmcab HTTP/1.1" 200 43167
40.77.167.240 - - [26/Apr/2023:04:19:51 -0500] "GET /portaldeninos/wp-content/themes/betheme/fonts/mfn-icons.ttf?93978679 HTTP/1.1" 200 124684
52.167.144.27 - - [26/Apr/2023:04:20:37 -0500] "GET /BLA/resoluciones/AUTOS%202021/3840.pdf HTTP/1.1" 304 -
201.245.192.253 - - [26/Apr/2023:04:20:51 -0500] "POST /kwsrmcab/Wsrmcab  HTTP/1.1" 200 41796
156.59.196.11 - - [26/Apr/2023:04:21:44 -0500] "GET /galeria/galeria/fotos/mirador2P.jpg HTTP/1.1" 200 10111
66.249.66.84 - - [26/Apr/2023:04:22:31 -0500] "-" 408 -
216.245.221.92 - - [26/Apr/2023:04:22:46 -0500] "HEAD / HTTP/1.1" 200 -
172.22.2.4 - - [26/Apr/2023:04:21:26 -0500] "HEAD /BLA/boletinlegal/ HTTP/1.1" 200 -
40.77.167.120 - - [26/Apr/2023:04:23:52 -0500] "GET /BLA/boletinlegal/Circulares/2012/Circular%20No.%209%20del%2021%20de%20Agosto%20de%202012.pdf HTTP/1.1" 200 1402289
172.22.2.4 - - [26/Apr/2023:04:22:17 -0500] "GET /BLA/boletinlegal/ HTTP/1.1" 200 58307
201.245.192.253 - - [26/Apr/2023:04:25:50 -0500] "POST /kwsrmcab/Wsrmcab  HTTP/1.1" 200 41796
40.77.167.94 - - [26/Apr/2023:04:26:32 -0500] "GET /BLA/resoluciones/AUTOS%202021/0961.pdf HTTP/1.1" 304 -
66.249.66.71 - - [26/Apr/2023:04:26:54 -0500] "-" 408 -
216.245.221.92 - - [26/Apr/2023:04:27:46 -0500] "HEAD / HTTP/1.1" 200 -
199.16.157.180 - - [26/Apr/2023:04:28:31 -0500] "GET /en-semana-santa-realice-sus-tramites-ante-la-secretaria-de-ambiente-de-forma-virtual.html HTTP/1.1" 200 835
199.16.157.183 - - [26/Apr/2023:04:28:31 -0500] "GET /images/atencion-al-ciudadano-abril.jpg HTTP/1.1" 200 116523
199.16.157.183 - - [26/Apr/2023:04:28:35 -0500] "GET /images/atencion-al-ciudadano-abril.jpg HTTP/1.1" 200 116523
172.22.2.4 - - [26/Apr/2023:04:27:16 -0500] "HEAD /BLA/boletinlegal/ HTTP/1.1" 200 -
201.245.192.253 - - [26/Apr/2023:04:29:36 -0500] "POST /kwsrmcab/Wsrmcab HTTP/1.1" 200 43000
201.245.192.253 - - [26/Apr/2023:04:29:39 -0500] "POST /kwsrmcab/Wsrmcab HTTP/1.1" 200 43167
172.22.2.4 - - [26/Apr/2023:04:28:07 -0500] "GET /BLA/boletinlegal/ HTTP/1.1" 200 57561
201.245.192.253 - - [26/Apr/2023:04:30:49 -0500] "POST /kwsrmcab/Wsrmcab  HTTP/1.1" 200 41796
179.43.177.243 - - [26/Apr/2023:04:30:50 -0500] "POST /boaform/admin/formLogin HTTP/1.1" 404 1186
66.249.66.84 - - [26/Apr/2023:04:32:13 -0500] "-" 408 -
156.59.198.138 - - [26/Apr/2023:04:32:25 -0500] "GET /galeria/galeria/fotos/Soratama3P.jpg HTTP/1.1" 200 11298
216.245.221.92 - - [26/Apr/2023:04:32:46 -0500] "HEAD / HTTP/1.1" 200 -
40.77.167.94 - - [26/Apr/2023:04:33:39 -0500] "GET /BLA/resoluciones/RESOLUCIONES%202021/5262.pdf HTTP/1.1" 304 -
199.16.157.181 - - [26/Apr/2023:04:34:15 -0500] "GET /images/fachada-secretaria-ambiente-15-octubre.jpg HTTP/1.1" 200 148853
172.22.2.4 - - [26/Apr/2023:04:33:06 -0500] "HEAD /BLA/boletinlegal/ HTTP/1.1" 200 -
172.22.2.4 - - [26/Apr/2023:04:35:05 -0500] "GET /BLA/boletinlegal/actos.php HTTP/1.1" 200 9682
52.167.144.62 - - [26/Apr/2023:04:35:07 -0500] "GET /BLA/resoluciones/AUTOS%202021/2043.pdf HTTP/1.1" 304 -
172.22.2.4 - - [26/Apr/2023:04:33:50 -0500] "GET /BLA/boletinlegal/ HTTP/1.1" 200 49141
172.22.2.4 - - [26/Apr/2023:04:33:57 -0500] "GET /BLA/boletinlegal/ HTTP/1.1" 200 50283
201.245.192.253 - - [26/Apr/2023:04:35:45 -0500] "POST /kwsrmcab/Wsrmcab  HTTP/1.1" 200 41796
40.77.188.182 - - [26/Apr/2023:04:35:57 -0500] "GET /portaldeninos/wp-content/themes/betheme/fonts/mfn-icons.woff?93978679 HTTP/1.1" 200 80932
172.22.2.4 - - [26/Apr/2023:04:36:23 -0500] "GET /BLA/boletinlegal/actos.php HTTP/1.1" 200 9682
52.167.144.125 - - [26/Apr/2023:04:36:29 -0500] "GET /BLA/resoluciones/AUTOS%202021/4610.pdf HTTP/1.1" 304 -
66.249.66.71 - - [26/Apr/2023:04:37:04 -0500] "-" 408 -
216.245.221.92 - - [26/Apr/2023:04:37:46 -0500] "HEAD / HTTP/1.1" 200 -
34.147.70.184 - - [26/Apr/2023:04:39:23 -0500] "GET /inventario-de-emisiones-2020-transporte-publico-sitp-redujo-emisiones-de-pm-2-5-en-un-37.html HTTP/1.1" 200 925
201.245.192.253 - - [26/Apr/2023:04:39:36 -0500] "POST /kwsrmcab/Wsrmcab HTTP/1.1" 200 43000
201.245.192.253 - - [26/Apr/2023:04:39:39 -0500] "POST /kwsrmcab/Wsrmcab HTTP/1.1" 200 43167
172.22.2.4 - - [26/Apr/2023:04:38:56 -0500] "HEAD /BLA/boletinlegal/ HTTP/1.1" 200 -
201.245.192.253 - - [26/Apr/2023:04:40:42 -0500] "POST /kwsrmcab/Wsrmcab  HTTP/1.1" 200 41796
172.22.2.4 - - [26/Apr/2023:04:39:47 -0500] "GET /BLA/boletinlegal/ HTTP/1.1" 200 59656
216.245.221.92 - - [26/Apr/2023:04:42:46 -0500] "HEAD / HTTP/1.1" 200 -
66.249.66.71 - - [26/Apr/2023:04:42:56 -0500] "-" 408 -
66.249.66.84 - - [26/Apr/2023:04:44:26 -0500] "-" 408 -
201.245.192.253 - - [26/Apr/2023:04:45:41 -0500] "POST /kwsrmcab/Wsrmcab  HTTP/1.1" 200 41796
172.22.2.4 - - [26/Apr/2023:04:44:46 -0500] "HEAD /BLA/boletinlegal/ HTTP/1.1" 200 -
172.22.2.4 - - [26/Apr/2023:04:45:36 -0500] "GET /BLA/boletinlegal/ HTTP/1.1" 200 57151
216.245.221.92 - - [26/Apr/2023:04:47:46 -0500] "HEAD / HTTP/1.1" 200 -
52.167.144.62 - - [26/Apr/2023:04:48:40 -0500] "GET /BLA/resoluciones/index.php?dir=RESOLUCIONES+2022%2F HTTP/1.1" 200 300391
191.156.52.228 - - [26/Apr/2023:04:48:49 -0500] "GET /mujeres-que-reverdecen-secretaria-de-ambiente-anuncia-300-cupos-para-la-tercera-fase-del-programa.html HTTP/1.1" 200 823
66.249.66.71 - - [26/Apr/2023:04:49:50 -0500] "-" 408 -
201.245.192.253 - - [26/Apr/2023:04:50:40 -0500] "POST /kwsrmcab/Wsrmcab  HTTP/1.1" 200 41796
66.249.66.84 - - [26/Apr/2023:04:51:14 -0500] "-" 408 -
52.167.144.62 - - [26/Apr/2023:04:51:26 -0500] "GET /BLA/resoluciones/index.php?dir=RESOLUCIONES+2022%2F HTTP/1.1" 200 300391
52.167.144.62 - - [26/Apr/2023:04:51:35 -0500] "GET /BLA/resoluciones/AUTOS%202021/1622.pdf HTTP/1.1" 304 -
52.167.144.63 - - [26/Apr/2023:04:51:59 -0500] "GET /BLA/resoluciones/dlf/styles.css HTTP/1.1" 200 3049
172.22.2.4 - - [26/Apr/2023:04:50:36 -0500] "HEAD /BLA/boletinlegal/ HTTP/1.1" 200 -
216.245.221.92 - - [26/Apr/2023:04:52:46 -0500] "HEAD / HTTP/1.1" 200 -
172.22.2.4 - - [26/Apr/2023:04:51:31 -0500] "GET /BLA/boletinlegal/ HTTP/1.1" 200 57561
66.249.66.73 - - [26/Apr/2023:04:53:43 -0500] "GET /los-pies-descalzos-que-recorrieron-chinavita-boyaca-y-que-hoy-siembran-esperanza-en-bogota.html HTTP/1.1" 200 802
172.22.2.4 - - [26/Apr/2023:04:55:08 -0500] "GET /BLA/boletinlegal/normativa.php HTTP/1.1" 200 8343
172.22.2.4 - - [26/Apr/2023:04:55:08 -0500] "GET /BLA/boletinlegal/styles2.css HTTP/1.1" 200 1838
172.22.2.4 - - [26/Apr/2023:04:55:08 -0500] "GET /BLA/boletinlegal/js/ajax_normativa.js HTTP/1.1" 200 1154
172.22.2.4 - - [26/Apr/2023:04:55:08 -0500] "GET /BLA/boletinlegal/niceforms-default.css HTTP/1.1" 200 6694
172.22.2.4 - - [26/Apr/2023:04:55:08 -0500] "GET /BLA/boletinlegal/style.css HTTP/1.1" 200 9406
172.22.2.4 - - [26/Apr/2023:04:55:08 -0500] "GET /BLA/boletinlegal/niceforms.js HTTP/1.1" 200 22876
172.22.2.4 - - [26/Apr/2023:04:55:09 -0500] "GET /BLA/boletinlegal/images/cabezote%20BLEGAL.jpg HTTP/1.1" 200 118164
172.22.2.4 - - [26/Apr/2023:04:55:09 -0500] "GET /BLA/boletinlegal/images/subscribe-icon-big.png HTTP/1.1" 200 47702
172.22.2.4 - - [26/Apr/2023:04:55:09 -0500] "GET /BLA/boletinlegal/images/tel.png HTTP/1.1" 200 14477
172.22.2.4 - - [26/Apr/2023:04:55:09 -0500] "GET /BLA/boletinlegal/images/historia.png HTTP/1.1" 200 52775
172.22.2.4 - - [26/Apr/2023:04:55:09 -0500] "GET /BLA/boletinlegal/images/registro-usuarios.png HTTP/1.1" 200 8106
172.22.2.4 - - [26/Apr/2023:04:55:09 -0500] "GET /BLA/boletinlegal/images/hover.jpg HTTP/1.1" 200 640
172.22.2.4 - - [26/Apr/2023:04:55:09 -0500] "GET /BLA/boletinlegal/images/body_bg.jpg HTTP/1.1" 200 1601
172.22.2.4 - - [26/Apr/2023:04:55:09 -0500] "GET /BLA/boletinlegal/images/footer_bg.jpg HTTP/1.1" 200 586
172.22.2.4 - - [26/Apr/2023:04:55:09 -0500] "GET /BLA/boletinlegal/images/menu_lft.gif HTTP/1.1" 200 1713
172.22.2.4 - - [26/Apr/2023:04:55:09 -0500] "GET /BLA/boletinlegal/images/menu_rght.gif HTTP/1.1" 200 1627
172.22.2.4 - - [26/Apr/2023:04:55:09 -0500] "GET /BLA/boletinlegal/images/bg_top.jpg HTTP/1.1" 200 522
172.22.2.4 - - [26/Apr/2023:04:55:09 -0500] "GET /BLA/boletinlegal/images/menu_bg.jpg HTTP/1.1" 200 620
172.22.2.4 - - [26/Apr/2023:04:55:09 -0500] "GET /BLA/boletinlegal/images/text.jpg HTTP/1.1" 200 568
172.22.2.4 - - [26/Apr/2023:04:55:09 -0500] "GET /BLA/boletinlegal/images/icono-email.png HTTP/1.1" 200 5544
172.22.2.4 - - [26/Apr/2023:04:55:09 -0500] "GET /BLA/boletinlegal/images/footer_bg_l.jpg HTTP/1.1" 200 776
172.22.2.4 - - [26/Apr/2023:04:55:09 -0500] "GET /BLA/boletinlegal/img/select-left.png HTTP/1.1" 200 263
172.22.2.4 - - [26/Apr/2023:04:55:09 -0500] "GET /BLA/boletinlegal/img/select-right.png HTTP/1.1" 200 44019
172.22.2.4 - - [26/Apr/2023:04:55:09 -0500] "GET /BLA/boletinlegal/img/button.png HTTP/1.1" 200 43241
172.22.2.4 - - [26/Apr/2023:04:55:09 -0500] "GET /BLA/boletinlegal/img/button-left.png HTTP/1.1" 200 57071
172.22.2.4 - - [26/Apr/2023:04:55:09 -0500] "GET /BLA/boletinlegal/img/0.png HTTP/1.1" 200 110
172.22.2.4 - - [26/Apr/2023:04:55:09 -0500] "GET /BLA/boletinlegal/img/button-right.png HTTP/1.1" 200 57878
172.22.2.4 - - [26/Apr/2023:04:55:10 -0500] "GET /BLA/boletinlegal/favicon.ico HTTP/1.1" 404 1364
52.167.144.27 - - [26/Apr/2023:04:55:31 -0500] "GET /BLA/boletinlegal/notificaciones.php HTTP/1.1" 200 6005
172.22.2.4 - - [26/Apr/2023:04:55:36 -0500] "GET /BLA/boletinlegal/consulta_normativa.php?tipo=Resolucion&sector=concesion&ano=2015&resuelve= HTTP/1.1" 200 454
66.249.66.71 - - [26/Apr/2023:04:55:41 -0500] "-" 408 -
201.245.192.253 - - [26/Apr/2023:04:55:40 -0500] "POST /kwsrmcab/Wsrmcab  HTTP/1.1" 200 41796
172.22.2.4 - - [26/Apr/2023:04:55:42 -0500] "GET /BLA/boletinlegal/consulta_normativa.php?tipo=Resolucion&sector=competencia-estructura&ano=2015&resuelve= HTTP/1.1" 200 9690
172.22.2.4 - - [26/Apr/2023:04:55:42 -0500] "GET /BLA/boletinlegal/images/docs.png HTTP/1.1" 200 10288
172.22.2.4 - - [26/Apr/2023:04:55:43 -0500] "GET /BLA/boletinlegal/images/background.gif HTTP/1.1" 200 -
172.22.2.4 - - [26/Apr/2023:04:56:06 -0500] "GET /BLA/boletinlegal/consulta_normativa.php?tipo=Resolucion&sector=competencia-estructura&ano=2015&resuelve=861 HTTP/1.1" 200 454
172.22.2.4 - - [26/Apr/2023:04:56:12 -0500] "GET /BLA/boletinlegal/consulta_normativa.php?tipo=Resolucion&sector=emisiones&ano=2015&resuelve=861 HTTP/1.1" 200 454
172.22.2.4 - - [26/Apr/2023:04:56:19 -0500] "GET /BLA/boletinlegal/consulta_normativa.php?tipo=Resolucion&sector=licencia&ano=2015&resuelve=861 HTTP/1.1" 200 454
172.22.2.4 - - [26/Apr/2023:04:56:26 -0500] "GET /BLA/boletinlegal/consulta_normativa.php?tipo=Resolucion&sector=publicidad&ano=2015&resuelve=861 HTTP/1.1" 200 454
216.245.221.92 - - [26/Apr/2023:04:57:46 -0500] "HEAD / HTTP/1.1" 200 -
172.22.2.4 - - [26/Apr/2023:04:56:30 -0500] "HEAD /BLA/boletinlegal/ HTTP/1.1" 200 -
181.53.4.159 - - [26/Apr/2023:04:58:21 -0500] "GET /mujeres-que-reverdecen-secretaria-de-ambiente-anuncia-300-cupos-para-la-tercera-fase-del-programa.html HTTP/1.1" 200 823
181.53.4.159 - - [26/Apr/2023:04:58:21 -0500] "GET /images/mujeres-que-reverdecen.jpg HTTP/1.1" 200 31358
172.22.2.4 - - [26/Apr/2023:04:58:34 -0500] "GET /BLA/boletinlegal/consulta_normativa.php?tipo=Resolucion&sector=Aire&ano=2015&resuelve=861 HTTP/1.1" 200 454
172.22.2.4 - - [26/Apr/2023:04:58:36 -0500] "GET /BLA/boletinlegal/consulta_normativa.php?tipo=Resolucion&sector=Aire&ano=2015&resuelve=861 HTTP/1.1" 200 454
172.22.2.4 - - [26/Apr/2023:04:58:37 -0500] "GET /BLA/boletinlegal/consulta_normativa.php?tipo=Resolucion&sector=Aire&ano=2015&resuelve=861 HTTP/1.1" 200 454
172.22.2.4 - - [26/Apr/2023:04:58:38 -0500] "GET /BLA/boletinlegal/consulta_normativa.php?tipo=Resolucion&sector=Aire&ano=2015&resuelve=861 HTTP/1.1" 200 454
172.22.2.4 - - [26/Apr/2023:04:58:38 -0500] "GET /BLA/boletinlegal/consulta_normativa.php?tipo=Resolucion&sector=Aire&ano=2015&resuelve=861 HTTP/1.1" 200 454
172.22.2.4 - - [26/Apr/2023:04:58:38 -0500] "GET /BLA/boletinlegal/consulta_normativa.php?tipo=Resolucion&sector=Aire&ano=2015&resuelve=861 HTTP/1.1" 200 454
172.22.2.4 - - [26/Apr/2023:04:58:53 -0500] "GET /BLA/boletinlegal/consulta_normativa.php?tipo=Resolucion&sector=Aire&ano=2015&resuelve=cerramientos HTTP/1.1" 200 454
172.22.2.4 - - [26/Apr/2023:04:58:54 -0500] "GET /BLA/boletinlegal/consulta_normativa.php?tipo=Resolucion&sector=Aire&ano=2015&resuelve=cerramientos HTTP/1.1" 200 454
172.22.2.4 - - [26/Apr/2023:04:58:57 -0500] "GET /BLA/boletinlegal/consulta_normativa.php?tipo=Resolucion&sector=competencia-estructura&ano=2015&resuelve=cerramientos HTTP/1.1" 200 454
172.22.2.4 - - [26/Apr/2023:04:58:59 -0500] "GET /BLA/boletinlegal/consulta_normativa.php?tipo=Resolucion&sector=concesion&ano=2015&resuelve=cerramientos HTTP/1.1" 200 454
172.22.2.4 - - [26/Apr/2023:04:59:00 -0500] "GET /BLA/boletinlegal/consulta_normativa.php?tipo=Resolucion&sector=concesion&ano=2015&resuelve=cerramientos HTTP/1.1" 200 454
172.22.2.4 - - [26/Apr/2023:04:57:20 -0500] "GET /BLA/boletinlegal/ HTTP/1.1" 200 57945
172.22.2.4 - - [26/Apr/2023:04:59:02 -0500] "GET /BLA/boletinlegal/consulta_normativa.php?tipo=Resolucion&sector=emisiones&ano=2015&resuelve=cerramientos HTTP/1.1" 200 454
172.22.2.4 - - [26/Apr/2023:04:59:05 -0500] "GET /BLA/boletinlegal/consulta_normativa.php?tipo=Resolucion&sector=emisiones&ano=2015&resuelve=cerramientos HTTP/1.1" 200 454
172.22.2.4 - - [26/Apr/2023:04:59:06 -0500] "GET /BLA/boletinlegal/consulta_normativa.php?tipo=Resolucion&sector=fauna&ano=2015&resuelve=cerramientos HTTP/1.1" 200 454
172.22.2.4 - - [26/Apr/2023:04:59:08 -0500] "GET /BLA/boletinlegal/consulta_normativa.php?tipo=Resolucion&sector=hidrocarburos&ano=2015&resuelve=cerramientos HTTP/1.1" 200 454
172.22.2.4 - - [26/Apr/2023:04:59:11 -0500] "GET /BLA/boletinlegal/consulta_normativa.php?tipo=Resolucion&sector=licencia&ano=2015&resuelve=cerramientos HTTP/1.1" 200 454
201.245.192.253 - - [26/Apr/2023:05:00:38 -0500] "POST /kwsrmcab/Wsrmcab  HTTP/1.1" 200 41796
216.245.221.92 - - [26/Apr/2023:05:02:46 -0500] "HEAD / HTTP/1.1" 200 -
40.77.167.94 - - [26/Apr/2023:05:03:54 -0500] "GET /Autoliquidacion/ HTTP/1.1" 200 7098
172.22.2.4 - - [26/Apr/2023:05:02:20 -0500] "HEAD /BLA/boletinlegal/ HTTP/1.1" 200 -
191.156.224.231 - - [26/Apr/2023:05:04:07 -0500] "GET /mujeres-que-reverdecen-secretaria-de-ambiente-anuncia-300-cupos-para-la-tercera-fase-del-programa.html HTTP/1.1" 304 -
172.22.2.4 - - [26/Apr/2023:05:03:10 -0500] "GET /BLA/boletinlegal/ HTTP/1.1" 200 52326
201.245.192.253 - - [26/Apr/2023:05:05:37 -0500] "POST /kwsrmcab/Wsrmcab  HTTP/1.1" 200 41796
216.245.221.92 - - [26/Apr/2023:05:07:46 -0500] "HEAD / HTTP/1.1" 200 -
172.22.2.4 - - [26/Apr/2023:05:08:10 -0500] "HEAD /BLA/boletinlegal/ HTTP/1.1" 200 -
201.245.192.253 - - [26/Apr/2023:05:10:36 -0500] "POST /kwsrmcab/Wsrmcab  HTTP/1.1" 200 41796
172.22.2.4 - - [26/Apr/2023:05:09:00 -0500] "GET /BLA/boletinlegal/ HTTP/1.1" 200 57561
66.249.66.86 - - [26/Apr/2023:05:10:54 -0500] "-" 408 -
52.167.144.125 - - [26/Apr/2023:05:11:48 -0500] "GET /BLA/resoluciones/index.php?dir=AUTOS+2022%2F HTTP/1.1" 200 483998
216.245.221.92 - - [26/Apr/2023:05:12:46 -0500] "HEAD / HTTP/1.1" 200 -
172.22.2.4 - - [26/Apr/2023:05:14:27 -0500] "GET /BLA/boletinlegal/Circulares/2021/CIRCULAR%20No.%2000009%20DEL%2001%20DE%20OCTUBRE%20DEL%202021.pdf HTTP/1.1" 200 320793
201.245.192.253 - - [26/Apr/2023:05:15:36 -0500] "POST /kwsrmcab/Wsrmcab  HTTP/1.1" 200 41796
172.22.2.4 - - [26/Apr/2023:05:14:00 -0500] "HEAD /BLA/boletinlegal/ HTTP/1.1" 200 -
172.22.2.4 - - [26/Apr/2023:05:14:51 -0500] "GET /BLA/boletinlegal/ HTTP/1.1" 200 57945
157.55.39.207 - - [26/Apr/2023:05:16:32 -0500] "GET /BLA/resoluciones/AUTOS%202021/0462.pdf HTTP/1.1" 304 -
216.245.221.92 - - [26/Apr/2023:05:17:46 -0500] "HEAD / HTTP/1.1" 200 -
52.167.144.62 - - [26/Apr/2023:05:18:27 -0500] "GET /BLA/resoluciones/ HTTP/1.1" 200 13502
52.167.144.62 - - [26/Apr/2023:05:18:28 -0500] "GET /BLA/resoluciones/AUTOS%202021/4596.pdf HTTP/1.1" 304 -
66.249.66.84 - - [26/Apr/2023:05:19:25 -0500] "-" 408 -
201.245.192.253 - - [26/Apr/2023:05:19:36 -0500] "POST /kwsrmcab/Wsrmcab HTTP/1.1" 200 43007
201.245.192.253 - - [26/Apr/2023:05:19:38 -0500] "POST /kwsrmcab/Wsrmcab HTTP/1.1" 200 43157
201.245.192.253 - - [26/Apr/2023:05:20:35 -0500] "POST /kwsrmcab/Wsrmcab  HTTP/1.1" 200 41796
172.22.2.4 - - [26/Apr/2023:05:19:50 -0500] "HEAD /BLA/boletinlegal/ HTTP/1.1" 200 -
172.22.2.4 - - [26/Apr/2023:05:20:40 -0500] "GET /BLA/boletinlegal/ HTTP/1.1" 200 57561
34.91.208.1 - - [26/Apr/2023:05:22:44 -0500] "GET /inventario-de-emisiones-2020-transporte-publico-sitp-redujo-emisiones-de-pm-2-5-en-un-37.html HTTP/1.1" 200 925
216.245.221.92 - - [26/Apr/2023:05:22:46 -0500] "HEAD / HTTP/1.1" 200 -
193.32.162.159 - - [26/Apr/2023:05:22:57 -0500] "GET / HTTP/1.1" 200 319
193.32.162.159 - - [26/Apr/2023:05:23:08 -0500] "GET /dispatch.asp HTTP/1.1" 404 1018
186.84.91.73 - - [26/Apr/2023:05:24:05 -0500] "GET /BLA/resoluciones/ HTTP/1.1" 200 13502
186.84.91.73 - - [26/Apr/2023:05:24:06 -0500] "GET /BLA/resoluciones/dlf/styles.css HTTP/1.1" 200 3049
186.84.91.73 - - [26/Apr/2023:05:24:06 -0500] "GET /BLA/resoluciones/dlf/folder.png HTTP/1.1" 200 410
186.84.91.73 - - [26/Apr/2023:05:24:06 -0500] "GET /BLA/resoluciones/dlf/bg.gif HTTP/1.1" 200 54
186.84.91.73 - - [26/Apr/2023:05:24:09 -0500] "GET /BLA/resoluciones/dlf/dirup.png HTTP/1.1" 200 644
186.84.91.73 - - [26/Apr/2023:05:24:09 -0500] "GET /BLA/resoluciones/index.php?dir=RESOLUCIONES+2019%2F HTTP/1.1" 200 251026
186.84.91.73 - - [26/Apr/2023:05:24:09 -0500] "GET /BLA/resoluciones/dlf/pdf.gif HTTP/1.1" 200 272
186.84.91.73 - - [26/Apr/2023:05:24:16 -0500] "GET /BLA/resoluciones/RESOLUCIONES%202019/0457.pdf HTTP/1.1" 200 460700
40.77.167.240 - - [26/Apr/2023:05:24:58 -0500] "GET /portaldeninos/parque-mirador-de-los-nevados/ HTTP/1.1" 200 89855
156.59.196.11 - - [26/Apr/2023:05:25:04 -0500] "GET /mesa/video.mp4 HTTP/1.1" 200 99530968
201.245.192.253 - - [26/Apr/2023:05:25:34 -0500] "POST /kwsrmcab/Wsrmcab  HTTP/1.1" 200 41796
52.167.144.63 - - [26/Apr/2023:05:26:13 -0500] "GET /BLA/resoluciones/AUTOS%202021/0798.pdf HTTP/1.1" 304 -
191.156.148.1 - - [26/Apr/2023:05:26:22 -0500] "GET /mujeres-que-reverdecen-secretaria-de-ambiente-anuncia-300-cupos-para-la-tercera-fase-del-programa.html HTTP/1.1" 200 823
172.22.2.4 - - [26/Apr/2023:05:26:47 -0500] "GET /BLA/boletinlegal/actos.php HTTP/1.1" 200 9682
172.22.2.4 - - [26/Apr/2023:05:25:40 -0500] "HEAD /BLA/boletinlegal/ HTTP/1.1" 200 -
216.245.221.92 - - [26/Apr/2023:05:27:46 -0500] "HEAD / HTTP/1.1" 200 -
66.249.66.84 - - [26/Apr/2023:05:27:49 -0500] "-" 408 -
172.22.2.4 - - [26/Apr/2023:05:26:30 -0500] "GET /BLA/boletinlegal/ HTTP/1.1" 200 57561
172.22.2.4 - - [26/Apr/2023:05:29:10 -0500] "GET /BLA/boletinlegal/style.css HTTP/1.1" 200 9406
172.22.2.4 - - [26/Apr/2023:05:29:10 -0500] "GET /BLA/boletinlegal/styles2.css HTTP/1.1" 200 1838
172.22.2.4 - - [26/Apr/2023:05:29:10 -0500] "GET /BLA/boletinlegal/js/jquery.js HTTP/1.1" 200 57254
172.22.2.4 - - [26/Apr/2023:05:29:10 -0500] "GET /BLA/boletinlegal/js/jquery.scrollTo-min.js HTTP/1.1" 200 1150
172.22.2.4 - - [26/Apr/2023:05:29:10 -0500] "GET /BLA/boletinlegal/js/jquery.scrollShow.js HTTP/1.1" 200 4586
172.22.2.4 - - [26/Apr/2023:05:29:10 -0500] "GET /BLA/boletinlegal/images/cabezote%20BLEGAL.jpg HTTP/1.1" 200 118164
172.22.2.4 - - [26/Apr/2023:05:29:10 -0500] "GET /BLA/boletinlegal/images/subscribe-icon-big.png HTTP/1.1" 200 47702
172.22.2.4 - - [26/Apr/2023:05:29:10 -0500] "GET /BLA/boletinlegal/images/registro-usuarios.png HTTP/1.1" 200 8106
172.22.2.4 - - [26/Apr/2023:05:29:10 -0500] "GET /BLA/boletinlegal/images/arr_l.jpg HTTP/1.1" 200 1979
172.22.2.4 - - [26/Apr/2023:05:29:10 -0500] "GET /BLA/boletinlegal/images/historia.png HTTP/1.1" 200 52775
172.22.2.4 - - [26/Apr/2023:05:29:10 -0500] "GET /BLA/boletinlegal/images/screen_1.png HTTP/1.1" 200 202547
172.22.2.4 - - [26/Apr/2023:05:29:10 -0500] "GET /BLA/boletinlegal/images/body_bg.jpg HTTP/1.1" 200 1601
172.22.2.4 - - [26/Apr/2023:05:29:10 -0500] "GET /BLA/boletinlegal/images/menu_lft.gif HTTP/1.1" 200 1713
172.22.2.4 - - [26/Apr/2023:05:29:10 -0500] "GET /BLA/boletinlegal/images/bg_top.jpg HTTP/1.1" 200 522
172.22.2.4 - - [26/Apr/2023:05:29:10 -0500] "GET /BLA/boletinlegal/images/menu_bg.jpg HTTP/1.1" 200 620
172.22.2.4 - - [26/Apr/2023:05:29:10 -0500] "GET /BLA/boletinlegal/images/menu_rght.gif HTTP/1.1" 200 1627
172.22.2.4 - - [26/Apr/2023:05:29:10 -0500] "GET /BLA/boletinlegal/images/text.jpg HTTP/1.1" 200 568
172.22.2.4 - - [26/Apr/2023:05:29:10 -0500] "GET /BLA/boletinlegal/images/hover.jpg HTTP/1.1" 200 640
172.22.2.4 - - [26/Apr/2023:05:29:10 -0500] "GET /BLA/boletinlegal/images/launch.jpg HTTP/1.1" 200 14577
172.22.2.4 - - [26/Apr/2023:05:29:11 -0500] "GET /BLA/boletinlegal/actos.php HTTP/1.1" 200 9682
172.22.2.4 - - [26/Apr/2023:05:29:11 -0500] "GET /BLA/boletinlegal/niceforms.js HTTP/1.1" 200 22876
172.22.2.4 - - [26/Apr/2023:05:29:12 -0500] "GET /BLA/boletinlegal/js/ajax_actos.js HTTP/1.1" 200 1322
172.22.2.4 - - [26/Apr/2023:05:29:12 -0500] "GET /BLA/boletinlegal/niceforms-default.css HTTP/1.1" 200 6694
172.22.2.4 - - [26/Apr/2023:05:29:12 -0500] "GET /BLA/boletinlegal/js/popup.js HTTP/1.1" 200 1270
172.22.2.4 - - [26/Apr/2023:05:29:12 -0500] "GET /BLA/boletinlegal/js/lib.js HTTP/1.1" 200 6474
172.22.2.4 - - [26/Apr/2023:05:29:12 -0500] "GET /BLA/boletinlegal/js/jquery1.js HTTP/1.1" 200 29846
172.22.2.4 - - [26/Apr/2023:05:29:12 -0500] "GET /BLA/boletinlegal/images/green-yellow-blue-pink-th.png HTTP/1.1" 200 7394
172.22.2.4 - - [26/Apr/2023:05:29:12 -0500] "GET /BLA/boletinlegal/images/tel.png HTTP/1.1" 200 14477
172.22.2.4 - - [26/Apr/2023:05:29:12 -0500] "GET /BLA/boletinlegal/images/icono-email.png HTTP/1.1" 200 5544
172.22.2.4 - - [26/Apr/2023:05:29:12 -0500] "GET /BLA/boletinlegal/images/footer_bg.jpg HTTP/1.1" 200 586
172.22.2.4 - - [26/Apr/2023:05:29:12 -0500] "GET /BLA/boletinlegal/images/footer_bg_l.jpg HTTP/1.1" 200 776
172.22.2.4 - - [26/Apr/2023:05:29:12 -0500] "GET /BLA/boletinlegal/img/0.png HTTP/1.1" 200 110
172.22.2.4 - - [26/Apr/2023:05:29:12 -0500] "GET /BLA/boletinlegal/img/select-left.png HTTP/1.1" 200 263
172.22.2.4 - - [26/Apr/2023:05:29:12 -0500] "GET /BLA/boletinlegal/img/button-left.png HTTP/1.1" 200 57071
172.22.2.4 - - [26/Apr/2023:05:29:12 -0500] "GET /BLA/boletinlegal/img/button-right.png HTTP/1.1" 200 57878
172.22.2.4 - - [26/Apr/2023:05:29:12 -0500] "GET /BLA/boletinlegal/img/select-right.png HTTP/1.1" 200 44019
172.22.2.4 - - [26/Apr/2023:05:29:12 -0500] "GET /BLA/boletinlegal/img/button.png HTTP/1.1" 200 43241
172.22.2.4 - - [26/Apr/2023:05:29:12 -0500] "GET /BLA/boletinlegal/favicon.ico HTTP/1.1" 404 1326
201.185.97.236 - - [26/Apr/2023:05:29:18 -0500] "GET /BLA/resoluciones/dlf/styles.css HTTP/1.1" 200 3049
201.185.97.236 - - [26/Apr/2023:05:29:18 -0500] "GET /BLA/resoluciones/ HTTP/1.1" 200 13502
201.185.97.236 - - [26/Apr/2023:05:29:18 -0500] "GET /BLA/resoluciones/dlf/folder.png HTTP/1.1" 200 410
201.185.97.236 - - [26/Apr/2023:05:29:18 -0500] "GET /BLA/resoluciones/dlf/bg.gif HTTP/1.1" 200 54
201.185.97.236 - - [26/Apr/2023:05:29:22 -0500] "GET /BLA/resoluciones/dlf/pdf.gif HTTP/1.1" 200 272
201.185.97.236 - - [26/Apr/2023:05:29:22 -0500] "GET /BLA/resoluciones/dlf/dirup.png HTTP/1.1" 200 644
201.185.97.236 - - [26/Apr/2023:05:29:22 -0500] "GET /BLA/resoluciones/index.php?dir=AUTOS+2022%2F HTTP/1.1" 200 483998
162.55.175.144 - - [26/Apr/2023:05:29:35 -0500] "GET / HTTP/1.1" 200 319
201.245.192.253 - - [26/Apr/2023:05:29:36 -0500] "POST /kwsrmcab/Wsrmcab HTTP/1.1" 200 43007
201.245.192.253 - - [26/Apr/2023:05:29:39 -0500] "POST /kwsrmcab/Wsrmcab HTTP/1.1" 200 43157
172.22.2.4 - - [26/Apr/2023:05:29:10 -0500] "GET /BLA/boletinlegal/ HTTP/1.1" 200 24523
201.245.192.253 - - [26/Apr/2023:05:30:34 -0500] "POST /kwsrmcab/Wsrmcab  HTTP/1.1" 200 41796
172.22.2.4 - - [26/Apr/2023:05:31:10 -0500] "GET /BLA/boletinlegal/robots.txt HTTP/1.1" 404 1038
52.167.144.125 - - [26/Apr/2023:05:31:13 -0500] "GET /Publicaciones/2023EE63438.pdf HTTP/1.1" 404 227
181.59.3.127 - - [26/Apr/2023:05:31:51 -0500] "GET /mujeres-que-reverdecen-secretaria-de-ambiente-anuncia-300-cupos-para-la-tercera-fase-del-programa.html HTTP/1.1" 200 823
186.84.91.73 - - [26/Apr/2023:05:32:35 -0500] "GET /BLA/resoluciones/dlf/unknown.png HTTP/1.1" 200 266
186.84.91.73 - - [26/Apr/2023:05:32:35 -0500] "GET /BLA/resoluciones/index.php?dir=RESOLUCIONES+2016%2F HTTP/1.1" 200 171306
40.77.167.94 - - [26/Apr/2023:05:32:36 -0500] "GET /bla/resoluciones/resoluciones%202019/3104.pdf HTTP/1.1" 200 650800
216.245.221.92 - - [26/Apr/2023:05:32:46 -0500] "HEAD / HTTP/1.1" 200 -
172.22.2.4 - - [26/Apr/2023:05:31:12 -0500] "GET /BLA/boletinlegal/ HTTP/1.1" 200 53561
172.22.2.4 - - [26/Apr/2023:05:31:30 -0500] "HEAD /BLA/boletinlegal/ HTTP/1.1" 200 -
66.249.66.71 - - [26/Apr/2023:05:33:27 -0500] "-" 408 -
172.22.2.4 - - [26/Apr/2023:05:32:20 -0500] "GET /BLA/boletinlegal/ HTTP/1.1" 200 53924
66.249.66.84 - - [26/Apr/2023:05:34:09 -0500] "-" 408 -
52.167.144.27 - - [26/Apr/2023:05:34:55 -0500] "GET /bla/resoluciones/resoluciones%202021/2410.pdf HTTP/1.1" 200 463257
40.77.167.240 - - [26/Apr/2023:05:35:13 -0500] "GET /los-pies-descalzos-que-recorrieron-chinavita-boyaca-y-que-hoy-siembran-esperanza-en-bogota.html HTTP/1.1" 200 802
201.245.192.253 - - [26/Apr/2023:05:35:33 -0500] "POST /kwsrmcab/Wsrmcab  HTTP/1.1" 200 41796
216.245.221.92 - - [26/Apr/2023:05:37:46 -0500] "HEAD / HTTP/1.1" 200 -
172.22.2.4 - - [26/Apr/2023:05:37:20 -0500] "HEAD /BLA/boletinlegal/ HTTP/1.1" 200 -
201.245.192.253 - - [26/Apr/2023:05:39:36 -0500] "POST /kwsrmcab/Wsrmcab HTTP/1.1" 200 43007
201.245.192.253 - - [26/Apr/2023:05:39:38 -0500] "POST /kwsrmcab/Wsrmcab HTTP/1.1" 200 43157
172.22.2.4 - - [26/Apr/2023:05:38:10 -0500] "GET /BLA/boletinlegal/ HTTP/1.1" 200 57561
201.245.192.253 - - [26/Apr/2023:05:40:32 -0500] "POST /kwsrmcab/Wsrmcab  HTTP/1.1" 200 41796
66.249.66.84 - - [26/Apr/2023:05:40:40 -0500] "-" 408 -
199.16.157.183 - - [26/Apr/2023:05:41:01 -0500] "GET /images/fachada-secretaria-ambiente-15-octubre.jpg HTTP/1.1" 200 148853
216.245.221.92 - - [26/Apr/2023:05:42:46 -0500] "HEAD / HTTP/1.1" 200 -
198.20.69.98 - - [26/Apr/2023:05:43:42 -0500] "GET / HTTP/1.1" 200 319
172.22.2.4 - - [26/Apr/2023:05:43:10 -0500] "HEAD /BLA/boletinlegal/ HTTP/1.1" 200 -
201.245.192.253 - - [26/Apr/2023:05:45:30 -0500] "POST /kwsrmcab/Wsrmcab  HTTP/1.1" 200 41796
172.22.2.4 - - [26/Apr/2023:05:44:00 -0500] "GET /BLA/boletinlegal/ HTTP/1.1" 200 57151
186.155.14.212 - - [26/Apr/2023:05:46:51 -0500] "GET /BLA/resoluciones/ HTTP/1.1" 200 13502
186.155.14.212 - - [26/Apr/2023:05:46:57 -0500] "GET /BLA/resoluciones/index.php?dir=AUTOS+2017%2F HTTP/1.1" 200 467177
66.249.66.84 - - [26/Apr/2023:05:47:25 -0500] "-" 408 -
186.155.14.212 - - [26/Apr/2023:05:47:30 -0500] "GET /BLA/resoluciones/AUTOS%202017/5185.pdf HTTP/1.1" 200 1417696
216.245.221.92 - - [26/Apr/2023:05:47:46 -0500] "HEAD / HTTP/1.1" 200 -
34.147.70.184 - - [26/Apr/2023:05:48:12 -0500] "GET /inventario-de-emisiones-2020-transporte-publico-sitp-redujo-emisiones-de-pm-2-5-en-un-37.html HTTP/1.1" 200 925
156.59.237.147 - - [26/Apr/2023:05:48:31 -0500] "GET /galeria/galeria/fotos/1GuaymaralTorcaP1.jpg HTTP/1.1" 200 9512
201.245.192.253 - - [26/Apr/2023:05:50:29 -0500] "POST /kwsrmcab/Wsrmcab  HTTP/1.1" 200 41796
40.77.167.84 - - [26/Apr/2023:05:50:38 -0500] "GET /portaldeninos/comments/feed/ HTTP/1.1" 200 1823
172.22.2.4 - - [26/Apr/2023:05:49:00 -0500] "HEAD /BLA/boletinlegal/ HTTP/1.1" 200 -
172.22.2.4 - - [26/Apr/2023:05:49:50 -0500] "GET /BLA/boletinlegal/ HTTP/1.1" 200 57561
156.59.237.146 - - [26/Apr/2023:05:52:08 -0500] "GET /galeria/galeria/fotos/Jaboque1P.jpg HTTP/1.1" 200 29995
216.245.221.92 - - [26/Apr/2023:05:52:46 -0500] "HEAD / HTTP/1.1" 200 -
34.147.70.184 - - [26/Apr/2023:05:53:09 -0500] "GET /inventario-de-emisiones-2020-transporte-publico-sitp-redujo-emisiones-de-pm-2-5-en-un-37.html HTTP/1.1" 200 925
34.91.35.60 - - [26/Apr/2023:05:53:25 -0500] "GET /inventario-de-emisiones-2020-transporte-publico-sitp-redujo-emisiones-de-pm-2-5-en-un-37.html HTTP/1.1" 200 925
34.91.239.8 - - [26/Apr/2023:05:53:26 -0500] "GET /inventario-de-emisiones-2020-transporte-publico-sitp-redujo-emisiones-de-pm-2-5-en-un-37.html HTTP/1.1" 200 925
190.159.184.39 - - [26/Apr/2023:05:55:05 -0500] "GET /BLA/resoluciones/ HTTP/1.1" 200 13502
190.159.184.39 - - [26/Apr/2023:05:55:13 -0500] "GET /BLA/resoluciones/index.php?dir=RESOLUCIONES+2021%2F HTTP/1.1" 200 439136
201.245.192.253 - - [26/Apr/2023:05:55:28 -0500] "POST /kwsrmcab/Wsrmcab  HTTP/1.1" 200 41796
66.249.66.84 - - [26/Apr/2023:05:55:39 -0500] "-" 408 -
173.252.127.24 - - [26/Apr/2023:05:56:20 -0500] "GET /images/incautan-animales-semana-santa-2023.jpeg HTTP/1.1" 200 36611
173.252.127.10 - - [26/Apr/2023:05:56:21 -0500] "GET /images/atencion-al-ciudadano-abril.jpg HTTP/1.1" 200 116523
173.252.127.12 - - [26/Apr/2023:05:56:21 -0500] "GET /images/caminos-de-los-cerros-1_optimized.jpeg HTTP/1.1" 200 49537
173.252.127.118 - - [26/Apr/2023:05:56:21 -0500] "GET /images/mejora-la-calidad-del-aire-en-bogota-5-abril.jpeg HTTP/1.1" 200 44341
173.252.127.24 - - [26/Apr/2023:05:56:21 -0500] "GET /images/rendicion-de-cuentas-post-01-02-(1)_optimized.jpg HTTP/1.1" 200 121430
173.252.127.19 - - [26/Apr/2023:05:56:21 -0500] "GET /images/Adopcion-gatos-y-perros-en-bogota-abril-23.jpeg HTTP/1.1" 200 68661
173.252.127.10 - - [26/Apr/2023:05:56:21 -0500] "GET /images/WhatsApp%20Image%202023-04-05%20at%2013.54.41.jpeg HTTP/1.1" 200 210747
173.252.127.14 - - [26/Apr/2023:05:56:21 -0500] "GET /images/Fauna-silvestre-jornada-sensibilizacion-semana-santa.jpeg HTTP/1.1" 200 50019
173.252.127.15 - - [26/Apr/2023:05:56:21 -0500] "GET /images/palma-de-cera-1-abril_optimized.jpeg HTTP/1.1" 200 171987
172.22.2.4 - - [26/Apr/2023:05:54:50 -0500] "HEAD /BLA/boletinlegal/ HTTP/1.1" 200 -
186.155.14.212 - - [26/Apr/2023:05:56:45 -0500] "GET /BLA/resoluciones/AUTOS%202017/5263.pdf HTTP/1.1" 200 2074099
186.155.14.212 - - [26/Apr/2023:05:56:45 -0500] "GET /BLA/resoluciones/AUTOS%202017/5263.pdf HTTP/1.1" 206 1
186.155.14.212 - - [26/Apr/2023:05:56:45 -0500] "GET /BLA/resoluciones/AUTOS%202017/5263.pdf HTTP/1.1" 206 1806973
49.7.20.69 - - [26/Apr/2023:05:56:56 -0500] "GET / HTTP/1.1" 200 319
172.22.2.4 - - [26/Apr/2023:05:55:41 -0500] "GET /BLA/boletinlegal/ HTTP/1.1" 200 52730
216.245.221.92 - - [26/Apr/2023:05:57:46 -0500] "HEAD / HTTP/1.1" 200 -
172.22.2.4 - - [26/Apr/2023:05:57:50 -0500] "GET /BLA/boletinlegal/ HTTP/1.1" 200 61759
201.245.192.253 - - [26/Apr/2023:06:00:28 -0500] "POST /kwsrmcab/Wsrmcab  HTTP/1.1" 200 41796
66.249.66.84 - - [26/Apr/2023:06:01:37 -0500] "-" 408 -
52.167.144.125 - - [26/Apr/2023:06:01:46 -0500] "GET /BLA/resoluciones/AUTOS%202020/4242.pdf HTTP/1.1" 200 1057780
172.22.2.4 - - [26/Apr/2023:06:00:40 -0500] "HEAD /BLA/boletinlegal/ HTTP/1.1" 200 -
186.102.0.95 - - [26/Apr/2023:06:02:23 -0500] "GET /mujeres-que-reverdec HTTP/1.1" 404 1136
186.102.0.95 - - [26/Apr/2023:06:02:24 -0500] "GET /favicon.ico HTTP/1.1" 404 1334
216.245.221.92 - - [26/Apr/2023:06:02:46 -0500] "HEAD / HTTP/1.1" 200 -
172.22.2.4 - - [26/Apr/2023:06:02:55 -0500] "GET /BLA/boletinlegal/actos.php HTTP/1.1" 200 9682
172.22.2.4 - - [26/Apr/2023:06:01:30 -0500] "GET /BLA/boletinlegal/ HTTP/1.1" 200 57945
52.167.144.132 - - [26/Apr/2023:06:03:39 -0500] "-" 408 -
34.91.103.66 - - [26/Apr/2023:06:05:05 -0500] "GET /inventario-de-emisiones-2020-transporte-publico-sitp-redujo-emisiones-de-pm-2-5-en-un-37.html HTTP/1.1" 200 925
201.245.192.253 - - [26/Apr/2023:06:05:23 -0500] "POST /kwsrmcab/Wsrmcab  HTTP/1.1" 200 41796
172.22.2.4 - - [26/Apr/2023:06:04:11 -0500] "GET /BLA/boletinlegal/index.php HTTP/1.1" 200 61759
172.22.2.4 - - [26/Apr/2023:06:05:53 -0500] "GET /BLA/boletinlegal/js/jquery.scrollShow.js HTTP/1.1" 200 4586
84.121.91.121 - - [26/Apr/2023:06:07:13 -0500] "GET /galeria/carrusel/Carrusel/jquery.thumbnailScroller.css HTTP/1.1" 200 2066
84.121.91.121 - - [26/Apr/2023:06:07:14 -0500] "GET /galeria/carrusel/Carrusel/jquery-ui-1.8.13.custom.min.js HTTP/1.1" 200 10800
84.121.91.121 - - [26/Apr/2023:06:07:14 -0500] "GET /galeria/nivo-slider/demo/banner.html HTTP/1.1" 200 5446
