167.220.2.108 - - [28/Apr/2023:03:52:14 -0500] "GET /bla/resoluciones/resoluciones%202021/5512.pdf HTTP/1.1" 200 420460
216.245.221.92 - - [28/Apr/2023:03:53:29 -0500] "HEAD / HTTP/1.1" 200 -
200.118.60.252 - - [28/Apr/2023:03:54:08 -0500] "GET /BLA/resoluciones/index.php HTTP/1.1" 200 13502
200.118.60.252 - - [28/Apr/2023:03:54:11 -0500] "GET /BLA/resoluciones/index.php?dir=AUTOS+2014%2F HTTP/1.1" 200 890036
200.118.60.252 - - [28/Apr/2023:03:54:14 -0500] "GET /BLA/resoluciones/dlf/unknown.png HTTP/1.1" 200 266
200.118.60.252 - - [28/Apr/2023:03:54:16 -0500] "GET /BLA/resoluciones/AUTOS%202014/3504.pdf HTTP/1.1" 200 795244
201.245.192.253 - - [28/Apr/2023:03:54:19 -0500] "POST /kwsrmcab/Wsrmcab  HTTP/1.1" 200 41796
172.22.2.4 - - [28/Apr/2023:03:54:09 -0500] "HEAD /BLA/boletinlegal/ HTTP/1.1" 200 -
172.22.2.4 - - [28/Apr/2023:03:55:00 -0500] "GET /BLA/boletinlegal/ HTTP/1.1" 200 59306
35.234.169.74 - - [28/Apr/2023:03:57:12 -0500] "GET /inventario-de-emisiones-2020-transporte-publico-sitp-redujo-emisiones-de-pm-2-5-en-un-37.html HTTP/1.1" 200 925
216.245.221.92 - - [28/Apr/2023:03:58:29 -0500] "HEAD / HTTP/1.1" 200 -
172.22.2.4 - - [28/Apr/2023:03:59:12 -0500] "GET /BLA/boletinlegal/actos.php HTTP/1.1" 200 9682
201.245.192.253 - - [28/Apr/2023:03:59:19 -0500] "POST /kwsrmcab/Wsrmcab  HTTP/1.1" 200 41796
66.249.77.20 - - [28/Apr/2023:04:00:29 -0500] "-" 408 -
34.147.77.134 - - [28/Apr/2023:04:00:30 -0500] "GET /inventario-de-emisiones-2020-transporte-publico-sitp-redujo-emisiones-de-pm-2-5-en-un-37.html HTTP/1.1" 200 925
35.234.169.74 - - [28/Apr/2023:04:00:39 -0500] "GET /inventario-de-emisiones-2020-transporte-publico-sitp-redujo-emisiones-de-pm-2-5-en-un-37.html HTTP/1.1" 200 925
40.77.167.87 - - [28/Apr/2023:04:00:53 -0500] "GET /BLA/resoluciones/AUTOS%202022/7202.pdf HTTP/1.1" 200 386363
172.22.2.4 - - [28/Apr/2023:03:59:59 -0500] "HEAD /BLA/boletinlegal/ HTTP/1.1" 200 -
34.141.145.41 - - [28/Apr/2023:04:02:04 -0500] "GET /inventario-de-emisiones-2020-transporte-publico-sitp-redujo-emisiones-de-pm-2-5-en-un-37.html HTTP/1.1" 200 925
104.152.52.223 - - [28/Apr/2023:04:02:24 -0500] "GET / HTTP/1.0" 200 319
172.22.2.4 - - [28/Apr/2023:04:00:50 -0500] "GET /BLA/boletinlegal/ HTTP/1.1" 200 52730
216.245.221.92 - - [28/Apr/2023:04:03:29 -0500] "HEAD / HTTP/1.1" 200 -
201.245.192.253 - - [28/Apr/2023:04:04:18 -0500] "POST /kwsrmcab/Wsrmcab  HTTP/1.1" 200 41796
66.249.77.20 - - [28/Apr/2023:04:06:27 -0500] "-" 408 -
40.77.167.87 - - [28/Apr/2023:04:07:04 -0500] "GET /BLA/resoluciones/index.php?dir=AUTOS+2022%2F HTTP/1.1" 200 486117
52.167.144.63 - - [28/Apr/2023:04:07:10 -0500] "GET /BLA/resoluciones/index.php?dir=RESOLUCIONES+2022%2F HTTP/1.1" 200 300731
172.22.2.4 - - [28/Apr/2023:04:05:49 -0500] "HEAD /BLA/boletinlegal/ HTTP/1.1" 200 -
157.55.39.209 - - [28/Apr/2023:04:08:14 -0500] "GET /calidad-del-aire-mejora-percepcion-en-bogota.html HTTP/1.1" 200 773
172.22.2.4 - - [28/Apr/2023:04:06:40 -0500] "GET /BLA/boletinlegal/ HTTP/1.1" 200 54808
216.245.221.92 - - [28/Apr/2023:04:08:29 -0500] "HEAD / HTTP/1.1" 200 -
52.167.144.63 - - [28/Apr/2023:04:08:29 -0500] "GET /BLA/resoluciones/RESOLUCIONES%202022/3431.pdf HTTP/1.1" 200 402258
40.77.167.94 - - [28/Apr/2023:04:08:49 -0500] "GET /BLA/resoluciones/AUTOS%202022/5020.pdf HTTP/1.1" 200 370067
172.22.2.4 - - [28/Apr/2023:04:07:13 -0500] "GET /BLA/boletinlegal/ HTTP/1.1" 200 56287
201.245.192.253 - - [28/Apr/2023:04:09:17 -0500] "POST /kwsrmcab/Wsrmcab  HTTP/1.1" 200 41796
52.167.144.63 - - [28/Apr/2023:04:10:48 -0500] "GET /BLA/resoluciones/AUTOS%202013/0189.pdf HTTP/1.1" 200 2839560
66.249.66.86 - - [28/Apr/2023:04:12:17 -0500] "-" 408 -
172.22.2.4 - - [28/Apr/2023:04:11:39 -0500] "HEAD /BLA/boletinlegal/ HTTP/1.1" 200 -
216.245.221.92 - - [28/Apr/2023:04:13:29 -0500] "HEAD / HTTP/1.1" 200 -
172.22.2.4 - - [28/Apr/2023:04:12:30 -0500] "GET /BLA/boletinlegal/ HTTP/1.1" 200 57151
201.245.192.253 - - [28/Apr/2023:04:14:17 -0500] "POST /kwsrmcab/Wsrmcab  HTTP/1.1" 200 41796
40.77.167.94 - - [28/Apr/2023:04:16:51 -0500] "GET /bla/resoluciones/resoluciones%202020/1945.pdf HTTP/1.1" 200 505557
69.171.249.6 - - [28/Apr/2023:04:17:03 -0500] "GET /images/Adopcion-gatos-y-perros-en-bogota-abril-23.jpeg HTTP/1.1" 200 68661
69.171.249.9 - - [28/Apr/2023:04:17:03 -0500] "GET /images/caminos-de-los-cerros-1_optimized.jpeg HTTP/1.1" 200 49537
69.171.249.1 - - [28/Apr/2023:04:17:06 -0500] "GET /images/palma-de-cera-1-abril_optimized.jpeg HTTP/1.1" 200 171987
216.245.221.92 - - [28/Apr/2023:04:18:29 -0500] "HEAD / HTTP/1.1" 200 -
172.22.2.4 - - [28/Apr/2023:04:17:29 -0500] "HEAD /BLA/boletinlegal/ HTTP/1.1" 200 -
201.245.192.253 - - [28/Apr/2023:04:19:15 -0500] "POST /kwsrmcab/Wsrmcab  HTTP/1.1" 200 41796
66.249.77.20 - - [28/Apr/2023:04:19:22 -0500] "-" 408 -
201.245.192.253 - - [28/Apr/2023:04:19:26 -0500] "POST /kwsrmcab/Wsrmcab HTTP/1.1" 200 43174
201.245.192.253 - - [28/Apr/2023:04:19:29 -0500] "POST /kwsrmcab/Wsrmcab HTTP/1.1" 200 43160
172.22.2.4 - - [28/Apr/2023:04:18:20 -0500] "GET /BLA/boletinlegal/ HTTP/1.1" 200 57151
52.167.144.63 - - [28/Apr/2023:04:20:40 -0500] "GET /bla/resoluciones/resoluciones%202021/2230.pdf HTTP/1.1" 200 975712
172.22.2.4 - - [28/Apr/2023:04:20:54 -0500] "GET /BLA/boletinlegal/style.css HTTP/1.1" 200 9406
172.22.2.4 - - [28/Apr/2023:04:20:54 -0500] "GET /BLA/boletinlegal/styles2.css HTTP/1.1" 200 1838
172.22.2.4 - - [28/Apr/2023:04:20:54 -0500] "GET /BLA/boletinlegal/js/jquery.js HTTP/1.1" 200 57254
172.22.2.4 - - [28/Apr/2023:04:20:54 -0500] "GET /BLA/boletinlegal/js/jquery.scrollTo-min.js HTTP/1.1" 200 1150
172.22.2.4 - - [28/Apr/2023:04:20:54 -0500] "GET /BLA/boletinlegal/js/jquery.scrollShow.js HTTP/1.1" 200 4586
172.22.2.4 - - [28/Apr/2023:04:20:54 -0500] "GET /BLA/boletinlegal/images/cabezote%20BLEGAL.jpg HTTP/1.1" 200 118164
172.22.2.4 - - [28/Apr/2023:04:20:55 -0500] "GET /BLA/boletinlegal/images/subscribe-icon-big.png HTTP/1.1" 200 47702
172.22.2.4 - - [28/Apr/2023:04:20:55 -0500] "GET /BLA/boletinlegal/images/historia.png HTTP/1.1" 200 52775
172.22.2.4 - - [28/Apr/2023:04:20:55 -0500] "GET /BLA/boletinlegal/images/registro-usuarios.png HTTP/1.1" 200 8106
172.22.2.4 - - [28/Apr/2023:04:20:55 -0500] "GET /BLA/boletinlegal/images/arr_l.jpg HTTP/1.1" 200 1979
172.22.2.4 - - [28/Apr/2023:04:20:55 -0500] "GET /BLA/boletinlegal/images/launch.jpg HTTP/1.1" 200 14577
172.22.2.4 - - [28/Apr/2023:04:20:55 -0500] "GET /BLA/boletinlegal/images/screen_1.png HTTP/1.1" 200 202547
172.22.2.4 - - [28/Apr/2023:04:20:56 -0500] "GET /BLA/boletinlegal/images/menu_lft.gif HTTP/1.1" 200 1713
172.22.2.4 - - [28/Apr/2023:04:20:56 -0500] "GET /BLA/boletinlegal/images/body_bg.jpg HTTP/1.1" 200 1601
172.22.2.4 - - [28/Apr/2023:04:20:56 -0500] "GET /BLA/boletinlegal/images/menu_rght.gif HTTP/1.1" 200 1627
172.22.2.4 - - [28/Apr/2023:04:20:56 -0500] "GET /BLA/boletinlegal/images/bg_top.jpg HTTP/1.1" 200 522
172.22.2.4 - - [28/Apr/2023:04:20:56 -0500] "GET /BLA/boletinlegal/images/menu_bg.jpg HTTP/1.1" 200 620
172.22.2.4 - - [28/Apr/2023:04:20:56 -0500] "GET /BLA/boletinlegal/images/text.jpg HTTP/1.1" 200 568
172.22.2.4 - - [28/Apr/2023:04:20:56 -0500] "GET /BLA/boletinlegal/images/hover.jpg HTTP/1.1" 200 640
172.22.2.4 - - [28/Apr/2023:04:21:01 -0500] "GET /BLA/boletinlegal/images/screen_3.png HTTP/1.1" 200 210620
172.22.2.4 - - [28/Apr/2023:04:21:01 -0500] "GET /BLA/boletinlegal/images/screen_5.png HTTP/1.1" 200 368876
172.22.2.4 - - [28/Apr/2023:04:21:01 -0500] "GET /BLA/boletinlegal/images/screen_2.png HTTP/1.1" 200 362502
172.22.2.4 - - [28/Apr/2023:04:21:02 -0500] "GET /BLA/boletinlegal/images/arr_r.jpg HTTP/1.1" 200 1998
172.22.2.4 - - [28/Apr/2023:04:21:10 -0500] "GET /BLA/boletinlegal/images/pdf.gif HTTP/1.1" 200 567
172.22.2.4 - - [28/Apr/2023:04:21:10 -0500] "GET /BLA/boletinlegal/images/footer_bg.jpg HTTP/1.1" 200 586
193.32.162.159 - - [28/Apr/2023:04:21:51 -0500] "GET / HTTP/1.1" 200 319
172.22.2.4 - - [28/Apr/2023:04:21:51 -0500] "GET /BLA/boletinlegal/images/background.gif HTTP/1.1" 200 -
193.32.162.159 - - [28/Apr/2023:04:22:01 -0500] "GET /dispatch.asp HTTP/1.1" 404 1018
172.22.2.4 - - [28/Apr/2023:04:20:54 -0500] "GET /BLA/boletinlegal/ HTTP/1.1" 200 61387
216.245.221.92 - - [28/Apr/2023:04:23:29 -0500] "HEAD / HTTP/1.1" 200 -
201.245.192.253 - - [28/Apr/2023:04:24:14 -0500] "POST /kwsrmcab/Wsrmcab  HTTP/1.1" 200 41796
172.22.2.4 - - [28/Apr/2023:04:23:19 -0500] "HEAD /BLA/boletinlegal/ HTTP/1.1" 200 -
40.77.167.84 - - [28/Apr/2023:04:25:21 -0500] "GET /images/dia-mundial-agua-secretaria-22-marzo.jpg HTTP/1.1" 200 36625
172.22.2.4 - - [28/Apr/2023:04:24:10 -0500] "GET /BLA/boletinlegal/ HTTP/1.1" 200 57945
172.22.2.4 - - [28/Apr/2023:04:25:51 -0500] "GET /BLA/boletinlegal/Circulares/2022/CIRCULAR%20No.%2000003%20DEL%2007%20DE%20MARZO%20DEL%202022.pdf HTTP/1.1" 304 -
172.22.2.4 - - [28/Apr/2023:04:26:10 -0500] "GET /BLA/boletinlegal/.env HTTP/1.1" 404 1038
172.22.2.4 - - [28/Apr/2023:04:26:10 -0500] "POST /BLA/boletinlegal/ HTTP/1.1" 200 24523
172.22.2.4 - - [28/Apr/2023:04:27:06 -0500] "GET /BLA/boletinlegal/ HTTP/1.1" 200 20427
40.77.167.87 - - [28/Apr/2023:04:28:27 -0500] "GET / HTTP/1.1" 200 319
216.245.221.92 - - [28/Apr/2023:04:28:29 -0500] "HEAD / HTTP/1.1" 200 -
201.245.192.253 - - [28/Apr/2023:04:29:12 -0500] "POST /kwsrmcab/Wsrmcab  HTTP/1.1" 200 41796
201.245.192.253 - - [28/Apr/2023:04:29:26 -0500] "POST /kwsrmcab/Wsrmcab HTTP/1.1" 200 43174
201.245.192.253 - - [28/Apr/2023:04:29:29 -0500] "POST /kwsrmcab/Wsrmcab HTTP/1.1" 200 43160
172.22.2.4 - - [28/Apr/2023:04:29:09 -0500] "HEAD /BLA/boletinlegal/ HTTP/1.1" 200 -
172.22.2.4 - - [28/Apr/2023:04:30:24 -0500] "GET /BLA/boletinlegal/ HTTP/1.1" 200 24523
172.22.2.4 - - [28/Apr/2023:04:30:00 -0500] "GET /BLA/boletinlegal/ HTTP/1.1" 200 51620
185.224.128.106 - - [28/Apr/2023:04:31:42 -0500] "GET / HTTP/1.1" 200 319
216.245.221.92 - - [28/Apr/2023:04:33:29 -0500] "HEAD / HTTP/1.1" 200 -
66.249.77.20 - - [28/Apr/2023:04:34:10 -0500] "-" 408 -
201.245.192.253 - - [28/Apr/2023:04:34:11 -0500] "POST /kwsrmcab/Wsrmcab  HTTP/1.1" 200 41796
40.77.167.94 - - [28/Apr/2023:04:34:32 -0500] "GET /BLA/boletinlegal/js/jquery.scrollShow.js HTTP/1.1" 200 4586
40.77.167.94 - - [28/Apr/2023:04:34:32 -0500] "GET /galeria/galeria/jquery.fancybox.css?v=2.1.5 HTTP/1.1" 200 4895
52.167.144.63 - - [28/Apr/2023:04:35:11 -0500] "GET /BLA/resoluciones/RESOLUCIONES%202021/2903.pdf HTTP/1.1" 304 -
40.77.167.94 - - [28/Apr/2023:04:36:22 -0500] "GET /BLA/resoluciones/RESOLUCIONES%202022/1386.pdf HTTP/1.1" 304 -
40.77.167.94 - - [28/Apr/2023:04:36:23 -0500] "GET /forest/ HTTP/1.1" 200 12041
40.77.167.94 - - [28/Apr/2023:04:36:23 -0500] "GET /sipse/faces/faces/autenticacion.xhtml HTTP/1.1" 200 12501
172.22.2.4 - - [28/Apr/2023:04:34:59 -0500] "HEAD /BLA/boletinlegal/ HTTP/1.1" 200 -
172.22.2.4 - - [28/Apr/2023:04:35:49 -0500] "GET /BLA/boletinlegal/ HTTP/1.1" 200 52326
216.245.221.92 - - [28/Apr/2023:04:38:29 -0500] "HEAD / HTTP/1.1" 200 -
201.245.192.253 - - [28/Apr/2023:04:39:10 -0500] "POST /kwsrmcab/Wsrmcab  HTTP/1.1" 200 41796
201.245.192.253 - - [28/Apr/2023:04:39:26 -0500] "POST /kwsrmcab/Wsrmcab HTTP/1.1" 200 43174
201.245.192.253 - - [28/Apr/2023:04:39:31 -0500] "POST /kwsrmcab/Wsrmcab HTTP/1.1" 200 43160
162.142.125.215 - - [28/Apr/2023:04:40:10 -0500] "GET / HTTP/1.1" 200 319
162.142.125.215 - - [28/Apr/2023:04:40:10 -0500] "GET / HTTP/1.1" 200 319
162.142.125.215 - - [28/Apr/2023:04:40:11 -0500] "PRI * HTTP/2.0" 400 946
162.142.125.215 - - [28/Apr/2023:04:40:11 -0500] "GET /favicon.ico HTTP/1.1" 200 7782
172.22.2.4 - - [28/Apr/2023:04:41:00 -0500] "GET /BLA/boletinlegal/actos.php HTTP/1.1" 200 9682
34.91.58.80 - - [28/Apr/2023:04:41:24 -0500] "GET /inventario-de-emisiones-2020-transporte-publico-sitp-redujo-emisiones-de-pm-2-5-en-un-37.html HTTP/1.1" 200 925
66.249.77.20 - - [28/Apr/2023:04:41:48 -0500] "-" 408 -
172.22.2.4 - - [28/Apr/2023:04:40:49 -0500] "HEAD /BLA/boletinlegal/ HTTP/1.1" 200 -
172.22.2.4 - - [28/Apr/2023:04:41:40 -0500] "GET /BLA/boletinlegal/ HTTP/1.1" 200 52326
216.245.221.92 - - [28/Apr/2023:04:43:29 -0500] "HEAD / HTTP/1.1" 200 -
66.249.66.86 - - [28/Apr/2023:04:43:49 -0500] "-" 408 -
201.245.192.253 - - [28/Apr/2023:04:44:09 -0500] "POST /kwsrmcab/Wsrmcab  HTTP/1.1" 200 41796
198.235.24.147 - - [28/Apr/2023:04:45:52 -0500] "\x16\x03\x01" 400 226
34.90.124.37 - - [28/Apr/2023:04:47:14 -0500] "GET /inventario-de-emisiones-2020-transporte-publico-sitp-redujo-emisiones-de-pm-2-5-en-un-37.html HTTP/1.1" 200 925
172.22.2.4 - - [28/Apr/2023:04:46:39 -0500] "HEAD /BLA/boletinlegal/ HTTP/1.1" 200 -
216.245.221.92 - - [28/Apr/2023:04:48:29 -0500] "HEAD / HTTP/1.1" 200 -
69.63.184.5 - - [28/Apr/2023:04:49:08 -0500] "GET /images/mujeres-que-reverdecen.jpg HTTP/1.1" 200 31358
172.22.2.4 - - [28/Apr/2023:04:47:30 -0500] "GET /BLA/boletinlegal/ HTTP/1.1" 200 59306
201.245.192.253 - - [28/Apr/2023:04:49:08 -0500] "POST /kwsrmcab/Wsrmcab  HTTP/1.1" 200 41796
66.249.66.84 - - [28/Apr/2023:04:50:09 -0500] "-" 408 -
40.77.167.114 - - [28/Apr/2023:04:50:44 -0500] "GET /portaldeninos/wp-content/uploads/2020/01/Fauna-gif.gif HTTP/1.1" 200 3779027
34.90.124.37 - - [28/Apr/2023:04:52:10 -0500] "GET /inventario-de-emisiones-2020-transporte-publico-sitp-redujo-emisiones-de-pm-2-5-en-un-37.html HTTP/1.1" 200 925
40.77.167.184 - - [28/Apr/2023:04:52:51 -0500] "-" 408 -
216.245.221.92 - - [28/Apr/2023:04:53:29 -0500] "HEAD / HTTP/1.1" 200 -
172.22.2.4 - - [28/Apr/2023:04:52:29 -0500] "HEAD /BLA/boletinlegal/ HTTP/1.1" 200 -
201.245.192.253 - - [28/Apr/2023:04:54:07 -0500] "POST /kwsrmcab/Wsrmcab  HTTP/1.1" 200 41796
66.249.77.20 - - [28/Apr/2023:04:54:14 -0500] "-" 408 -
172.22.2.4 - - [28/Apr/2023:04:54:16 -0500] "GET /BLA/boletinlegal/ HTTP/1.1" 200 20427
172.22.2.4 - - [28/Apr/2023:04:53:19 -0500] "GET /BLA/boletinlegal/ HTTP/1.1" 200 53924
66.249.66.84 - - [28/Apr/2023:04:55:55 -0500] "-" 408 -
52.167.144.63 - - [28/Apr/2023:04:56:24 -0500] "GET /BLA/resoluciones/index.php?dir=RESOLUCIONES+2022%2F HTTP/1.1" 200 300731
168.119.253.13 - - [28/Apr/2023:04:56:30 -0500] "GET / HTTP/1.1" 200 319
40.77.167.87 - - [28/Apr/2023:04:56:29 -0500] "GET /BLA/resoluciones/index.php?dir=AUTOS+2022%2F HTTP/1.1" 200 486117
162.55.38.160 - - [28/Apr/2023:04:56:35 -0500] "GET / HTTP/1.1" 200 319
216.245.221.92 - - [28/Apr/2023:04:58:29 -0500] "HEAD / HTTP/1.1" 200 -
201.245.192.253 - - [28/Apr/2023:04:59:06 -0500] "POST /kwsrmcab/Wsrmcab  HTTP/1.1" 200 41796
172.22.2.4 - - [28/Apr/2023:04:58:19 -0500] "HEAD /BLA/boletinlegal/ HTTP/1.1" 200 -
172.22.2.4 - - [28/Apr/2023:04:59:10 -0500] "GET /BLA/boletinlegal/ HTTP/1.1" 200 57561
66.249.66.84 - - [28/Apr/2023:05:01:47 -0500] "-" 408 -
216.245.221.92 - - [28/Apr/2023:05:03:29 -0500] "HEAD / HTTP/1.1" 200 -
201.245.192.253 - - [28/Apr/2023:05:04:06 -0500] "POST /kwsrmcab/Wsrmcab  HTTP/1.1" 200 41796
65.154.226.166 - - [28/Apr/2023:05:05:00 -0500] "GET /portaldeninos/wp-content/uploads/useanyfont/uaf.css?ver=1589905315 HTTP/1.1" 200 408
65.154.226.166 - - [28/Apr/2023:05:05:00 -0500] "GET /portaldeninos/wp-content/themes/betheme/style.css?ver=20.9.6 HTTP/1.1" 200 287
65.154.226.166 - - [28/Apr/2023:05:05:00 -0500] "GET /portaldeninos/wp-content/plugins/gallery-videos/CSS/Total-Soft-Gallery-Video-Widget.css?ver=4.9.8 HTTP/1.1" 200 51554
65.154.226.166 - - [28/Apr/2023:05:05:00 -0500] "GET /portaldeninos/wp-content/plugins/gallery-videos/CSS/totalsoft.css?ver=4.9.8 HTTP/1.1" 200 40622
65.154.226.166 - - [28/Apr/2023:05:05:00 -0500] "GET /portaldeninos/wp-content/themes/betheme/css/base.css?ver=20.9.6 HTTP/1.1" 200 57283
65.154.226.166 - - [28/Apr/2023:05:05:03 -0500] "GET /portaldeninos/wp-content/themes/betheme/assets/animations/animations.min.css?ver=20.9.6 HTTP/1.1" 200 58508
65.154.226.166 - - [28/Apr/2023:05:05:05 -0500] "GET /portaldeninos/wp-content/themes/betheme/assets/jplayer/css/jplayer.blue.monday.css?ver=20.9.6 HTTP/1.1" 200 9834
65.154.226.166 - - [28/Apr/2023:05:05:05 -0500] "GET /portaldeninos/wp-content/themes/betheme/assets/ui/jquery.ui.all.css?ver=20.9.6 HTTP/1.1" 200 18765
65.154.226.166 - - [28/Apr/2023:05:05:05 -0500] "GET /portaldeninos/wp-includes/js/jquery/jquery-migrate.min.js?ver=1.4.1 HTTP/1.1" 200 10056
65.154.226.166 - - [28/Apr/2023:05:05:05 -0500] "GET /portaldeninos/wp-content/plugins/google-analytics-for-wordpress/assets/js/frontend-gtag.min.js?ver=8.5.0 HTTP/1.1" 200 11801
65.154.226.166 - - [28/Apr/2023:05:05:05 -0500] "GET /portaldeninos/wp-includes/js/jquery/ui/core.min.js?ver=1.11.4 HTTP/1.1" 200 4000
65.154.226.166 - - [28/Apr/2023:05:05:05 -0500] "GET /portaldeninos/wp-content/plugins/gallery-videos/JS/modernizr.custom.js?ver=4.9.8 HTTP/1.1" 200 9019
65.154.226.166 - - [28/Apr/2023:05:05:05 -0500] "GET /portaldeninos/wp-content/themes/betheme/css/responsive.css?ver=20.9.6 HTTP/1.1" 200 55740
65.154.226.166 - - [28/Apr/2023:05:05:03 -0500] "GET /portaldeninos/wp-content/themes/betheme/css/shortcodes.css?ver=20.9.6 HTTP/1.1" 200 138889
65.154.226.166 - - [28/Apr/2023:05:05:00 -0500] "GET /portaldeninos/wp-content/themes/betheme/css/layout.css?ver=20.9.6 HTTP/1.1" 200 116639
65.154.226.166 - - [28/Apr/2023:05:05:05 -0500] "GET /portaldeninos/wp-includes/js/jquery/ui/widget.min.js?ver=1.11.4 HTTP/1.1" 200 6908
65.154.226.166 - - [28/Apr/2023:05:05:06 -0500] "GET /portaldeninos/wp-includes/js/jquery/ui/mouse.min.js?ver=1.11.4 HTTP/1.1" 200 3148
65.154.226.166 - - [28/Apr/2023:05:05:05 -0500] "GET /portaldeninos/wp-content/plugins/gallery-videos/JS/Total-Soft-Gallery-Video-Widget.js?ver=4.9.8 HTTP/1.1" 200 80264
65.154.226.166 - - [28/Apr/2023:05:05:06 -0500] "GET /portaldeninos/wp-includes/js/jquery/ui/accordion.min.js?ver=1.11.4 HTTP/1.1" 200 8584
65.154.226.166 - - [28/Apr/2023:05:05:06 -0500] "GET /portaldeninos/wp-includes/js/jquery/ui/tabs.min.js?ver=1.11.4 HTTP/1.1" 200 12110
65.154.226.166 - - [28/Apr/2023:05:05:06 -0500] "GET /portaldeninos/wp-content/themes/betheme/js/menu.js?ver=20.9.6 HTTP/1.1" 200 2449
65.154.226.166 - - [28/Apr/2023:05:05:06 -0500] "GET /portaldeninos/wp-content/themes/betheme/assets/animations/animations.min.js?ver=20.9.6 HTTP/1.1" 200 1896
65.154.226.166 - - [28/Apr/2023:05:05:06 -0500] "GET /portaldeninos/wp-includes/js/jquery/ui/sortable.min.js?ver=1.11.4 HTTP/1.1" 200 24899
65.154.226.166 - - [28/Apr/2023:05:05:06 -0500] "GET /portaldeninos/wp-includes/js/wp-embed.min.js?ver=4.9.8 HTTP/1.1" 200 1398
65.154.226.166 - - [28/Apr/2023:05:05:05 -0500] "GET /portaldeninos/wp-includes/js/jquery/jquery.js?ver=1.12.4 HTTP/1.1" 200 97184
65.154.226.166 - - [28/Apr/2023:05:05:06 -0500] "GET /portaldeninos/wp-content/themes/betheme/assets/jplayer/jplayer.min.js?ver=20.9.6 HTTP/1.1" 200 52702
65.154.226.166 - - [28/Apr/2023:05:05:06 -0500] "GET /portaldeninos/wp-content/themes/betheme/js/scripts.js?ver=20.9.6 HTTP/1.1" 200 77162
65.154.226.166 - - [28/Apr/2023:05:05:07 -0500] "GET /portaldeninos/wp-content/themes/betheme/images/box_shadow.png HTTP/1.1" 200 108
65.154.226.166 - - [28/Apr/2023:05:05:07 -0500] "GET /portaldeninos/wp-includes/js/wp-emoji-release.min.js?ver=4.9.8 HTTP/1.1" 200 12026
65.154.226.166 - - [28/Apr/2023:05:05:07 -0500] "GET /portaldeninos/wp-content/themes/betheme/fonts/mfn-icons.woff?93978679 HTTP/1.1" 200 80932
65.154.226.166 - - [28/Apr/2023:05:05:06 -0500] "GET /portaldeninos/wp-content/themes/betheme/js/plugins.js?ver=20.9.6 HTTP/1.1" 200 197151
40.77.167.114 - - [28/Apr/2023:05:05:17 -0500] "GET /%C3%82%C2%BFquieres-aprender-sobre-jardines-verticales-esta-es-tu-oportunidad.html HTTP/1.1" 200 925
172.22.2.4 - - [28/Apr/2023:05:04:09 -0500] "HEAD /BLA/boletinlegal/ HTTP/1.1" 200 -
172.22.2.4 - - [28/Apr/2023:05:04:59 -0500] "GET /BLA/boletinlegal/ HTTP/1.1" 200 57561
181.134.3.124 - - [28/Apr/2023:05:07:31 -0500] "GET /mujeres-que-reverdecen-secretaria-de-ambiente-anuncia-300-cupos-para-la-tercera-fase-del-programa.html HTTP/1.1" 200 823
216.245.221.92 - - [28/Apr/2023:05:08:29 -0500] "HEAD / HTTP/1.1" 200 -
172.22.2.4 - - [28/Apr/2023:05:09:05 -0500] "GET /BLA/boletinlegal/actos.php HTTP/1.1" 200 9682
201.245.192.253 - - [28/Apr/2023:05:09:04 -0500] "POST /kwsrmcab/Wsrmcab  HTTP/1.1" 200 41796
66.249.66.84 - - [28/Apr/2023:05:09:57 -0500] "-" 408 -
172.22.2.4 - - [28/Apr/2023:05:08:45 -0500] "GET /BLA/boletinlegal/ HTTP/1.1" 200 59306
172.22.2.4 - - [28/Apr/2023:05:10:28 -0500] "GET /BLA/boletinlegal/images/screen_3.png HTTP/1.1" 200 210620
172.22.2.4 - - [28/Apr/2023:05:09:59 -0500] "HEAD /BLA/boletinlegal/ HTTP/1.1" 200 -
172.22.2.4 - - [28/Apr/2023:05:11:54 -0500] "GET /BLA/boletinlegal/images/pdf.gif HTTP/1.1" 200 567
172.22.2.4 - - [28/Apr/2023:05:10:49 -0500] "GET /BLA/boletinlegal/ HTTP/1.1" 200 57561
193.32.162.159 - - [28/Apr/2023:05:12:47 -0500] "GET / HTTP/1.1" 200 319
193.32.162.159 - - [28/Apr/2023:05:12:58 -0500] "GET /dispatch.asp HTTP/1.1" 404 1018
172.22.2.4 - - [28/Apr/2023:05:13:07 -0500] "GET /BLA/boletinlegal/images/arr_l.jpg HTTP/1.1" 200 1979
216.245.221.92 - - [28/Apr/2023:05:13:29 -0500] "HEAD / HTTP/1.1" 200 -
201.245.192.253 - - [28/Apr/2023:05:14:03 -0500] "POST /kwsrmcab/Wsrmcab  HTTP/1.1" 200 41796
172.22.2.4 - - [28/Apr/2023:05:14:10 -0500] "GET /BLA/boletinlegal/images/arr_r.jpg HTTP/1.1" 200 1998
172.22.2.4 - - [28/Apr/2023:05:15:04 -0500] "GET /BLA/boletinlegal/images/launch.jpg HTTP/1.1" 200 14577
172.22.2.4 - - [28/Apr/2023:05:15:50 -0500] "GET /BLA/boletinlegal/images/screen_5.png HTTP/1.1" 200 368876
66.249.66.84 - - [28/Apr/2023:05:16:18 -0500] "-" 408 -
172.22.2.4 - - [28/Apr/2023:05:16:29 -0500] "GET /BLA/boletinlegal/images/screen_1.png HTTP/1.1" 200 202547
40.77.167.94 - - [28/Apr/2023:05:16:37 -0500] "GET /bla/resoluciones/resoluciones%202020/1943.pdf HTTP/1.1" 200 499564
34.90.124.37 - - [28/Apr/2023:05:16:39 -0500] "GET /inventario-de-emisiones-2020-transporte-publico-sitp-redujo-emisiones-de-pm-2-5-en-un-37.html HTTP/1.1" 200 925
172.22.2.4 - - [28/Apr/2023:05:17:03 -0500] "GET /BLA/boletinlegal/images/screen_2.png HTTP/1.1" 200 362502
172.22.2.4 - - [28/Apr/2023:05:15:49 -0500] "HEAD /BLA/boletinlegal/ HTTP/1.1" 200 -
172.22.2.4 - - [28/Apr/2023:05:17:31 -0500] "GET /BLA/boletinlegal/images/cabezote%20BLEGAL.jpg HTTP/1.1" 200 118164
52.167.144.63 - - [28/Apr/2023:05:17:54 -0500] "GET /BLA/resoluciones/ HTTP/1.1" 200 13502
172.22.2.4 - - [28/Apr/2023:05:16:39 -0500] "GET /BLA/boletinlegal/ HTTP/1.1" 200 58307
216.245.221.92 - - [28/Apr/2023:05:18:29 -0500] "HEAD / HTTP/1.1" 200 -
201.245.192.253 - - [28/Apr/2023:05:19:02 -0500] "POST /kwsrmcab/Wsrmcab  HTTP/1.1" 200 41796
66.249.77.24 - - [28/Apr/2023:05:19:10 -0500] "-" 408 -
201.245.192.253 - - [28/Apr/2023:05:19:26 -0500] "POST /kwsrmcab/Wsrmcab HTTP/1.1" 200 43027
201.245.192.253 - - [28/Apr/2023:05:19:29 -0500] "POST /kwsrmcab/Wsrmcab HTTP/1.1" 200 43189
123.125.109.93 - - [28/Apr/2023:05:21:26 -0500] "GET / HTTP/1.1" 200 319
66.249.66.84 - - [28/Apr/2023:05:22:04 -0500] "-" 408 -
35.234.169.74 - - [28/Apr/2023:05:22:29 -0500] "GET /inventario-de-emisiones-2020-transporte-publico-sitp-redujo-emisiones-de-pm-2-5-en-un-37.html HTTP/1.1" 200 925
186.102.55.108 - - [28/Apr/2023:05:22:51 -0500] "GET /alista-tu-camara-y-participa-en-el-reto-naturalista-2023.html?fbclid=IwAR2xs4AjseAiA06uqhIsxfcv_4suYEEZ2kWvp4y7piEo7ZWvzInl5jHmNb8 HTTP/1.1" 200 743
172.22.2.4 - - [28/Apr/2023:05:23:04 -0500] "GET /BLA/boletinlegal/actos.php HTTP/1.1" 200 9682
172.22.2.4 - - [28/Apr/2023:05:21:39 -0500] "HEAD /BLA/boletinlegal/ HTTP/1.1" 200 -
216.245.221.92 - - [28/Apr/2023:05:23:29 -0500] "HEAD / HTTP/1.1" 200 -
201.245.192.253 - - [28/Apr/2023:05:23:55 -0500] "POST /kwsrmcab/Wsrmcab  HTTP/1.1" 200 41796
172.22.2.4 - - [28/Apr/2023:05:22:29 -0500] "GET /BLA/boletinlegal/ HTTP/1.1" 200 57151
216.194.80.165 - - [28/Apr/2023:05:26:29 -0500] "GET /alista-tu-camara-y-participa-en-el-reto-naturalista-2023.html HTTP/1.1" 200 743
94.176.81.122 - - [28/Apr/2023:05:26:29 -0500] "GET /dos-guacamayas-fueron-entregadas-en-bogota.html HTTP/1.1" 200 742
185.251.250.226 - - [28/Apr/2023:05:26:29 -0500] "GET /conversatorio-sobre-crisis-climatica-un-espacio-para-repensar-nuestros-comportamientos-y-motivar-cambios-de-habitos.html HTTP/1.1" 200 897
206.204.28.195 - - [28/Apr/2023:05:26:29 -0500] "GET /secretaria-de-ambiente-en-sumapaz-trabajo-de-la-mano-con-los-campesinos-aliados-de-la-conservacion.html HTTP/1.1" 200 853
40.77.167.94 - - [28/Apr/2023:05:26:48 -0500] "GET /bla/resoluciones/resoluciones%202021/2440.pdf HTTP/1.1" 200 1094227
34.141.145.41 - - [28/Apr/2023:05:27:33 -0500] "GET /inventario-de-emisiones-2020-transporte-publico-sitp-redujo-emisiones-de-pm-2-5-en-un-37.html HTTP/1.1" 200 925
34.90.171.93 - - [28/Apr/2023:05:28:04 -0500] "GET /inventario-de-emisiones-2020-transporte-publico-sitp-redujo-emisiones-de-pm-2-5-en-un-37.html HTTP/1.1" 200 925
216.245.221.92 - - [28/Apr/2023:05:28:29 -0500] "HEAD / HTTP/1.1" 200 -
66.249.66.84 - - [28/Apr/2023:05:28:29 -0500] "-" 408 -
201.245.192.253 - - [28/Apr/2023:05:28:53 -0500] "POST /kwsrmcab/Wsrmcab  HTTP/1.1" 200 41796
172.22.2.4 - - [28/Apr/2023:05:27:29 -0500] "HEAD /BLA/boletinlegal/ HTTP/1.1" 200 -
201.245.192.253 - - [28/Apr/2023:05:29:26 -0500] "POST /kwsrmcab/Wsrmcab HTTP/1.1" 200 43027
201.245.192.253 - - [28/Apr/2023:05:29:29 -0500] "POST /kwsrmcab/Wsrmcab HTTP/1.1" 200 43189
51.15.164.30 - - [28/Apr/2023:05:29:40 -0500] "HEAD /alista-tu-camara-y-participa-en-el-reto-naturalista-2023.html HTTP/1.1" 200 -
217.182.175.162 - - [28/Apr/2023:05:29:41 -0500] "HEAD /alista-tu-camara-y-participa-en-el-reto-naturalista-2023.html HTTP/1.1" 200 -
172.22.2.4 - - [28/Apr/2023:05:28:20 -0500] "GET /BLA/boletinlegal/ HTTP/1.1" 200 58307
200.118.60.252 - - [28/Apr/2023:05:30:27 -0500] "GET /BLA/resoluciones/index.php?dir=AUTOS+2022%2F HTTP/1.1" 200 486117
216.245.221.92 - - [28/Apr/2023:05:33:29 -0500] "HEAD / HTTP/1.1" 200 -
201.245.192.253 - - [28/Apr/2023:05:33:50 -0500] "POST /kwsrmcab/Wsrmcab  HTTP/1.1" 200 41796
66.249.66.84 - - [28/Apr/2023:05:34:32 -0500] "-" 408 -
172.22.2.4 - - [28/Apr/2023:05:33:20 -0500] "HEAD /BLA/boletinlegal/ HTTP/1.1" 200 -
172.22.2.4 - - [28/Apr/2023:05:34:10 -0500] "GET /BLA/boletinlegal/ HTTP/1.1" 200 59306
181.56.85.69 - - [28/Apr/2023:05:36:25 -0500] "GET /forest/ HTTP/1.1" 200 12041
181.56.85.69 - - [28/Apr/2023:05:36:55 -0500] "POST /forest/index.php HTTP/1.1" 200 12268
66.249.77.22 - - [28/Apr/2023:05:37:19 -0500] "-" 408 -
216.245.221.92 - - [28/Apr/2023:05:38:29 -0500] "HEAD / HTTP/1.1" 200 -
186.155.14.225 - - [28/Apr/2023:05:38:32 -0500] "GET /BLA/resoluciones/ HTTP/1.1" 200 13502
186.155.14.225 - - [28/Apr/2023:05:38:32 -0500] "GET /favicon.ico HTTP/1.1" 200 7782
201.245.192.253 - - [28/Apr/2023:05:38:48 -0500] "POST /kwsrmcab/Wsrmcab  HTTP/1.1" 200 41796
201.245.192.253 - - [28/Apr/2023:05:39:26 -0500] "POST /kwsrmcab/Wsrmcab HTTP/1.1" 200 43027
201.245.192.253 - - [28/Apr/2023:05:39:29 -0500] "POST /kwsrmcab/Wsrmcab HTTP/1.1" 200 43189
172.22.2.4 - - [28/Apr/2023:05:39:10 -0500] "HEAD /BLA/boletinlegal/ HTTP/1.1" 200 -
186.155.14.225 - - [28/Apr/2023:05:41:19 -0500] "GET /BLA/resoluciones/index.php?dir=AUTOS+2018%2F HTTP/1.1" 200 457306
172.22.2.4 - - [28/Apr/2023:05:40:00 -0500] "GET /BLA/boletinlegal/ HTTP/1.1" 200 57151
66.249.66.84 - - [28/Apr/2023:05:41:51 -0500] "-" 408 -
40.77.167.94 - - [28/Apr/2023:05:42:09 -0500] "GET /BLA/resoluciones/AUTOS%202021/1827.pdf HTTP/1.1" 304 -
216.245.221.92 - - [28/Apr/2023:05:43:29 -0500] "HEAD / HTTP/1.1" 200 -
172.22.2.4 - - [28/Apr/2023:05:43:46 -0500] "GET /BLA/boletinlegal/conceptos/2020/46.pdf HTTP/1.1" 304 -
201.245.192.253 - - [28/Apr/2023:05:43:46 -0500] "POST /kwsrmcab/Wsrmcab  HTTP/1.1" 200 41796
172.22.2.4 - - [28/Apr/2023:05:45:00 -0500] "HEAD /BLA/boletinlegal/ HTTP/1.1" 200 -
52.167.144.63 - - [28/Apr/2023:05:46:39 -0500] "GET /BLA/resoluciones/index.php?dir=RESOLUCIONES+2022%2F HTTP/1.1" 200 300731
40.77.167.87 - - [28/Apr/2023:05:46:44 -0500] "GET /BLA/resoluciones/index.php?dir=AUTOS+2022%2F HTTP/1.1" 200 486117
173.252.95.2 - - [28/Apr/2023:05:47:26 -0500] "GET /alista-tu-camara-y-participa-en-el-reto-naturalista-2023.html?fbclid=IwAR2wYaQiAtUBW-m1FjUEs1yMypjfLqP54FJGouZov5NKvqD3ZGgPb2At0h4 HTTP/1.1" 200 743
172.22.2.4 - - [28/Apr/2023:05:45:50 -0500] "GET /BLA/boletinlegal/ HTTP/1.1" 200 52326
52.167.144.63 - - [28/Apr/2023:05:48:07 -0500] "GET /BLA/resoluciones/AUTOS%202021/1612.pdf HTTP/1.1" 304 -
216.245.221.92 - - [28/Apr/2023:05:48:29 -0500] "HEAD / HTTP/1.1" 200 -
201.245.192.253 - - [28/Apr/2023:05:48:45 -0500] "POST /kwsrmcab/Wsrmcab  HTTP/1.1" 200 41796
66.249.66.84 - - [28/Apr/2023:05:50:46 -0500] "-" 408 -
172.22.2.4 - - [28/Apr/2023:05:50:50 -0500] "HEAD /BLA/boletinlegal/ HTTP/1.1" 200 -
172.22.2.4 - - [28/Apr/2023:05:51:40 -0500] "GET /BLA/boletinlegal/ HTTP/1.1" 200 52326
216.245.221.92 - - [28/Apr/2023:05:53:29 -0500] "HEAD / HTTP/1.1" 200 -
201.245.192.253 - - [28/Apr/2023:05:53:44 -0500] "POST /kwsrmcab/Wsrmcab  HTTP/1.1" 200 41796
173.252.95.116 - - [28/Apr/2023:05:55:41 -0500] "GET /images/WhatsApp%20Image%202023-04-26%20at%2011.09.07%20AM.jpeg HTTP/1.1" 200 152382
52.167.144.63 - - [28/Apr/2023:05:55:48 -0500] "GET /BLA/resoluciones/RESOLUCIONES%202023/0028.pdf HTTP/1.1" 200 5883213
66.249.66.84 - - [28/Apr/2023:05:56:44 -0500] "-" 408 -
172.22.2.4 - - [28/Apr/2023:05:56:40 -0500] "HEAD /BLA/boletinlegal/ HTTP/1.1" 200 -
216.245.221.92 - - [28/Apr/2023:05:58:29 -0500] "HEAD / HTTP/1.1" 200 -
201.245.192.253 - - [28/Apr/2023:05:58:43 -0500] "POST /kwsrmcab/Wsrmcab  HTTP/1.1" 200 41796
104.200.151.163 - - [28/Apr/2023:05:58:49 -0500] "GET /wp-login.php HTTP/1.1" 404 1018
66.249.77.24 - - [28/Apr/2023:05:58:52 -0500] "-" 408 -
172.22.2.4 - - [28/Apr/2023:05:57:30 -0500] "GET /BLA/boletinlegal/ HTTP/1.1" 200 53924
34.91.219.115 - - [28/Apr/2023:06:00:17 -0500] "GET /inventario-de-emisiones-2020-transporte-publico-sitp-redujo-emisiones-de-pm-2-5-en-un-37.html HTTP/1.1" 200 925
172.22.2.4 - - [28/Apr/2023:06:02:20 -0500] "GET /BLA/boletinlegal/actos.php HTTP/1.1" 200 9682
66.249.66.84 - - [28/Apr/2023:06:02:29 -0500] "-" 408 -
216.245.221.92 - - [28/Apr/2023:06:03:29 -0500] "HEAD / HTTP/1.1" 200 -
201.245.192.253 - - [28/Apr/2023:06:03:42 -0500] "POST /kwsrmcab/Wsrmcab  HTTP/1.1" 200 41796
34.91.58.80 - - [28/Apr/2023:06:04:08 -0500] "GET /inventario-de-emisiones-2020-transporte-publico-sitp-redujo-emisiones-de-pm-2-5-en-un-37.html HTTP/1.1" 200 925
172.22.2.4 - - [28/Apr/2023:06:02:30 -0500] "HEAD /BLA/boletinlegal/ HTTP/1.1" 200 -
172.22.2.4 - - [28/Apr/2023:06:03:20 -0500] "GET /BLA/boletinlegal/ HTTP/1.1" 200 59306
173.252.107.10 - - [28/Apr/2023:06:06:37 -0500] "GET /inscribete-y-participa-en-las-caminatas-ecologicas-de-marzo.html HTTP/1.1" 206 924
173.252.95.120 - - [28/Apr/2023:06:06:38 -0500] "GET /images/caminatas-ecol\xc3\xb3gicas-marzo---1920x1080_optimized.jpg HTTP/1.1" 404 1034
186.86.33.23 - - [28/Apr/2023:06:06:53 -0500] "GET /forest/ HTTP/1.1" 200 12041
181.53.13.24 - - [28/Apr/2023:06:08:21 -0500] "GET /mujeres-que-reverdec HTTP/1.1" 404 1136
181.53.13.24 - - [28/Apr/2023:06:08:22 -0500] "GET /favicon.ico HTTP/1.1" 404 1334
216.245.221.92 - - [28/Apr/2023:06:08:29 -0500] "HEAD / HTTP/1.1" 200 -
201.245.192.253 - - [28/Apr/2023:06:08:41 -0500] "POST /kwsrmcab/Wsrmcab  HTTP/1.1" 200 41796
186.86.33.23 - - [28/Apr/2023:06:08:45 -0500] "POST /forest/index.php HTTP/1.1" 200 12268
172.22.2.4 - - [28/Apr/2023:06:09:28 -0500] "GET /BLA/boletinlegal/actos.php HTTP/1.1" 200 9682
172.22.2.4 - - [28/Apr/2023:06:08:20 -0500] "HEAD /BLA/boletinlegal/ HTTP/1.1" 200 -
66.249.66.84 - - [28/Apr/2023:06:10:14 -0500] "-" 408 -
172.22.2.4 - - [28/Apr/2023:06:09:10 -0500] "GET /BLA/boletinlegal/ HTTP/1.1" 200 54424
40.77.167.87 - - [28/Apr/2023:06:12:25 -0500] "GET /BLA/resoluciones/AUTOS%202022/3257.pdf HTTP/1.1" 200 409422
216.245.221.92 - - [28/Apr/2023:06:13:29 -0500] "HEAD / HTTP/1.1" 200 -
201.245.192.253 - - [28/Apr/2023:06:13:40 -0500] "POST /kwsrmcab/Wsrmcab  HTTP/1.1" 200 41796
186.84.90.159 - - [28/Apr/2023:06:13:50 -0500] "GET /sipse/faces/index.xhtml HTTP/1.1" 200 677
186.84.90.159 - - [28/Apr/2023:06:13:51 -0500] "GET /sipse/faces/javax.faces.resource/theme.css?ln=primefaces-sipse HTTP/1.1" 304 -
186.84.90.159 - - [28/Apr/2023:06:13:51 -0500] "GET /sipse/faces/faces/autenticacion.xhtml HTTP/1.1" 200 12179
186.84.90.159 - - [28/Apr/2023:06:13:51 -0500] "GET /sipse/js/disable_browser_buttons.js HTTP/1.1" 304 -
186.84.90.159 - - [28/Apr/2023:06:13:51 -0500] "GET /sipse/css/custom_css_sg.css HTTP/1.1" 304 -
186.84.90.159 - - [28/Apr/2023:06:13:51 -0500] "GET /sipse/faces/javax.faces.resource/layout/layout.css?ln=primefaces&v=4.0 HTTP/1.1" 304 -
186.84.90.159 - - [28/Apr/2023:06:13:51 -0500] "GET /sipse/faces/javax.faces.resource/jquery/jquery.js?ln=primefaces&v=4.0 HTTP/1.1" 304 -
186.84.90.159 - - [28/Apr/2023:06:13:51 -0500] "GET /sipse/faces/javax.faces.resource/jquery/jquery-plugins.js?ln=primefaces&v=4.0 HTTP/1.1" 304 -
186.84.90.159 - - [28/Apr/2023:06:13:51 -0500] "GET /sipse/faces/javax.faces.resource/primefaces.js?ln=primefaces&v=4.0 HTTP/1.1" 304 -
186.84.90.159 - - [28/Apr/2023:06:13:51 -0500] "GET /sipse/faces/javax.faces.resource/theme.css?ln=primefaces-sipse HTTP/1.1" 304 -
186.84.90.159 - - [28/Apr/2023:06:13:51 -0500] "GET /sipse/faces/javax.faces.resource/primefaces.css?ln=primefaces&v=4.0 HTTP/1.1" 304 -
186.84.90.159 - - [28/Apr/2023:06:13:51 -0500] "GET /sipse/faces/javax.faces.resource/layout/layout.js?ln=primefaces&v=4.0 HTTP/1.1" 304 -
186.84.90.159 - - [28/Apr/2023:06:13:51 -0500] "GET /sipse/js/funciones.js HTTP/1.1" 304 -
186.84.90.159 - - [28/Apr/2023:06:13:51 -0500] "GET /sipse/css/custom_css_sg_prime_login.css HTTP/1.1" 304 -
186.84.90.159 - - [28/Apr/2023:06:13:52 -0500] "GET /sipse/css/imagen/loginimg.png HTTP/1.1" 304 -
186.84.90.159 - - [28/Apr/2023:06:13:52 -0500] "GET /sipse/css/imagen/logoSDG.png HTTP/1.1" 304 -
186.84.90.159 - - [28/Apr/2023:06:13:52 -0500] "GET /sipse/faces/javax.faces.resource/images/ui-icons_898989_256x240.png?ln=primefaces-aristo HTTP/1.1" 304 -
186.84.90.159 - - [28/Apr/2023:06:13:58 -0500] "POST /sipse/faces/autenticacion.xhtml HTTP/1.1" 200 2224
186.84.90.159 - - [28/Apr/2023:06:14:01 -0500] "GET /sipse/faces/javax.faces.resource/messages/messages.png?ln=primefaces&v=4.0 HTTP/1.1" 304 -
186.84.90.159 - - [28/Apr/2023:06:14:01 -0500] "POST /sipse/faces/autenticacion.xhtml HTTP/1.1" 200 2228
172.22.2.4 - - [28/Apr/2023:06:14:10 -0500] "HEAD /BLA/boletinlegal/ HTTP/1.1" 200 -
172.22.2.4 - - [28/Apr/2023:06:15:00 -0500] "GET /BLA/boletinlegal/ HTTP/1.1" 200 52326
186.84.90.159 - - [28/Apr/2023:06:16:40 -0500] "POST /sipse/faces/autenticacion.xhtml HTTP/1.1" 200 16357
186.84.90.159 - - [28/Apr/2023:06:16:41 -0500] "GET /sipse/css/custom_css_sg_prime.css HTTP/1.1" 304 -
186.84.90.159 - - [28/Apr/2023:06:16:41 -0500] "GET /sipse/faces/javax.faces.resource/layout/layout.css?ln=primefaces&v=4.0 HTTP/1.1" 304 -
186.84.90.159 - - [28/Apr/2023:06:16:41 -0500] "GET /sipse/faces/javax.faces.resource/primefaces.css?ln=primefaces&v=4.0 HTTP/1.1" 304 -
186.84.90.159 - - [28/Apr/2023:06:16:41 -0500] "GET /sipse/js/jquery.min.js HTTP/1.1" 304 -
186.84.90.159 - - [28/Apr/2023:06:16:41 -0500] "GET /sipse/faces/javax.faces.resource/theme.css?ln=primefaces-sipse HTTP/1.1" 304 -
186.84.90.159 - - [28/Apr/2023:06:16:41 -0500] "GET /sipse/faces/javax.faces.resource/jquery/jquery.js?ln=primefaces&v=4.0 HTTP/1.1" 304 -
186.84.90.159 - - [28/Apr/2023:06:16:41 -0500] "GET /sipse/faces/javax.faces.resource/jquery/jquery-plugins.js?ln=primefaces&v=4.0 HTTP/1.1" 304 -
186.84.90.159 - - [28/Apr/2023:06:16:42 -0500] "GET /sipse/faces/javax.faces.resource/primefaces.js?ln=primefaces&v=4.0 HTTP/1.1" 304 -
186.84.90.159 - - [28/Apr/2023:06:16:42 -0500] "GET /sipse/faces/javax.faces.resource/layout/layout.js?ln=primefaces&v=4.0 HTTP/1.1" 304 -
186.84.90.159 - - [28/Apr/2023:06:16:42 -0500] "GET /sipse/imagenes/cargando.gif HTTP/1.1" 304 -
186.84.90.159 - - [28/Apr/2023:06:16:42 -0500] "GET /sipse/imagenes/logoAplicacion.jpg HTTP/1.1" 304 -
186.84.90.159 - - [28/Apr/2023:06:16:42 -0500] "GET /sipse/css/imagen/contrasena.png HTTP/1.1" 404 383
66.249.66.84 - - [28/Apr/2023:06:16:49 -0500] "-" 408 -
186.84.90.159 - - [28/Apr/2023:06:18:17 -0500] "GET /sipse/faces/javax.faces.resource/images/ui-bg_flat_0_2d5972_40x100.png?ln=primefaces-aristo HTTP/1.1" 304 -
186.84.90.159 - - [28/Apr/2023:06:18:17 -0500] "POST /sipse/faces/bienvenido.xhtml HTTP/1.1" 200 2658
186.84.90.159 - - [28/Apr/2023:06:18:19 -0500] "POST /sipse/faces/bienvenido.xhtml HTTP/1.1" 200 64752
186.84.90.159 - - [28/Apr/2023:06:18:26 -0500] "GET /sipse/faces/javax.faces.resource/primefaces.css?ln=primefaces&v=4.0 HTTP/1.1" 304 -
186.84.90.159 - - [28/Apr/2023:06:18:26 -0500] "GET /sipse/faces/javax.faces.resource/theme.css?ln=primefaces-sipse HTTP/1.1" 304 -
186.84.90.159 - - [28/Apr/2023:06:18:26 -0500] "GET /sipse/faces/javax.faces.resource/layout/layout.css?ln=primefaces&v=4.0 HTTP/1.1" 304 -
186.84.90.159 - - [28/Apr/2023:06:18:26 -0500] "GET /sipse/faces/javax.faces.resource/jquery/jquery.js?ln=primefaces&v=4.0 HTTP/1.1" 304 -
186.84.90.159 - - [28/Apr/2023:06:18:26 -0500] "GET /sipse/faces/javax.faces.resource/jquery/jquery-plugins.js?ln=primefaces&v=4.0 HTTP/1.1" 304 -
186.84.90.159 - - [28/Apr/2023:06:18:26 -0500] "GET /sipse/faces/javax.faces.resource/primefaces.js?ln=primefaces&v=4.0 HTTP/1.1" 304 -
186.84.90.159 - - [28/Apr/2023:06:18:27 -0500] "GET /sipse/faces/javax.faces.resource/layout/layout.js?ln=primefaces&v=4.0 HTTP/1.1" 304 -
216.245.221.92 - - [28/Apr/2023:06:18:29 -0500] "HEAD / HTTP/1.1" 200 -
186.84.90.159 - - [28/Apr/2023:06:18:27 -0500] "POST /sipse/faces/presentacion/financiero/solicitudProceso/listarSolicitudProceso.xhtml HTTP/1.1" 200 1556
186.84.90.159 - - [28/Apr/2023:06:18:38 -0500] "POST /sipse/faces/presentacion/financiero/solicitudProceso/listarSolicitudProceso.xhtml HTTP/1.1" 200 59144
186.84.90.159 - - [28/Apr/2023:06:18:40 -0500] "GET /sipse/faces/javax.faces.resource/theme.css?ln=primefaces-sipse HTTP/1.1" 304 -
186.84.90.159 - - [28/Apr/2023:06:18:40 -0500] "GET /sipse/faces/javax.faces.resource/layout/layout.css?ln=primefaces&v=4.0 HTTP/1.1" 304 -
186.84.90.159 - - [28/Apr/2023:06:18:40 -0500] "GET /sipse/faces/javax.faces.resource/primefaces.css?ln=primefaces&v=4.0 HTTP/1.1" 304 -
186.84.90.159 - - [28/Apr/2023:06:18:40 -0500] "GET /sipse/faces/javax.faces.resource/jquery/jquery.js?ln=primefaces&v=4.0 HTTP/1.1" 304 -
186.84.90.159 - - [28/Apr/2023:06:18:40 -0500] "GET /sipse/faces/javax.faces.resource/jquery/jquery-plugins.js?ln=primefaces&v=4.0 HTTP/1.1" 304 -
186.84.90.159 - - [28/Apr/2023:06:18:40 -0500] "GET /sipse/faces/javax.faces.resource/primefaces.js?ln=primefaces&v=4.0 HTTP/1.1" 304 -
186.84.90.159 - - [28/Apr/2023:06:18:40 -0500] "GET /sipse/faces/javax.faces.resource/layout/layout.js?ln=primefaces&v=4.0 HTTP/1.1" 304 -
201.245.192.253 - - [28/Apr/2023:06:18:39 -0500] "POST /kwsrmcab/Wsrmcab  HTTP/1.1" 200 41796
186.84.90.159 - - [28/Apr/2023:06:18:47 -0500] "POST /sipse/faces/presentacion/financiero/solicitudProceso/crearModificarSolicitudProceso.xhtml HTTP/1.1" 200 26612
186.84.90.159 - - [28/Apr/2023:06:19:24 -0500] "POST /sipse/faces/presentacion/financiero/solicitudProceso/crearModificarSolicitudProceso.xhtml HTTP/1.1" 200 9358
201.245.192.253 - - [28/Apr/2023:06:19:26 -0500] "POST /kwsrmcab/Wsrmcab HTTP/1.1" 200 43039
201.245.192.253 - - [28/Apr/2023:06:19:29 -0500] "POST /kwsrmcab/Wsrmcab HTTP/1.1" 200 43201
94.102.61.10 - - [28/Apr/2023:06:19:55 -0500] "GET /portaldeninos/ HTTP/1.1" 200 110197
109.70.100.19 - - [28/Apr/2023:06:20:08 -0500] "GET /wp-login.php HTTP/1.1" 404 1034
186.84.90.159 - - [28/Apr/2023:06:20:18 -0500] "POST /sipse/faces/presentacion/financiero/solicitudProceso/crearModificarSolicitudProceso.xhtml HTTP/1.1" 200 24667
186.84.90.159 - - [28/Apr/2023:06:20:20 -0500] "GET /sipse/faces/javax.faces.resource/primefaces.css?ln=primefaces&v=4.0 HTTP/1.1" 304 -
186.84.90.159 - - [28/Apr/2023:06:20:20 -0500] "GET /sipse/faces/javax.faces.resource/theme.css?ln=primefaces-sipse HTTP/1.1" 304 -
186.84.90.159 - - [28/Apr/2023:06:20:20 -0500] "GET /sipse/faces/javax.faces.resource/jquery/jquery.js?ln=primefaces&v=4.0 HTTP/1.1" 304 -
186.84.90.159 - - [28/Apr/2023:06:20:20 -0500] "GET /sipse/faces/javax.faces.resource/layout/layout.css?ln=primefaces&v=4.0 HTTP/1.1" 304 -
186.84.90.159 - - [28/Apr/2023:06:20:20 -0500] "GET /sipse/faces/javax.faces.resource/primefaces.js?ln=primefaces&v=4.0 HTTP/1.1" 304 -
186.84.90.159 - - [28/Apr/2023:06:20:20 -0500] "GET /sipse/faces/javax.faces.resource/jquery/jquery-plugins.js?ln=primefaces&v=4.0 HTTP/1.1" 304 -
186.84.90.159 - - [28/Apr/2023:06:20:20 -0500] "GET /sipse/faces/javax.faces.resource/layout/layout.js?ln=primefaces&v=4.0 HTTP/1.1" 304 -
186.155.14.225 - - [28/Apr/2023:06:20:29 -0500] "GET /BLA/resoluciones/index.php?dir=AUTOS+2014%2F HTTP/1.1" 200 890036
186.155.14.225 - - [28/Apr/2023:06:20:34 -0500] "GET /BLA/resoluciones/AUTOS%202014/6717.pdf HTTP/1.1" 200 331421
200.29.113.38 - - [28/Apr/2023:06:20:35 -0500] "GET /BLA/resoluciones/AUTOS%202014/6717.pdf HTTP/1.1" 200 331421
186.84.90.159 - - [28/Apr/2023:06:20:45 -0500] "POST /sipse/faces/presentacion/financiero/solicitudProyectoActividad/asociarProyectoSolicitud.xhtml HTTP/1.1" 200 6769
186.84.90.159 - - [28/Apr/2023:06:20:50 -0500] "POST /sipse/faces/presentacion/financiero/solicitudProyectoActividad/asociarProyectoSolicitud.xhtml HTTP/1.1" 200 1704
186.84.90.159 - - [28/Apr/2023:06:20:51 -0500] "POST /sipse/faces/presentacion/financiero/solicitudProyectoActividad/asociarProyectoSolicitud.xhtml HTTP/1.1" 200 77602
186.84.90.159 - - [28/Apr/2023:06:20:53 -0500] "GET /sipse/faces/javax.faces.resource/layout/layout.css?ln=primefaces&v=4.0 HTTP/1.1" 304 -
186.84.90.159 - - [28/Apr/2023:06:20:53 -0500] "GET /sipse/faces/javax.faces.resource/theme.css?ln=primefaces-sipse HTTP/1.1" 304 -
186.84.90.159 - - [28/Apr/2023:06:20:53 -0500] "GET /sipse/faces/javax.faces.resource/primefaces.css?ln=primefaces&v=4.0 HTTP/1.1" 304 -
186.84.90.159 - - [28/Apr/2023:06:20:53 -0500] "GET /sipse/faces/javax.faces.resource/jquery/jquery.js?ln=primefaces&v=4.0 HTTP/1.1" 304 -
186.84.90.159 - - [28/Apr/2023:06:20:53 -0500] "GET /sipse/faces/javax.faces.resource/jquery/jquery-plugins.js?ln=primefaces&v=4.0 HTTP/1.1" 304 -
186.84.90.159 - - [28/Apr/2023:06:20:53 -0500] "GET /sipse/faces/javax.faces.resource/primefaces.js?ln=primefaces&v=4.0 HTTP/1.1" 304 -
186.84.90.159 - - [28/Apr/2023:06:20:53 -0500] "GET /sipse/faces/javax.faces.resource/layout/layout.js?ln=primefaces&v=4.0 HTTP/1.1" 304 -
186.84.90.159 - - [28/Apr/2023:06:21:00 -0500] "GET /sipse/faces/javax.faces.resource/images/ui-icons_898989_256x240.png?ln=primefaces-aristo HTTP/1.1" 304 -
186.84.90.159 - - [28/Apr/2023:06:21:02 -0500] "POST /sipse/faces/presentacion/financiero/solicitudProyectoActividad/asociarActividadSolicitud.xhtml HTTP/1.1" 200 60306
186.84.90.159 - - [28/Apr/2023:06:21:03 -0500] "GET /sipse/faces/javax.faces.resource/theme.css?ln=primefaces-sipse HTTP/1.1" 304 -
186.84.90.159 - - [28/Apr/2023:06:21:03 -0500] "GET /sipse/faces/javax.faces.resource/layout/layout.css?ln=primefaces&v=4.0 HTTP/1.1" 304 -
186.84.90.159 - - [28/Apr/2023:06:21:03 -0500] "GET /sipse/faces/javax.faces.resource/primefaces.css?ln=primefaces&v=4.0 HTTP/1.1" 304 -
186.84.90.159 - - [28/Apr/2023:06:21:03 -0500] "GET /sipse/faces/javax.faces.resource/jquery/jquery.js?ln=primefaces&v=4.0 HTTP/1.1" 304 -
186.84.90.159 - - [28/Apr/2023:06:21:03 -0500] "GET /sipse/faces/javax.faces.resource/jquery/jquery-plugins.js?ln=primefaces&v=4.0 HTTP/1.1" 304 -
186.84.90.159 - - [28/Apr/2023:06:21:04 -0500] "GET /sipse/faces/javax.faces.resource/primefaces.js?ln=primefaces&v=4.0 HTTP/1.1" 304 -
186.84.90.159 - - [28/Apr/2023:06:21:04 -0500] "GET /sipse/faces/javax.faces.resource/layout/layout.js?ln=primefaces&v=4.0 HTTP/1.1" 304 -
186.84.90.159 - - [28/Apr/2023:06:21:04 -0500] "GET /sipse/css/imagen/contrasena.png HTTP/1.1" 404 383
172.22.2.4 - - [28/Apr/2023:06:20:00 -0500] "HEAD /BLA/boletinlegal/ HTTP/1.1" 200 -
172.22.2.4 - - [28/Apr/2023:06:21:40 -0500] "GET /BLA/boletinlegal/actos.php HTTP/1.1" 200 9682
172.22.2.4 - - [28/Apr/2023:06:21:40 -0500] "GET /BLA/boletinlegal/styles2.css HTTP/1.1" 200 1838
172.22.2.4 - - [28/Apr/2023:06:21:40 -0500] "GET /BLA/boletinlegal/niceforms-default.css HTTP/1.1" 200 6694
172.22.2.4 - - [28/Apr/2023:06:21:40 -0500] "GET /BLA/boletinlegal/style.css HTTP/1.1" 200 9406
172.22.2.4 - - [28/Apr/2023:06:21:40 -0500] "GET /BLA/boletinlegal/js/ajax_actos.js HTTP/1.1" 200 1322
172.22.2.4 - - [28/Apr/2023:06:21:40 -0500] "GET /BLA/boletinlegal/niceforms.js HTTP/1.1" 200 22876
172.22.2.4 - - [28/Apr/2023:06:21:40 -0500] "GET /BLA/boletinlegal/js/lib.js HTTP/1.1" 200 6474
172.22.2.4 - - [28/Apr/2023:06:21:40 -0500] "GET /BLA/boletinlegal/js/popup.js HTTP/1.1" 200 1270
172.22.2.4 - - [28/Apr/2023:06:21:40 -0500] "GET /BLA/boletinlegal/js/jquery1.js HTTP/1.1" 200 29846
172.22.2.4 - - [28/Apr/2023:06:21:40 -0500] "GET /BLA/boletinlegal/images/cabezote%20BLEGAL.jpg HTTP/1.1" 200 118164
172.22.2.4 - - [28/Apr/2023:06:21:40 -0500] "GET /BLA/boletinlegal/images/subscribe-icon-big.png HTTP/1.1" 200 47702
172.22.2.4 - - [28/Apr/2023:06:21:40 -0500] "GET /BLA/boletinlegal/images/registro-usuarios.png HTTP/1.1" 200 8106
172.22.2.4 - - [28/Apr/2023:06:21:40 -0500] "GET /BLA/boletinlegal/images/historia.png HTTP/1.1" 200 52775
172.22.2.4 - - [28/Apr/2023:06:21:40 -0500] "GET /BLA/boletinlegal/images/green-yellow-blue-pink-th.png HTTP/1.1" 200 7394
172.22.2.4 - - [28/Apr/2023:06:21:40 -0500] "GET /BLA/boletinlegal/images/tel.png HTTP/1.1" 200 14477
172.22.2.4 - - [28/Apr/2023:06:21:40 -0500] "GET /BLA/boletinlegal/images/body_bg.jpg HTTP/1.1" 200 1601
172.22.2.4 - - [28/Apr/2023:06:21:40 -0500] "GET /BLA/boletinlegal/images/icono-email.png HTTP/1.1" 200 5544
172.22.2.4 - - [28/Apr/2023:06:21:40 -0500] "GET /BLA/boletinlegal/images/menu_lft.gif HTTP/1.1" 200 1713
172.22.2.4 - - [28/Apr/2023:06:21:40 -0500] "GET /BLA/boletinlegal/images/menu_rght.gif HTTP/1.1" 200 1627
172.22.2.4 - - [28/Apr/2023:06:21:40 -0500] "GET /BLA/boletinlegal/images/bg_top.jpg HTTP/1.1" 200 522
172.22.2.4 - - [28/Apr/2023:06:21:40 -0500] "GET /BLA/boletinlegal/images/hover.jpg HTTP/1.1" 200 640
172.22.2.4 - - [28/Apr/2023:06:21:40 -0500] "GET /BLA/boletinlegal/images/menu_bg.jpg HTTP/1.1" 200 620
172.22.2.4 - - [28/Apr/2023:06:21:40 -0500] "GET /BLA/boletinlegal/images/text.jpg HTTP/1.1" 200 568
172.22.2.4 - - [28/Apr/2023:06:21:40 -0500] "GET /BLA/boletinlegal/images/footer_bg.jpg HTTP/1.1" 200 586
172.22.2.4 - - [28/Apr/2023:06:21:41 -0500] "GET /BLA/boletinlegal/images/footer_bg_l.jpg HTTP/1.1" 200 776
172.22.2.4 - - [28/Apr/2023:06:21:41 -0500] "GET /BLA/boletinlegal/img/0.png HTTP/1.1" 200 110
172.22.2.4 - - [28/Apr/2023:06:21:41 -0500] "GET /BLA/boletinlegal/img/select-left.png HTTP/1.1" 200 263
172.22.2.4 - - [28/Apr/2023:06:21:41 -0500] "GET /BLA/boletinlegal/img/select-right.png HTTP/1.1" 200 44019
172.22.2.4 - - [28/Apr/2023:06:21:41 -0500] "GET /BLA/boletinlegal/img/button-left.png HTTP/1.1" 200 57071
172.22.2.4 - - [28/Apr/2023:06:21:41 -0500] "GET /BLA/boletinlegal/img/button.png HTTP/1.1" 200 43241
172.22.2.4 - - [28/Apr/2023:06:21:41 -0500] "GET /BLA/boletinlegal/img/button-right.png HTTP/1.1" 200 57878
172.22.2.4 - - [28/Apr/2023:06:21:41 -0500] "GET /BLA/boletinlegal/favicon.ico HTTP/1.1" 404 1326
186.84.90.159 - - [28/Apr/2023:06:21:08 -0500] "POST /sipse/faces/presentacion/financiero/solicitudProceso/crearModificarSolicitudProceso.xhtml HTTP/1.1" 200 20277
172.22.2.4 - - [28/Apr/2023:06:21:57 -0500] "GET /BLA/boletinlegal/consulta_actos.php?tipo=autos&no=&usuario=&sector=&fecha=2023&resuelve= HTTP/1.1" 200 82598
172.22.2.4 - - [28/Apr/2023:06:21:57 -0500] "GET /BLA/boletinlegal/images/pdf.gif HTTP/1.1" 200 567
172.22.2.4 - - [28/Apr/2023:06:21:57 -0500] "GET /BLA/boletinlegal/images/background.gif HTTP/1.1" 200 -
172.22.2.4 - - [28/Apr/2023:06:21:59 -0500] "GET /BLA/boletinlegal/consulta_actos.php?tipo=autos&no=&usuario=&sector=&fecha=2023&resuelve= HTTP/1.1" 200 82598
186.84.90.159 - - [28/Apr/2023:06:22:01 -0500] "POST /sipse/faces/presentacion/financiero/solicitudProceso/crearModificarSolicitudProceso.xhtml HTTP/1.1" 200 44675
186.84.90.159 - - [28/Apr/2023:06:22:21 -0500] "GET /sipse/faces/javax.faces.resource/theme.css?ln=primefaces-sipse HTTP/1.1" 304 -
186.84.90.159 - - [28/Apr/2023:06:22:21 -0500] "GET /sipse/faces/javax.faces.resource/primefaces.css?ln=primefaces&v=4.0 HTTP/1.1" 304 -
186.84.90.159 - - [28/Apr/2023:06:22:21 -0500] "GET /sipse/faces/javax.faces.resource/layout/layout.css?ln=primefaces&v=4.0 HTTP/1.1" 304 -
186.84.90.159 - - [28/Apr/2023:06:22:21 -0500] "GET /sipse/faces/javax.faces.resource/jquery/jquery.js?ln=primefaces&v=4.0 HTTP/1.1" 304 -
186.84.90.159 - - [28/Apr/2023:06:22:21 -0500] "GET /sipse/faces/javax.faces.resource/jquery/jquery-plugins.js?ln=primefaces&v=4.0 HTTP/1.1" 304 -
186.84.90.159 - - [28/Apr/2023:06:22:21 -0500] "GET /sipse/faces/javax.faces.resource/layout/layout.js?ln=primefaces&v=4.0 HTTP/1.1" 304 -
186.84.90.159 - - [28/Apr/2023:06:22:21 -0500] "GET /sipse/faces/javax.faces.resource/primefaces.js?ln=primefaces&v=4.0 HTTP/1.1" 304 -
186.84.90.159 - - [28/Apr/2023:06:22:21 -0500] "GET /sipse/css/imagen/contrasena.png HTTP/1.1" 404 383
172.22.2.4 - - [28/Apr/2023:06:20:50 -0500] "GET /BLA/boletinlegal/ HTTP/1.1" 200 57561
186.84.90.159 - - [28/Apr/2023:06:22:36 -0500] "POST /sipse/faces/presentacion/financiero/contrato/consultarContratosSolicitudProceso.xhtml HTTP/1.1" 200 60677
186.84.90.159 - - [28/Apr/2023:06:22:44 -0500] "POST /sipse/faces/presentacion/financiero/contrato/consultarContratosSolicitudProceso.xhtml HTTP/1.1" 200 61135
186.84.90.159 - - [28/Apr/2023:06:22:46 -0500] "GET /sipse/faces/javax.faces.resource/theme.css?ln=primefaces-sipse HTTP/1.1" 304 -
186.84.90.159 - - [28/Apr/2023:06:22:46 -0500] "GET /sipse/faces/javax.faces.resource/primefaces.css?ln=primefaces&v=4.0 HTTP/1.1" 304 -
