190.25.107.118 - - [28/Apr/2023:07:08:43 -0500] "GET /sipse/faces/javax.faces.resource/jquery/jquery.js?ln=primefaces&v=4.0 HTTP/1.1" 304 -
190.25.107.118 - - [28/Apr/2023:07:08:43 -0500] "GET /sipse/faces/javax.faces.resource/jquery/jquery-plugins.js?ln=primefaces&v=4.0 HTTP/1.1" 304 -
190.25.107.118 - - [28/Apr/2023:07:08:43 -0500] "GET /sipse/faces/javax.faces.resource/primefaces.js?ln=primefaces&v=4.0 HTTP/1.1" 304 -
190.25.107.118 - - [28/Apr/2023:07:08:43 -0500] "GET /sipse/faces/javax.faces.resource/layout/layout.js?ln=primefaces&v=4.0 HTTP/1.1" 304 -
190.25.107.118 - - [28/Apr/2023:07:08:43 -0500] "POST /sipse/faces/presentacion/financiero/solicitudProceso/listarSolicitudProceso.xhtml HTTP/1.1" 200 1392
190.25.107.118 - - [28/Apr/2023:07:08:59 -0500] "POST /sipse/faces/presentacion/financiero/solicitudProceso/listarSolicitudProceso.xhtml HTTP/1.1" 200 122838
190.25.107.118 - - [28/Apr/2023:07:09:03 -0500] "GET /sipse/faces/javax.faces.resource/jquery/jquery.js?ln=primefaces&v=4.0 HTTP/1.1" 304 -
190.25.107.118 - - [28/Apr/2023:07:09:03 -0500] "GET /sipse/faces/javax.faces.resource/primefaces.css?ln=primefaces&v=4.0 HTTP/1.1" 304 -
190.25.107.118 - - [28/Apr/2023:07:09:03 -0500] "GET /sipse/faces/javax.faces.resource/theme.css?ln=primefaces-sipse HTTP/1.1" 304 -
190.25.107.118 - - [28/Apr/2023:07:09:03 -0500] "GET /sipse/faces/javax.faces.resource/jquery/jquery-plugins.js?ln=primefaces&v=4.0 HTTP/1.1" 304 -
190.25.107.118 - - [28/Apr/2023:07:09:03 -0500] "GET /sipse/faces/javax.faces.resource/layout/layout.css?ln=primefaces&v=4.0 HTTP/1.1" 304 -
190.25.107.118 - - [28/Apr/2023:07:09:03 -0500] "GET /sipse/faces/javax.faces.resource/primefaces.js?ln=primefaces&v=4.0 HTTP/1.1" 304 -
190.25.107.118 - - [28/Apr/2023:07:09:03 -0500] "GET /sipse/faces/javax.faces.resource/layout/layout.js?ln=primefaces&v=4.0 HTTP/1.1" 304 -
172.22.2.4 - - [28/Apr/2023:07:07:30 -0500] "GET /BLA/boletinlegal/ HTTP/1.1" 200 57151
190.25.107.118 - - [28/Apr/2023:07:09:12 -0500] "POST /sipse/faces/presentacion/financiero/solicitudProceso/consultarSolicitudProceso.xhtml HTTP/1.1" 200 34233
190.25.107.118 - - [28/Apr/2023:07:09:22 -0500] "GET /sipse/faces/javax.faces.resource/theme.css?ln=primefaces-sipse HTTP/1.1" 304 -
190.25.107.118 - - [28/Apr/2023:07:09:22 -0500] "GET /sipse/faces/javax.faces.resource/primefaces.css?ln=primefaces&v=4.0 HTTP/1.1" 304 -
190.25.107.118 - - [28/Apr/2023:07:09:22 -0500] "GET /sipse/faces/javax.faces.resource/layout/layout.css?ln=primefaces&v=4.0 HTTP/1.1" 304 -
190.25.107.118 - - [28/Apr/2023:07:09:22 -0500] "GET /sipse/faces/javax.faces.resource/jquery/jquery.js?ln=primefaces&v=4.0 HTTP/1.1" 304 -
190.25.107.118 - - [28/Apr/2023:07:09:22 -0500] "GET /sipse/faces/javax.faces.resource/jquery/jquery-plugins.js?ln=primefaces&v=4.0 HTTP/1.1" 304 -
190.25.107.118 - - [28/Apr/2023:07:09:22 -0500] "GET /sipse/faces/javax.faces.resource/primefaces.js?ln=primefaces&v=4.0 HTTP/1.1" 304 -
190.25.107.118 - - [28/Apr/2023:07:09:22 -0500] "GET /sipse/faces/javax.faces.resource/layout/layout.js?ln=primefaces&v=4.0 HTTP/1.1" 304 -
190.25.107.118 - - [28/Apr/2023:07:09:22 -0500] "GET /sipse/faces/javax.faces.resource/messages/messages.png?ln=primefaces&v=4.0 HTTP/1.1" 200 27209
190.25.107.118 - - [28/Apr/2023:07:09:22 -0500] "POST /sipse/faces/presentacion/financiero/solicitudProceso/listarSolicitudProceso.xhtml HTTP/1.1" 200 1376
190.25.107.118 - - [28/Apr/2023:07:09:28 -0500] "POST /sipse/faces/presentacion/financiero/solicitudProceso/listarSolicitudProceso.xhtml HTTP/1.1" 200 2681
190.25.107.118 - - [28/Apr/2023:07:09:29 -0500] "POST /sipse/faces/presentacion/financiero/solicitudProceso/listarSolicitudProceso.xhtml HTTP/1.1" 200 41449
190.25.107.118 - - [28/Apr/2023:07:09:30 -0500] "GET /sipse/faces/javax.faces.resource/layout/layout.css?ln=primefaces&v=4.0 HTTP/1.1" 304 -
190.25.107.118 - - [28/Apr/2023:07:09:30 -0500] "GET /sipse/faces/javax.faces.resource/primefaces.css?ln=primefaces&v=4.0 HTTP/1.1" 304 -
190.25.107.118 - - [28/Apr/2023:07:09:30 -0500] "GET /sipse/faces/javax.faces.resource/theme.css?ln=primefaces-sipse HTTP/1.1" 304 -
190.25.107.118 - - [28/Apr/2023:07:09:30 -0500] "GET /sipse/faces/javax.faces.resource/jquery/jquery.js?ln=primefaces&v=4.0 HTTP/1.1" 304 -
190.25.107.118 - - [28/Apr/2023:07:09:30 -0500] "GET /sipse/faces/javax.faces.resource/jquery/jquery-plugins.js?ln=primefaces&v=4.0 HTTP/1.1" 304 -
190.25.107.118 - - [28/Apr/2023:07:09:30 -0500] "GET /sipse/faces/javax.faces.resource/primefaces.js?ln=primefaces&v=4.0 HTTP/1.1" 304 -
190.25.107.118 - - [28/Apr/2023:07:09:31 -0500] "GET /sipse/faces/javax.faces.resource/layout/layout.js?ln=primefaces&v=4.0 HTTP/1.1" 304 -
190.25.107.118 - - [28/Apr/2023:07:09:31 -0500] "POST /sipse/faces/presentacion/financiero/solicitudProceso/consultar.xhtml HTTP/1.1" 200 34750
190.25.107.118 - - [28/Apr/2023:07:09:31 -0500] "POST /sipse/faces/presentacion/financiero/solicitudProceso/consultar.xhtml HTTP/1.1" 200 34750
190.25.107.118 - - [28/Apr/2023:07:09:32 -0500] "POST /sipse/faces/presentacion/financiero/solicitudProceso/consultar.xhtml HTTP/1.1" 200 34750
190.25.107.118 - - [28/Apr/2023:07:09:43 -0500] "POST /sipse/faces/presentacion/financiero/solicitudProceso/consultar.xhtml HTTP/1.1" 200 12676
177.22.151.95 - - [28/Apr/2023:07:10:44 -0500] "GET /secretaria-de-ambiente-libero-19-animales-silvestres-en-bogota-en-el-humedal-torca-y-guaymaral.html HTTP/1.1" 200 904
216.245.221.92 - - [28/Apr/2023:07:13:28 -0500] "HEAD / HTTP/1.1" 200 -
201.245.192.253 - - [28/Apr/2023:07:13:30 -0500] "POST /kwsrmcab/Wsrmcab  HTTP/1.1" 200 41796
172.22.2.4 - - [28/Apr/2023:07:13:44 -0500] "GET /BLA/boletinlegal/robots.txt HTTP/1.1" 404 1038
172.22.2.4 - - [28/Apr/2023:07:13:44 -0500] "GET /BLA/boletinlegal/Directivas/2014/Directiva%20No.%202%20del%205%20de%20Mayo%20de%202014.pdf HTTP/1.1" 304 -
66.249.66.41 - - [28/Apr/2023:07:13:51 -0500] "-" 408 -
172.22.2.4 - - [28/Apr/2023:07:12:30 -0500] "HEAD /BLA/boletinlegal/ HTTP/1.1" 200 -
172.22.2.4 - - [28/Apr/2023:07:13:20 -0500] "GET /BLA/boletinlegal/ HTTP/1.1" 200 57561
66.249.77.22 - - [28/Apr/2023:07:15:29 -0500] "-" 408 -
179.51.119.133 - - [28/Apr/2023:07:16:37 -0500] "GET /alista-tu-camara-y-participa-en-el-reto-naturalista-2023.html?fbclid=IwAR2ytYX4Rbo5l79-dpHVgIxFi8KoOBasIF9FEGVQYTBmmpKVR7qmOi1t4c4 HTTP/1.1" 200 743
216.245.221.92 - - [28/Apr/2023:07:18:29 -0500] "HEAD / HTTP/1.1" 200 -
201.245.192.253 - - [28/Apr/2023:07:18:30 -0500] "POST /kwsrmcab/Wsrmcab  HTTP/1.1" 200 41796
201.245.192.253 - - [28/Apr/2023:07:19:25 -0500] "POST /kwsrmcab/Wsrmcab HTTP/1.1" 200 43190
201.245.192.253 - - [28/Apr/2023:07:19:28 -0500] "POST /kwsrmcab/Wsrmcab HTTP/1.1" 200 43193
172.22.2.4 - - [28/Apr/2023:07:18:39 -0500] "GET /BLA/boletinlegal/ HTTP/1.1" 200 32715
172.22.2.4 - - [28/Apr/2023:07:18:20 -0500] "HEAD /BLA/boletinlegal/ HTTP/1.1" 200 -
34.91.103.66 - - [28/Apr/2023:07:20:22 -0500] "GET /inventario-de-emisiones-2020-transporte-publico-sitp-redujo-emisiones-de-pm-2-5-en-un-37.html HTTP/1.1" 200 925
172.22.2.4 - - [28/Apr/2023:07:19:10 -0500] "GET /BLA/boletinlegal/ HTTP/1.1" 200 54424
172.22.2.4 - - [28/Apr/2023:07:21:33 -0500] "GET /BLA/boletinlegal/actos.php HTTP/1.1" 200 9682
35.204.111.8 - - [28/Apr/2023:07:21:55 -0500] "GET /inventario-de-emisiones-2020-transporte-publico-sitp-redujo-emisiones-de-pm-2-5-en-un-37.html HTTP/1.1" 200 925
35.204.111.8 - - [28/Apr/2023:07:22:23 -0500] "GET /inventario-de-emisiones-2020-transporte-publico-sitp-redujo-emisiones-de-pm-2-5-en-un-37.html HTTP/1.1" 200 925
216.245.221.92 - - [28/Apr/2023:07:23:28 -0500] "HEAD / HTTP/1.1" 200 -
201.245.192.253 - - [28/Apr/2023:07:23:29 -0500] "POST /kwsrmcab/Wsrmcab  HTTP/1.1" 200 41796
40.77.167.87 - - [28/Apr/2023:07:24:42 -0500] "GET /bla/resoluciones/resoluciones%202021/4967.pdf HTTP/1.1" 200 603543
172.22.2.4 - - [28/Apr/2023:07:24:10 -0500] "HEAD /BLA/boletinlegal/ HTTP/1.1" 200 -
35.204.88.207 - - [28/Apr/2023:07:26:13 -0500] "GET /inventario-de-emisiones-2020-transporte-publico-sitp-redujo-emisiones-de-pm-2-5-en-un-37.html HTTP/1.1" 200 925
172.22.2.4 - - [28/Apr/2023:07:25:00 -0500] "GET /BLA/boletinlegal/ HTTP/1.1" 200 52326
66.249.77.20 - - [28/Apr/2023:07:26:46 -0500] "-" 408 -
216.245.221.92 - - [28/Apr/2023:07:28:28 -0500] "HEAD / HTTP/1.1" 200 -
201.245.192.253 - - [28/Apr/2023:07:28:27 -0500] "POST /kwsrmcab/Wsrmcab  HTTP/1.1" 200 41796
201.245.192.253 - - [28/Apr/2023:07:29:26 -0500] "POST /kwsrmcab/Wsrmcab HTTP/1.1" 200 43190
201.245.192.253 - - [28/Apr/2023:07:29:29 -0500] "POST /kwsrmcab/Wsrmcab HTTP/1.1" 200 43193
116.202.203.34 - - [28/Apr/2023:07:29:52 -0500] "GET /catalogoisis/ HTTP/1.1" 200 8575
116.202.203.34 - - [28/Apr/2023:07:29:53 -0500] "GET /catalogoisis/ HTTP/1.1" 200 8575
116.202.203.34 - - [28/Apr/2023:07:29:54 -0500] "GET /catalogoisis/Css/Busqueda.css HTTP/1.1" 200 1995
116.202.203.34 - - [28/Apr/2023:07:29:54 -0500] "GET /catalogoisis/Js/Cookies.js HTTP/1.1" 200 1369
116.202.203.34 - - [28/Apr/2023:07:29:54 -0500] "GET /catalogoisis/Js/LimpiarCombinada.js HTTP/1.1" 200 207
116.202.203.34 - - [28/Apr/2023:07:29:54 -0500] "GET /catalogoisis/Js/CriterioCombinada.js HTTP/1.1" 200 1843
116.202.203.34 - - [28/Apr/2023:07:29:54 -0500] "GET /catalogoisis/Js/AceptarLimpiar.js HTTP/1.1" 200 331
116.202.203.34 - - [28/Apr/2023:07:29:54 -0500] "GET /catalogoisis/Js/Remote.js HTTP/1.1" 200 436
116.202.203.34 - - [28/Apr/2023:07:29:54 -0500] "GET /catalogoisis/Js/Go.js HTTP/1.1" 200 364
116.202.203.34 - - [28/Apr/2023:07:29:54 -0500] "GET /catalogoisis/Js/Numero.js HTTP/1.1" 200 398
116.202.203.34 - - [28/Apr/2023:07:29:54 -0500] "GET /catalogoisis/Js/Enter.js HTTP/1.1" 200 1208
116.202.203.34 - - [28/Apr/2023:07:29:54 -0500] "GET /catalogoisis/imagenes/br1c1.gif HTTP/1.1" 200 172
116.202.203.34 - - [28/Apr/2023:07:29:54 -0500] "GET /catalogoisis/imagenes/Turnbo1.gif HTTP/1.1" 200 227
116.202.203.34 - - [28/Apr/2023:07:29:54 -0500] "GET /catalogoisis/imagenes/aceptar1.gif HTTP/1.1" 200 604
116.202.203.34 - - [28/Apr/2023:07:29:54 -0500] "GET /catalogoisis/imagenes/br1c3.gif HTTP/1.1" 200 302
116.202.203.34 - - [28/Apr/2023:07:29:54 -0500] "GET /catalogoisis/imagenes/limpiar1.gif HTTP/1.1" 200 606
116.202.203.34 - - [28/Apr/2023:07:29:54 -0500] "GET /catalogoisis/imagenes/br3c2.gif HTTP/1.1" 200 285
116.202.203.34 - - [28/Apr/2023:07:29:54 -0500] "GET /catalogoisis/imagenes/br2c2.gif HTTP/1.1" 200 302
116.202.203.34 - - [28/Apr/2023:07:29:54 -0500] "GET /catalogoisis/imagenes/br1c2.gif HTTP/1.1" 200 297
116.202.203.34 - - [28/Apr/2023:07:29:54 -0500] "GET /catalogoisis/imagenes/br2c3.gif HTTP/1.1" 200 416
116.202.203.34 - - [28/Apr/2023:07:29:54 -0500] "GET /catalogoisis/imagenes/br2c1.gif HTTP/1.1" 200 297
116.202.203.34 - - [28/Apr/2023:07:29:54 -0500] "GET /catalogoisis/imagenes/Header.gif HTTP/1.1" 200 30313
116.202.203.34 - - [28/Apr/2023:07:29:55 -0500] "GET /catalogoisis/imagenes/br3c1.gif HTTP/1.1" 200 177
116.202.203.34 - - [28/Apr/2023:07:29:55 -0500] "GET /catalogoisis/imagenes/br3c3.gif HTTP/1.1" 200 186
116.202.203.34 - - [28/Apr/2023:07:29:21 -0500] "GET /BLA/boletinlegal/ HTTP/1.1" 200 28619
186.30.70.235 - - [28/Apr/2023:07:30:13 -0500] "GET /sipse/faces/presentacion/financiero/solicitudProceso/consultarSolicitudProceso.xhtml HTTP/1.1" 302 -
186.30.70.235 - - [28/Apr/2023:07:30:13 -0500] "GET /sipse/faces/autenticacion.xhtml HTTP/1.1" 200 12179
186.30.70.235 - - [28/Apr/2023:07:30:14 -0500] "GET /sipse/js/funciones.js HTTP/1.1" 304 -
186.30.70.235 - - [28/Apr/2023:07:30:14 -0500] "GET /sipse/js/disable_browser_buttons.js HTTP/1.1" 304 -
186.30.70.235 - - [28/Apr/2023:07:30:14 -0500] "GET /sipse/css/custom_css_sg.css HTTP/1.1" 304 -
186.30.70.235 - - [28/Apr/2023:07:30:14 -0500] "GET /sipse/css/custom_css_sg_prime_login.css HTTP/1.1" 304 -
186.30.70.235 - - [28/Apr/2023:07:30:14 -0500] "GET /sipse/faces/javax.faces.resource/primefaces.css?ln=primefaces&v=4.0 HTTP/1.1" 304 -
186.30.70.235 - - [28/Apr/2023:07:30:14 -0500] "GET /sipse/faces/javax.faces.resource/layout/layout.css?ln=primefaces&v=4.0 HTTP/1.1" 304 -
186.30.70.235 - - [28/Apr/2023:07:30:14 -0500] "GET /sipse/faces/javax.faces.resource/jquery/jquery-plugins.js?ln=primefaces&v=4.0 HTTP/1.1" 304 -
186.30.70.235 - - [28/Apr/2023:07:30:14 -0500] "GET /sipse/faces/javax.faces.resource/layout/layout.js?ln=primefaces&v=4.0 HTTP/1.1" 304 -
186.30.70.235 - - [28/Apr/2023:07:30:14 -0500] "GET /sipse/faces/javax.faces.resource/primefaces.js?ln=primefaces&v=4.0 HTTP/1.1" 304 -
186.30.70.235 - - [28/Apr/2023:07:30:14 -0500] "GET /sipse/faces/javax.faces.resource/theme.css?ln=primefaces-sipse HTTP/1.1" 304 -
186.30.70.235 - - [28/Apr/2023:07:30:14 -0500] "GET /sipse/faces/javax.faces.resource/jquery/jquery.js?ln=primefaces&v=4.0 HTTP/1.1" 304 -
186.30.70.235 - - [28/Apr/2023:07:30:14 -0500] "GET /sipse/css/imagen/logoSDG.png HTTP/1.1" 304 -
186.30.70.235 - - [28/Apr/2023:07:30:14 -0500] "GET /sipse/css/imagen/loginimg.png HTTP/1.1" 304 -
186.30.70.235 - - [28/Apr/2023:07:30:14 -0500] "GET /sipse/faces/javax.faces.resource/images/ui-icons_898989_256x240.png?ln=primefaces-aristo HTTP/1.1" 304 -
186.30.70.235 - - [28/Apr/2023:07:30:14 -0500] "GET /sipse/faces/index.xhtml HTTP/1.1" 200 677
186.30.70.235 - - [28/Apr/2023:07:30:16 -0500] "GET /sipse/faces/javax.faces.resource/theme.css?ln=primefaces-sipse HTTP/1.1" 304 -
186.30.70.235 - - [28/Apr/2023:07:30:16 -0500] "GET /sipse/faces/faces/autenticacion.xhtml HTTP/1.1" 200 12179
186.30.70.235 - - [28/Apr/2023:07:30:16 -0500] "GET /sipse/faces/javax.faces.resource/theme.css?ln=primefaces-sipse HTTP/1.1" 304 -
186.30.70.235 - - [28/Apr/2023:07:30:16 -0500] "GET /sipse/faces/javax.faces.resource/primefaces.js?ln=primefaces&v=4.0 HTTP/1.1" 304 -
186.30.70.235 - - [28/Apr/2023:07:30:16 -0500] "GET /sipse/faces/javax.faces.resource/jquery/jquery.js?ln=primefaces&v=4.0 HTTP/1.1" 304 -
186.30.70.235 - - [28/Apr/2023:07:30:16 -0500] "GET /sipse/faces/javax.faces.resource/layout/layout.css?ln=primefaces&v=4.0 HTTP/1.1" 304 -
186.30.70.235 - - [28/Apr/2023:07:30:16 -0500] "GET /sipse/faces/javax.faces.resource/primefaces.css?ln=primefaces&v=4.0 HTTP/1.1" 304 -
186.30.70.235 - - [28/Apr/2023:07:30:16 -0500] "GET /sipse/faces/javax.faces.resource/layout/layout.js?ln=primefaces&v=4.0 HTTP/1.1" 304 -
186.30.70.235 - - [28/Apr/2023:07:30:16 -0500] "GET /sipse/faces/javax.faces.resource/jquery/jquery-plugins.js?ln=primefaces&v=4.0 HTTP/1.1" 304 -
186.30.70.235 - - [28/Apr/2023:07:30:27 -0500] "POST /sipse/faces/autenticacion.xhtml HTTP/1.1" 200 2222
186.30.70.235 - - [28/Apr/2023:07:30:27 -0500] "GET /sipse/faces/javax.faces.resource/messages/messages.png?ln=primefaces&v=4.0 HTTP/1.1" 304 -
186.30.70.235 - - [28/Apr/2023:07:30:28 -0500] "GET /sipse/faces/javax.faces.resource/images/ui-icons_898989_256x240.png?ln=primefaces-aristo HTTP/1.1" 304 -
186.30.70.235 - - [28/Apr/2023:07:30:29 -0500] "POST /sipse/faces/autenticacion.xhtml HTTP/1.1" 200 16365
186.30.70.235 - - [28/Apr/2023:07:30:33 -0500] "GET /sipse/css/custom_css_sg_prime.css HTTP/1.1" 304 -
186.30.70.235 - - [28/Apr/2023:07:30:33 -0500] "GET /sipse/faces/javax.faces.resource/layout/layout.css?ln=primefaces&v=4.0 HTTP/1.1" 304 -
186.30.70.235 - - [28/Apr/2023:07:30:33 -0500] "GET /sipse/js/jquery.min.js HTTP/1.1" 304 -
186.30.70.235 - - [28/Apr/2023:07:30:33 -0500] "GET /sipse/faces/javax.faces.resource/theme.css?ln=primefaces-sipse HTTP/1.1" 304 -
186.30.70.235 - - [28/Apr/2023:07:30:33 -0500] "GET /sipse/faces/javax.faces.resource/primefaces.css?ln=primefaces&v=4.0 HTTP/1.1" 304 -
186.30.70.235 - - [28/Apr/2023:07:30:33 -0500] "GET /sipse/faces/javax.faces.resource/jquery/jquery.js?ln=primefaces&v=4.0 HTTP/1.1" 304 -
186.30.70.235 - - [28/Apr/2023:07:30:33 -0500] "GET /sipse/faces/javax.faces.resource/jquery/jquery-plugins.js?ln=primefaces&v=4.0 HTTP/1.1" 304 -
186.30.70.235 - - [28/Apr/2023:07:30:33 -0500] "GET /sipse/faces/javax.faces.resource/primefaces.js?ln=primefaces&v=4.0 HTTP/1.1" 304 -
186.30.70.235 - - [28/Apr/2023:07:30:33 -0500] "GET /sipse/faces/javax.faces.resource/layout/layout.js?ln=primefaces&v=4.0 HTTP/1.1" 304 -
186.30.70.235 - - [28/Apr/2023:07:30:33 -0500] "POST /sipse/faces/bienvenido.xhtml HTTP/1.1" 200 732
186.30.70.235 - - [28/Apr/2023:07:30:34 -0500] "GET /sipse/imagenes/cargando.gif HTTP/1.1" 304 -
186.30.70.235 - - [28/Apr/2023:07:30:34 -0500] "GET /sipse/imagenes/logoAplicacion.jpg HTTP/1.1" 304 -
186.30.70.235 - - [28/Apr/2023:07:30:34 -0500] "GET /sipse/css/imagen/contrasena.png HTTP/1.1" 404 383
186.30.70.235 - - [28/Apr/2023:07:30:37 -0500] "GET /sipse/faces/javax.faces.resource/images/ui-bg_flat_0_2d5972_40x100.png?ln=primefaces-aristo HTTP/1.1" 304 -
186.30.70.235 - - [28/Apr/2023:07:30:37 -0500] "POST /sipse/faces/bienvenido.xhtml HTTP/1.1" 200 2060
52.167.144.63 - - [28/Apr/2023:07:30:38 -0500] "GET /BLA/resoluciones/index.php?dir=RESOLUCIONES+2022%2F HTTP/1.1" 200 300731
186.30.70.235 - - [28/Apr/2023:07:30:39 -0500] "POST /sipse/faces/bienvenido.xhtml HTTP/1.1" 200 35853
186.30.70.235 - - [28/Apr/2023:07:30:40 -0500] "GET /sipse/faces/javax.faces.resource/primefaces.css?ln=primefaces&v=4.0 HTTP/1.1" 304 -
186.30.70.235 - - [28/Apr/2023:07:30:40 -0500] "GET /sipse/faces/javax.faces.resource/layout/layout.css?ln=primefaces&v=4.0 HTTP/1.1" 304 -
186.30.70.235 - - [28/Apr/2023:07:30:40 -0500] "GET /sipse/faces/javax.faces.resource/theme.css?ln=primefaces-sipse HTTP/1.1" 304 -
186.30.70.235 - - [28/Apr/2023:07:30:40 -0500] "GET /sipse/faces/javax.faces.resource/jquery/jquery.js?ln=primefaces&v=4.0 HTTP/1.1" 304 -
186.30.70.235 - - [28/Apr/2023:07:30:41 -0500] "GET /sipse/faces/javax.faces.resource/jquery/jquery-plugins.js?ln=primefaces&v=4.0 HTTP/1.1" 304 -
186.30.70.235 - - [28/Apr/2023:07:30:41 -0500] "GET /sipse/faces/javax.faces.resource/primefaces.js?ln=primefaces&v=4.0 HTTP/1.1" 304 -
186.30.70.235 - - [28/Apr/2023:07:30:41 -0500] "GET /sipse/faces/javax.faces.resource/layout/layout.js?ln=primefaces&v=4.0 HTTP/1.1" 304 -
186.30.70.235 - - [28/Apr/2023:07:30:41 -0500] "POST /sipse/faces/presentacion/financiero/solicitudProceso/listarSolicitudProceso.xhtml HTTP/1.1" 200 1392
40.77.167.87 - - [28/Apr/2023:07:30:43 -0500] "GET /BLA/resoluciones/index.php?dir=AUTOS+2022%2F HTTP/1.1" 200 486117
186.30.70.235 - - [28/Apr/2023:07:30:44 -0500] "POST /sipse/faces/presentacion/financiero/solicitudProceso/listarSolicitudProceso.xhtml HTTP/1.1" 200 133317
186.30.70.235 - - [28/Apr/2023:07:30:49 -0500] "GET /sipse/faces/javax.faces.resource/layout/layout.css?ln=primefaces&v=4.0 HTTP/1.1" 304 -
186.30.70.235 - - [28/Apr/2023:07:30:49 -0500] "GET /sipse/faces/javax.faces.resource/theme.css?ln=primefaces-sipse HTTP/1.1" 304 -
186.30.70.235 - - [28/Apr/2023:07:30:49 -0500] "GET /sipse/faces/javax.faces.resource/primefaces.css?ln=primefaces&v=4.0 HTTP/1.1" 304 -
186.30.70.235 - - [28/Apr/2023:07:30:49 -0500] "GET /sipse/faces/javax.faces.resource/jquery/jquery.js?ln=primefaces&v=4.0 HTTP/1.1" 304 -
186.30.70.235 - - [28/Apr/2023:07:30:49 -0500] "GET /sipse/faces/javax.faces.resource/jquery/jquery-plugins.js?ln=primefaces&v=4.0 HTTP/1.1" 304 -
186.30.70.235 - - [28/Apr/2023:07:30:49 -0500] "GET /sipse/faces/javax.faces.resource/primefaces.js?ln=primefaces&v=4.0 HTTP/1.1" 304 -
186.30.70.235 - - [28/Apr/2023:07:30:49 -0500] "GET /sipse/faces/javax.faces.resource/layout/layout.js?ln=primefaces&v=4.0 HTTP/1.1" 304 -
172.22.2.4 - - [28/Apr/2023:07:30:00 -0500] "HEAD /BLA/boletinlegal/ HTTP/1.1" 200 -
173.252.107.18 - - [28/Apr/2023:07:31:51 -0500] "GET /autoridades-frenan-disposicion-de-residuos-de-construccion-cerca-al-humedal-salitre.html HTTP/1.1" 206 935
172.22.2.4 - - [28/Apr/2023:07:30:50 -0500] "GET /BLA/boletinlegal/ HTTP/1.1" 200 57561
186.30.70.235 - - [28/Apr/2023:07:32:39 -0500] "POST /sipse/faces/presentacion/financiero/solicitudProceso/consultarSolicitudProceso.xhtml HTTP/1.1" 200 24038
186.30.70.235 - - [28/Apr/2023:07:32:44 -0500] "GET /sipse/faces/javax.faces.resource/jquery/jquery.js?ln=primefaces&v=4.0 HTTP/1.1" 304 -
186.30.70.235 - - [28/Apr/2023:07:32:44 -0500] "GET /sipse/faces/javax.faces.resource/layout/layout.css?ln=primefaces&v=4.0 HTTP/1.1" 304 -
186.30.70.235 - - [28/Apr/2023:07:32:44 -0500] "GET /sipse/faces/javax.faces.resource/jquery/jquery-plugins.js?ln=primefaces&v=4.0 HTTP/1.1" 304 -
186.30.70.235 - - [28/Apr/2023:07:32:44 -0500] "GET /sipse/faces/javax.faces.resource/theme.css?ln=primefaces-sipse HTTP/1.1" 304 -
186.30.70.235 - - [28/Apr/2023:07:32:44 -0500] "GET /sipse/faces/javax.faces.resource/primefaces.css?ln=primefaces&v=4.0 HTTP/1.1" 304 -
186.30.70.235 - - [28/Apr/2023:07:32:44 -0500] "GET /sipse/faces/javax.faces.resource/primefaces.js?ln=primefaces&v=4.0 HTTP/1.1" 304 -
186.30.70.235 - - [28/Apr/2023:07:32:44 -0500] "GET /sipse/faces/javax.faces.resource/layout/layout.js?ln=primefaces&v=4.0 HTTP/1.1" 304 -
186.30.70.235 - - [28/Apr/2023:07:33:10 -0500] "POST /sipse/faces/presentacion/financiero/viabilidad/expedirViabilidad.xhtml HTTP/1.1" 200 135076
186.30.70.235 - - [28/Apr/2023:07:33:13 -0500] "GET /sipse/faces/javax.faces.resource/layout/layout.css?ln=primefaces&v=4.0 HTTP/1.1" 304 -
186.30.70.235 - - [28/Apr/2023:07:33:13 -0500] "GET /sipse/faces/javax.faces.resource/jquery/jquery.js?ln=primefaces&v=4.0 HTTP/1.1" 304 -
186.30.70.235 - - [28/Apr/2023:07:33:13 -0500] "GET /sipse/faces/javax.faces.resource/theme.css?ln=primefaces-sipse HTTP/1.1" 304 -
186.30.70.235 - - [28/Apr/2023:07:33:13 -0500] "GET /sipse/faces/javax.faces.resource/primefaces.css?ln=primefaces&v=4.0 HTTP/1.1" 304 -
186.30.70.235 - - [28/Apr/2023:07:33:13 -0500] "GET /sipse/faces/javax.faces.resource/jquery/jquery-plugins.js?ln=primefaces&v=4.0 HTTP/1.1" 304 -
186.30.70.235 - - [28/Apr/2023:07:33:13 -0500] "GET /sipse/faces/javax.faces.resource/primefaces.js?ln=primefaces&v=4.0 HTTP/1.1" 304 -
186.30.70.235 - - [28/Apr/2023:07:33:13 -0500] "GET /sipse/faces/javax.faces.resource/layout/layout.js?ln=primefaces&v=4.0 HTTP/1.1" 304 -
172.22.2.4 - - [28/Apr/2023:07:33:17 -0500] "GET /BLA/boletinlegal/admin/ HTTP/1.1" 200 2324
172.22.2.4 - - [28/Apr/2023:07:33:19 -0500] "GET /BLA/boletinlegal/favicon.ico HTTP/1.1" 404 1320
201.245.192.253 - - [28/Apr/2023:07:33:26 -0500] "POST /kwsrmcab/Wsrmcab  HTTP/1.1" 200 41796
216.245.221.92 - - [28/Apr/2023:07:33:28 -0500] "HEAD / HTTP/1.1" 200 -
35.204.111.8 - - [28/Apr/2023:07:34:09 -0500] "GET /inventario-de-emisiones-2020-transporte-publico-sitp-redujo-emisiones-de-pm-2-5-en-un-37.html HTTP/1.1" 200 925
186.30.70.235 - - [28/Apr/2023:07:34:12 -0500] "POST /sipse/faces/presentacion/financiero/solicitudProceso/consultarSolicitudProceso.xhtml HTTP/1.1" 200 33049
186.30.70.235 - - [28/Apr/2023:07:34:19 -0500] "GET /sipse/faces/javax.faces.resource/theme.css?ln=primefaces-sipse HTTP/1.1" 304 -
186.30.70.235 - - [28/Apr/2023:07:34:19 -0500] "GET /sipse/faces/javax.faces.resource/layout/layout.css?ln=primefaces&v=4.0 HTTP/1.1" 304 -
186.30.70.235 - - [28/Apr/2023:07:34:19 -0500] "GET /sipse/faces/javax.faces.resource/jquery/jquery.js?ln=primefaces&v=4.0 HTTP/1.1" 304 -
186.30.70.235 - - [28/Apr/2023:07:34:19 -0500] "GET /sipse/faces/javax.faces.resource/primefaces.css?ln=primefaces&v=4.0 HTTP/1.1" 304 -
186.30.70.235 - - [28/Apr/2023:07:34:19 -0500] "GET /sipse/faces/javax.faces.resource/jquery/jquery-plugins.js?ln=primefaces&v=4.0 HTTP/1.1" 304 -
186.30.70.235 - - [28/Apr/2023:07:34:19 -0500] "GET /sipse/faces/javax.faces.resource/primefaces.js?ln=primefaces&v=4.0 HTTP/1.1" 304 -
186.30.70.235 - - [28/Apr/2023:07:34:19 -0500] "GET /sipse/faces/javax.faces.resource/layout/layout.js?ln=primefaces&v=4.0 HTTP/1.1" 304 -
186.30.70.235 - - [28/Apr/2023:07:34:19 -0500] "POST /sipse/faces/presentacion/financiero/solicitudProceso/listarSolicitudProceso.xhtml HTTP/1.1" 200 1376
186.30.70.235 - - [28/Apr/2023:07:34:22 -0500] "POST /sipse/faces/presentacion/financiero/solicitudProceso/listarSolicitudProceso.xhtml HTTP/1.1" 200 911
172.22.2.4 - - [28/Apr/2023:07:35:49 -0500] "GET /BLA/boletinlegal/style.css HTTP/1.1" 200 9406
172.22.2.4 - - [28/Apr/2023:07:35:49 -0500] "GET /BLA/boletinlegal/styles2.css HTTP/1.1" 200 1838
172.22.2.4 - - [28/Apr/2023:07:35:49 -0500] "GET /BLA/boletinlegal/js/jquery.js HTTP/1.1" 200 57254
172.22.2.4 - - [28/Apr/2023:07:35:49 -0500] "GET /BLA/boletinlegal/js/jquery.scrollTo-min.js HTTP/1.1" 200 1150
172.22.2.4 - - [28/Apr/2023:07:35:49 -0500] "GET /BLA/boletinlegal/js/jquery.scrollShow.js HTTP/1.1" 200 4586
172.22.2.4 - - [28/Apr/2023:07:35:49 -0500] "GET /BLA/boletinlegal/images/cabezote%20BLEGAL.jpg HTTP/1.1" 200 118164
172.22.2.4 - - [28/Apr/2023:07:35:49 -0500] "GET /BLA/boletinlegal/images/subscribe-icon-big.png HTTP/1.1" 200 47702
172.22.2.4 - - [28/Apr/2023:07:35:49 -0500] "GET /BLA/boletinlegal/images/historia.png HTTP/1.1" 200 52775
172.22.2.4 - - [28/Apr/2023:07:35:49 -0500] "GET /BLA/boletinlegal/images/registro-usuarios.png HTTP/1.1" 200 8106
172.22.2.4 - - [28/Apr/2023:07:35:49 -0500] "GET /BLA/boletinlegal/images/arr_l.jpg HTTP/1.1" 200 1979
172.22.2.4 - - [28/Apr/2023:07:35:49 -0500] "GET /BLA/boletinlegal/images/screen_1.png HTTP/1.1" 200 202547
172.22.2.4 - - [28/Apr/2023:07:35:49 -0500] "GET /BLA/boletinlegal/images/launch.jpg HTTP/1.1" 200 14577
172.22.2.4 - - [28/Apr/2023:07:35:49 -0500] "GET /BLA/boletinlegal/images/body_bg.jpg HTTP/1.1" 200 1601
172.22.2.4 - - [28/Apr/2023:07:35:49 -0500] "GET /BLA/boletinlegal/images/menu_lft.gif HTTP/1.1" 200 1713
172.22.2.4 - - [28/Apr/2023:07:35:49 -0500] "GET /BLA/boletinlegal/images/menu_rght.gif HTTP/1.1" 200 1627
172.22.2.4 - - [28/Apr/2023:07:35:49 -0500] "GET /BLA/boletinlegal/images/bg_top.jpg HTTP/1.1" 200 522
172.22.2.4 - - [28/Apr/2023:07:35:49 -0500] "GET /BLA/boletinlegal/images/menu_bg.jpg HTTP/1.1" 200 620
172.22.2.4 - - [28/Apr/2023:07:35:49 -0500] "GET /BLA/boletinlegal/images/hover.jpg HTTP/1.1" 200 640
172.22.2.4 - - [28/Apr/2023:07:35:49 -0500] "GET /BLA/boletinlegal/images/text.jpg HTTP/1.1" 200 568
172.22.2.4 - - [28/Apr/2023:07:35:51 -0500] "GET /BLA/boletinlegal/actos.php HTTP/1.1" 200 9682
172.22.2.4 - - [28/Apr/2023:07:35:51 -0500] "GET /BLA/boletinlegal/js/ajax_actos.js HTTP/1.1" 200 1322
172.22.2.4 - - [28/Apr/2023:07:35:51 -0500] "GET /BLA/boletinlegal/niceforms.js HTTP/1.1" 200 22876
172.22.2.4 - - [28/Apr/2023:07:35:51 -0500] "GET /BLA/boletinlegal/niceforms-default.css HTTP/1.1" 200 6694
172.22.2.4 - - [28/Apr/2023:07:35:51 -0500] "GET /BLA/boletinlegal/js/popup.js HTTP/1.1" 200 1270
172.22.2.4 - - [28/Apr/2023:07:35:51 -0500] "GET /BLA/boletinlegal/js/lib.js HTTP/1.1" 200 6474
172.22.2.4 - - [28/Apr/2023:07:35:51 -0500] "GET /BLA/boletinlegal/js/jquery1.js HTTP/1.1" 200 29846
172.22.2.4 - - [28/Apr/2023:07:35:51 -0500] "GET /BLA/boletinlegal/images/green-yellow-blue-pink-th.png HTTP/1.1" 200 7394
172.22.2.4 - - [28/Apr/2023:07:35:51 -0500] "GET /BLA/boletinlegal/images/tel.png HTTP/1.1" 200 14477
172.22.2.4 - - [28/Apr/2023:07:35:51 -0500] "GET /BLA/boletinlegal/images/icono-email.png HTTP/1.1" 200 5544
172.22.2.4 - - [28/Apr/2023:07:35:51 -0500] "GET /BLA/boletinlegal/images/footer_bg_l.jpg HTTP/1.1" 200 776
172.22.2.4 - - [28/Apr/2023:07:35:51 -0500] "GET /BLA/boletinlegal/images/footer_bg.jpg HTTP/1.1" 200 586
172.22.2.4 - - [28/Apr/2023:07:35:52 -0500] "GET /BLA/boletinlegal/img/0.png HTTP/1.1" 200 110
172.22.2.4 - - [28/Apr/2023:07:35:52 -0500] "GET /BLA/boletinlegal/img/select-left.png HTTP/1.1" 200 263
172.22.2.4 - - [28/Apr/2023:07:35:52 -0500] "GET /BLA/boletinlegal/img/select-right.png HTTP/1.1" 200 44019
172.22.2.4 - - [28/Apr/2023:07:35:52 -0500] "GET /BLA/boletinlegal/img/button-left.png HTTP/1.1" 200 57071
172.22.2.4 - - [28/Apr/2023:07:35:52 -0500] "GET /BLA/boletinlegal/img/button.png HTTP/1.1" 200 43241
172.22.2.4 - - [28/Apr/2023:07:35:52 -0500] "GET /BLA/boletinlegal/img/button-right.png HTTP/1.1" 200 57878
172.22.2.4 - - [28/Apr/2023:07:35:52 -0500] "GET /BLA/boletinlegal/favicon.ico HTTP/1.1" 404 1326
172.22.2.4 - - [28/Apr/2023:07:36:10 -0500] "GET /BLA/boletinlegal/consulta_actos.php?tipo=autos&no=1872&usuario=&sector=&fecha=2015&resuelve= HTTP/1.1" 200 1118
172.22.2.4 - - [28/Apr/2023:07:36:10 -0500] "GET /BLA/boletinlegal/images/pdf.gif HTTP/1.1" 200 567
181.56.64.186 - - [28/Apr/2023:07:36:13 -0500] "GET /BLA/resoluciones/ HTTP/1.1" 200 13502
181.56.64.186 - - [28/Apr/2023:07:36:13 -0500] "GET /BLA/resoluciones/dlf/styles.css HTTP/1.1" 200 3049
181.56.64.186 - - [28/Apr/2023:07:36:13 -0500] "GET /BLA/resoluciones/dlf/folder.png HTTP/1.1" 200 410
181.56.64.186 - - [28/Apr/2023:07:36:13 -0500] "GET /BLA/resoluciones/dlf/bg.gif HTTP/1.1" 200 54
181.56.64.186 - - [28/Apr/2023:07:36:14 -0500] "GET /favicon.ico HTTP/1.1" 200 7782
181.56.64.186 - - [28/Apr/2023:07:36:17 -0500] "GET /BLA/resoluciones/index.php?dir=AUTOS+2015%2F HTTP/1.1" 200 12235
181.56.64.186 - - [28/Apr/2023:07:36:17 -0500] "GET /BLA/resoluciones/dlf/dirup.png HTTP/1.1" 200 644
181.56.64.186 - - [28/Apr/2023:07:36:17 -0500] "GET /BLA/resoluciones/dlf/pdf.gif HTTP/1.1" 200 272
181.56.64.186 - - [28/Apr/2023:07:36:17 -0500] "GET /BLA/resoluciones/index.php?dir=AUTOS+2015%2F HTTP/1.1" 200 581560
181.56.64.186 - - [28/Apr/2023:07:36:18 -0500] "GET /BLA/resoluciones/dlf/unknown.png HTTP/1.1" 200 266
172.22.2.4 - - [28/Apr/2023:07:35:49 -0500] "GET /BLA/boletinlegal/ HTTP/1.1" 200 24523
181.56.64.186 - - [28/Apr/2023:07:36:43 -0500] "GET /BLA/resoluciones/AUTOS%202015/1872.pdf HTTP/1.1" 200 703808
40.77.167.94 - - [28/Apr/2023:07:36:48 -0500] "GET /BLA/resoluciones/AUTOS%202013/3684.pdf HTTP/1.1" 200 319339
191.156.146.6 - - [28/Apr/2023:07:37:04 -0500] "GET /mujeres-que-reverdecen-secretaria-de-ambiente-anuncia-300-cupos-para-la-tercera-fase-del-programa.html HTTP/1.1" 304 -
172.22.2.4 - - [28/Apr/2023:07:35:50 -0500] "HEAD /BLA/boletinlegal/ HTTP/1.1" 200 -
190.25.161.22 - - [28/Apr/2023:07:37:43 -0500] "GET /alista-tu-camara-y-participa-en-el-reto-naturalista-2023.html HTTP/1.1" 200 743
172.22.2.4 - - [28/Apr/2023:07:36:40 -0500] "GET /BLA/boletinlegal/ HTTP/1.1" 200 57151
201.245.192.253 - - [28/Apr/2023:07:38:25 -0500] "POST /kwsrmcab/Wsrmcab  HTTP/1.1" 200 41796
216.245.221.92 - - [28/Apr/2023:07:38:28 -0500] "HEAD / HTTP/1.1" 200 -
201.245.192.253 - - [28/Apr/2023:07:39:25 -0500] "POST /kwsrmcab/Wsrmcab HTTP/1.1" 200 43190
201.245.192.253 - - [28/Apr/2023:07:39:28 -0500] "POST /kwsrmcab/Wsrmcab HTTP/1.1" 200 43193
186.155.14.225 - - [28/Apr/2023:07:40:17 -0500] "GET /BLA/resoluciones/index.php?dir=AUTOS+2017%2F HTTP/1.1" 200 468156
186.155.14.225 - - [28/Apr/2023:07:40:24 -0500] "GET /BLA/resoluciones/AUTOS%202017/2426.pdf HTTP/1.1" 200 1650217
40.77.167.94 - - [28/Apr/2023:07:40:39 -0500] "GET /bla/resoluciones/resoluciones%202020/2430.pdf HTTP/1.1" 200 553762
172.22.2.4 - - [28/Apr/2023:07:41:40 -0500] "GET /BLA/boletinlegal/index.php?s=/Index/\\think\\app/invokefunction&function=call_user_func_array&vars[0]=md5&vars[1][]=HelloThinkPHP21 HTTP/1.1" 200 36811
172.22.2.4 - - [28/Apr/2023:07:41:40 -0500] "HEAD /BLA/boletinlegal/ HTTP/1.1" 200 -
201.245.192.253 - - [28/Apr/2023:07:43:23 -0500] "POST /kwsrmcab/Wsrmcab  HTTP/1.1" 200 41796
216.245.221.92 - - [28/Apr/2023:07:43:28 -0500] "HEAD / HTTP/1.1" 200 -
66.249.73.59 - - [28/Apr/2023:07:43:51 -0500] "-" 408 -
172.22.2.4 - - [28/Apr/2023:07:42:30 -0500] "GET /BLA/boletinlegal/ HTTP/1.1" 200 56754
34.90.171.93 - - [28/Apr/2023:07:44:31 -0500] "GET /inventario-de-emisiones-2020-transporte-publico-sitp-redujo-emisiones-de-pm-2-5-en-un-37.html HTTP/1.1" 200 925
179.1.82.242 - - [28/Apr/2023:07:45:43 -0500] "GET /alista-tu-camara-y-participa-en-el-reto-naturalista-2023.html HTTP/1.1" 200 743
40.77.167.84 - - [28/Apr/2023:07:46:49 -0500] "GET /mujeres-que-reverdecen-secretaria-de-ambiente-anuncia-300-cupos-para-la-tercera-fase-del-programa.html HTTP/1.1" 200 823
201.245.192.253 - - [28/Apr/2023:07:48:22 -0500] "POST /kwsrmcab/Wsrmcab  HTTP/1.1" 200 41796
216.245.221.92 - - [28/Apr/2023:07:48:28 -0500] "HEAD / HTTP/1.1" 200 -
172.22.2.4 - - [28/Apr/2023:07:47:30 -0500] "HEAD /BLA/boletinlegal/ HTTP/1.1" 200 -
172.22.2.4 - - [28/Apr/2023:07:48:20 -0500] "GET /BLA/boletinlegal/ HTTP/1.1" 200 52326
172.22.2.4 - - [28/Apr/2023:07:50:19 -0500] "GET /BLA/boletinlegal/actos.php HTTP/1.1" 200 9682
181.32.190.109 - - [28/Apr/2023:07:50:51 -0500] "GET /forest/login.do HTTP/1.1" 404 1120
66.249.66.72 - - [28/Apr/2023:07:51:20 -0500] "-" 408 -
172.22.2.4 - - [28/Apr/2023:07:52:20 -0500] "GET /BLA/boletinlegal/actos.php HTTP/1.1" 200 9682
201.245.192.253 - - [28/Apr/2023:07:53:21 -0500] "POST /kwsrmcab/Wsrmcab  HTTP/1.1" 200 41796
216.245.221.92 - - [28/Apr/2023:07:53:28 -0500] "HEAD / HTTP/1.1" 200 -
186.102.6.110 - - [28/Apr/2023:07:53:41 -0500] "GET /kwssiamovil/sm/acme/a?s=U2FsdGVkX1/hO+anI5wVdOEBh79frIG/wdQQymPmNPKp6MX9zitn90299D3NzvzVazA+IPVIFcR9o68xH5nYPybw0bBipJ+sR5Ic3ITacTor33akJS1mDzTYTJZ5+RL5nh4P3dVxoGsN/F2R/OdPA1kCvU3Glsut5YX3MuSNajmDvlemL69oYmR1w38tJkDBg+hnnDiWe6D8sxt6oy2mzjGcwIg680A7gcOJvMjDMFodjh/vbtSVzIic2tHQyk/ZxWoXkmIPysSJTRxI73YylA==&u=U2FsdGVkX1+CAWPMh+skdJyR5yWIOd+QN/Ef5dxRNQM=&y=U2FsdGVkX1+0fo61FOzc0KcTZsqRE8ESjDGU9zrjQAeeUt6bUT2nvFnwESh2g7dj HTTP/1.1" 200 26
186.102.6.110 - - [28/Apr/2023:07:53:44 -0500] "GET /kwssiamovil/sm/acme/a?s=U2FsdGVkX1+rcVOujNMazdbFfXy750E3AioHbtFuKx5X5RYydVdNTbHWh8MoSBjaKKLqRi/c4KSvKYEzk/3cqY9cTjCLEjCuLAmq+8TEtTTbtVYCqnQbGekgXv9M0WC26e37q8PrDNRiJuVwYDatvxKocD4bR8EKVsiL9VBmG6itt2hW+onNZAcktjeqgGmyXHvOwljh30YcuuXW/SE8nMbVBfh4KseYiZDlbvx1YO9saC1sjnc1nn3TO7lUAY+krqpoEI+mEx5tbcfZg4GOVPzoCqKHSKQQlKPNY9EzDzmrHaS/jZjhqM74hodZdcG2xUIhdNViigqIhxZN5fRNF7O7IZsNXP3K76ZGQPThCJDbl8jGIOHgmLMZiQpSEUm3FeXWjsvrSfpuUGle29RgwIlubUkOo5waSakR5e+yIh90t7rovodxnWRgPhVEToSlKPaRKTA+u0iifKexodBoetS0MISdLE9HcKgsj53+VWDJvKshgENHysRQrGd58aefkkDoE/kX/BcOUZL1uga2/yekYJDeGpMaPOjH5+zqXgQBjxuyMX4Aiu/OO7orJkxG6tU2xeilharhnoEQzfqmcX8dLJFACzPAQ+g3jbwKsdLfvlxXCdxbGo/mtPxANe2c4CDXJx92a18ktPz57sXCQzAN7pVusORiYEf/nXNoNlmi3jPwbjprE8aBjdAdgX9KHZzfVqV/kSvSYtXkZ6X0aCaR42ZUGThAN249zVgw6OuF/b6RaA9YwmH2MSDdGckSz8+VPLPHIjPzzuNXtnJTCpAog2zkNRowyj9BBVbye4GcTW6qKjfQRXFHmfA3aoIb4X9Yg96WknL1KZ7+WWgykoQmXPIAqqkLYc9EERr7O3mXZMzwRcHQxokczWcPEpCWGSX3aMm3QYs1xQ6BNheF7TLCaXKV49iW5vhPs7bSyW4f60sFO4ozFp3LB0zZGDRMnhUQg/jtsjxJJvaejbp5YrKoSsQdLx2tapG1Ae5lQZnuWW4lI0Jfj1f6WYu7yTtGx3zSIo+O+YW7OkkRLFb+vE54NfmJnAvo6gAt72fjarPHaEoMgJrklcP55mECUbc9vr8AuIeXmwmiJoOW5h9viQhZsHsoxwml11jvelGkshs3s5cJgPtqD7zcjIgtpQY6yZpdwistmrByhcbO12k+yjmE+dcELXEafplnMORca7+dqpDw0vBBWTdMdMcWPZb/dxotXDVziUlmDr2utUy2tvIlw9Bd/SQ7IErj+kuQpUBR4rSm6x7297UWJpBoGJfMNEnx5zoIlQ1F3GMnsStey/iNtlRXcVMMLlnqBlW6eS9qKYFQoXOzDQP8fvHm3pC6yhRMHggandHlniOEmD14AYbHpsSjdG7uld90KaUngXSljlQxbbiMY0z9Tn9FygaitLvVUFcByAA2Sb5eYfy7rYhnAjXF/pz1QxG26fEKNeycVBKeLQ3Qsvpwp87pmQ1BhVujS0JvyOsLTKXZcYTxzIr9reJtJPif5PGUhsDKmUmiOGwODd5JtIS8ko2jTDaA8NctbVyZIa4ZVx4M6nObZaAJGCzQfK681sByj67rlw7TOj7ocbA5tBrbE6gcMPcYYj3LP8rhbTsAyYFLkITQu4N97/UxQ3IBv5fecyN73sH9OTMncImsJTvyfgaMnSz+64Ck066Qtttxsuo+oC3UUA/x3pf+HQijn+VWZUZWCyk=&u=U2FsdGVkX1+CAWPMh+skdJyR5yWIOd+QN/Ef5dxRNQM=&y=U2FsdGVkX1+0fo61FOzc0KcTZsqRE8ESjDGU9zrjQAeeUt6bUT2nvFnwESh2g7dj HTTP/1.1" 200 26
186.102.6.110 - - [28/Apr/2023:07:53:45 -0500] "GET /kwssiamovil/sm/acme/a?s=U2FsdGVkX19+J3jxfUuAcuizcqMwqTg9NSY7+fGuW7Ur5VWegIwpGxlVSVW+hRLMY6ma5zZjgadf4A2YJuu1UUobXYkQxFOeSYOMIXNbD6CTPP3uRYVh2zT6DNB/iPMXI3Z7WUwirqPZNRRymsR/MqvA0tJHBoXJk7oX5S7C5OU=&u=U2FsdGVkX1+CAWPMh+skdJyR5yWIOd+QN/Ef5dxRNQM=&y=U2FsdGVkX1+0fo61FOzc0KcTZsqRE8ESjDGU9zrjQAeeUt6bUT2nvFnwESh2g7dj HTTP/1.1" 200 26
186.102.6.110 - - [28/Apr/2023:07:53:45 -0500] "GET /kwssiamovil/sm/acme/a?s=U2FsdGVkX1/4hRNEotA0tz+SAGkWTofqbOT8LHjRqLHTiF9fQC9/ssFvpa3SY3RbGgHnGmvjCyL9YCTwZDEmzHJu6vOAlKfYz+OymvZ0Lt1vA7vNDJG/i7xZ1UxLjMztNVRUmosdEWtstmTjiuLZAHdxQ6HYlqzKk3kwwzyei4c=&u=U2FsdGVkX1+CAWPMh+skdJyR5yWIOd+QN/Ef5dxRNQM=&y=U2FsdGVkX1+0fo61FOzc0KcTZsqRE8ESjDGU9zrjQAeeUt6bUT2nvFnwESh2g7dj HTTP/1.1" 200 26
186.102.6.110 - - [28/Apr/2023:07:53:45 -0500] "GET /kwssiamovil/sm/acme/a?s=U2FsdGVkX18CyaiWISEaYmYO7MRXWcbD97r7N84guN8FeCMEiI87gALeduhRttcIxIkFWmxXlcKVb0G+yZFWGC+ivNNGNOlGqXDqgmjGeAZZ7xfP7hIOj2L1zaQdJJL3aHfye2pn+wCmnr1Oin9zliYXabw10UlY5u/Fc4EqchE=&u=U2FsdGVkX1+CAWPMh+skdJyR5yWIOd+QN/Ef5dxRNQM=&y=U2FsdGVkX1+0fo61FOzc0KcTZsqRE8ESjDGU9zrjQAeeUt6bUT2nvFnwESh2g7dj HTTP/1.1" 200 26
186.102.6.110 - - [28/Apr/2023:07:53:45 -0500] "GET /kwssiamovil/sm/acme/a?s=U2FsdGVkX18fokW7yz1c+UcLd9Si03SRFCp5bQZotE0UnGa13kkMj0zoeMDoqziL80dpCZJSpZvSX5+6i2vvrr8dzp9HoJkHcCOkaI9Z6sAORpsDkpPgGr8DhJe9Iop0vb3rhp9HrP/bybKczXr1YQDLtB9sQ3aCKzR+8N0IbbWiEphD2yn6f8FjfekNmUrqQ34/XBeH6yB16Jslz25ECQ==&u=U2FsdGVkX1+CAWPMh+skdJyR5yWIOd+QN/Ef5dxRNQM=&y=U2FsdGVkX1+0fo61FOzc0KcTZsqRE8ESjDGU9zrjQAeeUt6bUT2nvFnwESh2g7dj HTTP/1.1" 200 26
52.167.144.63 - - [28/Apr/2023:07:54:08 -0500] "GET /galeria/galeria/fotos/Soratama4G.jpg HTTP/1.1" 200 167128
176.58.98.73 - - [28/Apr/2023:07:54:56 -0500] "\x16\x03\x01" 400 226
172.22.2.4 - - [28/Apr/2023:07:53:19 -0500] "HEAD /BLA/boletinlegal/ HTTP/1.1" 200 -
181.53.13.236 - - [28/Apr/2023:07:54:59 -0500] "GET /appsia/controlador HTTP/1.1" 200 4799
181.53.13.236 - - [28/Apr/2023:07:55:05 -0500] "GET /appsia/scripts/validarIngreso.js HTTP/1.1" 200 851
181.53.13.236 - - [28/Apr/2023:07:55:05 -0500] "GET /appsia/css/estilos.css HTTP/1.1" 200 4804
181.53.13.236 - - [28/Apr/2023:07:55:05 -0500] "GET /appsia/images/cabezoteHojaVida.png HTTP/1.1" 200 32493
181.53.13.236 - - [28/Apr/2023:07:55:05 -0500] "GET /appsia/images/logo_bogota_p.png HTTP/1.1" 200 14951
181.53.13.236 - - [28/Apr/2023:07:55:06 -0500] "GET /favicon.ico HTTP/1.1" 200 7782
172.22.2.4 - - [28/Apr/2023:07:54:10 -0500] "GET /BLA/boletinlegal/ HTTP/1.1" 200 56754
181.53.13.236 - - [28/Apr/2023:07:55:55 -0500] "POST /appsia/controlador HTTP/1.1" 200 4621
181.53.13.236 - - [28/Apr/2023:07:56:03 -0500] "POST /appsia/controlador HTTP/1.1" 200 7732
181.53.13.236 - - [28/Apr/2023:07:56:04 -0500] "GET /appsia/images/logo_escudo.png HTTP/1.1" 200 36965
34.90.188.252 - - [28/Apr/2023:07:56:41 -0500] "GET /inventario-de-emisiones-2020-transporte-publico-sitp-redujo-emisiones-de-pm-2-5-en-un-37.html HTTP/1.1" 200 925
68.183.3.198 - - [28/Apr/2023:07:56:48 -0500] "GET / HTTP/1.0" 200 319
52.167.144.33 - - [28/Apr/2023:07:57:30 -0500] "GET /silencio-dia-internacional-de-la-concienciacion-sobre-el-ruido.html HTTP/1.1" 200 775
201.245.192.253 - - [28/Apr/2023:07:58:21 -0500] "POST /kwsrmcab/Wsrmcab  HTTP/1.1" 200 41796
216.245.221.92 - - [28/Apr/2023:07:58:28 -0500] "HEAD / HTTP/1.1" 200 -
172.22.2.4 - - [28/Apr/2023:07:58:10 -0500] "GET /BLA/boletinlegal/ HTTP/1.1" 200 28619
181.237.184.91 - - [28/Apr/2023:07:59:15 -0500] "GET /galeria/galeria/jquery.fancybox.css?v=2.1.5 HTTP/1.1" 200 4895
181.237.184.91 - - [28/Apr/2023:07:59:15 -0500] "GET /galeria/galeria/jquery.fancybox.js?v=2.1.5 HTTP/1.1" 200 48706
181.237.184.91 - - [28/Apr/2023:07:59:15 -0500] "GET /BLA/boletinlegal/js/jquery.scrollShow.js HTTP/1.1" 200 4586
34.90.124.37 - - [28/Apr/2023:07:59:59 -0500] "GET /inventario-de-emisiones-2020-transporte-publico-sitp-redujo-emisiones-de-pm-2-5-en-un-37.html HTTP/1.1" 200 925
172.22.2.4 - - [28/Apr/2023:07:59:10 -0500] "HEAD /BLA/boletinlegal/ HTTP/1.1" 200 -
34.91.219.115 - - [28/Apr/2023:08:01:17 -0500] "GET /inventario-de-emisiones-2020-transporte-publico-sitp-redujo-emisiones-de-pm-2-5-en-un-37.html HTTP/1.1" 200 925
172.22.2.4 - - [28/Apr/2023:08:00:00 -0500] "GET /BLA/boletinlegal/ HTTP/1.1" 200 57561
172.22.2.4 - - [28/Apr/2023:08:03:20 -0500] "GET /BLA/boletinlegal/conceptos.php HTTP/1.1" 200 7496
172.22.2.4 - - [28/Apr/2023:08:03:21 -0500] "GET /BLA/boletinlegal/js/ajax_conceptos.js HTTP/1.1" 200 1326
201.245.192.253 - - [28/Apr/2023:08:03:20 -0500] "POST /kwsrmcab/Wsrmcab  HTTP/1.1" 200 41796
216.245.221.92 - - [28/Apr/2023:08:03:28 -0500] "HEAD / HTTP/1.1" 200 -
172.22.2.4 - - [28/Apr/2023:08:03:40 -0500] "GET /BLA/boletinlegal/phpinfo_mapscript_dev.php HTTP/1.1" 404 1037
152.203.140.11 - - [28/Apr/2023:08:05:02 -0500] "OPTIONS /kwssiamovil/sm/setfile/f? HTTP/1.1" 200 13
52.167.144.63 - - [28/Apr/2023:08:05:10 -0500] "GET /sipse/faces/autenticacion.xhtml HTTP/1.1" 200 12501
152.203.140.11 - - [28/Apr/2023:08:05:03 -0500] "POST /kwssiamovil/sm/setfile/f? HTTP/1.1" 200 381
190.24.56.174 - - [28/Apr/2023:08:05:11 -0500] "GET /mujeres-que-reverdecen-secretaria-de-ambiente-anuncia-300-cupos-para-la-tercera-fase-del-programa.html HTTP/1.1" 200 823
152.203.140.11 - - [28/Apr/2023:08:05:11 -0500] "OPTIONS /kwssiamovil/sm/setfile/f? HTTP/1.1" 200 13
152.203.140.11 - - [28/Apr/2023:08:05:12 -0500] "POST /kwssiamovil/sm/setfile/f? HTTP/1.1" 200 381
152.203.140.11 - - [28/Apr/2023:08:05:14 -0500] "OPTIONS /kwssiamovil/sm/setfile/f? HTTP/1.1" 200 13
152.203.140.11 - - [28/Apr/2023:08:05:15 -0500] "POST /kwssiamovil/sm/setfile/f? HTTP/1.1" 200 381
152.203.140.11 - - [28/Apr/2023:08:05:16 -0500] "OPTIONS /kwssiamovil/sm/setfile/f? HTTP/1.1" 200 13
152.203.140.11 - - [28/Apr/2023:08:05:16 -0500] "POST /kwssiamovil/sm/setfile/f? HTTP/1.1" 200 381
152.203.140.11 - - [28/Apr/2023:08:05:28 -0500] "GET /kwssiamovil/sm/acme/a?s=U2FsdGVkX18ByI+2RTPV8TTLoiXQo+Nd5/RCBJi5KxRjvJN9POjBwu3v1vmYum5FuJLQdMG7d1OFp8KDi9UtmZh5albBOUc38us0h3LWB11W+V7g/E/QBJL++PMSDZhvfz7qzZxyc/UrE2SmeZl/B3+jXRadhHjx9teGCR/AQTYolwH5sIbG3qwVTCXjb1gC+ienAo/Ig4Kdm4pzqDauJfcLQQ1wXw0/mRY6pjo/6JHaKTnFFpwjhiG6JkGlBSZ0dZ7MCPDUnuzLcHQHbC62qg==&u=U2FsdGVkX19BMmZG4QmiOPwMD9ETC0qSpOJZm0P7mtn4p3I93VYRru2Favu5ZXx5&y=U2FsdGVkX19G5tVH4zMOxRfoopk6JWfe2HfFpboii0r1AcDtQwOCq2fi9GbeCnZP HTTP/1.1" 200 26
152.203.140.11 - - [28/Apr/2023:08:05:28 -0500] "GET /kwssiamovil/sm/acme/a?s=U2FsdGVkX195WNO0OuA2IC/MnOMCRM49ukF+UK5qMJJP1XEIHFXSElNnkzXG2I+0XWzf543SCHygb7gvOIDDIUvutILmLZ2pPJxy/GHC/M7SUFMafxgQ3HA5c09heVKZlD5msKh6fmvC3AkmyAPf358lmiBLnKQlw222xsez2d3TKGtkbWpCeGMXaiI/PrKmFDPaOUgPng3U66c3aDQNu5lRqY0A0grj9KTF8FatZogwghteS5x9nJNQHlFgvWjNTF2rGSTpLC/MmoZldRKfo2Ko+h3F1ghv+mhXm0LtXO1qRKsO01d9dKVzCVbI6xHcU0o5iKfUfKwiN0GWW2D3R7nea/9yXWMsr0rIAOBNpwErK0Y35VCsstqlzZSkuuqeFYkjf294cxt4Km00vqXlvdTg6RSzB8WgeQ/u/NHbZC2JVcr5hzHTqI7AQZAQ4FdCLmkDB9LocyIxKwZPneyNt7XXEqGrWhE/hg6KouVfi8TZ4Eu1cMIS8EJxD6/ghSZMmsCo9kpmHuWQqMtS4ssQdwvD0iUxz5hGZi1STsB7s+0GuoX14x19I4q37CPoq6yfraYvGrn7RgUnxIhfQ9Y9vQt1SGU6PgXRrEnH5EcLAZEpeNH4zRaVMbTFWMVrJ0G+XaMgRzeJpgICyG2qxUwZ3//G9CvF4n00E6IoiJwJ52fIz1DC+lTb5DeePw9NPTmwcl2FoMGxDd/6Dde5uFEMuEemWQm1JfCtnn0relO42i9zSkFmmAtog61fnvgOB/IcjGFQwYA0B7/9cUEGGMrqNhx2TzQUV4WA3dU80+7LRHL8kEjCPIC2pz1h4lQcqlZIM0FJ6GHpaiXnPotu6Oe3nnvuNvgKmJd8M5o3p0Wf6EtSSP/CSp/FZij2QGpWHgjkmSFfMhg7rYLJlr8N9Fk0vE6sTSa2qjIWQ8l1Hv8Vpu8Am85E9jsqXHwhWwVUmrDpelWBLuWahfD1lekakiYIMDdXj44vk9G3zpP3LQvDZjDR8vk41UUG9pBdJ8NjrVJqyIsfwCbfJRNI0OV7W+EWPZ8t+cfH7OaWyWPq8eqaparBOy0LL4RvionMupeH/RAPe38prd0ZTA19R9phdk6d08rg1eL7VfwIWc6k3gLvZkjzPdzCrjlaMUO8Y8SPJrfiVgTVldp+mDjPEt40LGuQevUAuUDjJWrFvUxcXKNAv+xhESXG9bwt+WLfsbGpZR8U6s01C/aAeduBcOanq8y6N0ehghjm0N7mRoUo8k9gUsVTktsC1kYI5+olMOIsA5RFbnSHSKxZJQTslqunEkaK5MT6XzNplqX1pZCgHSoTZ/8=&u=U2FsdGVkX19BMmZG4QmiOPwMD9ETC0qSpOJZm0P7mtn4p3I93VYRru2Favu5ZXx5&y=U2FsdGVkX19G5tVH4zMOxRfoopk6JWfe2HfFpboii0r1AcDtQwOCq2fi9GbeCnZP HTTP/1.1" 200 26
190.84.172.92 - - [28/Apr/2023:08:05:28 -0500] "GET /sipse/faces/faces/autenticacion.xhtml HTTP/1.1" 200 12501
152.203.140.11 - - [28/Apr/2023:08:05:28 -0500] "GET /kwssiamovil/sm/acme/a?s=U2FsdGVkX19icSlPmAmSvITDwpGro8kKOEDeFb216DUoxZTPMFStHyr0nqLGvDtj2kJAmrn+Jm8A9MnqvK8GGiQ+4cb6CY+vIs1y7fjkwKfTP006SlBpJT69qhv/uVvWDJAmhjgBYOrt7HwEZ6j2Xn5CX+oSQ7sCXhb2tQnacFk=&u=U2FsdGVkX19BMmZG4QmiOPwMD9ETC0qSpOJZm0P7mtn4p3I93VYRru2Favu5ZXx5&y=U2FsdGVkX19G5tVH4zMOxRfoopk6JWfe2HfFpboii0r1AcDtQwOCq2fi9GbeCnZP HTTP/1.1" 200 26
152.203.140.11 - - [28/Apr/2023:08:05:29 -0500] "GET /kwssiamovil/sm/acme/a?s=U2FsdGVkX1/vN5UupmIP4O8VvqxfiKavmCE+xPJ2H63r0aqnT4/S2xjPOUFBIWkPBjffxpf5IcsOF4Uk1Wup2tegEGKnpXw+MhKMcwyJffDcttqDAGN3qWsX8RDO9EbZl/wPkiCCtNDHyA5pXuYWRuS3k8oqp49x40hnStX1a4Q=&u=U2FsdGVkX19BMmZG4QmiOPwMD9ETC0qSpOJZm0P7mtn4p3I93VYRru2Favu5ZXx5&y=U2FsdGVkX19G5tVH4zMOxRfoopk6JWfe2HfFpboii0r1AcDtQwOCq2fi9GbeCnZP HTTP/1.1" 200 26
190.84.172.92 - - [28/Apr/2023:08:05:29 -0500] "GET /sipse/faces/javax.faces.resource/layout/layout.css;jsessionid=gLUiYU+BTOCwCJAxAF+16t87.undefined?ln=primefaces&v=4.0 HTTP/1.1" 200 542
190.84.172.92 - - [28/Apr/2023:08:05:29 -0500] "GET /sipse/faces/javax.faces.resource/jquery/jquery.js;jsessionid=gLUiYU+BTOCwCJAxAF+16t87.undefined?ln=primefaces&v=4.0 HTTP/1.1" 200 105384
190.84.172.92 - - [28/Apr/2023:08:05:29 -0500] "GET /sipse/faces/javax.faces.resource/primefaces.css;jsessionid=gLUiYU+BTOCwCJAxAF+16t87.undefined?ln=primefaces&v=4.0 HTTP/1.1" 200 53295
190.84.172.92 - - [28/Apr/2023:08:05:29 -0500] "GET /sipse/faces/javax.faces.resource/layout/layout.js;jsessionid=gLUiYU+BTOCwCJAxAF+16t87.undefined?ln=primefaces&v=4.0 HTTP/1.1" 200 87560
152.203.140.11 - - [28/Apr/2023:08:05:29 -0500] "GET /kwssiamovil/sm/acme/a?s=U2FsdGVkX18pnIBkhGf6L2oDgg6XsfSQej2BXX0TGaHLyteeKO9NrmRgJFFJghK+7miAnVKFRdeFJMGpT1zW8ry2UWA4WVWmO0izdjEFo4rPp2DKVw8ke28gc2F5WdTyJK5aLbUJ5I+n/Am7jBwabLzrndTx80XqW0JbQo0iXrQ=&u=U2FsdGVkX19BMmZG4QmiOPwMD9ETC0qSpOJZm0P7mtn4p3I93VYRru2Favu5ZXx5&y=U2FsdGVkX19G5tVH4zMOxRfoopk6JWfe2HfFpboii0r1AcDtQwOCq2fi9GbeCnZP HTTP/1.1" 200 26
190.84.172.92 - - [28/Apr/2023:08:05:29 -0500] "GET /sipse/faces/javax.faces.resource/jquery/jquery-plugins.js;jsessionid=gLUiYU+BTOCwCJAxAF+16t87.undefined?ln=primefaces&v=4.0 HTTP/1.1" 200 220526
190.84.172.92 - - [28/Apr/2023:08:05:29 -0500] "GET /sipse/faces/javax.faces.resource/primefaces.js;jsessionid=gLUiYU+BTOCwCJAxAF+16t87.undefined?ln=primefaces&v=4.0 HTTP/1.1" 200 276924
190.84.172.92 - - [28/Apr/2023:08:05:29 -0500] "GET /sipse/css/custom_css_sg.css HTTP/1.1" 200 9694
190.84.172.92 - - [28/Apr/2023:08:05:29 -0500] "GET /sipse/js/funciones.js HTTP/1.1" 200 12592
190.84.172.92 - - [28/Apr/2023:08:05:29 -0500] "GET /sipse/js/disable_browser_buttons.js HTTP/1.1" 200 3230
190.84.172.92 - - [28/Apr/2023:08:05:29 -0500] "GET /sipse/css/custom_css_sg_prime_login.css HTTP/1.1" 200 443
152.203.140.11 - - [28/Apr/2023:08:05:29 -0500] "GET /kwssiamovil/sm/acme/a?s=U2FsdGVkX1/2UAfbisSHdZ/3yc7tj7Ooze7j/Wh5TFy2P34WlIgcBeSzuqhdqCrOsonqGcV8danlIYq7dh3j0vb346lOk2MGn51Y35qsdHADU4w9yec6DBwJOWfCIzTIN9cMXNr+LZe8QhVRDqmJQv4LnJfbC/jAWgSeC7PAD3OgQC+FkShlJLdGZmX+jUEig3rX8kG8hyp3W6ASWphPZg==&u=U2FsdGVkX19BMmZG4QmiOPwMD9ETC0qSpOJZm0P7mtn4p3I93VYRru2Favu5ZXx5&y=U2FsdGVkX19G5tVH4zMOxRfoopk6JWfe2HfFpboii0r1AcDtQwOCq2fi9GbeCnZP HTTP/1.1" 200 26
190.84.172.92 - - [28/Apr/2023:08:05:29 -0500] "GET /sipse/faces/javax.faces.resource/theme.css?ln=primefaces-sipse HTTP/1.1" 200 50058
152.203.140.11 - - [28/Apr/2023:08:05:29 -0500] "GET /kwssiamovil/sm/acme/a?s=U2FsdGVkX19i+xxmdp8ggAdqXq/gCNPX6Lc7KbyyJiG0XwM6si4HDAYuV/Cm4UI1dgv2HQly/SirTjKmgEOhkTzzD6y4yKj2FlKIfG+dDYiPhQVdCZjTe0YX5QVUEO11MJVj3wy/OhF1jXpmhak2arYGm2DRaTNY+ynAWyXsokTB4QVvxHuO+rk5iTlhFYE4nLrvHsSYlgx95kOl2axyXA==&u=U2FsdGVkX19BMmZG4QmiOPwMD9ETC0qSpOJZm0P7mtn4p3I93VYRru2Favu5ZXx5&y=U2FsdGVkX19G5tVH4zMOxRfoopk6JWfe2HfFpboii0r1AcDtQwOCq2fi9GbeCnZP HTTP/1.1" 200 26
152.203.140.11 - - [28/Apr/2023:08:05:30 -0500] "GET /kwssiamovil/sm/acme/a?s=U2FsdGVkX18D7s0adNvmb4D+OTbuQgHc/tQErdT7lwfdyFcUGpjKiMzexbtIcw1W0QJvZ+SsGUq3ly0H9cS+AgNCULCJqBCblMcZQ7RGiFCw6K2nDUjgOd2ysiZ4LlbU+ErC606vA1WBBIh6RCHt0s2sUaW6IbnVM6NQY+t+mutqMb6C29HIQXeD1DxKAhXc&u=U2FsdGVkX19BMmZG4QmiOPwMD9ETC0qSpOJZm0P7mtn4p3I93VYRru2Favu5ZXx5&y=U2FsdGVkX19G5tVH4zMOxRfoopk6JWfe2HfFpboii0r1AcDtQwOCq2fi9GbeCnZP HTTP/1.1" 200 26
152.203.140.11 - - [28/Apr/2023:08:05:30 -0500] "GET /kwssiamovil/sm/acme/a?s=U2FsdGVkX1+nC1tj2WtBtGtI8x/K2zk4IarWikCnTM9oMY4JElr+nYaVW6RJGai06UkxRNiAgg3LKXQB52RhJHDTbFAhO8Sey1Q9nsKTr0D9sykYm82uhxoJk701noVG1CbrJEp/fu9wwzvy8iIA/uZnCqmqSx01RQ+HVkaquy3UhX8tRsMIaNIOIIaUzBkkI6vy5JUWnZjlwBlUG0gv6A==&u=U2FsdGVkX19BMmZG4QmiOPwMD9ETC0qSpOJZm0P7mtn4p3I93VYRru2Favu5ZXx5&y=U2FsdGVkX19G5tVH4zMOxRfoopk6JWfe2HfFpboii0r1AcDtQwOCq2fi9GbeCnZP HTTP/1.1" 200 26
190.84.172.92 - - [28/Apr/2023:08:05:30 -0500] "GET /sipse/faces/javax.faces.resource/images/ui-icons_898989_256x240.png?ln=primefaces-aristo HTTP/1.1" 200 5355
190.84.172.92 - - [28/Apr/2023:08:05:30 -0500] "GET /sipse/css/imagen/loginimg.png HTTP/1.1" 200 71635
190.84.172.92 - - [28/Apr/2023:08:05:30 -0500] "GET /sipse/css/imagen/logoSDG.png HTTP/1.1" 200 53064
152.203.140.11 - - [28/Apr/2023:08:05:30 -0500] "GET /kwssiamovil/sm/acme/a?s=U2FsdGVkX1953YZqShNnd+ZdoF+T29PH4n61fxcup/O5vGyKSriSKOiQmvn35Uytoh3+g5U77QldrgUL/4dac4zI3lH0sx0PMLYcuItjMiLZBLppdIhZqzAIOQH8YCjnHVk+LU/nLSnueAuCMpj/5SkeD1oJFn9tCD/X+CxpFUINK3LbqZwby5sM8XzpeCid&u=U2FsdGVkX19BMmZG4QmiOPwMD9ETC0qSpOJZm0P7mtn4p3I93VYRru2Favu5ZXx5&y=U2FsdGVkX19G5tVH4zMOxRfoopk6JWfe2HfFpboii0r1AcDtQwOCq2fi9GbeCnZP HTTP/1.1" 200 26
190.84.172.92 - - [28/Apr/2023:08:05:30 -0500] "GET /sipse/faces/faces/index.xhtml HTTP/1.1" 200 677
152.203.140.11 - - [28/Apr/2023:08:05:30 -0500] "GET /kwssiamovil/sm/acme/a?s=U2FsdGVkX18ePzJNkfQg1wJVmQEge5VY5ZQaut+PrkPyAagpYL5ebZzm+eTMvp5AbSD7Erqxqu55iBaZZ9EAY0vJlC9y13GqssFEQoC06W0Pyt4eJ8ms1vFIXMpADS7BUaCAFWDyS7cXUgcqUuQJkLRV866NsNVgSLztJBFXXexiNcImCMw7TSy8S6SBNbEK9Yu4lJZ/RMyI+xFVopOfzg==&u=U2FsdGVkX19BMmZG4QmiOPwMD9ETC0qSpOJZm0P7mtn4p3I93VYRru2Favu5ZXx5&y=U2FsdGVkX19G5tVH4zMOxRfoopk6JWfe2HfFpboii0r1AcDtQwOCq2fi9GbeCnZP HTTP/1.1" 200 26
190.84.172.92 - - [28/Apr/2023:08:05:30 -0500] "GET /sipse/faces/javax.faces.resource/theme.css?ln=primefaces-sipse HTTP/1.1" 304 -
152.203.140.11 - - [28/Apr/2023:08:05:31 -0500] "GET /kwssiamovil/sm/acme/a?s=U2FsdGVkX18VwquAiLT9PGhMTkMM9OvQkrAMzjgiBzmmohcqVRjYhdmRxmXy1i3Q4zeW4gxYpKkg4u/SZXldG9qaejgswiuVv8UUzc/ZfzdsK0HJa1Km6QQ72kgIKfdlIQrI2jj1RUkXqFHXOIbcq+PLjyKwsbtTFxxYx9bQ0jhsiAzgTDj2yJUeSounDHvN&u=U2FsdGVkX19BMmZG4QmiOPwMD9ETC0qSpOJZm0P7mtn4p3I93VYRru2Favu5ZXx5&y=U2FsdGVkX19G5tVH4zMOxRfoopk6JWfe2HfFpboii0r1AcDtQwOCq2fi9GbeCnZP HTTP/1.1" 200 26
152.203.140.11 - - [28/Apr/2023:08:05:31 -0500] "GET /kwssiamovil/sm/acme/a?s=U2FsdGVkX19kGsOvtsaeWh1dV70sehdh5S0cTOpDCdx8OhAbR8U1/cMHXvFVBiFqvlMKZWJSfuJ3RYGJngfLF4BfRZid5LLG2I89Pg25oEGfTJetNfzNZ6eIFMUuFd5wXPHQfSAyEHrNJCurr1TpXzvFigsHIr/jn9C22ZdcI6MzF/lIEHZja11KQPlGDtCS9LvdrO+8RTXUzNP2KIvWag==&u=U2FsdGVkX19BMmZG4QmiOPwMD9ETC0qSpOJZm0P7mtn4p3I93VYRru2Favu5ZXx5&y=U2FsdGVkX19G5tVH4zMOxRfoopk6JWfe2HfFpboii0r1AcDtQwOCq2fi9GbeCnZP HTTP/1.1" 200 26
