201.245.192.253 - - [04/May/2023:11:27:23 -0500] "GET /BLA/resoluciones/RESOLUCIONES%202019/2761. HTTP/1.1" 404 1120
201.245.192.253 - - [04/May/2023:11:27:26 -0500] "GET / HTTP/1.1" 200 319
172.22.2.4 - - [04/May/2023:11:27:28 -0500] "GET /BLA/boletinlegal/actos.php HTTP/1.1" 200 9682
181.53.13.61 - - [04/May/2023:11:27:30 -0500] "POST /sipse/faces/presentacion/financiero/solicitudProceso/listarSolicitudProceso.xhtml HTTP/1.1" 200 43885
52.167.144.33 - - [04/May/2023:11:27:33 -0500] "GET /distrito-recupera-cerca-de-30-kilos-de-laurel-de-cera-e-invita-a-no-usar-esta-planta-para-la-celebracion-de-la-santa-cruz.html HTTP/1.1" 200 829
181.53.13.61 - - [04/May/2023:11:27:32 -0500] "POST /sipse/faces/presentacion/financiero/solicitudProceso/listarSolicitudProceso.xhtml HTTP/1.1" 200 43897
181.53.13.61 - - [04/May/2023:11:27:34 -0500] "POST /sipse/faces/presentacion/financiero/solicitudProceso/listarSolicitudProceso.xhtml HTTP/1.1" 200 44670
201.245.192.253 - - [04/May/2023:11:27:36 -0500] "GET /BLA/resoluciones/ HTTP/1.1" 200 13502
201.245.192.253 - - [04/May/2023:11:27:36 -0500] "GET /BLA/resoluciones/dlf/folder.png HTTP/1.1" 200 410
201.245.192.253 - - [04/May/2023:11:27:36 -0500] "GET /BLA/resoluciones/dlf/styles.css HTTP/1.1" 200 3049
201.245.192.253 - - [04/May/2023:11:27:36 -0500] "GET /BLA/resoluciones/dlf/bg.gif HTTP/1.1" 200 54
181.53.13.61 - - [04/May/2023:11:27:36 -0500] "POST /sipse/faces/presentacion/financiero/solicitudProceso/listarSolicitudProceso.xhtml HTTP/1.1" 200 20637
186.102.45.205 - - [04/May/2023:11:27:38 -0500] "OPTIONS /kwssiamovil/sm/setfile/f? HTTP/1.1" 200 13
181.53.13.61 - - [04/May/2023:11:27:38 -0500] "POST /sipse/faces/presentacion/financiero/solicitudProceso/listarSolicitudProceso.xhtml HTTP/1.1" 200 17599
186.102.45.205 - - [04/May/2023:11:27:38 -0500] "POST /kwssiamovil/sm/setfile/f? HTTP/1.1" 200 381
181.53.13.61 - - [04/May/2023:11:27:43 -0500] "POST /sipse/faces/presentacion/financiero/solicitudProceso/listarSolicitudProceso.xhtml HTTP/1.1" 200 157198
181.53.13.61 - - [04/May/2023:11:27:45 -0500] "GET /sipse/faces/javax.faces.resource/theme.css?ln=primefaces-sipse HTTP/1.1" 304 -
181.53.13.61 - - [04/May/2023:11:27:45 -0500] "GET /sipse/faces/javax.faces.resource/layout/layout.css?ln=primefaces&v=4.0 HTTP/1.1" 304 -
181.53.13.61 - - [04/May/2023:11:27:45 -0500] "GET /sipse/faces/javax.faces.resource/primefaces.css?ln=primefaces&v=4.0 HTTP/1.1" 304 -
181.53.13.61 - - [04/May/2023:11:27:45 -0500] "GET /sipse/faces/javax.faces.resource/jquery/jquery.js?ln=primefaces&v=4.0 HTTP/1.1" 304 -
181.53.13.61 - - [04/May/2023:11:27:45 -0500] "GET /sipse/css/imagen/contrasena.png HTTP/1.1" 404 383
181.53.13.61 - - [04/May/2023:11:27:45 -0500] "GET /sipse/faces/javax.faces.resource/jquery/jquery-plugins.js?ln=primefaces&v=4.0 HTTP/1.1" 304 -
181.53.13.61 - - [04/May/2023:11:27:45 -0500] "GET /sipse/faces/javax.faces.resource/primefaces.js?ln=primefaces&v=4.0 HTTP/1.1" 304 -
181.53.13.61 - - [04/May/2023:11:27:45 -0500] "GET /sipse/faces/javax.faces.resource/layout/layout.js?ln=primefaces&v=4.0 HTTP/1.1" 304 -
181.53.13.61 - - [04/May/2023:11:27:47 -0500] "GET /sipse/faces/javax.faces.resource/images/ui-icons_898989_256x240.png?ln=primefaces-aristo HTTP/1.1" 304 -
186.102.45.205 - - [04/May/2023:11:27:48 -0500] "GET /kwssiamovil/sm/acme/a?s=U2FsdGVkX1/NrhWdKGPV9PepbJKuPrvjwlKhnGndYHacR/UfYlj+aMBfXX3iInRcll+32CNl78j4AreM+YdNNnvK8l4aYoz1ZJafAOp8TlU1IeiKlMyU29CdIg80b4rFlxqTQ+BIk6k+wK85H0HHIwv7S8hDWST9g/lEx0ypviX6RcvCxc9gj0MQ2nQL+KQOqAGwMLzsWcwxzxuCIGbJPoJoWBdEDrB7LmgR04j5TbTTa5ridzBMLqyDKr5TgVBcYsS/HW1ZAwjO025IiaYyDw==&u=U2FsdGVkX1/0TDlFAxEcZIBv4rLCo9hJjxHBmbjTN/A=&y=U2FsdGVkX19qAaHPZAcbsD+ChpEBHSwDWsCozJ0tEXk= HTTP/1.1" 200 26
201.245.192.253 - - [04/May/2023:11:27:48 -0500] "GET /BLA/resoluciones/dlf/dirup.png HTTP/1.1" 200 644
201.245.192.253 - - [04/May/2023:11:27:48 -0500] "GET /BLA/resoluciones/dlf/pdf.gif HTTP/1.1" 200 272
201.245.192.253 - - [04/May/2023:11:27:48 -0500] "GET /BLA/resoluciones/index.php?dir=RESOLUCIONES+2019%2F HTTP/1.1" 200 251196
186.102.45.205 - - [04/May/2023:11:27:48 -0500] "GET /kwssiamovil/sm/acme/a?s=U2FsdGVkX1/bWBIBbciV7nsqqXta3tr8rMGTng3UHOTLJh0bSgyxEkYhW4G32o+0ka24EqFz53JyvZ6zr00jbpYdVc2v6j8tOPU+Dt/R6K125AgaoJ/kHpJysXBZ30LDBpOiYwc3Wmgnj0NHyGc94vkNxzAQh6tSRr6Ly3n7l8p/QkNCYJrzgiHOmolq4oQh3c8vuvf/p2wqvgulcQPw4r9/oWm52QzlL5U04+Ov7XNQ72+UVM4NgysrC7vBdye3O5jA9g03hmHz+lIqwKtdildkvXb7sXcEYko3CSOqHAdAm3s4hYnCRaCgRbLIgfomnguWmomtuYEB++/wznxpE1tn3/uZ4y6bmnyqScOdnAHA29j6a2RjXMFRQLcM5Hd1ZXVNELrEZG24EWDUDQJs56irYl+TNuOxaeivGzdN3hsTJ8knls3ZazsKONQApMjirunXNfvXWTs500mquS3eFhTduCcu4KGZrgUgD/DDkDgA4mcHA41Uwyj37g6IPOyjwPFmpdGPUDKeK6POiZI/2QQ+vJkKwFxaK/s/si/E9k9vC14kOLG7XRXqJWKOyEkP3CpGxD0smGJtEWy1KUXeWsqFrl3mtf2m11ww21IlHnQRmFHfmqaymnUpZgLFCG3h0UNqRRPuG4wkKQkbkaClWTTZiNK1yFjnwJ2iVZ7vqa1QPfhmAzzKo3IplwNgBrtMleM/nLDxcTv1uqyKioa2KNkqMQenOEIypeSHPLae6MBdsNoW6zn5JlUYEymRy9GSwOJGCdahH61St7asA2xIKKWZzd+N0cenAhqT9jwN9aNKXI7//dpuI0FULetk9579dbCn7VrralSKLPXZEfu9uLxOrXodCf08YjKdXKm/cTsULzYXUqEJg26w7XrMKeMJ2NT28TClYKoryDNb1KionRL746Dz0Aw67yQeblwZtE/+igPZ0gbxAbZDKsMnlEXfP7V+DoiuXQCz7ArZolNKmTZh+rUWZecl7PfJjW4OAeti5NMxyGzqYv7XXD/L+2bVUDQD5RQwgZFp6lDA+7TUBItnnjpTwu45yBCYrNuHgcRlkhqkttJfyRbXIrRs60r9PSc6GqX5x6AYlmCdMyJUz+1Xn1t+TM9BY3kk2npPJc6l7vk7mYP+V4asdhpM8Fi3/9jA135V/5478SeSb74Z4JCZ4RhHLQpw1KRZ6ABzq3Pw+lQlnVZQeWhK1XyOdi6UviA923F5SPyOqDCqI/GEjS3xfugruc7N0CmXvJwG9eLVwWWVYcxYODBguKYxvkD05JrpdeWu3uAZ2knYhIcTQ2GlsrFF75UrtiH4Kky+0XHLaotET1NO6Vaa5Zcl0b6EpIXThtIhNgW6yCtRU9b6D7b+Glf7kHLlDj0EXxtPuUbpJ9kwFg02mFFBt43hWzv4Y7HorHPj7LhqnVmndcsjJaXXXsNeSGE/CVRWBVMWsXEWfwV7VilvZ257RpkfNXlhezwZLAYW2xRMjmvuJm6kUsRNKl6u2Yjy1ytvIZlaFmOzIwHlgNKVRsTJCHVQc2Tbdf+C3T5k4nl/9i7+5zxIECXF8GULhYu3W2QTLG7v15mdT2xUc3RuL8SryOuIUy04&u=U2FsdGVkX1/0TDlFAxEcZIBv4rLCo9hJjxHBmbjTN/A=&y=U2FsdGVkX19qAaHPZAcbsD+ChpEBHSwDWsCozJ0tEXk= HTTP/1.1" 200 26
186.102.45.205 - - [04/May/2023:11:27:48 -0500] "GET /kwssiamovil/sm/acme/a?s=U2FsdGVkX1+76yDAI6A8ptni9KkKuP0Ee/vRG8Prh6uRCayKvOllH8oP64a+lx/ejp/LL8+j+uiVnienEYGLtgXEV3m6orgkW6jAdP49JO51qWwusmJIw8ERdWg5+AjWd5Yg6aqKwghklwFf86gAYK/cUPomGfC6KHDvz4E/uUk=&u=U2FsdGVkX1/0TDlFAxEcZIBv4rLCo9hJjxHBmbjTN/A=&y=U2FsdGVkX19qAaHPZAcbsD+ChpEBHSwDWsCozJ0tEXk= HTTP/1.1" 200 26
186.102.45.205 - - [04/May/2023:11:27:49 -0500] "GET /kwssiamovil/sm/acme/a?s=U2FsdGVkX18F0gD2xmZjJoZc9CIi3bLjaHP7NAbWl+tPlfQthpUzJHFfcCTjViWoL0jag63tF66/Sr1PUfjfLz0WRaRyZJjqPFH53tc9WzBw50H/MRLMv+ZJHP1U4mEhfvViD0DSj36uGsdqDDyvcyl/hTsk3hOZyDMoZRl6XIU=&u=U2FsdGVkX1/0TDlFAxEcZIBv4rLCo9hJjxHBmbjTN/A=&y=U2FsdGVkX19qAaHPZAcbsD+ChpEBHSwDWsCozJ0tEXk= HTTP/1.1" 200 26
186.102.45.205 - - [04/May/2023:11:27:49 -0500] "GET /kwssiamovil/sm/acme/a?s=U2FsdGVkX19KFrfBZXNE+1leryUKTeNbmYIr4rGsTE3d819MMtgxvwAepP4UgbJ9p/xbSDOrsrVVzwg/4XGWLVlTo8pJoOeu+TJmM/4QwB4xxsWu1zNxZEeJVg7XFRb9adJ5uum/cU75Xs/878BjRYuvbR4bHCWfydxK7Xw7jdc=&u=U2FsdGVkX1/0TDlFAxEcZIBv4rLCo9hJjxHBmbjTN/A=&y=U2FsdGVkX19qAaHPZAcbsD+ChpEBHSwDWsCozJ0tEXk= HTTP/1.1" 200 26
186.102.45.205 - - [04/May/2023:11:27:49 -0500] "GET /kwssiamovil/sm/acme/a?s=U2FsdGVkX1+cFTTHKFWxbcJ5uW4VhRlAm3M2G3qX3y9lOFruQfyNXDCbn6EdOsY1VrKwFdpMfTKPDpMVBqF6WIiN+xjOgH+HXAUIQNJkGlB64VN3LAXWhJgtxSgEL+9K87oW37EeMq0aF2rmHmnwpC8QYrhh707SkqzP0A0SigZGGphONXszqcg61lp5gfSQ&u=U2FsdGVkX1/0TDlFAxEcZIBv4rLCo9hJjxHBmbjTN/A=&y=U2FsdGVkX19qAaHPZAcbsD+ChpEBHSwDWsCozJ0tEXk= HTTP/1.1" 200 26
186.102.45.205 - - [04/May/2023:11:27:49 -0500] "GET /kwssiamovil/sm/acme/a?s=U2FsdGVkX18AoKCLMABE0EEy2QMmFZmnYvGPRs5QdeSIDzb3MClHvv3wjQ/IVoPZHAKpkvDnWZcj7KD8pOTpR+71c6n6y7cSOuHVlPm+TNSyljp0d3jgu10lFQtL1UfIA4ww/ZvCf73SQ57LTqefK9BJ7ZaFHVJ/LNwtvfIBQFZCVeulMhuLdUJxIEO5YaP7FxbX+dRPeyrcYnSWWkqutVSfGRhM4If0/pDfiIb2xfN4LvXmgmVDalSG+XvWjGyoroqCrlRUIX5D1GhWa1de9XLJEwxGeMGo6mDmA4vnIZt9RZ4569xbbr28qqtLCxM00e2PKMA6YqIPI6I79H4ygRHDkYUIA4rwEynrzj1Pxorj0CZK86iHQKLvX5SCb5cvGscSC31atgGvWrMrEef3NzLnmw0u+rxAvwiGFv7r03FH28dJLezMm4DU9o1dBPDzH88xPo/E6+C5s/x36+YgDH2dU6eNJEJrCck5T3Pr5raAlYcbZLjd2x1+f/FLBksE&u=U2FsdGVkX1/0TDlFAxEcZIBv4rLCo9hJjxHBmbjTN/A=&y=U2FsdGVkX19qAaHPZAcbsD+ChpEBHSwDWsCozJ0tEXk= HTTP/1.1" 200 25
186.102.45.205 - - [04/May/2023:11:27:49 -0500] "GET /kwssiamovil/sm/acme/a?s=U2FsdGVkX19H7HDpifnXHeDBI099b9A5zw8xeYOOSl6lzX1oLbF1vLrnjsBGdq2VC7lm0ckX/oTkIavJTWONEHM+bYTeRJPwF3IUqEANF88BY2gGdjiD5OCgGzlA6g3KRfley8w7SRRQqQDwxkPuebRxzEtEwdvnQ0f7iS5yk9lQkC/wS+n1Nq599De9g3DXukSEFAZYWWogpBAnG69St7Yt08WX13pvVe9J5mLoGAmMK3fb3zDdd49+QLnsQC58a0ipf69JBD+MHLPB1x122Lprgi22fQ6/53lntf1HDK5PqxszwOHwe+enMdiDliv41tvnLvOp8mtxbtYL3yIAolRDVcNEmhrJ83q1HobPL6LuHlDJJ+8OFoKByGHBiefqNGQdRPK+xQ/3ze52Oq9QSIa2K62Lxc79lr0HW91SFb/SDMrVvkxZ+zKOCvEAK2N+vX9cKhquDfMJQ+w9bPvpkA==&u=U2FsdGVkX1/0TDlFAxEcZIBv4rLCo9hJjxHBmbjTN/A=&y=U2FsdGVkX19qAaHPZAcbsD+ChpEBHSwDWsCozJ0tEXk= HTTP/1.1" 200 25
191.108.41.152 - - [04/May/2023:11:27:49 -0500] "GET /sipse/faces/faces/index.xhtml HTTP/1.1" 200 677
191.108.41.152 - - [04/May/2023:11:27:50 -0500] "GET /sipse/faces/javax.faces.resource/theme.css?ln=primefaces-sipse HTTP/1.1" 304 -
191.108.41.152 - - [04/May/2023:11:27:50 -0500] "GET /sipse/faces/faces/faces/autenticacion.xhtml HTTP/1.1" 200 12184
191.108.41.152 - - [04/May/2023:11:27:50 -0500] "GET /sipse/faces/javax.faces.resource/theme.css?ln=primefaces-sipse HTTP/1.1" 304 -
191.108.41.152 - - [04/May/2023:11:27:50 -0500] "GET /sipse/faces/javax.faces.resource/layout/layout.css?ln=primefaces&v=4.0 HTTP/1.1" 304 -
191.108.41.152 - - [04/May/2023:11:27:50 -0500] "GET /sipse/faces/javax.faces.resource/primefaces.css?ln=primefaces&v=4.0 HTTP/1.1" 304 -
191.108.41.152 - - [04/May/2023:11:27:50 -0500] "GET /sipse/faces/javax.faces.resource/jquery/jquery.js?ln=primefaces&v=4.0 HTTP/1.1" 304 -
191.108.41.152 - - [04/May/2023:11:27:50 -0500] "GET /sipse/faces/javax.faces.resource/primefaces.js?ln=primefaces&v=4.0 HTTP/1.1" 304 -
191.108.41.152 - - [04/May/2023:11:27:50 -0500] "GET /sipse/faces/javax.faces.resource/jquery/jquery-plugins.js?ln=primefaces&v=4.0 HTTP/1.1" 304 -
191.108.41.152 - - [04/May/2023:11:27:50 -0500] "GET /sipse/faces/javax.faces.resource/layout/layout.js?ln=primefaces&v=4.0 HTTP/1.1" 304 -
191.108.41.152 - - [04/May/2023:11:27:50 -0500] "GET /sipse/faces/javax.faces.resource/images/ui-icons_898989_256x240.png?ln=primefaces-aristo HTTP/1.1" 304 -
191.108.41.152 - - [04/May/2023:11:27:59 -0500] "POST /sipse/faces/autenticacion.xhtml HTTP/1.1" 200 2223
191.108.41.152 - - [04/May/2023:11:27:59 -0500] "GET /sipse/faces/javax.faces.resource/messages/messages.png?ln=primefaces&v=4.0 HTTP/1.1" 304 -
191.108.41.152 - - [04/May/2023:11:28:00 -0500] "POST /sipse/faces/autenticacion.xhtml HTTP/1.1" 200 16387
191.108.41.152 - - [04/May/2023:11:28:00 -0500] "GET /sipse/faces/javax.faces.resource/theme.css?ln=primefaces-sipse HTTP/1.1" 304 -
191.108.41.152 - - [04/May/2023:11:28:00 -0500] "GET /sipse/faces/javax.faces.resource/layout/layout.css?ln=primefaces&v=4.0 HTTP/1.1" 304 -
191.108.41.152 - - [04/May/2023:11:28:00 -0500] "GET /sipse/faces/javax.faces.resource/jquery/jquery.js?ln=primefaces&v=4.0 HTTP/1.1" 304 -
191.108.41.152 - - [04/May/2023:11:28:00 -0500] "GET /sipse/faces/javax.faces.resource/primefaces.css?ln=primefaces&v=4.0 HTTP/1.1" 304 -
191.108.41.152 - - [04/May/2023:11:28:00 -0500] "GET /sipse/faces/javax.faces.resource/jquery/jquery-plugins.js?ln=primefaces&v=4.0 HTTP/1.1" 304 -
191.108.41.152 - - [04/May/2023:11:28:01 -0500] "GET /sipse/faces/javax.faces.resource/primefaces.js?ln=primefaces&v=4.0 HTTP/1.1" 304 -
191.108.41.152 - - [04/May/2023:11:28:01 -0500] "GET /sipse/faces/javax.faces.resource/layout/layout.js?ln=primefaces&v=4.0 HTTP/1.1" 304 -
191.108.41.152 - - [04/May/2023:11:28:01 -0500] "GET /sipse/css/imagen/contrasena.png HTTP/1.1" 404 383
191.108.41.152 - - [04/May/2023:11:28:02 -0500] "GET /sipse/faces/javax.faces.resource/images/ui-bg_flat_0_2d5972_40x100.png?ln=primefaces-aristo HTTP/1.1" 304 -
191.108.41.152 - - [04/May/2023:11:28:02 -0500] "POST /sipse/faces/bienvenido.xhtml HTTP/1.1" 200 2658
191.108.41.152 - - [04/May/2023:11:28:04 -0500] "POST /sipse/faces/bienvenido.xhtml HTTP/1.1" 200 64724
191.108.41.152 - - [04/May/2023:11:28:04 -0500] "GET /sipse/faces/javax.faces.resource/theme.css?ln=primefaces-sipse HTTP/1.1" 304 -
191.108.41.152 - - [04/May/2023:11:28:04 -0500] "GET /sipse/faces/javax.faces.resource/primefaces.css?ln=primefaces&v=4.0 HTTP/1.1" 304 -
191.108.41.152 - - [04/May/2023:11:28:04 -0500] "GET /sipse/faces/javax.faces.resource/layout/layout.css?ln=primefaces&v=4.0 HTTP/1.1" 304 -
191.108.41.152 - - [04/May/2023:11:28:04 -0500] "GET /sipse/faces/javax.faces.resource/jquery/jquery.js?ln=primefaces&v=4.0 HTTP/1.1" 304 -
191.108.41.152 - - [04/May/2023:11:28:04 -0500] "GET /sipse/faces/javax.faces.resource/jquery/jquery-plugins.js?ln=primefaces&v=4.0 HTTP/1.1" 304 -
191.108.41.152 - - [04/May/2023:11:28:04 -0500] "GET /sipse/faces/javax.faces.resource/primefaces.js?ln=primefaces&v=4.0 HTTP/1.1" 304 -
191.108.41.152 - - [04/May/2023:11:28:04 -0500] "GET /sipse/faces/javax.faces.resource/layout/layout.js?ln=primefaces&v=4.0 HTTP/1.1" 304 -
191.108.41.152 - - [04/May/2023:11:28:04 -0500] "POST /sipse/faces/presentacion/financiero/solicitudProceso/listarSolicitudProceso.xhtml HTTP/1.1" 200 1556
172.22.2.4 - - [04/May/2023:11:28:13 -0500] "POST /BLA/boletinlegal/admin/actos/ingresar.php HTTP/1.1" 200 7302
172.22.2.4 - - [04/May/2023:11:28:23 -0500] "GET /BLA/boletinlegal/admin/admin.php HTTP/1.1" 302 -
181.53.13.61 - - [04/May/2023:11:28:24 -0500] "GET /sipse/faces/javax.faces.resource/images/ui-bg_flat_0_2d5972_40x100.png?ln=primefaces-aristo HTTP/1.1" 304 -
181.53.13.61 - - [04/May/2023:11:28:24 -0500] "POST /sipse/faces/presentacion/financiero/solicitudProceso/consultarSolicitudProceso.xhtml HTTP/1.1" 200 38529
181.53.13.61 - - [04/May/2023:11:28:25 -0500] "GET /sipse/faces/javax.faces.resource/theme.css?ln=primefaces-sipse HTTP/1.1" 304 -
181.53.13.61 - - [04/May/2023:11:28:25 -0500] "GET /sipse/faces/javax.faces.resource/primefaces.css?ln=primefaces&v=4.0 HTTP/1.1" 304 -
181.53.13.61 - - [04/May/2023:11:28:25 -0500] "GET /sipse/faces/javax.faces.resource/layout/layout.css?ln=primefaces&v=4.0 HTTP/1.1" 304 -
181.53.13.61 - - [04/May/2023:11:28:25 -0500] "GET /sipse/faces/javax.faces.resource/jquery/jquery.js?ln=primefaces&v=4.0 HTTP/1.1" 304 -
181.53.13.61 - - [04/May/2023:11:28:26 -0500] "GET /sipse/faces/javax.faces.resource/jquery/jquery-plugins.js?ln=primefaces&v=4.0 HTTP/1.1" 304 -
181.53.13.61 - - [04/May/2023:11:28:26 -0500] "GET /sipse/faces/javax.faces.resource/primefaces.js?ln=primefaces&v=4.0 HTTP/1.1" 304 -
181.53.13.61 - - [04/May/2023:11:28:26 -0500] "GET /sipse/faces/javax.faces.resource/layout/layout.js?ln=primefaces&v=4.0 HTTP/1.1" 304 -
181.53.13.61 - - [04/May/2023:11:28:27 -0500] "POST /sipse/faces/presentacion/financiero/solicitudProceso/listarSolicitudProceso.xhtml HTTP/1.1" 200 31787
181.53.13.61 - - [04/May/2023:11:28:28 -0500] "POST /sipse/faces/presentacion/financiero/solicitudProceso/listarSolicitudProceso.xhtml HTTP/1.1" 200 31787
181.53.13.61 - - [04/May/2023:11:28:30 -0500] "POST /sipse/faces/presentacion/financiero/solicitudProceso/listarSolicitudProceso.xhtml HTTP/1.1" 200 1392
181.53.13.61 - - [04/May/2023:11:28:31 -0500] "POST /sipse/faces/presentacion/financiero/solicitudProceso/listarSolicitudProceso.xhtml HTTP/1.1" 200 1400
181.53.13.61 - - [04/May/2023:11:28:32 -0500] "POST /sipse/faces/presentacion/financiero/solicitudProceso/listarSolicitudProceso.xhtml HTTP/1.1" 200 1400
172.22.2.4 - - [04/May/2023:11:28:23 -0500] "GET /BLA/boletinlegal/admin/index.php HTTP/1.1" 200 5695
172.22.2.4 - - [04/May/2023:11:28:41 -0500] "GET /BLA/boletinlegal/admin/index_files/index_files/tback.gif HTTP/1.1" 404 1362
193.118.53.194 - - [04/May/2023:11:28:51 -0500] "GET /portaldeninos/ HTTP/1.1" 200 110197
201.245.192.253 - - [04/May/2023:11:28:56 -0500] "POST /kwsrmcab/Wsrmcab HTTP/1.1" 200 42362
191.108.41.152 - - [04/May/2023:11:28:59 -0500] "POST /sipse/faces/presentacion/financiero/solicitudProceso/listarSolicitudProceso.xhtml HTTP/1.1" 200 5998
201.245.192.253 - - [04/May/2023:11:28:58 -0500] "POST /kwsrmcab/Wsrmcab HTTP/1.1" 200 42264
191.108.41.152 - - [04/May/2023:11:29:02 -0500] "POST /sipse/faces/presentacion/financiero/solicitudProceso/listarSolicitudProceso.xhtml HTTP/1.1" 200 149170
191.108.41.152 - - [04/May/2023:11:29:03 -0500] "GET /sipse/faces/javax.faces.resource/theme.css?ln=primefaces-sipse HTTP/1.1" 304 -
191.108.41.152 - - [04/May/2023:11:29:03 -0500] "GET /sipse/faces/javax.faces.resource/primefaces.css?ln=primefaces&v=4.0 HTTP/1.1" 304 -
191.108.41.152 - - [04/May/2023:11:29:03 -0500] "GET /sipse/faces/javax.faces.resource/layout/layout.css?ln=primefaces&v=4.0 HTTP/1.1" 304 -
191.108.41.152 - - [04/May/2023:11:29:03 -0500] "GET /sipse/faces/javax.faces.resource/jquery/jquery.js?ln=primefaces&v=4.0 HTTP/1.1" 304 -
191.108.41.152 - - [04/May/2023:11:29:03 -0500] "GET /sipse/faces/javax.faces.resource/jquery/jquery-plugins.js?ln=primefaces&v=4.0 HTTP/1.1" 304 -
191.108.41.152 - - [04/May/2023:11:29:03 -0500] "GET /sipse/faces/javax.faces.resource/primefaces.js?ln=primefaces&v=4.0 HTTP/1.1" 304 -
191.108.41.152 - - [04/May/2023:11:29:03 -0500] "GET /sipse/faces/javax.faces.resource/layout/layout.js?ln=primefaces&v=4.0 HTTP/1.1" 304 -
190.249.21.140 - - [04/May/2023:11:29:10 -0500] "GET /sipse/faces/javax.faces.resource/images/ui-bg_flat_0_2d5972_40x100.png?ln=primefaces-aristo HTTP/1.1" 304 -
190.249.21.140 - - [04/May/2023:11:29:10 -0500] "POST /sipse/faces/presentacion/financiero/solicitudProceso/consultarHistorialSolProceso.xhtml HTTP/1.1" 200 37207
190.249.21.140 - - [04/May/2023:11:29:11 -0500] "GET /sipse/faces/javax.faces.resource/theme.css?ln=primefaces-sipse HTTP/1.1" 304 -
190.249.21.140 - - [04/May/2023:11:29:11 -0500] "GET /sipse/faces/javax.faces.resource/primefaces.css?ln=primefaces&v=4.0 HTTP/1.1" 304 -
190.249.21.140 - - [04/May/2023:11:29:11 -0500] "GET /sipse/faces/javax.faces.resource/layout/layout.css?ln=primefaces&v=4.0 HTTP/1.1" 304 -
190.249.21.140 - - [04/May/2023:11:29:11 -0500] "GET /sipse/faces/javax.faces.resource/jquery/jquery.js?ln=primefaces&v=4.0 HTTP/1.1" 304 -
190.249.21.140 - - [04/May/2023:11:29:12 -0500] "GET /sipse/faces/javax.faces.resource/jquery/jquery-plugins.js?ln=primefaces&v=4.0 HTTP/1.1" 304 -
190.249.21.140 - - [04/May/2023:11:29:12 -0500] "GET /sipse/faces/javax.faces.resource/primefaces.js?ln=primefaces&v=4.0 HTTP/1.1" 304 -
190.249.21.140 - - [04/May/2023:11:29:12 -0500] "GET /sipse/faces/javax.faces.resource/layout/layout.js?ln=primefaces&v=4.0 HTTP/1.1" 304 -
190.249.21.140 - - [04/May/2023:11:29:13 -0500] "POST /sipse/faces/presentacion/financiero/solicitudProceso/listarSolicitudProceso.xhtml HTTP/1.1" 200 1392
191.108.41.152 - - [04/May/2023:11:29:15 -0500] "GET /sipse/faces/javax.faces.resource/primefaces.css?ln=primefaces&v=4.0 HTTP/1.1" 304 -
191.108.41.152 - - [04/May/2023:11:29:15 -0500] "GET /sipse/faces/javax.faces.resource/theme.css?ln=primefaces-sipse HTTP/1.1" 304 -
191.108.41.152 - - [04/May/2023:11:29:15 -0500] "GET /sipse/faces/javax.faces.resource/jquery/jquery-plugins.js?ln=primefaces&v=4.0 HTTP/1.1" 304 -
191.108.41.152 - - [04/May/2023:11:29:15 -0500] "GET /sipse/faces/javax.faces.resource/jquery/jquery.js?ln=primefaces&v=4.0 HTTP/1.1" 304 -
191.108.41.152 - - [04/May/2023:11:29:15 -0500] "GET /sipse/faces/javax.faces.resource/layout/layout.css?ln=primefaces&v=4.0 HTTP/1.1" 304 -
191.108.41.152 - - [04/May/2023:11:29:15 -0500] "GET /sipse/faces/javax.faces.resource/primefaces.js?ln=primefaces&v=4.0 HTTP/1.1" 304 -
191.108.41.152 - - [04/May/2023:11:29:15 -0500] "GET /sipse/faces/javax.faces.resource/layout/layout.js?ln=primefaces&v=4.0 HTTP/1.1" 304 -
191.108.41.152 - - [04/May/2023:11:29:14 -0500] "POST /sipse/faces/presentacion/financiero/solicitudProceso/consultarSolicitudProceso.xhtml HTTP/1.1" 200 114460
190.249.21.140 - - [04/May/2023:11:29:16 -0500] "POST /sipse/faces/presentacion/financiero/solicitudProceso/listarSolicitudProceso.xhtml HTTP/1.1" 200 17403
181.53.13.61 - - [04/May/2023:11:29:17 -0500] "POST /sipse/faces/presentacion/financiero/solicitudProceso/listarSolicitudProceso.xhtml HTTP/1.1" 200 44130
181.53.13.61 - - [04/May/2023:11:29:20 -0500] "POST /sipse/faces/presentacion/financiero/solicitudProceso/listarSolicitudProceso.xhtml HTTP/1.1" 200 44506
181.53.13.61 - - [04/May/2023:11:29:22 -0500] "POST /sipse/faces/presentacion/financiero/solicitudProceso/listarSolicitudProceso.xhtml HTTP/1.1" 200 17589
191.108.41.152 - - [04/May/2023:11:29:27 -0500] "POST /sipse/faces/presentacion/financiero/solicitudProceso/crearModificarSolicitudProceso.xhtml HTTP/1.1" 200 32766
191.108.41.152 - - [04/May/2023:11:29:58 -0500] "POST /sipse/faces/presentacion/financiero/solicitudProceso/crearModificarSolicitudProceso.xhtml HTTP/1.1" 200 30012
172.22.2.4 - - [04/May/2023:11:30:01 -0500] "GET /BLA/boletinlegal/admin/actos/ingresar.php HTTP/1.1" 200 7209
191.108.41.152 - - [04/May/2023:11:30:03 -0500] "POST /sipse/faces/presentacion/financiero/solicitudProceso/crearModificarSolicitudProceso.xhtml HTTP/1.1" 200 27290
191.108.41.152 - - [04/May/2023:11:30:07 -0500] "POST /sipse/faces/presentacion/financiero/solicitudProceso/crearModificarSolicitudProceso.xhtml HTTP/1.1" 200 24538
191.108.41.152 - - [04/May/2023:11:30:11 -0500] "POST /sipse/faces/presentacion/financiero/solicitudProceso/crearModificarSolicitudProceso.xhtml HTTP/1.1" 200 21778
191.108.41.152 - - [04/May/2023:11:30:17 -0500] "POST /sipse/faces/presentacion/financiero/solicitudProceso/crearModificarSolicitudProceso.xhtml HTTP/1.1" 200 19026
191.108.41.152 - - [04/May/2023:11:30:20 -0500] "POST /sipse/faces/presentacion/financiero/solicitudProceso/crearModificarSolicitudProceso.xhtml HTTP/1.1" 200 16267
216.245.221.92 - - [04/May/2023:11:30:23 -0500] "HEAD / HTTP/1.1" 200 -
191.108.41.152 - - [04/May/2023:11:30:24 -0500] "POST /sipse/faces/presentacion/financiero/solicitudProceso/crearModificarSolicitudProceso.xhtml HTTP/1.1" 200 13542
172.22.2.4 - - [04/May/2023:11:30:34 -0500] "POST /BLA/boletinlegal/admin/actos/ingresar.php HTTP/1.1" 200 7302
191.108.41.152 - - [04/May/2023:11:30:38 -0500] "POST /sipse/faces/presentacion/financiero/solicitudProceso/crearModificarSolicitudProceso.xhtml HTTP/1.1" 200 135248
191.108.41.152 - - [04/May/2023:11:30:39 -0500] "GET /sipse/faces/javax.faces.resource/theme.css?ln=primefaces-sipse HTTP/1.1" 304 -
191.108.41.152 - - [04/May/2023:11:30:39 -0500] "GET /sipse/faces/javax.faces.resource/layout/layout.css?ln=primefaces&v=4.0 HTTP/1.1" 304 -
191.108.41.152 - - [04/May/2023:11:30:39 -0500] "GET /sipse/faces/javax.faces.resource/primefaces.css?ln=primefaces&v=4.0 HTTP/1.1" 304 -
191.108.41.152 - - [04/May/2023:11:30:39 -0500] "GET /sipse/faces/javax.faces.resource/jquery/jquery.js?ln=primefaces&v=4.0 HTTP/1.1" 304 -
191.108.41.152 - - [04/May/2023:11:30:39 -0500] "GET /sipse/faces/javax.faces.resource/jquery/jquery-plugins.js?ln=primefaces&v=4.0 HTTP/1.1" 304 -
191.108.41.152 - - [04/May/2023:11:30:39 -0500] "GET /sipse/faces/javax.faces.resource/primefaces.js?ln=primefaces&v=4.0 HTTP/1.1" 304 -
191.108.41.152 - - [04/May/2023:11:30:39 -0500] "GET /sipse/faces/javax.faces.resource/layout/layout.js?ln=primefaces&v=4.0 HTTP/1.1" 304 -
191.108.41.152 - - [04/May/2023:11:30:58 -0500] "POST /sipse/faces/presentacion/financiero/solicitudProceso/consultarSolicitudProceso.xhtml HTTP/1.1" 200 65986
191.108.41.152 - - [04/May/2023:11:31:13 -0500] "POST /sipse/faces/presentacion/financiero/solicitudProceso/consultarSolicitudProceso.xhtml HTTP/1.1" 200 65986
201.245.192.253 - - [04/May/2023:11:31:16 -0500] "POST /kwsrmcab/Wsrmcab  HTTP/1.1" 200 213
66.249.70.207 - - [04/May/2023:11:31:20 -0500] "-" 408 -
172.22.2.4 - - [04/May/2023:11:30:22 -0500] "HEAD /BLA/boletinlegal/ HTTP/1.1" 200 -
201.245.179.194 - - [04/May/2023:11:32:08 -0500] "GET /galeria/galeria/jquery.fancybox.css?v=2.1.5 HTTP/1.1" 200 4895
201.245.179.194 - - [04/May/2023:11:32:08 -0500] "GET /BLA/boletinlegal/js/jquery.scrollShow.js HTTP/1.1" 200 4586
201.245.179.194 - - [04/May/2023:11:32:08 -0500] "GET /galeria/galeria/jquery.fancybox.js?v=2.1.5 HTTP/1.1" 200 48706
172.22.2.4 - - [04/May/2023:11:32:32 -0500] "GET /BLA/boletinlegal/jurisprudencia/analisis/CUADRO%20SENTENCIA%20C-222%20DE%202011.doc HTTP/1.1" 200 34816
186.102.86.135 - - [04/May/2023:11:32:42 -0500] "GET /kwssiamovil/sm/acme/u?s=U2FsdGVkX18H5pTlpZKF0mAaZVoihDyvkWe4dJ50P3j0am4X8t3mba5btD9XSKAi8FLYrSUT31EWOsiplLw/Mewr1jdxsWUIRutQBN/+e48dKkNfdW7+F4Qtw1EbBzf8CN1Yln4MftsgjUeU8u+pIkrJR6BYk+K/4rkEGyVof9Y=&u=U2FsdGVkX18qx524vBqaR8c4s4d0ONTanGLYVUWSQbg=&y=U2FsdGVkX1/3WdJbGftF8bxXLVJ/YB9a5EN2kE/kbNKxIg7h9gITddcSyyqxa7+T HTTP/1.1" 200 60
172.22.2.4 - - [04/May/2023:11:31:12 -0500] "GET /BLA/boletinlegal/ HTTP/1.1" 200 53114
79.110.73.242 - - [04/May/2023:11:33:09 -0500] "GET /php/CarreraAdministrativa/HERRAMIENTA_EVALUACION_SDA1_NIVEL-PROFESIONAL2010.pdf HTTP/1.1" 404 1018
40.77.167.94 - - [04/May/2023:11:33:34 -0500] "GET /bla/resoluciones/autos%202022/8316.pdf HTTP/1.1" 200 397662
181.53.13.61 - - [04/May/2023:11:34:15 -0500] "POST /sipse/faces/presentacion/financiero/solicitudProceso/listarSolicitudProceso.xhtml HTTP/1.1" 200 121669
181.53.13.61 - - [04/May/2023:11:34:18 -0500] "GET /sipse/faces/javax.faces.resource/theme.css?ln=primefaces-sipse HTTP/1.1" 304 -
181.53.13.61 - - [04/May/2023:11:34:18 -0500] "GET /sipse/faces/javax.faces.resource/layout/layout.css?ln=primefaces&v=4.0 HTTP/1.1" 304 -
181.53.13.61 - - [04/May/2023:11:34:18 -0500] "GET /sipse/faces/javax.faces.resource/primefaces.css?ln=primefaces&v=4.0 HTTP/1.1" 304 -
181.53.13.61 - - [04/May/2023:11:34:18 -0500] "GET /sipse/faces/javax.faces.resource/jquery/jquery.js?ln=primefaces&v=4.0 HTTP/1.1" 304 -
181.53.13.61 - - [04/May/2023:11:34:18 -0500] "GET /sipse/faces/javax.faces.resource/jquery/jquery-plugins.js?ln=primefaces&v=4.0 HTTP/1.1" 304 -
181.53.13.61 - - [04/May/2023:11:34:18 -0500] "GET /sipse/faces/javax.faces.resource/primefaces.js?ln=primefaces&v=4.0 HTTP/1.1" 304 -
181.53.13.61 - - [04/May/2023:11:34:18 -0500] "GET /sipse/faces/javax.faces.resource/layout/layout.js?ln=primefaces&v=4.0 HTTP/1.1" 304 -
181.53.13.61 - - [04/May/2023:11:34:23 -0500] "POST /sipse/faces/presentacion/financiero/solicitudProceso/consultarSolicitudProceso.xhtml HTTP/1.1" 200 38519
181.53.13.61 - - [04/May/2023:11:34:24 -0500] "GET /sipse/faces/javax.faces.resource/theme.css?ln=primefaces-sipse HTTP/1.1" 304 -
181.53.13.61 - - [04/May/2023:11:34:24 -0500] "GET /sipse/faces/javax.faces.resource/jquery/jquery.js?ln=primefaces&v=4.0 HTTP/1.1" 304 -
181.53.13.61 - - [04/May/2023:11:34:24 -0500] "GET /sipse/faces/javax.faces.resource/primefaces.css?ln=primefaces&v=4.0 HTTP/1.1" 304 -
181.53.13.61 - - [04/May/2023:11:34:24 -0500] "GET /sipse/faces/javax.faces.resource/layout/layout.css?ln=primefaces&v=4.0 HTTP/1.1" 304 -
181.53.13.61 - - [04/May/2023:11:34:25 -0500] "GET /sipse/faces/javax.faces.resource/jquery/jquery-plugins.js?ln=primefaces&v=4.0 HTTP/1.1" 304 -
181.53.13.61 - - [04/May/2023:11:34:25 -0500] "GET /sipse/faces/javax.faces.resource/primefaces.js?ln=primefaces&v=4.0 HTTP/1.1" 304 -
181.53.13.61 - - [04/May/2023:11:34:26 -0500] "GET /sipse/faces/javax.faces.resource/layout/layout.js?ln=primefaces&v=4.0 HTTP/1.1" 304 -
181.53.13.61 - - [04/May/2023:11:34:26 -0500] "POST /sipse/faces/presentacion/financiero/solicitudProceso/listarSolicitudProceso.xhtml HTTP/1.1" 200 31777
181.53.13.61 - - [04/May/2023:11:34:28 -0500] "POST /sipse/faces/presentacion/financiero/solicitudProceso/listarSolicitudProceso.xhtml HTTP/1.1" 200 31777
181.53.13.61 - - [04/May/2023:11:34:29 -0500] "POST /sipse/faces/presentacion/financiero/solicitudProceso/listarSolicitudProceso.xhtml HTTP/1.1" 200 31777
181.53.13.61 - - [04/May/2023:11:34:30 -0500] "POST /sipse/faces/presentacion/financiero/solicitudProceso/listarSolicitudProceso.xhtml HTTP/1.1" 200 31777
181.53.13.61 - - [04/May/2023:11:34:32 -0500] "POST /sipse/faces/presentacion/financiero/solicitudProceso/listarSolicitudProceso.xhtml HTTP/1.1" 200 1392
181.53.13.61 - - [04/May/2023:11:34:32 -0500] "POST /sipse/faces/presentacion/financiero/solicitudProceso/listarSolicitudProceso.xhtml HTTP/1.1" 200 1400
181.53.13.61 - - [04/May/2023:11:34:34 -0500] "POST /sipse/faces/presentacion/financiero/solicitudProceso/listarSolicitudProceso.xhtml HTTP/1.1" 200 1400
181.53.13.61 - - [04/May/2023:11:34:37 -0500] "POST /sipse/faces/presentacion/financiero/solicitudProceso/listarSolicitudProceso.xhtml HTTP/1.1" 200 1400
181.53.13.61 - - [04/May/2023:11:34:39 -0500] "POST /sipse/faces/presentacion/financiero/solicitudProceso/listarSolicitudProceso.xhtml HTTP/1.1" 200 1400
216.245.221.92 - - [04/May/2023:11:35:23 -0500] "HEAD / HTTP/1.1" 200 -
40.94.33.53 - - [04/May/2023:11:35:31 -0500] "GET /BLA/resoluciones/RESOLUCIONES%202009/4361.pdf HTTP/1.1" 200 1117641
186.102.69.188 - - [04/May/2023:11:35:34 -0500] "GET /kwssiamovil/sm/acme/a?s=U2FsdGVkX18UojzAsjR+MXckwAcjp3sMdX6dXsC/zqOpjKekdYB7NcpyN6csBAbm6yJK/LGVHPfti+ypQauGhPYzZYtWAAArzjBxPjbHXL4A49ZpdyE03SsFLCylAWa5HBV1MCNSfQHvQWGIgm13Vdj0u+ZRggt2iV2pji6/3j+WkXjADvIvNMix9RATfSS2NPoDqa/d6JR0GCYm8fCtZ+14ivbqzlpG1N4jNIoGVwfAV+EGe7ufLFl7/1H5THcWp+ZEJLneQ1NfHkEvqQnrEQ==&u=U2FsdGVkX1+ocWuB5G46oa0p64bKYEgHTQX7UpZb6PI=&y=U2FsdGVkX1+v75zL2E/rAZQXdjmM4rQVo3FCUkVbMsA= HTTP/1.1" 200 26
186.102.69.188 - - [04/May/2023:11:35:35 -0500] "GET /kwssiamovil/sm/acme/a?s=U2FsdGVkX1/Rv5vG4kx8PjqpbGFchcs0WjxJRAlvxSS2BJ9SPLTqi25sp08bkwIZbzutLdFkosUErU1GHS8De3A3HOM7tzH5+tKaTW+UUGGZhSzseqRazZUd5N08GGb6RMV39B7wgxCjIxKpR2Mi2wvSKZuUxDmPJpQ0NjX6Bu5kBl3WqaR/hDSVluppcg+u78qVlGQF6MMRHe6AlhsH3HmTvDpmM4DPYGMLhkvZbfwxHP6IafV4CyS//Hk4rOBxtlTLYyR6GDbe/cvYurF1vnrb7q0/Exo2LISq8sVr4jcrNwsuq+YuMQvfGq1q0Ja+F7vf/fD8PvwQI4V8RZXDWwD7az1yCkm8fLm69EtbJjABhVM+vlaq14hkxFdar5fNzd/4n/dYyYhjlgRbJ0JeKs08mhSEQJ58KYtsQ3fy8Kw7L1ubTY6gtgM6zpCQ7x16DGB6tjIzIQr67DuU238V4fsp1KrOLPpnlwHDF84hlCe+4pCexvIXsyPRYH93V7CGicKff4BKnm9lWM1hrxtqGeq/HTETN/tmowORQJcf9ZkHLdGn2ZPoo8R+T1FwQnX+O7OK0n01G4VdKFLSOwIwsokfOy6spx+uFPttbf6r0O0PIZDAWx7i04sPMvq7PQBVxl/wGfwz+HYuqTfAdnFYlmBqgvbJ9+971RMZ9x+AHda0/8jKGUOJ3/RNm+sLPUPpzqIj5laKpTcWwW2GyVNS+jpmW/XQSNjXv0RrEQGfRBLaHtUxNP84FeY8MJGAng44ejPvnuI/Pk7S5VyIjRC25HNm/22gmhzjQUgojgRW97wKMKijbgUy+Ey4o1fBbVOvTw4cKKI1AGzTq04Lr1T8S4isdBuyfY1hLVlpU/8OLRZbhvusqtgjha7AFPXzDVhN7/bau45IjJQlm4ETFY3y/FW8KdgcjUgo7UhMmESF+3AbHQykDsVtROwEhNA7i4WBscsC0E0CYR9rzJ9DqYxv2a6JMrKzp/DRemdw1/kdifIK5+QQkTPjkzhaxbTNdeBhkc7BOqRjPpLcjV1RH26LTrqSL/Gq6YPXleW88LgOgndcpxCtsArrfTCIODHvuMeW6SOaZMf01Xj9/bfUgEL594L22pKWgao3cZW5vTGGQBpB+ajryBHnFwl0LJOToqQNco5LDbLxH81KjJws0K7z4dpng+TrSIZ80z3JDwQOTCgZfumdjraO8fz2slIXIq9GFzZbSJCsUYRdwOmqSBSxpp07ybqY2qhOwwnB/YT3B5NCWbExl5/EUoJDcxdh7dh9MwSN4hW6dGr1WG0ogNVpMIRDvYXniAtkqWLlTcZBzHDPwoDMKdHjkdIBs91teOaonr6S95P54SUrUussY2xv2TDYstfYcs7kC0TOEziKUnNtb5KhROtO6FetyjwUP6o0/HBNWdG/OIAzX8NcR25cvxKkdMmTGKndBDARoAxxtxS/bCwNx7ui/sQxw1C50icEaul2PGMhVqIdTSDVLE6PMgYU7Zab1ziNNYLgsnldVi9YnwKq/He77Kt7Tx6TU+1tcnzKEq0LRoVqNXGdR2NqYx5Ho8yHFjdT4rfSzIjeHdAjvs31saPJ4Mi5QLyhh2U+e9XwLjFJoDQ14a67oW1RRf5PW70/OGCnNSBsDpBGo2Ii2sgYS51M5fP5E+h3S22YoFxfhRwlgZMlL4wbWelogQoVZLL+C5JuBcufejt6ekAfBufY+/TPDzUqPxC8odigW2SEqMDU7ctYt8w+vbDflq0SCU0yc86yFSlDX2dMlohr9FSq0DiG5jAR4cCdFNnPfIuqtGDkx4dlH2HkMPS+PA==&u=U2FsdGVkX1+ocWuB5G46oa0p64bKYEgHTQX7UpZb6PI=&y=U2FsdGVkX1+v75zL2E/rAZQXdjmM4rQVo3FCUkVbMsA= HTTP/1.1" 200 26
186.102.69.188 - - [04/May/2023:11:35:35 -0500] "GET /kwssiamovil/sm/acme/a?s=U2FsdGVkX1+9J1JoGzu+WUoicthLJY8QY1qHstAAIs+eumnDZkceIR09NQ+EwQ/rCkdnn37ztG8N4IqpiT6OJJ0bxV0JyHSy1fOFIkn0lqxRrKBLLvDU4T9RJ/0cUs+EzP8VX5+BMyHVob3UnM2HrpZ8DA49r6wqLE10P3xjImA=&u=U2FsdGVkX1+ocWuB5G46oa0p64bKYEgHTQX7UpZb6PI=&y=U2FsdGVkX1+v75zL2E/rAZQXdjmM4rQVo3FCUkVbMsA= HTTP/1.1" 200 26
186.102.69.188 - - [04/May/2023:11:35:35 -0500] "GET /kwssiamovil/sm/acme/a?s=U2FsdGVkX19MtikqEln0k5Zc9zLpdzCr2v1TaU9QUu/TVTZIxsmuGCFMKsMv6cPsWuyZtUfuQAt+9qrMPc9StWxPwlHw49ycjG0k/FM97ppCzK9V2+aZSkOJh/dGSLa3qJVrWMzqAcex8/ygO0vx8GZAk9qAM+dfxnKd5uhXTRY=&u=U2FsdGVkX1+ocWuB5G46oa0p64bKYEgHTQX7UpZb6PI=&y=U2FsdGVkX1+v75zL2E/rAZQXdjmM4rQVo3FCUkVbMsA= HTTP/1.1" 200 26
186.102.69.188 - - [04/May/2023:11:35:35 -0500] "GET /kwssiamovil/sm/acme/a?s=U2FsdGVkX18m8TordZh/vpcP9pcSqKkhG+zaIxsv+ZR7lXgBCye53MKO7f3nDZPKicHPhqs2n0cJwbyyLgfmDEmc+FbkVBiqU/ZEyLj08yWYPaXsEJay+7wnlamMto8e+JYXpkDxRwDAZzb933Jsb5IfRrTWHHIAoqvWTa5UF2g=&u=U2FsdGVkX1+ocWuB5G46oa0p64bKYEgHTQX7UpZb6PI=&y=U2FsdGVkX1+v75zL2E/rAZQXdjmM4rQVo3FCUkVbMsA= HTTP/1.1" 200 26
186.102.69.188 - - [04/May/2023:11:35:36 -0500] "GET /kwssiamovil/sm/acme/a?s=U2FsdGVkX1/gdGht6f9ntJYJAjLzHDB8KMjgrvxoZXBbqKjzZxA2CFBEWn4fwqNRKDNtoGJHVBZrNw/yyrynh5BEnyCF56OPD+5KY920DTy+geSJtXVfaH2MNWfVpkkY4DTrKMLBStzBCvDy0LoMsvvk/tSlNrGXL7H5fM/ZZT73CYWJt5ELhVf4dWZF6Q5T&u=U2FsdGVkX1+ocWuB5G46oa0p64bKYEgHTQX7UpZb6PI=&y=U2FsdGVkX1+v75zL2E/rAZQXdjmM4rQVo3FCUkVbMsA= HTTP/1.1" 200 26
186.102.69.188 - - [04/May/2023:11:35:36 -0500] "GET /kwssiamovil/sm/acme/a?s=U2FsdGVkX18aQETudDBpEMrWNus31/Q5WmyeGEthr/V3wk96UaUEYi9hH9RNDXfKeCwWL1U2bOZUhwhUU/+UzPdZ3wpeVoX7eupgKI3ckTPH8uvN5XSzhUpbRviOOKxZC813mNt/xAi5xrQakXlkxNMTLQmzjS1XQIohU9AFIzpHtOpXDF6PLuWCMSCjhy6hTxR38/7F4+2XEUKmPSEMDtegyEEUYMYG5q+4rxDtH9syK4TXVkohnYMPcasuG+KaREUKfZ/4UW9EnY3UlQ1E+lcwoy6BCFxUtyGDxJRMTG1AQ8+YM6WX8zr8MhD9Kj714goM7e4Zd/mF1uGKS/eYCBJdfeQKkglg9SJCpOnqKMqGJ4vxDAB8WVJwG3H9DIz1i9ANIwjSyqH1qe8q+yFgUOQtWNm4egXzDjQlYjRA62IDVX+SY7fv87rqyMZaHU1ZyZJlAB66x7g12/Wy6Dp6xPrJnQasYnooFc6JEXGUR3oZnwIXRhFQWh8jN8EdwGNu&u=U2FsdGVkX1+ocWuB5G46oa0p64bKYEgHTQX7UpZb6PI=&y=U2FsdGVkX1+v75zL2E/rAZQXdjmM4rQVo3FCUkVbMsA= HTTP/1.1" 200 25
186.102.69.188 - - [04/May/2023:11:35:36 -0500] "GET /kwssiamovil/sm/acme/a?s=U2FsdGVkX19oShowmpHo8XZVf+5Q/X52hqWZQP52fSrKnoSrVy/wF9RS8me3v8HW1pCTXIcOuNhNIddJZKI7qEFRFlttEa7YT67naSBABZx+00YM2pcNjjYUsndU9G4C4uXbLkZEoeSFKVpsyYL0BqzOzpk2wDMYjMBdfw62Aet+r6NOrmdODJ1ykr09YyCW3PBmr0nPfm987k26OtOSpR5wdrgGFh+NF+33uqCqfz5UdHSf4bfhXyGcRndAm7DBJfWHch7ZYbpe2iRvFVplLmMlBMKb0hwNYLMOIdIsV+uYc7ir6VBC1RnFqmT1JABrb1CDSC8rA9xhuYBoFu2wwQTcw+Aj9fbW2O3Y4YoKhSLYRN42V5PEEX2iMhAxLmeJvpECFY6DN0jWWQAGjOBu8AB9ULr36BwBXqWSN8P36++Gxr6UzWk+HCBdIFds91+yK/FHs98L/IjDIaY8lJUa/A==&u=U2FsdGVkX1+ocWuB5G46oa0p64bKYEgHTQX7UpZb6PI=&y=U2FsdGVkX1+v75zL2E/rAZQXdjmM4rQVo3FCUkVbMsA= HTTP/1.1" 200 25
172.22.2.4 - - [04/May/2023:11:35:38 -0500] "GET /BLA/boletinlegal/actos.php HTTP/1.1" 200 9682
172.22.2.4 - - [04/May/2023:11:35:48 -0500] "GET /BLA/boletinlegal/consulta_actos.php?tipo=resoluciones&no=4516&usuario=&sector=&fecha=2022&resuelve= HTTP/1.1" 200 626
181.252.75.149 - - [04/May/2023:11:35:54 -0500] "GET /BLA/boletinlegal/actos.php HTTP/1.1" 200 9682
201.245.192.253 - - [04/May/2023:11:35:55 -0500] "POST /sipse/faces/presentacion/financiero/solicitudProceso/listarSolicitudProceso.xhtml HTTP/1.1" 200 2845
201.245.192.253 - - [04/May/2023:11:35:55 -0500] "POST /sipse/faces/presentacion/financiero/solicitudProceso/listarSolicitudProceso.xhtml HTTP/1.1" 200 40852
201.245.192.253 - - [04/May/2023:11:35:56 -0500] "GET /sipse/faces/javax.faces.resource/theme.css?ln=primefaces-sipse HTTP/1.1" 304 -
201.245.192.253 - - [04/May/2023:11:35:56 -0500] "GET /sipse/faces/javax.faces.resource/layout/layout.css?ln=primefaces&v=4.0 HTTP/1.1" 304 -
201.245.192.253 - - [04/May/2023:11:35:56 -0500] "GET /sipse/faces/javax.faces.resource/primefaces.css?ln=primefaces&v=4.0 HTTP/1.1" 304 -
201.245.192.253 - - [04/May/2023:11:35:56 -0500] "GET /sipse/faces/javax.faces.resource/jquery/jquery.js?ln=primefaces&v=4.0 HTTP/1.1" 304 -
201.245.192.253 - - [04/May/2023:11:35:56 -0500] "GET /sipse/faces/javax.faces.resource/jquery/jquery-plugins.js?ln=primefaces&v=4.0 HTTP/1.1" 304 -
201.245.192.253 - - [04/May/2023:11:35:56 -0500] "GET /sipse/faces/javax.faces.resource/primefaces.js?ln=primefaces&v=4.0 HTTP/1.1" 304 -
201.245.192.253 - - [04/May/2023:11:35:56 -0500] "GET /sipse/faces/javax.faces.resource/layout/layout.js?ln=primefaces&v=4.0 HTTP/1.1" 304 -
201.245.192.253 - - [04/May/2023:11:35:56 -0500] "POST /sipse/faces/presentacion/financiero/solicitudProceso/consultar.xhtml HTTP/1.1" 200 34153
181.252.75.149 - - [04/May/2023:11:35:57 -0500] "GET /BLA/resoluciones/ HTTP/1.1" 200 13502
201.245.192.253 - - [04/May/2023:11:35:58 -0500] "POST /sipse/faces/presentacion/financiero/solicitudProceso/consultar.xhtml HTTP/1.1" 200 13025
201.245.192.253 - - [04/May/2023:11:36:01 -0500] "POST /sipse/faces/presentacion/financiero/solicitudProceso/consultar.xhtml HTTP/1.1" 200 160151
201.245.192.253 - - [04/May/2023:11:36:02 -0500] "GET /sipse/faces/javax.faces.resource/primefaces.css?ln=primefaces&v=4.0 HTTP/1.1" 304 -
201.245.192.253 - - [04/May/2023:11:36:02 -0500] "GET /sipse/faces/javax.faces.resource/theme.css?ln=primefaces-sipse HTTP/1.1" 304 -
201.245.192.253 - - [04/May/2023:11:36:02 -0500] "GET /sipse/faces/javax.faces.resource/layout/layout.css?ln=primefaces&v=4.0 HTTP/1.1" 304 -
201.245.192.253 - - [04/May/2023:11:36:02 -0500] "GET /sipse/faces/javax.faces.resource/jquery/jquery.js?ln=primefaces&v=4.0 HTTP/1.1" 304 -
201.245.192.253 - - [04/May/2023:11:36:02 -0500] "GET /sipse/faces/javax.faces.resource/jquery/jquery-plugins.js?ln=primefaces&v=4.0 HTTP/1.1" 304 -
201.245.192.253 - - [04/May/2023:11:36:02 -0500] "GET /sipse/faces/javax.faces.resource/primefaces.js?ln=primefaces&v=4.0 HTTP/1.1" 304 -
201.245.192.253 - - [04/May/2023:11:36:02 -0500] "GET /sipse/faces/javax.faces.resource/layout/layout.js?ln=primefaces&v=4.0 HTTP/1.1" 304 -
201.245.192.253 - - [04/May/2023:11:36:11 -0500] "POST /sipse/faces/presentacion/financiero/solicitudProceso/consultarSolicitudProceso.xhtml HTTP/1.1" 200 9361961
201.245.192.253 - - [04/May/2023:11:36:14 -0500] "POST /kwsrmcab/Wsrmcab  HTTP/1.1" 200 213
172.22.2.4 - - [04/May/2023:11:36:16 -0500] "GET /BLA/boletinlegal/consulta_actos.php?tipo=resoluciones&no=4516&usuario=&sector=&fecha=2022&resuelve= HTTP/1.1" 200 626
172.22.2.4 - - [04/May/2023:11:36:20 -0500] "GET /BLA/boletinlegal/consulta_actos.php?tipo=autos&no=4516&usuario=&sector=&fecha=2022&resuelve= HTTP/1.1" 200 1137
172.22.2.4 - - [04/May/2023:11:36:23 -0500] "GET /BLA/boletinlegal/consulta_actos.php?tipo=resoluciones&no=4516&usuario=&sector=&fecha=2022&resuelve= HTTP/1.1" 200 626
172.22.2.4 - - [04/May/2023:11:36:33 -0500] "GET /BLA/boletinlegal/consulta_actos.php?tipo=resoluciones&no=4516&usuario=&sector=&fecha=2021&resuelve= HTTP/1.1" 200 1090
186.84.89.224 - - [04/May/2023:11:36:36 -0500] "GET /BLA/resoluciones/RESOLUCIONES%202021/4516.pdf HTTP/1.1" 200 750041
186.84.89.224 - - [04/May/2023:11:36:44 -0500] "GET /favicon.ico HTTP/1.1" 200 7782
186.84.89.224 - - [04/May/2023:11:36:44 -0500] "GET /BLA/resoluciones/RESOLUCIONES%202021/4516.pdf HTTP/1.1" 206 1025
186.84.89.224 - - [04/May/2023:11:36:44 -0500] "GET /BLA/resoluciones/RESOLUCIONES%202021/4516.pdf HTTP/1.1" 200 750041
186.84.89.224 - - [04/May/2023:11:36:55 -0500] "GET /BLA/resoluciones/RESOLUCIONES%202021/4516.pdf HTTP/1.1" 206 64512
181.61.204.61 - - [04/May/2023:11:37:21 -0500] "GET /galeria/galeria/jquery.fancybox.css?v=2.1.5 HTTP/1.1" 200 4895
181.61.204.61 - - [04/May/2023:11:37:21 -0500] "GET /BLA/boletinlegal/js/jquery.scrollShow.js HTTP/1.1" 200 4586
181.61.204.61 - - [04/May/2023:11:37:21 -0500] "GET /galeria/galeria/jquery.fancybox.js?v=2.1.5 HTTP/1.1" 200 48706
172.22.2.4 - - [04/May/2023:11:37:43 -0500] "GET /BLA/boletinlegal/consulta_actos.php?tipo=autos&no=&usuario=&sector=MINERIA&fecha=2023&resuelve= HTTP/1.1" 200 626
172.22.2.4 - - [04/May/2023:11:36:12 -0500] "HEAD /BLA/boletinlegal/ HTTP/1.1" 200 -
190.253.173.6 - - [04/May/2023:11:37:58 -0500] "GET /appsia/controlador HTTP/1.1" 200 4799
31.13.103.16 - - [04/May/2023:11:38:00 -0500] "GET /images/Acuerdos%2001%20(1)%20(1).jpeg HTTP/1.1" 200 32884
181.78.65.180 - - [04/May/2023:11:38:04 -0500] "GET /appsia/controlador HTTP/1.1" 200 4799
181.78.65.180 - - [04/May/2023:11:38:04 -0500] "GET /appsia/css/estilos.css HTTP/1.1" 200 4804
181.78.65.180 - - [04/May/2023:11:38:04 -0500] "GET /appsia/scripts/validarIngreso.js HTTP/1.1" 200 851
181.78.65.180 - - [04/May/2023:11:38:04 -0500] "GET /appsia/images/cabezoteHojaVida.png HTTP/1.1" 200 32493
181.78.65.180 - - [04/May/2023:11:38:04 -0500] "GET /appsia/images/logo_bogota_p.png HTTP/1.1" 200 14951
181.78.65.180 - - [04/May/2023:11:38:04 -0500] "GET /favicon.ico HTTP/1.1" 200 7782
181.78.65.180 - - [04/May/2023:11:38:12 -0500] "POST /appsia/controlador HTTP/1.1" 200 5437
190.253.173.6 - - [04/May/2023:11:38:12 -0500] "POST /appsia/controlador HTTP/1.1" 200 5437
190.249.21.140 - - [04/May/2023:11:38:11 -0500] "POST /sipse/faces/presentacion/financiero/solicitudProceso/listarSolicitudProceso.xhtml HTTP/1.1" 200 44110
190.253.173.6 - - [04/May/2023:11:38:15 -0500] "POST /appsia/controlador HTTP/1.1" 200 7793
190.249.21.140 - - [04/May/2023:11:38:15 -0500] "POST /sipse/faces/presentacion/financiero/solicitudProceso/listarSolicitudProceso.xhtml HTTP/1.1" 200 44130
181.78.65.180 - - [04/May/2023:11:38:16 -0500] "POST /appsia/controlador HTTP/1.1" 200 7777
190.249.21.140 - - [04/May/2023:11:38:16 -0500] "POST /sipse/faces/presentacion/financiero/solicitudProceso/listarSolicitudProceso.xhtml HTTP/1.1" 200 35147
190.249.21.140 - - [04/May/2023:11:38:17 -0500] "POST /sipse/faces/presentacion/financiero/solicitudProceso/listarSolicitudProceso.xhtml HTTP/1.1" 200 44126
190.249.21.140 - - [04/May/2023:11:38:18 -0500] "POST /sipse/faces/presentacion/financiero/solicitudProceso/listarSolicitudProceso.xhtml HTTP/1.1" 200 43648
190.249.21.140 - - [04/May/2023:11:38:20 -0500] "POST /sipse/faces/presentacion/financiero/solicitudProceso/listarSolicitudProceso.xhtml HTTP/1.1" 200 44126
190.253.173.6 - - [04/May/2023:11:38:21 -0500] "POST /appsia/controlador HTTP/1.1" 200 6658
190.249.21.140 - - [04/May/2023:11:38:22 -0500] "POST /sipse/faces/presentacion/financiero/solicitudProceso/listarSolicitudProceso.xhtml HTTP/1.1" 200 23178
181.78.65.180 - - [04/May/2023:11:38:23 -0500] "POST /appsia/controlador HTTP/1.1" 200 6642
190.249.21.140 - - [04/May/2023:11:38:23 -0500] "POST /sipse/faces/presentacion/financiero/solicitudProceso/listarSolicitudProceso.xhtml HTTP/1.1" 200 17534
190.253.173.6 - - [04/May/2023:11:38:24 -0500] "POST /appsia/controlador HTTP/1.1" 200 10966
181.78.65.180 - - [04/May/2023:11:38:26 -0500] "POST /appsia/controlador HTTP/1.1" 200 10956
172.22.2.4 - - [04/May/2023:11:38:40 -0500] "GET /BLA/boletinlegal/consulta_actos.php?tipo=autos&no=&usuario=&sector=COMPETENCIA&fecha=2023&resuelve= HTTP/1.1" 200 3419
172.22.2.4 - - [04/May/2023:11:37:02 -0500] "GET /BLA/boletinlegal/ HTTP/1.1" 200 57151
201.245.192.253 - - [04/May/2023:11:38:56 -0500] "POST /kwsrmcab/Wsrmcab HTTP/1.1" 200 42362
201.245.192.253 - - [04/May/2023:11:38:59 -0500] "POST /kwsrmcab/Wsrmcab HTTP/1.1" 200 42264
186.30.51.48 - - [04/May/2023:11:39:06 -0500] "GET /BLA/resoluciones/AUTOS%202023/0333.pdf HTTP/1.1" 200 4879917
186.30.51.48 - - [04/May/2023:11:39:09 -0500] "GET /BLA/resoluciones/AUTOS%202023/0333.pdf HTTP/1.1" 200 4879917
186.30.51.48 - - [04/May/2023:11:39:09 -0500] "GET /BLA/resoluciones/AUTOS%202023/0333.pdf HTTP/1.1" 206 1025
186.30.51.48 - - [04/May/2023:11:39:12 -0500] "GET /BLA/resoluciones/AUTOS%202023/0333.pdf HTTP/1.1" 206 64512
172.22.2.4 - - [04/May/2023:11:39:32 -0500] "GET /BLA/boletinlegal/style.css HTTP/1.1" 200 9406
172.22.2.4 - - [04/May/2023:11:39:32 -0500] "GET /BLA/boletinlegal/js/jquery.scrollTo-min.js HTTP/1.1" 200 1150
172.22.2.4 - - [04/May/2023:11:39:32 -0500] "GET /BLA/boletinlegal/styles2.css HTTP/1.1" 200 1838
172.22.2.4 - - [04/May/2023:11:39:32 -0500] "GET /BLA/boletinlegal/js/jquery.scrollShow.js HTTP/1.1" 200 4586
172.22.2.4 - - [04/May/2023:11:39:32 -0500] "GET /BLA/boletinlegal/js/jquery.js HTTP/1.1" 200 57254
172.22.2.4 - - [04/May/2023:11:39:32 -0500] "GET /BLA/boletinlegal/images/cabezote%20BLEGAL.jpg HTTP/1.1" 200 118164
172.22.2.4 - - [04/May/2023:11:39:32 -0500] "GET /BLA/boletinlegal/images/subscribe-icon-big.png HTTP/1.1" 200 47702
172.22.2.4 - - [04/May/2023:11:39:32 -0500] "GET /BLA/boletinlegal/images/historia.png HTTP/1.1" 200 52775
172.22.2.4 - - [04/May/2023:11:39:32 -0500] "GET /BLA/boletinlegal/images/arr_l.jpg HTTP/1.1" 200 1979
172.22.2.4 - - [04/May/2023:11:39:32 -0500] "GET /BLA/boletinlegal/images/registro-usuarios.png HTTP/1.1" 200 8106
172.22.2.4 - - [04/May/2023:11:39:32 -0500] "GET /BLA/boletinlegal/images/body_bg.jpg HTTP/1.1" 200 1601
172.22.2.4 - - [04/May/2023:11:39:32 -0500] "GET /BLA/boletinlegal/images/text.jpg HTTP/1.1" 200 568
172.22.2.4 - - [04/May/2023:11:39:32 -0500] "GET /BLA/boletinlegal/images/menu_lft.gif HTTP/1.1" 200 1713
172.22.2.4 - - [04/May/2023:11:39:32 -0500] "GET /BLA/boletinlegal/images/menu_rght.gif HTTP/1.1" 200 1627
172.22.2.4 - - [04/May/2023:11:39:32 -0500] "GET /BLA/boletinlegal/images/bg_top.jpg HTTP/1.1" 200 522
172.22.2.4 - - [04/May/2023:11:39:32 -0500] "GET /BLA/boletinlegal/images/menu_bg.jpg HTTP/1.1" 200 620
172.22.2.4 - - [04/May/2023:11:39:32 -0500] "GET /BLA/boletinlegal/images/screen_1.png HTTP/1.1" 200 202547
172.22.2.4 - - [04/May/2023:11:39:32 -0500] "GET /BLA/boletinlegal/images/hover.jpg HTTP/1.1" 200 640
172.22.2.4 - - [04/May/2023:11:39:32 -0500] "GET /BLA/boletinlegal/images/launch.jpg HTTP/1.1" 200 14577
172.22.2.4 - - [04/May/2023:11:39:35 -0500] "GET /BLA/boletinlegal/actos.php HTTP/1.1" 200 9682
172.22.2.4 - - [04/May/2023:11:39:35 -0500] "GET /BLA/boletinlegal/js/lib.js HTTP/1.1" 200 6474
172.22.2.4 - - [04/May/2023:11:39:35 -0500] "GET /BLA/boletinlegal/js/jquery1.js HTTP/1.1" 200 29846
172.22.2.4 - - [04/May/2023:11:39:35 -0500] "GET /BLA/boletinlegal/niceforms.js HTTP/1.1" 200 22876
172.22.2.4 - - [04/May/2023:11:39:35 -0500] "GET /BLA/boletinlegal/js/popup.js HTTP/1.1" 200 1270
172.22.2.4 - - [04/May/2023:11:39:35 -0500] "GET /BLA/boletinlegal/js/ajax_actos.js HTTP/1.1" 200 1322
172.22.2.4 - - [04/May/2023:11:39:35 -0500] "GET /BLA/boletinlegal/images/green-yellow-blue-pink-th.png HTTP/1.1" 200 7394
172.22.2.4 - - [04/May/2023:11:39:35 -0500] "GET /BLA/boletinlegal/images/tel.png HTTP/1.1" 200 14477
172.22.2.4 - - [04/May/2023:11:39:35 -0500] "GET /BLA/boletinlegal/images/icono-email.png HTTP/1.1" 200 5544
172.22.2.4 - - [04/May/2023:11:39:35 -0500] "GET /BLA/boletinlegal/images/footer_bg.jpg HTTP/1.1" 200 586
172.22.2.4 - - [04/May/2023:11:39:35 -0500] "GET /BLA/boletinlegal/images/footer_bg_l.jpg HTTP/1.1" 200 776
172.22.2.4 - - [04/May/2023:11:39:35 -0500] "GET /BLA/boletinlegal/img/select-left.png HTTP/1.1" 200 263
172.22.2.4 - - [04/May/2023:11:39:35 -0500] "GET /BLA/boletinlegal/img/0.png HTTP/1.1" 200 110
172.22.2.4 - - [04/May/2023:11:39:35 -0500] "GET /BLA/boletinlegal/img/select-right.png HTTP/1.1" 200 44019
172.22.2.4 - - [04/May/2023:11:39:35 -0500] "GET /BLA/boletinlegal/img/button.png HTTP/1.1" 200 43241
172.22.2.4 - - [04/May/2023:11:39:35 -0500] "GET /BLA/boletinlegal/img/button-left.png HTTP/1.1" 200 57071
172.22.2.4 - - [04/May/2023:11:39:35 -0500] "GET /BLA/boletinlegal/img/button-right.png HTTP/1.1" 200 57878
172.22.2.4 - - [04/May/2023:11:39:35 -0500] "GET /BLA/boletinlegal/favicon.ico HTTP/1.1" 404 1326
172.22.2.4 - - [04/May/2023:11:39:43 -0500] "GET /BLA/boletinlegal/consulta_actos.php?tipo=autos&no=&usuario=&sector=AIRE&fecha=2023&resuelve= HTTP/1.1" 200 18462
172.22.2.4 - - [04/May/2023:11:39:43 -0500] "GET /BLA/boletinlegal/images/pdf.gif HTTP/1.1" 200 567
172.22.2.4 - - [04/May/2023:11:39:44 -0500] "GET /BLA/boletinlegal/consulta_actos.php?tipo=autos&no=&usuario=&sector=AIRE&fecha=2023&resuelve= HTTP/1.1" 200 18462
216.245.221.92 - - [04/May/2023:11:40:23 -0500] "HEAD / HTTP/1.1" 200 -
172.22.2.4 - - [04/May/2023:11:40:32 -0500] "GET /BLA/boletinlegal/consulta_actos.php?tipo=autos&no=&usuario=&sector=PEV&fecha=2023&resuelve=bandera HTTP/1.1" 200 626
172.22.2.4 - - [04/May/2023:11:40:34 -0500] "GET /BLA/boletinlegal/consulta_actos.php?tipo=autos&no=&usuario=&sector=PEV&fecha=2023&resuelve=bandera HTTP/1.1" 200 626
186.31.212.99 - - [04/May/2023:11:40:37 -0500] "POST /sipse/faces/presentacion/financiero/solicitudProceso/consultarSolicitudProceso.xhtml HTTP/1.1" 200 37350
186.31.212.99 - - [04/May/2023:11:40:38 -0500] "GET /sipse/faces/javax.faces.resource/layout/layout.css?ln=primefaces&v=4.0 HTTP/1.1" 304 -
186.31.212.99 - - [04/May/2023:11:40:38 -0500] "GET /sipse/faces/javax.faces.resource/primefaces.css?ln=primefaces&v=4.0 HTTP/1.1" 304 -
186.31.212.99 - - [04/May/2023:11:40:38 -0500] "GET /sipse/faces/javax.faces.resource/theme.css?ln=primefaces-sipse HTTP/1.1" 304 -
186.31.212.99 - - [04/May/2023:11:40:38 -0500] "GET /sipse/css/imagen/contrasena.png HTTP/1.1" 404 383
186.31.212.99 - - [04/May/2023:11:40:38 -0500] "GET /sipse/faces/javax.faces.resource/jquery/jquery.js?ln=primefaces&v=4.0 HTTP/1.1" 304 -
186.31.212.99 - - [04/May/2023:11:40:38 -0500] "GET /sipse/faces/javax.faces.resource/jquery/jquery-plugins.js?ln=primefaces&v=4.0 HTTP/1.1" 304 -
186.31.212.99 - - [04/May/2023:11:40:38 -0500] "GET /sipse/faces/javax.faces.resource/primefaces.js?ln=primefaces&v=4.0 HTTP/1.1" 304 -
186.31.212.99 - - [04/May/2023:11:40:39 -0500] "GET /sipse/faces/javax.faces.resource/layout/layout.js?ln=primefaces&v=4.0 HTTP/1.1" 304 -
186.31.212.99 - - [04/May/2023:11:40:39 -0500] "GET /sipse/faces/javax.faces.resource/images/ui-icons_898989_256x240.png?ln=primefaces-aristo HTTP/1.1" 304 -
172.22.2.4 - - [04/May/2023:11:40:39 -0500] "GET /BLA/boletinlegal/consulta_actos.php?tipo=autos&no=&usuario=&sector=PEV&fecha=2022&resuelve=bandera HTTP/1.1" 200 626
186.31.212.99 - - [04/May/2023:11:40:39 -0500] "POST /sipse/faces/presentacion/financiero/solicitudProceso/listarSolicitudProceso.xhtml HTTP/1.1" 200 30608
186.31.212.99 - - [04/May/2023:11:40:40 -0500] "GET /sipse/faces/javax.faces.resource/images/ui-bg_flat_0_2d5972_40x100.png?ln=primefaces-aristo HTTP/1.1" 304 -
186.31.212.99 - - [04/May/2023:11:40:40 -0500] "POST /sipse/faces/presentacion/financiero/solicitudProceso/listarSolicitudProceso.xhtml HTTP/1.1" 200 30608
186.31.212.99 - - [04/May/2023:11:40:41 -0500] "POST /sipse/faces/presentacion/financiero/solicitudProceso/listarSolicitudProceso.xhtml HTTP/1.1" 200 1392
