34.91.254.233 - - [04/May/2023:03:24:23 -0500] "GET /inventario-de-emisiones-2020-transporte-publico-sitp-redujo-emisiones-de-pm-2-5-en-un-37.html HTTP/1.1" 200 925
172.22.2.4 - - [04/May/2023:03:25:06 -0500] "GET /BLA/boletinlegal/actos.php HTTP/1.1" 200 9682
216.245.221.92 - - [04/May/2023:03:25:25 -0500] "HEAD / HTTP/1.1" 200 -
40.77.167.94 - - [04/May/2023:03:26:20 -0500] "GET /BLA/resoluciones/AUTOS%202022/6227.pdf HTTP/1.1" 200 354326
74.125.210.209 - - [04/May/2023:03:26:20 -0500] "GET /Publicaciones/SSFFS-08569-2021.zip HTTP/1.1" 404 232
35.204.88.207 - - [04/May/2023:03:27:36 -0500] "GET /inventario-de-emisiones-2020-transporte-publico-sitp-redujo-emisiones-de-pm-2-5-en-un-37.html HTTP/1.1" 200 925
172.22.2.4 - - [04/May/2023:03:26:11 -0500] "HEAD /BLA/boletinlegal/ HTTP/1.1" 200 -
40.77.167.86 - - [04/May/2023:03:27:55 -0500] "GET /BLA/resoluciones/AUTOS%202014/3771.pdf HTTP/1.1" 200 552364
201.245.192.253 - - [04/May/2023:03:27:58 -0500] "POST /kwsrmcab/Wsrmcab  HTTP/1.1" 200 213
74.125.210.206 - - [04/May/2023:03:28:07 -0500] "GET /Publicaciones/SSFFS-07827-2021.zip HTTP/1.1" 404 232
201.244.227.217 - - [04/May/2023:03:28:31 -0500] "GET /BLA/resoluciones/index.php?dir= HTTP/1.1" 200 13502
201.244.227.217 - - [04/May/2023:03:28:36 -0500] "GET /BLA/resoluciones/index.php?dir=AUTOS+2018%2F HTTP/1.1" 200 457306
172.22.2.4 - - [04/May/2023:03:27:01 -0500] "GET /BLA/boletinlegal/ HTTP/1.1" 200 57151
201.245.192.253 - - [04/May/2023:03:28:57 -0500] "POST /kwsrmcab/Wsrmcab HTTP/1.1" 200 42227
201.245.192.253 - - [04/May/2023:03:29:00 -0500] "POST /kwsrmcab/Wsrmcab HTTP/1.1" 200 43146
74.125.210.212 - - [04/May/2023:03:29:30 -0500] "GET /Publicaciones/SSFFS-01848-2020.zip HTTP/1.1" 404 232
74.125.210.206 - - [04/May/2023:03:29:34 -0500] "GET /Publicaciones/SSFFS-16356-2021.zip HTTP/1.1" 404 232
172.22.2.4 - - [04/May/2023:03:29:35 -0500] "GET /BLA/boletinlegal/conceptos.php HTTP/1.1" 200 7496
172.22.2.4 - - [04/May/2023:03:29:36 -0500] "GET /BLA/boletinlegal/favicon.ico HTTP/1.1" 404 1334
34.91.103.66 - - [04/May/2023:03:29:43 -0500] "GET /inventario-de-emisiones-2020-transporte-publico-sitp-redujo-emisiones-de-pm-2-5-en-un-37.html HTTP/1.1" 200 925
172.22.2.4 - - [04/May/2023:03:29:45 -0500] "GET /BLA/boletinlegal/consulta_conceptos.php?no=&solicitante=&radicado_entrada=&fecha_concepto=2023&objeto= HTTP/1.1" 200 12574
172.22.2.4 - - [04/May/2023:03:29:17 -0500] "GET /BLA/boletinlegal/ HTTP/1.1" 200 36811
216.245.221.92 - - [04/May/2023:03:30:25 -0500] "HEAD / HTTP/1.1" 200 -
34.91.114.203 - - [04/May/2023:03:31:53 -0500] "GET /inventario-de-emisiones-2020-transporte-publico-sitp-redujo-emisiones-de-pm-2-5-en-un-37.html HTTP/1.1" 200 925
201.245.192.253 - - [04/May/2023:03:32:56 -0500] "POST /kwsrmcab/Wsrmcab  HTTP/1.1" 200 213
172.22.2.4 - - [04/May/2023:03:32:01 -0500] "HEAD /BLA/boletinlegal/ HTTP/1.1" 200 -
17.246.23.22 - - [04/May/2023:03:33:58 -0500] "-" 408 -
172.22.2.4 - - [04/May/2023:03:32:51 -0500] "GET /BLA/boletinlegal/ HTTP/1.1" 200 59306
216.245.221.92 - - [04/May/2023:03:35:25 -0500] "HEAD / HTTP/1.1" 200 -
66.102.6.183 - - [04/May/2023:03:35:30 -0500] "GET /Publicaciones/SSFFS-07785-2021.zip HTTP/1.1" 404 232
64.124.8.27 - - [04/May/2023:03:35:42 -0500] "GET /BLA/boletinlegal/jurisprudencia/analisis/Analisis%20Jurisprudencia%20Sent%202000-00005-01.doc HTTP/1.1" 304 -
201.245.192.253 - - [04/May/2023:03:37:55 -0500] "POST /kwsrmcab/Wsrmcab  HTTP/1.1" 200 213
201.245.192.253 - - [04/May/2023:03:38:57 -0500] "POST /kwsrmcab/Wsrmcab HTTP/1.1" 200 42227
201.245.192.253 - - [04/May/2023:03:39:00 -0500] "POST /kwsrmcab/Wsrmcab HTTP/1.1" 200 43146
172.22.2.4 - - [04/May/2023:03:37:51 -0500] "HEAD /BLA/boletinlegal/ HTTP/1.1" 200 -
66.102.6.185 - - [04/May/2023:03:40:14 -0500] "GET /Publicaciones/SSFFS-07618-2015.zip HTTP/1.1" 404 232
172.22.2.4 - - [04/May/2023:03:38:41 -0500] "GET /BLA/boletinlegal/ HTTP/1.1" 200 58307
216.245.221.92 - - [04/May/2023:03:40:25 -0500] "HEAD / HTTP/1.1" 200 -
66.102.6.183 - - [04/May/2023:03:41:31 -0500] "GET /Publicaciones/SSFFS-09015-2021.zip HTTP/1.1" 404 232
74.125.210.212 - - [04/May/2023:03:41:45 -0500] "GET /Publicaciones/SSFFS-08507-2018.zip HTTP/1.1" 404 232
201.245.192.253 - - [04/May/2023:03:42:54 -0500] "POST /kwsrmcab/Wsrmcab  HTTP/1.1" 200 213
74.125.210.206 - - [04/May/2023:03:43:06 -0500] "GET /Publicaciones/SSFFS-00576-2018.zip HTTP/1.1" 404 232
66.102.6.181 - - [04/May/2023:03:43:41 -0500] "GET /Publicaciones/SSFFS-13791-2015.zip HTTP/1.1" 404 232
172.22.2.4 - - [04/May/2023:03:43:41 -0500] "HEAD /BLA/boletinlegal/ HTTP/1.1" 200 -
216.245.221.92 - - [04/May/2023:03:45:25 -0500] "HEAD / HTTP/1.1" 200 -
172.22.2.4 - - [04/May/2023:03:44:31 -0500] "GET /BLA/boletinlegal/ HTTP/1.1" 200 45974
172.22.2.4 - - [04/May/2023:03:45:03 -0500] "GET /BLA/boletinlegal/ HTTP/1.1" 200 49754
201.245.192.253 - - [04/May/2023:03:47:53 -0500] "POST /kwsrmcab/Wsrmcab  HTTP/1.1" 200 213
216.245.221.92 - - [04/May/2023:03:50:25 -0500] "HEAD / HTTP/1.1" 200 -
66.102.6.185 - - [04/May/2023:03:50:59 -0500] "GET /Publicaciones/SSFFS-11159-2021.zip HTTP/1.1" 404 232
172.22.2.4 - - [04/May/2023:03:49:31 -0500] "HEAD /BLA/boletinlegal/ HTTP/1.1" 200 -
172.22.2.4 - - [04/May/2023:03:50:34 -0500] "GET /BLA/boletinlegal/ HTTP/1.1" 200 28619
172.22.2.4 - - [04/May/2023:03:50:21 -0500] "GET /BLA/boletinlegal/ HTTP/1.1" 200 51977
74.125.210.212 - - [04/May/2023:03:52:02 -0500] "GET /Publicaciones/SSFFS-11118-2021.zip HTTP/1.1" 404 232
74.125.210.209 - - [04/May/2023:03:52:04 -0500] "GET /Publicaciones/SSFFS-00422-2015.zip HTTP/1.1" 404 232
201.245.192.253 - - [04/May/2023:03:52:52 -0500] "POST /kwsrmcab/Wsrmcab  HTTP/1.1" 200 213
186.31.119.133 - - [04/May/2023:03:53:42 -0500] "-" 408 -
34.91.103.66 - - [04/May/2023:03:53:59 -0500] "GET /inventario-de-emisiones-2020-transporte-publico-sitp-redujo-emisiones-de-pm-2-5-en-un-37.html HTTP/1.1" 200 925
69.171.251.1 - - [04/May/2023:03:54:24 -0500] "GET /images/negocios-verdes-mayo-2022.jpg HTTP/1.1" 200 48000
216.245.221.92 - - [04/May/2023:03:55:25 -0500] "HEAD / HTTP/1.1" 200 -
35.204.124.21 - - [04/May/2023:03:56:38 -0500] "GET /inventario-de-emisiones-2020-transporte-publico-sitp-redujo-emisiones-de-pm-2-5-en-un-37.html HTTP/1.1" 200 925
172.22.2.4 - - [04/May/2023:03:55:21 -0500] "HEAD /BLA/boletinlegal/ HTTP/1.1" 200 -
172.22.2.4 - - [04/May/2023:03:56:11 -0500] "GET /BLA/boletinlegal/ HTTP/1.1" 200 57151
201.245.192.253 - - [04/May/2023:03:57:51 -0500] "POST /kwsrmcab/Wsrmcab  HTTP/1.1" 200 213
172.22.2.4 - - [04/May/2023:03:58:25 -0500] "GET /BLA/boletinlegal/actos.php HTTP/1.1" 200 9682
66.249.75.140 - - [04/May/2023:03:58:42 -0500] "-" 408 -
172.22.2.4 - - [04/May/2023:03:58:57 -0500] "GET /BLA/boletinlegal/actos.php HTTP/1.1" 200 9682
34.141.206.172 - - [04/May/2023:03:59:10 -0500] "GET /inventario-de-emisiones-2020-transporte-publico-sitp-redujo-emisiones-de-pm-2-5-en-un-37.html HTTP/1.1" 200 925
216.245.221.92 - - [04/May/2023:04:00:25 -0500] "HEAD / HTTP/1.1" 200 -
172.22.2.4 - - [04/May/2023:04:01:22 -0500] "GET /BLA/boletinlegal/images/signo-mas.gif HTTP/1.1" 200 13689
172.22.2.4 - - [04/May/2023:04:02:09 -0500] "GET /BLA/boletinlegal/actos.php HTTP/1.1" 200 9682
172.22.2.4 - - [04/May/2023:04:02:40 -0500] "GET /BLA/boletinlegal/actos.php HTTP/1.1" 200 9682
172.22.2.4 - - [04/May/2023:04:01:11 -0500] "HEAD /BLA/boletinlegal/ HTTP/1.1" 200 -
201.245.192.253 - - [04/May/2023:04:02:51 -0500] "POST /kwsrmcab/Wsrmcab  HTTP/1.1" 200 213
172.22.2.4 - - [04/May/2023:04:02:01 -0500] "GET /BLA/boletinlegal/ HTTP/1.1" 200 57561
34.91.103.66 - - [04/May/2023:04:04:28 -0500] "GET /inventario-de-emisiones-2020-transporte-publico-sitp-redujo-emisiones-de-pm-2-5-en-un-37.html HTTP/1.1" 200 925
172.22.2.4 - - [04/May/2023:04:05:08 -0500] "GET /BLA/boletinlegal/actos.php HTTP/1.1" 200 9682
216.245.221.92 - - [04/May/2023:04:05:25 -0500] "HEAD / HTTP/1.1" 200 -
74.125.210.209 - - [04/May/2023:04:05:56 -0500] "GET /Publicaciones/SSFFS-10885-2021.zip HTTP/1.1" 404 232
64.124.8.137 - - [04/May/2023:04:06:27 -0500] "-" 408 -
34.90.32.69 - - [04/May/2023:04:07:30 -0500] "GET /inventario-de-emisiones-2020-transporte-publico-sitp-redujo-emisiones-de-pm-2-5-en-un-37.html HTTP/1.1" 200 925
74.125.210.212 - - [04/May/2023:04:07:35 -0500] "GET /Publicaciones/SSFFS-07775-2021.zip HTTP/1.1" 404 232
128.14.136.18 - - [04/May/2023:04:07:36 -0500] "GET / HTTP/1.1" 200 319
201.245.192.253 - - [04/May/2023:04:07:50 -0500] "POST /kwsrmcab/Wsrmcab  HTTP/1.1" 200 213
172.22.2.4 - - [04/May/2023:04:08:16 -0500] "GET /BLA/boletinlegal/actos.php HTTP/1.1" 200 9682
172.22.2.4 - - [04/May/2023:04:07:01 -0500] "HEAD /BLA/boletinlegal/ HTTP/1.1" 200 -
34.90.32.69 - - [04/May/2023:04:08:53 -0500] "GET /inventario-de-emisiones-2020-transporte-publico-sitp-redujo-emisiones-de-pm-2-5-en-un-37.html HTTP/1.1" 200 925
34.147.89.234 - - [04/May/2023:04:08:59 -0500] "GET /inventario-de-emisiones-2020-transporte-publico-sitp-redujo-emisiones-de-pm-2-5-en-un-37.html HTTP/1.1" 200 925
101.199.254.203 - - [04/May/2023:04:09:09 -0500] "\x16\x03\x01\x01$\x01" 400 226
101.199.254.200 - - [04/May/2023:04:09:25 -0500] "GET / HTTP/1.1" 200 319
172.22.2.4 - - [04/May/2023:04:07:51 -0500] "GET /BLA/boletinlegal/ HTTP/1.1" 200 56754
101.199.254.232 - - [04/May/2023:04:10:18 -0500] "GET /favicon.ico HTTP/1.1" 200 7782
216.245.221.92 - - [04/May/2023:04:10:25 -0500] "HEAD / HTTP/1.1" 200 -
101.199.254.198 - - [04/May/2023:04:10:52 -0500] "GET /sitemap.xml HTTP/1.1" 404 1022
34.147.89.234 - - [04/May/2023:04:11:08 -0500] "GET /inventario-de-emisiones-2020-transporte-publico-sitp-redujo-emisiones-de-pm-2-5-en-un-37.html HTTP/1.1" 200 925
74.125.210.209 - - [04/May/2023:04:11:34 -0500] "GET /Publicaciones/SSFFS-13735-2021.zip HTTP/1.1" 404 232
172.22.2.4 - - [04/May/2023:04:12:07 -0500] "GET /BLA/boletinlegal/actos.php HTTP/1.1" 200 9682
69.171.249.18 - - [04/May/2023:04:12:17 -0500] "GET /images/WhatsApp%20Image%202023-04-05%20at%2013.54.41.jpeg HTTP/1.1" 200 210747
34.91.219.115 - - [04/May/2023:04:12:27 -0500] "GET /inventario-de-emisiones-2020-transporte-publico-sitp-redujo-emisiones-de-pm-2-5-en-un-37.html HTTP/1.1" 200 925
52.167.144.139 - - [04/May/2023:04:12:29 -0500] "GET /metodos-para-el-conteo-de-particulas-un-trabajo-articulado-entre-bogota-y-la-region.html HTTP/1.1" 200 938
34.141.206.172 - - [04/May/2023:04:12:42 -0500] "GET /inventario-de-emisiones-2020-transporte-publico-sitp-redujo-emisiones-de-pm-2-5-en-un-37.html HTTP/1.1" 200 925
201.245.192.253 - - [04/May/2023:04:12:49 -0500] "POST /kwsrmcab/Wsrmcab  HTTP/1.1" 200 213
52.167.144.139 - - [04/May/2023:04:12:51 -0500] "GET /si-eres-mujer-y-te-gusta-el-cuidado-de-los-humedales-este-proceso-de-formacion-es-para-ti.html HTTP/1.1" 200 1025
172.22.2.4 - - [04/May/2023:04:12:51 -0500] "HEAD /BLA/boletinlegal/ HTTP/1.1" 200 -
172.22.2.4 - - [04/May/2023:04:13:32 -0500] "GET /BLA/boletinlegal/index.php?s=/Index/\\think\\app/invokefunction&function=call_user_func_array&vars[0]=md5&vars[1][]=HelloThinkPHP21 HTTP/1.1" 200 36811
172.22.2.4 - - [04/May/2023:04:13:42 -0500] "GET /BLA/boletinlegal/ HTTP/1.1" 200 49141
216.245.221.92 - - [04/May/2023:04:15:25 -0500] "HEAD / HTTP/1.1" 200 -
74.125.210.206 - - [04/May/2023:04:16:53 -0500] "GET /Publicaciones/SSFFS-02274-2015.zip HTTP/1.1" 404 232
151.247.196.42 - - [04/May/2023:04:17:41 -0500] "GET / HTTP/1.1" 200 319
201.245.192.253 - - [04/May/2023:04:17:48 -0500] "POST /kwsrmcab/Wsrmcab  HTTP/1.1" 200 213
201.245.192.253 - - [04/May/2023:04:18:58 -0500] "POST /kwsrmcab/Wsrmcab HTTP/1.1" 200 42084
201.245.192.253 - - [04/May/2023:04:19:00 -0500] "POST /kwsrmcab/Wsrmcab HTTP/1.1" 200 43171
40.77.167.207 - - [04/May/2023:04:20:12 -0500] "GET /BLA/resoluciones/AUTOS%202013/0243.pdf HTTP/1.1" 200 245577
172.22.2.4 - - [04/May/2023:04:18:42 -0500] "HEAD /BLA/boletinlegal/ HTTP/1.1" 200 -
216.245.221.92 - - [04/May/2023:04:20:25 -0500] "HEAD / HTTP/1.1" 200 -
172.22.2.4 - - [04/May/2023:04:19:32 -0500] "GET /BLA/boletinlegal/ HTTP/1.1" 200 57561
172.22.2.4 - - [04/May/2023:04:21:56 -0500] "GET /BLA/boletinlegal/robots.txt HTTP/1.1" 404 1038
201.245.192.253 - - [04/May/2023:04:22:48 -0500] "POST /kwsrmcab/Wsrmcab  HTTP/1.1" 200 213
201.244.227.217 - - [04/May/2023:04:23:01 -0500] "GET /BLA/resoluciones/index.php?dir=AUTOS+2019%2F HTTP/1.1" 200 376895
172.22.2.4 - - [04/May/2023:04:21:57 -0500] "GET /BLA/boletinlegal/ HTTP/1.1" 200 61759
74.125.210.206 - - [04/May/2023:04:24:02 -0500] "GET /Publicaciones/SSFFS-02204-2020.zip HTTP/1.1" 404 232
180.163.220.99 - - [04/May/2023:04:24:24 -0500] "\x16\x03\x01\x01?\x01" 400 226
180.163.220.112 - - [04/May/2023:04:24:35 -0500] "GET / HTTP/1.1" 200 319
180.163.220.60 - - [04/May/2023:04:24:53 -0500] "GET /favicon.ico HTTP/1.1" 200 7782
180.163.220.96 - - [04/May/2023:04:25:14 -0500] "GET /sitemap.xml HTTP/1.1" 404 1049
216.245.221.92 - - [04/May/2023:04:25:25 -0500] "HEAD / HTTP/1.1" 200 -
94.102.61.10 - - [04/May/2023:04:26:07 -0500] "GET /portaldeninos/ HTTP/1.1" 200 110197
172.22.2.4 - - [04/May/2023:04:24:32 -0500] "HEAD /BLA/boletinlegal/ HTTP/1.1" 200 -
172.22.2.4 - - [04/May/2023:04:26:14 -0500] "GET /BLA/boletinlegal/jurisprudencia.php HTTP/1.1" 200 17583
172.22.2.4 - - [04/May/2023:04:26:18 -0500] "GET /BLA/boletinlegal/documentos-importantes.php HTTP/1.1" 200 4829
172.22.2.4 - - [04/May/2023:04:26:20 -0500] "GET /BLA/boletinlegal/normativa.php HTTP/1.1" 200 8343
172.22.2.4 - - [04/May/2023:04:26:23 -0500] "GET /BLA/boletinlegal/doctrina.php HTTP/1.1" 200 5614
172.22.2.4 - - [04/May/2023:04:26:25 -0500] "GET /BLA/boletinlegal/conceptos.php HTTP/1.1" 200 7496
172.22.2.4 - - [04/May/2023:04:26:27 -0500] "GET /BLA/boletinlegal/sugerencias.php HTTP/1.1" 200 8615
172.22.2.4 - - [04/May/2023:04:26:30 -0500] "GET /BLA/boletinlegal/actos.php HTTP/1.1" 200 9682
69.63.184.4 - - [04/May/2023:04:26:48 -0500] "GET /images/mujeres-que-reverdecen.jpg HTTP/1.1" 200 31358
172.22.2.4 - - [04/May/2023:04:25:22 -0500] "GET /BLA/boletinlegal/ HTTP/1.1" 200 50664
201.245.192.253 - - [04/May/2023:04:27:48 -0500] "POST /kwsrmcab/Wsrmcab  HTTP/1.1" 200 213
172.22.2.4 - - [04/May/2023:04:26:33 -0500] "GET /BLA/boletinlegal/index.php HTTP/1.1" 200 59306
201.245.192.253 - - [04/May/2023:04:28:57 -0500] "POST /kwsrmcab/Wsrmcab HTTP/1.1" 200 42084
201.245.192.253 - - [04/May/2023:04:29:00 -0500] "POST /kwsrmcab/Wsrmcab HTTP/1.1" 200 43171
40.77.167.86 - - [04/May/2023:04:29:29 -0500] "GET /autoliquidacion/index.php?dir=solicitudes+relacionadas+con+calidad+del+aire+auditiva+y+visual%2FEvaluaci%F3n+conceptos+favorabilidad+realizaci%F3n+Eventos%2F HTTP/1.1" 200 2885
216.245.221.92 - - [04/May/2023:04:30:25 -0500] "HEAD / HTTP/1.1" 200 -
64.124.8.195 - - [04/May/2023:04:30:39 -0500] "-" 408 -
64.124.8.137 - - [04/May/2023:04:31:17 -0500] "-" 408 -
101.199.254.201 - - [04/May/2023:04:31:30 -0500] "-" 408 -
172.22.2.4 - - [04/May/2023:04:30:22 -0500] "HEAD /BLA/boletinlegal/ HTTP/1.1" 200 -
201.245.192.253 - - [04/May/2023:04:32:48 -0500] "POST /kwsrmcab/Wsrmcab  HTTP/1.1" 200 213
172.22.2.4 - - [04/May/2023:04:31:13 -0500] "GET /BLA/boletinlegal/ HTTP/1.1" 200 58663
199.16.157.183 - - [04/May/2023:04:34:48 -0500] "GET /images/atencion-al-ciudadano-abril.jpg HTTP/1.1" 200 116523
216.245.221.92 - - [04/May/2023:04:35:25 -0500] "HEAD / HTTP/1.1" 200 -
40.77.167.86 - - [04/May/2023:04:36:20 -0500] "GET /Publicaciones/2022EE177778.pdf HTTP/1.1" 404 228
201.245.192.253 - - [04/May/2023:04:37:47 -0500] "POST /kwsrmcab/Wsrmcab  HTTP/1.1" 200 213
172.22.2.4 - - [04/May/2023:04:36:13 -0500] "HEAD /BLA/boletinlegal/ HTTP/1.1" 200 -
74.125.210.209 - - [04/May/2023:04:38:02 -0500] "GET /Publicaciones/SSFFS-04615-2018.zip HTTP/1.1" 404 232
172.22.2.4 - - [04/May/2023:04:37:03 -0500] "GET /BLA/boletinlegal/ HTTP/1.1" 200 57561
201.245.192.253 - - [04/May/2023:04:38:58 -0500] "POST /kwsrmcab/Wsrmcab HTTP/1.1" 200 42084
201.245.192.253 - - [04/May/2023:04:39:00 -0500] "POST /kwsrmcab/Wsrmcab HTTP/1.1" 200 43171
101.199.254.200 - - [04/May/2023:04:40:15 -0500] "-" 408 -
216.245.221.92 - - [04/May/2023:04:40:25 -0500] "HEAD / HTTP/1.1" 200 -
64.124.8.195 - - [04/May/2023:04:42:34 -0500] "GET /transparencia/financiera/Ejecucion%20Presupuestal/Historico/EJECUCION%20%20VIGENCIA%20DICIEMBRE%202018%20.xlsx HTTP/1.1" 404 1018
201.245.192.253 - - [04/May/2023:04:42:46 -0500] "POST /kwsrmcab/Wsrmcab  HTTP/1.1" 200 213
172.22.2.4 - - [04/May/2023:04:42:03 -0500] "HEAD /BLA/boletinlegal/ HTTP/1.1" 200 -
40.77.167.86 - - [04/May/2023:04:44:22 -0500] "GET /bla/resoluciones/resoluciones%202007/res%202007%204101%20al%204200/RESOLUCION%204120%20DE%202007.pdf HTTP/1.1" 304 -
66.249.79.105 - - [04/May/2023:04:44:32 -0500] "-" 408 -
172.22.2.4 - - [04/May/2023:04:42:53 -0500] "GET /BLA/boletinlegal/ HTTP/1.1" 200 57945
216.245.221.92 - - [04/May/2023:04:45:25 -0500] "HEAD / HTTP/1.1" 200 -
31.13.103.119 - - [04/May/2023:04:45:33 -0500] "GET /images/Rmasar%2018%20de%20febrero%20Grupo.jpg HTTP/1.1" 200 68398
66.102.6.185 - - [04/May/2023:04:45:40 -0500] "GET /Publicaciones/SSFFS-02640-2020.zip HTTP/1.1" 404 232
201.245.192.253 - - [04/May/2023:04:47:45 -0500] "POST /kwsrmcab/Wsrmcab  HTTP/1.1" 200 213
52.167.144.33 - - [04/May/2023:04:48:25 -0500] "GET /images/pieza-residuos-hospitalarios-11-febrero.jpg HTTP/1.1" 200 38755
66.102.6.185 - - [04/May/2023:04:48:37 -0500] "GET /Publicaciones/SSFFS-04472-2020.zip HTTP/1.1" 404 232
40.77.188.35 - - [04/May/2023:04:49:00 -0500] "GET /galeria/galeria/jquery.fancybox.css?v=2.1.5 HTTP/1.1" 200 4895
66.102.6.181 - - [04/May/2023:04:49:10 -0500] "GET /Publicaciones/SSFFS-00846-2018.zip HTTP/1.1" 404 232
172.22.2.4 - - [04/May/2023:04:47:53 -0500] "HEAD /BLA/boletinlegal/ HTTP/1.1" 200 -
172.22.2.4 - - [04/May/2023:04:48:43 -0500] "GET /BLA/boletinlegal/ HTTP/1.1" 200 52326
216.245.221.92 - - [04/May/2023:04:50:25 -0500] "HEAD / HTTP/1.1" 200 -
74.125.210.209 - - [04/May/2023:04:50:47 -0500] "GET /Publicaciones/SSFFS-09940-2021.zip HTTP/1.1" 404 232
64.124.8.49 - - [04/May/2023:04:50:48 -0500] "GET /catalogoisis/imagenes/Turnbo1.gif HTTP/1.1" 304 -
74.125.210.206 - - [04/May/2023:04:52:13 -0500] "GET /Publicaciones/SSFFS-08429-2015.zip HTTP/1.1" 404 232
179.43.177.243 - - [04/May/2023:04:52:10 -0500] "POST /boaform/admin/formLogin HTTP/1.1" 404 1186
172.22.2.4 - - [04/May/2023:04:52:41 -0500] "GET /BLA/boletinlegal/.env HTTP/1.1" 404 1038
201.245.192.253 - - [04/May/2023:04:52:44 -0500] "POST /kwsrmcab/Wsrmcab  HTTP/1.1" 200 213
172.22.2.4 - - [04/May/2023:04:52:54 -0500] "GET /BLA/boletinlegal/Circulares/2022/CIRCULAR%20No.%2000003%20DEL%2007%20DE%20MARZO%20DEL%202022.pdf HTTP/1.1" 304 -
172.22.2.4 - - [04/May/2023:04:52:42 -0500] "POST /BLA/boletinlegal/ HTTP/1.1" 200 24523
172.22.2.4 - - [04/May/2023:04:53:43 -0500] "HEAD /BLA/boletinlegal/ HTTP/1.1" 200 -
216.245.221.92 - - [04/May/2023:04:55:25 -0500] "HEAD / HTTP/1.1" 200 -
172.22.2.4 - - [04/May/2023:04:54:33 -0500] "GET /BLA/boletinlegal/ HTTP/1.1" 200 52326
201.245.192.253 - - [04/May/2023:04:57:43 -0500] "POST /kwsrmcab/Wsrmcab  HTTP/1.1" 200 213
40.77.167.207 - - [04/May/2023:04:58:06 -0500] "GET / HTTP/1.1" 200 319
34.91.114.203 - - [04/May/2023:04:58:18 -0500] "GET /inventario-de-emisiones-2020-transporte-publico-sitp-redujo-emisiones-de-pm-2-5-en-un-37.html HTTP/1.1" 200 925
34.147.118.243 - - [04/May/2023:04:59:14 -0500] "GET /inventario-de-emisiones-2020-transporte-publico-sitp-redujo-emisiones-de-pm-2-5-en-un-37.html HTTP/1.1" 200 925
172.22.2.4 - - [04/May/2023:04:59:37 -0500] "GET /BLA/boletinlegal/actos.php HTTP/1.1" 200 9682
172.22.2.4 - - [04/May/2023:04:59:54 -0500] "GET /BLA/boletinlegal/actos.php HTTP/1.1" 200 9682
216.245.221.92 - - [04/May/2023:05:00:25 -0500] "HEAD / HTTP/1.1" 200 -
40.77.167.207 - - [04/May/2023:05:00:36 -0500] "GET /BLA/resoluciones/RESOLUCIONES%202009/5386.pdf HTTP/1.1" 200 513395
172.22.2.4 - - [04/May/2023:04:59:33 -0500] "HEAD /BLA/boletinlegal/ HTTP/1.1" 200 -
66.249.77.20 - - [04/May/2023:05:01:53 -0500] "-" 408 -
172.22.2.4 - - [04/May/2023:05:00:23 -0500] "GET /BLA/boletinlegal/ HTTP/1.1" 200 55934
74.125.218.22 - - [04/May/2023:05:02:07 -0500] "GET / HTTP/1.1" 200 4720
61.135.159.134 - - [04/May/2023:05:02:36 -0500] "GET / HTTP/1.1" 200 319
201.245.192.253 - - [04/May/2023:05:02:39 -0500] "POST /kwsrmcab/Wsrmcab  HTTP/1.1" 200 213
64.124.8.137 - - [04/May/2023:05:02:51 -0500] "GET /portaldeninos/fauna/ HTTP/1.1" 200 88429
216.245.221.92 - - [04/May/2023:05:05:25 -0500] "HEAD / HTTP/1.1" 200 -
40.77.167.86 - - [04/May/2023:05:06:53 -0500] "GET /Publicaciones/2023EE65631.pdf HTTP/1.1" 404 227
172.22.2.4 - - [04/May/2023:05:05:23 -0500] "HEAD /BLA/boletinlegal/ HTTP/1.1" 200 -
66.102.6.183 - - [04/May/2023:05:07:31 -0500] "GET /Publicaciones/SSFFS-09528-2021.zip HTTP/1.1" 404 232
201.245.192.253 - - [04/May/2023:05:07:37 -0500] "POST /kwsrmcab/Wsrmcab  HTTP/1.1" 200 213
172.22.2.4 - - [04/May/2023:05:06:13 -0500] "GET /BLA/boletinlegal/ HTTP/1.1" 200 53114
40.77.167.86 - - [04/May/2023:05:08:23 -0500] "GET /BLA/resoluciones/RESOLUCIONES%202021/2903.pdf HTTP/1.1" 304 -
40.77.167.86 - - [04/May/2023:05:08:33 -0500] "GET /BLA/resoluciones/AUTOS%202020/1214.pdf HTTP/1.1" 200 365495
66.102.6.183 - - [04/May/2023:05:08:49 -0500] "GET /Publicaciones/SSFFS-12541-2018.zip HTTP/1.1" 404 232
168.119.51.200 - - [04/May/2023:05:09:09 -0500] "GET / HTTP/1.1" 200 319
216.245.221.92 - - [04/May/2023:05:10:25 -0500] "HEAD / HTTP/1.1" 200 -
66.249.79.109 - - [04/May/2023:05:11:55 -0500] "-" 408 -
201.245.192.253 - - [04/May/2023:05:12:35 -0500] "POST /kwsrmcab/Wsrmcab  HTTP/1.1" 200 213
172.22.2.4 - - [04/May/2023:05:11:13 -0500] "HEAD /BLA/boletinlegal/ HTTP/1.1" 200 -
172.22.2.4 - - [04/May/2023:05:12:03 -0500] "GET /BLA/boletinlegal/ HTTP/1.1" 200 57561
40.77.167.94 - - [04/May/2023:05:14:39 -0500] "GET /BLA/resoluciones/RESOLUCIONES%202021/5262.pdf HTTP/1.1" 304 -
216.245.221.92 - - [04/May/2023:05:15:25 -0500] "HEAD / HTTP/1.1" 200 -
64.124.8.27 - - [04/May/2023:05:15:37 -0500] "-" 408 -
201.245.192.253 - - [04/May/2023:05:17:34 -0500] "POST /kwsrmcab/Wsrmcab  HTTP/1.1" 200 213
172.22.2.4 - - [04/May/2023:05:17:03 -0500] "HEAD /BLA/boletinlegal/ HTTP/1.1" 200 -
201.245.192.253 - - [04/May/2023:05:18:57 -0500] "POST /kwsrmcab/Wsrmcab HTTP/1.1" 200 42227
201.245.192.253 - - [04/May/2023:05:18:59 -0500] "POST /kwsrmcab/Wsrmcab HTTP/1.1" 200 43164
172.22.2.4 - - [04/May/2023:05:17:53 -0500] "GET /BLA/boletinlegal/ HTTP/1.1" 200 59306
66.249.79.105 - - [04/May/2023:05:19:52 -0500] "-" 408 -
216.245.221.92 - - [04/May/2023:05:20:25 -0500] "HEAD / HTTP/1.1" 200 -
74.125.210.206 - - [04/May/2023:05:21:37 -0500] "GET /Publicaciones/SSFFS-15472-2021.zip HTTP/1.1" 404 232
201.245.192.253 - - [04/May/2023:05:22:32 -0500] "POST /kwsrmcab/Wsrmcab  HTTP/1.1" 200 213
64.124.8.54 - - [04/May/2023:05:23:11 -0500] "GET /portaldeninos/wp-content/uploads/2021/07/Banners-pa%CC%81gina-de-nin%CC%83os16.jpg HTTP/1.1" 200 12256
40.77.167.94 - - [04/May/2023:05:23:20 -0500] "GET /galeria/galeria/jquery.fancybox.css?v=2.1.5 HTTP/1.1" 200 4895
17.246.19.204 - - [04/May/2023:05:23:56 -0500] "-" 408 -
172.22.2.4 - - [04/May/2023:05:22:53 -0500] "HEAD /BLA/boletinlegal/ HTTP/1.1" 200 -
74.125.210.206 - - [04/May/2023:05:24:37 -0500] "GET /Publicaciones/SSFFS-15197-2021.zip HTTP/1.1" 404 232
64.124.8.137 - - [04/May/2023:05:24:49 -0500] "GET /portaldeninos/2021/06/06/ciudadanos-disfrutaron-del-tunel-ambiental-en-el-parque-de-los-novios/ HTTP/1.1" 200 105118
66.102.6.181 - - [04/May/2023:05:24:57 -0500] "GET /Publicaciones/SSFFS-11090-2021.zip HTTP/1.1" 404 232
172.22.2.4 - - [04/May/2023:05:23:43 -0500] "GET /BLA/boletinlegal/ HTTP/1.1" 200 57561
216.245.221.92 - - [04/May/2023:05:25:25 -0500] "HEAD / HTTP/1.1" 200 -
173.252.107.4 - - [04/May/2023:05:26:22 -0500] "GET /images/reunion-planta-termovalorizacion-11-mayo.jpg HTTP/1.1" 200 34782
201.245.192.253 - - [04/May/2023:05:27:31 -0500] "POST /kwsrmcab/Wsrmcab  HTTP/1.1" 200 213
64.124.8.27 - - [04/May/2023:05:27:24 -0500] "GET /BLA/boletinlegal/index.php HTTP/1.1" 200 16331
74.125.210.206 - - [04/May/2023:05:27:43 -0500] "GET /Publicaciones/SSFFS-14937-2021.zip HTTP/1.1" 404 232
172.22.2.4 - - [04/May/2023:05:28:39 -0500] "GET /BLA/boletinlegal/actos.php HTTP/1.1" 200 9682
172.22.2.4 - - [04/May/2023:05:28:39 -0500] "GET /BLA/boletinlegal/favicon.ico HTTP/1.1" 404 1326
200.75.48.35 - - [04/May/2023:05:28:55 -0500] "GET /BLA/resoluciones/ HTTP/1.1" 200 13502
200.75.48.35 - - [04/May/2023:05:28:58 -0500] "GET /BLA/resoluciones/index.php?dir=AUTOS+2015%2F HTTP/1.1" 200 581723
201.245.192.253 - - [04/May/2023:05:28:57 -0500] "POST /kwsrmcab/Wsrmcab HTTP/1.1" 200 42227
201.245.192.253 - - [04/May/2023:05:28:59 -0500] "POST /kwsrmcab/Wsrmcab HTTP/1.1" 200 43164
200.75.48.35 - - [04/May/2023:05:29:10 -0500] "GET /BLA/resoluciones/AUTOS%202015/4315.pdf HTTP/1.1" 200 750887
200.75.48.35 - - [04/May/2023:05:29:18 -0500] "GET /BLA/resoluciones/ HTTP/1.1" 200 13502
200.75.48.35 - - [04/May/2023:05:29:20 -0500] "GET /BLA/resoluciones/index.php?dir=AUTOS+2015%2F HTTP/1.1" 200 581723
172.22.2.4 - - [04/May/2023:05:28:38 -0500] "GET /BLA/boletinlegal/ HTTP/1.1" 200 24523
66.249.79.105 - - [04/May/2023:05:29:33 -0500] "-" 408 -
74.125.210.209 - - [04/May/2023:05:30:13 -0500] "GET /Publicaciones/SSFFS-14485-2018.zip HTTP/1.1" 404 232
172.22.2.4 - - [04/May/2023:05:28:43 -0500] "HEAD /BLA/boletinlegal/ HTTP/1.1" 200 -
216.245.221.92 - - [04/May/2023:05:30:25 -0500] "HEAD / HTTP/1.1" 200 -
172.22.2.4 - - [04/May/2023:05:29:33 -0500] "GET /BLA/boletinlegal/ HTTP/1.1" 200 55221
201.245.192.253 - - [04/May/2023:05:32:29 -0500] "POST /kwsrmcab/Wsrmcab  HTTP/1.1" 200 213
190.24.72.109 - - [04/May/2023:05:33:55 -0500] "GET /kwssiamovil/sm/ldap/au?x=U2FsdGVkX1+Z3xM38YdoYmoLQLhVdkDXy8DIZnASJZIJOXhVhxvDXa+7Lp5EjHXW&y=U2FsdGVkX18mnpCexVcY4q4j8/eGh9UIBBz27misOP1xufvjXzzKQaXiUxQ66M9J HTTP/1.1" 200 30
190.24.72.109 - - [04/May/2023:05:33:55 -0500] "GET /kwssiamovil/sm/acme/s?s=U2FsdGVkX19t5bh/H0Q7u+eMuTFPha+oOexadKOyz8j0irjLp/ygSaTT7k/lZj8ldLeIxWSQsdBzyFBjMY9V9TPSO1VdeXZZfWyqzAZlKFE=&u=U2FsdGVkX19e9quNvW8SUMb0RrD9X9Qq0sr0tTSRpJvmL9YRc8d+dduJGZc22FN0&y=U2FsdGVkX18mnpCexVcY4q4j8/eGh9UIBBz27misOP1xufvjXzzKQaXiUxQ66M9J HTTP/1.1" 200 97
190.24.72.109 - - [04/May/2023:05:33:55 -0500] "GET /kwssiamovil/sm/acme/s?s=U2FsdGVkX1+kjZm1aBqU9P78C8lB6+hY4bjvTsL6vJjTiRlRX5veKLXiIIlrAuP3h/xX5oOyBIHkIlcH2xHf+zzZ5t+FFy5Md8dcamk1nIN2BH5zZqKxCEoRRVSrWWiuj/MmJf/1Sh0uiJJY7qiN32Irg3GvGdTh0y/t3JV8sjxc/ghs/M1vhj4+iL+59jDbtaZtq+RwZ7tujyeRE3oagLKnOvAyq5rTT3Iiafb1d/1cXrBMhOhFC+K8JnPIw5FVsdgoBptWwXvXUmER/H5GisO4qk/ZKQE8Ad2DchFDCd6G9gnV8JGxslAere5vA7AxUULLDFEyjopVQmVil2iI9MQSfTecZzNCY06ADDwJlgHkakHzGb2rdTb0doe6jV69Y4D8ZfoKvSLMXcO83Syh/rSd+JCMI2Ppue3zm6m+JVSrQwKslx8rl+ko4A6zGwC1tr+Ix99dRuFV1QzsCJ/G+4D4Kidgc0kYO5RzvqEIOG5iZX6QubiJYq3Q1NbCqU5g/0+wkOvnQlx4R1dGbzspzHDdAwzHYE37e09rjLfSg1UPSrrqwm541WLfv4OydllHD5fBPVL0geHKaZeWGuQAn7bghWW/x+3xEBWm3vEAXfrDSpMD45zzf+AKpVc//+V1NAXQBxbRyLxTrs+JU5Tw32LjUNGtMu+BQIFFSBcH5Olz5BSglM13dgrQfAwf/IgkxV8oiqlL5IpueBWwDIMYrYf0v0ch/7Be7i8cQA5aaXOMfvKaZzWDMVllm+KQmkuIhG1LQhpV6t4knyBJ8fvk7hx1uHIC0KbAAZGJK19hZro6n79NR/c10X8zOLui6PzdQhAafWucSYuYm4HvdjtpKPRNv1bUA76Af0dJzaSD6eq1jlTuBTwxoovNMPB62z3nI6o4bG7UnrUKYUQk4dXZY9tMZ5sXlTU9q9alKXT/qms+GBnaClvsJhRXZMR0kdZWBvLu0P1gHi6DJCaVn7u9oZO6+guOGhHfu2GjB89fdkjtgMuw/AbWKtzWNTND6Tys/yj1222WzrkazlIR/EiUd3BWPVeiJoj8XMr37QiLFXGN2vHLYYWlmVs4k8yumvmtdD4pRFuPDX5X3rctZDPLaasVOZV+g3TYanoawvPFR75ONkwriwXggzCBc9UpvWy6xOXoncVgDafovxWSQtBRFNF7p6aMTiuPJG1+2MTZGCP8L0aDBXZmUU6Ifsgk1m2+Dd0BVrUF8Y8xxRHp5B9wkCTXT9MtndKDWm3rMp/ThtjahiXZNzYTYAkQ3MH70TolStB75TsNqfEu8YXwkIK9ITQahUkiKh1QMn9rLmVrHcLTh+1WwdM/NuHqBnuYMy+JLyN4jWMOfP4rpR0xCmgqlx8RefnzuEfhIIfUvWPQFJ7sM5+NJsyoKheZn2MK8Olf9yKBa808fkALwp6IO/yI+kNuT6fnC22HiwWm4No1m9k=&u=U2FsdGVkX19e9quNvW8SUMb0RrD9X9Qq0sr0tTSRpJvmL9YRc8d+dduJGZc22FN0&y=U2FsdGVkX18mnpCexVcY4q4j8/eGh9UIBBz27misOP1xufvjXzzKQaXiUxQ66M9J HTTP/1.1" 200 629
190.24.72.109 - - [04/May/2023:05:33:55 -0500] "GET /kwssiamovil/sm/acme/s?s=U2FsdGVkX1+5ktaKjDwVO7xAxQpP5I27iXQUV3Sb9W3o9jU0Ekk6xWBtfsGqB1BNtEFm/iCz7V7tlv+zODMKYhhpefPeupYcxQxFke4PCJNACBtUwzgiSRVRFwmTxMAsT2ghoj/hdZkoLlNhr6VNBjkUfDAE7o5aGeJHMgp5Jt3L6dkR1eKyN1d3ewBUQioEzGqi6ems/dJnlV95ZeAKv76pZKceDCDA4Qe6/mzD1RYla5129Cqq5yDtGp2gwwKDhRBC7KdnfsfOxgcLvS3vf0AlmesU+KydMV6MMCb6kd4AtfjPIOnNNaobe4HjKldLGpaO1m/TDebRnm3pgXEXAnl6xbHITCxUXJiNCnZRUQ0=&u=U2FsdGVkX19e9quNvW8SUMb0RrD9X9Qq0sr0tTSRpJvmL9YRc8d+dduJGZc22FN0&y=U2FsdGVkX18mnpCexVcY4q4j8/eGh9UIBBz27misOP1xufvjXzzKQaXiUxQ66M9J HTTP/1.1" 200 196
190.24.72.109 - - [04/May/2023:05:33:56 -0500] "GET /kwssiamovil/sm/cjson/pre?f=1&x=U2FsdGVkX1+Z3xM38YdoYmoLQLhVdkDXy8DIZnASJZIJOXhVhxvDXa+7Lp5EjHXW HTTP/1.1" 200 31032
190.24.72.109 - - [04/May/2023:05:34:10 -0500] "GET /kwssiamovil/sm/acme/u?s=U2FsdGVkX1/P15EYwqpiZ/kCLH8jQs7Y6TKG3vNpp37go+XHxrhhUSd6Pe0jKpqqVCZSV7f5a90Vv2GreVhjBGWid1xfsOabjA8z1wguOVceh6MrFswIgHdKSIxlaKdHkHVolYJvF4FMCdfqeF0yMDuTcD0uwQ2liCVqpufJf8c=&u=U2FsdGVkX19e9quNvW8SUMb0RrD9X9Qq0sr0tTSRpJvmL9YRc8d+dduJGZc22FN0&y=U2FsdGVkX18mnpCexVcY4q4j8/eGh9UIBBz27misOP1xufvjXzzKQaXiUxQ66M9J HTTP/1.1" 200 60
64.124.8.137 - - [04/May/2023:05:35:20 -0500] "GET /portaldeninos/biodiversidad/ HTTP/1.1" 200 86633
216.245.221.92 - - [04/May/2023:05:35:25 -0500] "HEAD / HTTP/1.1" 200 -
64.124.8.137 - - [04/May/2023:05:35:50 -0500] "GET /portaldeninos/2021/05/30/biodiversidad/ HTTP/1.1" 200 92930
172.22.2.4 - - [04/May/2023:05:34:33 -0500] "HEAD /BLA/boletinlegal/ HTTP/1.1" 200 -
40.77.167.94 - - [04/May/2023:05:36:22 -0500] "GET /BLA/resoluciones/AUTOS%202013/2638.pdf HTTP/1.1" 200 580151
172.22.2.4 - - [04/May/2023:05:35:23 -0500] "GET /BLA/boletinlegal/ HTTP/1.1" 200 58307
201.245.192.253 - - [04/May/2023:05:37:27 -0500] "POST /kwsrmcab/Wsrmcab  HTTP/1.1" 200 213
172.22.2.4 - - [04/May/2023:05:37:26 -0500] "GET /BLA/boletinlegal/ HTTP/1.1" 200 20427
66.249.79.105 - - [04/May/2023:05:38:57 -0500] "-" 408 -
201.245.192.253 - - [04/May/2023:05:38:57 -0500] "POST /kwsrmcab/Wsrmcab HTTP/1.1" 200 42227
201.245.192.253 - - [04/May/2023:05:38:59 -0500] "POST /kwsrmcab/Wsrmcab HTTP/1.1" 200 43164
216.245.221.92 - - [04/May/2023:05:40:25 -0500] "HEAD / HTTP/1.1" 200 -
179.51.120.18 - - [04/May/2023:05:40:51 -0500] "GET /galeria/galeria/jquery.fancybox.css?v=2.1.5 HTTP/1.1" 200 4895
179.51.120.18 - - [04/May/2023:05:40:52 -0500] "GET /BLA/boletinlegal/js/jquery.scrollShow.js HTTP/1.1" 200 4586
179.51.120.18 - - [04/May/2023:05:40:52 -0500] "GET /galeria/galeria/jquery.fancybox.js?v=2.1.5 HTTP/1.1" 200 48706
172.22.2.4 - - [04/May/2023:05:40:45 -0500] "GET /BLA/boletinlegal/ HTTP/1.1" 200 20427
172.22.2.4 - - [04/May/2023:05:40:23 -0500] "HEAD /BLA/boletinlegal/ HTTP/1.1" 200 -
201.245.192.253 - - [04/May/2023:05:42:27 -0500] "POST /kwsrmcab/Wsrmcab  HTTP/1.1" 200 213
172.22.2.4 - - [04/May/2023:05:41:13 -0500] "GET /BLA/boletinlegal/ HTTP/1.1" 200 48260
66.249.79.105 - - [04/May/2023:05:45:09 -0500] "-" 408 -
216.245.221.92 - - [04/May/2023:05:45:25 -0500] "HEAD / HTTP/1.1" 200 -
34.90.32.69 - - [04/May/2023:05:45:29 -0500] "GET /inventario-de-emisiones-2020-transporte-publico-sitp-redujo-emisiones-de-pm-2-5-en-un-37.html HTTP/1.1" 200 925
40.77.167.86 - - [04/May/2023:05:47:07 -0500] "GET /Publicaciones/2023EE65508.pdf HTTP/1.1" 404 227
201.245.192.253 - - [04/May/2023:05:47:26 -0500] "POST /kwsrmcab/Wsrmcab  HTTP/1.1" 200 213
172.22.2.4 - - [04/May/2023:05:47:33 -0500] "GET /BLA/boletinlegal/actos.php HTTP/1.1" 200 9682
172.22.2.4 - - [04/May/2023:05:46:13 -0500] "HEAD /BLA/boletinlegal/ HTTP/1.1" 200 -
172.22.2.4 - - [04/May/2023:05:47:03 -0500] "GET /BLA/boletinlegal/ HTTP/1.1" 200 52730
35.204.88.207 - - [04/May/2023:05:49:48 -0500] "GET /inventario-de-emisiones-2020-transporte-publico-sitp-redujo-emisiones-de-pm-2-5-en-un-37.html HTTP/1.1" 200 925
216.245.221.92 - - [04/May/2023:05:50:25 -0500] "HEAD / HTTP/1.1" 200 -
101.199.254.202 - - [04/May/2023:05:50:32 -0500] "-" 408 -
35.204.124.21 - - [04/May/2023:05:51:31 -0500] "GET /inventario-de-emisiones-2020-transporte-publico-sitp-redujo-emisiones-de-pm-2-5-en-un-37.html HTTP/1.1" 200 925
201.245.192.253 - - [04/May/2023:05:52:25 -0500] "POST /kwsrmcab/Wsrmcab  HTTP/1.1" 200 213
66.249.79.105 - - [04/May/2023:05:52:59 -0500] "-" 408 -
172.22.2.4 - - [04/May/2023:05:52:03 -0500] "HEAD /BLA/boletinlegal/ HTTP/1.1" 200 -
172.22.2.4 - - [04/May/2023:05:52:53 -0500] "GET /BLA/boletinlegal/ HTTP/1.1" 200 58307
216.245.221.92 - - [04/May/2023:05:55:24 -0500] "HEAD / HTTP/1.1" 200 -
201.245.192.253 - - [04/May/2023:05:57:24 -0500] "POST /kwsrmcab/Wsrmcab  HTTP/1.1" 200 213
168.119.253.11 - - [04/May/2023:05:57:46 -0500] "GET / HTTP/1.1" 200 319
64.124.8.195 - - [04/May/2023:05:57:57 -0500] "GET /transparencia/financiera/Desagregado%20con%20modificaciones/Vigencia%20actual/1%20Modificaciones%20presupuestales%20enero%202023.xlsx HTTP/1.1" 404 1018
186.155.15.36 - - [04/May/2023:05:58:14 -0500] "GET /BLA/resoluciones/ HTTP/1.1" 200 13502
186.155.15.36 - - [04/May/2023:05:58:17 -0500] "GET /BLA/resoluciones/index.php?dir=AUTOS+2016%2F HTTP/1.1" 200 329666
186.155.15.36 - - [04/May/2023:05:58:29 -0500] "GET /BLA/resoluciones/AUTOS%202016/0753.pdf HTTP/1.1" 200 568208
172.22.2.4 - - [04/May/2023:05:57:53 -0500] "HEAD /BLA/boletinlegal/ HTTP/1.1" 200 -
172.22.2.4 - - [04/May/2023:05:58:43 -0500] "GET /BLA/boletinlegal/ HTTP/1.1" 200 59306
216.245.221.92 - - [04/May/2023:06:00:25 -0500] "HEAD / HTTP/1.1" 200 -
201.245.192.253 - - [04/May/2023:06:02:24 -0500] "POST /kwsrmcab/Wsrmcab  HTTP/1.1" 200 213
172.22.2.4 - - [04/May/2023:06:04:28 -0500] "GET /BLA/boletinlegal/level/15/exec/-/sh/run/CR HTTP/1.1" 404 1018
180.163.220.100 - - [04/May/2023:06:04:55 -0500] "-" 408 -
66.249.79.105 - - [04/May/2023:06:05:08 -0500] "-" 408 -
172.22.2.4 - - [04/May/2023:06:03:43 -0500] "HEAD /BLA/boletinlegal/ HTTP/1.1" 200 -
84.77.99.59 - - [04/May/2023:06:05:23 -0500] "GET /appsia/controlador HTTP/1.1" 200 4799
216.245.221.92 - - [04/May/2023:06:05:25 -0500] "HEAD / HTTP/1.1" 200 -
84.77.99.59 - - [04/May/2023:06:05:27 -0500] "POST /appsia/controlador HTTP/1.1" 200 4621
84.77.99.59 - - [04/May/2023:06:05:29 -0500] "POST /appsia/controlador HTTP/1.1" 200 9215
173.252.107.10 - - [04/May/2023:06:05:49 -0500] "GET /images/incautan-animales-semana-santa-2023.jpeg HTTP/1.1" 200 36611
172.22.2.4 - - [04/May/2023:06:04:33 -0500] "GET /BLA/boletinlegal/ HTTP/1.1" 200 57151
201.245.192.253 - - [04/May/2023:06:07:23 -0500] "POST /kwsrmcab/Wsrmcab  HTTP/1.1" 200 213
64.124.8.27 - - [04/May/2023:06:08:17 -0500] "GET /BLA/boletinlegal/jurisprudencia/analisis/AnalisisC-746-12.docx HTTP/1.1" 304 -
40.77.167.84 - - [04/May/2023:06:09:42 -0500] "GET / HTTP/1.1" 200 319
216.245.221.92 - - [04/May/2023:06:10:24 -0500] "HEAD / HTTP/1.1" 200 -
31.13.127.116 - - [04/May/2023:06:10:48 -0500] "GET /plan-de-accion-climatica-pac-de-bogota-aporta-en-cerca-del-90-al-cumplimiento-de-las-acciones-del-acuerdo-de-emergencia-climatica.html HTTP/1.1" 206 1069
172.22.2.4 - - [04/May/2023:06:09:33 -0500] "HEAD /BLA/boletinlegal/ HTTP/1.1" 200 -
172.22.2.4 - - [04/May/2023:06:10:23 -0500] "GET /BLA/boletinlegal/ HTTP/1.1" 200 59306
201.245.192.253 - - [04/May/2023:06:12:21 -0500] "POST /kwsrmcab/Wsrmcab  HTTP/1.1" 200 213
186.155.15.36 - - [04/May/2023:06:12:26 -0500] "GET /BLA/resoluciones/AUTOS%202016/2767.pdf HTTP/1.1" 200 1010780
66.249.79.105 - - [04/May/2023:06:13:23 -0500] "-" 408 -
40.77.167.86 - - [04/May/2023:06:14:20 -0500] "GET /BLA/resoluciones/index.php?dir=RESOLUCIONES+2022%2F HTTP/1.1" 200 301071
172.22.2.4 - - [04/May/2023:06:14:27 -0500] "GET /BLA/boletinlegal/dqgqoeCXckuwPtxov HTTP/1.1" 404 1018
172.22.2.4 - - [04/May/2023:06:14:28 -0500] "GET /BLA/boletinlegal/dqgqoeCXckuwPtxov HTTP/1.1" 404 1018
64.124.8.137 - - [04/May/2023:06:15:01 -0500] "GET /portaldeninos/parque-mirador-de-los-nevados/ HTTP/1.1" 200 89855
216.245.221.92 - - [04/May/2023:06:15:24 -0500] "HEAD / HTTP/1.1" 200 -
181.50.188.173 - - [04/May/2023:06:16:42 -0500] "GET /sipse/faces/faces/autenticacion.xhtml HTTP/1.1" 200 12176
181.50.188.173 - - [04/May/2023:06:16:42 -0500] "GET /sipse/js/disable_browser_buttons.js HTTP/1.1" 200 3230
181.50.188.173 - - [04/May/2023:06:16:42 -0500] "GET /sipse/js/funciones.js HTTP/1.1" 200 12592
181.50.188.173 - - [04/May/2023:06:16:42 -0500] "GET /sipse/css/custom_css_sg.css HTTP/1.1" 200 9694
181.50.188.173 - - [04/May/2023:06:16:44 -0500] "GET /sipse/faces/index.xhtml HTTP/1.1" 200 677
181.50.188.173 - - [04/May/2023:06:16:44 -0500] "GET /sipse/css/custom_css_sg_prime_login.css HTTP/1.1" 200 443
181.50.188.173 - - [04/May/2023:06:16:44 -0500] "GET /sipse/faces/javax.faces.resource/layout/layout.css?ln=primefaces&v=4.0 HTTP/1.1" 200 542
181.50.188.173 - - [04/May/2023:06:16:44 -0500] "GET /sipse/faces/javax.faces.resource/primefaces.css?ln=primefaces&v=4.0 HTTP/1.1" 304 -
181.50.188.173 - - [04/May/2023:06:16:44 -0500] "GET /sipse/faces/javax.faces.resource/theme.css?ln=primefaces-sipse HTTP/1.1" 200 50058
181.50.188.173 - - [04/May/2023:06:16:44 -0500] "GET /sipse/faces/javax.faces.resource/theme.css?ln=primefaces-sipse HTTP/1.1" 304 -
181.50.188.173 - - [04/May/2023:06:16:44 -0500] "GET /sipse/faces/javax.faces.resource/layout/layout.css?ln=primefaces&v=4.0 HTTP/1.1" 304 -
181.50.188.173 - - [04/May/2023:06:16:44 -0500] "GET /sipse/faces/javax.faces.resource/jquery/jquery.js?ln=primefaces&v=4.0 HTTP/1.1" 304 -
181.50.188.173 - - [04/May/2023:06:16:44 -0500] "GET /sipse/faces/javax.faces.resource/jquery/jquery-plugins.js?ln=primefaces&v=4.0 HTTP/1.1" 304 -
181.50.188.173 - - [04/May/2023:06:16:44 -0500] "GET /sipse/faces/javax.faces.resource/primefaces.css?ln=primefaces&v=4.0 HTTP/1.1" 200 53295
181.50.188.173 - - [04/May/2023:06:16:44 -0500] "GET /sipse/faces/javax.faces.resource/jquery/jquery-plugins.js?ln=primefaces&v=4.0 HTTP/1.1" 200 220526
181.50.188.173 - - [04/May/2023:06:16:44 -0500] "GET /sipse/faces/javax.faces.resource/primefaces.js?ln=primefaces&v=4.0 HTTP/1.1" 304 -
181.50.188.173 - - [04/May/2023:06:16:44 -0500] "GET /sipse/faces/javax.faces.resource/jquery/jquery.js?ln=primefaces&v=4.0 HTTP/1.1" 200 105384
181.50.188.173 - - [04/May/2023:06:16:44 -0500] "GET /sipse/faces/javax.faces.resource/primefaces.js?ln=primefaces&v=4.0 HTTP/1.1" 200 276924
181.50.188.173 - - [04/May/2023:06:16:45 -0500] "GET /sipse/faces/javax.faces.resource/layout/layout.js?ln=primefaces&v=4.0 HTTP/1.1" 304 -
181.50.188.173 - - [04/May/2023:06:16:45 -0500] "GET /sipse/faces/javax.faces.resource/layout/layout.js?ln=primefaces&v=4.0 HTTP/1.1" 200 87560
181.50.188.173 - - [04/May/2023:06:16:46 -0500] "GET /sipse/css/imagen/logoSDG.png HTTP/1.1" 200 53064
181.50.188.173 - - [04/May/2023:06:16:46 -0500] "GET /sipse/css/imagen/loginimg.png HTTP/1.1" 200 71635
181.50.188.173 - - [04/May/2023:06:16:46 -0500] "GET /sipse/faces/javax.faces.resource/images/ui-icons_898989_256x240.png?ln=primefaces-aristo HTTP/1.1" 200 5355
181.50.188.173 - - [04/May/2023:06:16:46 -0500] "GET /sipse/faces/javax.faces.resource/images/ui-icons_898989_256x240.png?ln=primefaces-aristo HTTP/1.1" 304 -
181.50.188.173 - - [04/May/2023:06:16:47 -0500] "GET /sipse/faces/faces/index.xhtml HTTP/1.1" 200 677
181.50.188.173 - - [04/May/2023:06:16:47 -0500] "GET /sipse/faces/faces/index.xhtml HTTP/1.1" 200 677
181.50.188.173 - - [04/May/2023:06:16:47 -0500] "GET /sipse/faces/javax.faces.resource/theme.css?ln=primefaces-sipse HTTP/1.1" 304 -
181.50.188.173 - - [04/May/2023:06:16:47 -0500] "GET /sipse/faces/javax.faces.resource/theme.css?ln=primefaces-sipse HTTP/1.1" 304 -
181.50.188.173 - - [04/May/2023:06:16:48 -0500] "GET /sipse/faces/faces/faces/autenticacion.xhtml HTTP/1.1" 200 12176
181.50.188.173 - - [04/May/2023:06:16:48 -0500] "GET /sipse/faces/faces/faces/autenticacion.xhtml HTTP/1.1" 200 12176
181.50.188.173 - - [04/May/2023:06:16:48 -0500] "GET /sipse/faces/javax.faces.resource/theme.css?ln=primefaces-sipse HTTP/1.1" 304 -
181.50.188.173 - - [04/May/2023:06:16:48 -0500] "GET /sipse/faces/javax.faces.resource/layout/layout.css?ln=primefaces&v=4.0 HTTP/1.1" 304 -
181.50.188.173 - - [04/May/2023:06:16:48 -0500] "GET /sipse/faces/javax.faces.resource/primefaces.css?ln=primefaces&v=4.0 HTTP/1.1" 304 -
181.50.188.173 - - [04/May/2023:06:16:48 -0500] "GET /sipse/faces/javax.faces.resource/jquery/jquery.js?ln=primefaces&v=4.0 HTTP/1.1" 304 -
181.50.188.173 - - [04/May/2023:06:16:48 -0500] "GET /sipse/faces/javax.faces.resource/jquery/jquery-plugins.js?ln=primefaces&v=4.0 HTTP/1.1" 304 -
181.50.188.173 - - [04/May/2023:06:16:48 -0500] "GET /sipse/faces/javax.faces.resource/primefaces.js?ln=primefaces&v=4.0 HTTP/1.1" 304 -
181.50.188.173 - - [04/May/2023:06:16:48 -0500] "GET /sipse/faces/javax.faces.resource/layout/layout.js?ln=primefaces&v=4.0 HTTP/1.1" 304 -
181.50.188.173 - - [04/May/2023:06:16:48 -0500] "GET /sipse/faces/javax.faces.resource/theme.css?ln=primefaces-sipse HTTP/1.1" 304 -
181.50.188.173 - - [04/May/2023:06:16:48 -0500] "GET /sipse/faces/javax.faces.resource/primefaces.css?ln=primefaces&v=4.0 HTTP/1.1" 304 -
181.50.188.173 - - [04/May/2023:06:16:48 -0500] "GET /sipse/faces/javax.faces.resource/layout/layout.css?ln=primefaces&v=4.0 HTTP/1.1" 304 -
181.50.188.173 - - [04/May/2023:06:16:49 -0500] "GET /sipse/faces/javax.faces.resource/jquery/jquery.js?ln=primefaces&v=4.0 HTTP/1.1" 304 -
181.50.188.173 - - [04/May/2023:06:16:49 -0500] "GET /sipse/faces/javax.faces.resource/primefaces.js?ln=primefaces&v=4.0 HTTP/1.1" 304 -
181.50.188.173 - - [04/May/2023:06:16:49 -0500] "GET /sipse/faces/javax.faces.resource/jquery/jquery-plugins.js?ln=primefaces&v=4.0 HTTP/1.1" 304 -
181.50.188.173 - - [04/May/2023:06:16:49 -0500] "GET /sipse/faces/javax.faces.resource/layout/layout.js?ln=primefaces&v=4.0 HTTP/1.1" 304 -
172.22.2.4 - - [04/May/2023:06:15:23 -0500] "HEAD /BLA/boletinlegal/ HTTP/1.1" 200 -
201.245.192.253 - - [04/May/2023:06:17:20 -0500] "POST /kwsrmcab/Wsrmcab  HTTP/1.1" 200 213
172.22.2.4 - - [04/May/2023:06:16:13 -0500] "GET /BLA/boletinlegal/ HTTP/1.1" 200 55571
45.238.182.140 - - [04/May/2023:06:18:38 -0500] "GET /mujeres-que-reverdecen-secretaria-de-ambiente-anuncia-el-inicio-de-la-tercera-fase.html HTTP/1.1" 200 954
201.245.192.253 - - [04/May/2023:06:18:57 -0500] "POST /kwsrmcab/Wsrmcab HTTP/1.1" 200 42397
201.245.192.253 - - [04/May/2023:06:18:59 -0500] "POST /kwsrmcab/Wsrmcab HTTP/1.1" 200 43185
172.22.2.4 - - [04/May/2023:06:17:23 -0500] "GET /BLA/boletinlegal/ HTTP/1.1" 200 60506
186.84.4.9 - - [04/May/2023:06:19:48 -0500] "GET /mujeres-que-reverdecen-secretaria-de-ambiente-anuncia-el-inicio-de-la-tercera-fase.html HTTP/1.1" 200 954
66.249.77.24 - - [04/May/2023:06:20:18 -0500] "-" 408 -
216.245.221.92 - - [04/May/2023:06:20:24 -0500] "HEAD / HTTP/1.1" 200 -
172.22.2.4 - - [04/May/2023:06:20:40 -0500] "GET /BLA/boletinlegal/Directivas/2015/Directiva%20No.%2001%20del%2014%20de%20Enero%20de%202015.pdf HTTP/1.1" 304 -
35.204.142.163 - - [04/May/2023:06:20:57 -0500] "GET /inventario-de-emisiones-2020-transporte-publico-sitp-redujo-emisiones-de-pm-2-5-en-un-37.html HTTP/1.1" 200 925
201.245.192.253 - - [04/May/2023:06:22:19 -0500] "POST /kwsrmcab/Wsrmcab  HTTP/1.1" 200 213
64.124.8.195 - - [04/May/2023:06:22:29 -0500] "-" 408 -
35.204.124.21 - - [04/May/2023:06:22:46 -0500] "GET /inventario-de-emisiones-2020-transporte-publico-sitp-redujo-emisiones-de-pm-2-5-en-un-37.html HTTP/1.1" 200 925
172.22.2.4 - - [04/May/2023:06:21:12 -0500] "HEAD /BLA/boletinlegal/ HTTP/1.1" 200 -
172.22.2.4 - - [04/May/2023:06:22:03 -0500] "GET /BLA/boletinlegal/ HTTP/1.1" 200 57945
172.22.2.4 - - [04/May/2023:06:25:11 -0500] "GET /BLA/boletinlegal/actuator/health HTTP/1.1" 404 1018
216.245.221.92 - - [04/May/2023:06:25:24 -0500] "HEAD / HTTP/1.1" 200 -
168.119.253.32 - - [04/May/2023:06:25:38 -0500] "GET / HTTP/1.1" 200 319
52.167.144.139 - - [04/May/2023:06:26:11 -0500] "GET /feria-de-emprendimiento-mujeres-que-reverdecen-expusieron-sus-proyectos.html HTTP/1.1" 200 889
40.77.167.94 - - [04/May/2023:06:26:47 -0500] "GET /BLA/resoluciones/AUTOS%202020/0735.pdf HTTP/1.1" 200 345290
201.245.192.253 - - [04/May/2023:06:27:18 -0500] "POST /kwsrmcab/Wsrmcab  HTTP/1.1" 200 213
186.155.15.36 - - [04/May/2023:06:28:28 -0500] "GET /BLA/resoluciones/AUTOS%202016/2689.pdf HTTP/1.1" 200 500089
172.22.2.4 - - [04/May/2023:06:27:03 -0500] "HEAD /BLA/boletinlegal/ HTTP/1.1" 200 -
201.245.192.253 - - [04/May/2023:06:28:56 -0500] "POST /kwsrmcab/Wsrmcab HTTP/1.1" 200 42397
201.245.192.253 - - [04/May/2023:06:28:59 -0500] "POST /kwsrmcab/Wsrmcab HTTP/1.1" 200 43185
186.102.1.107 - - [04/May/2023:06:29:02 -0500] "GET /kwssiamovil/sm/ldap/au?x=U2FsdGVkX1/iy8zBDmq25fjN2WiBXQnzkQNbr0ysgOyWPuhSp9dz4gVlljDptFXA6yq09ONj6Dq+uqjUoI/bIg==&y=U2FsdGVkX185nYWTUr4ygNVPV6XWTcwRUO10pXlZhsHYL9nMTZtk34dCZ4Ecvlrt HTTP/1.1" 200 30
186.102.1.107 - - [04/May/2023:06:29:03 -0500] "GET /kwssiamovil/sm/acme/s?s=U2FsdGVkX1/PggLdFlv/J98oqKMme5/QoUO3MUapXqDreiXzo82anZ4NLjup4ONqxzh96A9V4u9Kc8ulz2v2ZkgrXO8aBQlxFTsX21t1CVk=&u=U2FsdGVkX19vyWG3eC4rvcdirPAC22iEhnBeluHCadohoo3Hysp8YSwXrbhwFIV8&y=U2FsdGVkX185nYWTUr4ygNVPV6XWTcwRUO10pXlZhsHYL9nMTZtk34dCZ4Ecvlrt HTTP/1.1" 200 97
186.102.1.107 - - [04/May/2023:06:29:03 -0500] "GET /kwssiamovil/sm/acme/s?s=U2FsdGVkX1+99cHI1++aMcppDVdT3qUi9ToWBbblR3WcpK88UYO991J3gRHyGKSv8j0+4jmTd+CIfo3g+1nPdAHf0QxFEolXsRRZfG/1bHeQcXxvwkvs0dmQumxJzDWVt/QQvP0lgaPvtHnDTwajV1qqMe87gr5tUbAMR6EvNCUbcFmjb/VTm5tUpwJ6JoacoAhgR62v/LqZNGVJRThEF5Lc1Asbe11+WqaJ17imf4fw1hzt1zsKUb+dRtZuBkQLVWYJQW2Y+LlAdjqXr5rPOewvUB+74QEIEteoDit9/eoOjsX6pk4K23OJvOXbzLXwfg/SynHVBXt2SBYAAN8fzeUyXzFzqTZfzQ5xO9kLKfmUqHQiZ0OdzFlOTTm9k7BRPANR1qH9WmiHao/PQv6nE9rQh3BjlWLYOIRoc1+ujWA34WogYgWw54QLbCugdJI89/X6jVf57lmWSYdAzfgO0QWrqbauVwPztfsa/ygmD7YLE+gbiSuwVPrLIRAjoOP24OdwiMNAiUxKphou4H7PQi3qsftryjUYXFLzM2Zf7ZLbSi7fF5XlcaQXma66YOIhg40KYJn2HNjUuKkOGDBr6QTahOov9LHLm6bgVU66ow4DykEswJ7G3tm56fkIg+qzyCZz9gKY9RbiMnFXoW8AA9s5t7FfB6SqRfAmO5uJzzsF+Yv78s1Fv3Jart9CHKXQgIUvLJdMDBShszQzgO4On/o3s0e+wxqONDTsPlkn0Xt2B4M3qDvmHkOzT/C9ym59b27WC1FY2J6VJBnH8Eso3LjbpFtX2gHBZHaKd0B2/sGqYb1blmj+DBQZYrnZSktm1LGxPB9wsz+JFTVIYDD7IKy+ihQ+/jzk4W2bkhJ1nirqT+NUm8Two94M6N0voWxiQGLAmwyoZBq9AHrX9c6tcq35DBPpshYKOMcsWlzRpt20OuY5YPtQ4wpCxcfweoX8sHdxXQbmiNTT3l8dnrLfbcpCb3HeKk3qtDoH4NoNUvj79Y2Tnzp221HG2STKiSslCE1PIVh8OufO2MN61J+bBKwQD11o1tzmz65FCtXPXWL+OSGIW6dRTtLO/dlVlXfOmU63EEOxYkVwVrYE5kXPttoTl5lP/i2hFHmwLa0KDZ+7jQmqkLWBynshjfS27jNP7ngK6kptMYv44H47MAMXo3G9liY9NAGDOF3ge8kqbNeuqWdL0jRFNcxG+RTYoLZllLmZPkYtfiNW2VUz8Qq/7smkp9gUl2l7PJhOyIIzhUzK5DC/HD00hyMQ3k4Ctk/ScKjuqYQSK9lyFG2FTFz+zYOGwwAelS55+rlhIucCApgEaJuz/If5UY/mcQnBt2IOCskDpigUVxLgYs+knr2pc7nJ21yOruZewTa1r9SRxP59ZlZQ6qLbyzkxB3dsV4k79i1/Jqvh9PeC0hr+eqnnpk7tU39ALcbnAmR4UI+aCvhGXLujSWG0h5bpWU4ZMnC7QcS/pZwxlLoaYOEoMrvTJB+YQLARdDDrXIMIbEbTd8NxhLGyoABQY5TAHqt1ZJTxN7Y8Fr36XTIx39gabLl2ZrDgkoUH1yM32tjl5rkPnS7Jjlsd9wGZu1XfRw7IHcnKu4HPNyUBkKR6/Ag0BDcnb5aUamSRFy8K10g1Zj+hFAb+ayVTEdf5KwVtcoyfPf0A8H/JJEhEQ2e014vUFTttT0hc4RtzIpDp7/SbF0l4PuguGPxeXSN0qQt21aSLN4xhA8DgwDjYAOvGjaM98gk5QiggtmOZ6K2tQ+ZlOT5tsuu41Ee3fm2QvwdWMBYQ2qJ4&u=U2FsdGVkX19vyWG3eC4rvcdirPAC22iEhnBeluHCadohoo3Hysp8YSwXrbhwFIV8&y=U2FsdGVkX185nYWTUr4ygNVPV6XWTcwRUO10pXlZhsHYL9nMTZtk34dCZ4Ecvlrt HTTP/1.1" 200 1471
186.102.1.107 - - [04/May/2023:06:29:03 -0500] "GET /kwssiamovil/sm/acme/s?s=U2FsdGVkX18ogAUetuzrxXkG+56Ub3PIxcEwPq2/uXzvJRM2JUn6e8sa5PCUYNZlk70mxreL7qfUL0kRtfiWvaAgUTqMEpQUx3+mr33GaMF8VdJSmrSSAfzRCpDkuJjNMP8epNwWmxNU46FyjVGliEKyKBiAvfOdipvoK57yOWJivhrGHTKU585yoB7ZrYn+QXKI3yOsDKiD/eQScMPaha2r2nWCEX6YLVf1kbNPaoR+fkDzn6Bgbr/7vTNAFVh2VzJN08SsqhvR9TRGrml/MVIPjPRfJ0Z6JCpvZhp80YFm6yXaSXd6iF63Uom92JsYyaD9pLV/3Gz+jHsxYCvlmVNKUKWmIAmnqf+D3BfES4eSQ8PhB/lk8st1sfyn+6c3V0o9AhgYfmFxnVBn/7JHhrh6wWLKGwNepN1ivR85/RfQcDTIEFy9FX5o//2yHrgW/LU64VX4vgdJDFSnDiOEUw9XPLW/9alvaDprBuZYM6noXtIyvKcWYIeIKdsMRetUcT3OolwVGX74pPALA+VUOU3NlDpWXG2gcQeWFrFN0Jo7T0EWTzW3NeHfgQqNr9Vsw1Y6NDWcxn6LDOch3K0S514I6uV+c/Ip8tdKyKiUnzrEcEfW87xs8l1xl+/9+ly0/H33TBS7fjBGemCTkZbT3GgWOgVf4knuafQIwIcB8ckHIzKLyLqtK0ImKCFdS4o8PH0IdUWJ1ug+oXR/KIWyrfMMZT0vZtSgc/dx2tfNZsj1QEi4kynJXgLMq/Ke6EH9ZEouWGf5IkrIXhRT4JM8CA==&u=U2FsdGVkX19vyWG3eC4rvcdirPAC22iEhnBeluHCadohoo3Hysp8YSwXrbhwFIV8&y=U2FsdGVkX185nYWTUr4ygNVPV6XWTcwRUO10pXlZhsHYL9nMTZtk34dCZ4Ecvlrt HTTP/1.1" 200 352
186.102.1.107 - - [04/May/2023:06:29:03 -0500] "GET /kwssiamovil/sm/cjson/pre?f=9&x=U2FsdGVkX1/iy8zBDmq25fjN2WiBXQnzkQNbr0ysgOyWPuhSp9dz4gVlljDptFXA6yq09ONj6Dq+uqjUoI/bIg== HTTP/1.1" 200 25142
186.102.1.107 - - [04/May/2023:06:29:03 -0500] "GET /kwssiamovil/sm/cjson/pre?f=18&x=U2FsdGVkX1/iy8zBDmq25fjN2WiBXQnzkQNbr0ysgOyWPuhSp9dz4gVlljDptFXA6yq09ONj6Dq+uqjUoI/bIg== HTTP/1.1" 200 32849
64.124.8.195 - - [04/May/2023:06:29:07 -0500] "GET /BLA/boletinlegal/jurisprudencia/analisis/G__Jurisp.%20Junio%202014_Sent%20Tutela%20Drumond.docx HTTP/1.1" 200 25380
172.22.2.4 - - [04/May/2023:06:27:53 -0500] "GET /BLA/boletinlegal/ HTTP/1.1" 200 59306
186.102.1.107 - - [04/May/2023:06:29:38 -0500] "GET /kwssiamovil/sm/acme/u?s=U2FsdGVkX1+DIN675J3MU8ATD62NNFrxGnurmar0Qk8KuNteVG4IQrWREH00opWCXRPahikNy7m/WWfVhDdNk+M2Lt8nKQx5WcUbRDMJn8LtlHrS3swltnIbu1ZpUABKidjl8dX2pCowtKnTu/HgSFqmdH91mv3bb9VhzKKJxka9Y1ng2yvwK/78b7n+b+o7H9f7fe6jJAfDrj0A2q+HJDBKHRdb4aUN8sKQYKLuZUE=&u=U2FsdGVkX19vyWG3eC4rvcdirPAC22iEhnBeluHCadohoo3Hysp8YSwXrbhwFIV8&y=U2FsdGVkX185nYWTUr4ygNVPV6XWTcwRUO10pXlZhsHYL9nMTZtk34dCZ4Ecvlrt HTTP/1.1" 200 60
186.102.1.107 - - [04/May/2023:06:29:58 -0500] "GET /kwssiamovil/sm/acme/u?s=U2FsdGVkX1/bvl6fI+z/TMFchFluNWZfX+07xL44r/FCDOdB5q+uoWiSDj6lClJ4Wwhoe20VoAsxRLmv96pcvUi85zkeNEsuGhH6I8qMKMC72qdWm4uR77/ESs7XMO63JEUlOoT41Y0i8eclFrNJ+VvlBN7kx7Z19LZh88K9r1cxS/W1YeQlPk9nKbborOpJKipoLKp5xgS3we6haxdE8FpiKk14NbZzbg3rTJY/JC9IabEnuHmueuauduY2NnSs&u=U2FsdGVkX19vyWG3eC4rvcdirPAC22iEhnBeluHCadohoo3Hysp8YSwXrbhwFIV8&y=U2FsdGVkX185nYWTUr4ygNVPV6XWTcwRUO10pXlZhsHYL9nMTZtk34dCZ4Ecvlrt HTTP/1.1" 200 60
216.245.221.92 - - [04/May/2023:06:30:24 -0500] "HEAD / HTTP/1.1" 200 -
186.155.19.219 - - [04/May/2023:06:31:00 -0500] "POST /sipse/faces/presentacion/financiero/solicitudProceso/listarSolicitudProceso.xhtml HTTP/1.1" 302 -
186.155.19.219 - - [04/May/2023:06:31:00 -0500] "GET /sipse/faces/autenticacion.xhtml HTTP/1.1" 200 1099
