!C99Shell v. 1.0 pre-release build #13!

Software: Apache. PHP/5.5.15 

uname -a: Windows NT SVR-DMZ 6.1 build 7600 (Windows Server 2008 R2 Enterprise Edition) i586 

SYSTEM 

Safe-mode: OFF (not secure)

E:\nuevo\apache\logs\   drwxrwxrwx
Free 7.33 GB of 239.26 GB (3.07%)
Detected drives: [ a ] [ c ] [ d ] [ e ] [ f ]
Home    Back    Forward    UPDIR    Refresh    Search    Buffer    Encoder    Tools    Proc.    FTP brute    Sec.    SQL    PHP-code    Update    Feedback    Self remove    Logout    


Viewing file:     access.2023.05.07.log (516.23 KB)      -rw-rw-rw-
Select action/file-type:
(+) | (+) | (+) | Code (+) | Session (+) | (+) | SDB (+) | (+) | (+) | (+) | (+) | (+) |
181.53.13.49 - - [07/May/2023:00:00:23 -0500] "GET /BLA/resoluciones/index.php?dir= HTTP/1.1" 200 13502
181.53.13.49 - - [07/May/2023:00:00:23 -0500] "GET /BLA/resoluciones/index.php?dir= HTTP/1.1" 200 13502
181.53.13.49 - - [07/May/2023:00:00:23 -0500] "GET /BLA/resoluciones/dlf/styles.css HTTP/1.1" 200 3049
181.53.13.49 - - [07/May/2023:00:00:23 -0500] "GET /BLA/resoluciones/dlf/folder.png HTTP/1.1" 200 410
181.53.13.49 - - [07/May/2023:00:00:24 -0500] "GET /BLA/resoluciones/dlf/bg.gif HTTP/1.1" 200 54
181.53.13.49 - - [07/May/2023:00:00:24 -0500] "GET /favicon.ico HTTP/1.1" 200 7782
162.55.41.96 - - [07/May/2023:00:01:03 -0500] "GET / HTTP/1.1" 200 319
190.27.182.224 - - [07/May/2023:00:01:16 -0500] "GET /favicon.ico HTTP/1.1" 200 7782
66.249.70.207 - - [07/May/2023:00:02:03 -0500] "-" 408 -
190.27.182.224 - - [07/May/2023:00:02:40 -0500] "GET /BLA/resoluciones/index.php?dir=AUTOS+2019%2F HTTP/1.1" 200 377059
216.245.221.92 - - [07/May/2023:00:03:17 -0500] "HEAD / HTTP/1.1" 200 -
201.245.192.253 - - [07/May/2023:00:04:17 -0500] "POST /kwsrmcab/Wsrmcab  HTTP/1.1" 200 43465
172.22.2.4 - - [07/May/2023:00:03:10 -0500] "HEAD /BLA/boletinlegal/ HTTP/1.1" 200 -
172.22.2.4 - - [07/May/2023:00:04:00 -0500] "GET /BLA/boletinlegal/ HTTP/1.1" 200 52326
69.171.249.120 - - [07/May/2023:00:06:33 -0500] "GET /images/energia-eficiencia-26-mayo.jpg HTTP/1.1" 200 46417
69.171.249.15 - - [07/May/2023:00:06:33 -0500] "GET /proyecto-de-eficiencia-energetica-y-energia-solar-para-entidades-publicas-de-bogota-recibira-apoyo-de-c40.html HTTP/1.1" 206 890
216.245.221.92 - - [07/May/2023:00:08:17 -0500] "HEAD / HTTP/1.1" 200 -
66.249.70.207 - - [07/May/2023:00:09:18 -0500] "-" 408 -
201.245.192.253 - - [07/May/2023:00:09:17 -0500] "POST /kwsrmcab/Wsrmcab  HTTP/1.1" 200 43465
190.27.182.224 - - [07/May/2023:00:10:22 -0500] "GET /BLA/resoluciones/AUTOS%202019/2432.pdf HTTP/1.1" 200 446069
172.22.2.4 - - [07/May/2023:00:09:00 -0500] "HEAD /BLA/boletinlegal/ HTTP/1.1" 200 -
172.22.2.4 - - [07/May/2023:00:09:50 -0500] "GET /BLA/boletinlegal/ HTTP/1.1" 200 52730
216.245.221.92 - - [07/May/2023:00:13:17 -0500] "HEAD / HTTP/1.1" 200 -
173.252.107.22 - - [07/May/2023:00:13:18 -0500] "GET /secretaria-de-ambiente-impone-sancion-por-puntos-de-obra-sin-permiso-en-el-humedal-tibabuyes.html HTTP/1.1" 206 990
172.22.2.4 - - [07/May/2023:00:14:50 -0500] "HEAD /BLA/boletinlegal/ HTTP/1.1" 200 -
172.22.2.4 - - [07/May/2023:00:15:40 -0500] "GET /BLA/boletinlegal/ HTTP/1.1" 200 59306
40.77.167.207 - - [07/May/2023:00:17:42 -0500] "GET /Publicaciones/2021EE148645.pdf HTTP/1.1" 404 228
216.245.221.92 - - [07/May/2023:00:18:17 -0500] "HEAD / HTTP/1.1" 200 -
172.22.2.4 - - [07/May/2023:00:18:18 -0500] "GET /BLA/boletinlegal/actos.php HTTP/1.1" 200 9682
173.252.107.17 - - [07/May/2023:00:20:06 -0500] "GET /secretaria-de-ambiente-abre-inscripciones-para-recorridos-gratuitos-en-aulas-ambientales-de-bogota.html HTTP/1.1" 206 916
40.77.167.207 - - [07/May/2023:00:22:03 -0500] "GET /BLA/resoluciones/AUTOS%202022/3682.pdf HTTP/1.1" 200 417547
172.22.2.4 - - [07/May/2023:00:20:40 -0500] "HEAD /BLA/boletinlegal/ HTTP/1.1" 200 -
172.22.2.4 - - [07/May/2023:00:21:30 -0500] "GET /BLA/boletinlegal/ HTTP/1.1" 200 52326
216.245.221.92 - - [07/May/2023:00:23:16 -0500] "HEAD / HTTP/1.1" 200 -
173.252.107.16 - - [07/May/2023:00:23:24 -0500] "GET /images/atencion-al-ciudadano-abril.jpg HTTP/1.1" 200 116523
40.77.167.86 - - [07/May/2023:00:25:00 -0500] "GET /BLA/resoluciones/RESOLUCIONES%202008/0137.pdf HTTP/1.1" 200 279044
172.22.2.4 - - [07/May/2023:00:25:30 -0500] "GET /BLA/boletinlegal/jurisprudencia/analisis/CUADRO%20ANALISIS%20SENTENCIA%20C-554%20DE%202007.doc HTTP/1.1" 304 -
172.22.2.4 - - [07/May/2023:00:26:30 -0500] "HEAD /BLA/boletinlegal/ HTTP/1.1" 200 -
216.245.221.92 - - [07/May/2023:00:28:17 -0500] "HEAD / HTTP/1.1" 200 -
172.22.2.4 - - [07/May/2023:00:27:20 -0500] "GET /BLA/boletinlegal/ HTTP/1.1" 200 52326
201.245.192.253 - - [07/May/2023:00:28:59 -0500] "POST /kwsrmcab/Wsrmcab  HTTP/1.1" 200 43465
190.27.182.224 - - [07/May/2023:00:29:09 -0500] "GET /BLA/resoluciones/AUTOS%202019/3036.pdf HTTP/1.1" 200 2730855
190.27.182.224 - - [07/May/2023:00:29:21 -0500] "GET /BLA/resoluciones/AUTOS%202019/3032.pdf HTTP/1.1" 200 270904
190.27.182.224 - - [07/May/2023:00:29:34 -0500] "GET /BLA/resoluciones/AUTOS%202019/3042.pdf HTTP/1.1" 200 858600
40.77.167.86 - - [07/May/2023:00:30:25 -0500] "GET /BLA/resoluciones/AUTOS%202019/2150.pdf HTTP/1.1" 200 343424
216.245.221.92 - - [07/May/2023:00:33:16 -0500] "HEAD / HTTP/1.1" 200 -
66.249.70.207 - - [07/May/2023:00:33:40 -0500] "-" 408 -
172.22.2.4 - - [07/May/2023:00:32:20 -0500] "HEAD /BLA/boletinlegal/ HTTP/1.1" 200 -
201.245.192.253 - - [07/May/2023:00:34:03 -0500] "POST /kwsrmcab/Wsrmcab  HTTP/1.1" 200 43465
201.221.172.4 - - [07/May/2023:00:34:25 -0500] "GET /BLA/resoluciones/index.php?dir= HTTP/1.1" 200 13502
201.221.172.4 - - [07/May/2023:00:34:29 -0500] "GET /BLA/resoluciones/index.php?dir=RESOLUCIONES+2021%2F HTTP/1.1" 200 439476
201.221.172.4 - - [07/May/2023:00:34:36 -0500] "GET /BLA/resoluciones/RESOLUCIONES%202021/2016.pdf HTTP/1.1" 200 1683845
201.221.172.4 - - [07/May/2023:00:34:36 -0500] "GET /BLA/resoluciones/RESOLUCIONES%202021/2016.pdf HTTP/1.1" 200 1683845
201.221.172.4 - - [07/May/2023:00:34:36 -0500] "GET /BLA/resoluciones/RESOLUCIONES%202021/2016.pdf HTTP/1.1" 206 1025
65.108.212.55 - - [07/May/2023:00:34:46 -0500] "GET /el-proximo-13-de-mayo-participa-del-global-big-day.html HTTP/1.1" 200 736
172.22.2.4 - - [07/May/2023:00:33:10 -0500] "GET /BLA/boletinlegal/ HTTP/1.1" 200 57561
152.61.192.232 - - [07/May/2023:00:35:03 -0500] "GET / HTTP/1.1" 200 319
172.22.2.4 - - [07/May/2023:00:37:01 -0500] "GET /BLA/boletinlegal/consulta_actos.php?tipo=autos&no=2019&usuario=&sector=&fecha=2021&resuelve= HTTP/1.1" 200 1044
172.22.2.4 - - [07/May/2023:00:37:01 -0500] "GET /BLA/boletinlegal/consulta_actos.php?tipo=autos&no=2019&usuario=&sector=&fecha=2021&resuelve= HTTP/1.1" 200 1044
201.221.172.4 - - [07/May/2023:00:37:03 -0500] "GET /BLA/resoluciones/AUTOS%202021/2019.pdf HTTP/1.1" 200 373370
201.221.172.4 - - [07/May/2023:00:37:05 -0500] "GET /BLA/resoluciones/AUTOS%202021/2019.pdf HTTP/1.1" 200 373370
201.221.172.4 - - [07/May/2023:00:37:05 -0500] "GET /BLA/resoluciones/AUTOS%202021/2019.pdf HTTP/1.1" 206 1025
201.221.172.4 - - [07/May/2023:00:37:09 -0500] "GET /BLA/resoluciones/AUTOS%202021/2019.pdf HTTP/1.1" 206 64512
201.221.172.4 - - [07/May/2023:00:37:11 -0500] "GET /BLA/resoluciones/ HTTP/1.1" 200 13502
201.221.172.4 - - [07/May/2023:00:37:16 -0500] "GET /BLA/resoluciones/index.php?dir=AUTOS+2021%2F HTTP/1.1" 200 397891
162.55.173.23 - - [07/May/2023:00:37:43 -0500] "GET / HTTP/1.1" 200 319
216.245.221.92 - - [07/May/2023:00:38:16 -0500] "HEAD / HTTP/1.1" 200 -
201.245.192.253 - - [07/May/2023:00:39:00 -0500] "POST /kwsrmcab/Wsrmcab  HTTP/1.1" 200 43465
66.249.70.207 - - [07/May/2023:00:39:34 -0500] "-" 408 -
172.22.2.4 - - [07/May/2023:00:38:10 -0500] "HEAD /BLA/boletinlegal/ HTTP/1.1" 200 -
20.15.133.172 - - [07/May/2023:00:39:52 -0500] "GET /bla/resoluciones/notificaciones/autos%202018/04093.pdf HTTP/1.1" 200 255872
172.22.2.4 - - [07/May/2023:00:39:00 -0500] "GET /BLA/boletinlegal/ HTTP/1.1" 200 57561
201.221.172.4 - - [07/May/2023:00:43:01 -0500] "GET /BLA/resoluciones/index.php?dir=AUTOS%202021/&sort=name&order=desc HTTP/1.1" 200 397890
201.221.172.4 - - [07/May/2023:00:43:04 -0500] "GET /BLA/resoluciones/index.php?dir= HTTP/1.1" 200 13502
201.221.172.4 - - [07/May/2023:00:43:08 -0500] "GET /BLA/resoluciones/index.php?dir=RESOLUCIONES+2021%2F HTTP/1.1" 200 439476
152.61.128.50 - - [07/May/2023:00:43:14 -0500] "GET / HTTP/1.1" 200 319
216.245.221.92 - - [07/May/2023:00:43:16 -0500] "HEAD / HTTP/1.1" 200 -
201.245.192.253 - - [07/May/2023:00:43:58 -0500] "POST /kwsrmcab/Wsrmcab  HTTP/1.1" 200 43465
172.22.2.4 - - [07/May/2023:00:44:48 -0500] "GET /BLA/boletinlegal/owa/auth/logon.aspx HTTP/1.1" 404 1018
172.22.2.4 - - [07/May/2023:00:44:00 -0500] "HEAD /BLA/boletinlegal/ HTTP/1.1" 200 -
173.252.83.9 - - [07/May/2023:00:45:43 -0500] "GET /images/Acuerdos%2001%20(1)%20(1).jpeg HTTP/1.1" 200 32884
190.27.182.224 - - [07/May/2023:00:46:11 -0500] "GET /BLA/resoluciones/AUTOS%202019/3503.pdf HTTP/1.1" 200 313546
172.22.2.4 - - [07/May/2023:00:46:18 -0500] "GET /BLA/boletinlegal/ecp/Current/exporttool/microsoft.exchange.ediscovery.exporttool.application HTTP/1.1" 404 1018
66.249.79.134 - - [07/May/2023:00:46:19 -0500] "-" 408 -
172.22.2.4 - - [07/May/2023:00:46:26 -0500] "GET /BLA/boletinlegal/robots.txt HTTP/1.1" 404 1038
172.22.2.4 - - [07/May/2023:00:44:50 -0500] "GET /BLA/boletinlegal/ HTTP/1.1" 200 57945
172.22.2.4 - - [07/May/2023:00:46:27 -0500] "GET /BLA/boletinlegal/ HTTP/1.1" 200 61759
216.245.221.92 - - [07/May/2023:00:48:16 -0500] "HEAD / HTTP/1.1" 200 -
168.119.100.88 - - [07/May/2023:00:48:44 -0500] "GET / HTTP/1.1" 200 319
201.245.192.253 - - [07/May/2023:00:48:57 -0500] "POST /kwsrmcab/Wsrmcab  HTTP/1.1" 200 43465
172.22.2.4 - - [07/May/2023:00:49:50 -0500] "HEAD /BLA/boletinlegal/ HTTP/1.1" 200 -
172.22.2.4 - - [07/May/2023:00:50:40 -0500] "GET /BLA/boletinlegal/ HTTP/1.1" 200 57561
172.22.2.4 - - [07/May/2023:00:52:22 -0500] "GET /BLA/boletinlegal/owa/auth/x.js HTTP/1.1" 404 1018
216.245.221.92 - - [07/May/2023:00:53:16 -0500] "HEAD / HTTP/1.1" 200 -
201.245.192.253 - - [07/May/2023:00:53:56 -0500] "POST /kwsrmcab/Wsrmcab  HTTP/1.1" 200 43465
172.22.2.4 - - [07/May/2023:00:55:39 -0500] "HEAD /BLA/boletinlegal/ HTTP/1.1" 200 -
40.77.167.207 - - [07/May/2023:00:57:25 -0500] "GET /BLA/resoluciones/AUTOS%202013/2405.pdf HTTP/1.1" 200 882809
172.22.2.4 - - [07/May/2023:00:56:30 -0500] "GET /BLA/boletinlegal/ HTTP/1.1" 200 52326
216.245.221.92 - - [07/May/2023:00:58:16 -0500] "HEAD / HTTP/1.1" 200 -
201.245.192.253 - - [07/May/2023:00:58:55 -0500] "POST /kwsrmcab/Wsrmcab  HTTP/1.1" 200 43465
51.15.164.30 - - [07/May/2023:01:02:11 -0500] "HEAD /con-actividades-pedagogicas-y-recorrido-interpretativo-bogota-conmemora-el-dia-internacional-de-los-anfibios.html HTTP/1.1" 200 -
217.182.175.162 - - [07/May/2023:01:02:12 -0500] "HEAD /con-actividades-pedagogicas-y-recorrido-interpretativo-bogota-conmemora-el-dia-internacional-de-los-anfibios.html HTTP/1.1" 200 -
172.22.2.4 - - [07/May/2023:01:01:30 -0500] "HEAD /BLA/boletinlegal/ HTTP/1.1" 200 -
66.249.79.134 - - [07/May/2023:01:03:15 -0500] "-" 408 -
216.245.221.92 - - [07/May/2023:01:03:16 -0500] "HEAD / HTTP/1.1" 200 -
201.245.192.253 - - [07/May/2023:01:03:53 -0500] "POST /kwsrmcab/Wsrmcab  HTTP/1.1" 200 43465
172.22.2.4 - - [07/May/2023:01:02:20 -0500] "GET /BLA/boletinlegal/ HTTP/1.1" 200 55934
172.22.2.4 - - [07/May/2023:01:04:32 -0500] "GET /BLA/boletinlegal/ HTTP/1.1" 200 24523
172.22.2.4 - - [07/May/2023:01:05:49 -0500] "GET /BLA/boletinlegal/actos.php HTTP/1.1" 200 9682
152.61.192.232 - - [07/May/2023:01:07:03 -0500] "GET /arcgis/services/Calidad_del_Agua_WQI/MapServer/WMSServer?request=GetCapabilities&service=WMS HTTP/1.1" 503 1020
152.61.192.232 - - [07/May/2023:01:07:04 -0500] "GET /arcgis/services/Calidad_del_Agua_WQI/MapServer/WMSServer?SERVICE=WMS&REQUEST=GetCapabilities HTTP/1.1" 503 1020
152.61.192.232 - - [07/May/2023:01:07:04 -0500] "GET /arcgis/services/Calidad_del_Agua_WQI/MapServer/WMSServer?WMTVER=1.0.0&REQUEST=capabilities HTTP/1.1" 503 1020
216.245.221.92 - - [07/May/2023:01:08:16 -0500] "HEAD / HTTP/1.1" 200 -
201.245.192.253 - - [07/May/2023:01:08:53 -0500] "POST /kwsrmcab/Wsrmcab  HTTP/1.1" 200 43465
172.22.2.4 - - [07/May/2023:01:07:19 -0500] "HEAD /BLA/boletinlegal/ HTTP/1.1" 200 -
172.22.2.4 - - [07/May/2023:01:08:10 -0500] "GET /BLA/boletinlegal/ HTTP/1.1" 200 53114
216.245.221.92 - - [07/May/2023:01:13:16 -0500] "HEAD / HTTP/1.1" 200 -
45.143.201.62 - - [07/May/2023:01:13:58 -0500] "\x03" 400 226
40.77.167.207 - - [07/May/2023:01:14:35 -0500] "GET / HTTP/1.1" 200 319
172.22.2.4 - - [07/May/2023:01:13:09 -0500] "HEAD /BLA/boletinlegal/ HTTP/1.1" 200 -
172.22.2.4 - - [07/May/2023:01:14:00 -0500] "GET /BLA/boletinlegal/ HTTP/1.1" 200 57561
45.143.201.62 - - [07/May/2023:01:17:10 -0500] "\x03" 400 226
216.245.221.92 - - [07/May/2023:01:18:16 -0500] "HEAD / HTTP/1.1" 200 -
201.245.192.253 - - [07/May/2023:01:18:46 -0500] "POST /kwsrmcab/Wsrmcab  HTTP/1.1" 200 43465
179.43.177.243 - - [07/May/2023:01:19:12 -0500] "GET / HTTP/1.1" 200 319
45.143.201.62 - - [07/May/2023:01:20:24 -0500] "\x03" 400 226
172.22.2.4 - - [07/May/2023:01:18:59 -0500] "HEAD /BLA/boletinlegal/ HTTP/1.1" 200 -
172.22.2.4 - - [07/May/2023:01:19:50 -0500] "GET /BLA/boletinlegal/ HTTP/1.1" 200 57151
34.90.62.76 - - [07/May/2023:01:22:39 -0500] "GET /inventario-de-emisiones-2020-transporte-publico-sitp-redujo-emisiones-de-pm-2-5-en-un-37.html HTTP/1.1" 200 925
216.245.221.92 - - [07/May/2023:01:23:16 -0500] "HEAD / HTTP/1.1" 200 -
66.249.79.132 - - [07/May/2023:01:23:30 -0500] "-" 408 -
201.245.192.253 - - [07/May/2023:01:23:42 -0500] "POST /kwsrmcab/Wsrmcab  HTTP/1.1" 200 43465
45.143.201.62 - - [07/May/2023:01:23:48 -0500] "\x03" 400 226
172.22.2.4 - - [07/May/2023:01:24:49 -0500] "HEAD /BLA/boletinlegal/ HTTP/1.1" 200 -
172.22.2.4 - - [07/May/2023:01:25:44 -0500] "GET /BLA/boletinlegal/ HTTP/1.1" 200 52730
216.245.221.92 - - [07/May/2023:01:28:16 -0500] "HEAD / HTTP/1.1" 200 -
201.245.192.253 - - [07/May/2023:01:28:38 -0500] "POST /kwsrmcab/Wsrmcab  HTTP/1.1" 200 43465
172.22.2.4 - - [07/May/2023:01:30:42 -0500] "HEAD /BLA/boletinlegal/ HTTP/1.1" 200 -
172.22.2.4 - - [07/May/2023:01:31:33 -0500] "GET /BLA/boletinlegal/ HTTP/1.1" 200 57561
216.245.221.92 - - [07/May/2023:01:33:16 -0500] "HEAD / HTTP/1.1" 200 -
201.245.192.253 - - [07/May/2023:01:33:34 -0500] "POST /kwsrmcab/Wsrmcab  HTTP/1.1" 200 43465
200.118.60.119 - - [07/May/2023:01:37:46 -0500] "GET /BLA/resoluciones/index.php?dir=AUTOS+2017%2F HTTP/1.1" 200 468483
200.118.60.119 - - [07/May/2023:01:37:47 -0500] "GET /BLA/resoluciones/dlf/styles.css HTTP/1.1" 200 3049
200.118.60.119 - - [07/May/2023:01:37:47 -0500] "GET /BLA/resoluciones/dlf/dirup.png HTTP/1.1" 200 644
200.118.60.119 - - [07/May/2023:01:37:47 -0500] "GET /BLA/resoluciones/dlf/pdf.gif HTTP/1.1" 200 272
200.118.60.119 - - [07/May/2023:01:37:47 -0500] "GET /BLA/resoluciones/dlf/bg.gif HTTP/1.1" 200 54
200.118.60.119 - - [07/May/2023:01:37:51 -0500] "GET /BLA/resoluciones/ HTTP/1.1" 200 13502
200.118.60.119 - - [07/May/2023:01:37:51 -0500] "GET /BLA/resoluciones/dlf/folder.png HTTP/1.1" 200 410
200.118.60.119 - - [07/May/2023:01:37:53 -0500] "GET /BLA/resoluciones/index.php?dir=AUTOS+2018%2F HTTP/1.1" 200 457306
172.22.2.4 - - [07/May/2023:01:36:32 -0500] "HEAD /BLA/boletinlegal/ HTTP/1.1" 200 -
216.245.221.92 - - [07/May/2023:01:38:16 -0500] "HEAD / HTTP/1.1" 200 -
201.245.192.253 - - [07/May/2023:01:38:32 -0500] "POST /kwsrmcab/Wsrmcab  HTTP/1.1" 200 43465
172.22.2.4 - - [07/May/2023:01:37:23 -0500] "GET /BLA/boletinlegal/ HTTP/1.1" 200 59306
201.245.192.253 - - [07/May/2023:01:39:44 -0500] "POST /kwsrmcab/Wsrmcab HTTP/1.1" 200 42658
201.245.192.253 - - [07/May/2023:01:39:47 -0500] "POST /kwsrmcab/Wsrmcab HTTP/1.1" 200 42991
34.90.62.76 - - [07/May/2023:01:41:15 -0500] "GET /inventario-de-emisiones-2020-transporte-publico-sitp-redujo-emisiones-de-pm-2-5-en-un-37.html HTTP/1.1" 200 925
152.61.128.50 - - [07/May/2023:01:42:33 -0500] "GET /arcgis/services/Calidad_del_Agua_WQI/MapServer/WMSServer?request=GetCapabilities&service=WMS HTTP/1.1" 503 1020
152.61.128.50 - - [07/May/2023:01:42:35 -0500] "GET /arcgis/services/Calidad_del_Agua_WQI/MapServer/WMSServer?SERVICE=WMS&REQUEST=GetCapabilities HTTP/1.1" 503 1020
152.61.128.50 - - [07/May/2023:01:42:35 -0500] "GET /arcgis/services/Calidad_del_Agua_WQI/MapServer/WMSServer?WMTVER=1.0.0&REQUEST=capabilities HTTP/1.1" 503 1020
114.119.136.234 - - [07/May/2023:01:42:54 -0500] "-" 408 -
216.245.221.92 - - [07/May/2023:01:43:16 -0500] "HEAD / HTTP/1.1" 200 -
201.245.192.253 - - [07/May/2023:01:43:30 -0500] "POST /kwsrmcab/Wsrmcab  HTTP/1.1" 200 43465
172.22.2.4 - - [07/May/2023:01:42:22 -0500] "HEAD /BLA/boletinlegal/ HTTP/1.1" 200 -
40.77.167.108 - - [07/May/2023:01:44:52 -0500] "-" 408 -
172.22.2.4 - - [07/May/2023:01:43:13 -0500] "GET /BLA/boletinlegal/ HTTP/1.1" 200 52326
40.77.167.207 - - [07/May/2023:01:47:21 -0500] "GET /BLA/resoluciones/AUTOS%202013/1496.pdf HTTP/1.1" 200 653200
216.245.221.92 - - [07/May/2023:01:48:16 -0500] "HEAD / HTTP/1.1" 200 -
201.245.192.253 - - [07/May/2023:01:48:27 -0500] "POST /kwsrmcab/Wsrmcab  HTTP/1.1" 200 43465
172.22.2.4 - - [07/May/2023:01:48:12 -0500] "HEAD /BLA/boletinlegal/ HTTP/1.1" 200 -
172.22.2.4 - - [07/May/2023:01:49:03 -0500] "GET /BLA/boletinlegal/ HTTP/1.1" 200 57561
216.245.221.92 - - [07/May/2023:01:53:16 -0500] "HEAD / HTTP/1.1" 200 -
201.245.192.253 - - [07/May/2023:01:53:25 -0500] "POST /kwsrmcab/Wsrmcab  HTTP/1.1" 200 43465
172.22.2.4 - - [07/May/2023:01:54:02 -0500] "HEAD /BLA/boletinlegal/ HTTP/1.1" 200 -
40.77.167.84 - - [07/May/2023:01:56:06 -0500] "GET /dia-nacional-del-arbol-atributos-y-caracteristicas-de-las-especies-representativas-de-bogota.html HTTP/1.1" 200 809
172.22.2.4 - - [07/May/2023:01:54:53 -0500] "GET /BLA/boletinlegal/ HTTP/1.1" 200 53561
216.245.221.92 - - [07/May/2023:01:58:16 -0500] "HEAD / HTTP/1.1" 200 -
201.245.192.253 - - [07/May/2023:01:58:25 -0500] "POST /kwsrmcab/Wsrmcab  HTTP/1.1" 200 43465
34.147.86.107 - - [07/May/2023:01:58:34 -0500] "GET /inventario-de-emisiones-2020-transporte-publico-sitp-redujo-emisiones-de-pm-2-5-en-un-37.html HTTP/1.1" 200 925
172.22.2.4 - - [07/May/2023:01:59:52 -0500] "HEAD /BLA/boletinlegal/ HTTP/1.1" 200 -
172.22.2.4 - - [07/May/2023:02:00:43 -0500] "GET /BLA/boletinlegal/ HTTP/1.1" 200 57151
216.245.221.92 - - [07/May/2023:02:03:16 -0500] "HEAD / HTTP/1.1" 200 -
201.245.192.253 - - [07/May/2023:02:03:24 -0500] "POST /kwsrmcab/Wsrmcab  HTTP/1.1" 200 43465
108.174.5.113 - - [07/May/2023:02:03:32 -0500] "GET /soratama-en-los-cerros-orientales-un-rincon-ideal-para-los-mamiferos.html HTTP/1.1" 206 804
144.202.86.238 - - [07/May/2023:02:04:42 -0500] "GET / HTTP/1.1" 200 319
172.22.2.4 - - [07/May/2023:02:05:42 -0500] "HEAD /BLA/boletinlegal/ HTTP/1.1" 200 -
172.22.2.4 - - [07/May/2023:02:06:33 -0500] "GET /BLA/boletinlegal/ HTTP/1.1" 200 57151
216.245.221.92 - - [07/May/2023:02:08:16 -0500] "HEAD / HTTP/1.1" 200 -
201.245.192.253 - - [07/May/2023:02:08:23 -0500] "POST /kwsrmcab/Wsrmcab  HTTP/1.1" 200 43465
49.7.20.149 - - [07/May/2023:02:09:14 -0500] "GET / HTTP/1.1" 200 319
172.22.2.4 - - [07/May/2023:02:11:32 -0500] "HEAD /BLA/boletinlegal/ HTTP/1.1" 200 -
216.245.221.92 - - [07/May/2023:02:13:16 -0500] "HEAD / HTTP/1.1" 200 -
201.245.192.253 - - [07/May/2023:02:13:21 -0500] "POST /kwsrmcab/Wsrmcab  HTTP/1.1" 200 43465
199.16.157.182 - - [07/May/2023:02:13:26 -0500] "GET /no-uses-musgo-en-la-elaboracion-de-tu-pesebre.html HTTP/1.1" 200 846
199.16.157.183 - - [07/May/2023:02:13:26 -0500] "GET /images/Musgo%20SDA%20(1)%20(1).png HTTP/1.1" 200 302122
172.22.2.4 - - [07/May/2023:02:12:23 -0500] "GET /BLA/boletinlegal/ HTTP/1.1" 200 52326
40.77.167.207 - - [07/May/2023:02:14:24 -0500] "GET /BLA/resoluciones/RESOLUCIONES%202019/1669.pdf HTTP/1.1" 200 281051
172.22.2.4 - - [07/May/2023:02:15:02 -0500] "GET /BLA/boletinlegal/actos.php HTTP/1.1" 200 9682
216.245.221.92 - - [07/May/2023:02:18:16 -0500] "HEAD / HTTP/1.1" 200 -
201.245.192.253 - - [07/May/2023:02:18:20 -0500] "POST /kwsrmcab/Wsrmcab  HTTP/1.1" 200 43465
172.22.2.4 - - [07/May/2023:02:17:22 -0500] "HEAD /BLA/boletinlegal/ HTTP/1.1" 200 -
20.15.133.166 - - [07/May/2023:02:19:34 -0500] "-" 408 -
201.245.192.253 - - [07/May/2023:02:19:44 -0500] "POST /kwsrmcab/Wsrmcab HTTP/1.1" 200 42695
172.22.2.4 - - [07/May/2023:02:19:46 -0500] "GET /BLA/boletinlegal/actos.php HTTP/1.1" 200 9682
201.245.192.253 - - [07/May/2023:02:19:46 -0500] "POST /kwsrmcab/Wsrmcab HTTP/1.1" 200 43160
172.22.2.4 - - [07/May/2023:02:18:13 -0500] "GET /BLA/boletinlegal/ HTTP/1.1" 200 52730
216.245.221.92 - - [07/May/2023:02:23:16 -0500] "HEAD / HTTP/1.1" 200 -
201.245.192.253 - - [07/May/2023:02:23:19 -0500] "POST /kwsrmcab/Wsrmcab  HTTP/1.1" 200 43465
172.22.2.4 - - [07/May/2023:02:23:12 -0500] "HEAD /BLA/boletinlegal/ HTTP/1.1" 200 -
172.22.2.4 - - [07/May/2023:02:24:03 -0500] "GET /BLA/boletinlegal/ HTTP/1.1" 200 57561
216.245.221.92 - - [07/May/2023:02:28:16 -0500] "HEAD / HTTP/1.1" 200 -
201.245.192.253 - - [07/May/2023:02:28:17 -0500] "POST /kwsrmcab/Wsrmcab  HTTP/1.1" 200 43465
104.152.52.67 - - [07/May/2023:02:28:33 -0500] "GET / HTTP/1.0" 200 319
40.77.167.94 - - [07/May/2023:02:28:58 -0500] "GET /forest/ HTTP/1.1" 200 12041
40.77.167.94 - - [07/May/2023:02:28:59 -0500] "GET /Publicaciones/2023EE65887.pdf HTTP/1.1" 404 227
40.77.167.94 - - [07/May/2023:02:28:59 -0500] "GET /BLA/resoluciones/AUTOS%202021/2698.pdf HTTP/1.1" 200 362545
40.77.167.94 - - [07/May/2023:02:28:59 -0500] "GET /BLA/resoluciones/AUTOS%202013/0490.pdf HTTP/1.1" 200 1553207
201.245.192.253 - - [07/May/2023:02:29:44 -0500] "POST /kwsrmcab/Wsrmcab HTTP/1.1" 200 42695
201.245.192.253 - - [07/May/2023:02:29:47 -0500] "POST /kwsrmcab/Wsrmcab HTTP/1.1" 200 43160
172.22.2.4 - - [07/May/2023:02:29:02 -0500] "HEAD /BLA/boletinlegal/ HTTP/1.1" 200 -
172.22.2.4 - - [07/May/2023:02:29:53 -0500] "GET /BLA/boletinlegal/ HTTP/1.1" 200 53114
216.245.221.92 - - [07/May/2023:02:33:16 -0500] "HEAD / HTTP/1.1" 200 -
201.245.192.253 - - [07/May/2023:02:33:16 -0500] "POST /kwsrmcab/Wsrmcab  HTTP/1.1" 200 43465
172.22.2.4 - - [07/May/2023:02:34:52 -0500] "HEAD /BLA/boletinlegal/ HTTP/1.1" 200 -
172.22.2.4 - - [07/May/2023:02:35:43 -0500] "GET /BLA/boletinlegal/ HTTP/1.1" 200 57151
216.245.221.92 - - [07/May/2023:02:38:16 -0500] "HEAD / HTTP/1.1" 200 -
201.245.192.253 - - [07/May/2023:02:38:15 -0500] "POST /kwsrmcab/Wsrmcab  HTTP/1.1" 200 43465
180.249.152.167 - - [07/May/2023:02:39:33 -0500] "GET / HTTP/1.1" 200 319
201.245.192.253 - - [07/May/2023:02:39:44 -0500] "POST /kwsrmcab/Wsrmcab HTTP/1.1" 200 42695
201.245.192.253 - - [07/May/2023:02:39:46 -0500] "POST /kwsrmcab/Wsrmcab HTTP/1.1" 200 43160
172.22.2.4 - - [07/May/2023:02:40:42 -0500] "HEAD /BLA/boletinlegal/ HTTP/1.1" 200 -
172.22.2.4 - - [07/May/2023:02:41:33 -0500] "GET /BLA/boletinlegal/ HTTP/1.1" 200 58663
216.245.221.92 - - [07/May/2023:02:43:16 -0500] "HEAD / HTTP/1.1" 200 -
201.245.192.253 - - [07/May/2023:02:43:14 -0500] "POST /kwsrmcab/Wsrmcab  HTTP/1.1" 200 43465
34.147.51.29 - - [07/May/2023:02:44:16 -0500] "GET /inventario-de-emisiones-2020-transporte-publico-sitp-redujo-emisiones-de-pm-2-5-en-un-37.html HTTP/1.1" 200 925
54.215.23.17 - - [07/May/2023:02:44:31 -0500] "GET /galeria/galeria/fotos/Capellania4P.jpg HTTP/1.1" 200 37377
34.147.4.96 - - [07/May/2023:02:44:34 -0500] "GET /inventario-de-emisiones-2020-transporte-publico-sitp-redujo-emisiones-de-pm-2-5-en-un-37.html HTTP/1.1" 200 925
172.22.2.4 - - [07/May/2023:02:47:17 -0500] "GET /BLA/boletinlegal/actos.php HTTP/1.1" 200 9682
172.22.2.4 - - [07/May/2023:02:47:42 -0500] "GET /BLA/boletinlegal/actos.php HTTP/1.1" 200 9682
172.22.2.4 - - [07/May/2023:02:46:32 -0500] "HEAD /BLA/boletinlegal/ HTTP/1.1" 200 -
103.136.220.238 - - [07/May/2023:02:48:13 -0500] "GET /galeria/galeria/fotos/diaSC3Peq.jpg HTTP/1.1" 200 24913
201.245.192.253 - - [07/May/2023:02:48:14 -0500] "POST /kwsrmcab/Wsrmcab  HTTP/1.1" 200 43465
216.245.221.92 - - [07/May/2023:02:48:16 -0500] "HEAD / HTTP/1.1" 200 -
172.22.2.4 - - [07/May/2023:02:47:23 -0500] "GET /BLA/boletinlegal/ HTTP/1.1" 200 57151
201.245.192.253 - - [07/May/2023:02:53:12 -0500] "POST /kwsrmcab/Wsrmcab  HTTP/1.1" 200 43465
216.245.221.92 - - [07/May/2023:02:53:16 -0500] "HEAD / HTTP/1.1" 200 -
172.22.2.4 - - [07/May/2023:02:52:22 -0500] "HEAD /BLA/boletinlegal/ HTTP/1.1" 200 -
172.22.2.4 - - [07/May/2023:02:53:13 -0500] "GET /BLA/boletinlegal/ HTTP/1.1" 200 57561
172.22.2.4 - - [07/May/2023:02:57:19 -0500] "GET /BLA/boletinlegal/actos.php HTTP/1.1" 200 9682
201.245.192.253 - - [07/May/2023:02:58:11 -0500] "POST /kwsrmcab/Wsrmcab  HTTP/1.1" 200 43465
216.245.221.92 - - [07/May/2023:02:58:16 -0500] "HEAD / HTTP/1.1" 200 -
172.22.2.4 - - [07/May/2023:02:58:12 -0500] "HEAD /BLA/boletinlegal/ HTTP/1.1" 200 -
172.22.2.4 - - [07/May/2023:02:59:03 -0500] "GET /BLA/boletinlegal/ HTTP/1.1" 200 52730
172.22.2.4 - - [07/May/2023:03:01:19 -0500] "GET /BLA/boletinlegal/actos.php HTTP/1.1" 200 9682
201.245.192.253 - - [07/May/2023:03:03:11 -0500] "POST /kwsrmcab/Wsrmcab  HTTP/1.1" 200 43465
216.245.221.92 - - [07/May/2023:03:03:16 -0500] "HEAD / HTTP/1.1" 200 -
172.22.2.4 - - [07/May/2023:03:04:02 -0500] "HEAD /BLA/boletinlegal/ HTTP/1.1" 200 -
172.22.2.4 - - [07/May/2023:03:04:53 -0500] "GET /BLA/boletinlegal/ HTTP/1.1" 200 53561
201.245.192.253 - - [07/May/2023:03:08:10 -0500] "POST /kwsrmcab/Wsrmcab  HTTP/1.1" 200 43465
216.245.221.92 - - [07/May/2023:03:08:16 -0500] "HEAD / HTTP/1.1" 200 -
172.22.2.4 - - [07/May/2023:03:10:56 -0500] "GET /BLA/boletinlegal/actos.php HTTP/1.1" 200 9682
172.22.2.4 - - [07/May/2023:03:09:52 -0500] "HEAD /BLA/boletinlegal/ HTTP/1.1" 200 -
172.22.2.4 - - [07/May/2023:03:10:43 -0500] "GET /BLA/boletinlegal/ HTTP/1.1" 200 57561
201.245.192.253 - - [07/May/2023:03:13:08 -0500] "POST /kwsrmcab/Wsrmcab  HTTP/1.1" 200 43465
216.245.221.92 - - [07/May/2023:03:13:16 -0500] "HEAD / HTTP/1.1" 200 -
172.22.2.4 - - [07/May/2023:03:15:42 -0500] "HEAD /BLA/boletinlegal/ HTTP/1.1" 200 -
66.249.79.130 - - [07/May/2023:03:17:54 -0500] "-" 408 -
201.245.192.253 - - [07/May/2023:03:18:07 -0500] "POST /kwsrmcab/Wsrmcab  HTTP/1.1" 200 43465
172.22.2.4 - - [07/May/2023:03:16:33 -0500] "GET /BLA/boletinlegal/ HTTP/1.1" 200 58663
216.245.221.92 - - [07/May/2023:03:18:16 -0500] "HEAD / HTTP/1.1" 200 -
172.22.2.4 - - [07/May/2023:03:18:41 -0500] "GET /BLA/boletinlegal/ HTTP/1.1" 200 24523
201.245.192.253 - - [07/May/2023:03:19:44 -0500] "POST /kwsrmcab/Wsrmcab HTTP/1.1" 200 42699
201.245.192.253 - - [07/May/2023:03:19:46 -0500] "POST /kwsrmcab/Wsrmcab HTTP/1.1" 200 43003
51.254.59.113 - - [07/May/2023:03:20:14 -0500] "GET / HTTP/1.1" 200 319
52.167.144.33 - - [07/May/2023:03:20:29 -0500] "GET /images/bogota-pot-calidad-aire-26-noviembre%20.jpg HTTP/1.1" 200 27797
40.77.167.94 - - [07/May/2023:03:22:56 -0500] "GET /appsia/controlador HTTP/1.1" 200 4799
40.77.167.94 - - [07/May/2023:03:22:58 -0500] "GET /BLA/resoluciones/AUTOS%202014/2766.pdf HTTP/1.1" 200 1111387
201.245.192.253 - - [07/May/2023:03:23:06 -0500] "POST /kwsrmcab/Wsrmcab  HTTP/1.1" 200 43465
35.204.88.207 - - [07/May/2023:03:23:09 -0500] "GET /inventario-de-emisiones-2020-transporte-publico-sitp-redujo-emisiones-de-pm-2-5-en-un-37.html HTTP/1.1" 200 925
172.22.2.4 - - [07/May/2023:03:21:32 -0500] "HEAD /BLA/boletinlegal/ HTTP/1.1" 200 -
216.245.221.92 - - [07/May/2023:03:23:16 -0500] "HEAD / HTTP/1.1" 200 -
172.22.2.4 - - [07/May/2023:03:22:23 -0500] "GET /BLA/boletinlegal/ HTTP/1.1" 200 57945
201.245.192.253 - - [07/May/2023:03:28:04 -0500] "POST /kwsrmcab/Wsrmcab  HTTP/1.1" 200 43465
216.245.221.92 - - [07/May/2023:03:28:16 -0500] "HEAD / HTTP/1.1" 200 -
172.22.2.4 - - [07/May/2023:03:27:22 -0500] "HEAD /BLA/boletinlegal/ HTTP/1.1" 200 -
35.204.88.207 - - [07/May/2023:03:29:19 -0500] "GET /inventario-de-emisiones-2020-transporte-publico-sitp-redujo-emisiones-de-pm-2-5-en-un-37.html HTTP/1.1" 200 925
201.245.192.253 - - [07/May/2023:03:29:43 -0500] "POST /kwsrmcab/Wsrmcab HTTP/1.1" 200 42699
201.245.192.253 - - [07/May/2023:03:29:46 -0500] "POST /kwsrmcab/Wsrmcab HTTP/1.1" 200 43003
172.22.2.4 - - [07/May/2023:03:28:13 -0500] "GET /BLA/boletinlegal/ HTTP/1.1" 200 57151
40.77.167.86 - - [07/May/2023:03:32:09 -0500] "GET /sendero/? HTTP/1.1" 200 36439
40.77.167.86 - - [07/May/2023:03:32:10 -0500] "GET /BLA/resoluciones/AUTOS%202021/1662.pdf HTTP/1.1" 200 406994
40.77.167.86 - - [07/May/2023:03:32:17 -0500] "GET /BLA/resoluciones/AUTOS%202019/2543.pdf HTTP/1.1" 200 268066
173.252.107.6 - - [07/May/2023:03:32:49 -0500] "GET /mas-de-14-000-llantas-fueron-recolectadas-durante-2021-en-actividades-de-llantaton.html HTTP/1.1" 206 1084
201.245.192.253 - - [07/May/2023:03:33:03 -0500] "POST /kwsrmcab/Wsrmcab  HTTP/1.1" 200 43465
216.245.221.92 - - [07/May/2023:03:33:16 -0500] "HEAD / HTTP/1.1" 200 -
172.22.2.4 - - [07/May/2023:03:33:12 -0500] "HEAD /BLA/boletinlegal/ HTTP/1.1" 200 -
66.249.70.210 - - [07/May/2023:03:35:19 -0500] "-" 408 -
172.22.2.4 - - [07/May/2023:03:34:03 -0500] "GET /BLA/boletinlegal/ HTTP/1.1" 200 58663
201.245.192.253 - - [07/May/2023:03:38:01 -0500] "POST /kwsrmcab/Wsrmcab  HTTP/1.1" 200 43465
216.245.221.92 - - [07/May/2023:03:38:16 -0500] "HEAD / HTTP/1.1" 200 -
40.77.167.207 - - [07/May/2023:03:38:50 -0500] "GET /BLA/resoluciones/RESOLUCIONES%202019/0666.pdf HTTP/1.1" 200 259465
201.245.192.253 - - [07/May/2023:03:39:44 -0500] "POST /kwsrmcab/Wsrmcab HTTP/1.1" 200 42699
201.245.192.253 - - [07/May/2023:03:39:47 -0500] "POST /kwsrmcab/Wsrmcab HTTP/1.1" 200 43003
40.77.167.184 - - [07/May/2023:03:39:54 -0500] "-" 408 -
172.22.2.4 - - [07/May/2023:03:39:02 -0500] "HEAD /BLA/boletinlegal/ HTTP/1.1" 200 -
172.22.2.4 - - [07/May/2023:03:39:53 -0500] "GET /BLA/boletinlegal/ HTTP/1.1" 200 57561
201.245.192.253 - - [07/May/2023:03:42:59 -0500] "POST /kwsrmcab/Wsrmcab  HTTP/1.1" 200 43465
216.245.221.92 - - [07/May/2023:03:43:16 -0500] "HEAD / HTTP/1.1" 200 -
172.22.2.4 - - [07/May/2023:03:44:52 -0500] "HEAD /BLA/boletinlegal/ HTTP/1.1" 200 -
34.90.38.171 - - [07/May/2023:03:47:11 -0500] "GET /inventario-de-emisiones-2020-transporte-publico-sitp-redujo-emisiones-de-pm-2-5-en-un-37.html HTTP/1.1" 200 925
172.22.2.4 - - [07/May/2023:03:45:43 -0500] "GET /BLA/boletinlegal/ HTTP/1.1" 200 52326
201.245.192.253 - - [07/May/2023:03:47:58 -0500] "POST /kwsrmcab/Wsrmcab  HTTP/1.1" 200 43465
216.245.221.92 - - [07/May/2023:03:48:16 -0500] "HEAD / HTTP/1.1" 200 -
172.22.2.4 - - [07/May/2023:03:50:42 -0500] "HEAD /BLA/boletinlegal/ HTTP/1.1" 200 -
201.245.192.253 - - [07/May/2023:03:52:56 -0500] "POST /kwsrmcab/Wsrmcab  HTTP/1.1" 200 43465
172.22.2.4 - - [07/May/2023:03:51:33 -0500] "GET /BLA/boletinlegal/ HTTP/1.1" 200 52326
216.245.221.92 - - [07/May/2023:03:53:16 -0500] "HEAD / HTTP/1.1" 200 -
168.119.253.85 - - [07/May/2023:03:57:19 -0500] "GET / HTTP/1.1" 200 319
178.128.224.124 - - [07/May/2023:03:57:42 -0500] "GET /api/index.php/v1/config/application?public=true HTTP/1.1" 404 1035
178.128.224.124 - - [07/May/2023:03:57:43 -0500] "GET /api/index.php/v1/config/application?public=true HTTP/1.1" 404 1034
201.245.192.253 - - [07/May/2023:03:57:55 -0500] "POST /kwsrmcab/Wsrmcab  HTTP/1.1" 200 43465
172.22.2.4 - - [07/May/2023:03:56:32 -0500] "HEAD /BLA/boletinlegal/ HTTP/1.1" 200 -
216.245.221.92 - - [07/May/2023:03:58:16 -0500] "HEAD / HTTP/1.1" 200 -
172.22.2.4 - - [07/May/2023:03:57:23 -0500] "GET /BLA/boletinlegal/ HTTP/1.1" 200 57561
172.22.2.4 - - [07/May/2023:04:02:08 -0500] "GET /BLA/boletinlegal/remote/fgt_lang?lang=/../../../..//////////dev/cmdb/sslvpn_websession HTTP/1.1" 404 1018
40.77.167.94 - - [07/May/2023:04:02:41 -0500] "GET /BLA/resoluciones/AUTOS%202013/1216.pdf HTTP/1.1" 200 195253
40.77.167.94 - - [07/May/2023:04:02:43 -0500] "GET /BLA/resoluciones/RESOLUCIONES%202022/0298.pdf HTTP/1.1" 304 -
201.245.192.253 - - [07/May/2023:04:02:55 -0500] "POST /kwsrmcab/Wsrmcab  HTTP/1.1" 200 43465
216.245.221.92 - - [07/May/2023:04:03:16 -0500] "HEAD / HTTP/1.1" 200 -
172.22.2.4 - - [07/May/2023:04:02:22 -0500] "HEAD /BLA/boletinlegal/ HTTP/1.1" 200 -
172.22.2.4 - - [07/May/2023:04:03:13 -0500] "GET /BLA/boletinlegal/ HTTP/1.1" 200 52326
201.245.192.253 - - [07/May/2023:04:07:54 -0500] "POST /kwsrmcab/Wsrmcab  HTTP/1.1" 200 43465
216.245.221.92 - - [07/May/2023:04:08:16 -0500] "HEAD / HTTP/1.1" 200 -
172.22.2.4 - - [07/May/2023:04:09:12 -0500] "GET /BLA/boletinlegal/style.css HTTP/1.1" 200 9406
172.22.2.4 - - [07/May/2023:04:09:13 -0500] "GET /BLA/boletinlegal/styles2.css HTTP/1.1" 200 1838
172.22.2.4 - - [07/May/2023:04:09:13 -0500] "GET /BLA/boletinlegal/js/jquery.js HTTP/1.1" 200 57254
172.22.2.4 - - [07/May/2023:04:09:13 -0500] "GET /BLA/boletinlegal/js/jquery.scrollTo-min.js HTTP/1.1" 200 1150
172.22.2.4 - - [07/May/2023:04:09:13 -0500] "GET /BLA/boletinlegal/js/jquery.scrollShow.js HTTP/1.1" 200 4586
172.22.2.4 - - [07/May/2023:04:09:13 -0500] "GET /BLA/boletinlegal/images/cabezote%20BLEGAL.jpg HTTP/1.1" 200 118164
172.22.2.4 - - [07/May/2023:04:09:13 -0500] "GET /BLA/boletinlegal/images/subscribe-icon-big.png HTTP/1.1" 200 47702
172.22.2.4 - - [07/May/2023:04:09:13 -0500] "GET /BLA/boletinlegal/images/registro-usuarios.png HTTP/1.1" 200 8106
172.22.2.4 - - [07/May/2023:04:09:13 -0500] "GET /BLA/boletinlegal/images/arr_l.jpg HTTP/1.1" 200 1979
172.22.2.4 - - [07/May/2023:04:09:13 -0500] "GET /BLA/boletinlegal/images/historia.png HTTP/1.1" 200 52775
172.22.2.4 - - [07/May/2023:04:09:13 -0500] "GET /BLA/boletinlegal/images/screen_1.png HTTP/1.1" 200 202547
172.22.2.4 - - [07/May/2023:04:09:13 -0500] "GET /BLA/boletinlegal/images/launch.jpg HTTP/1.1" 200 14577
172.22.2.4 - - [07/May/2023:04:09:13 -0500] "GET /BLA/boletinlegal/images/body_bg.jpg HTTP/1.1" 200 1601
172.22.2.4 - - [07/May/2023:04:09:13 -0500] "GET /BLA/boletinlegal/images/menu_lft.gif HTTP/1.1" 200 1713
172.22.2.4 - - [07/May/2023:04:09:13 -0500] "GET /BLA/boletinlegal/images/menu_rght.gif HTTP/1.1" 200 1627
172.22.2.4 - - [07/May/2023:04:09:13 -0500] "GET /BLA/boletinlegal/images/bg_top.jpg HTTP/1.1" 200 522
172.22.2.4 - - [07/May/2023:04:09:13 -0500] "GET /BLA/boletinlegal/images/menu_bg.jpg HTTP/1.1" 200 620
172.22.2.4 - - [07/May/2023:04:09:13 -0500] "GET /BLA/boletinlegal/images/hover.jpg HTTP/1.1" 200 640
172.22.2.4 - - [07/May/2023:04:09:13 -0500] "GET /BLA/boletinlegal/images/text.jpg HTTP/1.1" 200 568
172.22.2.4 - - [07/May/2023:04:09:16 -0500] "GET /BLA/boletinlegal/actos.php HTTP/1.1" 200 9682
172.22.2.4 - - [07/May/2023:04:09:16 -0500] "GET /BLA/boletinlegal/js/ajax_actos.js HTTP/1.1" 200 1322
172.22.2.4 - - [07/May/2023:04:09:16 -0500] "GET /BLA/boletinlegal/niceforms-default.css HTTP/1.1" 200 6694
172.22.2.4 - - [07/May/2023:04:09:16 -0500] "GET /BLA/boletinlegal/niceforms.js HTTP/1.1" 200 22876
172.22.2.4 - - [07/May/2023:04:09:16 -0500] "GET /BLA/boletinlegal/js/lib.js HTTP/1.1" 200 6474
172.22.2.4 - - [07/May/2023:04:09:16 -0500] "GET /BLA/boletinlegal/js/popup.js HTTP/1.1" 200 1270
172.22.2.4 - - [07/May/2023:04:09:16 -0500] "GET /BLA/boletinlegal/js/jquery1.js HTTP/1.1" 200 29846
172.22.2.4 - - [07/May/2023:04:09:17 -0500] "GET /BLA/boletinlegal/images/green-yellow-blue-pink-th.png HTTP/1.1" 200 7394
172.22.2.4 - - [07/May/2023:04:09:17 -0500] "GET /BLA/boletinlegal/images/tel.png HTTP/1.1" 200 14477
172.22.2.4 - - [07/May/2023:04:09:17 -0500] "GET /BLA/boletinlegal/images/icono-email.png HTTP/1.1" 200 5544
172.22.2.4 - - [07/May/2023:04:09:17 -0500] "GET /BLA/boletinlegal/images/footer_bg.jpg HTTP/1.1" 200 586
172.22.2.4 - - [07/May/2023:04:09:17 -0500] "GET /BLA/boletinlegal/images/footer_bg_l.jpg HTTP/1.1" 200 776
172.22.2.4 - - [07/May/2023:04:09:17 -0500] "GET /BLA/boletinlegal/img/0.png HTTP/1.1" 200 110
172.22.2.4 - - [07/May/2023:04:09:17 -0500] "GET /BLA/boletinlegal/img/select-left.png HTTP/1.1" 200 263
172.22.2.4 - - [07/May/2023:04:09:17 -0500] "GET /BLA/boletinlegal/img/select-right.png HTTP/1.1" 200 44019
172.22.2.4 - - [07/May/2023:04:09:17 -0500] "GET /BLA/boletinlegal/img/button-left.png HTTP/1.1" 200 57071
172.22.2.4 - - [07/May/2023:04:09:17 -0500] "GET /BLA/boletinlegal/img/button.png HTTP/1.1" 200 43241
172.22.2.4 - - [07/May/2023:04:09:17 -0500] "GET /BLA/boletinlegal/img/button-right.png HTTP/1.1" 200 57878
172.22.2.4 - - [07/May/2023:04:09:18 -0500] "GET /BLA/boletinlegal/favicon.ico HTTP/1.1" 404 1326
172.22.2.4 - - [07/May/2023:04:08:12 -0500] "HEAD /BLA/boletinlegal/ HTTP/1.1" 200 -
172.22.2.4 - - [07/May/2023:04:09:12 -0500] "GET /BLA/boletinlegal/ HTTP/1.1" 200 24523
172.22.2.4 - - [07/May/2023:04:10:13 -0500] "GET /BLA/boletinlegal/consulta_actos.php?tipo=resoluciones&no=2678&usuario=&sector=&fecha=2022&resuelve= HTTP/1.1" 200 626
186.80.199.188 - - [07/May/2023:04:10:17 -0500] "GET /BLA/resoluciones/ HTTP/1.1" 200 13502
186.80.199.188 - - [07/May/2023:04:10:18 -0500] "GET /BLA/resoluciones/dlf/styles.css HTTP/1.1" 200 3049
186.80.199.188 - - [07/May/2023:04:10:18 -0500] "GET /BLA/resoluciones/dlf/folder.png HTTP/1.1" 200 410
186.80.199.188 - - [07/May/2023:04:10:18 -0500] "GET /BLA/resoluciones/dlf/bg.gif HTTP/1.1" 200 54
186.80.199.188 - - [07/May/2023:04:10:19 -0500] "GET /favicon.ico HTTP/1.1" 200 7782
66.249.79.132 - - [07/May/2023:04:10:23 -0500] "-" 408 -
186.80.199.188 - - [07/May/2023:04:10:27 -0500] "GET /BLA/resoluciones/dlf/dirup.png HTTP/1.1" 200 644
186.80.199.188 - - [07/May/2023:04:10:27 -0500] "GET /BLA/resoluciones/dlf/pdf.gif HTTP/1.1" 200 272
186.80.199.188 - - [07/May/2023:04:10:27 -0500] "GET /BLA/resoluciones/index.php?dir=RESOLUCIONES+2022%2F HTTP/1.1" 200 301071
186.80.199.188 - - [07/May/2023:04:10:30 -0500] "GET /BLA/resoluciones/RESOLUCIONES%202022/0188.pdf HTTP/1.1" 200 533011
186.80.199.188 - - [07/May/2023:04:10:30 -0500] "GET /BLA/resoluciones/RESOLUCIONES%202022/0208.pdf HTTP/1.1" 200 332794
186.80.199.188 - - [07/May/2023:04:10:33 -0500] "GET /BLA/resoluciones/RESOLUCIONES%202022/0388.pdf HTTP/1.1" 200 331316
186.80.199.188 - - [07/May/2023:04:10:43 -0500] "GET /BLA/resoluciones/RESOLUCIONES%202022/0522.pdf HTTP/1.1" 200 351742
172.22.2.4 - - [07/May/2023:04:09:03 -0500] "GET /BLA/boletinlegal/ HTTP/1.1" 200 55571
173.252.107.21 - - [07/May/2023:04:12:26 -0500] "GET /images/WhatsApp%20Image%202023-04-05%20at%2013.54.41.jpeg HTTP/1.1" 200 210747
201.245.192.253 - - [07/May/2023:04:12:53 -0500] "POST /kwsrmcab/Wsrmcab  HTTP/1.1" 200 43465
216.245.221.92 - - [07/May/2023:04:13:16 -0500] "HEAD / HTTP/1.1" 200 -
172.22.2.4 - - [07/May/2023:04:14:02 -0500] "HEAD /BLA/boletinlegal/ HTTP/1.1" 200 -
172.22.2.4 - - [07/May/2023:04:14:52 -0500] "GET /BLA/boletinlegal/ HTTP/1.1" 200 57151
201.245.192.253 - - [07/May/2023:04:17:51 -0500] "POST /kwsrmcab/Wsrmcab  HTTP/1.1" 200 43465
216.245.221.92 - - [07/May/2023:04:18:16 -0500] "HEAD / HTTP/1.1" 200 -
80.66.77.238 - - [07/May/2023:04:19:30 -0500] "GET / HTTP/1.1" 200 319
201.245.192.253 - - [07/May/2023:04:19:44 -0500] "POST /kwsrmcab/Wsrmcab HTTP/1.1" 200 42981
201.245.192.253 - - [07/May/2023:04:19:47 -0500] "POST /kwsrmcab/Wsrmcab HTTP/1.1" 200 42978
172.22.2.4 - - [07/May/2023:04:20:35 -0500] "GET /BLA/boletinlegal/actos.php HTTP/1.1" 200 9682
172.22.2.4 - - [07/May/2023:04:19:52 -0500] "HEAD /BLA/boletinlegal/ HTTP/1.1" 200 -
172.22.2.4 - - [07/May/2023:04:20:42 -0500] "GET /BLA/boletinlegal/ HTTP/1.1" 200 56287
201.245.192.253 - - [07/May/2023:04:22:51 -0500] "POST /kwsrmcab/Wsrmcab  HTTP/1.1" 200 43465
216.245.221.92 - - [07/May/2023:04:23:16 -0500] "HEAD / HTTP/1.1" 200 -
66.249.70.207 - - [07/May/2023:04:25:41 -0500] "-" 408 -
172.22.2.4 - - [07/May/2023:04:25:42 -0500] "HEAD /BLA/boletinlegal/ HTTP/1.1" 200 -
201.245.192.253 - - [07/May/2023:04:27:50 -0500] "POST /kwsrmcab/Wsrmcab  HTTP/1.1" 200 43465
172.22.2.4 - - [07/May/2023:04:26:33 -0500] "GET /BLA/boletinlegal/ HTTP/1.1" 200 57561
216.245.221.92 - - [07/May/2023:04:28:16 -0500] "HEAD / HTTP/1.1" 200 -
201.245.192.253 - - [07/May/2023:04:29:43 -0500] "POST /kwsrmcab/Wsrmcab HTTP/1.1" 200 42981
201.245.192.253 - - [07/May/2023:04:29:46 -0500] "POST /kwsrmcab/Wsrmcab HTTP/1.1" 200 42978
179.43.177.243 - - [07/May/2023:04:31:26 -0500] "POST /boaform/admin/formLogin HTTP/1.1" 404 1186
152.203.182.15 - - [07/May/2023:04:32:37 -0500] "GET /BLA/resoluciones/ HTTP/1.1" 200 13502
152.203.182.15 - - [07/May/2023:04:32:40 -0500] "GET /BLA/resoluciones/index.php?dir=AUTOS+2017%2F HTTP/1.1" 200 468483
152.203.182.15 - - [07/May/2023:04:32:44 -0500] "GET /BLA/resoluciones/AUTOS%202017/2439.pdf HTTP/1.1" 200 365435
201.245.192.253 - - [07/May/2023:04:32:48 -0500] "POST /kwsrmcab/Wsrmcab  HTTP/1.1" 200 43465
172.22.2.4 - - [07/May/2023:04:31:32 -0500] "HEAD /BLA/boletinlegal/ HTTP/1.1" 200 -
216.245.221.92 - - [07/May/2023:04:33:16 -0500] "HEAD / HTTP/1.1" 200 -
52.167.144.132 - - [07/May/2023:04:34:02 -0500] "-" 408 -
172.22.2.4 - - [07/May/2023:04:32:23 -0500] "GET /BLA/boletinlegal/ HTTP/1.1" 200 57151
114.119.129.50 - - [07/May/2023:04:37:45 -0500] "-" 408 -
201.245.192.253 - - [07/May/2023:04:37:47 -0500] "POST /kwsrmcab/Wsrmcab  HTTP/1.1" 200 43465
216.245.221.92 - - [07/May/2023:04:38:16 -0500] "HEAD / HTTP/1.1" 200 -
172.22.2.4 - - [07/May/2023:04:37:22 -0500] "HEAD /BLA/boletinlegal/ HTTP/1.1" 200 -
162.55.173.23 - - [07/May/2023:04:39:07 -0500] "GET / HTTP/1.1" 200 319
201.245.192.253 - - [07/May/2023:04:39:44 -0500] "POST /kwsrmcab/Wsrmcab HTTP/1.1" 200 42981
201.245.192.253 - - [07/May/2023:04:39:47 -0500] "POST /kwsrmcab/Wsrmcab HTTP/1.1" 200 42978
172.22.2.4 - - [07/May/2023:04:38:12 -0500] "GET /BLA/boletinlegal/ HTTP/1.1" 200 59306
17.22.245.47 - - [07/May/2023:04:40:51 -0500] "-" 408 -
201.245.192.253 - - [07/May/2023:04:42:44 -0500] "POST /kwsrmcab/Wsrmcab  HTTP/1.1" 200 43465
216.245.221.92 - - [07/May/2023:04:43:16 -0500] "HEAD / HTTP/1.1" 200 -
66.249.70.213 - - [07/May/2023:04:43:53 -0500] "-" 408 -
172.22.2.4 - - [07/May/2023:04:43:12 -0500] "HEAD /BLA/boletinlegal/ HTTP/1.1" 200 -
172.22.2.4 - - [07/May/2023:04:44:02 -0500] "GET /BLA/boletinlegal/ HTTP/1.1" 200 57151
201.245.192.253 - - [07/May/2023:04:47:43 -0500] "POST /kwsrmcab/Wsrmcab  HTTP/1.1" 200 43465
216.245.221.92 - - [07/May/2023:04:48:16 -0500] "HEAD / HTTP/1.1" 200 -
40.77.167.207 - - [07/May/2023:04:49:40 -0500] "GET /BLA/resoluciones/AUTOS%202023/0101.pdf HTTP/1.1" 200 416401
172.22.2.4 - - [07/May/2023:04:49:02 -0500] "HEAD /BLA/boletinlegal/ HTTP/1.1" 200 -
172.22.2.4 - - [07/May/2023:04:49:52 -0500] "GET /BLA/boletinlegal/ HTTP/1.1" 200 59306
201.245.192.253 - - [07/May/2023:04:52:42 -0500] "POST /kwsrmcab/Wsrmcab  HTTP/1.1" 200 43465
216.245.221.92 - - [07/May/2023:04:53:16 -0500] "HEAD / HTTP/1.1" 200 -
49.7.21.93 - - [07/May/2023:04:53:49 -0500] "GET / HTTP/1.1" 200 319
66.249.79.134 - - [07/May/2023:04:54:05 -0500] "-" 408 -
172.22.2.4 - - [07/May/2023:04:55:39 -0500] "GET /BLA/boletinlegal/script HTTP/1.1" 404 1018
172.22.2.4 - - [07/May/2023:04:55:40 -0500] "GET /BLA/boletinlegal/login HTTP/1.1" 404 1018
172.22.2.4 - - [07/May/2023:04:55:41 -0500] "GET /BLA/boletinlegal/jenkins/login HTTP/1.1" 404 1018
172.22.2.4 - - [07/May/2023:04:55:42 -0500] "GET /BLA/boletinlegal/manager/html HTTP/1.1" 404 1018
172.22.2.4 - - [07/May/2023:04:55:43 -0500] "GET /BLA/boletinlegal/users/sign_in HTTP/1.1" 404 1018
172.22.2.4 - - [07/May/2023:04:54:52 -0500] "HEAD /BLA/boletinlegal/ HTTP/1.1" 200 -
40.77.167.86 - - [07/May/2023:04:57:09 -0500] "GET /BLA/resoluciones/RESOLUCIONES%202021/2903.pdf HTTP/1.1" 304 -
40.77.167.86 - - [07/May/2023:04:57:10 -0500] "GET /BLA/resoluciones/AUTOS%202009/3408.pdf HTTP/1.1" 200 97104
172.22.2.4 - - [07/May/2023:04:55:42 -0500] "GET /BLA/boletinlegal/ HTTP/1.1" 200 57561
201.245.192.253 - - [07/May/2023:04:57:41 -0500] "POST /kwsrmcab/Wsrmcab  HTTP/1.1" 200 43465
216.245.221.92 - - [07/May/2023:04:58:16 -0500] "HEAD / HTTP/1.1" 200 -
152.203.182.15 - - [07/May/2023:04:58:25 -0500] "GET /BLA/resoluciones/ HTTP/1.1" 200 13502
152.203.182.15 - - [07/May/2023:04:58:31 -0500] "GET /BLA/resoluciones/index.php?dir=AUTOS+2017%2F HTTP/1.1" 200 468483
66.249.70.210 - - [07/May/2023:05:02:12 -0500] "-" 408 -
172.22.2.4 - - [07/May/2023:05:00:42 -0500] "HEAD /BLA/boletinlegal/ HTTP/1.1" 200 -
201.245.192.253 - - [07/May/2023:05:02:40 -0500] "POST /kwsrmcab/Wsrmcab  HTTP/1.1" 200 43465
172.22.2.4 - - [07/May/2023:05:01:32 -0500] "GET /BLA/boletinlegal/ HTTP/1.1" 200 57561
216.245.221.92 - - [07/May/2023:05:03:16 -0500] "HEAD / HTTP/1.1" 200 -
109.205.213.30 - - [07/May/2023:05:06:55 -0500] "GET / HTTP/1.1" 200 319
201.245.192.253 - - [07/May/2023:05:07:39 -0500] "POST /kwsrmcab/Wsrmcab  HTTP/1.1" 200 43465
172.22.2.4 - - [07/May/2023:05:06:32 -0500] "HEAD /BLA/boletinlegal/ HTTP/1.1" 200 -
216.245.221.92 - - [07/May/2023:05:08:16 -0500] "HEAD / HTTP/1.1" 200 -
172.22.2.4 - - [07/May/2023:05:07:22 -0500] "GET /BLA/boletinlegal/ HTTP/1.1" 200 55934
66.249.70.207 - - [07/May/2023:05:10:08 -0500] "-" 408 -
52.167.144.139 - - [07/May/2023:05:11:15 -0500] "GET /images/mujeres-reverdecen-kennedy-10-febrero.jpg HTTP/1.1" 200 50287
201.245.192.253 - - [07/May/2023:05:12:38 -0500] "POST /kwsrmcab/Wsrmcab  HTTP/1.1" 200 43465
216.245.221.92 - - [07/May/2023:05:13:16 -0500] "HEAD / HTTP/1.1" 200 -
172.22.2.4 - - [07/May/2023:05:12:22 -0500] "HEAD /BLA/boletinlegal/ HTTP/1.1" 200 -
40.77.167.86 - - [07/May/2023:05:14:03 -0500] "GET /Publicaciones/2023EE65631.pdf HTTP/1.1" 404 227
172.22.2.4 - - [07/May/2023:05:13:12 -0500] "GET /BLA/boletinlegal/ HTTP/1.1" 200 56754
66.249.70.207 - - [07/May/2023:05:16:35 -0500] "-" 408 -
201.245.192.253 - - [07/May/2023:05:17:37 -0500] "POST /kwsrmcab/Wsrmcab  HTTP/1.1" 200 43465
216.245.221.92 - - [07/May/2023:05:18:16 -0500] "HEAD / HTTP/1.1" 200 -
201.245.192.253 - - [07/May/2023:05:19:43 -0500] "POST /kwsrmcab/Wsrmcab HTTP/1.1" 200 42816
201.245.192.253 - - [07/May/2023:05:19:46 -0500] "POST /kwsrmcab/Wsrmcab HTTP/1.1" 200 43150
172.22.2.4 - - [07/May/2023:05:18:12 -0500] "HEAD /BLA/boletinlegal/ HTTP/1.1" 200 -
172.22.2.4 - - [07/May/2023:05:19:02 -0500] "GET /BLA/boletinlegal/ HTTP/1.1" 200 57561
66.249.70.210 - - [07/May/2023:05:22:36 -0500] "-" 408 -
201.245.192.253 - - [07/May/2023:05:22:36 -0500] "POST /kwsrmcab/Wsrmcab  HTTP/1.1" 200 43465
216.245.221.92 - - [07/May/2023:05:23:16 -0500] "HEAD / HTTP/1.1" 200 -
172.22.2.4 - - [07/May/2023:05:24:02 -0500] "HEAD /BLA/boletinlegal/ HTTP/1.1" 200 -
172.22.2.4 - - [07/May/2023:05:24:53 -0500] "GET /BLA/boletinlegal/ HTTP/1.1" 200 53561
173.252.107.23 - - [07/May/2023:05:27:17 -0500] "GET /distrito-entrego-certificado-de-reconocimiento-a-mas-de-600-mujeres-que-reverdecen-tras-seis-meses-de-formacion-teorica-y-practica.html HTTP/1.1" 206 1113
201.245.192.253 - - [07/May/2023:05:27:35 -0500] "POST /kwsrmcab/Wsrmcab  HTTP/1.1" 200 43465
34.90.13.137 - - [07/May/2023:05:28:04 -0500] "GET /inventario-de-emisiones-2020-transporte-publico-sitp-redujo-emisiones-de-pm-2-5-en-un-37.html HTTP/1.1" 200 925
216.245.221.92 - - [07/May/2023:05:28:16 -0500] "HEAD / HTTP/1.1" 200 -
201.245.192.253 - - [07/May/2023:05:29:44 -0500] "POST /kwsrmcab/Wsrmcab HTTP/1.1" 200 42816
201.245.192.253 - - [07/May/2023:05:29:46 -0500] "POST /kwsrmcab/Wsrmcab HTTP/1.1" 200 43150
172.22.2.4 - - [07/May/2023:05:29:52 -0500] "HEAD /BLA/boletinlegal/ HTTP/1.1" 200 -
172.22.2.4 - - [07/May/2023:05:30:43 -0500] "GET /BLA/boletinlegal/ HTTP/1.1" 200 59656
201.245.192.253 - - [07/May/2023:05:32:34 -0500] "POST /kwsrmcab/Wsrmcab  HTTP/1.1" 200 43465
216.245.221.92 - - [07/May/2023:05:33:16 -0500] "HEAD / HTTP/1.1" 200 -
66.249.70.172 - - [07/May/2023:05:35:22 -0500] "GET /con-actividades-pedagogicas-y-recorrido-interpretativo-bogota-conmemora-el-dia-internacional-de-los-anfibios.html HTTP/1.1" 200 964
192.133.77.15 - - [07/May/2023:05:37:13 -0500] "GET /images/PIGA1.jpeg HTTP/1.1" 200 167676
192.133.77.17 - - [07/May/2023:05:37:14 -0500] "GET /mas-de-80-entidades-publicas-en-bogota-estan-implementando-procesos-sostenibles-en-su-gestion.html HTTP/1.1" 200 971
87.121.221.49 - - [07/May/2023:05:37:06 -0500] "POST /boaform/admin/formLogin HTTP/1.1" 404 1186
172.22.2.4 - - [07/May/2023:05:35:42 -0500] "HEAD /BLA/boletinlegal/ HTTP/1.1" 200 -
201.245.192.253 - - [07/May/2023:05:37:33 -0500] "POST /kwsrmcab/Wsrmcab  HTTP/1.1" 200 43465
172.22.2.4 - - [07/May/2023:05:36:32 -0500] "GET /BLA/boletinlegal/ HTTP/1.1" 200 57561
216.245.221.92 - - [07/May/2023:05:38:16 -0500] "HEAD / HTTP/1.1" 200 -
201.245.192.253 - - [07/May/2023:05:39:43 -0500] "POST /kwsrmcab/Wsrmcab HTTP/1.1" 200 42816
201.245.192.253 - - [07/May/2023:05:39:46 -0500] "POST /kwsrmcab/Wsrmcab HTTP/1.1" 200 43150
201.245.192.253 - - [07/May/2023:05:42:32 -0500] "POST /kwsrmcab/Wsrmcab  HTTP/1.1" 200 43465
34.147.4.96 - - [07/May/2023:05:43:09 -0500] "GET /inventario-de-emisiones-2020-transporte-publico-sitp-redujo-emisiones-de-pm-2-5-en-un-37.html HTTP/1.1" 200 925
172.22.2.4 - - [07/May/2023:05:41:32 -0500] "HEAD /BLA/boletinlegal/ HTTP/1.1" 200 -
216.245.221.92 - - [07/May/2023:05:43:16 -0500] "HEAD / HTTP/1.1" 200 -
172.22.2.4 - - [07/May/2023:05:42:22 -0500] "GET /BLA/boletinlegal/ HTTP/1.1" 200 57151
31.13.127.12 - - [07/May/2023:05:45:16 -0500] "GET /images/cr\xc3\xb3nica-29-nov-1_optimized.jpeg HTTP/1.1" 404 1034
34.90.13.137 - - [07/May/2023:05:46:06 -0500] "GET /inventario-de-emisiones-2020-transporte-publico-sitp-redujo-emisiones-de-pm-2-5-en-un-37.html HTTP/1.1" 200 925
192.133.77.17 - - [07/May/2023:05:46:08 -0500] "GET /images/fachada-secretaria-ambiente-15-octubre.jpg HTTP/1.1" 200 148853
201.245.192.253 - - [07/May/2023:05:47:31 -0500] "POST /kwsrmcab/Wsrmcab  HTTP/1.1" 200 43465
216.245.221.92 - - [07/May/2023:05:48:16 -0500] "HEAD / HTTP/1.1" 200 -
172.22.2.4 - - [07/May/2023:05:47:22 -0500] "HEAD /BLA/boletinlegal/ HTTP/1.1" 200 -
152.203.182.15 - - [07/May/2023:05:49:04 -0500] "GET /BLA/resoluciones/ HTTP/1.1" 200 13502
152.203.182.15 - - [07/May/2023:05:49:06 -0500] "GET /BLA/resoluciones/index.php?dir=AUTOS+2017%2F HTTP/1.1" 200 468483
152.203.182.15 - - [07/May/2023:05:49:11 -0500] "GET /BLA/resoluciones/AUTOS%202017/1708.pdf HTTP/1.1" 200 351518
