35.204.62.178 - - [07/May/2023:10:23:11 -0500] "GET /inventario-de-emisiones-2020-transporte-publico-sitp-redujo-emisiones-de-pm-2-5-en-un-37.html HTTP/1.1" 200 925
172.22.2.4 - - [07/May/2023:10:21:32 -0500] "HEAD /BLA/boletinlegal/ HTTP/1.1" 200 -
216.245.221.92 - - [07/May/2023:10:23:15 -0500] "HEAD / HTTP/1.1" 200 -
66.249.70.207 - - [07/May/2023:10:23:36 -0500] "-" 408 -
172.22.2.4 - - [07/May/2023:10:22:23 -0500] "GET /BLA/boletinlegal/ HTTP/1.1" 200 57151
172.22.2.4 - - [07/May/2023:10:24:51 -0500] "GET /BLA/boletinlegal/ HTTP/1.1" 200 40907
172.22.2.4 - - [07/May/2023:10:25:21 -0500] "GET /BLA/boletinlegal/ HTTP/1.1" 200 36811
201.245.192.253 - - [07/May/2023:10:26:29 -0500] "POST /kwsrmcab/Wsrmcab  HTTP/1.1" 200 43465
216.245.221.92 - - [07/May/2023:10:28:15 -0500] "HEAD / HTTP/1.1" 200 -
172.22.2.4 - - [07/May/2023:10:27:22 -0500] "HEAD /BLA/boletinlegal/ HTTP/1.1" 200 -
201.245.192.253 - - [07/May/2023:10:29:42 -0500] "POST /kwsrmcab/Wsrmcab HTTP/1.1" 200 43289
201.245.192.253 - - [07/May/2023:10:29:45 -0500] "POST /kwsrmcab/Wsrmcab HTTP/1.1" 200 43160
172.22.2.4 - - [07/May/2023:10:28:13 -0500] "GET /BLA/boletinlegal/ HTTP/1.1" 200 57151
40.77.167.120 - - [07/May/2023:10:30:32 -0500] "GET /BLA/boletinlegal/jurisprudencia/analisis/AnalisisT-693-12.docx HTTP/1.1" 200 25737
201.245.192.253 - - [07/May/2023:10:31:28 -0500] "POST /kwsrmcab/Wsrmcab  HTTP/1.1" 200 43465
216.245.221.92 - - [07/May/2023:10:33:15 -0500] "HEAD / HTTP/1.1" 200 -
172.22.2.4 - - [07/May/2023:10:34:23 -0500] "GET /BLA/boletinlegal/actos.php HTTP/1.1" 200 9682
40.77.167.211 - - [07/May/2023:10:34:24 -0500] "GET /BLA/resoluciones/RESOLUCIONES%202009/1735.pdf HTTP/1.1" 200 365208
172.22.2.4 - - [07/May/2023:10:34:41 -0500] "GET /BLA/boletinlegal/consulta_actos.php?tipo=autos&no=1370&usuario=&sector=&fecha=2018&resuelve= HTTP/1.1" 200 1068
172.22.2.4 - - [07/May/2023:10:34:44 -0500] "GET /BLA/boletinlegal/actos.php HTTP/1.1" 200 9682
172.22.2.4 - - [07/May/2023:10:33:12 -0500] "HEAD /BLA/boletinlegal/ HTTP/1.1" 200 -
172.22.2.4 - - [07/May/2023:10:34:03 -0500] "GET /BLA/boletinlegal/ HTTP/1.1" 200 57151
172.22.2.4 - - [07/May/2023:10:35:47 -0500] "GET /BLA/boletinlegal/consulta_actos.php?tipo=autos&no=4198&usuario=&sector=&fecha=2018&resuelve= HTTP/1.1" 200 1113
40.77.167.211 - - [07/May/2023:10:36:04 -0500] "GET /Publicaciones/2023EE66896.pdf HTTP/1.1" 404 227
40.77.167.211 - - [07/May/2023:10:36:26 -0500] "GET /BLA/resoluciones/RESOLUCIONES%202022/0402.pdf HTTP/1.1" 304 -
201.245.192.253 - - [07/May/2023:10:36:27 -0500] "POST /kwsrmcab/Wsrmcab  HTTP/1.1" 200 43465
34.147.86.107 - - [07/May/2023:10:38:13 -0500] "GET /inventario-de-emisiones-2020-transporte-publico-sitp-redujo-emisiones-de-pm-2-5-en-un-37.html HTTP/1.1" 200 925
216.245.221.92 - - [07/May/2023:10:38:15 -0500] "HEAD / HTTP/1.1" 200 -
201.245.192.253 - - [07/May/2023:10:39:42 -0500] "POST /kwsrmcab/Wsrmcab HTTP/1.1" 200 43289
201.245.192.253 - - [07/May/2023:10:39:45 -0500] "POST /kwsrmcab/Wsrmcab HTTP/1.1" 200 43160
172.22.2.4 - - [07/May/2023:10:39:02 -0500] "HEAD /BLA/boletinlegal/ HTTP/1.1" 200 -
201.245.192.253 - - [07/May/2023:10:41:26 -0500] "POST /kwsrmcab/Wsrmcab  HTTP/1.1" 200 43465
172.22.2.4 - - [07/May/2023:10:39:53 -0500] "GET /BLA/boletinlegal/ HTTP/1.1" 200 58307
172.22.2.4 - - [07/May/2023:10:41:30 -0500] "GET /BLA/boletinlegal/ HTTP/1.1" 200 61250
216.245.221.92 - - [07/May/2023:10:43:15 -0500] "HEAD / HTTP/1.1" 200 -
61.135.159.164 - - [07/May/2023:10:43:30 -0500] "GET / HTTP/1.1" 200 319
172.22.2.4 - - [07/May/2023:10:43:33 -0500] "GET /BLA/boletinlegal/style.css HTTP/1.1" 200 9406
52.167.144.33 - - [07/May/2023:10:44:49 -0500] "GET / HTTP/1.1" 200 4720
172.22.2.4 - - [07/May/2023:10:44:59 -0500] "GET /BLA/boletinlegal/images/screen_2.png HTTP/1.1" 200 362502
172.22.2.4 - - [07/May/2023:10:45:51 -0500] "GET /BLA/boletinlegal/style.css HTTP/1.1" 200 9406
172.22.2.4 - - [07/May/2023:10:45:51 -0500] "GET /BLA/boletinlegal/styles2.css HTTP/1.1" 200 1838
172.22.2.4 - - [07/May/2023:10:45:51 -0500] "GET /BLA/boletinlegal/js/jquery.js HTTP/1.1" 200 57254
172.22.2.4 - - [07/May/2023:10:45:51 -0500] "GET /BLA/boletinlegal/js/jquery.scrollShow.js HTTP/1.1" 200 4586
172.22.2.4 - - [07/May/2023:10:45:51 -0500] "GET /BLA/boletinlegal/js/jquery.scrollTo-min.js HTTP/1.1" 200 1150
172.22.2.4 - - [07/May/2023:10:45:51 -0500] "GET /BLA/boletinlegal/images/subscribe-icon-big.png HTTP/1.1" 200 47702
172.22.2.4 - - [07/May/2023:10:45:51 -0500] "GET /BLA/boletinlegal/images/cabezote%20BLEGAL.jpg HTTP/1.1" 200 118164
172.22.2.4 - - [07/May/2023:10:45:51 -0500] "GET /BLA/boletinlegal/images/historia.png HTTP/1.1" 200 52775
172.22.2.4 - - [07/May/2023:10:45:51 -0500] "GET /BLA/boletinlegal/images/registro-usuarios.png HTTP/1.1" 200 8106
172.22.2.4 - - [07/May/2023:10:45:51 -0500] "GET /BLA/boletinlegal/images/arr_l.jpg HTTP/1.1" 200 1979
172.22.2.4 - - [07/May/2023:10:45:51 -0500] "GET /BLA/boletinlegal/images/screen_1.png HTTP/1.1" 200 202547
172.22.2.4 - - [07/May/2023:10:45:51 -0500] "GET /BLA/boletinlegal/images/launch.jpg HTTP/1.1" 200 14577
172.22.2.4 - - [07/May/2023:10:45:51 -0500] "GET /BLA/boletinlegal/images/body_bg.jpg HTTP/1.1" 200 1601
172.22.2.4 - - [07/May/2023:10:45:51 -0500] "GET /BLA/boletinlegal/images/menu_lft.gif HTTP/1.1" 200 1713
172.22.2.4 - - [07/May/2023:10:45:51 -0500] "GET /BLA/boletinlegal/images/menu_rght.gif HTTP/1.1" 200 1627
172.22.2.4 - - [07/May/2023:10:45:51 -0500] "GET /BLA/boletinlegal/images/bg_top.jpg HTTP/1.1" 200 522
172.22.2.4 - - [07/May/2023:10:45:51 -0500] "GET /BLA/boletinlegal/images/menu_bg.jpg HTTP/1.1" 200 620
172.22.2.4 - - [07/May/2023:10:45:51 -0500] "GET /BLA/boletinlegal/images/hover.jpg HTTP/1.1" 200 640
172.22.2.4 - - [07/May/2023:10:45:51 -0500] "GET /BLA/boletinlegal/images/text.jpg HTTP/1.1" 200 568
172.22.2.4 - - [07/May/2023:10:45:52 -0500] "GET /BLA/boletinlegal/actos.php HTTP/1.1" 200 9682
172.22.2.4 - - [07/May/2023:10:45:52 -0500] "GET /BLA/boletinlegal/niceforms.js HTTP/1.1" 200 22876
172.22.2.4 - - [07/May/2023:10:45:52 -0500] "GET /BLA/boletinlegal/niceforms-default.css HTTP/1.1" 200 6694
172.22.2.4 - - [07/May/2023:10:45:52 -0500] "GET /BLA/boletinlegal/js/lib.js HTTP/1.1" 200 6474
172.22.2.4 - - [07/May/2023:10:45:52 -0500] "GET /BLA/boletinlegal/js/popup.js HTTP/1.1" 200 1270
172.22.2.4 - - [07/May/2023:10:45:52 -0500] "GET /BLA/boletinlegal/js/ajax_actos.js HTTP/1.1" 200 1322
172.22.2.4 - - [07/May/2023:10:45:52 -0500] "GET /BLA/boletinlegal/js/jquery1.js HTTP/1.1" 200 29846
172.22.2.4 - - [07/May/2023:10:45:52 -0500] "GET /BLA/boletinlegal/images/green-yellow-blue-pink-th.png HTTP/1.1" 200 7394
172.22.2.4 - - [07/May/2023:10:45:52 -0500] "GET /BLA/boletinlegal/images/tel.png HTTP/1.1" 200 14477
172.22.2.4 - - [07/May/2023:10:45:52 -0500] "GET /BLA/boletinlegal/images/footer_bg.jpg HTTP/1.1" 200 586
172.22.2.4 - - [07/May/2023:10:45:52 -0500] "GET /BLA/boletinlegal/images/icono-email.png HTTP/1.1" 200 5544
172.22.2.4 - - [07/May/2023:10:45:52 -0500] "GET /BLA/boletinlegal/images/footer_bg_l.jpg HTTP/1.1" 200 776
172.22.2.4 - - [07/May/2023:10:45:52 -0500] "GET /BLA/boletinlegal/img/0.png HTTP/1.1" 200 110
172.22.2.4 - - [07/May/2023:10:45:52 -0500] "GET /BLA/boletinlegal/img/select-left.png HTTP/1.1" 200 263
172.22.2.4 - - [07/May/2023:10:45:52 -0500] "GET /BLA/boletinlegal/img/select-right.png HTTP/1.1" 200 44019
172.22.2.4 - - [07/May/2023:10:45:52 -0500] "GET /BLA/boletinlegal/img/button.png HTTP/1.1" 200 43241
172.22.2.4 - - [07/May/2023:10:45:52 -0500] "GET /BLA/boletinlegal/img/button-right.png HTTP/1.1" 200 57878
172.22.2.4 - - [07/May/2023:10:45:52 -0500] "GET /BLA/boletinlegal/img/button-left.png HTTP/1.1" 200 57071
172.22.2.4 - - [07/May/2023:10:45:52 -0500] "GET /BLA/boletinlegal/favicon.ico HTTP/1.1" 404 1326
172.22.2.4 - - [07/May/2023:10:46:03 -0500] "GET /BLA/boletinlegal/consulta_actos.php?tipo=resoluciones&no=6058&usuario=&sector=&fecha=2010&resuelve= HTTP/1.1" 200 1118
172.22.2.4 - - [07/May/2023:10:46:03 -0500] "GET /BLA/boletinlegal/images/pdf.gif HTTP/1.1" 200 567
152.203.251.1 - - [07/May/2023:10:46:05 -0500] "GET /BLA/resoluciones/RESOLUCIONES%202010/6058.pdf HTTP/1.1" 200 1228419
152.203.251.1 - - [07/May/2023:10:46:05 -0500] "GET /favicon.ico HTTP/1.1" 200 7782
152.203.251.1 - - [07/May/2023:10:46:05 -0500] "GET /BLA/resoluciones/RESOLUCIONES%202010/6058.pdf HTTP/1.1" 206 1025
152.203.251.1 - - [07/May/2023:10:46:05 -0500] "GET /BLA/resoluciones/RESOLUCIONES%202010/6058.pdf HTTP/1.1" 200 1228419
172.22.2.4 - - [07/May/2023:10:46:13 -0500] "GET /BLA/boletinlegal/images/pdf.gif HTTP/1.1" 200 567
66.249.70.207 - - [07/May/2023:10:46:16 -0500] "-" 408 -
201.245.192.253 - - [07/May/2023:10:46:24 -0500] "POST /kwsrmcab/Wsrmcab  HTTP/1.1" 200 43465
172.22.2.4 - - [07/May/2023:10:44:52 -0500] "HEAD /BLA/boletinlegal/ HTTP/1.1" 200 -
172.22.2.4 - - [07/May/2023:10:45:51 -0500] "GET /BLA/boletinlegal/ HTTP/1.1" 200 24523
172.22.2.4 - - [07/May/2023:10:45:43 -0500] "GET /BLA/boletinlegal/ HTTP/1.1" 200 53114
191.156.186.0 - - [07/May/2023:10:47:40 -0500] "GET /mujeres-que-reverdecen-secretaria-de-ambiente-anuncia-300-cupos-para-la-tercera-fase-del-programa.html HTTP/1.1" 200 823
172.22.2.4 - - [07/May/2023:10:48:10 -0500] "GET /BLA/boletinlegal/images/arr_r.jpg HTTP/1.1" 200 1998
216.245.221.92 - - [07/May/2023:10:48:15 -0500] "HEAD / HTTP/1.1" 200 -
52.167.144.165 - - [07/May/2023:10:48:45 -0500] "GET /Publicaciones/2022EE25971.pdf HTTP/1.1" 404 227
172.22.2.4 - - [07/May/2023:10:48:56 -0500] "GET /BLA/boletinlegal/images/arr_l.jpg HTTP/1.1" 200 1979
172.22.2.4 - - [07/May/2023:10:49:36 -0500] "GET /BLA/boletinlegal/images/launch.jpg HTTP/1.1" 200 14577
31.13.103.21 - - [07/May/2023:10:50:03 -0500] "GET /semana-santa-dias-y-horarios-para-visitar-el-camino-guadalupe-aguanoso.html HTTP/1.1" 206 943
172.22.2.4 - - [07/May/2023:10:50:09 -0500] "GET /BLA/boletinlegal/images/screen_5.png HTTP/1.1" 200 368876
172.22.2.4 - - [07/May/2023:10:50:38 -0500] "GET /BLA/boletinlegal/images/screen_3.png HTTP/1.1" 200 210620
172.22.2.4 - - [07/May/2023:10:51:03 -0500] "GET /BLA/boletinlegal/images/screen_1.png HTTP/1.1" 200 202547
172.22.2.4 - - [07/May/2023:10:51:24 -0500] "GET /BLA/boletinlegal/images/cabezote%20BLEGAL.jpg HTTP/1.1" 200 118164
201.245.192.253 - - [07/May/2023:10:51:23 -0500] "POST /kwsrmcab/Wsrmcab  HTTP/1.1" 200 43465
185.180.143.80 - - [07/May/2023:10:51:35 -0500] "GET /portaldeninos/ HTTP/1.1" 200 110197
185.180.143.80 - - [07/May/2023:10:51:55 -0500] "GET /portaldeninos/ HTTP/1.1" 200 110197
172.22.2.4 - - [07/May/2023:10:50:42 -0500] "HEAD /BLA/boletinlegal/ HTTP/1.1" 200 -
185.180.143.80 - - [07/May/2023:10:52:38 -0500] "GET /portaldeninos/ HTTP/1.1" 200 110197
172.22.2.4 - - [07/May/2023:10:51:32 -0500] "GET /BLA/boletinlegal/ HTTP/1.1" 200 57561
216.245.221.92 - - [07/May/2023:10:53:15 -0500] "HEAD / HTTP/1.1" 200 -
52.167.144.139 - - [07/May/2023:10:56:04 -0500] "GET /portaldeninos/ HTTP/1.1" 200 110197
128.14.133.58 - - [07/May/2023:10:56:13 -0500] "GET /portaldeninos/ HTTP/1.1" 200 110197
201.245.192.253 - - [07/May/2023:10:56:22 -0500] "POST /kwsrmcab/Wsrmcab  HTTP/1.1" 200 43465
172.22.2.4 - - [07/May/2023:10:56:32 -0500] "HEAD /BLA/boletinlegal/ HTTP/1.1" 200 -
216.245.221.92 - - [07/May/2023:10:58:15 -0500] "HEAD / HTTP/1.1" 200 -
172.22.2.4 - - [07/May/2023:10:57:23 -0500] "GET /BLA/boletinlegal/ HTTP/1.1" 200 59306
201.245.192.253 - - [07/May/2023:11:01:20 -0500] "POST /kwsrmcab/Wsrmcab  HTTP/1.1" 200 43465
162.142.125.217 - - [07/May/2023:11:01:51 -0500] "GET / HTTP/1.1" 200 319
162.142.125.217 - - [07/May/2023:11:01:52 -0500] "GET / HTTP/1.1" 200 319
162.142.125.217 - - [07/May/2023:11:01:52 -0500] "PRI * HTTP/2.0" 400 946
162.142.125.217 - - [07/May/2023:11:01:52 -0500] "GET /favicon.ico HTTP/1.1" 200 7782
40.77.167.86 - - [07/May/2023:11:02:00 -0500] "GET /bla/resoluciones/RESOLUCIONES%202021/4330.pdf HTTP/1.1" 200 373859
40.77.167.86 - - [07/May/2023:11:02:01 -0500] "GET /Publicaciones/2023EE73551.pdf HTTP/1.1" 404 227
40.77.167.86 - - [07/May/2023:11:02:01 -0500] "GET /BLA/resoluciones/AUTOS%202013/0615.pdf HTTP/1.1" 200 535369
40.77.167.86 - - [07/May/2023:11:02:02 -0500] "GET /BLA/resoluciones/AUTOS%202014/2561.pdf HTTP/1.1" 304 -
216.245.221.92 - - [07/May/2023:11:03:15 -0500] "HEAD / HTTP/1.1" 200 -
172.22.2.4 - - [07/May/2023:11:02:22 -0500] "HEAD /BLA/boletinlegal/ HTTP/1.1" 200 -
172.22.2.4 - - [07/May/2023:11:03:13 -0500] "GET /BLA/boletinlegal/ HTTP/1.1" 200 59306
201.245.192.253 - - [07/May/2023:11:06:20 -0500] "POST /kwsrmcab/Wsrmcab  HTTP/1.1" 200 43465
216.245.221.92 - - [07/May/2023:11:08:15 -0500] "HEAD / HTTP/1.1" 200 -
172.22.2.4 - - [07/May/2023:11:08:12 -0500] "HEAD /BLA/boletinlegal/ HTTP/1.1" 200 -
172.22.2.4 - - [07/May/2023:11:09:02 -0500] "GET /BLA/boletinlegal/ HTTP/1.1" 200 57561
201.245.192.253 - - [07/May/2023:11:11:18 -0500] "POST /kwsrmcab/Wsrmcab  HTTP/1.1" 200 43465
168.119.49.52 - - [07/May/2023:11:13:13 -0500] "GET / HTTP/1.1" 200 319
216.245.221.92 - - [07/May/2023:11:13:15 -0500] "HEAD / HTTP/1.1" 200 -
172.22.2.4 - - [07/May/2023:11:14:02 -0500] "HEAD /BLA/boletinlegal/ HTTP/1.1" 200 -
201.245.192.253 - - [07/May/2023:11:16:18 -0500] "POST /kwsrmcab/Wsrmcab  HTTP/1.1" 200 43465
13.56.228.83 - - [07/May/2023:11:16:26 -0500] "GET /galeria/galeria/fotos/Humedal-la-conejera3P.jpg HTTP/1.1" 200 31355
172.22.2.4 - - [07/May/2023:11:14:52 -0500] "GET /BLA/boletinlegal/ HTTP/1.1" 200 57151
54.193.45.141 - - [07/May/2023:11:17:37 -0500] "GET /portaldeninos/wp-content/uploads/2020/01/Tierra-escenario.jpg HTTP/1.1" 200 181491
172.22.2.4 - - [07/May/2023:11:18:07 -0500] "GET /BLA/boletinlegal/jurisprudencia/analisis/AnalisisT-095-16.docx HTTP/1.1" 200 20284
172.22.2.4 - - [07/May/2023:11:18:07 -0500] "GET /BLA/boletinlegal/jurisprudencia/analisis/AnalisisT-095-16.docx HTTP/1.1" 200 20284
216.245.221.92 - - [07/May/2023:11:18:15 -0500] "HEAD / HTTP/1.1" 200 -
181.60.164.72 - - [07/May/2023:11:18:18 -0500] "GET /Publicaciones/SSFFS-15029-2021.zip HTTP/1.1" 200 979455
186.28.89.41 - - [07/May/2023:11:18:21 -0500] "GET /BLA/resoluciones/ HTTP/1.1" 200 13502
172.22.2.4 - - [07/May/2023:11:18:22 -0500] "GET /BLA/boletinlegal/jurisprudencia/analisis/AnalisisT-095-16.docx HTTP/1.1" 200 20284
186.28.89.41 - - [07/May/2023:11:18:32 -0500] "GET /BLA/resoluciones/index.php?dir=AUTOS+2016%2F HTTP/1.1" 200 329666
186.28.89.41 - - [07/May/2023:11:18:38 -0500] "GET /BLA/resoluciones/AUTOS%202016/2535.pdf HTTP/1.1" 200 402270
181.60.164.72 - - [07/May/2023:11:18:40 -0500] "GET /Publicaciones/SSFFS-15041-2021.zip HTTP/1.1" 404 232
181.60.164.72 - - [07/May/2023:11:18:47 -0500] "GET /Publicaciones/SSFFS-15035-2021.zip HTTP/1.1" 200 596261
172.22.2.4 - - [07/May/2023:11:19:22 -0500] "GET /BLA/boletinlegal/favicon.ico HTTP/1.1" 404 1038
172.22.2.4 - - [07/May/2023:11:19:23 -0500] "GET /BLA/boletinlegal/robots.txt HTTP/1.1" 404 1038
172.22.2.4 - - [07/May/2023:11:18:30 -0500] "GET /BLA/boletinlegal/ HTTP/1.1" 200 36811
201.245.192.253 - - [07/May/2023:11:19:42 -0500] "POST /kwsrmcab/Wsrmcab HTTP/1.1" 200 43305
172.22.2.4 - - [07/May/2023:11:18:58 -0500] "GET /BLA/boletinlegal/ HTTP/1.1" 200 28619
201.245.192.253 - - [07/May/2023:11:19:45 -0500] "POST /kwsrmcab/Wsrmcab HTTP/1.1" 200 43304
175.178.191.129 - - [07/May/2023:11:20:44 -0500] "GET / HTTP/1.1" 200 319
201.245.192.253 - - [07/May/2023:11:21:17 -0500] "POST /kwsrmcab/Wsrmcab  HTTP/1.1" 200 43465
172.22.2.4 - - [07/May/2023:11:19:52 -0500] "HEAD /BLA/boletinlegal/ HTTP/1.1" 200 -
191.92.186.69 - - [07/May/2023:11:22:20 -0500] "GET /agendate-para-participar-en-las-caminatas-ecologicas-de-febrero.html HTTP/1.1" 200 830
172.22.2.4 - - [07/May/2023:11:20:42 -0500] "GET /BLA/boletinlegal/ HTTP/1.1" 200 57561
216.245.221.92 - - [07/May/2023:11:23:15 -0500] "HEAD / HTTP/1.1" 200 -
40.77.167.86 - - [07/May/2023:11:23:31 -0500] "GET /BLA/resoluciones/AUTOS%202014/0925.pdf HTTP/1.1" 200 128000
201.245.192.253 - - [07/May/2023:11:26:16 -0500] "POST /kwsrmcab/Wsrmcab  HTTP/1.1" 200 43465
17.22.237.94 - - [07/May/2023:11:26:49 -0500] "-" 408 -
66.249.70.168 - - [07/May/2023:11:27:18 -0500] "-" 408 -
172.22.2.4 - - [07/May/2023:11:25:42 -0500] "HEAD /BLA/boletinlegal/ HTTP/1.1" 200 -
172.22.2.4 - - [07/May/2023:11:26:33 -0500] "GET /BLA/boletinlegal/ HTTP/1.1" 200 57561
216.245.221.92 - - [07/May/2023:11:28:15 -0500] "HEAD / HTTP/1.1" 200 -
40.77.167.211 - - [07/May/2023:11:28:31 -0500] "GET /Publicaciones/2023EE65663.pdf HTTP/1.1" 404 227
201.245.192.253 - - [07/May/2023:11:29:42 -0500] "POST /kwsrmcab/Wsrmcab HTTP/1.1" 200 43305
201.245.192.253 - - [07/May/2023:11:29:44 -0500] "POST /kwsrmcab/Wsrmcab HTTP/1.1" 200 43304
201.245.192.253 - - [07/May/2023:11:31:15 -0500] "POST /kwsrmcab/Wsrmcab  HTTP/1.1" 200 43465
173.252.95.20 - - [07/May/2023:11:31:41 -0500] "GET /distrito-levanta-alerta-fase-1-por-calidad-del-aire-en-bogota-llamado-a-no-bajar-la-guardia-y-seguir-reduciendo-emisiones.html HTTP/1.1" 206 908
173.252.79.118 - - [07/May/2023:11:31:42 -0500] "GET /images/calidad-aire-2-marzo-1_optimized.jpeg HTTP/1.1" 200 51562
40.77.167.211 - - [07/May/2023:11:31:52 -0500] "GET /BLA/resoluciones/AUTOS%202014/3064.pdf HTTP/1.1" 304 -
186.102.49.60 - - [07/May/2023:11:32:15 -0500] "GET /mujeres-que-reverdecen-secretaria-de-ambiente-anuncia-300-cupos-para-la-tercera-fase-del-programa.html HTTP/1.1" 200 823
172.22.2.4 - - [07/May/2023:11:31:32 -0500] "HEAD /BLA/boletinlegal/ HTTP/1.1" 200 -
216.245.221.92 - - [07/May/2023:11:33:15 -0500] "HEAD / HTTP/1.1" 200 -
172.22.2.4 - - [07/May/2023:11:33:41 -0500] "GET /BLA/boletinlegal/actos.php HTTP/1.1" 200 9682
172.22.2.4 - - [07/May/2023:11:33:41 -0500] "GET /BLA/boletinlegal/styles2.css HTTP/1.1" 200 1838
172.22.2.4 - - [07/May/2023:11:33:41 -0500] "GET /BLA/boletinlegal/niceforms-default.css HTTP/1.1" 200 6694
172.22.2.4 - - [07/May/2023:11:33:41 -0500] "GET /BLA/boletinlegal/style.css HTTP/1.1" 200 9406
172.22.2.4 - - [07/May/2023:11:33:41 -0500] "GET /BLA/boletinlegal/js/ajax_actos.js HTTP/1.1" 200 1322
172.22.2.4 - - [07/May/2023:11:33:41 -0500] "GET /BLA/boletinlegal/niceforms.js HTTP/1.1" 200 22876
172.22.2.4 - - [07/May/2023:11:33:41 -0500] "GET /BLA/boletinlegal/js/lib.js HTTP/1.1" 200 6474
172.22.2.4 - - [07/May/2023:11:33:41 -0500] "GET /BLA/boletinlegal/js/popup.js HTTP/1.1" 200 1270
172.22.2.4 - - [07/May/2023:11:33:41 -0500] "GET /BLA/boletinlegal/js/jquery1.js HTTP/1.1" 200 29846
172.22.2.4 - - [07/May/2023:11:33:41 -0500] "GET /BLA/boletinlegal/images/cabezote%20BLEGAL.jpg HTTP/1.1" 200 118164
172.22.2.4 - - [07/May/2023:11:33:41 -0500] "GET /BLA/boletinlegal/images/subscribe-icon-big.png HTTP/1.1" 200 47702
172.22.2.4 - - [07/May/2023:11:33:42 -0500] "GET /BLA/boletinlegal/images/historia.png HTTP/1.1" 200 52775
172.22.2.4 - - [07/May/2023:11:33:42 -0500] "GET /BLA/boletinlegal/images/green-yellow-blue-pink-th.png HTTP/1.1" 200 7394
172.22.2.4 - - [07/May/2023:11:33:42 -0500] "GET /BLA/boletinlegal/images/registro-usuarios.png HTTP/1.1" 200 8106
172.22.2.4 - - [07/May/2023:11:33:42 -0500] "GET /BLA/boletinlegal/images/tel.png HTTP/1.1" 200 14477
172.22.2.4 - - [07/May/2023:11:33:42 -0500] "GET /BLA/boletinlegal/images/body_bg.jpg HTTP/1.1" 200 1601
172.22.2.4 - - [07/May/2023:11:33:42 -0500] "GET /BLA/boletinlegal/images/icono-email.png HTTP/1.1" 200 5544
172.22.2.4 - - [07/May/2023:11:33:42 -0500] "GET /BLA/boletinlegal/images/menu_lft.gif HTTP/1.1" 200 1713
172.22.2.4 - - [07/May/2023:11:33:42 -0500] "GET /BLA/boletinlegal/images/menu_rght.gif HTTP/1.1" 200 1627
172.22.2.4 - - [07/May/2023:11:33:42 -0500] "GET /BLA/boletinlegal/images/footer_bg.jpg HTTP/1.1" 200 586
172.22.2.4 - - [07/May/2023:11:33:42 -0500] "GET /BLA/boletinlegal/images/bg_top.jpg HTTP/1.1" 200 522
172.22.2.4 - - [07/May/2023:11:33:42 -0500] "GET /BLA/boletinlegal/images/menu_bg.jpg HTTP/1.1" 200 620
172.22.2.4 - - [07/May/2023:11:33:42 -0500] "GET /BLA/boletinlegal/images/footer_bg_l.jpg HTTP/1.1" 200 776
172.22.2.4 - - [07/May/2023:11:33:42 -0500] "GET /BLA/boletinlegal/images/text.jpg HTTP/1.1" 200 568
172.22.2.4 - - [07/May/2023:11:33:42 -0500] "GET /BLA/boletinlegal/images/hover.jpg HTTP/1.1" 200 640
172.22.2.4 - - [07/May/2023:11:33:42 -0500] "GET /BLA/boletinlegal/img/0.png HTTP/1.1" 200 110
172.22.2.4 - - [07/May/2023:11:33:42 -0500] "GET /BLA/boletinlegal/img/select-right.png HTTP/1.1" 200 44019
172.22.2.4 - - [07/May/2023:11:33:42 -0500] "GET /BLA/boletinlegal/img/select-left.png HTTP/1.1" 200 263
172.22.2.4 - - [07/May/2023:11:33:42 -0500] "GET /BLA/boletinlegal/img/button-left.png HTTP/1.1" 200 57071
172.22.2.4 - - [07/May/2023:11:33:42 -0500] "GET /BLA/boletinlegal/img/button.png HTTP/1.1" 200 43241
172.22.2.4 - - [07/May/2023:11:33:42 -0500] "GET /BLA/boletinlegal/img/button-right.png HTTP/1.1" 200 57878
172.22.2.4 - - [07/May/2023:11:33:42 -0500] "GET /BLA/boletinlegal/favicon.ico HTTP/1.1" 404 1326
172.22.2.4 - - [07/May/2023:11:33:57 -0500] "GET /BLA/boletinlegal/consulta_actos.php?tipo=autos&no=&usuario=&sector=AIRE&fecha=2023&resuelve= HTTP/1.1" 200 18922
172.22.2.4 - - [07/May/2023:11:33:57 -0500] "GET /BLA/boletinlegal/images/pdf.gif HTTP/1.1" 200 567
172.22.2.4 - - [07/May/2023:11:33:57 -0500] "GET /BLA/boletinlegal/images/background.gif HTTP/1.1" 200 -
172.22.2.4 - - [07/May/2023:11:32:22 -0500] "GET /BLA/boletinlegal/ HTTP/1.1" 200 58307
172.22.2.4 - - [07/May/2023:11:34:09 -0500] "GET /BLA/boletinlegal/consulta_actos.php?tipo=autos&no=1369&usuario=&sector=&fecha=2018&resuelve= HTTP/1.1" 200 626
15.204.52.61 - - [07/May/2023:11:34:18 -0500] "GET / HTTP/1.1" 200 319
172.22.2.4 - - [07/May/2023:11:34:24 -0500] "GET /BLA/boletinlegal/consulta_actos.php?tipo=autos&no=1369&usuario=&sector=&fecha=2018&resuelve= HTTP/1.1" 200 626
200.118.80.20 - - [07/May/2023:11:34:25 -0500] "GET /BLA/resoluciones/ HTTP/1.1" 200 13502
200.118.80.20 - - [07/May/2023:11:34:28 -0500] "GET /BLA/resoluciones/index.php?dir=AUTOS+2018%2F HTTP/1.1" 200 457306
190.242.45.71 - - [07/May/2023:11:35:02 -0500] "GET /el-proximo-13-de-mayo-participa-del-global-big-day.html HTTP/1.1" 200 736
152.203.182.15 - - [07/May/2023:11:36:06 -0500] "GET /BLA/resoluciones/ HTTP/1.1" 200 13502
152.203.182.15 - - [07/May/2023:11:36:08 -0500] "GET /BLA/resoluciones/index.php?dir=AUTOS+2017%2F HTTP/1.1" 200 468483
152.203.182.15 - - [07/May/2023:11:36:12 -0500] "GET /BLA/resoluciones/AUTOS%202017/2436.pdf HTTP/1.1" 200 365494
201.245.192.253 - - [07/May/2023:11:36:13 -0500] "POST /kwsrmcab/Wsrmcab  HTTP/1.1" 200 43465
216.245.221.92 - - [07/May/2023:11:38:15 -0500] "HEAD / HTTP/1.1" 200 -
172.22.2.4 - - [07/May/2023:11:38:32 -0500] "GET /BLA/boletinlegal/favicon.ico HTTP/1.1" 404 1326
172.22.2.4 - - [07/May/2023:11:37:22 -0500] "HEAD /BLA/boletinlegal/ HTTP/1.1" 200 -
201.245.192.253 - - [07/May/2023:11:39:42 -0500] "POST /kwsrmcab/Wsrmcab HTTP/1.1" 200 43305
201.245.192.253 - - [07/May/2023:11:39:45 -0500] "POST /kwsrmcab/Wsrmcab HTTP/1.1" 200 43304
172.22.2.4 - - [07/May/2023:11:38:12 -0500] "GET /BLA/boletinlegal/ HTTP/1.1" 200 58663
66.249.70.207 - - [07/May/2023:11:39:55 -0500] "-" 408 -
181.60.164.72 - - [07/May/2023:11:40:27 -0500] "GET /Publicaciones/SSFFS-15041-2021.zip HTTP/1.1" 200 1074359
181.60.164.72 - - [07/May/2023:11:40:32 -0500] "GET /Publicaciones/SSFFS-15045-2021.zip HTTP/1.1" 200 1453342
35.204.62.178 - - [07/May/2023:11:41:02 -0500] "GET /inventario-de-emisiones-2020-transporte-publico-sitp-redujo-emisiones-de-pm-2-5-en-un-37.html HTTP/1.1" 200 925
181.60.164.72 - - [07/May/2023:11:41:12 -0500] "GET /Publicaciones/SSFFS-15050-2021.zip HTTP/1.1" 404 232
201.245.192.253 - - [07/May/2023:11:41:12 -0500] "POST /kwsrmcab/Wsrmcab  HTTP/1.1" 200 43465
181.60.164.72 - - [07/May/2023:11:41:16 -0500] "GET /Publicaciones/SSFFS-15048-2021.zip HTTP/1.1" 404 232
181.60.164.72 - - [07/May/2023:11:41:31 -0500] "GET /Publicaciones/SSFFS-15049-2021.zip HTTP/1.1" 200 457974
181.60.164.72 - - [07/May/2023:11:41:36 -0500] "GET /Publicaciones/SSFFS-15048-2021.zip HTTP/1.1" 200 1486129
181.60.164.72 - - [07/May/2023:11:42:22 -0500] "GET /Publicaciones/SSFFS-15080-2021.zip HTTP/1.1" 200 840047
192.133.77.15 - - [07/May/2023:11:43:09 -0500] "GET /images/imagen-palomas_optimized.jpg HTTP/1.1" 200 184069
216.245.221.92 - - [07/May/2023:11:43:15 -0500] "HEAD / HTTP/1.1" 200 -
172.22.2.4 - - [07/May/2023:11:43:12 -0500] "HEAD /BLA/boletinlegal/ HTTP/1.1" 200 -
172.22.2.4 - - [07/May/2023:11:44:02 -0500] "GET /BLA/boletinlegal/ HTTP/1.1" 200 57151
84.239.40.242 - - [07/May/2023:11:45:59 -0500] "GET / HTTP/1.1" 200 319
201.245.192.253 - - [07/May/2023:11:46:11 -0500] "POST /kwsrmcab/Wsrmcab  HTTP/1.1" 200 43465
181.60.164.72 - - [07/May/2023:11:46:21 -0500] "GET /Publicaciones/SSFFS-15235-2021.zip HTTP/1.1" 404 232
173.252.111.3 - - [07/May/2023:11:46:34 -0500] "GET /images/2%20de%20febrero%20liberaci%C3%B3n%20Tunjo.jpeg HTTP/1.1" 404 1034
173.252.111.6 - - [07/May/2023:11:46:35 -0500] "GET /images/19%20de%20enero%20%C3%A1rbol%20bosque%20San%20Carlos.jpg HTTP/1.1" 404 1034
173.252.111.14 - - [07/May/2023:11:46:35 -0500] "GET /images/2%20de%20febrero%20liberaci\xc3\xb3n%20Tunjo.jpeg HTTP/1.1" 404 1034
173.252.111.7 - - [07/May/2023:11:46:35 -0500] "GET /images/mantener-calidad-del-aire_optimized.jpeg HTTP/1.1" 200 67646
173.252.111.17 - - [07/May/2023:11:46:35 -0500] "GET /images/19%20de%20enero%20\xc3\xa1rbol%20bosque%20San%20Carlos.jpg HTTP/1.1" 404 1034
173.252.111.20 - - [07/May/2023:11:46:36 -0500] "GET /images/feria-servicios-12-mayo-principal.jpg HTTP/1.1" 200 44744
181.60.164.72 - - [07/May/2023:11:46:34 -0500] "GET /Publicaciones/SSFFS-15235-2021.zip HTTP/1.1" 200 661797
173.252.111.117 - - [07/May/2023:11:46:37 -0500] "GET /images/cerros-bogota-2-mayo.jpg HTTP/1.1" 200 98367
181.60.164.72 - - [07/May/2023:11:47:16 -0500] "GET /Publicaciones/SSFFS-04507-2023.zip HTTP/1.1" 200 28519
216.245.221.92 - - [07/May/2023:11:48:15 -0500] "HEAD / HTTP/1.1" 200 -
172.22.2.4 - - [07/May/2023:11:49:02 -0500] "HEAD /BLA/boletinlegal/ HTTP/1.1" 200 -
201.245.192.253 - - [07/May/2023:11:51:10 -0500] "POST /kwsrmcab/Wsrmcab  HTTP/1.1" 200 43465
172.22.2.4 - - [07/May/2023:11:49:52 -0500] "GET /BLA/boletinlegal/ HTTP/1.1" 200 55221
216.245.221.92 - - [07/May/2023:11:53:15 -0500] "HEAD / HTTP/1.1" 200 -
201.245.192.253 - - [07/May/2023:11:56:09 -0500] "POST /kwsrmcab/Wsrmcab  HTTP/1.1" 200 43465
172.22.2.4 - - [07/May/2023:11:54:52 -0500] "HEAD /BLA/boletinlegal/ HTTP/1.1" 200 -
52.167.144.165 - - [07/May/2023:11:56:52 -0500] "GET /BLA/resoluciones/AUTOS%202020/4356.pdf HTTP/1.1" 200 394501
172.22.2.4 - - [07/May/2023:11:55:43 -0500] "GET /BLA/boletinlegal/ HTTP/1.1" 200 56287
186.102.57.251 - - [07/May/2023:11:57:38 -0500] "GET /galeria/galeria/jquery.fancybox.css?v=2.1.5 HTTP/1.1" 200 4895
186.102.57.251 - - [07/May/2023:11:57:38 -0500] "GET /BLA/boletinlegal/js/jquery.scrollShow.js HTTP/1.1" 200 4586
186.102.57.251 - - [07/May/2023:11:57:38 -0500] "GET /galeria/galeria/jquery.fancybox.js?v=2.1.5 HTTP/1.1" 200 48706
35.204.20.221 - - [07/May/2023:11:58:02 -0500] "GET /inventario-de-emisiones-2020-transporte-publico-sitp-redujo-emisiones-de-pm-2-5-en-un-37.html HTTP/1.1" 200 925
216.245.221.92 - - [07/May/2023:11:58:15 -0500] "HEAD / HTTP/1.1" 200 -
172.22.2.4 - - [07/May/2023:11:58:43 -0500] "GET /BLA/boletinlegal/actos.php HTTP/1.1" 200 9682
172.22.2.4 - - [07/May/2023:11:58:43 -0500] "GET /BLA/boletinlegal/favicon.ico HTTP/1.1" 404 1326
172.22.2.4 - - [07/May/2023:11:58:57 -0500] "GET /BLA/boletinlegal/consulta_actos.php?tipo=resoluciones&no=&usuario=&sector=PEV&fecha=2023&resuelve=archivo HTTP/1.1" 200 626
172.22.2.4 - - [07/May/2023:11:59:02 -0500] "GET /BLA/boletinlegal/consulta_actos.php?tipo=autos&no=&usuario=&sector=PEV&fecha=2023&resuelve=archivo HTTP/1.1" 200 1066
201.221.172.223 - - [07/May/2023:11:59:08 -0500] "GET /BLA/resoluciones/AUTOS%202023/0400.pdf HTTP/1.1" 200 855837
172.22.2.4 - - [07/May/2023:11:58:42 -0500] "GET /BLA/boletinlegal/ HTTP/1.1" 200 24523
172.22.2.4 - - [07/May/2023:11:59:48 -0500] "GET /BLA/boletinlegal/actos.php HTTP/1.1" 200 9682
172.22.2.4 - - [07/May/2023:11:59:58 -0500] "GET /BLA/boletinlegal/consulta_actos.php?tipo=autos&no=&usuario=&sector=PEV&fecha=2022&resuelve=archivo HTTP/1.1" 200 2799
172.22.2.4 - - [07/May/2023:11:59:58 -0500] "GET /BLA/boletinlegal/images/background.gif HTTP/1.1" 200 -
201.221.172.223 - - [07/May/2023:12:00:07 -0500] "GET /BLA/resoluciones/AUTOS%202022/4905.pdf HTTP/1.1" 200 325588
172.22.2.4 - - [07/May/2023:12:00:42 -0500] "GET /BLA/boletinlegal/consulta_actos.php?tipo=autos&no=&usuario=&sector=PEV&fecha=2021&resuelve=archivo HTTP/1.1" 200 7150
201.221.172.223 - - [07/May/2023:12:01:07 -0500] "GET /BLA/resoluciones/AUTOS%202021/0323.pdf HTTP/1.1" 200 705356
201.245.192.253 - - [07/May/2023:12:01:08 -0500] "POST /kwsrmcab/Wsrmcab  HTTP/1.1" 200 43465
201.221.172.223 - - [07/May/2023:12:01:14 -0500] "GET /BLA/resoluciones/AUTOS%202021/0268.pdf HTTP/1.1" 200 301620
172.22.2.4 - - [07/May/2023:12:01:49 -0500] "GET /BLA/boletinlegal/actos.php HTTP/1.1" 200 9682
172.22.2.4 - - [07/May/2023:12:00:43 -0500] "HEAD /BLA/boletinlegal/ HTTP/1.1" 200 -
201.221.172.223 - - [07/May/2023:12:02:33 -0500] "GET /BLA/resoluciones/AUTOS%202021/0034.pdf HTTP/1.1" 200 1006321
172.22.2.4 - - [07/May/2023:12:01:33 -0500] "GET /BLA/boletinlegal/ HTTP/1.1" 200 57151
216.245.221.92 - - [07/May/2023:12:03:15 -0500] "HEAD / HTTP/1.1" 200 -
172.22.2.4 - - [07/May/2023:12:04:04 -0500] "GET /BLA/boletinlegal/consulta_actos.php?tipo=autos&no=&usuario=&sector=PEV&fecha=2020&resuelve=archivo HTTP/1.1" 200 51646
201.221.172.223 - - [07/May/2023:12:04:11 -0500] "GET /BLA/resoluciones/AUTOS%202020/4714.pdf HTTP/1.1" 200 348181
201.221.172.223 - - [07/May/2023:12:04:15 -0500] "GET /BLA/resoluciones/AUTOS%202020/4648.pdf HTTP/1.1" 200 346337
201.221.172.223 - - [07/May/2023:12:04:20 -0500] "GET /BLA/resoluciones/AUTOS%202020/4519.pdf HTTP/1.1" 200 571518
201.221.172.223 - - [07/May/2023:12:04:37 -0500] "GET /BLA/resoluciones/AUTOS%202020/0775.pdf HTTP/1.1" 200 357252
201.221.172.223 - - [07/May/2023:12:04:43 -0500] "GET /BLA/resoluciones/AUTOS%202020/0768.pdf HTTP/1.1" 200 356175
201.221.172.223 - - [07/May/2023:12:04:46 -0500] "GET /BLA/resoluciones/AUTOS%202020/0767.pdf HTTP/1.1" 200 356046
192.133.77.18 - - [07/May/2023:12:05:21 -0500] "GET /images/cr%C3%B3nica-29-nov-1_optimized.jpeg HTTP/1.1" 404 1034
201.245.192.253 - - [07/May/2023:12:06:06 -0500] "POST /kwsrmcab/Wsrmcab  HTTP/1.1" 200 43465
173.252.95.4 - - [07/May/2023:12:06:56 -0500] "GET /images/mercados-campesinos-5-mayo.jpg HTTP/1.1" 200 95848
152.203.182.15 - - [07/May/2023:12:07:13 -0500] "GET /BLA/resoluciones/ HTTP/1.1" 200 13502
152.203.182.15 - - [07/May/2023:12:07:17 -0500] "GET /BLA/resoluciones/index.php?dir=AUTOS+2017%2F HTTP/1.1" 200 468483
172.22.2.4 - - [07/May/2023:12:06:33 -0500] "HEAD /BLA/boletinlegal/ HTTP/1.1" 200 -
216.245.221.92 - - [07/May/2023:12:08:15 -0500] "HEAD / HTTP/1.1" 200 -
172.22.2.4 - - [07/May/2023:12:07:23 -0500] "GET /BLA/boletinlegal/ HTTP/1.1" 200 53561
201.245.192.253 - - [07/May/2023:12:11:05 -0500] "POST /kwsrmcab/Wsrmcab  HTTP/1.1" 200 43465
216.245.221.92 - - [07/May/2023:12:13:15 -0500] "HEAD / HTTP/1.1" 200 -
172.22.2.4 - - [07/May/2023:12:12:23 -0500] "HEAD /BLA/boletinlegal/ HTTP/1.1" 200 -
172.22.2.4 - - [07/May/2023:12:13:13 -0500] "GET /BLA/boletinlegal/ HTTP/1.1" 200 55571
201.245.192.253 - - [07/May/2023:12:16:04 -0500] "POST /kwsrmcab/Wsrmcab  HTTP/1.1" 200 43465
40.77.167.86 - - [07/May/2023:12:16:42 -0500] "GET /BLA/resoluciones/AUTOS%202018/0723.pdf HTTP/1.1" 200 219695
40.77.167.86 - - [07/May/2023:12:16:43 -0500] "GET /bla/resoluciones/resoluciones%202012/0132.pdf HTTP/1.1" 304 -
172.22.2.4 - - [07/May/2023:12:16:43 -0500] "GET /BLA/boletinlegal/conceptos.php HTTP/1.1" 200 7496
172.22.2.4 - - [07/May/2023:12:16:43 -0500] "GET /BLA/boletinlegal/js/ajax_conceptos.js HTTP/1.1" 200 1326
172.22.2.4 - - [07/May/2023:12:16:54 -0500] "GET /BLA/boletinlegal/consulta_conceptos.php?no=&solicitante=&radicado_entrada=&fecha_concepto=2023&objeto=pev HTTP/1.1" 200 570
172.22.2.4 - - [07/May/2023:12:17:00 -0500] "GET /BLA/boletinlegal/consulta_conceptos.php?no=&solicitante=&radicado_entrada=&fecha_concepto=2023&objeto=publicidad HTTP/1.1" 200 570
172.22.2.4 - - [07/May/2023:12:17:03 -0500] "GET /BLA/boletinlegal/consulta_conceptos.php?no=&solicitante=&radicado_entrada=&fecha_concepto=2022&objeto=publicidad HTTP/1.1" 200 1158
172.22.2.4 - - [07/May/2023:12:17:18 -0500] "GET /BLA/boletinlegal/consulta_conceptos.php?no=&solicitante=&radicado_entrada=&fecha_concepto=2021&objeto=publicidad HTTP/1.1" 200 1030
172.22.2.4 - - [07/May/2023:12:17:27 -0500] "GET /BLA/boletinlegal/consulta_conceptos.php?no=&solicitante=&radicado_entrada=&fecha_concepto=2020&objeto=publicidad HTTP/1.1" 200 570
172.22.2.4 - - [07/May/2023:12:17:30 -0500] "GET /BLA/boletinlegal/consulta_conceptos.php?no=&solicitante=&radicado_entrada=&fecha_concepto=2019&objeto=publicidad HTTP/1.1" 200 570
172.22.2.4 - - [07/May/2023:12:17:33 -0500] "GET /BLA/boletinlegal/consulta_conceptos.php?no=&solicitante=&radicado_entrada=&fecha_concepto=2018&objeto=publicidad HTTP/1.1" 200 570
172.22.2.4 - - [07/May/2023:12:17:36 -0500] "GET /BLA/boletinlegal/consulta_conceptos.php?no=&solicitante=&radicado_entrada=&fecha_concepto=2017&objeto=publicidad HTTP/1.1" 200 570
172.22.2.4 - - [07/May/2023:12:17:39 -0500] "GET /BLA/boletinlegal/consulta_conceptos.php?no=&solicitante=&radicado_entrada=&fecha_concepto=2016&objeto=publicidad HTTP/1.1" 200 3251
172.22.2.4 - - [07/May/2023:12:18:08 -0500] "GET /BLA/boletinlegal/conceptos/2016/6.pdf HTTP/1.1" 200 399117
172.22.2.4 - - [07/May/2023:12:18:13 -0500] "GET /BLA/boletinlegal/consulta_conceptos.php?no=&solicitante=&radicado_entrada=&fecha_concepto=2015&objeto=publicidad HTTP/1.1" 200 1645
216.245.221.92 - - [07/May/2023:12:18:15 -0500] "HEAD / HTTP/1.1" 200 -
172.22.2.4 - - [07/May/2023:12:18:26 -0500] "GET /BLA/boletinlegal/consulta_conceptos.php?no=&solicitante=&radicado_entrada=&fecha_concepto=2014&objeto=publicidad HTTP/1.1" 200 1886
40.77.167.94 - - [07/May/2023:12:18:36 -0500] "GET /BLA/resoluciones/AUTOS%202021/6475.pdf HTTP/1.1" 304 -
40.77.167.94 - - [07/May/2023:12:18:37 -0500] "GET /Publicaciones/2022EE246568.pdf HTTP/1.1" 404 228
40.77.167.94 - - [07/May/2023:12:18:37 -0500] "GET /BLA/resoluciones/AUTOS%202013/0701.pdf HTTP/1.1" 200 2601836
172.22.2.4 - - [07/May/2023:12:18:51 -0500] "GET /BLA/boletinlegal/conceptos/2014/18.pdf HTTP/1.1" 200 1054229
201.245.192.253 - - [07/May/2023:12:19:42 -0500] "POST /kwsrmcab/Wsrmcab HTTP/1.1" 200 43454
201.245.192.253 - - [07/May/2023:12:19:44 -0500] "POST /kwsrmcab/Wsrmcab HTTP/1.1" 200 43008
172.22.2.4 - - [07/May/2023:12:18:13 -0500] "HEAD /BLA/boletinlegal/ HTTP/1.1" 200 -
172.22.2.4 - - [07/May/2023:12:19:03 -0500] "GET /BLA/boletinlegal/ HTTP/1.1" 200 55934
201.245.192.253 - - [07/May/2023:12:21:03 -0500] "POST /kwsrmcab/Wsrmcab  HTTP/1.1" 200 43465
172.22.2.4 - - [07/May/2023:12:22:17 -0500] "GET /BLA/boletinlegal/consulta_actos.php?tipo=autos&no=4840&usuario=&sector=&fecha=2018&resuelve= HTTP/1.1" 200 1093
167.94.146.57 - - [07/May/2023:12:22:45 -0500] "GET / HTTP/1.1" 200 319
167.94.146.57 - - [07/May/2023:12:22:45 -0500] "GET / HTTP/1.1" 200 319
167.94.146.57 - - [07/May/2023:12:22:45 -0500] "PRI * HTTP/2.0" 400 946
167.94.146.57 - - [07/May/2023:12:22:46 -0500] "GET /favicon.ico HTTP/1.1" 200 7782
34.90.13.137 - - [07/May/2023:12:23:05 -0500] "GET /inventario-de-emisiones-2020-transporte-publico-sitp-redujo-emisiones-de-pm-2-5-en-un-37.html HTTP/1.1" 200 925
216.245.221.92 - - [07/May/2023:12:23:15 -0500] "HEAD / HTTP/1.1" 200 -
40.77.167.84 - - [07/May/2023:12:24:00 -0500] "GET /images/plantacion-jbb-semana-ambiental-5-junio.jpg HTTP/1.1" 200 90990
40.77.167.84 - - [07/May/2023:12:24:01 -0500] "GET /images/WhatsApp%20Image%202023-04-05%20at%2013.54.41.jpeg HTTP/1.1" 200 210747
179.51.120.22 - - [07/May/2023:12:24:12 -0500] "GET /mujeres-que-reverdecen-secretaria-de-ambiente-anuncia-300-cupos-para-la-tercera-fase-del-programa.html HTTP/1.1" 304 -
172.22.2.4 - - [07/May/2023:12:25:22 -0500] "GET /BLA/boletinlegal/actos.php HTTP/1.1" 200 9682
172.22.2.4 - - [07/May/2023:12:24:03 -0500] "HEAD /BLA/boletinlegal/ HTTP/1.1" 200 -
201.245.192.253 - - [07/May/2023:12:26:02 -0500] "POST /kwsrmcab/Wsrmcab  HTTP/1.1" 200 43465
172.22.2.4 - - [07/May/2023:12:24:53 -0500] "GET /BLA/boletinlegal/ HTTP/1.1" 200 57561
216.245.221.92 - - [07/May/2023:12:28:15 -0500] "HEAD / HTTP/1.1" 200 -
201.245.192.253 - - [07/May/2023:12:29:42 -0500] "POST /kwsrmcab/Wsrmcab HTTP/1.1" 200 43454
201.245.192.253 - - [07/May/2023:12:29:44 -0500] "POST /kwsrmcab/Wsrmcab HTTP/1.1" 200 43008
201.245.192.253 - - [07/May/2023:12:31:01 -0500] "POST /kwsrmcab/Wsrmcab  HTTP/1.1" 200 43465
172.22.2.4 - - [07/May/2023:12:29:53 -0500] "HEAD /BLA/boletinlegal/ HTTP/1.1" 200 -
45.227.254.8 - - [07/May/2023:12:32:15 -0500] "\x03" 400 226
172.22.2.4 - - [07/May/2023:12:30:43 -0500] "GET /BLA/boletinlegal/ HTTP/1.1" 200 52326
216.245.221.92 - - [07/May/2023:12:33:15 -0500] "HEAD / HTTP/1.1" 200 -
201.245.192.253 - - [07/May/2023:12:36:00 -0500] "POST /kwsrmcab/Wsrmcab  HTTP/1.1" 200 43465
172.22.2.4 - - [07/May/2023:12:35:43 -0500] "HEAD /BLA/boletinlegal/ HTTP/1.1" 200 -
172.22.2.4 - - [07/May/2023:12:37:23 -0500] "GET /BLA/boletinlegal/actos.php HTTP/1.1" 200 9682
66.249.70.207 - - [07/May/2023:12:38:06 -0500] "-" 408 -
172.22.2.4 - - [07/May/2023:12:36:33 -0500] "GET /BLA/boletinlegal/ HTTP/1.1" 200 59656
216.245.221.92 - - [07/May/2023:12:38:15 -0500] "HEAD / HTTP/1.1" 200 -
201.245.192.253 - - [07/May/2023:12:39:42 -0500] "POST /kwsrmcab/Wsrmcab HTTP/1.1" 200 43454
201.245.192.253 - - [07/May/2023:12:39:45 -0500] "POST /kwsrmcab/Wsrmcab HTTP/1.1" 200 43008
40.77.167.94 - - [07/May/2023:12:40:19 -0500] "GET /BLA/resoluciones/AUTOS%202023/0403.pdf HTTP/1.1" 200 443090
40.77.167.94 - - [07/May/2023:12:40:20 -0500] "GET /BLA/resoluciones/RESOLUCIONES%202022/0371.pdf HTTP/1.1" 304 -
40.77.167.94 - - [07/May/2023:12:40:20 -0500] "GET /galeria/galeria/jquery.fancybox.css?v=2.1.5 HTTP/1.1" 200 4895
40.77.167.103 - - [07/May/2023:12:40:26 -0500] "GET /galeria/galeria/jquery.fancybox.js?v=2.1.5 HTTP/1.1" 200 48706
201.245.192.253 - - [07/May/2023:12:40:59 -0500] "POST /kwsrmcab/Wsrmcab  HTTP/1.1" 200 43465
74.125.151.170 - - [07/May/2023:12:43:05 -0500] "GET / HTTP/1.1" 200 4720
172.22.2.4 - - [07/May/2023:12:41:33 -0500] "HEAD /BLA/boletinlegal/ HTTP/1.1" 200 -
216.245.221.92 - - [07/May/2023:12:43:15 -0500] "HEAD / HTTP/1.1" 200 -
172.22.2.4 - - [07/May/2023:12:42:23 -0500] "GET /BLA/boletinlegal/ HTTP/1.1" 200 57561
181.55.21.21 - - [07/May/2023:12:44:54 -0500] "GET /galeria/galeria/jquery.fancybox.css?v=2.1.5 HTTP/1.1" 200 4895
181.55.21.21 - - [07/May/2023:12:44:54 -0500] "GET /BLA/boletinlegal/js/jquery.scrollShow.js HTTP/1.1" 200 4586
181.55.21.21 - - [07/May/2023:12:44:55 -0500] "GET /galeria/galeria/jquery.fancybox.js?v=2.1.5 HTTP/1.1" 200 48706
201.245.192.253 - - [07/May/2023:12:45:58 -0500] "POST /kwsrmcab/Wsrmcab  HTTP/1.1" 200 43465
152.203.182.15 - - [07/May/2023:12:47:36 -0500] "GET /BLA/resoluciones/ HTTP/1.1" 200 13502
152.203.182.15 - - [07/May/2023:12:47:39 -0500] "GET /BLA/resoluciones/index.php?dir=AUTOS+2020%2F HTTP/1.1" 200 328612
152.203.182.15 - - [07/May/2023:12:47:43 -0500] "GET /BLA/resoluciones/AUTOS%202020/3248.pdf HTTP/1.1" 200 384499
172.22.2.4 - - [07/May/2023:12:46:54 -0500] "GET /BLA/boletinlegal/ HTTP/1.1" 200 36811
216.245.221.92 - - [07/May/2023:12:48:15 -0500] "HEAD / HTTP/1.1" 200 -
34.32.182.52 - - [07/May/2023:12:48:45 -0500] "GET /inventario-de-emisiones-2020-transporte-publico-sitp-redujo-emisiones-de-pm-2-5-en-un-37.html HTTP/1.1" 200 925
172.22.2.4 - - [07/May/2023:12:47:23 -0500] "HEAD /BLA/boletinlegal/ HTTP/1.1" 200 -
172.22.2.4 - - [07/May/2023:12:48:13 -0500] "GET /BLA/boletinlegal/ HTTP/1.1" 200 59306
172.22.2.4 - - [07/May/2023:12:50:07 -0500] "GET /BLA/boletinlegal/jurisprudencia/analisis/AnalisisT-606-15.docx HTTP/1.1" 200 26698
172.22.2.4 - - [07/May/2023:12:50:08 -0500] "GET /BLA/boletinlegal/apple-touch-icon-120x120-precomposed.png HTTP/1.1" 404 1140
172.22.2.4 - - [07/May/2023:12:50:08 -0500] "GET /BLA/boletinlegal/apple-touch-icon-120x120.png HTTP/1.1" 404 1140
172.22.2.4 - - [07/May/2023:12:50:08 -0500] "GET /BLA/boletinlegal/apple-touch-icon-precomposed.png HTTP/1.1" 404 1140
172.22.2.4 - - [07/May/2023:12:50:08 -0500] "GET /BLA/boletinlegal/apple-touch-icon.png HTTP/1.1" 404 1140
172.22.2.4 - - [07/May/2023:12:50:08 -0500] "GET /BLA/boletinlegal/favicon.ico HTTP/1.1" 404 1140
172.22.2.4 - - [07/May/2023:12:50:08 -0500] "GET /BLA/boletinlegal/apple-touch-icon-120x120-precomposed.png HTTP/1.1" 404 1140
172.22.2.4 - - [07/May/2023:12:50:08 -0500] "GET /BLA/boletinlegal/apple-touch-icon-120x120.png HTTP/1.1" 404 1140
172.22.2.4 - - [07/May/2023:12:50:08 -0500] "GET /BLA/boletinlegal/apple-touch-icon-precomposed.png HTTP/1.1" 404 1140
172.22.2.4 - - [07/May/2023:12:50:08 -0500] "GET /BLA/boletinlegal/apple-touch-icon.png HTTP/1.1" 404 1140
172.22.2.4 - - [07/May/2023:12:50:08 -0500] "GET /BLA/boletinlegal/favicon.ico HTTP/1.1" 404 1140
201.245.192.253 - - [07/May/2023:12:50:57 -0500] "POST /kwsrmcab/Wsrmcab  HTTP/1.1" 200 43465
216.245.221.92 - - [07/May/2023:12:53:15 -0500] "HEAD / HTTP/1.1" 200 -
172.22.2.4 - - [07/May/2023:12:53:13 -0500] "HEAD /BLA/boletinlegal/ HTTP/1.1" 200 -
172.22.2.4 - - [07/May/2023:12:54:03 -0500] "GET /BLA/boletinlegal/ HTTP/1.1" 200 57561
201.245.192.253 - - [07/May/2023:12:55:56 -0500] "POST /kwsrmcab/Wsrmcab  HTTP/1.1" 200 43465
35.204.62.178 - - [07/May/2023:12:56:41 -0500] "GET /inventario-de-emisiones-2020-transporte-publico-sitp-redujo-emisiones-de-pm-2-5-en-un-37.html HTTP/1.1" 200 925
216.245.221.92 - - [07/May/2023:12:58:15 -0500] "HEAD / HTTP/1.1" 200 -
17.241.219.120 - - [07/May/2023:12:58:23 -0500] "-" 408 -
34.147.86.107 - - [07/May/2023:12:59:35 -0500] "GET /inventario-de-emisiones-2020-transporte-publico-sitp-redujo-emisiones-de-pm-2-5-en-un-37.html HTTP/1.1" 200 925
162.55.43.55 - - [07/May/2023:12:59:53 -0500] "GET / HTTP/1.1" 200 319
172.22.2.4 - - [07/May/2023:12:59:03 -0500] "HEAD /BLA/boletinlegal/ HTTP/1.1" 200 -
201.245.192.253 - - [07/May/2023:13:00:54 -0500] "POST /kwsrmcab/Wsrmcab  HTTP/1.1" 200 43465
172.22.2.4 - - [07/May/2023:12:59:53 -0500] "GET /BLA/boletinlegal/ HTTP/1.1" 200 59306
216.245.221.92 - - [07/May/2023:13:03:15 -0500] "HEAD / HTTP/1.1" 200 -
201.245.192.253 - - [07/May/2023:13:05:53 -0500] "POST /kwsrmcab/Wsrmcab  HTTP/1.1" 200 43465
172.22.2.4 - - [07/May/2023:13:04:53 -0500] "HEAD /BLA/boletinlegal/ HTTP/1.1" 200 -
172.22.2.4 - - [07/May/2023:13:05:43 -0500] "GET /BLA/boletinlegal/ HTTP/1.1" 200 57561
152.203.182.15 - - [07/May/2023:13:07:57 -0500] "GET /BLA/resoluciones/ HTTP/1.1" 200 13502
152.203.182.15 - - [07/May/2023:13:08:00 -0500] "GET /BLA/resoluciones/index.php?dir=AUTOS+2020%2F HTTP/1.1" 200 328612
186.147.40.120 - - [07/May/2023:13:08:09 -0500] "GET /galeria/galeria/jquery.fancybox.css?v=2.1.5 HTTP/1.1" 200 4895
186.147.40.120 - - [07/May/2023:13:08:09 -0500] "GET /BLA/boletinlegal/js/jquery.scrollShow.js HTTP/1.1" 200 4586
186.147.40.120 - - [07/May/2023:13:08:09 -0500] "GET /galeria/galeria/jquery.fancybox.js?v=2.1.5 HTTP/1.1" 200 48706
216.245.221.92 - - [07/May/2023:13:08:15 -0500] "HEAD / HTTP/1.1" 200 -
172.22.2.4 - - [07/May/2023:13:07:23 -0500] "GET /BLA/boletinlegal/ HTTP/1.1" 200 53195
40.77.167.103 - - [07/May/2023:13:08:57 -0500] "GET /BLA/resoluciones/AUTOS%202020/0041.pdf HTTP/1.1" 200 320189
34.91.64.103 - - [07/May/2023:13:09:54 -0500] "GET /inventario-de-emisiones-2020-transporte-publico-sitp-redujo-emisiones-de-pm-2-5-en-un-37.html HTTP/1.1" 200 925
201.245.192.253 - - [07/May/2023:13:10:52 -0500] "POST /kwsrmcab/Wsrmcab  HTTP/1.1" 200 43465
179.33.126.55 - - [07/May/2023:13:11:17 -0500] "GET /galeria/galeria/jquery.fancybox.css?v=2.1.5 HTTP/1.1" 200 4895
179.33.126.55 - - [07/May/2023:13:11:18 -0500] "GET /BLA/boletinlegal/js/jquery.scrollShow.js HTTP/1.1" 200 4586
179.33.126.55 - - [07/May/2023:13:11:19 -0500] "GET /galeria/galeria/jquery.fancybox.js?v=2.1.5 HTTP/1.1" 200 48706
172.22.2.4 - - [07/May/2023:13:10:43 -0500] "HEAD /BLA/boletinlegal/ HTTP/1.1" 200 -
172.22.2.4 - - [07/May/2023:13:11:33 -0500] "GET /BLA/boletinlegal/ HTTP/1.1" 200 57561
216.245.221.92 - - [07/May/2023:13:13:15 -0500] "HEAD / HTTP/1.1" 200 -
201.245.192.253 - - [07/May/2023:13:15:51 -0500] "POST /kwsrmcab/Wsrmcab  HTTP/1.1" 200 43465
170.64.165.236 - - [07/May/2023:13:16:31 -0500] "GET /portaldeninos/ HTTP/1.1" 200 110197
191.156.235.5 - - [07/May/2023:13:17:01 -0500] "GET /agendate-para-participar-en-las-caminatas-ecologicas-de-febrero.html HTTP/1.1" 200 830
172.22.2.4 - - [07/May/2023:13:16:33 -0500] "HEAD /BLA/boletinlegal/ HTTP/1.1" 200 -
216.245.221.92 - - [07/May/2023:13:18:15 -0500] "HEAD / HTTP/1.1" 200 -
191.156.154.8 - - [07/May/2023:13:18:37 -0500] "GET /BLA/boletinlegal/js/jquery.scrollShow.js HTTP/1.1" 200 4586
191.156.154.36 - - [07/May/2023:13:18:37 -0500] "GET /galeria/galeria/jquery.fancybox.css?v=2.1.5 HTTP/1.1" 200 4895
191.156.153.224 - - [07/May/2023:13:18:38 -0500] "GET /galeria/galeria/jquery.fancybox.js?v=2.1.5 HTTP/1.1" 200 48706
172.22.2.4 - - [07/May/2023:13:17:23 -0500] "GET /BLA/boletinlegal/ HTTP/1.1" 200 57945
40.77.167.86 - - [07/May/2023:13:19:16 -0500] "GET /Publicaciones/2023EE73551.pdf HTTP/1.1" 404 227
40.77.167.86 - - [07/May/2023:13:19:17 -0500] "GET /Publicaciones/2022EE137879.pdf HTTP/1.1" 404 228
201.245.192.253 - - [07/May/2023:13:19:41 -0500] "POST /kwsrmcab/Wsrmcab HTTP/1.1" 200 43451
201.245.192.253 - - [07/May/2023:13:19:44 -0500] "POST /kwsrmcab/Wsrmcab HTTP/1.1" 200 42866
201.245.192.253 - - [07/May/2023:13:20:49 -0500] "POST /kwsrmcab/Wsrmcab  HTTP/1.1" 200 43465
216.245.221.92 - - [07/May/2023:13:23:15 -0500] "HEAD / HTTP/1.1" 200 -
40.77.167.103 - - [07/May/2023:13:23:37 -0500] "GET /Publicaciones/2023EE66896.pdf HTTP/1.1" 404 227
186.84.20.162 - - [07/May/2023:13:23:53 -0500] "GET /mujeres-que-reverdecen-secretaria-de-ambiente-anuncia-el-inicio-de-la-tercera-fase.html HTTP/1.1" 200 954
172.22.2.4 - - [07/May/2023:13:22:23 -0500] "HEAD /BLA/boletinlegal/ HTTP/1.1" 200 -
172.22.2.4 - - [07/May/2023:13:23:13 -0500] "GET /BLA/boletinlegal/ HTTP/1.1" 200 56287
40.77.167.103 - - [07/May/2023:13:25:05 -0500] "GET /BLA/resoluciones/AUTOS%202023/0101.pdf HTTP/1.1" 200 416401
201.245.192.253 - - [07/May/2023:13:25:48 -0500] "POST /kwsrmcab/Wsrmcab  HTTP/1.1" 200 43465
172.22.2.4 - - [07/May/2023:13:27:02 -0500] "GET /BLA/boletinlegal/robots.txt HTTP/1.1" 404 1038
216.245.221.92 - - [07/May/2023:13:28:15 -0500] "HEAD / HTTP/1.1" 200 -
201.245.192.253 - - [07/May/2023:13:29:42 -0500] "POST /kwsrmcab/Wsrmcab HTTP/1.1" 200 43451
201.245.192.253 - - [07/May/2023:13:29:45 -0500] "POST /kwsrmcab/Wsrmcab HTTP/1.1" 200 42866
172.22.2.4 - - [07/May/2023:13:28:13 -0500] "HEAD /BLA/boletinlegal/ HTTP/1.1" 200 -
35.204.62.178 - - [07/May/2023:13:30:01 -0500] "GET /inventario-de-emisiones-2020-transporte-publico-sitp-redujo-emisiones-de-pm-2-5-en-un-37.html HTTP/1.1" 200 925
172.22.2.4 - - [07/May/2023:13:29:03 -0500] "GET /BLA/boletinlegal/ HTTP/1.1" 200 57561
201.245.192.253 - - [07/May/2023:13:30:47 -0500] "POST /kwsrmcab/Wsrmcab  HTTP/1.1" 200 43465
191.156.149.174 - - [07/May/2023:13:31:07 -0500] "GET /el-proximo-13-de-mayo-participa-del-global-big-day.html HTTP/1.1" 200 736
216.245.221.92 - - [07/May/2023:13:33:15 -0500] "HEAD / HTTP/1.1" 200 -
35.204.62.178 - - [07/May/2023:13:34:45 -0500] "GET /inventario-de-emisiones-2020-transporte-publico-sitp-redujo-emisiones-de-pm-2-5-en-un-37.html HTTP/1.1" 200 925
172.22.2.4 - - [07/May/2023:13:34:03 -0500] "HEAD /BLA/boletinlegal/ HTTP/1.1" 200 -
201.245.192.253 - - [07/May/2023:13:35:46 -0500] "POST /kwsrmcab/Wsrmcab  HTTP/1.1" 200 43465
172.22.2.4 - - [07/May/2023:13:34:53 -0500] "GET /BLA/boletinlegal/ HTTP/1.1" 200 55571
172.22.2.4 - - [07/May/2023:13:36:59 -0500] "GET /BLA/boletinlegal/consulta_actos.php?tipo=autos&no=2990&usuario=&sector=&fecha=2018&resuelve= HTTP/1.1" 200 1328
216.245.221.92 - - [07/May/2023:13:38:15 -0500] "HEAD / HTTP/1.1" 200 -
66.249.70.168 - - [07/May/2023:13:38:47 -0500] "-" 408 -
35.204.20.221 - - [07/May/2023:13:39:07 -0500] "GET /inventario-de-emisiones-2020-transporte-publico-sitp-redujo-emisiones-de-pm-2-5-en-un-37.html HTTP/1.1" 200 925
201.245.192.253 - - [07/May/2023:13:39:41 -0500] "POST /kwsrmcab/Wsrmcab HTTP/1.1" 200 43451
201.245.192.253 - - [07/May/2023:13:39:44 -0500] "POST /kwsrmcab/Wsrmcab HTTP/1.1" 200 42866
208.67.105.145 - - [07/May/2023:13:40:05 -0500] "POST / HTTP/1.1" 200 319
208.67.105.145 - - [07/May/2023:13:40:05 -0500] "GET /.env HTTP/1.1" 404 1018
172.22.2.4 - - [07/May/2023:13:40:26 -0500] "GET /BLA/boletinlegal/actos.php HTTP/1.1" 200 9682
172.22.2.4 - - [07/May/2023:13:40:28 -0500] "GET /BLA/boletinlegal/favicon.ico HTTP/1.1" 404 1326
201.245.192.253 - - [07/May/2023:13:40:45 -0500] "POST /kwsrmcab/Wsrmcab  HTTP/1.1" 200 43465
172.22.2.4 - - [07/May/2023:13:40:56 -0500] "GET /BLA/boletinlegal/consulta_actos.php?tipo=autos&no=1350&usuario=&sector=&fecha=2014&resuelve= HTTP/1.1" 200 1122
172.22.2.4 - - [07/May/2023:13:40:56 -0500] "GET /BLA/boletinlegal/images/pdf.gif HTTP/1.1" 200 567
186.80.199.188 - - [07/May/2023:13:41:01 -0500] "GET /BLA/resoluciones/ HTTP/1.1" 200 13502
186.80.199.188 - - [07/May/2023:13:41:05 -0500] "GET /BLA/resoluciones/index.php?dir=AUTOS+2014%2F HTTP/1.1" 200 890036
172.22.2.4 - - [07/May/2023:13:40:21 -0500] "GET /BLA/boletinlegal/ HTTP/1.1" 200 24523
186.80.199.188 - - [07/May/2023:13:41:09 -0500] "GET /BLA/resoluciones/dlf/unknown.png HTTP/1.1" 200 266
186.80.199.188 - - [07/May/2023:13:41:12 -0500] "GET /BLA/resoluciones/AUTOS%202014/0358.pdf HTTP/1.1" 200 611217
172.22.2.4 - - [07/May/2023:13:39:53 -0500] "HEAD /BLA/boletinlegal/ HTTP/1.1" 200 -
172.22.2.4 - - [07/May/2023:13:40:43 -0500] "GET /BLA/boletinlegal/ HTTP/1.1" 200 50283
