172.22.2.4 - - [07/May/2023:20:51:47 -0500] "GET /BLA/boletinlegal/consulta_actos.php?tipo=autos&no=5211&usuario=&sector=&fecha=2017&resuelve= HTTP/1.1" 200 1080
172.22.2.4 - - [07/May/2023:20:52:02 -0500] "GET /BLA/boletinlegal/actos.php HTTP/1.1" 200 9682
172.22.2.4 - - [07/May/2023:20:51:32 -0500] "HEAD /BLA/boletinlegal/ HTTP/1.1" 200 -
216.245.221.92 - - [07/May/2023:20:53:13 -0500] "HEAD / HTTP/1.1" 200 -
34.90.62.76 - - [07/May/2023:20:53:54 -0500] "GET /inventario-de-emisiones-2020-transporte-publico-sitp-redujo-emisiones-de-pm-2-5-en-un-37.html HTTP/1.1" 200 925
172.22.2.4 - - [07/May/2023:20:54:00 -0500] "GET /BLA/boletinlegal/jurisprudencia/analisis/AnalisisC-746-12.docx HTTP/1.1" 200 22637
172.22.2.4 - - [07/May/2023:20:52:22 -0500] "GET /BLA/boletinlegal/ HTTP/1.1" 200 57151
201.245.192.253 - - [07/May/2023:20:54:02 -0500] "POST /kwsrmcab/Wsrmcab  HTTP/1.1" 200 43465
186.28.105.81 - - [07/May/2023:20:56:10 -0500] "GET /forest/ HTTP/1.1" 200 12041
186.28.105.81 - - [07/May/2023:20:56:15 -0500] "POST /forest/index.php HTTP/1.1" 200 12268
35.204.62.178 - - [07/May/2023:20:56:46 -0500] "GET /inventario-de-emisiones-2020-transporte-publico-sitp-redujo-emisiones-de-pm-2-5-en-un-37.html HTTP/1.1" 200 925
186.155.14.159 - - [07/May/2023:20:57:29 -0500] "GET /agendate-para-participar-en-las-caminatas-ecologicas-de-febrero.html HTTP/1.1" 304 -
173.252.79.3 - - [07/May/2023:20:57:46 -0500] "GET /images/visita-suspension-humedal-techo-24-mayo.jpg HTTP/1.1" 200 57365
216.245.221.92 - - [07/May/2023:20:58:14 -0500] "HEAD / HTTP/1.1" 200 -
172.22.2.4 - - [07/May/2023:20:57:22 -0500] "HEAD /BLA/boletinlegal/ HTTP/1.1" 200 -
201.245.192.253 - - [07/May/2023:20:59:01 -0500] "POST /kwsrmcab/Wsrmcab  HTTP/1.1" 200 43465
172.22.2.4 - - [07/May/2023:20:58:12 -0500] "GET /BLA/boletinlegal/ HTTP/1.1" 200 57561
34.32.182.52 - - [07/May/2023:20:59:55 -0500] "GET /inventario-de-emisiones-2020-transporte-publico-sitp-redujo-emisiones-de-pm-2-5-en-un-37.html HTTP/1.1" 200 925
172.22.2.4 - - [07/May/2023:21:00:43 -0500] "GET /BLA/boletinlegal/actos.php HTTP/1.1" 200 9682
172.22.2.4 - - [07/May/2023:21:00:45 -0500] "GET /BLA/boletinlegal/normativa.php HTTP/1.1" 200 8343
172.22.2.4 - - [07/May/2023:21:00:45 -0500] "GET /BLA/boletinlegal/js/ajax_normativa.js HTTP/1.1" 200 1154
172.22.2.4 - - [07/May/2023:21:01:02 -0500] "GET /BLA/boletinlegal/consulta_normativa.php?tipo=Decreto&sector=silvicultura&ano=2018&resuelve= HTTP/1.1" 200 874
172.22.2.4 - - [07/May/2023:21:01:02 -0500] "GET /BLA/boletinlegal/images/docs.png HTTP/1.1" 200 10288
181.55.68.56 - - [07/May/2023:21:01:09 -0500] "GET /BLA/resoluciones/Decretos/Decreto%20383%20de%202018.pdf HTTP/1.1" 200 2064587
181.55.68.56 - - [07/May/2023:21:01:09 -0500] "GET /favicon.ico HTTP/1.1" 200 7782
172.22.2.4 - - [07/May/2023:21:00:39 -0500] "GET /BLA/boletinlegal/ HTTP/1.1" 200 24523
186.102.35.205 - - [07/May/2023:21:01:17 -0500] "OPTIONS /kwssiamovil/sm/setfile/f? HTTP/1.1" 200 13
186.102.35.205 - - [07/May/2023:21:01:17 -0500] "POST /kwssiamovil/sm/setfile/f? HTTP/1.1" 200 381
186.102.35.205 - - [07/May/2023:21:01:19 -0500] "OPTIONS /kwssiamovil/sm/setfile/f? HTTP/1.1" 200 13
186.102.35.205 - - [07/May/2023:21:01:19 -0500] "POST /kwssiamovil/sm/setfile/f? HTTP/1.1" 200 381
186.102.35.205 - - [07/May/2023:21:01:28 -0500] "GET /kwssiamovil/sm/acme/a?s=U2FsdGVkX18Vq0ihR7qGdBm9ZcdYC46oLB8hQChbeX0O4QHVdvDkO9l6ckMiFQDIn4ppMhKz2tRKZ047l/sUmIgP5n+kSZqfOi03ljBP/hstiCZsUx/z8DLHiluLh/bq+yPVtPM79J6Ar2kLis1dT5WdfIPhTuXGQvHK93ImuX82qM3qgoo9O+oxHdf89yLr02iAg8CteuAKjB+kgD8fSpn6t3dgRTFSEHpwd9ulUGk0o9NEStLAS3jpl6ocA8Ono/zbpT6/yuBioiLfAOueww==&u=U2FsdGVkX18wce61RkocMmZvzWszLPeisxSUwqvQpcw=&y=U2FsdGVkX190Og/uBn16EkLNTk14u02QSqKlwQH+YaE= HTTP/1.1" 200 26
186.102.35.205 - - [07/May/2023:21:01:29 -0500] "GET /kwssiamovil/sm/acme/a?s=U2FsdGVkX197qbppKH3qB5UVFU+I3Cj69gO65SL6zLPbzsYiS6G2XyFON0TqSbVT1HIroq9AbL+J5VcqMqMgawYLxRxH1Kc7UouEtzk0Ceqj2lJHUxrNKt08Q4FqSm0+ylT2sYDV6LehX6jPji0lzJAUpPuoLdU3RS0Rk4RXo52Q2A6ZTx4US3iIMo5RUcHiJeW8/VX0Y63uP8C2l48nfG8Vt7p74K1DcKdRCmE205UVcSD9fazW1L9Z2BXbA7l+hoHyXSVWof7yJeYXF3eduI/OIdcVlSaMKzc53MM2fPJJbPx7DDV8EJ6+4LuC7gD1Nz1hqSiRv7tHB8PzWDFsHoyMYbbs7ADS2BrXjpPzNthlV1OWou+j94j3jhTS+gITB7UgIONqh82AZeiyycmJvhfVrhSN6RIuLR6oSswT+o+BBnYcdyfbQwrRGnYurtTiZmdGJ+TEq+ucphS5FQ7tH69lYDw10Z9L17ju1q8KACETHJsECqt3+P0BdH0KKk5CwOe/T3gwxh/LV67qI+gcb7HWNpLAk+lBCCfaWP54fwff31Lu/qaYXDyy1eMecM79RlW2OlQpvOBaX4e87nAL+PBijvBtSFeR53/1BFM/1Q84m2ZVY4nKJ2F6330R+XixhvY7Oo4f+6MSbiKmoCVNhm3efhvNh80LFkmJUrYLNWuFhABlgnaJEkvOtX1SKzPUbt5UZWDbZT9f1viXe6F6BYu458EYmSAY4QSRcGuUQnGgO/Bn4WJo0QXTso22XBTxyFyRtBTrzI+8to2XNyi9oKxyeBgmczsrTYeHbriijK+SPPG7Mz1XrhbdqP2slj6NOsnHLRhd8y9EiFY2ju1uLPSollieZfhpdWL0FGkkNLiZKUhEONmZjFJrQctZkBf+1E8y4acQ3H/o9RXPWQVGqhAkalPbk4ugPz+P20HGZsC+64KczBkZf4AY0xXx4mcFCG6KG4wgo+waIpftR1ksLtrq3BiXDUNfgY1lRgetY/8xI3LYiARKsAVE1m28wP83RTuEnxQNo4TX3vtMMbIZWDrQ0PLeLhGmEjx9K92tVdLEpNWrdw0b9J4UQNMTYRGonAj9uRmm6FoAdkyYJbyLTCXphhOVacu2I8T4KjpfleCgVwGwL9nGLt2jm/RCqphLzUQX2dqUXPKGiTQev8GUqNwXe8Tjx4xfik8DgkEBpCUFF8XFLfOM5Uo6ENvu9NUBXSMzswDobklJwQXyQP67IPdzAbkZjnosnSE3+VVYZDtRQyXxi8tquMn+GrJTaSsA6KMW9ByXbKnyMHCbhLZ9YVHdXwP+Pqv37KZeeyufZdHoO9oDoGpbTOgiOJID9fWFrdj+7ja1ON6+rCWC6jS3hcljsAzciHMgBLJMQxvUivJg9t1xtkIj4DH1pt3QQteeekHwgTfYQgplnyCvQpCkZWFH+dF//k1QUxGaJL85I8khENOYOWAhTvBGD8jtgt2C28YJcKeMUCOr4oYYlClGi7IPj5Vpn7yAYJFR8OmQB9j0FlzFUnyAeAOF5OnGL4pijDn/XTGt49W7v68t02GvL2vw/M15gMElNWCRSIPRmtYltZVXdti/S2zKLH9vS6wW7pdmS8fq4yfZe5Wvc532abgT4aWEtHHaVMeyKDqaCiWl0I3A8wjKhp8HR60z8gOzn5jfuAzcH0LspU/tR9LAQkr5YaylbwesK66vsCCLPRRP3lKmkx1vMUPdHlWGhF7Rr0r2mXwaIlBIRE2Kgad5Sa7wa8PRlloplZZzLf08h7Nr10U7/PI3tCzcyMbbcDgg/AlbVsMgE2plsNszKnpdb8JGYF6i6vGB5kC3iJ+lQmRdtZCxsllA5D3+g6G64qeUobXISIXZR1sDKw/9SKfVLM4i+yOh+YsaVp10yAq/3Q94GLHsQQgsXlIzN37RQfxyGy3tR5ZfY5QuVAgI1tXXKHz9SnESa1YFrOFmfEu6MTg/VHXHnnQ+OY6AkIop2TJzsd2Tf40aqkJvduZ7vSJtTVXIeBDJDx5czxFMptBqJFrqKQBF1LMRs8r2NFzURq36u+Dqwd1gFcP38eEiyQ+BBQVquFcaMEm9JCEOOT9AkrEncapmbVPicF2fEaPdffj7itIy4HbfdRzogwHA6mlhkK1hVsZBBKJPJBHhw5nhdSd6OTvT7gP1C7OqWA+cwfLCtCe+4u4uhg7y7M0b7jxyw+Yc0bmsgzU5iLFrhy56/SGbfUsNihFPz6NYRg16BQMIdHunMx3jq07Su5TiOVAZ87G/huqGqaMcNdfSoeEnlKj0sRvz//c+vE9JExwfHIKqBB+gVbccQZghe96D2oVsZlo9ggaLSvU4UsFSIyKYgmIAMS9UwZTsc49b8LE9ZWTHtMSU0swEvtIbjtg5Tg5nk/irI2vek9RWChQytGJLNjnkHVvhdrn/NcDrQmoN25+ohDVHkBhr8qAtvHOaUsEQndJdi8lJu8Y8EapRIVPEJxdJEkw8yD1dUFqZzLr6vqWn&u=U2FsdGVkX18wce61RkocMmZvzWszLPeisxSUwqvQpcw=&y=U2FsdGVkX190Og/uBn16EkLNTk14u02QSqKlwQH+YaE= HTTP/1.1" 200 26
186.102.35.205 - - [07/May/2023:21:01:29 -0500] "GET /kwssiamovil/sm/acme/a?s=U2FsdGVkX19CknV11MRUvICRZktfisrZKpenJxEWwHQ0B3cUg4OZbBn+9BQjHomuMrFmsRTkSsYrfNirlx/9vpFSppwsjsZ7pltc9QBGX03N2DNNYsl97jxfhzP2mJBuxNNmkXIlrThSV9pryEje81wzuReukl1kAGlzYzntYzg=&u=U2FsdGVkX18wce61RkocMmZvzWszLPeisxSUwqvQpcw=&y=U2FsdGVkX190Og/uBn16EkLNTk14u02QSqKlwQH+YaE= HTTP/1.1" 200 26
186.102.35.205 - - [07/May/2023:21:01:29 -0500] "GET /kwssiamovil/sm/acme/a?s=U2FsdGVkX1/doNY0P7WhiRMby6thJc7M63uiJS9xKSIC6l6Q5Xy57keI7uEBvZXT4W5wEXRJ92SHQPecy1rkvoELp4t2onlsX98YYK+Pl2Sc7HFwnHS5jntlVjjSyQ/NYZokd7u0crDq8Tth518zYKscak9ghyXutxj/q+wqU6U=&u=U2FsdGVkX18wce61RkocMmZvzWszLPeisxSUwqvQpcw=&y=U2FsdGVkX190Og/uBn16EkLNTk14u02QSqKlwQH+YaE= HTTP/1.1" 200 26
186.102.35.205 - - [07/May/2023:21:01:29 -0500] "GET /kwssiamovil/sm/acme/a?s=U2FsdGVkX1+4qlJzsLTUHKDxWWNV5H+wEfSl/8vLXpvzdmSEeiwY68MJGowlMcb/zkEEbApmreVI4mWgIgGwiHgjq+vAxQ1J75di5W/sy5fhhA/1S/yUMMgro3OJHQqeK+Kf1525VYbAeJnuoXXUeRYUpnhC3Un0zrShOrogVKw=&u=U2FsdGVkX18wce61RkocMmZvzWszLPeisxSUwqvQpcw=&y=U2FsdGVkX190Og/uBn16EkLNTk14u02QSqKlwQH+YaE= HTTP/1.1" 200 26
186.102.35.205 - - [07/May/2023:21:01:29 -0500] "GET /kwssiamovil/sm/acme/a?s=U2FsdGVkX1+HTTkun0o5oEObQTnV/0PJ6izxqXUs8BSUUBpPKmXMT+Caf0/gt7A9NGYW7eNblMkuItnec8rL8dCbUsbKZWbPhDLg737BwWFQ2bXaiOVrTpkBxBMI+gQ1GXE2ejBxtGRbqmtUSozS1nKXLRGvkiM2ALqX+P/dte1VSFY5ymg3i01mJxYvUr0x&u=U2FsdGVkX18wce61RkocMmZvzWszLPeisxSUwqvQpcw=&y=U2FsdGVkX190Og/uBn16EkLNTk14u02QSqKlwQH+YaE= HTTP/1.1" 200 26
186.102.35.205 - - [07/May/2023:21:01:30 -0500] "GET /kwssiamovil/sm/acme/a?s=U2FsdGVkX1/KZaQp0wyx2IGkncJ4t5RN4SDmUFT/Z83YrxKDQMoPvp61FyoLyGPS2drKcAQmtbI/jjmJr8QD/SBvCzwo21/RtIe4BY52/GfuBOpyxBcgpE2haIXD3lxeAc182/fjcezfHsmgvAZZ6SckLZQWAXOWOhsc9j/OiJ1C5vNc2BZXbOW8gr8vk2HDMk8egd+yPp+Sb54ILbgfKA==&u=U2FsdGVkX18wce61RkocMmZvzWszLPeisxSUwqvQpcw=&y=U2FsdGVkX190Og/uBn16EkLNTk14u02QSqKlwQH+YaE= HTTP/1.1" 200 26
186.102.35.205 - - [07/May/2023:21:01:30 -0500] "GET /kwssiamovil/sm/acme/a?s=U2FsdGVkX1/zve4lObG0WfeEYznQZ8htraOLjUB8j/kmr1yAIzpyPPu3kkc2D9sss5Vci8v3DTQMJ9TJs3FKZ6aUpDIGp7uNOwV6f8/cgYe6tPcsJXPbEfhIPK18bVe0uzobjxuXDCpzPww/Whx/PlNYaz5zkDnxEVtHOooaFx3LObMyVROI+UIquygZIMupJ2Wki2VdUDgjKGlhnYhP/R/yVXc+0SNwwtqpI1U4EiSAeIVsvDgQiLKEJqLuHeKDnUECMRIP/aI2ZKxvk6IWjg1yiDYjtrEAvvpsWoHkJLbYRx3DOcEcLRvZVsiM+r/f/rwlaWE561o3SbNyAbw4RECj3ZUL7LwjP4t4F4D1xCHI0+/OZlmKAVVgYO8DT146Ju/C49UrenP53R1aA9HkW/AtJR+mqqK3S6+98xcspnX8Au3zso9TPs/N/lKDsdRnfZl/DSGkU5enhIzgYoWws8oIz8RyOZF4bh4eWX612iQWJGdFmyert9WnmHkE7OSexclydS7erYEvtc3IhOPxt2CPYZlLNYghmNmw3yx+Txw=&u=U2FsdGVkX18wce61RkocMmZvzWszLPeisxSUwqvQpcw=&y=U2FsdGVkX190Og/uBn16EkLNTk14u02QSqKlwQH+YaE= HTTP/1.1" 200 25
186.102.35.205 - - [07/May/2023:21:01:30 -0500] "GET /kwssiamovil/sm/acme/a?s=U2FsdGVkX18+Yj8y8HnNYE20jI6EAJKG27AGUkdjEvVTWuHSolWI1KohVdM92CVXM8sg3d7ioLSodeEwQBhjixRykUD90UgtJoObuEdE46jcYIjAupuuu7LcBamlYjc3EfC8qJTiSvfh0vgmRAxX7thmFoXkTnyBxomzR1jELmJCzO3DZxPdF+C4D+/lVlQ4&u=U2FsdGVkX18wce61RkocMmZvzWszLPeisxSUwqvQpcw=&y=U2FsdGVkX190Og/uBn16EkLNTk14u02QSqKlwQH+YaE= HTTP/1.1" 200 26
186.102.35.205 - - [07/May/2023:21:01:30 -0500] "GET /kwssiamovil/sm/acme/a?s=U2FsdGVkX1/HFgsU4x3ytONK+sgehxnX7CgGGU+Qgv9+WwJIF3gXVhew5QzE6qFNm/bOGdBHPamB7+0qIrdm3zJpUCpKlaWv13FVnKvG/6uSgyyfUSxWb7TxrTLZ8oF45WRTtMqKQ6LETiEgUQh9S2BiA2g5Fr0a2EkaNTcm83rGHqfbYqiSQxp+BCvxtOxYOGWl6KZAtpgzEANHL68IEVWQtCi712UvBrFyxoGZAf+BhyrjxhuQmU8YWQA5Vxfh8cLoIt8RfS+Z70PZP438m4HD0gue5b9pm2iqk72cUsCO2Qvp4f3+GEIeKGoLNalHc1hNkNiQybaqhTomn/PK5iWdZf/ewuTNKMxl4OTf0JHhLMmR42rjzjew3uqIsVrUuvY9UT+/HayeDqjWMBzs/E/WO8I2SCMBs4pYsBOmqFWJCn8RHfHHh1ePXxUpeM5Lz2Ue8EmjJXu5+UdebNHNSbcbrrdAJyGWywpC6c2/GcidsdLwxx6vAQVDwGBEyPjk&u=U2FsdGVkX18wce61RkocMmZvzWszLPeisxSUwqvQpcw=&y=U2FsdGVkX190Og/uBn16EkLNTk14u02QSqKlwQH+YaE= HTTP/1.1" 200 25
216.245.221.92 - - [07/May/2023:21:03:13 -0500] "HEAD / HTTP/1.1" 200 -
40.77.167.94 - - [07/May/2023:21:03:14 -0500] "GET /BLA/resoluciones/RESOLUCIONES%202022/2781.pdf HTTP/1.1" 200 360042
45.95.169.240 - - [07/May/2023:21:03:43 -0500] "POST /boaform/admin/formLogin HTTP/1.1" 404 1186
201.245.192.253 - - [07/May/2023:21:04:00 -0500] "POST /kwsrmcab/Wsrmcab  HTTP/1.1" 200 43465
186.102.35.205 - - [07/May/2023:21:04:49 -0500] "GET /kwssiamovil/sm/acme/u?s=U2FsdGVkX181nLdwexWY0QfCzEEeYc0xA/qvrE9ZA5y+1QZu/0raZ/CFok546CugtyOEqsCnSx2RwzD6AzXp0XKnSf6u6lf5nsLO6ZofqXisgczv8rlhVf4G1eOb15qC7h3S3I8jt7g/vVQhGqPaJkwMbb8AubPFSg5wn0jfvs4=&u=U2FsdGVkX18wce61RkocMmZvzWszLPeisxSUwqvQpcw=&y=U2FsdGVkX190Og/uBn16EkLNTk14u02QSqKlwQH+YaE= HTTP/1.1" 200 60
172.22.2.4 - - [07/May/2023:21:03:12 -0500] "HEAD /BLA/boletinlegal/ HTTP/1.1" 200 -
172.22.2.4 - - [07/May/2023:21:04:02 -0500] "GET /BLA/boletinlegal/ HTTP/1.1" 200 57151
52.125.136.237 - - [07/May/2023:21:08:01 -0500] "GET /images/jardines-verticales_optimized.jpeg HTTP/1.1" 200 138197
216.245.221.92 - - [07/May/2023:21:08:13 -0500] "HEAD / HTTP/1.1" 200 -
201.245.192.253 - - [07/May/2023:21:09:00 -0500] "POST /kwsrmcab/Wsrmcab  HTTP/1.1" 200 43465
172.22.2.4 - - [07/May/2023:21:09:02 -0500] "HEAD /BLA/boletinlegal/ HTTP/1.1" 200 -
172.22.2.4 - - [07/May/2023:21:09:52 -0500] "GET /BLA/boletinlegal/ HTTP/1.1" 200 57561
162.55.175.141 - - [07/May/2023:21:12:46 -0500] "GET / HTTP/1.1" 200 319
216.245.221.92 - - [07/May/2023:21:13:13 -0500] "HEAD / HTTP/1.1" 200 -
201.245.192.253 - - [07/May/2023:21:13:58 -0500] "POST /kwsrmcab/Wsrmcab  HTTP/1.1" 200 43465
172.22.2.4 - - [07/May/2023:21:14:51 -0500] "HEAD /BLA/boletinlegal/ HTTP/1.1" 200 -
172.22.2.4 - - [07/May/2023:21:15:44 -0500] "GET /BLA/boletinlegal/ HTTP/1.1" 200 58307
216.245.221.92 - - [07/May/2023:21:18:13 -0500] "HEAD / HTTP/1.1" 200 -
201.245.192.253 - - [07/May/2023:21:18:56 -0500] "POST /kwsrmcab/Wsrmcab  HTTP/1.1" 200 43465
201.245.192.253 - - [07/May/2023:21:19:40 -0500] "POST /kwsrmcab/Wsrmcab HTTP/1.1" 200 42944
201.245.192.253 - - [07/May/2023:21:19:43 -0500] "POST /kwsrmcab/Wsrmcab HTTP/1.1" 200 43267
172.22.2.4 - - [07/May/2023:21:20:19 -0500] "GET /BLA/boletinlegal/actos.php HTTP/1.1" 200 9682
172.22.2.4 - - [07/May/2023:21:20:20 -0500] "GET /BLA/boletinlegal/favicon.ico HTTP/1.1" 404 1326
201.221.172.4 - - [07/May/2023:21:20:22 -0500] "GET /BLA/resoluciones/ HTTP/1.1" 200 13502
172.22.2.4 - - [07/May/2023:21:20:31 -0500] "GET /BLA/boletinlegal/consulta_actos.php?tipo=autos&no=&usuario=&sector=&fecha=2023&resuelve=archivo HTTP/1.1" 200 1509
201.221.172.4 - - [07/May/2023:21:20:38 -0500] "GET /BLA/resoluciones/AUTOS%202023/0400.pdf HTTP/1.1" 200 855837
201.221.172.4 - - [07/May/2023:21:20:39 -0500] "GET /BLA/resoluciones/AUTOS%202023/0400.pdf HTTP/1.1" 206 1025
201.221.172.4 - - [07/May/2023:21:20:39 -0500] "GET /BLA/resoluciones/AUTOS%202023/0400.pdf HTTP/1.1" 200 855837
201.221.172.4 - - [07/May/2023:21:20:41 -0500] "GET /BLA/resoluciones/AUTOS%202023/0003.pdf HTTP/1.1" 200 374251
201.221.172.4 - - [07/May/2023:21:20:42 -0500] "GET /BLA/resoluciones/AUTOS%202023/0003.pdf HTTP/1.1" 200 374251
201.221.172.4 - - [07/May/2023:21:20:42 -0500] "GET /BLA/resoluciones/AUTOS%202023/0003.pdf HTTP/1.1" 206 1025
172.22.2.4 - - [07/May/2023:21:20:46 -0500] "GET /BLA/boletinlegal/consulta_actos.php?tipo=resoluciones&no=&usuario=&sector=&fecha=2023&resuelve=archivo HTTP/1.1" 200 5578
172.22.2.4 - - [07/May/2023:21:20:17 -0500] "GET /BLA/boletinlegal/ HTTP/1.1" 200 24523
172.22.2.4 - - [07/May/2023:21:21:10 -0500] "GET /BLA/boletinlegal/consulta_actos.php?tipo=resoluciones&no=&usuario=&sector=&fecha=2022&resuelve=archivo HTTP/1.1" 200 122772
201.221.172.4 - - [07/May/2023:21:21:36 -0500] "GET /BLA/resoluciones/RESOLUCIONES%202022/3904.pdf HTTP/1.1" 200 3484431
201.221.172.4 - - [07/May/2023:21:21:37 -0500] "GET /BLA/resoluciones/RESOLUCIONES%202022/3904.pdf HTTP/1.1" 200 3484431
201.221.172.4 - - [07/May/2023:21:21:37 -0500] "GET /BLA/resoluciones/RESOLUCIONES%202022/3904.pdf HTTP/1.1" 206 1025
201.221.172.4 - - [07/May/2023:21:21:40 -0500] "GET /BLA/resoluciones/RESOLUCIONES%202022/3903.pdf HTTP/1.1" 200 3437549
201.221.172.4 - - [07/May/2023:21:21:41 -0500] "GET /BLA/resoluciones/RESOLUCIONES%202022/3903.pdf HTTP/1.1" 200 3437549
201.221.172.4 - - [07/May/2023:21:21:41 -0500] "GET /BLA/resoluciones/RESOLUCIONES%202022/3903.pdf HTTP/1.1" 206 1025
172.22.2.4 - - [07/May/2023:21:21:57 -0500] "GET /BLA/boletinlegal/consulta_actos.php?tipo=resoluciones&no=&usuario=&sector=&fecha=2021&resuelve=archivo HTTP/1.1" 200 11516
201.221.172.4 - - [07/May/2023:21:22:09 -0500] "GET /BLA/resoluciones/RESOLUCIONES%202021/2650.pdf HTTP/1.1" 200 3494362
201.221.172.4 - - [07/May/2023:21:22:11 -0500] "GET /BLA/resoluciones/RESOLUCIONES%202021/2650.pdf HTTP/1.1" 206 1025
201.221.172.4 - - [07/May/2023:21:22:11 -0500] "GET /BLA/resoluciones/RESOLUCIONES%202021/2650.pdf HTTP/1.1" 200 3494362
172.22.2.4 - - [07/May/2023:21:20:42 -0500] "HEAD /BLA/boletinlegal/ HTTP/1.1" 200 -
201.221.172.4 - - [07/May/2023:21:22:33 -0500] "GET /BLA/resoluciones/RESOLUCIONES%202021/0977.pdf HTTP/1.1" 200 465646
201.221.172.4 - - [07/May/2023:21:22:33 -0500] "GET /BLA/resoluciones/RESOLUCIONES%202021/0977.pdf HTTP/1.1" 200 465646
201.221.172.4 - - [07/May/2023:21:22:33 -0500] "GET /BLA/resoluciones/RESOLUCIONES%202021/0977.pdf HTTP/1.1" 206 1025
201.221.172.4 - - [07/May/2023:21:22:39 -0500] "GET /BLA/resoluciones/RESOLUCIONES%202021/0977.pdf HTTP/1.1" 206 64512
172.22.2.4 - - [07/May/2023:21:22:48 -0500] "GET /BLA/boletinlegal/consulta_actos.php?tipo=resoluciones&no=&usuario=&sector=&fecha=2020&resuelve=archivo HTTP/1.1" 200 5043
201.221.172.4 - - [07/May/2023:21:22:55 -0500] "GET /BLA/resoluciones/RESOLUCIONES%202020/2585.pdf HTTP/1.1" 200 402976
201.221.172.4 - - [07/May/2023:21:22:56 -0500] "GET /BLA/resoluciones/RESOLUCIONES%202020/2585.pdf HTTP/1.1" 200 402976
201.221.172.4 - - [07/May/2023:21:22:56 -0500] "GET /BLA/resoluciones/RESOLUCIONES%202020/2585.pdf HTTP/1.1" 206 1025
201.221.172.4 - - [07/May/2023:21:23:01 -0500] "GET /BLA/resoluciones/RESOLUCIONES%202020/2585.pdf HTTP/1.1" 206 64512
172.22.2.4 - - [07/May/2023:21:21:32 -0500] "GET /BLA/boletinlegal/ HTTP/1.1" 200 57151
216.245.221.92 - - [07/May/2023:21:23:13 -0500] "HEAD / HTTP/1.1" 200 -
201.245.192.253 - - [07/May/2023:21:23:55 -0500] "POST /kwsrmcab/Wsrmcab  HTTP/1.1" 200 43465
191.103.255.4 - - [07/May/2023:21:23:59 -0500] "-" 408 -
186.102.35.205 - - [07/May/2023:21:24:09 -0500] "OPTIONS /kwssiamovil/sm/setfile/f? HTTP/1.1" 200 13
186.102.35.205 - - [07/May/2023:21:24:09 -0500] "POST /kwssiamovil/sm/setfile/f? HTTP/1.1" 200 381
186.102.35.205 - - [07/May/2023:21:24:26 -0500] "GET /kwssiamovil/sm/acme/a?s=U2FsdGVkX1/7c7D4g5khDTQSYMbQzwrP2G1TDr4/s4dYIkTWtCWEjizxl6BWPjWhII4q3Y2oyLb8hRna/cr9j7td02m29UJgtLLgbiw6MQyNi+suSm8qc5CBivNtuK8JNfmCn78BzMVwYZD8i3+m+5Mm18nQnJ7muRxBBfx0YvNAR3f2iEkZ6ygiK6ujjT4AWLPu5FqaypRNOHf1GFPA9F8y7wjbJ4brwLDJFJUcae3S1WYW6XAHo6PWu501Cj8R0OKe/WUeQSnVs6DTc/AnrA==&u=U2FsdGVkX18wce61RkocMmZvzWszLPeisxSUwqvQpcw=&y=U2FsdGVkX190Og/uBn16EkLNTk14u02QSqKlwQH+YaE= HTTP/1.1" 200 26
186.102.35.205 - - [07/May/2023:21:24:27 -0500] "GET /kwssiamovil/sm/acme/a?s=U2FsdGVkX1/uuqjbPxtcNgGfIoSg2/OlU5TvDSTye39dkv3rK4tRzFz7+yy7wfZVRyevyAYjnT9UxqNGrVM+KkjQEfk6I7sTlMttW4QfNyeX9sa3Z2ZkzuI8/rlXO19m7LbiB58h1kesNQMfwlMqs4x4S3a0BN7r8NW3yU3RdfA+N9DfweKRCgXRO+eSz1YrChcgkaR/eoqeN/TYQwKynqGop2m1eEekCv9aDaSpbe9EPwWwgvzwbd3LjRPLiSJW5de3aI1HTSThXLa55FUT59HlITJ2SugMJsW11oUurd5Wsa3USb1wPYI2tThytjWO2N5a1Xzh7AMhtM6vh83X6xP8snwwb1oSKmw++3H24GuZ8U2RNJmVJuXTmF1fsapFeS+Z5/2NyL685/lSyqodQlDOihGLA43wnF5m8972kpveAdK6D38u/aIhgR4EKueprbVipDwjDBxKCuLUmxssIRqnSIhgrt+M49EU+1V8vEJ5ojNlqW8cEZHAIhq2YHidd9+iSZRAp1oBlBeBajYhUS7sTGpstRUppGcTRFpAEBqGYBv4JTo9bGiSbp6P/k4UYAwtLbIf07YdMl/yzUdDNFu5Qp8wOhX9m3bB7rkfgo2d3+VPRMb32upqDtBwFNBrARAUswqFcsq1Ix6tz1QcIWWeAA+NlS7otXM0BVLiJxJ00PFbIm7D1aCjPrx3h8aLIZVqJMUelMc04u+ox+829QC7icAy7HAgrAB11bvWzrlQVbbcz3wpX1OQ/L8s7iGKQliWVB+b+Z9Q+0OUS+rOBTz88Ua7W26zAyKwepFkc+PPB841+TE++7DxG82ZtN8VzN+xB2FycBk5iGTOc5l1U/xC7HDzM+H0Z5rs7ea6oZisoB9v3HEA5wV2mH9TcgcdF1sjnf8aEr5aTWM5QG6Cy9cWAjSE907arTja8oWI4Ugml2DvzXPGK1sHMIlzFEn5nwackTIwLmKpfkAE3872SN8WVZbg53yW+oYg1+HgRIkWXZnjwhhO6ka30eC2aFVhcstdmpf2IqqYfZoj5uY9HTBt7ekgoaNg7kM6As5HvyqWJI+hKptK4IqjS5u9KUOmtTirvc2gPqqEuP0Js5SkHLQ7lsUVn6RQbWWmzBz8kHXamMcMeO2Vq1M2jKdmLyh8rWwU/srBMgXD6zJ/2AYLC0p5B1Yey0jZtXgcUt7HZccivzolBdf+wvBWRlAzc0qMx7gg43YfnXc79bFcIItQXEJpkHsusJne9q87mbq8pPQF3vlnxFbuBw3qpiQTlWVfU85XwE0pp8x2Uhh+/+y09GNUbQjO0xVCSJQiV11Rh/T48syqTh/RQ4NwnPMNHQQbLFzGROhOnj5scNvqrm7nWrCXdSRKM7B7+DOe5YLOQfhdqCI9A/HzCm8jW5DcyR760dH4aDslKppczAAZ5m7N4GSy38ffU2+D2jCuQoyxV/AgyOL6VGRQPhhVxEQGadgOCT9u97RF+FPQbAIf456zMgyUa8zNh/QsYzRJF6R2jwDo/3a+xWjtyQjrhX6YJ4S3YubEjGXhx27zVcZ1t9LDR+BjCZ2r85cXQg6fC8ziU2CmXkwZS1NQ9Qd8qT4q2rvwh0qtyFNI+xI1rjCTy7PUSYaHDALKk8FFhAxnhMeUHkFiI4ImSHpCvnN1sRJXXOxcZ0V9GnsgIA5XmcZlrqwKty8JL+j6Yryjxvpw+s5wwOY/o/M1jnA9FXzJccr9PguWD2xwQyQur4shuWiiH7JklQ==&u=U2FsdGVkX18wce61RkocMmZvzWszLPeisxSUwqvQpcw=&y=U2FsdGVkX190Og/uBn16EkLNTk14u02QSqKlwQH+YaE= HTTP/1.1" 200 26
186.102.35.205 - - [07/May/2023:21:24:27 -0500] "GET /kwssiamovil/sm/acme/a?s=U2FsdGVkX19wR8FRD20iNIITjGHWDIR+4mXc6lgZUkfcRz2JUkZHwTeNNgY0ig+QEpGWtVshmY9lqHoRhE6Zyjmdciwjxan9MPvs6TjSNA4rVVH+D17V3bKqpsMzEOqTBuIm/AypPpQWfWdM3/RgMIG1VE3VP/I6JtGA8xb//7M=&u=U2FsdGVkX18wce61RkocMmZvzWszLPeisxSUwqvQpcw=&y=U2FsdGVkX190Og/uBn16EkLNTk14u02QSqKlwQH+YaE= HTTP/1.1" 200 26
186.102.35.205 - - [07/May/2023:21:24:27 -0500] "GET /kwssiamovil/sm/acme/a?s=U2FsdGVkX1+QUcHDSOZKPzd9F4vuzGE4SfofWteLzNxkCRC2oEx9eXOM+sRS43BjwxYXcMr/2g+disB0WtDZO+vp0w5tjMjb9wzDEHPBi17daTSrzFIITdF7yjFUJmYLv4olDsGjC51LrXTgtVPUuE4C8l14Bdn1+iNwmIea3H0=&u=U2FsdGVkX18wce61RkocMmZvzWszLPeisxSUwqvQpcw=&y=U2FsdGVkX190Og/uBn16EkLNTk14u02QSqKlwQH+YaE= HTTP/1.1" 200 26
186.102.35.205 - - [07/May/2023:21:24:27 -0500] "GET /kwssiamovil/sm/acme/a?s=U2FsdGVkX1+WsQ7CPbhZIJ8ZZgbEiUjyFcXStInxgOQKtTkzNss6j8dJQlqESycaQ3kbGLGIu4HT03gUgVn2tDY0XecNhbN7NrgkAdszQ4m8kL6NbO42Gpn4buXKZhAZxLBGp7GLMaGwMJUfSkwdrsqptktljT0qWtHC3UfaIuc=&u=U2FsdGVkX18wce61RkocMmZvzWszLPeisxSUwqvQpcw=&y=U2FsdGVkX190Og/uBn16EkLNTk14u02QSqKlwQH+YaE= HTTP/1.1" 200 26
186.102.35.205 - - [07/May/2023:21:24:27 -0500] "GET /kwssiamovil/sm/acme/a?s=U2FsdGVkX1+Yb1wb5e8urLBad6mHwnL87UyOkBdPAaBrOJaNu4BGaDUbOzeDi0Aa9rANGLSXvXwoSvB4VnEPJuu/x1HGgme9qkANNzvsgKT60z1Diyq/KTEl11lukQgP2zRJT19lD3mDazUEfYWAaz1YiKRuvUHmVWhmW8GhVZUV3c7AcBkBI3TYvkDIpZt1&u=U2FsdGVkX18wce61RkocMmZvzWszLPeisxSUwqvQpcw=&y=U2FsdGVkX190Og/uBn16EkLNTk14u02QSqKlwQH+YaE= HTTP/1.1" 200 26
186.102.35.205 - - [07/May/2023:21:24:27 -0500] "GET /kwssiamovil/sm/acme/a?s=U2FsdGVkX1+S4snn8wn6AvAaUnCmHR98X56pYxDa9WkSnpIho2MB041caUwJsiy2zBW+kitI5Ety0IvZuza3lx2CWg6JtPcPA2YhwL/ze4hIYnylF2sxeS9M/l1YVd8xzcj70CD1ehV8pkdWLTaVKUkJUvflcph8kfOSohgU6fVG8Dgd8ToSGjhRqOix3nnN03c4HWrP2UXapKuRpzoM2Q==&u=U2FsdGVkX18wce61RkocMmZvzWszLPeisxSUwqvQpcw=&y=U2FsdGVkX190Og/uBn16EkLNTk14u02QSqKlwQH+YaE= HTTP/1.1" 200 26
186.102.35.205 - - [07/May/2023:21:24:28 -0500] "GET /kwssiamovil/sm/acme/a?s=U2FsdGVkX19ROv/1Wzz+C7RibCvzY3hB0eWPDyPVWu1ApJpZ8uPljOTysRl66lXQ5HfqVum+8kg1HsGFwkr/cxhyrOPpYrzcl6nY7j24IginipKMDiiU4xkv5jpLfyBUawUIX9glOQOAnnTciWetwEq67jtiSpz2ydnoz3W4mtZgioZupbMMK5SG5V1nDlTj&u=U2FsdGVkX18wce61RkocMmZvzWszLPeisxSUwqvQpcw=&y=U2FsdGVkX190Og/uBn16EkLNTk14u02QSqKlwQH+YaE= HTTP/1.1" 200 26
172.22.2.4 - - [07/May/2023:21:25:39 -0500] "GET /BLA/boletinlegal/consulta_actos.php?tipo=resoluciones&no=&usuario=&sector=AIRE&fecha=2023&resuelve= HTTP/1.1" 200 5590
172.22.2.4 - - [07/May/2023:21:25:40 -0500] "GET /BLA/boletinlegal/consulta_actos.php?tipo=resoluciones&no=&usuario=&sector=AIRE&fecha=2023&resuelve= HTTP/1.1" 200 5590
172.22.2.4 - - [07/May/2023:21:25:59 -0500] "GET /BLA/boletinlegal/consulta_actos.php?tipo=resoluciones&no=&usuario=&sector=AIRE&fecha=2022&resuelve= HTTP/1.1" 200 680246
173.252.107.21 - - [07/May/2023:21:26:12 -0500] "GET /secretaria-de-ambiente-exalta-a-personas-y-organizaciones-por-su-destacada-labor-en-la-educacion-ambiental.html HTTP/1.1" 206 972
34.90.62.76 - - [07/May/2023:21:26:36 -0500] "GET /inventario-de-emisiones-2020-transporte-publico-sitp-redujo-emisiones-de-pm-2-5-en-un-37.html HTTP/1.1" 200 925
186.102.35.205 - - [07/May/2023:21:27:57 -0500] "GET /kwssiamovil/sm/acme/u?s=U2FsdGVkX19NAohhBXfu+G/XPYyyND3263080QeML0QRkv9mlIowk8H879g+oa+sJswVqy1fl1pGY+nJicRPkNHkzDPLPlvm/L4I7Tta/gWgahjLy5G9IzykcZygYMfb9Rb4ATKlL7PHwBDqJ4rFez55WLBozpGEcQ7o77coGfc=&u=U2FsdGVkX18wce61RkocMmZvzWszLPeisxSUwqvQpcw=&y=U2FsdGVkX190Og/uBn16EkLNTk14u02QSqKlwQH+YaE= HTTP/1.1" 200 60
172.22.2.4 - - [07/May/2023:21:28:06 -0500] "GET /BLA/boletinlegal/consulta_actos.php?tipo=resoluciones&no=&usuario=&sector=AIRE&fecha=2021&resuelve= HTTP/1.1" 200 264210
172.22.2.4 - - [07/May/2023:21:26:32 -0500] "HEAD /BLA/boletinlegal/ HTTP/1.1" 200 -
216.245.221.92 - - [07/May/2023:21:28:13 -0500] "HEAD / HTTP/1.1" 200 -
201.221.172.4 - - [07/May/2023:21:28:34 -0500] "GET /BLA/resoluciones/RESOLUCIONES%202021/3354.pdf HTTP/1.1" 200 5398156
201.221.172.4 - - [07/May/2023:21:28:36 -0500] "GET /BLA/resoluciones/RESOLUCIONES%202021/3354.pdf HTTP/1.1" 206 1025
201.221.172.4 - - [07/May/2023:21:28:36 -0500] "GET /BLA/resoluciones/RESOLUCIONES%202021/3354.pdf HTTP/1.1" 200 5398156
172.22.2.4 - - [07/May/2023:21:28:43 -0500] "GET /BLA/boletinlegal/consulta_actos.php?tipo=resoluciones&no=&usuario=&sector=AIRE&fecha=2022&resuelve= HTTP/1.1" 200 680246
201.221.172.4 - - [07/May/2023:21:28:52 -0500] "GET /BLA/resoluciones/RESOLUCIONES%202022/3075.pdf HTTP/1.1" 200 6505949
201.221.172.4 - - [07/May/2023:21:28:53 -0500] "GET /BLA/resoluciones/RESOLUCIONES%202022/3075.pdf HTTP/1.1" 200 6505949
201.221.172.4 - - [07/May/2023:21:28:53 -0500] "GET /BLA/resoluciones/RESOLUCIONES%202022/3075.pdf HTTP/1.1" 206 1025
201.245.192.253 - - [07/May/2023:21:28:53 -0500] "POST /kwsrmcab/Wsrmcab  HTTP/1.1" 200 43465
172.22.2.4 - - [07/May/2023:21:27:22 -0500] "GET /BLA/boletinlegal/ HTTP/1.1" 200 57151
201.221.172.4 - - [07/May/2023:21:29:08 -0500] "GET /BLA/resoluciones/RESOLUCIONES%202022/0337.pdf HTTP/1.1" 200 3339067
201.221.172.4 - - [07/May/2023:21:29:09 -0500] "GET /BLA/resoluciones/RESOLUCIONES%202022/0337.pdf HTTP/1.1" 200 3339067
201.221.172.4 - - [07/May/2023:21:29:09 -0500] "GET /BLA/resoluciones/RESOLUCIONES%202022/0337.pdf HTTP/1.1" 206 1025
201.245.192.253 - - [07/May/2023:21:29:40 -0500] "POST /kwsrmcab/Wsrmcab HTTP/1.1" 200 42944
201.245.192.253 - - [07/May/2023:21:29:42 -0500] "POST /kwsrmcab/Wsrmcab HTTP/1.1" 200 43267
186.155.18.34 - - [07/May/2023:21:30:25 -0500] "GET /sipse/faces/faces/autenticacion.xhtml HTTP/1.1" 200 12499
186.155.18.34 - - [07/May/2023:21:30:25 -0500] "GET /sipse/js/disable_browser_buttons.js HTTP/1.1" 304 -
186.155.18.34 - - [07/May/2023:21:30:26 -0500] "GET /sipse/js/funciones.js HTTP/1.1" 304 -
186.155.18.34 - - [07/May/2023:21:30:26 -0500] "GET /sipse/css/custom_css_sg_prime_login.css HTTP/1.1" 304 -
186.155.18.34 - - [07/May/2023:21:30:26 -0500] "GET /sipse/css/custom_css_sg.css HTTP/1.1" 304 -
186.155.18.34 - - [07/May/2023:21:30:26 -0500] "GET /sipse/faces/javax.faces.resource/theme.css?ln=primefaces-sipse HTTP/1.1" 304 -
186.155.18.34 - - [07/May/2023:21:30:26 -0500] "GET /sipse/faces/javax.faces.resource/layout/layout.css;jsessionid=RmpfZHzHMeR7LZUFb4XKLaQc.undefined?ln=primefaces&v=4.0 HTTP/1.1" 200 542
186.155.18.34 - - [07/May/2023:21:30:26 -0500] "GET /sipse/faces/javax.faces.resource/jquery/jquery.js;jsessionid=RmpfZHzHMeR7LZUFb4XKLaQc.undefined?ln=primefaces&v=4.0 HTTP/1.1" 200 105384
186.155.18.34 - - [07/May/2023:21:30:26 -0500] "GET /sipse/faces/javax.faces.resource/primefaces.css;jsessionid=RmpfZHzHMeR7LZUFb4XKLaQc.undefined?ln=primefaces&v=4.0 HTTP/1.1" 200 53295
186.155.18.34 - - [07/May/2023:21:30:26 -0500] "GET /sipse/faces/javax.faces.resource/layout/layout.js;jsessionid=RmpfZHzHMeR7LZUFb4XKLaQc.undefined?ln=primefaces&v=4.0 HTTP/1.1" 200 87560
186.155.18.34 - - [07/May/2023:21:30:26 -0500] "GET /sipse/faces/javax.faces.resource/jquery/jquery-plugins.js;jsessionid=RmpfZHzHMeR7LZUFb4XKLaQc.undefined?ln=primefaces&v=4.0 HTTP/1.1" 200 220526
186.155.18.34 - - [07/May/2023:21:30:26 -0500] "GET /sipse/faces/javax.faces.resource/primefaces.js;jsessionid=RmpfZHzHMeR7LZUFb4XKLaQc.undefined?ln=primefaces&v=4.0 HTTP/1.1" 200 276924
186.155.18.34 - - [07/May/2023:21:30:26 -0500] "GET /sipse/css/imagen/logoSDG.png HTTP/1.1" 304 -
186.155.18.34 - - [07/May/2023:21:30:27 -0500] "GET /sipse/css/imagen/loginimg.png HTTP/1.1" 304 -
186.155.18.34 - - [07/May/2023:21:30:27 -0500] "GET /sipse/faces/javax.faces.resource/images/ui-icons_898989_256x240.png?ln=primefaces-aristo HTTP/1.1" 304 -
186.155.18.34 - - [07/May/2023:21:30:27 -0500] "GET /sipse/faces/faces/index.xhtml HTTP/1.1" 200 677
186.155.18.34 - - [07/May/2023:21:30:28 -0500] "GET /sipse/faces/javax.faces.resource/theme.css?ln=primefaces-sipse HTTP/1.1" 304 -
186.155.18.34 - - [07/May/2023:21:30:28 -0500] "GET /sipse/faces/faces/faces/autenticacion.xhtml HTTP/1.1" 200 12177
186.155.18.34 - - [07/May/2023:21:30:29 -0500] "GET /sipse/faces/javax.faces.resource/primefaces.css?ln=primefaces&v=4.0 HTTP/1.1" 304 -
186.155.18.34 - - [07/May/2023:21:30:29 -0500] "GET /sipse/faces/javax.faces.resource/theme.css?ln=primefaces-sipse HTTP/1.1" 304 -
186.155.18.34 - - [07/May/2023:21:30:29 -0500] "GET /sipse/faces/javax.faces.resource/layout/layout.css?ln=primefaces&v=4.0 HTTP/1.1" 304 -
186.155.18.34 - - [07/May/2023:21:30:29 -0500] "GET /sipse/faces/javax.faces.resource/jquery/jquery.js?ln=primefaces&v=4.0 HTTP/1.1" 304 -
186.155.18.34 - - [07/May/2023:21:30:29 -0500] "GET /sipse/faces/javax.faces.resource/jquery/jquery-plugins.js?ln=primefaces&v=4.0 HTTP/1.1" 304 -
186.155.18.34 - - [07/May/2023:21:30:29 -0500] "GET /sipse/faces/javax.faces.resource/primefaces.js?ln=primefaces&v=4.0 HTTP/1.1" 304 -
186.155.18.34 - - [07/May/2023:21:30:29 -0500] "GET /sipse/faces/javax.faces.resource/layout/layout.js?ln=primefaces&v=4.0 HTTP/1.1" 304 -
186.155.18.34 - - [07/May/2023:21:30:30 -0500] "GET /sipse/faces/javax.faces.resource/images/ui-icons_898989_256x240.png?ln=primefaces-aristo HTTP/1.1" 304 -
186.155.18.34 - - [07/May/2023:21:30:32 -0500] "POST /sipse/faces/autenticacion.xhtml HTTP/1.1" 200 2224
186.155.18.34 - - [07/May/2023:21:30:34 -0500] "GET /sipse/faces/javax.faces.resource/messages/messages.png?ln=primefaces&v=4.0 HTTP/1.1" 200 27209
186.155.18.34 - - [07/May/2023:21:30:35 -0500] "POST /sipse/faces/autenticacion.xhtml HTTP/1.1" 200 16373
186.155.18.34 - - [07/May/2023:21:30:35 -0500] "GET /sipse/css/custom_css_sg_prime.css HTTP/1.1" 200 5201
186.155.18.34 - - [07/May/2023:21:30:35 -0500] "GET /sipse/js/jquery.min.js HTTP/1.1" 304 -
186.155.18.34 - - [07/May/2023:21:30:35 -0500] "GET /sipse/faces/javax.faces.resource/jquery/jquery.js?ln=primefaces&v=4.0 HTTP/1.1" 304 -
186.155.18.34 - - [07/May/2023:21:30:35 -0500] "GET /sipse/faces/javax.faces.resource/jquery/jquery-plugins.js?ln=primefaces&v=4.0 HTTP/1.1" 304 -
186.155.18.34 - - [07/May/2023:21:30:35 -0500] "GET /sipse/faces/javax.faces.resource/primefaces.js?ln=primefaces&v=4.0 HTTP/1.1" 304 -
186.155.18.34 - - [07/May/2023:21:30:35 -0500] "GET /sipse/faces/javax.faces.resource/layout/layout.js?ln=primefaces&v=4.0 HTTP/1.1" 304 -
186.155.18.34 - - [07/May/2023:21:30:36 -0500] "GET /sipse/imagenes/cargando.gif HTTP/1.1" 304 -
186.155.18.34 - - [07/May/2023:21:30:36 -0500] "GET /sipse/imagenes/logoAplicacion.jpg HTTP/1.1" 304 -
186.155.18.34 - - [07/May/2023:21:30:36 -0500] "GET /sipse/css/imagen/contrasena.png HTTP/1.1" 404 383
186.155.18.34 - - [07/May/2023:21:30:38 -0500] "GET /sipse/faces/javax.faces.resource/images/ui-bg_flat_0_2d5972_40x100.png?ln=primefaces-aristo HTTP/1.1" 304 -
186.155.18.34 - - [07/May/2023:21:30:38 -0500] "POST /sipse/faces/bienvenido.xhtml HTTP/1.1" 200 2658
186.155.18.34 - - [07/May/2023:21:30:39 -0500] "POST /sipse/faces/bienvenido.xhtml HTTP/1.1" 200 184
186.155.18.34 - - [07/May/2023:21:30:39 -0500] "GET /sipse/faces/presentacion/financiero/solicitudAnulacion/solicitudAnulacion.xhtml HTTP/1.1" 200 36496
186.155.18.34 - - [07/May/2023:21:30:39 -0500] "GET /sipse/faces/javax.faces.resource/theme.css?ln=primefaces-sipse HTTP/1.1" 304 -
186.155.18.34 - - [07/May/2023:21:30:39 -0500] "GET /sipse/faces/javax.faces.resource/primefaces.css?ln=primefaces&v=4.0 HTTP/1.1" 304 -
186.155.18.34 - - [07/May/2023:21:30:39 -0500] "GET /sipse/faces/javax.faces.resource/layout/layout.css?ln=primefaces&v=4.0 HTTP/1.1" 304 -
186.155.18.34 - - [07/May/2023:21:30:39 -0500] "GET /sipse/faces/javax.faces.resource/jquery/jquery.js?ln=primefaces&v=4.0 HTTP/1.1" 304 -
186.155.18.34 - - [07/May/2023:21:30:39 -0500] "GET /sipse/faces/javax.faces.resource/jquery/jquery-plugins.js?ln=primefaces&v=4.0 HTTP/1.1" 304 -
186.155.18.34 - - [07/May/2023:21:30:39 -0500] "GET /sipse/faces/javax.faces.resource/primefaces.js?ln=primefaces&v=4.0 HTTP/1.1" 304 -
186.155.18.34 - - [07/May/2023:21:30:39 -0500] "GET /sipse/faces/javax.faces.resource/layout/layout.js?ln=primefaces&v=4.0 HTTP/1.1" 304 -
186.155.18.34 - - [07/May/2023:21:30:39 -0500] "GET /sipse/faces/javax.faces.resource/images/ui-icons_898989_256x240.png?ln=primefaces-aristo HTTP/1.1" 304 -
186.155.18.34 - - [07/May/2023:21:30:39 -0500] "GET /sipse/faces/javax.faces.resource/images/ui-bg_flat_0_2d5972_40x100.png?ln=primefaces-aristo HTTP/1.1" 304 -
186.155.18.34 - - [07/May/2023:21:30:39 -0500] "POST /sipse/faces/presentacion/financiero/solicitudAnulacion/solicitudAnulacion.xhtml HTTP/1.1" 200 14752
216.245.221.92 - - [07/May/2023:21:33:13 -0500] "HEAD / HTTP/1.1" 200 -
201.245.192.253 - - [07/May/2023:21:33:52 -0500] "POST /kwsrmcab/Wsrmcab  HTTP/1.1" 200 43465
172.22.2.4 - - [07/May/2023:21:32:21 -0500] "HEAD /BLA/boletinlegal/ HTTP/1.1" 200 -
40.77.167.103 - - [07/May/2023:21:34:28 -0500] "GET /BLA/resoluciones/RESOLUCIONES%202022/4722.pdf HTTP/1.1" 200 408416
40.77.167.103 - - [07/May/2023:21:34:29 -0500] "GET /BLA/resoluciones/AUTOS%202019/1953.pdf HTTP/1.1" 200 324907
173.252.107.10 - - [07/May/2023:21:34:34 -0500] "GET /incautadas-tarantulas-que-iban-a-ser-exportadas-ilegalmente-desde-bogota-hasta-mexico.html HTTP/1.1" 206 899
172.22.2.4 - - [07/May/2023:21:34:43 -0500] "GET /BLA/boletinlegal/consulta_actos.php?tipo=autos&no=0923&usuario=&sector=&fecha=2018&resuelve= HTTP/1.1" 200 626
172.22.2.4 - - [07/May/2023:21:34:45 -0500] "GET /BLA/boletinlegal/consulta_actos.php?tipo=autos&no=092&usuario=&sector=&fecha=2018&resuelve= HTTP/1.1" 200 626
172.22.2.4 - - [07/May/2023:21:34:48 -0500] "GET /BLA/boletinlegal/consulta_actos.php?tipo=autos&no=923&usuario=&sector=&fecha=2018&resuelve= HTTP/1.1" 200 626
35.204.20.221 - - [07/May/2023:21:34:49 -0500] "GET /inventario-de-emisiones-2020-transporte-publico-sitp-redujo-emisiones-de-pm-2-5-en-un-37.html HTTP/1.1" 200 925
172.22.2.4 - - [07/May/2023:21:34:49 -0500] "GET /BLA/boletinlegal/consulta_actos.php?tipo=autos&no=0923&usuario=&sector=&fecha=2018&resuelve= HTTP/1.1" 200 626
172.22.2.4 - - [07/May/2023:21:34:51 -0500] "GET /BLA/boletinlegal/consulta_actos.php?tipo=autos&no=0923&usuario=&sector=&fecha=2018&resuelve= HTTP/1.1" 200 626
172.22.2.4 - - [07/May/2023:21:34:51 -0500] "GET /BLA/boletinlegal/consulta_actos.php?tipo=autos&no=0923&usuario=&sector=&fecha=2018&resuelve= HTTP/1.1" 200 626
172.22.2.4 - - [07/May/2023:21:34:51 -0500] "GET /BLA/boletinlegal/consulta_actos.php?tipo=autos&no=0923&usuario=&sector=&fecha=2018&resuelve= HTTP/1.1" 200 626
172.22.2.4 - - [07/May/2023:21:34:51 -0500] "GET /BLA/boletinlegal/consulta_actos.php?tipo=autos&no=0923&usuario=&sector=&fecha=2018&resuelve= HTTP/1.1" 200 626
172.22.2.4 - - [07/May/2023:21:33:12 -0500] "GET /BLA/boletinlegal/ HTTP/1.1" 200 51620
172.22.2.4 - - [07/May/2023:21:33:40 -0500] "GET /BLA/boletinlegal/ HTTP/1.1" 200 55221
179.43.177.243 - - [07/May/2023:21:35:37 -0500] "POST /boaform/admin/formLogin HTTP/1.1" 404 1186
172.22.2.4 - - [07/May/2023:21:37:38 -0500] "GET /BLA/boletinlegal/Circulares/2019/.pdf HTTP/1.1" 404 1218
191.156.146.73 - - [07/May/2023:21:38:07 -0500] "GET /galeria/galeria/jquery.fancybox.css?v=2.1.5 HTTP/1.1" 200 4895
191.156.157.109 - - [07/May/2023:21:38:07 -0500] "GET /BLA/boletinlegal/js/jquery.scrollShow.js HTTP/1.1" 200 4586
191.156.144.179 - - [07/May/2023:21:38:10 -0500] "GET /galeria/galeria/jquery.fancybox.js?v=2.1.5 HTTP/1.1" 200 48706
216.245.221.92 - - [07/May/2023:21:38:13 -0500] "HEAD / HTTP/1.1" 200 -
172.22.2.4 - - [07/May/2023:21:38:50 -0500] "GET /BLA/boletinlegal/actos.php HTTP/1.1" 200 9682
201.245.192.253 - - [07/May/2023:21:38:50 -0500] "POST /kwsrmcab/Wsrmcab  HTTP/1.1" 200 43465
34.32.203.96 - - [07/May/2023:21:39:42 -0500] "GET /inventario-de-emisiones-2020-transporte-publico-sitp-redujo-emisiones-de-pm-2-5-en-un-37.html HTTP/1.1" 200 925
201.245.192.253 - - [07/May/2023:21:39:40 -0500] "POST /kwsrmcab/Wsrmcab HTTP/1.1" 200 42944
201.245.192.253 - - [07/May/2023:21:39:43 -0500] "POST /kwsrmcab/Wsrmcab HTTP/1.1" 200 43267
172.22.2.4 - - [07/May/2023:21:38:11 -0500] "HEAD /BLA/boletinlegal/ HTTP/1.1" 200 -
172.22.2.4 - - [07/May/2023:21:39:02 -0500] "GET /BLA/boletinlegal/ HTTP/1.1" 200 52326
172.22.2.4 - - [07/May/2023:21:40:48 -0500] "GET /BLA/boletinlegal/favicon.ico HTTP/1.1" 404 1326
180.163.220.114 - - [07/May/2023:21:41:35 -0500] "GET / HTTP/1.1" 200 319
216.245.221.92 - - [07/May/2023:21:43:13 -0500] "HEAD / HTTP/1.1" 200 -
200.118.60.119 - - [07/May/2023:21:43:13 -0500] "GET /BLA/resoluciones/index.php?dir=AUTOS+2015%2F HTTP/1.1" 200 581886
201.245.192.253 - - [07/May/2023:21:43:49 -0500] "POST /kwsrmcab/Wsrmcab  HTTP/1.1" 200 43465
172.22.2.4 - - [07/May/2023:21:44:08 -0500] "GET /BLA/boletinlegal/actos.php HTTP/1.1" 200 9682
172.22.2.4 - - [07/May/2023:21:45:17 -0500] "GET /BLA/boletinlegal/jurisprudencia/analisis/AnalisisT-146-16.docx HTTP/1.1" 304 -
172.22.2.4 - - [07/May/2023:21:44:01 -0500] "HEAD /BLA/boletinlegal/ HTTP/1.1" 200 -
172.22.2.4 - - [07/May/2023:21:44:52 -0500] "GET /BLA/boletinlegal/ HTTP/1.1" 200 53114
172.22.2.4 - - [07/May/2023:21:47:18 -0500] "GET /BLA/boletinlegal/robots.txt HTTP/1.1" 404 1037
172.22.2.4 - - [07/May/2023:21:47:18 -0500] "GET /BLA/boletinlegal/robots.txt HTTP/1.1" 404 1037
127.0.0.1 - - [07/May/2023:21:47:19 -0500] "GET /phpmyadmin/sql.php?server=1&db=datos&table=autodeclaracion&pos=0&token=3e37daf4598de2abc372d47b8fe6693a&ajax_request=true&ajax_page_request=true&menuHashes=6310c1fc&_nocache=1683514039645802119 HTTP/1.1" 200 156
127.0.0.1 - - [07/May/2023:21:47:33 -0500] "GET /phpmyadmin/ HTTP/1.1" 200 55938
127.0.0.1 - - [07/May/2023:21:47:33 -0500] "GET /phpmyadmin/phpmyadmin.css.php?server=1&token=94ffc37038461d924bb9ff14af1be7a0&nocache=5839947413ltr HTTP/1.1" 200 98150
127.0.0.1 - - [07/May/2023:21:47:33 -0500] "GET /phpmyadmin/js/get_image.js.php?theme=pmahomme HTTP/1.1" 304 -
127.0.0.1 - - [07/May/2023:21:47:33 -0500] "GET /phpmyadmin/js/messages.php?lang=en&db=&token=94ffc37038461d924bb9ff14af1be7a0 HTTP/1.1" 200 17826
127.0.0.1 - - [07/May/2023:21:47:33 -0500] "GET /phpmyadmin/js/get_scripts.js.php?token=94ffc37038461d924bb9ff14af1be7a0&scripts[]=jquery/jquery-1.8.3.min.js&scripts[]=ajax.js&scripts[]=keyhandler.js&scripts[]=jquery/jquery-ui-1.9.2.custom.min.js&scripts[]=jquery/jquery.sprintf.js&scripts[]=jquery/jquery.cookie.js&scripts[]=jquery/jquery.mousewheel.js&scripts[]=jquery/jquery.event.drag-2.2.js&scripts[]=jquery/jquery-ui-timepicker-addon.js&scripts[]=jquery/jquery.ba-hashchange-1.3.js&scripts[]=jquery/jquery.debounce-1.0.5.js&scripts[]=jquery/jquery.menuResizer-1.0.js&scripts[]=cross_framing_protection.js&scripts[]=rte.js&scripts[]=tracekit/tracekit.js&scripts[]=error_report.js&scripts[]=doclinks.js&scripts[]=functions.js&scripts[]=navigation.js&scripts[]=indexes.js&scripts[]=common.js&scripts[]=codemirror/lib/codemirror.js&scripts[]=codemirror/mode/sql/sql.js&scripts[]=codemirror/addon/runmode/runmode.js HTTP/1.1" 200 1046464
127.0.0.1 - - [07/May/2023:21:47:34 -0500] "POST /phpmyadmin/db_structure.php?ajax_request=1&favorite_table=1&sync_favorite_tables=1&token=94ffc37038461d924bb9ff14af1be7a0 HTTP/1.1" 200 168
127.0.0.1 - - [07/May/2023:21:47:37 -0500] "GET /phpmyadmin/navigation.php?ajax_request=1&token=94ffc37038461d924bb9ff14af1be7a0&aPath=cm9vdA%3D%3D.dW5v&vPath=cm9vdA%3D%3D.dW5v&pos=0&pos2_name=&pos2_value=&searchClause=&searchClause2=&_nocache=168351405771075229 HTTP/1.1" 200 23099
127.0.0.1 - - [07/May/2023:21:47:40 -0500] "GET /phpmyadmin/navigation.php?ajax_request=1&token=94ffc37038461d924bb9ff14af1be7a0&aPath=cm9vdA%3D%3D.ZGF0b3M%3D&vPath=cm9vdA%3D%3D.ZGF0b3M%3D&pos=0&pos2_name=&pos2_value=&searchClause=&searchClause2=&_nocache=1683514060050590789 HTTP/1.1" 200 5382
127.0.0.1 - - [07/May/2023:21:47:42 -0500] "GET /phpmyadmin/sql.php?server=1&db=datos&table=autodeclaracion&pos=0&token=94ffc37038461d924bb9ff14af1be7a0&ajax_request=true&ajax_page_request=true&menuHashes=6920873e&_nocache=1683514062327785601 HTTP/1.1" 200 175221
127.0.0.1 - - [07/May/2023:21:47:43 -0500] "GET /phpmyadmin/js/get_scripts.js.php?scripts[]=jquery/jquery.uitablefilter.js&scripts[]=tbl_change.js&scripts[]=gis_data_editor.js&scripts[]=multi_column_sort.js&scripts[]=makegrid.js&scripts[]=sql.js&token=94ffc37038461d924bb9ff14af1be7a0&call_done=1 HTTP/1.1" 200 151005
127.0.0.1 - - [07/May/2023:21:47:43 -0500] "GET /phpmyadmin/index.php?ajax_request=1&recent_table=1&token=94ffc37038461d924bb9ff14af1be7a0 HTTP/1.1" 200 1513
127.0.0.1 - - [07/May/2023:21:47:34 -0500] "GET /phpmyadmin/version_check.php?&_nocache=1683514054215882221 HTTP/1.1" 200 28
127.0.0.1 - - [07/May/2023:21:47:53 -0500] "GET /phpmyadmin/tbl_export.php?db=datos&table=autodeclaracion&token=94ffc37038461d924bb9ff14af1be7a0&single_table=true&ajax_request=true&ajax_page_request=true&menuHashes=6920873e-dcf47a15&_nocache=1683514072998381374 HTTP/1.1" 200 38914
127.0.0.1 - - [07/May/2023:21:47:53 -0500] "GET /phpmyadmin/js/get_scripts.js.php?scripts[]=export.js&token=94ffc37038461d924bb9ff14af1be7a0&call_done=1 HTTP/1.1" 200 10222
127.0.0.1 - - [07/May/2023:21:47:53 -0500] "GET /phpmyadmin/index.php?ajax_request=1&recent_table=1&token=94ffc37038461d924bb9ff14af1be7a0 HTTP/1.1" 304 -
127.0.0.1 - - [07/May/2023:21:47:59 -0500] "POST /phpmyadmin/export.php HTTP/1.1" 200 245655
216.245.221.92 - - [07/May/2023:21:48:13 -0500] "HEAD / HTTP/1.1" 200 -
201.245.192.253 - - [07/May/2023:21:48:48 -0500] "POST /kwsrmcab/Wsrmcab  HTTP/1.1" 200 43465
201.221.172.4 - - [07/May/2023:21:49:38 -0500] "GET /BLA/resoluciones/ HTTP/1.1" 200 13502
201.221.172.4 - - [07/May/2023:21:49:44 -0500] "GET /BLA/resoluciones/index.php?dir=RESOLUCIONES+2019%2F HTTP/1.1" 200 251196
35.204.20.221 - - [07/May/2023:21:49:48 -0500] "GET /inventario-de-emisiones-2020-transporte-publico-sitp-redujo-emisiones-de-pm-2-5-en-un-37.html HTTP/1.1" 200 925
201.221.172.4 - - [07/May/2023:21:50:38 -0500] "GET /BLA/resoluciones/index.php?dir=RESOLUCIONES+2014%2F HTTP/1.1" 200 334019
201.221.172.4 - - [07/May/2023:21:50:47 -0500] "GET /BLA/resoluciones/RESOLUCIONES%202014/3759.pdf HTTP/1.1" 200 529608
201.221.172.4 - - [07/May/2023:21:50:47 -0500] "GET /BLA/resoluciones/RESOLUCIONES%202014/3759.pdf HTTP/1.1" 200 529608
201.221.172.4 - - [07/May/2023:21:50:47 -0500] "GET /BLA/resoluciones/RESOLUCIONES%202014/3759.pdf HTTP/1.1" 206 1025
103.187.191.199 - - [07/May/2023:21:51:05 -0500] "GET / HTTP/1.1" 200 319
172.22.2.4 - - [07/May/2023:21:49:30 -0500] "GET /BLA/boletinlegal/ HTTP/1.1" 200 52326
127.0.0.1 - - [07/May/2023:21:51:29 -0500] "POST /phpmyadmin/export.php HTTP/1.1" 200 245952
172.22.2.4 - - [07/May/2023:21:49:51 -0500] "HEAD /BLA/boletinlegal/ HTTP/1.1" 200 -
93.104.215.152 - - [07/May/2023:21:51:55 -0500] "HEAD / HTTP/1.1" 200 -
93.104.215.152 - - [07/May/2023:21:51:56 -0500] "HEAD /wordpress HTTP/1.1" 404 -
93.104.215.152 - - [07/May/2023:21:51:56 -0500] "HEAD /Wordpress HTTP/1.1" 404 -
93.104.215.152 - - [07/May/2023:21:51:56 -0500] "HEAD /WORDPRESS HTTP/1.1" 404 -
93.104.215.152 - - [07/May/2023:21:51:56 -0500] "HEAD /WordPress HTTP/1.1" 404 -
93.104.215.152 - - [07/May/2023:21:51:56 -0500] "HEAD /wp HTTP/1.1" 404 -
93.104.215.152 - - [07/May/2023:21:51:56 -0500] "HEAD /Wp HTTP/1.1" 404 -
93.104.215.152 - - [07/May/2023:21:51:57 -0500] "HEAD /WP HTTP/1.1" 404 -
93.104.215.152 - - [07/May/2023:21:51:57 -0500] "HEAD /old HTTP/1.1" 404 -
93.104.215.152 - - [07/May/2023:21:51:57 -0500] "HEAD /Old HTTP/1.1" 404 -
93.104.215.152 - - [07/May/2023:21:51:57 -0500] "HEAD /OLD HTTP/1.1" 404 -
93.104.215.152 - - [07/May/2023:21:51:57 -0500] "HEAD /oldsite HTTP/1.1" 404 -
93.104.215.152 - - [07/May/2023:21:51:58 -0500] "HEAD /new HTTP/1.1" 404 -
93.104.215.152 - - [07/May/2023:21:51:58 -0500] "HEAD /New HTTP/1.1" 404 -
93.104.215.152 - - [07/May/2023:21:51:58 -0500] "HEAD /NEW HTTP/1.1" 404 -
93.104.215.152 - - [07/May/2023:21:51:58 -0500] "HEAD /wp-old HTTP/1.1" 404 -
93.104.215.152 - - [07/May/2023:21:51:58 -0500] "HEAD /2022 HTTP/1.1" 404 -
93.104.215.152 - - [07/May/2023:21:51:59 -0500] "HEAD /2020 HTTP/1.1" 404 -
93.104.215.152 - - [07/May/2023:21:51:59 -0500] "HEAD /2019 HTTP/1.1" 404 -
93.104.215.152 - - [07/May/2023:21:51:59 -0500] "HEAD /2018 HTTP/1.1" 404 -
93.104.215.152 - - [07/May/2023:21:51:59 -0500] "HEAD /backup HTTP/1.1" 404 -
93.104.215.152 - - [07/May/2023:21:51:59 -0500] "HEAD /test HTTP/1.1" 404 -
93.104.215.152 - - [07/May/2023:21:51:59 -0500] "HEAD /Test HTTP/1.1" 404 -
93.104.215.152 - - [07/May/2023:21:52:00 -0500] "HEAD /TEST HTTP/1.1" 404 -
93.104.215.152 - - [07/May/2023:21:52:00 -0500] "HEAD /demo HTTP/1.1" 404 -
93.104.215.152 - - [07/May/2023:21:52:00 -0500] "HEAD /bc HTTP/1.1" 404 -
93.104.215.152 - - [07/May/2023:21:52:00 -0500] "HEAD /www HTTP/1.1" 404 -
93.104.215.152 - - [07/May/2023:21:52:00 -0500] "HEAD /WWW HTTP/1.1" 404 -
93.104.215.152 - - [07/May/2023:21:52:01 -0500] "HEAD /Www HTTP/1.1" 404 -
93.104.215.152 - - [07/May/2023:21:52:01 -0500] "HEAD /2021 HTTP/1.1" 404 -
93.104.215.152 - - [07/May/2023:21:52:01 -0500] "HEAD /main HTTP/1.1" 404 -
93.104.215.152 - - [07/May/2023:21:52:01 -0500] "HEAD /old-site HTTP/1.1" 404 -
93.104.215.152 - - [07/May/2023:21:52:01 -0500] "HEAD /bk HTTP/1.1" 404 -
93.104.215.152 - - [07/May/2023:21:52:02 -0500] "HEAD /Backup HTTP/1.1" 404 -
93.104.215.152 - - [07/May/2023:21:52:02 -0500] "HEAD /BACKUP HTTP/1.1" 404 -
93.104.215.152 - - [07/May/2023:21:52:02 -0500] "HEAD /SHOP HTTP/1.1" 404 -
93.104.215.152 - - [07/May/2023:21:52:02 -0500] "HEAD /Shop HTTP/1.1" 404 -
93.104.215.152 - - [07/May/2023:21:52:02 -0500] "HEAD /shop HTTP/1.1" 404 -
93.104.215.152 - - [07/May/2023:21:52:02 -0500] "HEAD /bak HTTP/1.1" 404 -
93.104.215.152 - - [07/May/2023:21:52:03 -0500] "HEAD /sitio HTTP/1.1" 404 -
93.104.215.152 - - [07/May/2023:21:52:03 -0500] "HEAD /bac HTTP/1.1" 404 -
93.104.215.152 - - [07/May/2023:21:52:03 -0500] "HEAD /sito HTTP/1.1" 404 -
93.104.215.152 - - [07/May/2023:21:52:03 -0500] "HEAD /site HTTP/1.1" 404 -
93.104.215.152 - - [07/May/2023:21:52:03 -0500] "HEAD /Site HTTP/1.1" 404 -
93.104.215.152 - - [07/May/2023:21:52:04 -0500] "HEAD /SITE HTTP/1.1" 404 -
93.104.215.152 - - [07/May/2023:21:52:04 -0500] "HEAD /blog HTTP/1.1" 404 -
93.104.215.152 - - [07/May/2023:21:52:04 -0500] "HEAD /BLOG HTTP/1.1" 404 -
93.104.215.152 - - [07/May/2023:21:52:04 -0500] "HEAD /Blog HTTP/1.1" 404 -
172.22.2.4 - - [07/May/2023:21:50:42 -0500] "GET /BLA/boletinlegal/ HTTP/1.1" 200 53114
216.245.221.92 - - [07/May/2023:21:53:13 -0500] "HEAD / HTTP/1.1" 200 -
201.245.192.253 - - [07/May/2023:21:53:47 -0500] "POST /kwsrmcab/Wsrmcab  HTTP/1.1" 200 43465
172.22.2.4 - - [07/May/2023:21:54:31 -0500] "GET /BLA/boletinlegal/actos.php HTTP/1.1" 200 9682
172.22.2.4 - - [07/May/2023:21:54:31 -0500] "GET /BLA/boletinlegal/favicon.ico HTTP/1.1" 404 1326
172.22.2.4 - - [07/May/2023:21:54:53 -0500] "GET /BLA/boletinlegal/consulta_actos.php?tipo=resoluciones&no=1739&usuario=&sector=&fecha=2018&resuelve= HTTP/1.1" 200 1075
191.156.154.87 - - [07/May/2023:21:54:59 -0500] "GET /BLA/resoluciones/RESOLUCIONES%202018/1739.pdf HTTP/1.1" 200 422846
172.22.2.4 - - [07/May/2023:21:54:29 -0500] "GET /BLA/boletinlegal/ HTTP/1.1" 200 24523
127.0.0.1 - - [07/May/2023:21:56:30 -0500] "GET /phpmyadmin/export.php?ajax_request=true&token=94ffc37038461d924bb9ff14af1be7a0&check_time_out=true&_nocache=1683514590950431160 HTTP/1.1" 200 36
172.22.2.4 - - [07/May/2023:21:55:41 -0500] "HEAD /BLA/boletinlegal/ HTTP/1.1" 200 -
172.22.2.4 - - [07/May/2023:21:56:32 -0500] "GET /BLA/boletinlegal/ HTTP/1.1" 200 52326
216.245.221.92 - - [07/May/2023:21:58:13 -0500] "HEAD / HTTP/1.1" 200 -
201.245.192.253 - - [07/May/2023:21:58:45 -0500] "POST /kwsrmcab/Wsrmcab  HTTP/1.1" 200 43465
172.22.2.4 - - [07/May/2023:21:59:06 -0500] "GET /BLA/boletinlegal/consulta_actos.php?tipo=autos&no=0901&usuario=&sector=&fecha=2018&resuelve= HTTP/1.1" 200 626
172.22.2.4 - - [07/May/2023:21:59:08 -0500] "GET /BLA/boletinlegal/consulta_actos.php?tipo=autos&no=0901&usuario=&sector=&fecha=2018&resuelve= HTTP/1.1" 200 626
200.118.80.20 - - [07/May/2023:21:59:13 -0500] "GET /BLA/resoluciones/ HTTP/1.1" 200 13502
200.118.80.20 - - [07/May/2023:21:59:14 -0500] "GET /BLA/resoluciones/index.php?dir=AUTOS+2018%2F HTTP/1.1" 200 457306
66.249.70.168 - - [07/May/2023:22:00:00 -0500] "-" 408 -
172.22.2.4 - - [07/May/2023:22:02:17 -0500] "GET /BLA/boletinlegal/favicon.ico HTTP/1.1" 404 1326
40.77.167.184 - - [07/May/2023:22:02:19 -0500] "-" 408 -
172.22.2.4 - - [07/May/2023:22:01:31 -0500] "HEAD /BLA/boletinlegal/ HTTP/1.1" 200 -
216.245.221.92 - - [07/May/2023:22:03:13 -0500] "HEAD / HTTP/1.1" 200 -
179.1.4.198 - - [07/May/2023:22:03:34 -0500] "-" 408 -
201.245.192.253 - - [07/May/2023:22:03:43 -0500] "POST /kwsrmcab/Wsrmcab  HTTP/1.1" 200 43465
172.22.2.4 - - [07/May/2023:22:02:22 -0500] "GET /BLA/boletinlegal/ HTTP/1.1" 200 57151
191.102.199.138 - - [07/May/2023:22:05:26 -0500] "GET /BLA/boletinlegal/normativa.php HTTP/1.1" 200 8343
191.102.199.138 - - [07/May/2023:22:05:27 -0500] "GET /BLA/boletinlegal/js/ajax_normativa.js HTTP/1.1" 200 1154
191.102.199.138 - - [07/May/2023:22:05:27 -0500] "GET /BLA/boletinlegal/styles2.css HTTP/1.1" 200 1838
191.102.199.138 - - [07/May/2023:22:05:27 -0500] "GET /BLA/boletinlegal/style.css HTTP/1.1" 200 9406
191.102.199.138 - - [07/May/2023:22:05:27 -0500] "GET /BLA/boletinlegal/niceforms-default.css HTTP/1.1" 200 6694
191.102.199.138 - - [07/May/2023:22:05:27 -0500] "GET /BLA/boletinlegal/niceforms.js HTTP/1.1" 200 22876
191.102.199.138 - - [07/May/2023:22:05:27 -0500] "GET /BLA/boletinlegal/images/cabezote%20BLEGAL.jpg HTTP/1.1" 200 118164
191.102.199.138 - - [07/May/2023:22:05:27 -0500] "GET /BLA/boletinlegal/images/subscribe-icon-big.png HTTP/1.1" 200 47702
191.102.199.138 - - [07/May/2023:22:05:27 -0500] "GET /BLA/boletinlegal/images/historia.png HTTP/1.1" 200 52775
191.102.199.138 - - [07/May/2023:22:05:28 -0500] "GET /BLA/boletinlegal/images/body_bg.jpg HTTP/1.1" 200 1601
191.102.199.138 - - [07/May/2023:22:05:28 -0500] "GET /BLA/boletinlegal/images/footer_bg.jpg HTTP/1.1" 200 586
191.102.199.138 - - [07/May/2023:22:05:28 -0500] "GET /BLA/boletinlegal/images/menu_lft.gif HTTP/1.1" 200 1713
191.102.199.138 - - [07/May/2023:22:05:28 -0500] "GET /BLA/boletinlegal/images/menu_rght.gif HTTP/1.1" 200 1627
191.102.199.138 - - [07/May/2023:22:05:28 -0500] "GET /BLA/boletinlegal/images/bg_top.jpg HTTP/1.1" 200 522
191.102.199.138 - - [07/May/2023:22:05:28 -0500] "GET /BLA/boletinlegal/images/menu_bg.jpg HTTP/1.1" 200 620
191.102.199.138 - - [07/May/2023:22:05:28 -0500] "GET /BLA/boletinlegal/images/text.jpg HTTP/1.1" 200 568
191.102.199.138 - - [07/May/2023:22:05:28 -0500] "GET /BLA/boletinlegal/images/hover.jpg HTTP/1.1" 200 640
191.102.199.138 - - [07/May/2023:22:05:28 -0500] "GET /BLA/boletinlegal/images/tel.png HTTP/1.1" 200 14477
191.102.199.138 - - [07/May/2023:22:05:28 -0500] "GET /BLA/boletinlegal/images/registro-usuarios.png HTTP/1.1" 200 8106
