!C99Shell v. 1.0 pre-release build #13!

Software: Apache. PHP/5.5.15 

uname -a: Windows NT SVR-DMZ 6.1 build 7600 (Windows Server 2008 R2 Enterprise Edition) i586 

SYSTEM 

Safe-mode: OFF (not secure)

E:\nuevo\apache\logs\   drwxrwxrwx
Free 7.33 GB of 239.26 GB (3.07%)
Detected drives: [ a ] [ c ] [ d ] [ e ] [ f ]
Home    Back    Forward    UPDIR    Refresh    Search    Buffer    Encoder    Tools    Proc.    FTP brute    Sec.    SQL    PHP-code    Update    Feedback    Self remove    Logout    


Viewing file:     access.2023.05.08.log (3.17 MB)      -rw-rw-rw-
Select action/file-type:
(+) | (+) | (+) | Code (+) | Session (+) | (+) | SDB (+) | (+) | (+) | (+) | (+) | (+) |
186.31.57.93 - - [08/May/2023:00:00:17 -0500] "GET /kwssiamovil/sm/acme/a?s=U2FsdGVkX18U8nKPU5LvpWRh9UV7oEnz48GcJDdYvGCAZqG8Jfucowt3OhzJrQlTlITv1ovD7nk9Oj2bQ5DrDSae0MXu3Ly/3Tf9ZTK0ftaHob54ZkKvopcxpNJwj6IEnKedjSIgJbnoPufwShOL3CL0C3xWetNtZFOE8o2OYG0WwtIevZrSVq6x3cvCBy6sI+//fBS04Tq32ZE8QyKonLt/O4Ri7ULkGm2KulT4q4xgD/Us+Fk0cQXuGGxM30hLrMmCEFpeIco4lpQiuR8Cyw==&u=U2FsdGVkX18pMHoB602tnRamm7QkEWsU1SdLr1ZNSNjfKGzbhz4cM/IzxUPyivcY&y=U2FsdGVkX19GeX3gxR+WevjtOO57I8kUcCKwUoUjN4Cp6YdpXels7oKhYpLFP80S HTTP/1.1" 200 26
186.31.57.93 - - [08/May/2023:00:00:18 -0500] "GET /kwssiamovil/sm/acme/a?s=U2FsdGVkX1+/o1ZQeJcbDbgIxmk50IL7LAE+HcgQwUzQqn4f9nW6liBeCh2VPc/BNTLpWiy7Ea7gOwytrvJadh/Fw5lz33QeHTNcvmuDsVrff1Ss2E5sDJA3Y+3GXn/Kc+A1oXWehZExaNBYuCQxUMo6DXuulJNmua9yYEzDOgYSwAKDLtEtnPpBCT/mec/CdeqBxQGlFGv9/IKGbo5/e8Mm8ef11F2eemlMpFP4YLyvtSIbj5HPWJvvVrW+/sVx4dt2An5o6TFP9EN/w98l9C7mCGtNAAucyu0rjucCuMIyzwaXXJdy29Dw3NjOBX9KpnndafJsLwGptGpk8sLZTaJqy7IvPoBriivokyHGGjaX8bh9JcKj0WKIgNWPSQTFlj0u0BTJ8tigRyZASf0jfFHPpgjF5PXjW3U6ShHgL6oekQyN6EoeIZhMMRrRAHtZpFREycQd0vamirUQaRsYecTerw7vN1MlY5JlWudasQCyOQkDD6IDCc6+6jfmn0nMYBq5wR1s8oiD7k2HRIaWVdJ3f2xDmyYbNV7ztuo6DfBX9CHjE3pmmi24SZaIZwJLq6oK2uE3/gYqu3O1w36UtaelpCesD2S+V4L/0G6lU1oH4oWG2rz7yXa5P2KwmJDo2QWklvYxq/7XzXdWc2LLXSOalu3j/q7iuhzkHEQAPXlifgwUa99xhrM5sQ1Hw4TzYm/BJ8bHOQKpxRf+h3rFVXuhqTqE/5CMDWe0y+5MorMDovOivi2zYAE+EvTCJEY/jmc2CqXoCcwc2NcpA9XRXDyNWjhLAe35e76eu8VboJJ+RnM6Qeji92P4Vr580qWtaWNu1CpPrfk1wksAjzGb043QI7gV5HuYfdtdNQ6Fq4YDqKKHeqRAUfTYx7CkZYRPDc/JQlmtHiNJpPTPdCbmVkHdS8RNevC+wVxWmDLqajPuUh5xSs8hWg9EF5SE4VY754kbSHL+uFH9tauWpFf4xhZKETNw5J9ViQyPtskgFo9cNw9oOCMtd8TnJS42YW1D02+GAhSN0tcfeKO0G7HL+DUWl2SA4duHSriO/pAA5X8V0gib/SFKBTtYi8ZNMm2nG5PAwTcsWtT5EmhCWsPBOstlCxtQyvj3K/89w7IZKUbiCLqVgdekS+hPViF4RaKc6pmGrOC4MTpOj7KEfwobIUj7s3lgDmuFaewcgJX0ehk/xUOdLoKpaQ6JZIpME5ktUOiLyl7b6h95nugoUwysNSV36IgTDEhgae/++0ovMqjiNZgxBZJbDXwQZ0TW8zPGzF5PYpSqmhE+5BZx/rTe8zPvY9sF9vVXFQ5DIjA/d0T8RsM2VB0KZ123y+NdkEVnK/AHEqUQzWm4armpUeGhPboByCQuhTQ6mGskOJiqmpXne+hQyL64iUel1SbMt1Py+t5AcTX9J1ok8i47Zcd8OWfQDNTC5Zt1Ud0W2pIfjmBewuTaCDwy39af9ZeaYwhlsRcM3kAAmzc4CHEukJFHv3Bv1liUI/GzebZy6z630Sw7sTQYd1XrocUG7aGjkCgNuRR8JFIVCQLM4Iv5BFmZZwek0Wz1BvBGu8c3leZhirfPDgf7wYWQVRquuUEh5Cvp9tvSTq5AV8ltBcC9G61AwruKOnoHTzaeWT3C2TaRmkR1VhC0kVIaRfLORWSdDH6XG3j54KOTduEj9R6AN6//IK/r73nqU6VfiaM9MvUwTl7/NkuVg5pIC71BQBrXDiXswknQWJmaNa18ZHJC3BS0wJ7/EGvsZ8KIegx7q4EecApfC+fVzQiWHtDRxgIIFcVj6VOW8vw5jc4RCfcOT/DG+PUfhmKFMvbdoPu/N4DYtsbsDGcotrdqkYfIoL4Rxd/6/zIXR7YCGy22MTeGimt5/YvWW/9vlks7Araz5lpX+wR2aRWTJlN4z9fH3R9l9/05T8xWnDvKclUG0ed7RCQMbRSxywEKvp9MP+yO0GhjneQb7ECpC43qFMl7KgCuTjmf9gjK0eB/Aar9SBFE/wVIJeWCLdNwLTE7lFk3rEICP7Th/+0AC/ECUt5y78FL50YNQ3ziH821ohwvUq7jgp31Pw==&u=U2FsdGVkX18pMHoB602tnRamm7QkEWsU1SdLr1ZNSNjfKGzbhz4cM/IzxUPyivcY&y=U2FsdGVkX19GeX3gxR+WevjtOO57I8kUcCKwUoUjN4Cp6YdpXels7oKhYpLFP80S HTTP/1.1" 200 26
186.31.57.93 - - [08/May/2023:00:00:18 -0500] "GET /kwssiamovil/sm/acme/a?s=U2FsdGVkX18MURZpB38j4TEZLgjHSqJCf7//88JWpSubjA3Yaqvv6+shKODiGdF0lGie4tQqJFXMD1O+BwQVZ7V93U8Lwiu2J2Hg7ks/KOcnWbU1P3UqAcYH+6fohqWnpPz3EPKJJTpIzTJ2C6nBMR3mKYSQHFA8Kyu/ZTf7Km8=&u=U2FsdGVkX18pMHoB602tnRamm7QkEWsU1SdLr1ZNSNjfKGzbhz4cM/IzxUPyivcY&y=U2FsdGVkX19GeX3gxR+WevjtOO57I8kUcCKwUoUjN4Cp6YdpXels7oKhYpLFP80S HTTP/1.1" 200 26
186.31.57.93 - - [08/May/2023:00:00:19 -0500] "GET /kwssiamovil/sm/acme/a?s=U2FsdGVkX1+8rofJH9AyW2e8JKiXEZPZ1w2LBuoJef7+ZUhQxsDA8fI2ithXLzzLjjiy7ifojZ2hqWGEx7rxNK5VgFOY1NJoBmk2iU4U45kuI7WaasPx9WYVCnWzAjVa/6vmID6eqZ4k9HDXV+6622/VMfMNLia2FOypuDpm2TA=&u=U2FsdGVkX18pMHoB602tnRamm7QkEWsU1SdLr1ZNSNjfKGzbhz4cM/IzxUPyivcY&y=U2FsdGVkX19GeX3gxR+WevjtOO57I8kUcCKwUoUjN4Cp6YdpXels7oKhYpLFP80S HTTP/1.1" 200 26
186.31.57.93 - - [08/May/2023:00:00:19 -0500] "GET /kwssiamovil/sm/acme/a?s=U2FsdGVkX1+RyKF2MkvbzxzAbO4FiiTk9NVBe+mfMQHeYzkI4EWeMs6Y3EN0AqNjxgf8C194M02SHejLV8L5yH0XFinn9U/D2fR8kLsURQsJQiz07vxuG1tEcX6YfJjky6GautLrcsyoqliKiomooLRZ5/NckaMOkBlnQGGg8xk=&u=U2FsdGVkX18pMHoB602tnRamm7QkEWsU1SdLr1ZNSNjfKGzbhz4cM/IzxUPyivcY&y=U2FsdGVkX19GeX3gxR+WevjtOO57I8kUcCKwUoUjN4Cp6YdpXels7oKhYpLFP80S HTTP/1.1" 200 26
186.31.57.93 - - [08/May/2023:00:00:19 -0500] "GET /kwssiamovil/sm/acme/a?s=U2FsdGVkX1+soWi+TI9tgofWinnoBD8vYuREZIp/3+NCLO8lzRgyCED+ueD2OqDINgfCAz7Igm2F6fin51/F6tWNmoCnKh3kzOKprXKTg6KEZvQArXbxTYKsW3DNp0bd0Wp/M2i6iRL2OIzLWQPPMWYAYxrqdKDPwLEGbClAVnCvebMi1vtDlxqxtWfoieDLzFKxmBqtW5rZZ+Ggwl61qA==&u=U2FsdGVkX18pMHoB602tnRamm7QkEWsU1SdLr1ZNSNjfKGzbhz4cM/IzxUPyivcY&y=U2FsdGVkX19GeX3gxR+WevjtOO57I8kUcCKwUoUjN4Cp6YdpXels7oKhYpLFP80S HTTP/1.1" 200 26
34.32.168.198 - - [08/May/2023:00:00:41 -0500] "GET /inventario-de-emisiones-2020-transporte-publico-sitp-redujo-emisiones-de-pm-2-5-en-un-37.html HTTP/1.1" 200 925
172.22.2.4 - - [07/May/2023:23:59:02 -0500] "GET /BLA/boletinlegal/ HTTP/1.1" 200 57561
172.22.2.4 - - [08/May/2023:00:01:24 -0500] "GET /BLA/boletinlegal/actos.php HTTP/1.1" 200 9682
216.245.221.92 - - [08/May/2023:00:03:13 -0500] "HEAD / HTTP/1.1" 200 -
201.245.192.253 - - [08/May/2023:00:03:18 -0500] "POST /kwsrmcab/Wsrmcab  HTTP/1.1" 200 43465
186.31.57.93 - - [08/May/2023:00:04:43 -0500] "GET /kwssiamovil/sm/acme/a?s=U2FsdGVkX19XGN33O1alIIRVaBwPRHtzGD3/LDjI2tQug+CgN45DqL8Vze6aU7+p2Ne8iHT4JPQmQ/tcN8mf2McAINVCbE7U4sLxa/Auru58MKWkQS4pgVd6nBX15dmT+xh8PWo+MLSh1QwlF/92TupTpweL5KD1oRR6vVcvbsSZ0H9TQ/rDqc04iZQm+2HUjqo3xzDZvzMrPER3MoRfzoWlsx5YGqPtS0haN0ZdhZh2w04AIljN4PoJp+6fBcWKRJzTvyByShShVQr01qkG+w==&u=U2FsdGVkX18pMHoB602tnRamm7QkEWsU1SdLr1ZNSNjfKGzbhz4cM/IzxUPyivcY&y=U2FsdGVkX19GeX3gxR+WevjtOO57I8kUcCKwUoUjN4Cp6YdpXels7oKhYpLFP80S HTTP/1.1" 200 26
186.31.57.93 - - [08/May/2023:00:04:44 -0500] "GET /kwssiamovil/sm/acme/a?s=U2FsdGVkX19RFTmprshWUA2jONNYZj2+UN7+CLkaU/jlYczQm1b/+mq7TLcQKkQ7aEFhUGLEfLqXSF/nxmPrQJfayjG04GVTeMOUpuOCvxVmBuFNmAGx69e3QknPnH9mv4D7fAY7+Ae/hrQuj9DY9qQ1M/R0atooRqSRv01Znp5lJBCKzA3hKg9rVciWClyfobplEvzTS6MBcUmVALeUh201WENQaorukbUsY6XIshZyFCOL3JFThY2nu0W07f2womJPkq6kZgkKAwV3yk0ecK2AIMWzzetTa82Ut4tg9Rw9Xe2212QOtIzUVXPhyWrtH2jKd7/atf+M0nf0HjqT73KR0QdI0z78D/YepQqQxYcZ7zn9nhhBqR/Q66iK0c87IFXqVxA4ucKq5M6fpNmqes2qkHlByx4zmTCnwyCAtF8V3xIBUPyQknrJGmNHFLV6OakOGTAcLN2fXkGfScZ8oBFeqtNKjmDu97sa7HITduVFe7p6tffUBbc8QHomhNmzvlnJBZVwX2Ml4I0Xm5SzEq81vnGcIGWgDciIC78XBE3lF7wUkRMLc4hWQZ5Zk3Sx6MLXyd3YboCAU7UQEKp7VvCV/J53H1pr1rs43bvHq2zTs7rA6aAPP2ST5+GCYLNkAPwXkf7fwiEFHo+l2y3lWu6RsTVDsBKwHada6IXaMOtyqX2amUtlPSHY7ZYQwakTHejyCko3bEX/fDVd6c76bcM5EslQeO+4uT5jd6yyeh3+0nTZ8jkQGgEqMi+fWYaINrehkQVy4IZbaWuxqL+QIHSdwmluuxwVYcQ1jyuMWB4c6CSI0kYd6X/suUBZCHvG/BXVCpVag9eQCoC2r/qDHrxCRu/NhOxg7yzy2udciU1bqX9bFcgTTCy/zOzyAEIUXMJ2a12IE8s/C9M86gjOfriIjWlW/O4k3Tk39TqV2Ca4WR3Z5+gVD7NlheftDYolHkZ2HPuLFm8iKTP9Y6i7a/QkcBqK8dWAwgVG/Hiu8hwJFyZVrV2DzukMeSvyOFTpdEf7VDJdEXRQIA/Anb6TboiXzchvTN4/NoxkyrZknSIBMRXyI++d4vx3wggTIqVWh0B5ZkXz/GeMGr1szBzvbWV+UYPGLeU+jrUlpHh3xQwMrA/SacBLcVp5DPuZvolZE4Kx/khzSH899OZMZvbqHXhISmfFyC1CBNx+kYmlLT88tj7L1GNLU5qS8lrOXjMzz5pVFS26WdFIN+e0K/WHaBP+Yi1xwzWOiuV69F5kMhX5+XlpowMVL1ttpPWwV+ZN/xxAgElFWfu52Jr+HWbZkAPkAN8pO43Mb4vlkVkPrtWX2/JcQU5i+6qSw66uA0nEyH4Y3LcYoIUA27XCoUJQcQfvvIt8NyEVpCseBHye/c2EEYUn0FhP5PVxXjSGhPgtzkSGvCpQPzxPns4NNxd/iodl//MV2JrtuQglWLaDfIgtuNmmNNLo0LKFCi97pd891k3yb5pZ83IUu0g+ERmPzyxVRn8fbP1VzZmkuwUQyxxaZCLdH/Y4ShcYXJb/TQXe7+TfSQwcIb95uJdDoldVSxvOqgsd7SZXccAaBLPcO4HSZfetxAsM/bdJ/B2fe2/0Gjbld+xzuqbbqViNnmr5YXb7zpHYz7Jz2urk7YsifKj3zFe2yavxjhR95dsHnpeqHalgC19XFTFNvFuxSLJSSSUQ9PDXB7v2vWwaFJHfP1+1n2o3Q2lfunukKpTlZPaziQNtijTeJSTjSFRusuzG0Dg6taUNM6tlaCCOPbMqXSBVBAH6AdNvZbhlKhl6OZotjhQXjhOGOgR1u+So7/sdPWB2WRo2/gIRQSVwnntTXELqwV4onwhblhBkFvPWIAFYG7iY1N6qbbQ02vvvtTkRUHTflciryG4+kqLYYXP2Ax5iexzO2kgbjq9Nv1pakXaOL0qFpV+fRITRPUnDEZ1IUhJbk6SBbPrYY3twgJ3Xi04ADqb+Qs3jWZIgftTTxqzxmOJ50uqv5+NpgS1um/RchTzRScr423NMdzZMTSY/WHKTw2JIeTrTFUQH4bHbJ3taTz663MWuixoWL1fCm2R0cdWkGzp62EDggMjIjCrO5bANB/fC2RLF76dt5n3ZjyYm2nN2T3p26OXfW7uCEZgnLqESCakY9G6lUR3lTUzBYimqNOC0qCeLcfem94NmeoSA0kh1X50bjTVyluZR2y+ltmliBnObEp9YS4jLdRz8fvDQRtHuIgrGdNLuS1meSMtPPKhcrQioxbFJujLkXpnVgEjINEg0JfVM9X5wQuBt20uJPfE21hG8/kJYm0QmcGdONEGwjw7YIk1Eieyx8dbhclMZglcoO+G7CHqMjr8Jf0z2JDxgMn91/0Kl/wSQe4d3Dz5NJpkrQLsi/7bNyfLXZg==&u=U2FsdGVkX18pMHoB602tnRamm7QkEWsU1SdLr1ZNSNjfKGzbhz4cM/IzxUPyivcY&y=U2FsdGVkX19GeX3gxR+WevjtOO57I8kUcCKwUoUjN4Cp6YdpXels7oKhYpLFP80S HTTP/1.1" 200 26
186.31.57.93 - - [08/May/2023:00:04:44 -0500] "GET /kwssiamovil/sm/acme/a?s=U2FsdGVkX1+xuYEMWA3HOmLFBD+sUm0HE6NgDklmSxtkD9Nm2/ZuPHgyw3BRrLqs2WTp/84da7Q0q8sklgnXSQqEujqXxnat3EUXa8aDw9I9dJIIBOl2+sn/Q9/NtfdGcYd+fvfWDlEw5tQjBxFK/Ci6LprWEQmrytp0pG4Xk0o=&u=U2FsdGVkX18pMHoB602tnRamm7QkEWsU1SdLr1ZNSNjfKGzbhz4cM/IzxUPyivcY&y=U2FsdGVkX19GeX3gxR+WevjtOO57I8kUcCKwUoUjN4Cp6YdpXels7oKhYpLFP80S HTTP/1.1" 200 26
186.31.57.93 - - [08/May/2023:00:04:44 -0500] "GET /kwssiamovil/sm/acme/a?s=U2FsdGVkX1+KDTuqcEnU4BxRmESnKUWLfSap+hQFtNKoG8d25CVF3wgYsQW75B3QKD5RQLq36ay9fNCuPxaCigBxWeE2Aosti+ieTgVzgwwo06UgxkPWStoKK0oOjN+btEgaPII7EtSfYvVVQWDjLtHtGz0Whs97So1Go5hckh8=&u=U2FsdGVkX18pMHoB602tnRamm7QkEWsU1SdLr1ZNSNjfKGzbhz4cM/IzxUPyivcY&y=U2FsdGVkX19GeX3gxR+WevjtOO57I8kUcCKwUoUjN4Cp6YdpXels7oKhYpLFP80S HTTP/1.1" 200 26
186.31.57.93 - - [08/May/2023:00:04:44 -0500] "GET /kwssiamovil/sm/acme/a?s=U2FsdGVkX1/XvAPDYCOoX53nAzshOlRzPtW2voOZBiSKQ/jVTiH8zhz+ztM1Rpq2GuDiXxNXndg9v76GTDWQ5Pvukes9PpCzf/Z5He1NMp5S2n41dYRU3SCCZJIXopyvtGMJY6QnYekbj7/6Y/CTn3d7qLXpk9ZkDop5KvXWFOM=&u=U2FsdGVkX18pMHoB602tnRamm7QkEWsU1SdLr1ZNSNjfKGzbhz4cM/IzxUPyivcY&y=U2FsdGVkX19GeX3gxR+WevjtOO57I8kUcCKwUoUjN4Cp6YdpXels7oKhYpLFP80S HTTP/1.1" 200 26
186.31.57.93 - - [08/May/2023:00:04:44 -0500] "GET /kwssiamovil/sm/acme/a?s=U2FsdGVkX1/I0xr6ttuociYZTrhTkzva7CwiuiixIFAmM/fEQhiJpXd4SIGQANWdQJhyoREQ/9SA8idQ/dzTsGJL0CGT6XWA3Zz0lUP6EcxPaJ0eD38QRkXSWKreoylzU4U/wCeHG7jVkzD7DbCTheXYp/jNyTyy4o9Wyywq1xIeOai0gZmObNlFnvROw4CVO6AI8TO1yKHaGa51dm1O1g==&u=U2FsdGVkX18pMHoB602tnRamm7QkEWsU1SdLr1ZNSNjfKGzbhz4cM/IzxUPyivcY&y=U2FsdGVkX19GeX3gxR+WevjtOO57I8kUcCKwUoUjN4Cp6YdpXels7oKhYpLFP80S HTTP/1.1" 200 26
172.22.2.4 - - [08/May/2023:00:05:23 -0500] "GET /BLA/boletinlegal/actos.php HTTP/1.1" 200 9682
172.22.2.4 - - [08/May/2023:00:04:01 -0500] "HEAD /BLA/boletinlegal/ HTTP/1.1" 200 -
34.32.203.96 - - [08/May/2023:00:06:09 -0500] "GET /inventario-de-emisiones-2020-transporte-publico-sitp-redujo-emisiones-de-pm-2-5-en-un-37.html HTTP/1.1" 200 925
172.22.2.4 - - [08/May/2023:00:04:52 -0500] "GET /BLA/boletinlegal/ HTTP/1.1" 200 47199
172.22.2.4 - - [08/May/2023:00:05:17 -0500] "GET /BLA/boletinlegal/ HTTP/1.1" 200 50664
172.22.2.4 - - [08/May/2023:00:07:00 -0500] "GET /BLA/boletinlegal/js/jquery.scrollShow.js HTTP/1.1" 200 4586
199.16.157.180 - - [08/May/2023:00:07:32 -0500] "GET /nuevo-proyecto-en-el-parque-nacional-natural-chingaza-promueve-la-seguridad-hidrica-en-bogota.html HTTP/1.1" 200 834
199.16.157.183 - - [08/May/2023:00:07:32 -0500] "GET /images/evento-wef-1_optimized.jpeg HTTP/1.1" 200 138129
216.245.221.92 - - [08/May/2023:00:08:13 -0500] "HEAD / HTTP/1.1" 200 -
201.245.192.253 - - [08/May/2023:00:08:17 -0500] "POST /kwsrmcab/Wsrmcab  HTTP/1.1" 200 43465
186.31.57.93 - - [08/May/2023:00:08:43 -0500] "GET /kwssiamovil/sm/acme/a?s=U2FsdGVkX1+nhiVTzWRRlRweQE7/9lRiEdLEgsU8u0BbpxXrEnixtexyDsuwvOOUGO9l7YVv/CCU/pPSQmaGMFmzVVWPZ+Cmtq2X9FZwBT8QMU2kJ3+I/butC43DKgZuy4KiLlEWG5xJuvwsbMq4AbR6f4ny7z9eTBX3FDNJWdlhmn6TR8f3HfiLtr3FZupd0PCNHWgCRQ2+sMnayK6x76uyjeGk2ObD7FaEimetkmRlY63ZQbcm1s5LWhdTtvZ4tTJegRQJkN7X33sANyU63Q==&u=U2FsdGVkX18pMHoB602tnRamm7QkEWsU1SdLr1ZNSNjfKGzbhz4cM/IzxUPyivcY&y=U2FsdGVkX19GeX3gxR+WevjtOO57I8kUcCKwUoUjN4Cp6YdpXels7oKhYpLFP80S HTTP/1.1" 200 26
186.31.57.93 - - [08/May/2023:00:08:43 -0500] "GET /kwssiamovil/sm/acme/a?s=U2FsdGVkX18jFMhC9Ym6OKH00LzKCY4w58SuKexRGWoycRWOyIW2VUMB4Fz/oF3RdMtmL8YRn7btH84OJ/L5ENOINHGXwIi+3lpvUdTDAByQo4bx6RVTrjhUkhGsvLPcu56U5klSgWpyIcUdkSpxZ+0nW0acM9HPvPybwWPgcA92uCAlJ2Q+V0+hNaXksvMDQsb08C/KPbuqG17ysaP1XiCYHHPfwr956Qb460ROHg1BJUpk5zCo/+74t6P63y7jjZD+Z4eNSQQNHpyr5Vb/Ul4HsMDSsTluzsYxpcnCUhqjvyihI55X8QYMvDhiB/l9oJIsFnEQZ3ssj8N3jcrPaeObZhTLUiWxMSbvs+BqXGPTj07/wAqDnEhYe3T5WGi11V4gxc7mIelQ2uQwFz6D0imO7wcVEgo2mATwTnPKWtcE0j9WTPAGCMDPa2nquXg+7UlBYLXcnajzE+E+eVSpIdiio4Ji4siW1UsOjsKPyRsuYUl/MK/Ol/BVak68NA+2fPEutqogBRBQabfQFZct78b1oLWAOjrVUP3/VUfEOpjqMU5SaxBz6zWnsl8zC3Co7+l6DoqqxsOONqe5wfquojdW/JKh+oRFvQrhBg88Z38YVqw82XTtJ8XsO08CKeRRB/7Vs+hvymWbAPdGYq9IUe7cvX1iIkvYTkHQndfdeWNKMM6VRrm2seIkQl434ejuKyxu5prcEKDcEMzmaejIhPhNhresPOiVVpqm50omsIdc7PDZJ9+SdpCfIJybGiNx2fLax86zxZWdbW3f65QJy9IqXqafvhfM+SXXJtxpblcF7LbUJAwuwQGVzettOfaRtyBb0JXwoR3v0zo+SScz0YV9sDdnZqst2cvlMembISGaeHRVGaeE/WOuEigtGx0gH1oQVuWUdEik5ofw/0rFbL8Oz5V6PN6M4Bfi9o8PDSAvJGN/bkJ1Ada0Le9TzXyrlXqf4ekYv+3YOdzHa+9lt89MBSkxQ77kzDzlcFoXgEC6YXj8zgWbNG/8thylybhCgA3VjNgECi9pw6ilPYlpkktKl1qzcvd/CL9JMVMK69Lxr+1pFsGKNyj1RINyIhyLpJJ1vMlGC+sg9VuC/7pl83CBApfu2zb665d6e8a9AQNRNXJkd5/Ou6iZ0gqVnDO4HEdEmqcKrC/r/OCsL9Y3dxvNEnQz6VlhmTwZdcStJFEokjcFl2u5jfY4lXcGG2N2A3d2FtgmL87DR4ulTOIkQBlszQlCrwOJy4SeNguRPayZ3GuZ1ImN6JVgApz29Tzf3HidtUEQmgUemjWnr7SbU/j2SNOtoSyeavbaV54NQf37ggCQQZaia/bg0OAkqaWSYmeDm7XgqrWmrxhLhzI+OjgiSNO81loNOCCrtGjPnu+7//VMy1MDh/kWx7vwz03gs34kP4T7uvmoo4xC2G6lKMQ874V5ZMCaPA0RJvlsG3RpDrU5IFxmnhJhSuJxruGEeiIGJStOOBKP0ppf7CzRQ+1KNRaMsuYNpN3H9N+qvOT6a1ezYrlz+VRm5X1tJtK6ziZrtE4l5cR9nEjXejuvpCOr7f+5UV8qhrqVSXoCbaVq8ejC2GUvMkepeiNMS+Xs4IgIeBok3cE16fhXokJqb0zBHKYb6Qfayqtc2wIcaYnjkP5stelqAMaLO7rOsHFFUEuqt4sAxkWV460HYmOlQMjNWQ8XOw1s/LYYYf1ZLho9tG++BmOpZJ52uADzt2A6w3as/GpIT0KH8Q3gHH5RKlLrtU7ofKaxq9ii2LqjKjo38IpA28VEqqclu/mcZA4p7yK/2Safrb2vcOciGELE1WG1r7VgkQXwbxbYhmiyHhoNVS7N833Z2uh2xWHmUPNUoSETTPfe0bdGQ2J+Y2fIZD4/Bme/iSPGkiOT6qkk6gNV/LSFjxUiJ9ufVjJZV3mSNgphjej7hPJ9Ywh18aKlpNQuQtptSR/MQRqzDRxmwmxDsAu9t3Wi2qPqTuqm8ydRwUEUXo9cQnV2dSoiiabmDZ7fA+umjy5occogWsXaRZVxWmeIMgEfDLAItNxM+9sviN87Qrboc2ayIpcn+vfzIOXPcAVY48NyqzYUN/6mTnTIlIZjY1Pni40sI/fdS4Ev2IfoBdlLE0VBcskDoUfNg/+replt2fZS8V8JUuPF7YSo/dh56QLGwkdm+R0XDhqWavMiXlkR9NG9ca8sEhjOH5H9HtwgoP4ir1G6HNZXh2HJZH01BIYpNF1eQhn37d4M9I2zb+YyVkHJ5EyZY7v96iVxa0GJu1dtDmDgXo4GIIiydluFnYOwAxQYu2lfiGa3vps2EifCYv8FdDAJpqzA9rC1Dct9bn2FL7mC3lqiakEyffCQpNzmPitS3DG6sxoJe0uSn2D0ktQJTccGSYd/K0QAVxb7/Z4s4pDT3Lhk0VlT5dHbiq8bxpETf7/4FCOqOe2nmmKggyXiWLf/yncSglhWYl8Pm0Vgnk1kQfsFmnYL4wdp5BzOMXYiDXCQoF1Vs7ag0n6BqL2WzD1QBXhrFboCKTezRQZF0ud3FYM4LdlHiCGj98Aesh+NV8T7hwyiTZpKP0U9Tw5SVDJFt77oMMJb3BIG9cwvRFjlLPFjyp8lEVlVoGLrGx4hRLIY2348NpBqLnUzm+cqd9arAgMV+uCoj3mH0zqCOFWXp9hALBZP8L+ChbPX1kwOyKzHZ/FurgRrkMmCTq8tTvGee8+5Bc2yi28kKvqYOTupydQpwW8Ln4r0IBIDPmrQd9zI4yOoUOsnx2Ou9Q6YntwnpVHLZw==&u=U2FsdGVkX18pMHoB602tnRamm7QkEWsU1SdLr1ZNSNjfKGzbhz4cM/IzxUPyivcY&y=U2FsdGVkX19GeX3gxR+WevjtOO57I8kUcCKwUoUjN4Cp6YdpXels7oKhYpLFP80S HTTP/1.1" 200 26
186.31.57.93 - - [08/May/2023:00:08:44 -0500] "GET /kwssiamovil/sm/acme/a?s=U2FsdGVkX181Lz2RtKs+1ytLHrqUl0LjHL7dNkPQ3Rcyn+mHCRZDAa19lkJ1YyV8rqQae1MWbLadM53qT+J1SCaxHdPsFTBgHEMXYZtsfN1+Gl2twLvTH+HEQb6Au+3nJJdmHNPFmY5fl0Sv0NYBQ4Yu6dtaj8oQ3hLkia7wKVE=&u=U2FsdGVkX18pMHoB602tnRamm7QkEWsU1SdLr1ZNSNjfKGzbhz4cM/IzxUPyivcY&y=U2FsdGVkX19GeX3gxR+WevjtOO57I8kUcCKwUoUjN4Cp6YdpXels7oKhYpLFP80S HTTP/1.1" 200 26
186.31.57.93 - - [08/May/2023:00:08:44 -0500] "GET /kwssiamovil/sm/acme/a?s=U2FsdGVkX1+jJAQYIqaAYunbWYcEOzssTCHZeQgJfH4vx1G+5vtYnnEInDcupz/iShxKGFD2amAbehujmA9XxXx1+jPbg9PLI4N703Ljo/1Al992efN4sH4M9qKy6KqhmfNRBcW3Iw9dq9lFe7O07XRS3XuU7/3tZ9bMmhPe9pk=&u=U2FsdGVkX18pMHoB602tnRamm7QkEWsU1SdLr1ZNSNjfKGzbhz4cM/IzxUPyivcY&y=U2FsdGVkX19GeX3gxR+WevjtOO57I8kUcCKwUoUjN4Cp6YdpXels7oKhYpLFP80S HTTP/1.1" 200 26
186.31.57.93 - - [08/May/2023:00:08:44 -0500] "GET /kwssiamovil/sm/acme/a?s=U2FsdGVkX18n25Gh7oUc7QE6nWbawwz1GMDNKMXC5oDv4OhEO+MDZrG1W7FGuuQwtQmN5r445grnvkO+X1mFP6TdX5FvKAJzkzLb+DVrN+L0ulFmloB5uO6rO6LFhDrE/6UAIotZdhy1DjHikIiamr2rHYXKsqowA5B/OWcGOLs=&u=U2FsdGVkX18pMHoB602tnRamm7QkEWsU1SdLr1ZNSNjfKGzbhz4cM/IzxUPyivcY&y=U2FsdGVkX19GeX3gxR+WevjtOO57I8kUcCKwUoUjN4Cp6YdpXels7oKhYpLFP80S HTTP/1.1" 200 26
186.31.57.93 - - [08/May/2023:00:08:44 -0500] "GET /kwssiamovil/sm/acme/a?s=U2FsdGVkX18tPSZX0JOjanBUkR6RqoDQgcTpCjAibrYN9AvdyfwolDtAQeDUP3MjdpCxeDsm1PlYhBleSYThiHpnXccphUqEIK7T5cagC/FrRVXB1ToocHgaPIdg3u64/Eck3o52hFJ/v0W1EwesjyjQcYKrODd2vc8Da0zCH68yDcWA2fazi4pWC5cOGnW3NzlA5YL1cBDrvANW/kCxpg==&u=U2FsdGVkX18pMHoB602tnRamm7QkEWsU1SdLr1ZNSNjfKGzbhz4cM/IzxUPyivcY&y=U2FsdGVkX19GeX3gxR+WevjtOO57I8kUcCKwUoUjN4Cp6YdpXels7oKhYpLFP80S HTTP/1.1" 200 26
34.90.13.137 - - [08/May/2023:00:09:29 -0500] "GET /inventario-de-emisiones-2020-transporte-publico-sitp-redujo-emisiones-de-pm-2-5-en-un-37.html HTTP/1.1" 200 925
162.55.43.55 - - [08/May/2023:00:10:02 -0500] "GET / HTTP/1.1" 200 319
172.22.2.4 - - [08/May/2023:00:09:51 -0500] "HEAD /BLA/boletinlegal/ HTTP/1.1" 200 -
172.22.2.4 - - [08/May/2023:00:10:42 -0500] "GET /BLA/boletinlegal/ HTTP/1.1" 200 56754
216.245.221.92 - - [08/May/2023:00:13:13 -0500] "HEAD / HTTP/1.1" 200 -
201.245.192.253 - - [08/May/2023:00:13:17 -0500] "POST /kwsrmcab/Wsrmcab  HTTP/1.1" 200 43465
34.90.13.137 - - [08/May/2023:00:13:33 -0500] "GET /inventario-de-emisiones-2020-transporte-publico-sitp-redujo-emisiones-de-pm-2-5-en-un-37.html HTTP/1.1" 200 925
172.22.2.4 - - [08/May/2023:00:15:41 -0500] "HEAD /BLA/boletinlegal/ HTTP/1.1" 200 -
172.22.2.4 - - [08/May/2023:00:16:32 -0500] "GET /BLA/boletinlegal/ HTTP/1.1" 200 53114
216.245.221.92 - - [08/May/2023:00:18:13 -0500] "HEAD / HTTP/1.1" 200 -
201.245.192.253 - - [08/May/2023:00:18:15 -0500] "POST /kwsrmcab/Wsrmcab  HTTP/1.1" 200 43465
172.22.2.4 - - [08/May/2023:00:18:30 -0500] "GET /BLA/boletinlegal/console/ HTTP/1.1" 404 1018
201.245.192.253 - - [08/May/2023:00:19:39 -0500] "POST /kwsrmcab/Wsrmcab HTTP/1.1" 200 43001
201.245.192.253 - - [08/May/2023:00:19:42 -0500] "POST /kwsrmcab/Wsrmcab HTTP/1.1" 200 43144
66.249.70.170 - - [08/May/2023:00:21:55 -0500] "-" 408 -
172.22.2.4 - - [08/May/2023:00:22:36 -0500] "GET /BLA/boletinlegal/Circulares/2023/CIRCULAR%20No.%2000002%20DEL%2020%20DE%20FEBRERO%20DEL%202023.pdf HTTP/1.1" 304 -
172.22.2.4 - - [08/May/2023:00:21:31 -0500] "HEAD /BLA/boletinlegal/ HTTP/1.1" 200 -
216.245.221.92 - - [08/May/2023:00:23:13 -0500] "HEAD / HTTP/1.1" 200 -
201.245.192.253 - - [08/May/2023:00:23:15 -0500] "POST /kwsrmcab/Wsrmcab  HTTP/1.1" 200 43465
173.252.79.19 - - [08/May/2023:00:23:57 -0500] "GET /images/negocios-verdes-mayo-2022.jpg HTTP/1.1" 200 48000
172.22.2.4 - - [08/May/2023:00:22:22 -0500] "GET /BLA/boletinlegal/ HTTP/1.1" 200 57561
34.147.74.122 - - [08/May/2023:00:25:07 -0500] "GET /inventario-de-emisiones-2020-transporte-publico-sitp-redujo-emisiones-de-pm-2-5-en-un-37.html HTTP/1.1" 200 925
186.84.90.156 - - [08/May/2023:00:27:23 -0500] "GET /BLA/resoluciones/index.php?dir= HTTP/1.1" 200 13502
186.84.90.156 - - [08/May/2023:00:27:28 -0500] "GET /BLA/resoluciones/index.php?dir=AUTOS+2017%2F HTTP/1.1" 200 468483
216.245.221.92 - - [08/May/2023:00:28:13 -0500] "HEAD / HTTP/1.1" 200 -
201.245.192.253 - - [08/May/2023:00:28:14 -0500] "POST /kwsrmcab/Wsrmcab  HTTP/1.1" 200 43465
172.22.2.4 - - [08/May/2023:00:27:21 -0500] "HEAD /BLA/boletinlegal/ HTTP/1.1" 200 -
201.245.192.253 - - [08/May/2023:00:29:40 -0500] "POST /kwsrmcab/Wsrmcab HTTP/1.1" 200 43001
201.245.192.253 - - [08/May/2023:00:29:42 -0500] "POST /kwsrmcab/Wsrmcab HTTP/1.1" 200 43144
172.22.2.4 - - [08/May/2023:00:28:12 -0500] "GET /BLA/boletinlegal/ HTTP/1.1" 200 57151
216.245.221.92 - - [08/May/2023:00:33:13 -0500] "HEAD / HTTP/1.1" 200 -
201.245.192.253 - - [08/May/2023:00:33:13 -0500] "POST /kwsrmcab/Wsrmcab  HTTP/1.1" 200 43465
34.147.4.96 - - [08/May/2023:00:33:37 -0500] "GET /inventario-de-emisiones-2020-transporte-publico-sitp-redujo-emisiones-de-pm-2-5-en-un-37.html HTTP/1.1" 200 925
172.22.2.4 - - [08/May/2023:00:33:11 -0500] "HEAD /BLA/boletinlegal/ HTTP/1.1" 200 -
152.61.192.232 - - [08/May/2023:00:35:05 -0500] "GET / HTTP/1.1" 200 319
38.32.70.140 - - [08/May/2023:00:35:21 -0500] "GET /portaldeninos/wp-content/uploads/2020/01/Tierra-escenario.jpg HTTP/1.1" 200 181491
172.22.2.4 - - [08/May/2023:00:34:02 -0500] "GET /BLA/boletinlegal/ HTTP/1.1" 200 57561
34.147.74.122 - - [08/May/2023:00:36:42 -0500] "GET /inventario-de-emisiones-2020-transporte-publico-sitp-redujo-emisiones-de-pm-2-5-en-un-37.html HTTP/1.1" 200 925
172.22.2.4 - - [08/May/2023:00:36:43 -0500] "GET /BLA/boletinlegal/actos.php HTTP/1.1" 200 9682
172.22.2.4 - - [08/May/2023:00:37:06 -0500] "GET /BLA/boletinlegal/js/popup.js HTTP/1.1" 200 1270
172.22.2.4 - - [08/May/2023:00:37:06 -0500] "GET /BLA/boletinlegal/niceforms-default.css HTTP/1.1" 200 6694
172.22.2.4 - - [08/May/2023:00:37:07 -0500] "GET /BLA/boletinlegal/js/ajax_actos.js HTTP/1.1" 200 1322
172.22.2.4 - - [08/May/2023:00:37:07 -0500] "GET /BLA/boletinlegal/styles2.css HTTP/1.1" 200 1838
172.22.2.4 - - [08/May/2023:00:37:08 -0500] "GET /BLA/boletinlegal/js/lib.js HTTP/1.1" 200 6474
172.22.2.4 - - [08/May/2023:00:37:08 -0500] "GET /BLA/boletinlegal/niceforms.js HTTP/1.1" 200 22876
172.22.2.4 - - [08/May/2023:00:37:09 -0500] "GET /BLA/boletinlegal/js/jquery1.js HTTP/1.1" 200 29846
216.245.221.92 - - [08/May/2023:00:38:13 -0500] "HEAD / HTTP/1.1" 200 -
201.245.192.253 - - [08/May/2023:00:38:12 -0500] "POST /kwsrmcab/Wsrmcab  HTTP/1.1" 200 43465
201.245.192.253 - - [08/May/2023:00:39:39 -0500] "POST /kwsrmcab/Wsrmcab HTTP/1.1" 200 43001
201.245.192.253 - - [08/May/2023:00:39:42 -0500] "POST /kwsrmcab/Wsrmcab HTTP/1.1" 200 43144
172.22.2.4 - - [08/May/2023:00:39:01 -0500] "HEAD /BLA/boletinlegal/ HTTP/1.1" 200 -
172.22.2.4 - - [08/May/2023:00:39:52 -0500] "GET /BLA/boletinlegal/ HTTP/1.1" 200 57561
216.245.221.92 - - [08/May/2023:00:43:13 -0500] "HEAD / HTTP/1.1" 200 -
201.245.192.253 - - [08/May/2023:00:43:11 -0500] "POST /kwsrmcab/Wsrmcab  HTTP/1.1" 200 43465
31.13.103.13 - - [08/May/2023:00:43:17 -0500] "GET /semana-santa-dias-y-horarios-para-visitar-el-camino-guadalupe-aguanoso.html HTTP/1.1" 206 943
31.13.103.8 - - [08/May/2023:00:43:23 -0500] "GET /semana-santa-dias-y-horarios-para-visitar-el-camino-guadalupe-aguanoso.html HTTP/1.1" 206 943
52.167.144.33 - - [08/May/2023:00:43:29 -0500] "GET /images/humedal-principal-santa-maria-7-febrero.jpg HTTP/1.1" 200 86406
52.167.144.33 - - [08/May/2023:00:43:30 -0500] "GET / HTTP/1.1" 200 4720
152.61.128.50 - - [08/May/2023:00:44:09 -0500] "GET / HTTP/1.1" 200 319
114.119.151.168 - - [08/May/2023:00:44:47 -0500] "-" 408 -
69.171.249.15 - - [08/May/2023:00:45:43 -0500] "GET /images/WhatsApp%20Image%202023-04-05%20at%2013.54.41.jpeg HTTP/1.1" 200 210747
69.171.249.7 - - [08/May/2023:00:45:43 -0500] "GET /images/Adopcion-gatos-y-perros-en-bogota-abril-23.jpeg HTTP/1.1" 200 68661
172.22.2.4 - - [08/May/2023:00:44:51 -0500] "HEAD /BLA/boletinlegal/ HTTP/1.1" 200 -
172.22.2.4 - - [08/May/2023:00:45:42 -0500] "GET /BLA/boletinlegal/ HTTP/1.1" 200 56754
201.245.192.253 - - [08/May/2023:00:48:09 -0500] "POST /kwsrmcab/Wsrmcab  HTTP/1.1" 200 43465
216.245.221.92 - - [08/May/2023:00:48:13 -0500] "HEAD / HTTP/1.1" 200 -
172.22.2.4 - - [08/May/2023:00:50:41 -0500] "HEAD /BLA/boletinlegal/ HTTP/1.1" 200 -
201.245.192.253 - - [08/May/2023:00:53:07 -0500] "POST /kwsrmcab/Wsrmcab  HTTP/1.1" 200 43465
172.22.2.4 - - [08/May/2023:00:51:31 -0500] "GET /BLA/boletinlegal/ HTTP/1.1" 200 57945
216.245.221.92 - - [08/May/2023:00:53:13 -0500] "HEAD / HTTP/1.1" 200 -
168.119.253.69 - - [08/May/2023:00:54:25 -0500] "GET / HTTP/1.1" 200 319
172.22.2.4 - - [08/May/2023:00:54:32 -0500] "GET /BLA/boletinlegal/.git/config HTTP/1.1" 404 1018
168.119.251.242 - - [08/May/2023:00:54:35 -0500] "GET / HTTP/1.1" 200 319
95.108.213.83 - - [08/May/2023:00:56:46 -0500] "-" 408 -
34.32.168.198 - - [08/May/2023:00:57:16 -0500] "GET /inventario-de-emisiones-2020-transporte-publico-sitp-redujo-emisiones-de-pm-2-5-en-un-37.html HTTP/1.1" 200 925
201.245.192.253 - - [08/May/2023:00:58:06 -0500] "POST /kwsrmcab/Wsrmcab  HTTP/1.1" 200 43465
172.22.2.4 - - [08/May/2023:00:56:31 -0500] "HEAD /BLA/boletinlegal/ HTTP/1.1" 200 -
216.245.221.92 - - [08/May/2023:00:58:13 -0500] "HEAD / HTTP/1.1" 200 -
34.32.168.198 - - [08/May/2023:00:58:13 -0500] "GET /inventario-de-emisiones-2020-transporte-publico-sitp-redujo-emisiones-de-pm-2-5-en-un-37.html HTTP/1.1" 200 925
172.22.2.4 - - [08/May/2023:00:57:21 -0500] "GET /BLA/boletinlegal/ HTTP/1.1" 200 58663
201.245.192.253 - - [08/May/2023:01:03:06 -0500] "POST /kwsrmcab/Wsrmcab  HTTP/1.1" 200 43465
216.245.221.92 - - [08/May/2023:01:03:13 -0500] "HEAD / HTTP/1.1" 200 -
172.22.2.4 - - [08/May/2023:01:02:21 -0500] "HEAD /BLA/boletinlegal/ HTTP/1.1" 200 -
172.22.2.4 - - [08/May/2023:01:03:11 -0500] "GET /BLA/boletinlegal/ HTTP/1.1" 200 59306
152.61.192.232 - - [08/May/2023:01:05:13 -0500] "GET /arcgis/services/Calidad_del_Agua_WQI/MapServer/WMSServer?request=GetCapabilities&service=WMS HTTP/1.1" 503 1020
152.61.192.232 - - [08/May/2023:01:05:15 -0500] "GET /arcgis/services/Calidad_del_Agua_WQI/MapServer/WMSServer?SERVICE=WMS&REQUEST=GetCapabilities HTTP/1.1" 503 1020
152.61.192.232 - - [08/May/2023:01:05:15 -0500] "GET /arcgis/services/Calidad_del_Agua_WQI/MapServer/WMSServer?WMTVER=1.0.0&REQUEST=capabilities HTTP/1.1" 503 1020
34.32.182.52 - - [08/May/2023:01:05:48 -0500] "GET /inventario-de-emisiones-2020-transporte-publico-sitp-redujo-emisiones-de-pm-2-5-en-un-37.html HTTP/1.1" 200 925
172.22.2.4 - - [08/May/2023:01:06:15 -0500] "GET /BLA/boletinlegal/actas/466-2017.pdf HTTP/1.1" 200 9170724
66.249.70.172 - - [08/May/2023:01:06:53 -0500] "-" 408 -
181.51.34.172 - - [08/May/2023:01:07:25 -0500] "GET /el-proximo-13-de-mayo-participa-del-global-big-day.html HTTP/1.1" 200 736
172.22.2.4 - - [08/May/2023:01:07:35 -0500] "GET /BLA/boletinlegal/Directivas/2011/Directiva%20No.%206%20del%208%20de%20Septiembre%20de%202011.pdf HTTP/1.1" 304 -
186.84.90.156 - - [08/May/2023:01:07:38 -0500] "GET /BLA/resoluciones/index.php?dir= HTTP/1.1" 200 13502
186.84.90.156 - - [08/May/2023:01:07:47 -0500] "GET /BLA/resoluciones/index.php?dir=AUTOS+2018%2F HTTP/1.1" 200 457306
201.245.192.253 - - [08/May/2023:01:08:05 -0500] "POST /kwsrmcab/Wsrmcab  HTTP/1.1" 200 43465
216.245.221.92 - - [08/May/2023:01:08:13 -0500] "HEAD / HTTP/1.1" 200 -
35.204.62.178 - - [08/May/2023:01:09:03 -0500] "GET /inventario-de-emisiones-2020-transporte-publico-sitp-redujo-emisiones-de-pm-2-5-en-un-37.html HTTP/1.1" 200 925
172.22.2.4 - - [08/May/2023:01:08:11 -0500] "HEAD /BLA/boletinlegal/ HTTP/1.1" 200 -
172.22.2.4 - - [08/May/2023:01:09:01 -0500] "GET /BLA/boletinlegal/ HTTP/1.1" 200 57151
172.22.2.4 - - [08/May/2023:01:12:02 -0500] "GET /BLA/boletinlegal/actos.php HTTP/1.1" 200 9682
201.245.192.253 - - [08/May/2023:01:13:03 -0500] "POST /kwsrmcab/Wsrmcab  HTTP/1.1" 200 43465
216.245.221.92 - - [08/May/2023:01:13:13 -0500] "HEAD / HTTP/1.1" 200 -
172.22.2.4 - - [08/May/2023:01:14:01 -0500] "HEAD /BLA/boletinlegal/ HTTP/1.1" 200 -
172.22.2.4 - - [08/May/2023:01:14:51 -0500] "GET /BLA/boletinlegal/ HTTP/1.1" 200 52326
201.245.192.253 - - [08/May/2023:01:18:02 -0500] "POST /kwsrmcab/Wsrmcab  HTTP/1.1" 200 43465
216.245.221.92 - - [08/May/2023:01:18:13 -0500] "HEAD / HTTP/1.1" 200 -
201.245.192.253 - - [08/May/2023:01:19:39 -0500] "POST /kwsrmcab/Wsrmcab HTTP/1.1" 200 42665
201.245.192.253 - - [08/May/2023:01:19:43 -0500] "POST /kwsrmcab/Wsrmcab HTTP/1.1" 200 42987
172.22.2.4 - - [08/May/2023:01:19:51 -0500] "HEAD /BLA/boletinlegal/ HTTP/1.1" 200 -
172.22.2.4 - - [08/May/2023:01:20:41 -0500] "GET /BLA/boletinlegal/ HTTP/1.1" 200 57945
201.245.192.253 - - [08/May/2023:01:23:01 -0500] "POST /kwsrmcab/Wsrmcab  HTTP/1.1" 200 43465
216.245.221.92 - - [08/May/2023:01:23:13 -0500] "HEAD / HTTP/1.1" 200 -
172.22.2.4 - - [08/May/2023:01:25:41 -0500] "HEAD /BLA/boletinlegal/ HTTP/1.1" 200 -
201.245.192.253 - - [08/May/2023:01:28:00 -0500] "POST /kwsrmcab/Wsrmcab  HTTP/1.1" 200 43465
172.22.2.4 - - [08/May/2023:01:26:31 -0500] "GET /BLA/boletinlegal/ HTTP/1.1" 200 59306
216.245.221.92 - - [08/May/2023:01:28:13 -0500] "HEAD / HTTP/1.1" 200 -
201.245.192.253 - - [08/May/2023:01:29:39 -0500] "POST /kwsrmcab/Wsrmcab HTTP/1.1" 200 42665
201.245.192.253 - - [08/May/2023:01:29:42 -0500] "POST /kwsrmcab/Wsrmcab HTTP/1.1" 200 42987
152.61.128.50 - - [08/May/2023:01:30:07 -0500] "GET /arcgis/services/Calidad_del_Agua_WQI/MapServer/WMSServer?request=GetCapabilities&service=WMS HTTP/1.1" 503 1020
152.61.128.50 - - [08/May/2023:01:30:08 -0500] "GET /arcgis/services/Calidad_del_Agua_WQI/MapServer/WMSServer?SERVICE=WMS&REQUEST=GetCapabilities HTTP/1.1" 503 1020
152.61.128.50 - - [08/May/2023:01:30:08 -0500] "GET /arcgis/services/Calidad_del_Agua_WQI/MapServer/WMSServer?WMTVER=1.0.0&REQUEST=capabilities HTTP/1.1" 503 1020
172.22.2.4 - - [08/May/2023:01:30:11 -0500] "GET /BLA/boletinlegal/actos.php HTTP/1.1" 200 9682
172.22.2.4 - - [08/May/2023:01:30:33 -0500] "GET /BLA/boletinlegal/jurisprudencia/analisis/AnalisisC-746-12.docx HTTP/1.1" 200 22637
172.22.2.4 - - [08/May/2023:01:29:58 -0500] "GET /BLA/boletinlegal/ HTTP/1.1" 200 28619
201.245.192.253 - - [08/May/2023:01:32:59 -0500] "POST /kwsrmcab/Wsrmcab  HTTP/1.1" 200 43465
172.22.2.4 - - [08/May/2023:01:31:31 -0500] "HEAD /BLA/boletinlegal/ HTTP/1.1" 200 -
216.245.221.92 - - [08/May/2023:01:33:13 -0500] "HEAD / HTTP/1.1" 200 -
181.55.246.223 - - [08/May/2023:01:33:14 -0500] "GET /mesa/contrasena.pdf HTTP/1.1" 200 443199
181.55.246.223 - - [08/May/2023:01:33:15 -0500] "GET /mesa/contrasena.pdf HTTP/1.1" 206 1
181.55.246.223 - - [08/May/2023:01:33:15 -0500] "GET /mesa/contrasena.pdf HTTP/1.1" 206 382151
172.22.2.4 - - [08/May/2023:01:32:21 -0500] "GET /BLA/boletinlegal/ HTTP/1.1" 200 54424
66.249.70.168 - - [08/May/2023:01:35:30 -0500] "-" 408 -
201.245.192.253 - - [08/May/2023:01:37:58 -0500] "POST /kwsrmcab/Wsrmcab  HTTP/1.1" 200 43465
216.245.221.92 - - [08/May/2023:01:38:13 -0500] "HEAD / HTTP/1.1" 200 -
172.22.2.4 - - [08/May/2023:01:37:21 -0500] "HEAD /BLA/boletinlegal/ HTTP/1.1" 200 -
200.118.60.119 - - [08/May/2023:01:39:01 -0500] "GET /BLA/resoluciones/index.php?dir=RESOLUCIONES+2015%2F HTTP/1.1" 200 130562
201.245.192.253 - - [08/May/2023:01:39:39 -0500] "POST /kwsrmcab/Wsrmcab HTTP/1.1" 200 42665
201.245.192.253 - - [08/May/2023:01:39:42 -0500] "POST /kwsrmcab/Wsrmcab HTTP/1.1" 200 42987
200.118.60.119 - - [08/May/2023:01:40:09 -0500] "GET /BLA/resoluciones/index.php?dir=RESOLUCIONES+2015%2F HTTP/1.1" 200 130562
201.245.192.253 - - [08/May/2023:01:42:57 -0500] "POST /kwsrmcab/Wsrmcab  HTTP/1.1" 200 43465
216.245.221.92 - - [08/May/2023:01:43:13 -0500] "HEAD / HTTP/1.1" 200 -
172.22.2.4 - - [08/May/2023:01:44:22 -0500] "GET /BLA/boletinlegal/ HTTP/1.1" 200 20427
172.22.2.4 - - [08/May/2023:01:45:18 -0500] "GET /BLA/boletinlegal/actos.php HTTP/1.1" 200 9682
172.22.2.4 - - [08/May/2023:01:44:44 -0500] "HEAD /BLA/boletinlegal/ HTTP/1.1" 200 -
172.22.2.4 - - [08/May/2023:01:45:35 -0500] "GET /BLA/boletinlegal/ HTTP/1.1" 200 55571
172.22.2.4 - - [08/May/2023:01:47:27 -0500] "GET /BLA/boletinlegal/actos.php HTTP/1.1" 200 9682
201.245.192.253 - - [08/May/2023:01:47:55 -0500] "POST /kwsrmcab/Wsrmcab  HTTP/1.1" 200 43465
216.245.221.92 - - [08/May/2023:01:48:13 -0500] "HEAD / HTTP/1.1" 200 -
66.249.70.168 - - [08/May/2023:01:51:53 -0500] "-" 408 -
172.22.2.4 - - [08/May/2023:01:50:34 -0500] "HEAD /BLA/boletinlegal/ HTTP/1.1" 200 -
201.245.192.253 - - [08/May/2023:01:52:54 -0500] "POST /kwsrmcab/Wsrmcab  HTTP/1.1" 200 43465
172.22.2.4 - - [08/May/2023:01:51:24 -0500] "GET /BLA/boletinlegal/ HTTP/1.1" 200 59306
216.245.221.92 - - [08/May/2023:01:53:13 -0500] "HEAD / HTTP/1.1" 200 -
34.91.64.103 - - [08/May/2023:01:53:33 -0500] "GET /inventario-de-emisiones-2020-transporte-publico-sitp-redujo-emisiones-de-pm-2-5-en-un-37.html HTTP/1.1" 200 925
200.118.60.119 - - [08/May/2023:01:54:13 -0500] "GET /BLA/resoluciones/index.php?dir=AUTOS+2015%2F HTTP/1.1" 200 581886
172.22.2.4 - - [08/May/2023:01:54:26 -0500] "GET /BLA/boletinlegal/actos.php HTTP/1.1" 200 9682
200.118.60.119 - - [08/May/2023:01:54:59 -0500] "GET /BLA/resoluciones/AUTOS%202015/2278.pdf HTTP/1.1" 200 767018
201.245.192.253 - - [08/May/2023:01:57:53 -0500] "POST /kwsrmcab/Wsrmcab  HTTP/1.1" 200 43465
172.22.2.4 - - [08/May/2023:01:56:24 -0500] "HEAD /BLA/boletinlegal/ HTTP/1.1" 200 -
172.22.2.4 - - [08/May/2023:01:58:05 -0500] "GET /BLA/boletinlegal/actos.php HTTP/1.1" 200 9682
216.245.221.92 - - [08/May/2023:01:58:13 -0500] "HEAD / HTTP/1.1" 200 -
172.22.2.4 - - [08/May/2023:01:57:14 -0500] "GET /BLA/boletinlegal/ HTTP/1.1" 200 58663
34.32.182.52 - - [08/May/2023:02:00:54 -0500] "GET /inventario-de-emisiones-2020-transporte-publico-sitp-redujo-emisiones-de-pm-2-5-en-un-37.html HTTP/1.1" 200 925
201.245.192.253 - - [08/May/2023:02:02:52 -0500] "POST /kwsrmcab/Wsrmcab  HTTP/1.1" 200 43465
172.22.2.4 - - [08/May/2023:02:02:30 -0500] "GET /BLA/boletinlegal/ HTTP/1.1" 200 20427
216.245.221.92 - - [08/May/2023:02:03:13 -0500] "HEAD / HTTP/1.1" 200 -
172.22.2.4 - - [08/May/2023:02:02:14 -0500] "HEAD /BLA/boletinlegal/ HTTP/1.1" 200 -
34.147.74.122 - - [08/May/2023:02:04:09 -0500] "GET /inventario-de-emisiones-2020-transporte-publico-sitp-redujo-emisiones-de-pm-2-5-en-un-37.html HTTP/1.1" 200 925
172.22.2.4 - - [08/May/2023:02:03:04 -0500] "GET /BLA/boletinlegal/ HTTP/1.1" 200 57561
40.77.167.108 - - [08/May/2023:02:05:44 -0500] "-" 408 -
172.22.2.4 - - [08/May/2023:02:05:55 -0500] "OPTIONS /BLA/boletinlegal/ HTTP/1.1" 200 49099
201.245.192.253 - - [08/May/2023:02:07:51 -0500] "POST /kwsrmcab/Wsrmcab  HTTP/1.1" 200 43465
216.245.221.92 - - [08/May/2023:02:08:13 -0500] "HEAD / HTTP/1.1" 200 -
172.22.2.4 - - [08/May/2023:02:08:49 -0500] "GET /BLA/boletinlegal/Circulares/2020/Circular%2000010%20del%2027%20de%20julio%20de%202020.pdf HTTP/1.1" 200 422655
34.147.74.122 - - [08/May/2023:02:08:50 -0500] "GET /inventario-de-emisiones-2020-transporte-publico-sitp-redujo-emisiones-de-pm-2-5-en-un-37.html HTTP/1.1" 200 925
172.22.2.4 - - [08/May/2023:02:08:04 -0500] "HEAD /BLA/boletinlegal/ HTTP/1.1" 200 -
45.227.254.48 - - [08/May/2023:02:10:17 -0500] "\x03" 400 226
172.22.2.4 - - [08/May/2023:02:08:54 -0500] "GET /BLA/boletinlegal/ HTTP/1.1" 200 53924
34.147.12.168 - - [08/May/2023:02:12:06 -0500] "GET /inventario-de-emisiones-2020-transporte-publico-sitp-redujo-emisiones-de-pm-2-5-en-un-37.html HTTP/1.1" 200 925
201.245.192.253 - - [08/May/2023:02:12:50 -0500] "POST /kwsrmcab/Wsrmcab  HTTP/1.1" 200 43465
216.245.221.92 - - [08/May/2023:02:13:13 -0500] "HEAD / HTTP/1.1" 200 -
172.22.2.4 - - [08/May/2023:02:13:54 -0500] "HEAD /BLA/boletinlegal/ HTTP/1.1" 200 -
172.22.2.4 - - [08/May/2023:02:14:44 -0500] "GET /BLA/boletinlegal/ HTTP/1.1" 200 59306
66.249.70.177 - - [08/May/2023:02:17:27 -0500] "-" 408 -
201.245.192.253 - - [08/May/2023:02:17:49 -0500] "POST /kwsrmcab/Wsrmcab  HTTP/1.1" 200 43465
216.245.221.92 - - [08/May/2023:02:18:13 -0500] "HEAD / HTTP/1.1" 200 -
172.22.2.4 - - [08/May/2023:02:18:57 -0500] "GET /BLA/boletinlegal/.env HTTP/1.1" 404 1038
201.245.192.253 - - [08/May/2023:02:19:39 -0500] "POST /kwsrmcab/Wsrmcab HTTP/1.1" 200 42836
201.245.192.253 - - [08/May/2023:02:19:42 -0500] "POST /kwsrmcab/Wsrmcab HTTP/1.1" 200 42987
172.22.2.4 - - [08/May/2023:02:19:18 -0500] "POST /BLA/boletinlegal/ HTTP/1.1" 200 24523
69.171.249.1 - - [08/May/2023:02:20:17 -0500] "GET /semana-ecoempresarial-herramientas-para-que-el-sector-economico-de-bogota-pueda-tener-un-crecimiento-verde.html HTTP/1.1" 206 918
69.171.249.10 - - [08/May/2023:02:20:43 -0500] "GET /images/jardines-verticales-plantas-24-mayo.jpg HTTP/1.1" 200 148288
69.171.249.7 - - [08/May/2023:02:21:16 -0500] "GET /images/atencion-al-ciudadano-abril.jpg HTTP/1.1" 200 116523
172.22.2.4 - - [08/May/2023:02:19:44 -0500] "HEAD /BLA/boletinlegal/ HTTP/1.1" 200 -
172.22.2.4 - - [08/May/2023:02:20:34 -0500] "GET /BLA/boletinlegal/ HTTP/1.1" 200 56754
34.32.168.198 - - [08/May/2023:02:22:19 -0500] "GET /inventario-de-emisiones-2020-transporte-publico-sitp-redujo-emisiones-de-pm-2-5-en-un-37.html HTTP/1.1" 200 925
201.245.192.253 - - [08/May/2023:02:22:48 -0500] "POST /kwsrmcab/Wsrmcab  HTTP/1.1" 200 43465
216.245.221.92 - - [08/May/2023:02:23:13 -0500] "HEAD / HTTP/1.1" 200 -
40.77.167.94 - - [08/May/2023:02:26:21 -0500] "GET /Publicaciones/2023EE66859.pdf HTTP/1.1" 404 227
40.77.167.94 - - [08/May/2023:02:26:22 -0500] "GET /sipse/faces/faces/autenticacion.xhtml HTTP/1.1" 200 12497
40.77.167.103 - - [08/May/2023:02:27:03 -0500] "GET /BLA/resoluciones/AUTOS%202014/3300.pdf HTTP/1.1" 200 433123
40.77.167.103 - - [08/May/2023:02:27:05 -0500] "GET /BLA/resoluciones/AUTOS%202014/3304.pdf HTTP/1.1" 304 -
40.77.167.103 - - [08/May/2023:02:27:05 -0500] "GET /BLA/resoluciones/index.php?dir=AUTOS+2014%2F HTTP/1.1" 200 890036
172.22.2.4 - - [08/May/2023:02:25:34 -0500] "HEAD /BLA/boletinlegal/ HTTP/1.1" 200 -
201.245.192.253 - - [08/May/2023:02:27:47 -0500] "POST /kwsrmcab/Wsrmcab  HTTP/1.1" 200 43465
172.22.2.4 - - [08/May/2023:02:26:24 -0500] "GET /BLA/boletinlegal/ HTTP/1.1" 200 57561
216.245.221.92 - - [08/May/2023:02:28:13 -0500] "HEAD / HTTP/1.1" 200 -
40.77.167.94 - - [08/May/2023:02:29:01 -0500] "GET /forest/ HTTP/1.1" 200 12041
201.245.192.253 - - [08/May/2023:02:29:39 -0500] "POST /kwsrmcab/Wsrmcab HTTP/1.1" 200 42836
201.245.192.253 - - [08/May/2023:02:29:42 -0500] "POST /kwsrmcab/Wsrmcab HTTP/1.1" 200 42987
35.204.62.178 - - [08/May/2023:02:31:12 -0500] "GET /inventario-de-emisiones-2020-transporte-publico-sitp-redujo-emisiones-de-pm-2-5-en-un-37.html HTTP/1.1" 200 925
201.245.192.253 - - [08/May/2023:02:32:46 -0500] "POST /kwsrmcab/Wsrmcab  HTTP/1.1" 200 43465
172.22.2.4 - - [08/May/2023:02:31:24 -0500] "HEAD /BLA/boletinlegal/ HTTP/1.1" 200 -
216.245.221.92 - - [08/May/2023:02:33:13 -0500] "HEAD / HTTP/1.1" 200 -
40.77.167.94 - - [08/May/2023:02:33:53 -0500] "GET /BLA/resoluciones/AUTOS%202021/1626.pdf HTTP/1.1" 304 -
172.22.2.4 - - [08/May/2023:02:32:14 -0500] "GET /BLA/boletinlegal/ HTTP/1.1" 200 57151
35.204.62.178 - - [08/May/2023:02:34:30 -0500] "GET /inventario-de-emisiones-2020-transporte-publico-sitp-redujo-emisiones-de-pm-2-5-en-un-37.html HTTP/1.1" 200 925
201.245.192.253 - - [08/May/2023:02:37:45 -0500] "POST /kwsrmcab/Wsrmcab  HTTP/1.1" 200 43465
216.245.221.92 - - [08/May/2023:02:38:13 -0500] "HEAD / HTTP/1.1" 200 -
172.22.2.4 - - [08/May/2023:02:37:14 -0500] "HEAD /BLA/boletinlegal/ HTTP/1.1" 200 -
201.245.192.253 - - [08/May/2023:02:39:38 -0500] "POST /kwsrmcab/Wsrmcab HTTP/1.1" 200 42836
201.245.192.253 - - [08/May/2023:02:39:41 -0500] "POST /kwsrmcab/Wsrmcab HTTP/1.1" 200 42987
172.22.2.4 - - [08/May/2023:02:38:04 -0500] "GET /BLA/boletinlegal/ HTTP/1.1" 200 58307
201.245.192.253 - - [08/May/2023:02:42:44 -0500] "POST /kwsrmcab/Wsrmcab  HTTP/1.1" 200 43465
216.245.221.92 - - [08/May/2023:02:43:13 -0500] "HEAD / HTTP/1.1" 200 -
172.22.2.4 - - [08/May/2023:02:43:04 -0500] "HEAD /BLA/boletinlegal/ HTTP/1.1" 200 -
172.22.2.4 - - [08/May/2023:02:43:54 -0500] "GET /BLA/boletinlegal/ HTTP/1.1" 200 57561
201.245.192.253 - - [08/May/2023:02:47:42 -0500] "POST /kwsrmcab/Wsrmcab  HTTP/1.1" 200 43465
216.245.221.92 - - [08/May/2023:02:48:13 -0500] "HEAD / HTTP/1.1" 200 -
172.22.2.4 - - [08/May/2023:02:48:54 -0500] "HEAD /BLA/boletinlegal/ HTTP/1.1" 200 -
172.22.2.4 - - [08/May/2023:02:49:44 -0500] "GET /BLA/boletinlegal/ HTTP/1.1" 200 57561
201.245.192.253 - - [08/May/2023:02:52:41 -0500] "POST /kwsrmcab/Wsrmcab  HTTP/1.1" 200 43465
216.245.221.92 - - [08/May/2023:02:53:13 -0500] "HEAD / HTTP/1.1" 200 -
162.55.171.138 - - [08/May/2023:02:53:29 -0500] "GET / HTTP/1.1" 200 319
49.7.20.153 - - [08/May/2023:02:53:46 -0500] "GET / HTTP/1.1" 200 319
172.22.2.4 - - [08/May/2023:02:54:44 -0500] "HEAD /BLA/boletinlegal/ HTTP/1.1" 200 -
172.22.2.4 - - [08/May/2023:02:55:34 -0500] "GET /BLA/boletinlegal/ HTTP/1.1" 200 57561
201.245.192.253 - - [08/May/2023:02:57:39 -0500] "POST /kwsrmcab/Wsrmcab  HTTP/1.1" 200 43465
216.245.221.92 - - [08/May/2023:02:58:13 -0500] "HEAD / HTTP/1.1" 200 -
35.204.20.221 - - [08/May/2023:02:58:14 -0500] "GET /inventario-de-emisiones-2020-transporte-publico-sitp-redujo-emisiones-de-pm-2-5-en-un-37.html HTTP/1.1" 200 925
34.147.74.122 - - [08/May/2023:02:59:02 -0500] "GET /inventario-de-emisiones-2020-transporte-publico-sitp-redujo-emisiones-de-pm-2-5-en-un-37.html HTTP/1.1" 200 925
177.129.17.55 - - [08/May/2023:03:01:54 -0500] "GET / HTTP/1.1" 200 319
172.22.2.4 - - [08/May/2023:03:00:34 -0500] "HEAD /BLA/boletinlegal/ HTTP/1.1" 200 -
201.245.192.253 - - [08/May/2023:03:02:38 -0500] "POST /kwsrmcab/Wsrmcab  HTTP/1.1" 200 43465
40.77.167.103 - - [08/May/2023:03:02:51 -0500] "GET /Publicaciones/2023EE63435.pdf HTTP/1.1" 404 227
40.77.167.103 - - [08/May/2023:03:02:52 -0500] "GET /catalogoisis/ HTTP/1.1" 200 8575
40.77.167.103 - - [08/May/2023:03:02:52 -0500] "GET /BLA/resoluciones/index.php?dir=RESOLUCIONES+2010%2F HTTP/1.1" 200 1269707
172.22.2.4 - - [08/May/2023:03:01:24 -0500] "GET /BLA/boletinlegal/ HTTP/1.1" 200 55934
216.245.221.92 - - [08/May/2023:03:03:13 -0500] "HEAD / HTTP/1.1" 200 -
186.155.19.219 - - [08/May/2023:03:04:07 -0500] "GET /sipse/faces/faces/autenticacion.xhtml HTTP/1.1" 200 12175
186.155.19.219 - - [08/May/2023:03:04:07 -0500] "GET /sipse/js/disable_browser_buttons.js HTTP/1.1" 304 -
186.155.19.219 - - [08/May/2023:03:04:07 -0500] "GET /sipse/css/custom_css_sg.css HTTP/1.1" 304 -
186.155.19.219 - - [08/May/2023:03:04:07 -0500] "GET /sipse/css/custom_css_sg_prime_login.css HTTP/1.1" 304 -
186.155.19.219 - - [08/May/2023:03:04:07 -0500] "GET /sipse/faces/javax.faces.resource/primefaces.css?ln=primefaces&v=4.0 HTTP/1.1" 304 -
186.155.19.219 - - [08/May/2023:03:04:07 -0500] "GET /sipse/faces/javax.faces.resource/layout/layout.css?ln=primefaces&v=4.0 HTTP/1.1" 304 -
186.155.19.219 - - [08/May/2023:03:04:07 -0500] "GET /sipse/faces/javax.faces.resource/theme.css?ln=primefaces-sipse HTTP/1.1" 304 -
186.155.19.219 - - [08/May/2023:03:04:07 -0500] "GET /sipse/js/funciones.js HTTP/1.1" 304 -
186.155.19.219 - - [08/May/2023:03:04:07 -0500] "GET /sipse/faces/javax.faces.resource/jquery/jquery.js?ln=primefaces&v=4.0 HTTP/1.1" 304 -
186.155.19.219 - - [08/May/2023:03:04:07 -0500] "GET /sipse/faces/javax.faces.resource/layout/layout.js?ln=primefaces&v=4.0 HTTP/1.1" 304 -
186.155.19.219 - - [08/May/2023:03:04:07 -0500] "GET /sipse/faces/javax.faces.resource/jquery/jquery-plugins.js?ln=primefaces&v=4.0 HTTP/1.1" 200 220526
186.155.19.219 - - [08/May/2023:03:04:07 -0500] "GET /sipse/faces/javax.faces.resource/primefaces.js?ln=primefaces&v=4.0 HTTP/1.1" 200 276924
186.155.19.219 - - [08/May/2023:03:04:07 -0500] "GET /sipse/css/imagen/loginimg.png HTTP/1.1" 304 -
186.155.19.219 - - [08/May/2023:03:04:07 -0500] "GET /sipse/css/imagen/logoSDG.png HTTP/1.1" 304 -
186.155.19.219 - - [08/May/2023:03:04:07 -0500] "GET /sipse/faces/javax.faces.resource/images/ui-icons_898989_256x240.png?ln=primefaces-aristo HTTP/1.1" 304 -
186.155.19.219 - - [08/May/2023:03:04:07 -0500] "GET /sipse/faces/faces/index.xhtml HTTP/1.1" 200 677
186.155.19.219 - - [08/May/2023:03:04:07 -0500] "GET /sipse/faces/javax.faces.resource/theme.css?ln=primefaces-sipse HTTP/1.1" 304 -
186.155.19.219 - - [08/May/2023:03:04:08 -0500] "GET /sipse/faces/faces/faces/autenticacion.xhtml HTTP/1.1" 200 12175
186.155.19.219 - - [08/May/2023:03:04:08 -0500] "GET /sipse/faces/javax.faces.resource/theme.css?ln=primefaces-sipse HTTP/1.1" 304 -
186.155.19.219 - - [08/May/2023:03:04:08 -0500] "GET /sipse/faces/javax.faces.resource/primefaces.css?ln=primefaces&v=4.0 HTTP/1.1" 304 -
186.155.19.219 - - [08/May/2023:03:04:08 -0500] "GET /sipse/faces/javax.faces.resource/layout/layout.css?ln=primefaces&v=4.0 HTTP/1.1" 304 -
186.155.19.219 - - [08/May/2023:03:04:08 -0500] "GET /sipse/faces/javax.faces.resource/layout/layout.js?ln=primefaces&v=4.0 HTTP/1.1" 304 -
186.155.19.219 - - [08/May/2023:03:04:08 -0500] "GET /sipse/faces/javax.faces.resource/jquery/jquery.js?ln=primefaces&v=4.0 HTTP/1.1" 304 -
186.155.19.219 - - [08/May/2023:03:04:08 -0500] "GET /sipse/faces/javax.faces.resource/jquery/jquery-plugins.js?ln=primefaces&v=4.0 HTTP/1.1" 304 -
186.155.19.219 - - [08/May/2023:03:04:08 -0500] "GET /sipse/faces/javax.faces.resource/primefaces.js?ln=primefaces&v=4.0 HTTP/1.1" 304 -
186.155.19.219 - - [08/May/2023:03:04:10 -0500] "POST /sipse/faces/autenticacion.xhtml HTTP/1.1" 200 2225
186.155.19.219 - - [08/May/2023:03:04:10 -0500] "GET /sipse/faces/javax.faces.resource/messages/messages.png?ln=primefaces&v=4.0 HTTP/1.1" 200 27209
186.155.19.219 - - [08/May/2023:03:04:11 -0500] "GET /sipse/faces/javax.faces.resource/images/ui-icons_898989_256x240.png?ln=primefaces-aristo HTTP/1.1" 304 -
186.155.19.219 - - [08/May/2023:03:04:11 -0500] "POST /sipse/faces/autenticacion.xhtml HTTP/1.1" 200 16359
186.155.19.219 - - [08/May/2023:03:04:12 -0500] "GET /sipse/faces/javax.faces.resource/theme.css?ln=primefaces-sipse HTTP/1.1" 304 -
186.155.19.219 - - [08/May/2023:03:04:12 -0500] "GET /sipse/faces/javax.faces.resource/primefaces.css?ln=primefaces&v=4.0 HTTP/1.1" 304 -
186.155.19.219 - - [08/May/2023:03:04:12 -0500] "GET /sipse/css/custom_css_sg_prime.css HTTP/1.1" 304 -
186.155.19.219 - - [08/May/2023:03:04:12 -0500] "GET /sipse/faces/javax.faces.resource/layout/layout.css?ln=primefaces&v=4.0 HTTP/1.1" 304 -
186.155.19.219 - - [08/May/2023:03:04:12 -0500] "GET /sipse/js/jquery.min.js HTTP/1.1" 200 85582
186.155.19.219 - - [08/May/2023:03:04:12 -0500] "GET /sipse/faces/javax.faces.resource/jquery/jquery.js?ln=primefaces&v=4.0 HTTP/1.1" 304 -
186.155.19.219 - - [08/May/2023:03:04:12 -0500] "GET /sipse/faces/javax.faces.resource/jquery/jquery-plugins.js?ln=primefaces&v=4.0 HTTP/1.1" 304 -
186.155.19.219 - - [08/May/2023:03:04:12 -0500] "GET /sipse/faces/javax.faces.resource/primefaces.js?ln=primefaces&v=4.0 HTTP/1.1" 304 -
186.155.19.219 - - [08/May/2023:03:04:12 -0500] "GET /sipse/faces/javax.faces.resource/layout/layout.js?ln=primefaces&v=4.0 HTTP/1.1" 304 -
186.155.19.219 - - [08/May/2023:03:04:12 -0500] "GET /sipse/css/imagen/contrasena.png HTTP/1.1" 404 383
186.155.19.219 - - [08/May/2023:03:04:12 -0500] "GET /sipse/imagenes/cargando.gif HTTP/1.1" 200 36959
186.155.19.219 - - [08/May/2023:03:04:12 -0500] "GET /sipse/imagenes/logoAplicacion.jpg HTTP/1.1" 200 155084
186.155.19.219 - - [08/May/2023:03:04:13 -0500] "GET /sipse/faces/javax.faces.resource/images/ui-bg_flat_0_2d5972_40x100.png?ln=primefaces-aristo HTTP/1.1" 304 -
186.155.19.219 - - [08/May/2023:03:04:13 -0500] "POST /sipse/faces/bienvenido.xhtml HTTP/1.1" 200 2658
186.155.19.219 - - [08/May/2023:03:04:17 -0500] "POST /sipse/faces/bienvenido.xhtml HTTP/1.1" 200 184
186.155.19.219 - - [08/May/2023:03:04:17 -0500] "GET /sipse/faces/presentacion/financiero/solicitudAnulacion/solicitudAnulacion.xhtml HTTP/1.1" 200 77992
186.155.19.219 - - [08/May/2023:03:04:19 -0500] "GET /sipse/faces/javax.faces.resource/primefaces.css?ln=primefaces&v=4.0 HTTP/1.1" 304 -
186.155.19.219 - - [08/May/2023:03:04:19 -0500] "GET /sipse/faces/javax.faces.resource/theme.css?ln=primefaces-sipse HTTP/1.1" 304 -
186.155.19.219 - - [08/May/2023:03:04:19 -0500] "GET /sipse/faces/javax.faces.resource/layout/layout.css?ln=primefaces&v=4.0 HTTP/1.1" 304 -
186.155.19.219 - - [08/May/2023:03:04:19 -0500] "GET /sipse/faces/javax.faces.resource/jquery/jquery-plugins.js?ln=primefaces&v=4.0 HTTP/1.1" 304 -
186.155.19.219 - - [08/May/2023:03:04:19 -0500] "GET /sipse/faces/javax.faces.resource/jquery/jquery.js?ln=primefaces&v=4.0 HTTP/1.1" 304 -
186.155.19.219 - - [08/May/2023:03:04:19 -0500] "GET /sipse/faces/javax.faces.resource/primefaces.js?ln=primefaces&v=4.0 HTTP/1.1" 304 -
186.155.19.219 - - [08/May/2023:03:04:19 -0500] "GET /sipse/faces/javax.faces.resource/layout/layout.js?ln=primefaces&v=4.0 HTTP/1.1" 304 -
186.155.19.219 - - [08/May/2023:03:04:19 -0500] "POST /sipse/faces/presentacion/financiero/solicitudAnulacion/solicitudAnulacion.xhtml HTTP/1.1" 200 56042
186.155.19.219 - - [08/May/2023:03:04:47 -0500] "POST /sipse/faces/presentacion/financiero/solicitudAnulacion/solicitudAnulacion.xhtml HTTP/1.1" 200 48160
186.155.19.219 - - [08/May/2023:03:04:47 -0500] "GET /sipse/faces/javax.faces.resource/theme.css?ln=primefaces-sipse HTTP/1.1" 304 -
186.155.19.219 - - [08/May/2023:03:04:47 -0500] "GET /sipse/faces/javax.faces.resource/primefaces.css?ln=primefaces&v=4.0 HTTP/1.1" 304 -
186.155.19.219 - - [08/May/2023:03:04:47 -0500] "GET /sipse/faces/javax.faces.resource/layout/layout.css?ln=primefaces&v=4.0 HTTP/1.1" 304 -
186.155.19.219 - - [08/May/2023:03:04:47 -0500] "GET /sipse/faces/javax.faces.resource/fileupload/fileupload.css?ln=primefaces&v=4.0 HTTP/1.1" 304 -
186.155.19.219 - - [08/May/2023:03:04:47 -0500] "GET /sipse/faces/javax.faces.resource/jquery/jquery.js?ln=primefaces&v=4.0 HTTP/1.1" 304 -
186.155.19.219 - - [08/May/2023:03:04:47 -0500] "GET /sipse/faces/javax.faces.resource/jquery/jquery-plugins.js?ln=primefaces&v=4.0 HTTP/1.1" 304 -
186.155.19.219 - - [08/May/2023:03:04:47 -0500] "GET /sipse/faces/javax.faces.resource/primefaces.js?ln=primefaces&v=4.0 HTTP/1.1" 304 -
186.155.19.219 - - [08/May/2023:03:04:47 -0500] "GET /sipse/faces/javax.faces.resource/layout/layout.js?ln=primefaces&v=4.0 HTTP/1.1" 304 -
186.155.19.219 - - [08/May/2023:03:04:48 -0500] "GET /sipse/faces/javax.faces.resource/fileupload/fileupload.js?ln=primefaces&v=4.0 HTTP/1.1" 200 28091
186.155.19.219 - - [08/May/2023:03:04:57 -0500] "POST /sipse/faces/presentacion/financiero/solicitudAnulacion/registrarSolicitudAnulacion.xhtml HTTP/1.1" 200 24317
186.155.19.219 - - [08/May/2023:03:04:57 -0500] "GET /sipse/faces/javax.faces.resource/primefaces.css?ln=primefaces&v=4.0 HTTP/1.1" 304 -
186.155.19.219 - - [08/May/2023:03:04:57 -0500] "GET /sipse/faces/javax.faces.resource/theme.css?ln=primefaces-sipse HTTP/1.1" 304 -
186.155.19.219 - - [08/May/2023:03:04:57 -0500] "GET /sipse/faces/javax.faces.resource/layout/layout.css?ln=primefaces&v=4.0 HTTP/1.1" 304 -
