186.28.205.240 - - [14/May/2023:22:11:37 -0500] "GET /sipse/faces/javax.faces.resource/primefaces.js?ln=primefaces&v=4.0 HTTP/1.1" 304 -
186.28.205.240 - - [14/May/2023:22:11:37 -0500] "GET /sipse/faces/javax.faces.resource/layout/layout.js?ln=primefaces&v=4.0 HTTP/1.1" 304 -
186.28.205.240 - - [14/May/2023:22:11:37 -0500] "GET /sipse/faces/javax.faces.resource/messages/messages.png?ln=primefaces&v=4.0 HTTP/1.1" 304 -
172.22.2.4 - - [14/May/2023:22:11:37 -0500] "GET /BLA/boletinlegal/js/jquery.scrollTo-min.js HTTP/1.1" 200 1150
186.28.205.240 - - [14/May/2023:22:11:37 -0500] "POST /sipse/faces/presentacion/financiero/solicitudProceso/listarSolicitudProceso.xhtml HTTP/1.1" 200 1392
186.28.205.240 - - [14/May/2023:22:11:40 -0500] "POST /sipse/faces/presentacion/financiero/solicitudProceso/listarSolicitudProceso.xhtml HTTP/1.1" 200 123816
186.28.205.240 - - [14/May/2023:22:11:41 -0500] "GET /sipse/faces/javax.faces.resource/theme.css?ln=primefaces-sipse HTTP/1.1" 304 -
186.28.205.240 - - [14/May/2023:22:11:41 -0500] "GET /sipse/faces/javax.faces.resource/primefaces.css?ln=primefaces&v=4.0 HTTP/1.1" 304 -
186.28.205.240 - - [14/May/2023:22:11:41 -0500] "GET /sipse/faces/javax.faces.resource/layout/layout.css?ln=primefaces&v=4.0 HTTP/1.1" 304 -
186.28.205.240 - - [14/May/2023:22:11:41 -0500] "GET /sipse/faces/javax.faces.resource/jquery/jquery.js?ln=primefaces&v=4.0 HTTP/1.1" 304 -
186.28.205.240 - - [14/May/2023:22:11:41 -0500] "GET /sipse/faces/javax.faces.resource/jquery/jquery-plugins.js?ln=primefaces&v=4.0 HTTP/1.1" 304 -
186.28.205.240 - - [14/May/2023:22:11:41 -0500] "GET /sipse/faces/javax.faces.resource/primefaces.js?ln=primefaces&v=4.0 HTTP/1.1" 304 -
186.28.205.240 - - [14/May/2023:22:11:41 -0500] "GET /sipse/faces/javax.faces.resource/layout/layout.js?ln=primefaces&v=4.0 HTTP/1.1" 304 -
162.55.171.138 - - [14/May/2023:22:12:34 -0500] "GET / HTTP/1.1" 200 319
201.245.192.253 - - [14/May/2023:22:12:43 -0500] "POST /kwsrmcab/Wsrmcab  HTTP/1.1" 200 43465
200.118.60.119 - - [14/May/2023:22:12:46 -0500] "GET /BLA/resoluciones/ HTTP/1.1" 200 13502
216.245.221.92 - - [14/May/2023:22:12:49 -0500] "HEAD / HTTP/1.1" 200 -
200.118.60.119 - - [14/May/2023:22:12:48 -0500] "GET /BLA/resoluciones/index.php?dir=AUTOS+2020%2F HTTP/1.1" 200 328612
199.16.157.183 - - [14/May/2023:22:13:11 -0500] "GET /images/imagen-comunicado-podcast.jpg HTTP/1.1" 200 39765
199.16.157.183 - - [14/May/2023:22:13:11 -0500] "GET /alcaldesa-asistira-a-la-conferencia-de-las-naciones-unidas-sobre-el-cambio-climatico-cop26.html HTTP/1.1" 200 1289
199.16.157.183 - - [14/May/2023:22:13:11 -0500] "GET /secretaria-de-ambiente-estrena-podcast-ambientalmente.html HTTP/1.1" 200 865
199.16.157.182 - - [14/May/2023:22:13:11 -0500] "GET /images/alcaldesa-secretaria-29-octubre.jpg HTTP/1.1" 200 72783
200.118.60.119 - - [14/May/2023:22:13:31 -0500] "GET /BLA/resoluciones/AUTOS%202020/2131.pdf HTTP/1.1" 200 3308648
190.27.57.15 - - [14/May/2023:22:13:43 -0500] "GET /sipse/faces/javax.faces.resource/theme.css?ln=primefaces-sipse HTTP/1.1" 304 -
190.27.57.15 - - [14/May/2023:22:13:44 -0500] "GET /sipse/faces/faces/autenticacion.xhtml HTTP/1.1" 200 12178
190.27.57.15 - - [14/May/2023:22:13:44 -0500] "GET /sipse/js/disable_browser_buttons.js HTTP/1.1" 304 -
190.27.57.15 - - [14/May/2023:22:13:44 -0500] "GET /sipse/js/funciones.js HTTP/1.1" 304 -
190.27.57.15 - - [14/May/2023:22:13:44 -0500] "GET /sipse/css/custom_css_sg.css HTTP/1.1" 304 -
190.27.57.15 - - [14/May/2023:22:13:44 -0500] "GET /sipse/css/custom_css_sg_prime_login.css HTTP/1.1" 304 -
190.27.57.15 - - [14/May/2023:22:13:44 -0500] "GET /sipse/faces/javax.faces.resource/primefaces.css?ln=primefaces&v=4.0 HTTP/1.1" 304 -
190.27.57.15 - - [14/May/2023:22:13:44 -0500] "GET /sipse/faces/javax.faces.resource/theme.css?ln=primefaces-sipse HTTP/1.1" 304 -
190.27.57.15 - - [14/May/2023:22:13:44 -0500] "GET /sipse/faces/javax.faces.resource/layout/layout.css?ln=primefaces&v=4.0 HTTP/1.1" 304 -
190.27.57.15 - - [14/May/2023:22:13:44 -0500] "GET /sipse/faces/javax.faces.resource/jquery/jquery.js?ln=primefaces&v=4.0 HTTP/1.1" 304 -
190.27.57.15 - - [14/May/2023:22:13:44 -0500] "GET /sipse/faces/javax.faces.resource/jquery/jquery-plugins.js?ln=primefaces&v=4.0 HTTP/1.1" 304 -
190.27.57.15 - - [14/May/2023:22:13:44 -0500] "GET /sipse/faces/javax.faces.resource/primefaces.js?ln=primefaces&v=4.0 HTTP/1.1" 304 -
190.27.57.15 - - [14/May/2023:22:13:44 -0500] "GET /sipse/faces/javax.faces.resource/layout/layout.js?ln=primefaces&v=4.0 HTTP/1.1" 304 -
190.27.57.15 - - [14/May/2023:22:13:44 -0500] "GET /sipse/css/imagen/logoSDG.png HTTP/1.1" 304 -
190.27.57.15 - - [14/May/2023:22:13:44 -0500] "GET /sipse/css/imagen/loginimg.png HTTP/1.1" 304 -
190.27.57.15 - - [14/May/2023:22:13:45 -0500] "GET /sipse/faces/javax.faces.resource/images/ui-icons_898989_256x240.png?ln=primefaces-aristo HTTP/1.1" 304 -
172.22.2.4 - - [14/May/2023:22:12:12 -0500] "HEAD /BLA/boletinlegal/ HTTP/1.1" 200 -
200.118.60.119 - - [14/May/2023:22:13:57 -0500] "GET /BLA/resoluciones/index.php?dir=AUTOS+2020%2F HTTP/1.1" 200 328612
186.28.205.240 - - [14/May/2023:22:13:58 -0500] "POST /sipse/faces/presentacion/financiero/solicitudProceso/consultarSolicitudProceso.xhtml HTTP/1.1" 200 87642
200.118.60.119 - - [14/May/2023:22:14:09 -0500] "GET /BLA/resoluciones/AUTOS%202020/2301.pdf HTTP/1.1" 200 335190
172.22.2.4 - - [14/May/2023:22:13:02 -0500] "GET /BLA/boletinlegal/ HTTP/1.1" 200 52326
186.28.205.240 - - [14/May/2023:22:16:05 -0500] "POST /sipse/faces/presentacion/financiero/solicitudProceso/consultarSolicitudProceso.xhtml HTTP/1.1" 200 32996
186.28.205.240 - - [14/May/2023:22:16:07 -0500] "GET /sipse/faces/javax.faces.resource/theme.css?ln=primefaces-sipse HTTP/1.1" 304 -
186.28.205.240 - - [14/May/2023:22:16:07 -0500] "GET /sipse/faces/javax.faces.resource/primefaces.css?ln=primefaces&v=4.0 HTTP/1.1" 304 -
186.28.205.240 - - [14/May/2023:22:16:07 -0500] "GET /sipse/faces/javax.faces.resource/layout/layout.css?ln=primefaces&v=4.0 HTTP/1.1" 304 -
186.28.205.240 - - [14/May/2023:22:16:07 -0500] "GET /sipse/faces/javax.faces.resource/jquery/jquery.js?ln=primefaces&v=4.0 HTTP/1.1" 304 -
186.28.205.240 - - [14/May/2023:22:16:07 -0500] "GET /sipse/faces/javax.faces.resource/jquery/jquery-plugins.js?ln=primefaces&v=4.0 HTTP/1.1" 304 -
186.28.205.240 - - [14/May/2023:22:16:07 -0500] "GET /sipse/faces/javax.faces.resource/primefaces.js?ln=primefaces&v=4.0 HTTP/1.1" 304 -
186.28.205.240 - - [14/May/2023:22:16:07 -0500] "GET /sipse/faces/javax.faces.resource/layout/layout.js?ln=primefaces&v=4.0 HTTP/1.1" 304 -
186.28.205.240 - - [14/May/2023:22:16:07 -0500] "POST /sipse/faces/presentacion/financiero/solicitudProceso/listarSolicitudProceso.xhtml HTTP/1.1" 200 1376
190.27.182.224 - - [14/May/2023:22:16:08 -0500] "GET /favicon.ico HTTP/1.1" 200 7782
66.249.77.23 - - [14/May/2023:22:16:17 -0500] "-" 408 -
190.27.182.224 - - [14/May/2023:22:16:23 -0500] "GET /BLA/resoluciones/index.php?dir=AUTOS+2020%2F HTTP/1.1" 200 328612
201.245.192.253 - - [14/May/2023:22:17:42 -0500] "POST /kwsrmcab/Wsrmcab  HTTP/1.1" 200 43465
216.245.221.92 - - [14/May/2023:22:17:49 -0500] "HEAD / HTTP/1.1" 200 -
201.245.192.253 - - [14/May/2023:22:19:06 -0500] "POST /kwsrmcab/Wsrmcab HTTP/1.1" 200 40346
201.245.192.253 - - [14/May/2023:22:19:09 -0500] "POST /kwsrmcab/Wsrmcab HTTP/1.1" 200 44105
172.22.2.4 - - [14/May/2023:22:18:02 -0500] "HEAD /BLA/boletinlegal/ HTTP/1.1" 200 -
173.252.107.1 - - [14/May/2023:22:19:46 -0500] "GET /images/calidad-aire-2-marzo-1_optimized.jpeg HTTP/1.1" 200 51562
52.167.144.32 - - [14/May/2023:22:19:54 -0500] "GET /caminatas-ecologicas-en-bogota-inscribete-y-participa-en-los-recorridos-de-abril.html HTTP/1.1" 304 -
172.22.2.4 - - [14/May/2023:22:18:52 -0500] "GET /BLA/boletinlegal/ HTTP/1.1" 200 52326
40.77.167.97 - - [14/May/2023:22:22:40 -0500] "GET /BLA/resoluciones/RESOLUCIONES%202021/5137.pdf HTTP/1.1" 304 -
40.77.167.97 - - [14/May/2023:22:22:41 -0500] "GET /BLA/resoluciones/AUTOS%202022/1840.pdf HTTP/1.1" 304 -
201.245.192.253 - - [14/May/2023:22:22:41 -0500] "POST /kwsrmcab/Wsrmcab  HTTP/1.1" 200 43465
216.245.221.92 - - [14/May/2023:22:22:49 -0500] "HEAD / HTTP/1.1" 200 -
172.22.2.4 - - [14/May/2023:22:23:22 -0500] "GET /BLA/boletinlegal/ab2g HTTP/1.1" 404 1018
172.22.2.4 - - [14/May/2023:22:23:22 -0500] "GET /BLA/boletinlegal/ab2h HTTP/1.1" 404 1018
172.22.2.4 - - [14/May/2023:22:23:35 -0500] "GET /BLA/boletinlegal/t4 HTTP/1.1" 404 1018
172.22.2.4 - - [14/May/2023:22:23:36 -0500] "GET /BLA/boletinlegal/favicon.ico HTTP/1.1" 404 1018
172.22.2.4 - - [14/May/2023:22:23:25 -0500] "GET /BLA/boletinlegal/ HTTP/1.1" 200 28619
186.146.45.141 - - [14/May/2023:22:25:26 -0500] "GET /galeria/galeria/jquery.fancybox.css?v=2.1.5 HTTP/1.1" 200 4895
186.146.45.141 - - [14/May/2023:22:25:26 -0500] "GET /BLA/boletinlegal/js/jquery.scrollShow.js HTTP/1.1" 200 4586
186.146.45.141 - - [14/May/2023:22:25:26 -0500] "GET /galeria/galeria/jquery.fancybox.js?v=2.1.5 HTTP/1.1" 200 48706
172.22.2.4 - - [14/May/2023:22:23:52 -0500] "HEAD /BLA/boletinlegal/ HTTP/1.1" 200 -
172.22.2.4 - - [14/May/2023:22:26:08 -0500] "GET /BLA/boletinlegal/jurisprudencia/analisis/AnalisisC-746-12.docx HTTP/1.1" 200 22637
172.22.2.4 - - [14/May/2023:22:26:08 -0500] "GET /BLA/boletinlegal/favicon.ico HTTP/1.1" 404 1038
172.22.2.4 - - [14/May/2023:22:24:42 -0500] "GET /BLA/boletinlegal/ HTTP/1.1" 200 57151
40.77.167.146 - - [14/May/2023:22:26:23 -0500] "GET /sipse/faces/index.xhtml HTTP/1.1" 200 677
207.46.13.216 - - [14/May/2023:22:26:39 -0500] "GET /BLA/boletinlegal/jurisprudencia.php HTTP/1.1" 200 17583
207.46.13.211 - - [14/May/2023:22:26:59 -0500] "GET /BLA/resoluciones/AUTOS%202014/1936.pdf HTTP/1.1" 304 -
181.48.255.69 - - [14/May/2023:22:27:41 -0500] "-" 408 -
201.245.192.253 - - [14/May/2023:22:27:40 -0500] "POST /kwsrmcab/Wsrmcab  HTTP/1.1" 200 43465
216.245.221.92 - - [14/May/2023:22:27:49 -0500] "HEAD / HTTP/1.1" 200 -
172.22.2.4 - - [14/May/2023:22:28:26 -0500] "GET /BLA/boletinlegal/jurisprudencia/analisis/AnalisisC-746-12.docx HTTP/1.1" 200 22637
172.22.2.4 - - [14/May/2023:22:29:01 -0500] "GET /BLA/boletinlegal/jurisprudencia/analisis/AnalisisT-095-16.docx HTTP/1.1" 200 20284
201.245.192.253 - - [14/May/2023:22:29:06 -0500] "POST /kwsrmcab/Wsrmcab HTTP/1.1" 200 40346
201.245.192.253 - - [14/May/2023:22:29:09 -0500] "POST /kwsrmcab/Wsrmcab HTTP/1.1" 200 44105
172.22.2.4 - - [14/May/2023:22:29:42 -0500] "HEAD /BLA/boletinlegal/ HTTP/1.1" 200 -
172.22.2.4 - - [14/May/2023:22:30:32 -0500] "GET /BLA/boletinlegal/ HTTP/1.1" 200 57151
201.245.192.253 - - [14/May/2023:22:32:39 -0500] "POST /kwsrmcab/Wsrmcab  HTTP/1.1" 200 43465
216.245.221.92 - - [14/May/2023:22:32:49 -0500] "HEAD / HTTP/1.1" 200 -
190.84.119.147 - - [14/May/2023:22:33:59 -0500] "GET /BLA/resoluciones/index.php?dir=AUTOS+2016%2F HTTP/1.1" 200 329829
172.22.2.4 - - [14/May/2023:22:32:58 -0500] "GET /BLA/boletinlegal/ HTTP/1.1" 200 61759
54.241.49.125 - - [14/May/2023:22:35:00 -0500] "GET / HTTP/1.1" 200 319
173.252.79.22 - - [14/May/2023:22:35:55 -0500] "GET /images/Acuerdos%2001%20(1)%20(1).jpeg HTTP/1.1" 200 32884
172.22.2.4 - - [14/May/2023:22:36:37 -0500] "GET /BLA/boletinlegal/actos.php HTTP/1.1" 200 9682
172.22.2.4 - - [14/May/2023:22:36:47 -0500] "GET /BLA/boletinlegal/consulta_actos.php?tipo=autos&no=1271&usuario=&sector=&fecha=2005&resuelve= HTTP/1.1" 200 626
172.22.2.4 - - [14/May/2023:22:36:50 -0500] "GET /BLA/boletinlegal/Circulares/2019/.pdf HTTP/1.1" 404 1218
172.22.2.4 - - [14/May/2023:22:36:52 -0500] "GET /BLA/boletinlegal/consulta_actos.php?tipo=autos&no=1271&usuario=&sector=&fecha=2005&resuelve= HTTP/1.1" 200 626
172.22.2.4 - - [14/May/2023:22:36:58 -0500] "GET /BLA/boletinlegal/consulta_actos.php?tipo=autos&no=1271&usuario=&sector=&fecha=2015&resuelve= HTTP/1.1" 200 1044
172.22.2.4 - - [14/May/2023:22:37:00 -0500] "GET /BLA/boletinlegal/Circulares/2012/Circular%20No.%2010%20del%2026%20de%20Enero%20de%202012.pdf HTTP/1.1" 404 1218
66.220.149.116 - - [14/May/2023:22:37:09 -0500] "GET /images/caminatas-ecol\xc3\xb3gicas-marzo---1920x1080_optimized.jpg HTTP/1.1" 404 1034
172.22.2.4 - - [14/May/2023:22:35:32 -0500] "HEAD /BLA/boletinlegal/ HTTP/1.1" 200 -
172.22.2.4 - - [14/May/2023:22:36:32 -0500] "GET /BLA/boletinlegal/ HTTP/1.1" 200 24523
201.245.192.253 - - [14/May/2023:22:37:37 -0500] "POST /kwsrmcab/Wsrmcab  HTTP/1.1" 200 43465
216.245.221.92 - - [14/May/2023:22:37:48 -0500] "HEAD / HTTP/1.1" 200 -
172.22.2.4 - - [14/May/2023:22:36:22 -0500] "GET /BLA/boletinlegal/ HTTP/1.1" 200 54808
201.245.192.253 - - [14/May/2023:22:39:05 -0500] "POST /kwsrmcab/Wsrmcab HTTP/1.1" 200 40346
201.245.192.253 - - [14/May/2023:22:39:08 -0500] "POST /kwsrmcab/Wsrmcab HTTP/1.1" 200 44105
173.252.127.8 - - [14/May/2023:22:41:03 -0500] "GET /images/caminatas-ecol\xc3\xb3gicas-marzo---1920x1080_optimized.jpg HTTP/1.1" 404 1034
201.245.192.253 - - [14/May/2023:22:42:36 -0500] "POST /kwsrmcab/Wsrmcab  HTTP/1.1" 200 43465
216.245.221.92 - - [14/May/2023:22:42:48 -0500] "HEAD / HTTP/1.1" 200 -
172.22.2.4 - - [14/May/2023:22:41:22 -0500] "HEAD /BLA/boletinlegal/ HTTP/1.1" 200 -
172.22.2.4 - - [14/May/2023:22:42:12 -0500] "GET /BLA/boletinlegal/ HTTP/1.1" 200 57151
123.183.224.69 - - [14/May/2023:22:44:03 -0500] "GET / HTTP/1.1" 200 319
66.249.77.23 - - [14/May/2023:22:46:17 -0500] "-" 408 -
207.46.13.211 - - [14/May/2023:22:47:10 -0500] "GET /bla/resoluciones/autos%202010/5364.pdf HTTP/1.1" 200 781225
201.245.192.253 - - [14/May/2023:22:47:35 -0500] "POST /kwsrmcab/Wsrmcab  HTTP/1.1" 200 43465
216.245.221.92 - - [14/May/2023:22:47:48 -0500] "HEAD / HTTP/1.1" 200 -
172.22.2.4 - - [14/May/2023:22:47:12 -0500] "HEAD /BLA/boletinlegal/ HTTP/1.1" 200 -
172.22.2.4 - - [14/May/2023:22:48:02 -0500] "GET /BLA/boletinlegal/ HTTP/1.1" 200 58307
172.22.2.4 - - [14/May/2023:22:50:21 -0500] "GET /BLA/boletinlegal/ HTTP/1.1" 200 61759
201.245.192.253 - - [14/May/2023:22:52:34 -0500] "POST /kwsrmcab/Wsrmcab  HTTP/1.1" 200 43465
216.245.221.92 - - [14/May/2023:22:52:48 -0500] "HEAD / HTTP/1.1" 200 -
172.22.2.4 - - [14/May/2023:22:53:02 -0500] "HEAD /BLA/boletinlegal/ HTTP/1.1" 200 -
40.77.167.146 - - [14/May/2023:22:54:46 -0500] "GET /sipse/faces/index.xhtml HTTP/1.1" 200 677
179.43.177.243 - - [14/May/2023:22:55:01 -0500] "POST /boaform/admin/formLogin HTTP/1.1" 404 1186
34.245.116.52 - - [14/May/2023:22:55:16 -0500] "GET / HTTP/1.0" 200 319
66.249.66.73 - - [14/May/2023:22:55:30 -0500] "-" 408 -
66.249.66.7 - - [14/May/2023:22:55:31 -0500] "-" 408 -
172.22.2.4 - - [14/May/2023:22:53:52 -0500] "GET /BLA/boletinlegal/ HTTP/1.1" 200 52326
201.245.192.253 - - [14/May/2023:22:57:33 -0500] "POST /kwsrmcab/Wsrmcab  HTTP/1.1" 200 43465
216.245.221.92 - - [14/May/2023:22:57:48 -0500] "HEAD / HTTP/1.1" 200 -
190.240.2.68 - - [14/May/2023:22:59:06 -0500] "-" 408 -
172.22.2.4 - - [14/May/2023:22:57:50 -0500] "GET /BLA/boletinlegal/ HTTP/1.1" 200 58307
172.22.2.4 - - [14/May/2023:22:58:52 -0500] "HEAD /BLA/boletinlegal/ HTTP/1.1" 200 -
172.22.2.4 - - [14/May/2023:22:59:42 -0500] "GET /BLA/boletinlegal/ HTTP/1.1" 200 58663
200.118.60.119 - - [14/May/2023:23:02:15 -0500] "GET /BLA/resoluciones/ HTTP/1.1" 200 13502
200.118.60.119 - - [14/May/2023:23:02:22 -0500] "GET /BLA/resoluciones/index.php?dir=AUTOS+2020%2F HTTP/1.1" 200 328612
201.245.192.253 - - [14/May/2023:23:02:31 -0500] "POST /kwsrmcab/Wsrmcab  HTTP/1.1" 200 43465
216.245.221.92 - - [14/May/2023:23:02:48 -0500] "HEAD / HTTP/1.1" 200 -
40.77.167.97 - - [14/May/2023:23:03:44 -0500] "GET /BLA/resoluciones/AUTOS%202020/1188.pdf HTTP/1.1" 200 1201186
173.252.111.117 - - [14/May/2023:23:04:31 -0500] "GET /images/caminatas-ecol\xc3\xb3gicas-marzo---1920x1080_optimized.jpg HTTP/1.1" 404 1034
191.102.198.48 - - [14/May/2023:23:05:45 -0500] "GET /kwssiamovil/sm/ldap/au?x=U2FsdGVkX1+9AllZBcmpWHdiC1FMMpF+iXmr8ZtSz7qibkJXuYYs85EFhFwqBC6K&y=U2FsdGVkX1+1UttNHu2pKVYqNud3rOdT8D7YOSOi3xg= HTTP/1.1" 200 30
191.102.198.48 - - [14/May/2023:23:05:45 -0500] "GET /kwssiamovil/sm/acme/s?s=U2FsdGVkX19E6DD0BPR935XHl3gyx1omZlvXi/6NdwtWJprJelvqiXUpU/mXGzRSElo/+wG6CqKEMKy3dkd/SN9gwM6UXPqeyMm+WwCFoKk=&u=U2FsdGVkX18HnIM9mtRyi3UXqHkU3zMCrSPfVugl7DU=&y=U2FsdGVkX1+1UttNHu2pKVYqNud3rOdT8D7YOSOi3xg= HTTP/1.1" 200 97
191.102.198.48 - - [14/May/2023:23:05:45 -0500] "GET /kwssiamovil/sm/acme/s?s=U2FsdGVkX1/+YVAqCvanCKEiZCo0mHnV76i4Jkyu3FuThiuUfy1mioFP+TUlLb1TtTUvUkluLDXlWdSQvoxMWDkNUKYNfy8OgU/Toqim4EDJCSZwH/VGgXgh1l2yTubE9R9jpBOUN0dYzfNeTkJQYiOT33mCKmLsofWAvHqliQE/qXWH8AAy16uVR9D0PM+0fArGAGuSWKTBGFNCxRn1TK2fLDH0B4YwpqXeST6kP0ZU7DfRvxkTPuXavvV0AU78U6QXzdeNEBfJSSyEKk8cts4lIU1KdU4VPmI4eBpJ4pzSub4iuiRbrSfG4DvWKfGyyqWn9+9bFyG8PVe5WwUKbQk7Ns/XpAFS+szM1uhrQVW8REHh4fkCiwo/S0bceqF1hYfVXJZD7iqbXDF26/pdRRvzetvwn+NpXg+do7qddRjsLVI3xWmR81WUDSc5oWAo8bfehSzgtklmtDMnOiE6j4d9FgUAq3Xkz7zXFQuVB6W72bpo/Awu+B4rwUImZzmSQJHm6LP1vEZUoppc30GTzh3AiVeGn8Ix7uaN3oQtZhPxoupgGEZ/s19LQW1vcEaorImc3xhXsP/dvXh/3BG0vPnuO9lSQ5O3Bb4Mpa3GIOtvZfVS3Zn8EDUzg+kyllHHvO9n+C1BtFagojpolXebLjnvUbX64WDAVD5LRuisJDcJF40qNXv6TkjBWuWYRzIt+d2tgxROTfzfDdqkNOs2mO5P6I8Qd6A31+ZjaCQAeSgNUt57800v+3OzhFFi16rCNDoFN5omrs1VM2BvcY4JV+0i5cMtPnKtxouASVDV/mE8QqcGZUOeg/t+tvpjQ2VVcssJoLqqhIMWISUqE/MmF3OGLbjNmOXia6n8dfpKihrdSmT751wqagAOTp43Sn8ORqO5VMXuCNIW4vP9okxAuC2zkBN9AYO5BkWmpLyQ4d7BHlu7k/1kn51Qq1JsZfG3sZB6++Ydis95SAy8qeo7Mx+9MBPN/lu7VoJMjBykwdoJGdPnHOccY4sdvNDR9SHbUJ+llXqTFOjyzce2xRyzNiUT2Luk3WebK5meM4+4Io8xmqgf0EuZJks6mFJxQVwmTb7m2i+Jg1FVnlw09C+t7/VNlkauMqOQoi8GEVWfRqSNDItbBPKmPxENtNACu5zkhfraIgV//dhjdxHaprh6Jc6ZSIPO7mlnrePwuFCblp9s8y28faOelKkf1aGxdLKQqSPqgFQKnNO/yeDH1hBX1oxcXHlof04+3vzZnr6IKNRwqIEcoQ/yCgK2R/UWc1T/f9OBXtTaZ2DQWrAsTCFj/AwB62FZ4iyakwyQ0/yrdjUR/zTVzl0wi/YgPorUriCXhBauJIufarHLpzpzv0NhK5xpiE4laXJc/++i6nhOYT4S9KoL6BlEdn7siMeeCZXDgTQ3Fxr1O2p/KdKQd2IiCni2DeiHwlsk8l6W8TAThlU=&u=U2FsdGVkX18HnIM9mtRyi3UXqHkU3zMCrSPfVugl7DU=&y=U2FsdGVkX1+1UttNHu2pKVYqNud3rOdT8D7YOSOi3xg= HTTP/1.1" 200 1381
191.102.198.48 - - [14/May/2023:23:05:46 -0500] "GET /kwssiamovil/sm/acme/s?s=U2FsdGVkX1+C6NhBX8hVNBeULvOFnjiia2510QE/CbYxSFEtKmmEJPOEDNOQpvHgLm+bCgA7sFGCiJBSBg5bjzxL06OU3wVicRfRit5rJE58OHEgQEf1C0Gd/Dusx+fn8/SpVyS5vQpZdRVZhk57NoTk1OiURCFWjW5AmuElDK6pRz8f0iukMskDmG0XkdT3MmSwstdm63FP0+SocQV/WtCovrR8BbpKPENje06aNYpedbTW8akdAtutYwSpbSmRJstOjAsDh7Wq4LTf1kpQz9aRlVy03Bh66u40YS55yrCEsFhgUhbeJ8+luNXQG47fsD4C6qPc0DJwjY3O606WpQ==&u=U2FsdGVkX18HnIM9mtRyi3UXqHkU3zMCrSPfVugl7DU=&y=U2FsdGVkX1+1UttNHu2pKVYqNud3rOdT8D7YOSOi3xg= HTTP/1.1" 200 196
191.102.198.48 - - [14/May/2023:23:05:46 -0500] "GET /kwssiamovil/sm/cjson/pre?f=1&x=U2FsdGVkX1+9AllZBcmpWHdiC1FMMpF+iXmr8ZtSz7qibkJXuYYs85EFhFwqBC6K HTTP/1.1" 200 31032
172.22.2.4 - - [14/May/2023:23:04:42 -0500] "HEAD /BLA/boletinlegal/ HTTP/1.1" 200 -
172.22.2.4 - - [14/May/2023:23:05:32 -0500] "GET /BLA/boletinlegal/ HTTP/1.1" 200 59306
201.245.192.253 - - [14/May/2023:23:07:30 -0500] "POST /kwsrmcab/Wsrmcab  HTTP/1.1" 200 43465
191.102.198.48 - - [14/May/2023:23:07:33 -0500] "GET /kwssiamovil/sm/ldap/au?x=U2FsdGVkX1/ZXthU5OcCQsgw6Q4eZxrNmCLtm4qbO515zBCnwNpQ7lmeZPVkzpUL&y=U2FsdGVkX18Xp51eVmrrZtdL3qL1Auj1Kg1Ut6jxZW4= HTTP/1.1" 200 30
191.102.198.48 - - [14/May/2023:23:07:33 -0500] "GET /kwssiamovil/sm/acme/s?s=U2FsdGVkX19LACeZmKvAAE2o7AXSiDOE82J1K1TSzPk/V8sryn1+bEtxz/e6Xl4JKFpmJm427VIdz2N4KMv8HZCGabe5RqA6SFAqMnSiIII=&u=U2FsdGVkX18ryeakE+ArbZR9t5XNix6meXHckXsJbjQ=&y=U2FsdGVkX18Xp51eVmrrZtdL3qL1Auj1Kg1Ut6jxZW4= HTTP/1.1" 200 97
191.102.198.48 - - [14/May/2023:23:07:33 -0500] "GET /kwssiamovil/sm/acme/s?s=U2FsdGVkX1+KZkVSsYkyP1h/zS2tNzhs0AlNjlwoFwSR507TvzvtkBjrUCENCgttjYoRmXOQzH0u5yDr5A7HAjmS6yXQqJna9iQjeyqC9kSuzmGPz9c7RUDUqsxOZ+SXcqDgKzsiA8MjH1TFdcSTtd9rUhQ1Ju04iGlo/IIx2WVAAG6I3N0EBlLSAYEjgZ5//D3Q4R07DH1Xb9E4beL7On/DFKn6LhikO29z161xVJ7OaZJrr+t/uAE9+Ip5KRVMJzk59ek9nCFIoaf6c2aT93sgYMNP97ik0aUPB2+6AU6v2cb0if2F6j8WVNMNTKyL+MyOtZDB+mv58htRa+P+ulV4kb49s701pjbxAyXEyRla1SfpRJfZeiT8GNMksT7rFkRYrQZcmQoRKEk0r7Ee5YkmeXCpsa68pxvX8laWXKoiHEk6jfxuzAjNOIR8AU4OySKtsg54d8T3fZVy6VCIBTtio2RTQaePF0tAstZdQun4WRiCIWTf8A90eikenVt+6aaxUphgTABwf372V8SlOlUEv62e05c/rB0BxsKcrectwrfXRH/5WNXxpH7UVzJU09SiTcPHp7/cwG5+PXf9pgS03LeoS25brz5NNS3CSXdcmFwtsxfsejmd0YzlXXQaMSFK2wPPZ9LfHpeS6WLVxnhoHJHgCQiktl+w5+2AHW9uca1adFf+sj8iP2qK1EWshd8U1E8lUMDqOq8YUz1KXN/MPyEc6hZ2A7bPMiRHdWk5LX04qrbI0P4PNf768pcdEDNMzMyFjHnPNgsR7ljrbPYj2UYEqH0GjsVpXGeM+fJMtazm/CwOEfgVMld/s/SVOlkoLUnCub9GCk+3hVb5mb1SgENyCIeSie4nocPz/sor2CoDHNqTk1Hg4MWiKQx7ijZJ4ubiUNzkpIuURSCaeQsflzUrl/KvtBoVWFQZ4uQT0IHIvJgCcmnQJ8UIa1ZD1eoq2mG18xmGi3ol34pFZFTO+VylNP7kHAK5hIRcHa4I+ZTA0KLMd1a3Zff43agZA0VjLl0EALly47Ap3GeZ9QjVrLRr2SKhvssxwkvg1epzS1P040JvAl1aiG4lNqO4/zRkC1wsL+OACjMfWEiCthwzCZce7NuKT5uc57VY49Rj0F9HaMpDwW9O0HEj7qgZHcKBQTkK26jGw8cv0Qh1FaGy7N/Q9NjB/c7gGOmnzmHtozh0j90VcLvksw76wbprDoBxRd9+iDQ1FporY1vuQZLEqcVTcJqRYMLBP9YJtwjWA/zg8IRmmj8IlsjSNyPSQXDO6JVI1tJ/PwALE4hwELR5vCySGTQEnowqlwZRoW/w6w25Ak2/qCFnmvNNdbNAyDUjlRDFy5CQDQ3PyRimwTl+uMzfMt3iRi5rqgD3N3q5JCl03s80lZgpfXGze07AEeyPKrePwf2ZBpwFoVHTNvPBlybcMK6shg0wYKC5ARE=&u=U2FsdGVkX18ryeakE+ArbZR9t5XNix6meXHckXsJbjQ=&y=U2FsdGVkX18Xp51eVmrrZtdL3qL1Auj1Kg1Ut6jxZW4= HTTP/1.1" 200 1381
191.102.198.48 - - [14/May/2023:23:07:33 -0500] "GET /kwssiamovil/sm/acme/s?s=U2FsdGVkX1+IOv4rArogeJejVyZ+B3NUiy3ZVYWHkAwpVnBh8ywrEUez0LNpPQyekIkXAjTVHq/v5H5LbNlTEL4iehVNQrI1cWG1uQM1mCDA2kFXgdNPY15IoTziF3hM+NNiaXYoKqF5I5c4Qj/oaURZe8kmjmRvBC8HJX/LFXRx2myEnKeyXSmAhwU1gV/Sxp+3GNayBWG7FdXA9ULhlgldHKoIn4CkMK1ImB1QEo/QV5HeonvXBL8T8/VsJwxA48VCrz5r9RoEnghusawMiJa6++ZDmV/6k2nfWdV1E3gKNLtdJ++psUBhk/WNkpZGHIXEnxSUtr0N/y5SyRjKrQ==&u=U2FsdGVkX18ryeakE+ArbZR9t5XNix6meXHckXsJbjQ=&y=U2FsdGVkX18Xp51eVmrrZtdL3qL1Auj1Kg1Ut6jxZW4= HTTP/1.1" 200 196
191.102.198.48 - - [14/May/2023:23:07:33 -0500] "GET /kwssiamovil/sm/cjson/pre?f=1&x=U2FsdGVkX1/ZXthU5OcCQsgw6Q4eZxrNmCLtm4qbO515zBCnwNpQ7lmeZPVkzpUL HTTP/1.1" 200 31032
216.245.221.92 - - [14/May/2023:23:07:48 -0500] "HEAD / HTTP/1.1" 200 -
172.22.2.4 - - [14/May/2023:23:10:32 -0500] "HEAD /BLA/boletinlegal/ HTTP/1.1" 200 -
201.245.192.253 - - [14/May/2023:23:12:29 -0500] "POST /kwsrmcab/Wsrmcab  HTTP/1.1" 200 43465
216.245.221.92 - - [14/May/2023:23:12:48 -0500] "HEAD / HTTP/1.1" 200 -
172.22.2.4 - - [14/May/2023:23:11:22 -0500] "GET /BLA/boletinlegal/ HTTP/1.1" 200 52730
172.22.2.4 - - [14/May/2023:23:13:12 -0500] "GET /BLA/boletinlegal/jurisprudencia/analisis/AnalisisC-035-16.docx HTTP/1.1" 304 -
40.77.167.146 - - [14/May/2023:23:14:48 -0500] "GET /sipse/faces/index.xhtml HTTP/1.1" 200 677
40.77.167.97 - - [14/May/2023:23:16:57 -0500] "GET /BLA/resoluciones/AUTOS%202021/2547.pdf HTTP/1.1" 304 -
40.77.167.97 - - [14/May/2023:23:17:27 -0500] "GET /BLA/resoluciones/AUTOS%202020/4038.pdf HTTP/1.1" 200 380937
201.245.192.253 - - [14/May/2023:23:17:27 -0500] "POST /kwsrmcab/Wsrmcab  HTTP/1.1" 200 43465
216.245.221.92 - - [14/May/2023:23:17:48 -0500] "HEAD / HTTP/1.1" 200 -
186.102.94.27 - - [14/May/2023:23:17:56 -0500] "GET /kwssiamovil/sm/ldap/au?x=U2FsdGVkX1+/ESB0TGXUJU5O7nKwW+44U9XPBVfhgcGM70X7gR0UytOn0gW7u/RG&y=U2FsdGVkX18txtMdKU74x6yFi3cslLoAYL0q5f4cGbW1bjyW0GKmHrGXpJRI0XcL HTTP/1.1" 200 30
186.102.94.27 - - [14/May/2023:23:17:57 -0500] "GET /kwssiamovil/sm/acme/s?s=U2FsdGVkX19JTHFHRfFWyL+T/YguwsK4vVTMJLMM6FfAH/DqXBtBHG2BWaK6Q2H3PC8RuJ96i2Z0/AEVJKzkwA27Ns3fk+uOHK8KWVZ4MNI=&u=U2FsdGVkX18tizFXM89ZK71Cu10tL59Zcb0vjAkQc88=&y=U2FsdGVkX18txtMdKU74x6yFi3cslLoAYL0q5f4cGbW1bjyW0GKmHrGXpJRI0XcL HTTP/1.1" 200 97
186.102.94.27 - - [14/May/2023:23:17:57 -0500] "GET /kwssiamovil/sm/acme/s?s=U2FsdGVkX18FVG7Frssd3412FWo+RwJqCDTXY9B4wyEVbEsO9ejlwA+8bLTRskFY/PLXNTnQZh+RzHnQxdMcQQ9pzIlbxrwAG8qbDd1fctfA2r10UAR/wJyYm2N0qQbGJDld7n93PFlu3y3Ej4i10vBiVF/FgmzLWUyxWh5UnwGdtaLA6dfpktUNumGvxMgW7Hbtz4iejD1Wyv9BhSFZDjDYydVZRrLmiJFlCDgWS1u9nPeGfFcN0TXb5SCY623OzApN8DpkGqeOh2KlEVobAN9Rol7dKm8e5pSK/ftRpUWJjrOkGu9DvYTs4lB+5qFXFvLsNSHlWyYuv646Cc8kiZj2XJ3b4LpOugYBPdAo2DFqFuN7ofCksavgSp2FEivW5cAnS7fI7E4lFppvXWBtp/wfHqtKrIDipgcVjcPrVf5/6O1/KX47AanXc+Pdj2yKq3thBdOjN8VJBzJHqx2GIpKpH1ddQARMT/xOKoLREKQWSIlO+vDaSbaVm9sx4vrh2otUppuqqjAkU9wy6xuQ90mV4jYjeQMzLDyGUj1RpiwwH6LkRv5vUWfG+PVjDytUJcRVXpHwFkopO2IMv3kToiWtpjz9v8bIaXGQ6HMiTr88mzM3yMzvhBjM1E9T3Z0gTVbWi/smsoiZH4gr61D4DXSmndyZT9eDKe+MShSf2yZjGnU/GmjOHZN5PpC4ZjEJwm0aQn+YFr5BtWXZWYpdZLFAaJ0nlD4290DhZVJeQdfOUYSF5ffeHLE3IahsHhbGIlfkyZNIgemyscY9SChFkKNHian+GmjIEzrG2ooECuhHOAH+JXGfIMAq1DcTwSMaesM2blrVop9q+Er59G9CY5a9AxHx4h0xmxpEIkYDy6KqSezJQ/n3rhdz7GydEwCKA8zSczL2JHNBGxEodaI77lw8Bxjp9c5QQUtgzRZfXQUDhbeJn4j5Z3E97i2ApF3JzcF3B6rK0uB1WariUJHRjYNFC/j0sWBCm/n1kNh9bePsgedqupBCY1AvmBIGFvk7DeQ2Hsc9GMH0n4XzmvDnzLny9e3GrZoRM9OSeXfuYrjbRsqZ3nR/RyNcrXFPQiBsE0d1KIWE+b1+vC18xDX9NbNBYdeMSrtNNQKvm1zQccJx+nL7x7QxtNMWUIuAdbghoj7lIqQGeB5VVWSTpzs9vfcTL/Elrteefm5QOGpOmpN0qz7dI4UYkz0Pplr34iknH7cIkJmRFSIeXvG8CU826OrmKG7Mx6GOnyUnkaKG4IGWgymWHg661Ru+ljkTVrAIDWWr3XW9tGt46ovsmyUFJzTOAkmm4aVEruDBb+O1gsjXTtitMOaR0zJF54JIuyRpQmwdCIi84oAZXSqIizS+FbiE+xK+AokNLiehb70dbvAuV0H5lLCvbqbNmfPDLqraXmplooFbfnEMVqIXNjZKUtVgFckpBGpmC+fxFqr7nHc=&u=U2FsdGVkX18tizFXM89ZK71Cu10tL59Zcb0vjAkQc88=&y=U2FsdGVkX18txtMdKU74x6yFi3cslLoAYL0q5f4cGbW1bjyW0GKmHrGXpJRI0XcL HTTP/1.1" 200 72
186.102.94.27 - - [14/May/2023:23:17:57 -0500] "GET /kwssiamovil/sm/acme/s?s=U2FsdGVkX1+LsU8RdIcs3tN2is3Y/BDmWTgPu6OH0IQ6BsFfPZoQJYY23sGaAiiKn+jqwYQMSTcFU6kGcoGXNkxhmEURKVCbsyc5eZ4OQHYKoSKFXWL5Mcj8E58mQjhadfe8K0vydmPlJg8OPp9F260ZEr4v9tQRC2dgBCnJ3n2nC7DruZaFCHHBFwWxPHUcWgjv30oTvJ4xCDP+KG6de5Tmm0NzFJwz5uMqWnYDXfhZ1bph0SPMC5bULh0wQR2SXfTyL48jjW3SB3le/xok89cbi7sbJ9oplDdPLid6WBKRhOdwXShngL3gJ9Fz+wutsX2LRHf97L/WIR1qqBRHK7Vs2LiYGAgCdWGdpD968fM=&u=U2FsdGVkX18tizFXM89ZK71Cu10tL59Zcb0vjAkQc88=&y=U2FsdGVkX18txtMdKU74x6yFi3cslLoAYL0q5f4cGbW1bjyW0GKmHrGXpJRI0XcL HTTP/1.1" 200 72
172.22.2.4 - - [14/May/2023:23:16:22 -0500] "HEAD /BLA/boletinlegal/ HTTP/1.1" 200 -
172.22.2.4 - - [14/May/2023:23:17:12 -0500] "GET /BLA/boletinlegal/ HTTP/1.1" 200 54808
201.245.192.253 - - [14/May/2023:23:19:05 -0500] "POST /kwsrmcab/Wsrmcab HTTP/1.1" 200 40186
201.245.192.253 - - [14/May/2023:23:19:08 -0500] "POST /kwsrmcab/Wsrmcab HTTP/1.1" 200 44101
64.62.197.225 - - [14/May/2023:23:21:15 -0500] "GET / HTTP/1.1" 200 319
66.249.66.35 - - [14/May/2023:23:21:31 -0500] "-" 408 -
172.22.2.4 - - [14/May/2023:23:22:11 -0500] "GET /BLA/boletinlegal/actos.php HTTP/1.1" 200 9682
172.22.2.4 - - [14/May/2023:23:22:11 -0500] "GET /BLA/boletinlegal/styles2.css HTTP/1.1" 200 1838
172.22.2.4 - - [14/May/2023:23:22:11 -0500] "GET /BLA/boletinlegal/js/ajax_actos.js HTTP/1.1" 200 1322
172.22.2.4 - - [14/May/2023:23:22:11 -0500] "GET /BLA/boletinlegal/niceforms-default.css HTTP/1.1" 200 6694
172.22.2.4 - - [14/May/2023:23:22:11 -0500] "GET /BLA/boletinlegal/style.css HTTP/1.1" 200 9406
172.22.2.4 - - [14/May/2023:23:22:11 -0500] "GET /BLA/boletinlegal/niceforms.js HTTP/1.1" 200 22876
172.22.2.4 - - [14/May/2023:23:22:11 -0500] "GET /BLA/boletinlegal/js/lib.js HTTP/1.1" 200 6474
172.22.2.4 - - [14/May/2023:23:22:11 -0500] "GET /BLA/boletinlegal/js/popup.js HTTP/1.1" 200 1270
172.22.2.4 - - [14/May/2023:23:22:11 -0500] "GET /BLA/boletinlegal/js/jquery1.js HTTP/1.1" 200 29846
172.22.2.4 - - [14/May/2023:23:22:12 -0500] "GET /BLA/boletinlegal/images/subscribe-icon-big.png HTTP/1.1" 200 47702
172.22.2.4 - - [14/May/2023:23:22:12 -0500] "GET /BLA/boletinlegal/images/cabezote%20BLEGAL.jpg HTTP/1.1" 200 118164
172.22.2.4 - - [14/May/2023:23:22:12 -0500] "GET /BLA/boletinlegal/images/historia.png HTTP/1.1" 200 52775
172.22.2.4 - - [14/May/2023:23:22:12 -0500] "GET /BLA/boletinlegal/images/green-yellow-blue-pink-th.png HTTP/1.1" 200 7394
172.22.2.4 - - [14/May/2023:23:22:12 -0500] "GET /BLA/boletinlegal/images/registro-usuarios.png HTTP/1.1" 200 8106
172.22.2.4 - - [14/May/2023:23:22:12 -0500] "GET /BLA/boletinlegal/images/tel.png HTTP/1.1" 200 14477
172.22.2.4 - - [14/May/2023:23:22:12 -0500] "GET /BLA/boletinlegal/images/body_bg.jpg HTTP/1.1" 200 1601
172.22.2.4 - - [14/May/2023:23:22:12 -0500] "GET /BLA/boletinlegal/images/icono-email.png HTTP/1.1" 200 5544
172.22.2.4 - - [14/May/2023:23:22:12 -0500] "GET /BLA/boletinlegal/images/menu_lft.gif HTTP/1.1" 200 1713
172.22.2.4 - - [14/May/2023:23:22:12 -0500] "GET /BLA/boletinlegal/images/footer_bg.jpg HTTP/1.1" 200 586
172.22.2.4 - - [14/May/2023:23:22:12 -0500] "GET /BLA/boletinlegal/images/bg_top.jpg HTTP/1.1" 200 522
172.22.2.4 - - [14/May/2023:23:22:12 -0500] "GET /BLA/boletinlegal/images/menu_rght.gif HTTP/1.1" 200 1627
172.22.2.4 - - [14/May/2023:23:22:12 -0500] "GET /BLA/boletinlegal/images/menu_bg.jpg HTTP/1.1" 200 620
172.22.2.4 - - [14/May/2023:23:22:12 -0500] "GET /BLA/boletinlegal/images/text.jpg HTTP/1.1" 200 568
172.22.2.4 - - [14/May/2023:23:22:12 -0500] "GET /BLA/boletinlegal/images/hover.jpg HTTP/1.1" 200 640
172.22.2.4 - - [14/May/2023:23:22:12 -0500] "GET /BLA/boletinlegal/images/footer_bg_l.jpg HTTP/1.1" 200 776
172.22.2.4 - - [14/May/2023:23:22:12 -0500] "GET /BLA/boletinlegal/img/0.png HTTP/1.1" 200 110
172.22.2.4 - - [14/May/2023:23:22:12 -0500] "GET /BLA/boletinlegal/img/select-left.png HTTP/1.1" 200 263
172.22.2.4 - - [14/May/2023:23:22:12 -0500] "GET /BLA/boletinlegal/img/select-right.png HTTP/1.1" 200 44019
172.22.2.4 - - [14/May/2023:23:22:12 -0500] "GET /BLA/boletinlegal/img/button-left.png HTTP/1.1" 200 57071
172.22.2.4 - - [14/May/2023:23:22:12 -0500] "GET /BLA/boletinlegal/img/button-right.png HTTP/1.1" 200 57878
172.22.2.4 - - [14/May/2023:23:22:12 -0500] "GET /BLA/boletinlegal/img/button.png HTTP/1.1" 200 43241
172.22.2.4 - - [14/May/2023:23:22:12 -0500] "GET /BLA/boletinlegal/favicon.ico HTTP/1.1" 404 1326
64.62.197.213 - - [14/May/2023:23:22:24 -0500] "GET /favicon.ico HTTP/1.1" 200 7782
201.245.192.253 - - [14/May/2023:23:22:26 -0500] "POST /kwsrmcab/Wsrmcab  HTTP/1.1" 200 43465
172.22.2.4 - - [14/May/2023:23:22:46 -0500] "GET /BLA/boletinlegal/Directivas/2022/DIRECTIVA%20No.%2000001%20DEL%2015%20DE%20JUNIO%20DEL%202022.pdf HTTP/1.1" 200 290944
216.245.221.92 - - [14/May/2023:23:22:48 -0500] "HEAD / HTTP/1.1" 200 -
64.62.197.215 - - [14/May/2023:23:22:56 -0500] "GET /geoserver/web/ HTTP/1.1" 200 2425
172.22.2.4 - - [14/May/2023:23:22:11 -0500] "HEAD /BLA/boletinlegal/ HTTP/1.1" 200 -
162.55.165.184 - - [14/May/2023:23:24:32 -0500] "GET / HTTP/1.1" 200 319
172.22.2.4 - - [14/May/2023:23:23:02 -0500] "GET /BLA/boletinlegal/ HTTP/1.1" 200 57561
201.245.192.253 - - [14/May/2023:23:27:25 -0500] "POST /kwsrmcab/Wsrmcab  HTTP/1.1" 200 43465
216.245.221.92 - - [14/May/2023:23:27:48 -0500] "HEAD / HTTP/1.1" 200 -
172.22.2.4 - - [14/May/2023:23:28:25 -0500] "GET /BLA/boletinlegal/normativa.php HTTP/1.1" 200 8343
172.22.2.4 - - [14/May/2023:23:28:25 -0500] "GET /BLA/boletinlegal/styles2.css HTTP/1.1" 200 1838
172.22.2.4 - - [14/May/2023:23:28:25 -0500] "GET /BLA/boletinlegal/js/ajax_normativa.js HTTP/1.1" 200 1154
172.22.2.4 - - [14/May/2023:23:28:25 -0500] "GET /BLA/boletinlegal/niceforms-default.css HTTP/1.1" 200 6694
172.22.2.4 - - [14/May/2023:23:28:25 -0500] "GET /BLA/boletinlegal/style.css HTTP/1.1" 200 9406
172.22.2.4 - - [14/May/2023:23:28:25 -0500] "GET /BLA/boletinlegal/niceforms.js HTTP/1.1" 200 22876
172.22.2.4 - - [14/May/2023:23:28:26 -0500] "GET /BLA/boletinlegal/images/cabezote%20BLEGAL.jpg HTTP/1.1" 200 118164
172.22.2.4 - - [14/May/2023:23:28:26 -0500] "GET /BLA/boletinlegal/images/subscribe-icon-big.png HTTP/1.1" 200 47702
172.22.2.4 - - [14/May/2023:23:28:26 -0500] "GET /BLA/boletinlegal/images/registro-usuarios.png HTTP/1.1" 200 8106
172.22.2.4 - - [14/May/2023:23:28:26 -0500] "GET /BLA/boletinlegal/images/historia.png HTTP/1.1" 200 52775
172.22.2.4 - - [14/May/2023:23:28:26 -0500] "GET /BLA/boletinlegal/images/tel.png HTTP/1.1" 200 14477
172.22.2.4 - - [14/May/2023:23:28:26 -0500] "GET /BLA/boletinlegal/images/icono-email.png HTTP/1.1" 200 5544
172.22.2.4 - - [14/May/2023:23:28:26 -0500] "GET /BLA/boletinlegal/images/body_bg.jpg HTTP/1.1" 200 1601
172.22.2.4 - - [14/May/2023:23:28:26 -0500] "GET /BLA/boletinlegal/images/bg_top.jpg HTTP/1.1" 200 522
172.22.2.4 - - [14/May/2023:23:28:26 -0500] "GET /BLA/boletinlegal/images/menu_lft.gif HTTP/1.1" 200 1713
172.22.2.4 - - [14/May/2023:23:28:26 -0500] "GET /BLA/boletinlegal/images/menu_rght.gif HTTP/1.1" 200 1627
172.22.2.4 - - [14/May/2023:23:28:26 -0500] "GET /BLA/boletinlegal/images/text.jpg HTTP/1.1" 200 568
172.22.2.4 - - [14/May/2023:23:28:26 -0500] "GET /BLA/boletinlegal/images/menu_bg.jpg HTTP/1.1" 200 620
172.22.2.4 - - [14/May/2023:23:28:26 -0500] "GET /BLA/boletinlegal/images/hover.jpg HTTP/1.1" 200 640
172.22.2.4 - - [14/May/2023:23:28:26 -0500] "GET /BLA/boletinlegal/images/footer_bg.jpg HTTP/1.1" 200 586
172.22.2.4 - - [14/May/2023:23:28:26 -0500] "GET /BLA/boletinlegal/images/footer_bg_l.jpg HTTP/1.1" 200 776
172.22.2.4 - - [14/May/2023:23:28:26 -0500] "GET /BLA/boletinlegal/img/0.png HTTP/1.1" 200 110
172.22.2.4 - - [14/May/2023:23:28:26 -0500] "GET /BLA/boletinlegal/img/select-left.png HTTP/1.1" 200 263
172.22.2.4 - - [14/May/2023:23:28:26 -0500] "GET /BLA/boletinlegal/img/select-right.png HTTP/1.1" 200 44019
172.22.2.4 - - [14/May/2023:23:28:26 -0500] "GET /BLA/boletinlegal/img/button.png HTTP/1.1" 200 43241
172.22.2.4 - - [14/May/2023:23:28:26 -0500] "GET /BLA/boletinlegal/img/button-left.png HTTP/1.1" 200 57071
172.22.2.4 - - [14/May/2023:23:28:26 -0500] "GET /BLA/boletinlegal/img/button-right.png HTTP/1.1" 200 57878
172.22.2.4 - - [14/May/2023:23:28:27 -0500] "GET /BLA/boletinlegal/favicon.ico HTTP/1.1" 404 1334
172.22.2.4 - - [14/May/2023:23:27:47 -0500] "POST /BLA/boletinlegal/ HTTP/1.1" 200 36811
201.245.192.253 - - [14/May/2023:23:29:06 -0500] "POST /kwsrmcab/Wsrmcab HTTP/1.1" 200 40186
201.245.192.253 - - [14/May/2023:23:29:08 -0500] "POST /kwsrmcab/Wsrmcab HTTP/1.1" 200 44101
172.22.2.4 - - [14/May/2023:23:28:01 -0500] "HEAD /BLA/boletinlegal/ HTTP/1.1" 200 -
172.22.2.4 - - [14/May/2023:23:28:52 -0500] "GET /BLA/boletinlegal/ HTTP/1.1" 200 53561
66.249.66.6 - - [14/May/2023:23:31:25 -0500] "-" 408 -
201.245.192.253 - - [14/May/2023:23:32:24 -0500] "POST /kwsrmcab/Wsrmcab  HTTP/1.1" 200 43465
216.245.221.92 - - [14/May/2023:23:32:48 -0500] "HEAD / HTTP/1.1" 200 -
172.22.2.4 - - [14/May/2023:23:32:56 -0500] "GET /BLA/boletinlegal/ HTTP/1.1" 200 57561
172.22.2.4 - - [14/May/2023:23:33:51 -0500] "HEAD /BLA/boletinlegal/ HTTP/1.1" 200 -
200.118.60.119 - - [14/May/2023:23:36:17 -0500] "GET /BLA/resoluciones/index.php?dir=AUTOS+2020%2F HTTP/1.1" 200 328612
172.22.2.4 - - [14/May/2023:23:34:42 -0500] "GET /BLA/boletinlegal/ HTTP/1.1" 200 59306
200.118.60.119 - - [14/May/2023:23:36:39 -0500] "GET /BLA/resoluciones/AUTOS%202020/4182.pdf HTTP/1.1" 200 329779
172.22.2.4 - - [14/May/2023:23:36:49 -0500] "GET /BLA/boletinlegal/Circulares/2019/.pdf HTTP/1.1" 404 1218
201.245.192.253 - - [14/May/2023:23:37:23 -0500] "POST /kwsrmcab/Wsrmcab  HTTP/1.1" 200 43465
216.245.221.92 - - [14/May/2023:23:37:48 -0500] "HEAD / HTTP/1.1" 200 -
66.249.66.71 - - [14/May/2023:23:39:03 -0500] "-" 408 -
201.245.192.253 - - [14/May/2023:23:39:05 -0500] "POST /kwsrmcab/Wsrmcab HTTP/1.1" 200 40186
201.245.192.253 - - [14/May/2023:23:39:08 -0500] "POST /kwsrmcab/Wsrmcab HTTP/1.1" 200 44101
172.22.2.4 - - [14/May/2023:23:39:11 -0500] "GET /BLA/boletinlegal/Circulares/2018/CIRCULAR%20COJUNTA%20042%20DE%202018.pdf HTTP/1.1" 304 -
172.22.2.4 - - [14/May/2023:23:39:41 -0500] "HEAD /BLA/boletinlegal/ HTTP/1.1" 200 -
172.22.2.4 - - [14/May/2023:23:40:32 -0500] "GET /BLA/boletinlegal/ HTTP/1.1" 200 59306
201.245.192.253 - - [14/May/2023:23:42:22 -0500] "POST /kwsrmcab/Wsrmcab  HTTP/1.1" 200 43465
40.77.167.146 - - [14/May/2023:23:42:41 -0500] "GET /BLA/resoluciones/AUTOS%202019/2719.pdf HTTP/1.1" 200 264162
216.245.221.92 - - [14/May/2023:23:42:48 -0500] "HEAD / HTTP/1.1" 200 -
183.136.225.46 - - [14/May/2023:23:44:08 -0500] "GET /BLA/boletinlegal/js/jquery.scrollTo-min.js HTTP/1.1" 200 1150
183.136.225.46 - - [14/May/2023:23:44:08 -0500] "GET /BLA/boletinlegal/js/jquery.scrollShow.js HTTP/1.1" 200 4586
172.22.2.4 - - [14/May/2023:23:45:31 -0500] "HEAD /BLA/boletinlegal/ HTTP/1.1" 200 -
201.245.192.253 - - [14/May/2023:23:47:21 -0500] "POST /kwsrmcab/Wsrmcab  HTTP/1.1" 200 43465
216.245.221.92 - - [14/May/2023:23:47:48 -0500] "HEAD / HTTP/1.1" 200 -
40.77.167.146 - - [14/May/2023:23:47:51 -0500] "GET /sipse/faces/index.xhtml HTTP/1.1" 200 677
172.22.2.4 - - [14/May/2023:23:46:22 -0500] "GET /BLA/boletinlegal/ HTTP/1.1" 200 57561
172.22.2.4 - - [14/May/2023:23:51:58 -0500] "GET /BLA/boletinlegal/favicon.ico HTTP/1.1" 404 1038
201.245.192.253 - - [14/May/2023:23:52:20 -0500] "POST /kwsrmcab/Wsrmcab  HTTP/1.1" 200 43465
216.245.221.92 - - [14/May/2023:23:52:48 -0500] "HEAD / HTTP/1.1" 200 -
172.22.2.4 - - [14/May/2023:23:51:21 -0500] "HEAD /BLA/boletinlegal/ HTTP/1.1" 200 -
199.16.157.183 - - [14/May/2023:23:53:06 -0500] "-" 408 -
199.16.157.183 - - [14/May/2023:23:53:07 -0500] "-" 408 -
199.16.157.183 - - [14/May/2023:23:53:07 -0500] "-" 408 -
209.222.252.91 - - [14/May/2023:23:53:08 -0500] "GET / HTTP/1.1" 200 319
172.22.2.4 - - [14/May/2023:23:52:12 -0500] "GET /BLA/boletinlegal/ HTTP/1.1" 200 55221
201.245.192.253 - - [14/May/2023:23:57:19 -0500] "POST /kwsrmcab/Wsrmcab  HTTP/1.1" 200 43465
216.245.221.92 - - [14/May/2023:23:57:48 -0500] "HEAD / HTTP/1.1" 200 -
172.22.2.4 - - [14/May/2023:23:57:11 -0500] "HEAD /BLA/boletinlegal/ HTTP/1.1" 200 -
172.22.2.4 - - [14/May/2023:23:58:02 -0500] "GET /BLA/boletinlegal/ HTTP/1.1" 200 55571

:: Command execute ::

Enter:
 
Select:
 

:: Search ::
regexp 

:: Upload ::
 
[ ok ]

:: Make Dir ::
 
[ ok ]
:: Make File ::
 
[ ok ]

:: Go Dir ::
 
:: Go File ::
 

--[ c99shell v. 1.0 pre-release build #13 powered by Captain Crunch Security Team | http://ccteam.ru | Generation time: 0.2184 ]--