172.22.2.4 - - [18/May/2023:02:52:43 -0500] "GET /BLA/boletinlegal/images/tel.png HTTP/1.1" 200 14477
172.22.2.4 - - [18/May/2023:02:52:43 -0500] "GET /BLA/boletinlegal/images/icono-email.png HTTP/1.1" 200 5544
172.22.2.4 - - [18/May/2023:02:52:43 -0500] "GET /BLA/boletinlegal/images/body_bg.jpg HTTP/1.1" 200 1601
172.22.2.4 - - [18/May/2023:02:52:43 -0500] "GET /BLA/boletinlegal/images/menu_lft.gif HTTP/1.1" 200 1713
172.22.2.4 - - [18/May/2023:02:52:43 -0500] "GET /BLA/boletinlegal/images/menu_rght.gif HTTP/1.1" 200 1627
172.22.2.4 - - [18/May/2023:02:52:43 -0500] "GET /BLA/boletinlegal/images/bg_top.jpg HTTP/1.1" 200 522
172.22.2.4 - - [18/May/2023:02:52:43 -0500] "GET /BLA/boletinlegal/images/menu_bg.jpg HTTP/1.1" 200 620
172.22.2.4 - - [18/May/2023:02:52:43 -0500] "GET /BLA/boletinlegal/images/hover.jpg HTTP/1.1" 200 640
172.22.2.4 - - [18/May/2023:02:52:43 -0500] "GET /BLA/boletinlegal/images/text.jpg HTTP/1.1" 200 568
172.22.2.4 - - [18/May/2023:02:52:43 -0500] "GET /BLA/boletinlegal/images/footer_bg.jpg HTTP/1.1" 200 586
172.22.2.4 - - [18/May/2023:02:52:43 -0500] "GET /BLA/boletinlegal/images/footer_bg_l.jpg HTTP/1.1" 200 776
172.22.2.4 - - [18/May/2023:02:52:43 -0500] "GET /BLA/boletinlegal/img/0.png HTTP/1.1" 200 110
172.22.2.4 - - [18/May/2023:02:52:43 -0500] "GET /BLA/boletinlegal/img/select-right.png HTTP/1.1" 200 44019
172.22.2.4 - - [18/May/2023:02:52:43 -0500] "GET /BLA/boletinlegal/img/select-left.png HTTP/1.1" 200 263
172.22.2.4 - - [18/May/2023:02:52:43 -0500] "GET /BLA/boletinlegal/img/button.png HTTP/1.1" 200 43241
172.22.2.4 - - [18/May/2023:02:52:43 -0500] "GET /BLA/boletinlegal/img/button-left.png HTTP/1.1" 200 57071
172.22.2.4 - - [18/May/2023:02:52:43 -0500] "GET /BLA/boletinlegal/img/button-right.png HTTP/1.1" 200 57878
121.30.179.154 - - [18/May/2023:02:52:57 -0500] "GET /galeria/galeria/fotos/Humedal-la-conejera4P.jpg HTTP/1.1" 200 33365
172.22.2.4 - - [18/May/2023:02:51:53 -0500] "HEAD /BLA/boletinlegal/ HTTP/1.1" 200 -
66.249.69.31 - - [18/May/2023:02:54:13 -0500] "-" 408 -
172.22.2.4 - - [18/May/2023:02:52:44 -0500] "GET /BLA/boletinlegal/ HTTP/1.1" 200 52326
216.245.221.92 - - [18/May/2023:02:55:30 -0500] "HEAD / HTTP/1.1" 200 -
52.167.144.32 - - [18/May/2023:02:55:45 -0500] "GET /images/humedal-principal-santa-maria-7-febrero.jpg HTTP/1.1" 200 86406
40.77.167.97 - - [18/May/2023:02:55:58 -0500] "GET /BLA/resoluciones/AUTOS%202021/4035.pdf HTTP/1.1" 304 -
165.154.119.11 - - [18/May/2023:02:56:18 -0500] "GET /favicon.ico HTTP/1.1" 200 7782
165.154.119.11 - - [18/May/2023:02:56:19 -0500] "GET /portaldeninos/sitemap.xml HTTP/1.1" 404 75240
165.154.119.11 - - [18/May/2023:02:56:49 -0500] "GET /portaldeninos/ HTTP/1.1" 200 110197
165.154.119.11 - - [18/May/2023:02:56:54 -0500] "GET /portaldeninos/wp-content/uploads/2019/08/Logo-Ambientic.png HTTP/1.1" 200 22941
165.154.119.11 - - [18/May/2023:02:56:56 -0500] "GET /portaldeninos/wp-includes/js/jquery/ui/tabs.min.js?ver=1.11.4 HTTP/1.1" 200 12110
165.154.119.11 - - [18/May/2023:02:56:56 -0500] "GET /portaldeninos/wp-includes/js/jquery/ui/accordion.min.js?ver=1.11.4 HTTP/1.1" 200 8584
165.154.119.11 - - [18/May/2023:02:56:56 -0500] "GET /portaldeninos/wp-content/plugins/gallery-videos/JS/modernizr.custom.js?ver=4.9.8 HTTP/1.1" 200 9019
165.154.119.11 - - [18/May/2023:02:56:56 -0500] "GET /portaldeninos/wp-includes/js/jquery/ui/sortable.min.js?ver=1.11.4 HTTP/1.1" 200 24899
165.154.119.11 - - [18/May/2023:02:56:56 -0500] "GET /portaldeninos/wp-content/themes/betheme/js/scripts.js?ver=20.9.6 HTTP/1.1" 200 77162
165.154.119.11 - - [18/May/2023:02:56:58 -0500] "GET /portaldeninos/wp-includes/js/jquery/ui/position.min.js?ver=1.11.4 HTTP/1.1" 200 6527
165.154.119.11 - - [18/May/2023:02:56:58 -0500] "GET /portaldeninos/wp-includes/js/jquery/ui/mouse.min.js?ver=1.11.4 HTTP/1.1" 200 3148
165.154.119.11 - - [18/May/2023:02:56:59 -0500] "GET /portaldeninos/wp-includes/js/jquery/jquery-migrate.min.js?ver=1.4.1 HTTP/1.1" 200 10056
165.154.119.11 - - [18/May/2023:02:56:59 -0500] "GET /portaldeninos/wp-includes/js/jquery/ui/widget.min.js?ver=1.11.4 HTTP/1.1" 200 6908
165.154.119.11 - - [18/May/2023:02:56:59 -0500] "GET /portaldeninos/wp-content/themes/betheme/assets/animations/animations.min.js?ver=20.9.6 HTTP/1.1" 200 1896
165.154.119.11 - - [18/May/2023:02:56:58 -0500] "GET /portaldeninos/wp-includes/js/jquery/jquery.js?ver=1.12.4 HTTP/1.1" 200 97184
165.154.119.11 - - [18/May/2023:02:57:00 -0500] "GET /portaldeninos/wp-content/plugins/google-analytics-for-wordpress/assets/js/frontend-gtag.min.js?ver=8.5.0 HTTP/1.1" 200 11801
165.154.119.11 - - [18/May/2023:02:57:00 -0500] "GET /portaldeninos/wp-content/themes/betheme/assets/jplayer/jplayer.min.js?ver=20.9.6 HTTP/1.1" 200 52702
165.154.119.11 - - [18/May/2023:02:57:01 -0500] "GET /portaldeninos/wp-includes/js/jquery/ui/core.min.js?ver=1.11.4 HTTP/1.1" 200 4000
165.154.119.11 - - [18/May/2023:02:56:58 -0500] "GET /portaldeninos/wp-content/themes/betheme/js/plugins.js?ver=20.9.6 HTTP/1.1" 200 197151
165.154.119.11 - - [18/May/2023:02:57:00 -0500] "GET /portaldeninos/wp-content/plugins/popup-maker/assets/js/site.min.js?defer&ver=1.8.14 HTTP/1.1" 200 48457
165.154.119.11 - - [18/May/2023:02:57:02 -0500] "GET /portaldeninos/wp-content/themes/betheme/js/menu.js?ver=20.9.6 HTTP/1.1" 200 2449
165.154.119.11 - - [18/May/2023:02:57:02 -0500] "GET /portaldeninos/wp-includes/js/wp-embed.min.js?ver=4.9.8 HTTP/1.1" 200 1398
165.154.119.11 - - [18/May/2023:02:57:02 -0500] "GET /portaldeninos/wp-content/plugins/gallery-videos/JS/Total-Soft-Gallery-Video-Widget.js?ver=4.9.8 HTTP/1.1" 200 80264
165.154.119.11 - - [18/May/2023:02:57:04 -0500] "GET /portaldeninos/sitemap.xml HTTP/1.1" 404 75240
165.154.119.11 - - [18/May/2023:02:57:35 -0500] "GET /axis2-admin/ HTTP/1.1" 404 1035
165.154.119.11 - - [18/May/2023:02:57:36 -0500] "GET /axis2/ HTTP/1.1" 404 1035
201.245.192.253 - - [18/May/2023:02:57:34 -0500] "POST /kwsrmcab/Wsrmcab  HTTP/1.1" 200 43465
165.154.119.11 - - [18/May/2023:02:57:36 -0500] "GET /axis2/axis2-admin/ HTTP/1.1" 404 1035
165.154.119.11 - - [18/May/2023:02:57:37 -0500] "GET /pma/index.php HTTP/1.1" 404 1035
165.154.119.11 - - [18/May/2023:02:57:38 -0500] "GET /phpmyadmin/index.php HTTP/1.1" 403 1182
165.154.119.11 - - [18/May/2023:02:57:38 -0500] "GET /PhpMyAdmin/index.php HTTP/1.1" 403 1182
165.154.119.11 - - [18/May/2023:02:57:39 -0500] "GET /php/thinkphp/aaaffff123.php HTTP/1.1" 404 1035
165.154.119.11 - - [18/May/2023:02:57:40 -0500] "GET /index_sso.php HTTP/1.1" 404 1035
172.22.2.4 - - [18/May/2023:02:57:43 -0500] "HEAD /BLA/boletinlegal/ HTTP/1.1" 200 -
40.77.167.146 - - [18/May/2023:03:00:10 -0500] "GET /BLA/resoluciones/AUTOS%202022/0119.pdf HTTP/1.1" 304 -
40.77.167.146 - - [18/May/2023:03:00:11 -0500] "GET /BLA/resoluciones/AUTOS%202021/5269.pdf HTTP/1.1" 304 -
172.22.2.4 - - [18/May/2023:02:58:34 -0500] "GET /BLA/boletinlegal/ HTTP/1.1" 200 54808
216.245.221.92 - - [18/May/2023:03:00:30 -0500] "HEAD / HTTP/1.1" 200 -
201.245.192.253 - - [18/May/2023:03:02:33 -0500] "POST /kwsrmcab/Wsrmcab  HTTP/1.1" 200 43465
172.22.2.4 - - [18/May/2023:03:03:34 -0500] "HEAD /BLA/boletinlegal/ HTTP/1.1" 200 -
216.245.221.92 - - [18/May/2023:03:05:30 -0500] "HEAD / HTTP/1.1" 200 -
172.22.2.4 - - [18/May/2023:03:04:24 -0500] "GET /BLA/boletinlegal/ HTTP/1.1" 200 52730
66.249.69.31 - - [18/May/2023:03:06:57 -0500] "-" 408 -
201.245.192.253 - - [18/May/2023:03:07:30 -0500] "POST /kwsrmcab/Wsrmcab  HTTP/1.1" 200 43465
172.22.2.4 - - [18/May/2023:03:07:36 -0500] "GET /BLA/boletinlegal/sugerencias.php HTTP/1.1" 200 8615
52.167.144.71 - - [18/May/2023:03:10:21 -0500] "GET /distrito-declara-alerta-fase-i-en-suroccidente-de-bogota-por-altas-concentraciones-de-material-particulado.html HTTP/1.1" 200 883
216.245.221.92 - - [18/May/2023:03:10:30 -0500] "HEAD / HTTP/1.1" 200 -
172.22.2.4 - - [18/May/2023:03:09:23 -0500] "HEAD /BLA/boletinlegal/ HTTP/1.1" 200 -
69.63.189.117 - - [18/May/2023:03:11:29 -0500] "GET /alcaldesa-claudia-lopez-les-dio-la-bienvenida-a-las-sembradoras-por-la-reactivaccion.html HTTP/1.1" 200 1264
69.63.189.3 - - [18/May/2023:03:11:29 -0500] "GET /alcaldesa-claudia-lopez-les-dio-la-bienvenida-a-las-sembradoras-por-la-reactivaccion.html HTTP/1.1" 200 1264
172.22.2.4 - - [18/May/2023:03:10:14 -0500] "GET /BLA/boletinlegal/ HTTP/1.1" 200 55221
201.245.192.253 - - [18/May/2023:03:12:30 -0500] "POST /kwsrmcab/Wsrmcab  HTTP/1.1" 200 43465
216.245.221.92 - - [18/May/2023:03:15:30 -0500] "HEAD / HTTP/1.1" 200 -
66.249.69.31 - - [18/May/2023:03:16:45 -0500] "-" 408 -
172.22.2.4 - - [18/May/2023:03:15:13 -0500] "HEAD /BLA/boletinlegal/ HTTP/1.1" 200 -
201.245.192.253 - - [18/May/2023:03:17:29 -0500] "POST /kwsrmcab/Wsrmcab  HTTP/1.1" 200 43465
172.22.2.4 - - [18/May/2023:03:16:04 -0500] "GET /BLA/boletinlegal/ HTTP/1.1" 200 55934
201.245.192.253 - - [18/May/2023:03:18:50 -0500] "POST /kwsrmcab/Wsrmcab HTTP/1.1" 200 43214
201.245.192.253 - - [18/May/2023:03:18:53 -0500] "POST /kwsrmcab/Wsrmcab HTTP/1.1" 200 43806
216.245.221.92 - - [18/May/2023:03:20:30 -0500] "HEAD / HTTP/1.1" 200 -
172.22.2.4 - - [18/May/2023:03:21:33 -0500] "GET /BLA/boletinlegal/jurisprudencia/analisis/analisis%20sentencia%20C%20401%20de%202010.doc HTTP/1.1" 304 -
216.19.204.161 - - [18/May/2023:03:21:39 -0500] "GET /olga-romero-una-mujer-que-reverdece-con-corazon-inquieto-que-encontro-en-el-reciclaje-su-pasion.html HTTP/1.1" 200 798
93.180.235.107 - - [18/May/2023:03:21:39 -0500] "GET /dia-mundial-del-reciclaje-conoce-como-gestionar-los-residuos-especiales-y-peligrosos.html HTTP/1.1" 200 831
201.245.192.253 - - [18/May/2023:03:22:28 -0500] "POST /kwsrmcab/Wsrmcab  HTTP/1.1" 200 43465
172.22.2.4 - - [18/May/2023:03:21:03 -0500] "HEAD /BLA/boletinlegal/ HTTP/1.1" 200 -
172.22.2.4 - - [18/May/2023:03:21:54 -0500] "GET /BLA/boletinlegal/ HTTP/1.1" 200 57151
172.22.2.4 - - [18/May/2023:03:24:39 -0500] "GET /BLA/boletinlegal/normativa.php HTTP/1.1" 200 8343
216.245.221.92 - - [18/May/2023:03:25:30 -0500] "HEAD / HTTP/1.1" 200 -
201.245.192.253 - - [18/May/2023:03:27:28 -0500] "POST /kwsrmcab/Wsrmcab  HTTP/1.1" 200 43465
172.22.2.4 - - [18/May/2023:03:26:53 -0500] "HEAD /BLA/boletinlegal/ HTTP/1.1" 200 -
201.245.192.253 - - [18/May/2023:03:28:50 -0500] "POST /kwsrmcab/Wsrmcab HTTP/1.1" 200 43214
201.245.192.253 - - [18/May/2023:03:28:53 -0500] "POST /kwsrmcab/Wsrmcab HTTP/1.1" 200 43806
172.22.2.4 - - [18/May/2023:03:27:44 -0500] "GET /BLA/boletinlegal/ HTTP/1.1" 200 54808
216.245.221.92 - - [18/May/2023:03:30:30 -0500] "HEAD / HTTP/1.1" 200 -
172.22.2.4 - - [18/May/2023:03:30:51 -0500] "GET /BLA/boletinlegal/Directivas/2018/Directiva%20No.%2025%20del%2027%20de%20diciembre%20de%202018.pdf HTTP/1.1" 304 -
138.201.157.89 - - [18/May/2023:03:32:28 -0500] "GET / HTTP/1.1" 200 319
201.245.192.253 - - [18/May/2023:03:32:27 -0500] "POST /kwsrmcab/Wsrmcab  HTTP/1.1" 200 43465
172.22.2.4 - - [18/May/2023:03:33:14 -0500] "GET /BLA/boletinlegal/jurisprudencia.php HTTP/1.1" 200 17583
172.22.2.4 - - [18/May/2023:03:33:27 -0500] "GET /BLA/boletinlegal/Circulares/2022/CIRCULAR%20No.%2000003%20DEL%2007%20DE%20MARZO%20DEL%202022.pdf HTTP/1.1" 304 -
172.22.2.4 - - [18/May/2023:03:32:43 -0500] "HEAD /BLA/boletinlegal/ HTTP/1.1" 200 -
40.77.167.97 - - [18/May/2023:03:34:31 -0500] "GET /BLA/resoluciones/AUTOS%202021/2326.pdf HTTP/1.1" 304 -
172.22.2.4 - - [18/May/2023:03:33:34 -0500] "GET /BLA/boletinlegal/ HTTP/1.1" 200 57561
216.245.221.92 - - [18/May/2023:03:35:30 -0500] "HEAD / HTTP/1.1" 200 -
66.249.69.5 - - [18/May/2023:03:36:53 -0500] "-" 408 -
201.245.192.253 - - [18/May/2023:03:37:26 -0500] "POST /kwsrmcab/Wsrmcab  HTTP/1.1" 200 43465
52.167.144.71 - - [18/May/2023:03:37:43 -0500] "GET /distrito-plantara-2-650-nuevos-arboles-en-la-ciudad-para-celebrar-los-dias-de-la-tierra-y-el-arbol.html HTTP/1.1" 200 849
201.245.192.253 - - [18/May/2023:03:38:50 -0500] "POST /kwsrmcab/Wsrmcab HTTP/1.1" 200 43214
201.245.192.253 - - [18/May/2023:03:38:53 -0500] "POST /kwsrmcab/Wsrmcab HTTP/1.1" 200 43806
172.22.2.4 - - [18/May/2023:03:38:33 -0500] "HEAD /BLA/boletinlegal/ HTTP/1.1" 200 -
216.245.221.92 - - [18/May/2023:03:40:30 -0500] "HEAD / HTTP/1.1" 200 -
172.22.2.4 - - [18/May/2023:03:39:24 -0500] "GET /BLA/boletinlegal/ HTTP/1.1" 200 57151
201.245.192.253 - - [18/May/2023:03:42:25 -0500] "POST /kwsrmcab/Wsrmcab  HTTP/1.1" 200 43465
157.55.39.210 - - [18/May/2023:03:43:03 -0500] "GET /BLA/resoluciones/AUTOS%202022/4903.pdf HTTP/1.1" 304 -
172.22.2.4 - - [18/May/2023:03:44:21 -0500] "GET /BLA/boletinlegal/Directivas/2018/Directiva%20No.%2026%20del%2028%20de%20diciembre%20de%202018.pdf HTTP/1.1" 304 -
66.249.69.31 - - [18/May/2023:03:45:29 -0500] "-" 408 -
216.245.221.92 - - [18/May/2023:03:45:30 -0500] "HEAD / HTTP/1.1" 200 -
172.22.2.4 - - [18/May/2023:03:44:23 -0500] "HEAD /BLA/boletinlegal/ HTTP/1.1" 200 -
172.22.2.4 - - [18/May/2023:03:45:14 -0500] "GET /BLA/boletinlegal/ HTTP/1.1" 200 57151
168.119.51.200 - - [18/May/2023:03:47:20 -0500] "GET / HTTP/1.1" 200 319
201.245.192.253 - - [18/May/2023:03:47:23 -0500] "POST /kwsrmcab/Wsrmcab  HTTP/1.1" 200 43465
104.152.52.225 - - [18/May/2023:03:47:28 -0500] "GET / HTTP/1.0" 200 319
66.249.70.172 - - [18/May/2023:03:48:08 -0500] "GET /mas-de-179-individuos-de-aves-fueron-avistados-en-el-global-big-day.html HTTP/1.1" 200 786
172.22.2.4 - - [18/May/2023:03:49:49 -0500] "GET /BLA/boletinlegal/Circulares/2020/CIRCULAR%20No.%2000019%20DEL%2018%20DE%20DICIEMBRE%20DEL%202020.pdf HTTP/1.1" 304 -
128.14.136.18 - - [18/May/2023:03:50:23 -0500] "GET / HTTP/1.1" 200 319
216.245.221.92 - - [18/May/2023:03:50:30 -0500] "HEAD / HTTP/1.1" 200 -
66.249.69.31 - - [18/May/2023:03:51:27 -0500] "-" 408 -
172.22.2.4 - - [18/May/2023:03:50:13 -0500] "HEAD /BLA/boletinlegal/ HTTP/1.1" 200 -
201.245.192.253 - - [18/May/2023:03:52:21 -0500] "POST /kwsrmcab/Wsrmcab  HTTP/1.1" 200 43465
172.22.2.4 - - [18/May/2023:03:52:36 -0500] "GET /BLA/boletinlegal/jurisprudencia/analisis/SENTENCIA%20C-703%20DE%202010.xls HTTP/1.1" 200 38912
172.22.2.4 - - [18/May/2023:03:51:04 -0500] "GET /BLA/boletinlegal/ HTTP/1.1" 200 53561
157.55.39.210 - - [18/May/2023:03:54:13 -0500] "GET /BLA/resoluciones/RESOLUCIONES%202011/6290.pdf HTTP/1.1" 200 1416373
172.22.2.4 - - [18/May/2023:03:55:16 -0500] "GET /BLA/boletinlegal/Directivas/2017/Directiva%20No.%2001%20del%2027%20de%20Junio%20de%202018.pdf HTTP/1.1" 304 -
216.245.221.92 - - [18/May/2023:03:55:30 -0500] "HEAD / HTTP/1.1" 200 -
66.249.64.203 - - [18/May/2023:03:55:37 -0500] "-" 408 -
201.245.192.253 - - [18/May/2023:03:57:20 -0500] "POST /kwsrmcab/Wsrmcab  HTTP/1.1" 200 43465
172.22.2.4 - - [18/May/2023:03:56:03 -0500] "HEAD /BLA/boletinlegal/ HTTP/1.1" 200 -
172.22.2.4 - - [18/May/2023:03:58:00 -0500] "GET /BLA/boletinlegal/Circulares/2019/Circular%20No.%20006%20del%2008%20de%20Febrero%20de%202019.pdf HTTP/1.1" 200 674401
172.22.2.4 - - [18/May/2023:03:56:54 -0500] "GET /BLA/boletinlegal/ HTTP/1.1" 200 52326
69.63.184.4 - - [18/May/2023:03:59:59 -0500] "GET /monica-fonnegra-una-disenadora-que-inspira-amor-por-la-naturaleza-a-traves-de-la-moda.html HTTP/1.1" 200 976
216.245.221.92 - - [18/May/2023:04:00:30 -0500] "HEAD / HTTP/1.1" 200 -
40.77.167.97 - - [18/May/2023:04:01:03 -0500] "GET /galeria/galeria/jquery.fancybox.js?v=2.1.5 HTTP/1.1" 200 48706
40.77.167.146 - - [18/May/2023:04:01:08 -0500] "GET /galeria/galeria/jquery.fancybox.css?v=2.1.5 HTTP/1.1" 200 4895
40.77.167.146 - - [18/May/2023:04:01:08 -0500] "GET /BLA/boletinlegal/js/jquery.scrollShow.js HTTP/1.1" 200 4586
201.245.192.253 - - [18/May/2023:04:02:19 -0500] "POST /kwsrmcab/Wsrmcab  HTTP/1.1" 200 43465
52.167.144.46 - - [18/May/2023:04:02:29 -0500] "GET /portaldeninos/residuos/ HTTP/1.1" 200 87443
52.167.144.32 - - [18/May/2023:04:02:42 -0500] "GET /portaldeninos/wp-content/themes/betheme/assets/animations/animations.min.css?ver=20.9.6 HTTP/1.1" 200 58508
52.167.144.32 - - [18/May/2023:04:02:42 -0500] "GET /portaldeninos/wp-includes/js/jquery/ui/accordion.min.js?ver=1.11.4 HTTP/1.1" 200 8584
52.167.144.71 - - [18/May/2023:04:02:46 -0500] "GET /portaldeninos/wp-content/themes/betheme/assets/jplayer/jplayer.min.js?ver=20.9.6 HTTP/1.1" 200 52702
52.167.144.71 - - [18/May/2023:04:02:47 -0500] "GET /portaldeninos/wp-content/themes/betheme/js/plugins.js?ver=20.9.6 HTTP/1.1" 200 197151
52.167.144.71 - - [18/May/2023:04:02:47 -0500] "GET /portaldeninos/wp-content/themes/betheme/style.css?ver=20.9.6 HTTP/1.1" 200 287
52.167.144.71 - - [18/May/2023:04:02:47 -0500] "GET /portaldeninos/wp-includes/js/jquery/ui/core.min.js?ver=1.11.4 HTTP/1.1" 200 4000
52.167.144.71 - - [18/May/2023:04:02:47 -0500] "GET /portaldeninos/wp-includes/js/wp-emoji-release.min.js?ver=4.9.8 HTTP/1.1" 200 12026
52.167.144.46 - - [18/May/2023:04:02:51 -0500] "GET /portaldeninos/wp-content/plugins/gallery-videos/CSS/Total-Soft-Gallery-Video-Widget.css?ver=4.9.8 HTTP/1.1" 200 51554
52.167.144.46 - - [18/May/2023:04:02:52 -0500] "GET /portaldeninos/wp-content/plugins/gallery-videos/CSS/totalsoft.css?ver=4.9.8 HTTP/1.1" 200 40622
52.167.144.46 - - [18/May/2023:04:02:52 -0500] "GET /portaldeninos/wp-content/plugins/gallery-videos/JS/modernizr.custom.js?ver=4.9.8 HTTP/1.1" 200 9019
52.167.144.46 - - [18/May/2023:04:02:52 -0500] "GET /portaldeninos/wp-content/themes/betheme/css/base.css?ver=20.9.6 HTTP/1.1" 200 57283
52.167.144.46 - - [18/May/2023:04:02:52 -0500] "GET /portaldeninos/wp-content/themes/betheme/assets/jplayer/css/jplayer.blue.monday.css?ver=20.9.6 HTTP/1.1" 200 9834
52.167.144.46 - - [18/May/2023:04:02:52 -0500] "GET /portaldeninos/wp-content/themes/betheme/js/scripts.js?ver=20.9.6 HTTP/1.1" 200 77162
52.167.144.46 - - [18/May/2023:04:02:52 -0500] "GET /portaldeninos/wp-content/uploads/useanyfont/uaf.css?ver=1589905315 HTTP/1.1" 200 408
52.167.144.46 - - [18/May/2023:04:02:53 -0500] "GET /portaldeninos/wp-includes/js/jquery/jquery-migrate.min.js?ver=1.4.1 HTTP/1.1" 200 10056
172.22.2.4 - - [18/May/2023:04:01:53 -0500] "HEAD /BLA/boletinlegal/ HTTP/1.1" 200 -
172.22.2.4 - - [18/May/2023:04:02:44 -0500] "GET /BLA/boletinlegal/ HTTP/1.1" 200 57151
216.245.221.92 - - [18/May/2023:04:05:30 -0500] "HEAD / HTTP/1.1" 200 -
157.55.39.210 - - [18/May/2023:04:05:35 -0500] "GET /Publicaciones/2023EE73603.pdf HTTP/1.1" 404 227
201.245.192.253 - - [18/May/2023:04:07:17 -0500] "POST /kwsrmcab/Wsrmcab  HTTP/1.1" 200 43465
66.249.77.21 - - [18/May/2023:04:07:45 -0500] "-" 408 -
172.22.2.4 - - [18/May/2023:04:07:43 -0500] "HEAD /BLA/boletinlegal/ HTTP/1.1" 200 -
172.22.2.4 - - [18/May/2023:04:08:34 -0500] "GET /BLA/boletinlegal/ HTTP/1.1" 200 57561
216.245.221.92 - - [18/May/2023:04:10:30 -0500] "HEAD / HTTP/1.1" 200 -
201.245.192.253 - - [18/May/2023:04:12:15 -0500] "POST /kwsrmcab/Wsrmcab  HTTP/1.1" 200 43465
40.77.167.146 - - [18/May/2023:04:12:27 -0500] "GET /BLA/resoluciones/RESOLUCIONES%202023/0208.pdf HTTP/1.1" 200 353046
66.249.77.21 - - [18/May/2023:04:14:43 -0500] "-" 408 -
157.55.39.210 - - [18/May/2023:04:15:07 -0500] "GET /BLA/resoluciones/AUTOS%202021/1592.pdf HTTP/1.1" 304 -
172.22.2.4 - - [18/May/2023:04:13:33 -0500] "HEAD /BLA/boletinlegal/ HTTP/1.1" 200 -
216.245.221.92 - - [18/May/2023:04:15:30 -0500] "HEAD / HTTP/1.1" 200 -
172.22.2.4 - - [18/May/2023:04:14:24 -0500] "GET /BLA/boletinlegal/ HTTP/1.1" 200 57151
192.168.175.202 - - [18/May/2023:04:16:23 -0500] "GET / HTTP/1.1" 200 4720
157.55.39.210 - - [18/May/2023:04:17:16 -0500] "GET /BLA/resoluciones/AUTOS%202021/5557.pdf HTTP/1.1" 304 -
201.245.192.253 - - [18/May/2023:04:17:14 -0500] "POST /kwsrmcab/Wsrmcab  HTTP/1.1" 200 43465
172.22.2.4 - - [18/May/2023:04:17:24 -0500] "GET /BLA/boletinlegal/normativa.php HTTP/1.1" 200 8343
172.22.2.4 - - [18/May/2023:04:17:33 -0500] "GET /BLA/boletinlegal/niceforms.js HTTP/1.1" 200 22876
172.22.2.4 - - [18/May/2023:04:17:34 -0500] "GET /BLA/boletinlegal/niceforms-default.css HTTP/1.1" 200 6694
172.22.2.4 - - [18/May/2023:04:17:34 -0500] "GET /BLA/boletinlegal/js/ajax_normativa.js HTTP/1.1" 200 1154
173.252.87.16 - - [18/May/2023:04:18:19 -0500] "GET /images/caminatas-ecol\xc3\xb3gicas-marzo---1920x1080_optimized.jpg HTTP/1.1" 404 1034
201.245.192.253 - - [18/May/2023:04:18:50 -0500] "POST /kwsrmcab/Wsrmcab HTTP/1.1" 200 43808
201.245.192.253 - - [18/May/2023:04:18:53 -0500] "POST /kwsrmcab/Wsrmcab HTTP/1.1" 200 43814
192.168.175.202 - - [18/May/2023:04:18:59 -0500] "GET / HTTP/1.1" 200 4720
172.22.2.4 - - [18/May/2023:04:19:49 -0500] "GET /BLA/boletinlegal/Circulares/2017/Circular%20No.%202%20del%201%20de%20Septiembre%20de%202017.pdf HTTP/1.1" 200 152575
216.245.221.92 - - [18/May/2023:04:20:30 -0500] "HEAD / HTTP/1.1" 200 -
172.22.2.4 - - [18/May/2023:04:19:23 -0500] "HEAD /BLA/boletinlegal/ HTTP/1.1" 200 -
54.205.142.92 - - [18/May/2023:04:21:40 -0500] "-" 408 -
172.22.2.4 - - [18/May/2023:04:20:14 -0500] "GET /BLA/boletinlegal/ HTTP/1.1" 200 58307
201.245.192.253 - - [18/May/2023:04:22:13 -0500] "POST /kwsrmcab/Wsrmcab  HTTP/1.1" 200 43465
157.55.39.210 - - [18/May/2023:04:22:38 -0500] "GET /BLA/resoluciones/RESOLUCIONES%202008/0735.pdf HTTP/1.1" 200 43474
40.77.167.146 - - [18/May/2023:04:24:58 -0500] "GET /Publicaciones/2023EE69566.pdf HTTP/1.1" 404 227
172.22.2.4 - - [18/May/2023:04:25:16 -0500] "GET /BLA/boletinlegal/Circulares/2023/CIRCULAR%20No.%2000001%20DEL%2020%20DE%20FEBRERO%20DEL%202023.pdf HTTP/1.1" 200 317520
216.245.221.92 - - [18/May/2023:04:25:30 -0500] "HEAD / HTTP/1.1" 200 -
172.22.2.4 - - [18/May/2023:04:25:13 -0500] "HEAD /BLA/boletinlegal/ HTTP/1.1" 200 -
201.245.192.253 - - [18/May/2023:04:27:12 -0500] "POST /kwsrmcab/Wsrmcab  HTTP/1.1" 200 43465
172.22.2.4 - - [18/May/2023:04:26:04 -0500] "GET /BLA/boletinlegal/ HTTP/1.1" 200 56754
201.245.192.253 - - [18/May/2023:04:28:50 -0500] "POST /kwsrmcab/Wsrmcab HTTP/1.1" 200 43808
201.245.192.253 - - [18/May/2023:04:28:52 -0500] "POST /kwsrmcab/Wsrmcab HTTP/1.1" 200 43814
173.252.83.13 - - [18/May/2023:04:29:21 -0500] "GET /images/caminatas-ecol\xc3\xb3gicas-marzo---1920x1080_optimized.jpg HTTP/1.1" 404 1034
66.249.77.21 - - [18/May/2023:04:30:21 -0500] "-" 408 -
216.245.221.92 - - [18/May/2023:04:30:30 -0500] "HEAD / HTTP/1.1" 200 -
201.245.192.253 - - [18/May/2023:04:32:11 -0500] "POST /kwsrmcab/Wsrmcab  HTTP/1.1" 200 43465
172.22.2.4 - - [18/May/2023:04:31:03 -0500] "HEAD /BLA/boletinlegal/ HTTP/1.1" 200 -
172.22.2.4 - - [18/May/2023:04:31:54 -0500] "GET /BLA/boletinlegal/ HTTP/1.1" 200 57151
186.145.60.194 - - [18/May/2023:04:34:12 -0500] "GET /olga-romero-una-mujer-que-reverdece-con-corazon-inquieto-que-encontro-en-el-reciclaje-su-pasion.html HTTP/1.1" 200 798
216.245.221.92 - - [18/May/2023:04:35:30 -0500] "HEAD / HTTP/1.1" 200 -
172.22.2.4 - - [18/May/2023:04:36:01 -0500] "GET /BLA/boletinlegal/Directivas/2017/Directiva%20No.%2001%20del%2017%20de%20Enero%20de%202017.pdf HTTP/1.1" 304 -
165.154.119.11 - - [18/May/2023:04:36:20 -0500] "-" 408 -
165.154.119.11 - - [18/May/2023:04:37:05 -0500] "-" 408 -
201.245.192.253 - - [18/May/2023:04:37:09 -0500] "POST /kwsrmcab/Wsrmcab  HTTP/1.1" 200 43465
172.22.2.4 - - [18/May/2023:04:37:36 -0500] "GET /BLA/boletinlegal/Directivas/2016/Directiva%20No.%2002%20del%2019%20de%20Abril%20de%202016.pdf HTTP/1.1" 304 -
120.86.238.141 - - [18/May/2023:04:38:15 -0500] "POST /GponForm/diag_Form?images/ HTTP/1.1" 404 1013
172.22.2.4 - - [18/May/2023:04:36:53 -0500] "HEAD /BLA/boletinlegal/ HTTP/1.1" 200 -
201.245.192.253 - - [18/May/2023:04:38:50 -0500] "POST /kwsrmcab/Wsrmcab HTTP/1.1" 200 43808
172.22.2.4 - - [18/May/2023:04:38:54 -0500] "GET /BLA/boletinlegal/Directivas/2017/Directiva%20No.%2006%20del%2016%20de%20Agosto%20de%202017.pdf HTTP/1.1" 200 310598
201.245.192.253 - - [18/May/2023:04:38:53 -0500] "POST /kwsrmcab/Wsrmcab HTTP/1.1" 200 43814
172.22.2.4 - - [18/May/2023:04:37:44 -0500] "GET /BLA/boletinlegal/ HTTP/1.1" 200 55571
40.77.167.97 - - [18/May/2023:04:40:27 -0500] "GET /Publicaciones/2023EE65824.pdf HTTP/1.1" 404 227
216.245.221.92 - - [18/May/2023:04:40:30 -0500] "HEAD / HTTP/1.1" 200 -
66.249.77.21 - - [18/May/2023:04:41:54 -0500] "-" 408 -
201.245.192.253 - - [18/May/2023:04:42:08 -0500] "POST /kwsrmcab/Wsrmcab  HTTP/1.1" 200 43465
172.22.2.4 - - [18/May/2023:04:42:14 -0500] "GET /BLA/boletinlegal/Circulares/2019/Circular%20No.%200003%20del%2031%20de%20Enero%20de%202019.pdf HTTP/1.1" 304 -
172.22.2.4 - - [18/May/2023:04:44:00 -0500] "GET /BLA/boletinlegal/Directivas/2016/Directiva%20No.%2003%20del%2026%20de%20Julio%20de%202016.pdf HTTP/1.1" 304 -
172.22.2.4 - - [18/May/2023:04:42:43 -0500] "HEAD /BLA/boletinlegal/ HTTP/1.1" 200 -
172.22.2.4 - - [18/May/2023:04:43:34 -0500] "GET /BLA/boletinlegal/ HTTP/1.1" 200 57561
216.245.221.92 - - [18/May/2023:04:45:30 -0500] "HEAD / HTTP/1.1" 200 -
201.245.192.253 - - [18/May/2023:04:47:07 -0500] "POST /kwsrmcab/Wsrmcab  HTTP/1.1" 200 43465
172.22.2.4 - - [18/May/2023:04:48:33 -0500] "HEAD /BLA/boletinlegal/ HTTP/1.1" 200 -
216.245.221.92 - - [18/May/2023:04:50:30 -0500] "HEAD / HTTP/1.1" 200 -
172.22.2.4 - - [18/May/2023:04:49:24 -0500] "GET /BLA/boletinlegal/ HTTP/1.1" 200 57151
172.22.2.4 - - [18/May/2023:04:51:44 -0500] "GET /BLA/boletinlegal/documentos-importantes.php HTTP/1.1" 200 4829
172.22.2.4 - - [18/May/2023:04:51:14 -0500] "GET /BLA/boletinlegal/ HTTP/1.1" 200 36811
201.245.192.253 - - [18/May/2023:04:52:07 -0500] "POST /kwsrmcab/Wsrmcab  HTTP/1.1" 200 43465
61.135.159.180 - - [18/May/2023:04:52:26 -0500] "GET / HTTP/1.1" 200 319
69.171.251.12 - - [18/May/2023:04:53:59 -0500] "GET /olga-romero-una-mujer-que-reverdece-con-corazon-inquieto-que-encontro-en-el-reciclaje-su-pasion.html?fbclid=IwAR0PD1f88UnzgZmUuUaN9jkNDNwWL8vWcj0dLfykM6C7b-dk_ilMLBtv6rA HTTP/1.1" 200 798
216.245.221.92 - - [18/May/2023:04:55:30 -0500] "HEAD / HTTP/1.1" 200 -
172.22.2.4 - - [18/May/2023:04:54:23 -0500] "HEAD /BLA/boletinlegal/ HTTP/1.1" 200 -
172.22.2.4 - - [18/May/2023:04:55:14 -0500] "GET /BLA/boletinlegal/ HTTP/1.1" 200 56754
201.245.192.253 - - [18/May/2023:04:57:06 -0500] "POST /kwsrmcab/Wsrmcab  HTTP/1.1" 200 43465
172.22.2.4 - - [18/May/2023:04:57:59 -0500] "GET /BLA/boletinlegal/Circulares/2010/Circular%2003%20de%2015%20de%20marzo%20de%202010.pdf HTTP/1.1" 304 -
172.22.2.4 - - [18/May/2023:05:00:04 -0500] "GET /BLA/boletinlegal/Circulares/2020/CIRCULAR%20No.%2000014%20del%2001%20de%20septiembre%20del%202020.pdf HTTP/1.1" 304 -
172.22.2.4 - - [18/May/2023:05:00:04 -0500] "GET /BLA/boletinlegal/robots.txt HTTP/1.1" 404 1038
216.245.221.92 - - [18/May/2023:05:00:30 -0500] "HEAD / HTTP/1.1" 200 -
40.77.167.97 - - [18/May/2023:05:00:48 -0500] "GET /Publicaciones/2023EE70577.pdf HTTP/1.1" 404 227
172.22.2.4 - - [18/May/2023:05:00:51 -0500] "GET /BLA/boletinlegal/Directivas/2018/Directiva%20No.%2025%20del%2027%20de%20diciembre%20de%202018.pdf HTTP/1.1" 304 -
172.22.2.4 - - [18/May/2023:05:00:13 -0500] "HEAD /BLA/boletinlegal/ HTTP/1.1" 200 -
201.245.192.253 - - [18/May/2023:05:02:06 -0500] "POST /kwsrmcab/Wsrmcab  HTTP/1.1" 200 43465
172.22.2.4 - - [18/May/2023:05:01:04 -0500] "GET /BLA/boletinlegal/ HTTP/1.1" 200 57945
172.22.2.4 - - [18/May/2023:05:03:26 -0500] "GET /BLA/boletinlegal/Circulares/2012/Circular%20No.%204%20del%2019%20de%20abril%20de%202012.pdf HTTP/1.1" 304 -
172.22.2.4 - - [18/May/2023:05:03:26 -0500] "GET /BLA/boletinlegal/Directivas/2011/Directiva%20No.%206%20del%208%20de%20Septiembre%20de%202011.pdf HTTP/1.1" 304 -
216.245.221.92 - - [18/May/2023:05:05:30 -0500] "HEAD / HTTP/1.1" 200 -
106.75.8.245 - - [18/May/2023:05:05:45 -0500] "GET / HTTP/1.1" 200 319
172.22.2.4 - - [18/May/2023:05:07:03 -0500] "GET /BLA/boletinlegal/Directivas/2013/Directiva%20No.%203%20del%2016%20de%20julio%20de%202013.pdf HTTP/1.1" 304 -
201.245.192.253 - - [18/May/2023:05:07:04 -0500] "POST /kwsrmcab/Wsrmcab  HTTP/1.1" 200 43465
40.77.167.97 - - [18/May/2023:05:07:20 -0500] "GET / HTTP/1.1" 200 319
172.22.2.4 - - [18/May/2023:05:06:03 -0500] "HEAD /BLA/boletinlegal/ HTTP/1.1" 200 -
172.22.2.4 - - [18/May/2023:05:06:54 -0500] "GET /BLA/boletinlegal/ HTTP/1.1" 200 57561
66.249.77.25 - - [18/May/2023:05:10:23 -0500] "-" 408 -
216.245.221.92 - - [18/May/2023:05:10:30 -0500] "HEAD / HTTP/1.1" 200 -
186.154.136.43 - - [18/May/2023:05:11:13 -0500] "GET /dia-mundial-del-reciclaje-conoce-como-gestionar-los-residuos-especiales-y-peligrosos.html?fbclid=PAAaaYVZZauKBwMeCFlUHtkzH10InDBrL6pxaR4XLDWZ_halECXp2Gr-lJa0U HTTP/1.1" 200 831
173.252.107.3 - - [18/May/2023:05:11:14 -0500] "GET /dia-mundial-del-reciclaje-conoce-como-gestionar-los-residuos-especiales-y-peligrosos.html HTTP/1.1" 200 831
172.22.2.4 - - [18/May/2023:05:11:38 -0500] "GET /BLA/boletinlegal/Directivas/2013/Directiva%20No.%202%20del%2004%20de%20Abril%20de%202013.pdf HTTP/1.1" 200 1182671
172.22.2.4 - - [18/May/2023:05:11:05 -0500] "GET /BLA/boletinlegal/ HTTP/1.1" 200 36811
201.245.192.253 - - [18/May/2023:05:12:03 -0500] "POST /kwsrmcab/Wsrmcab  HTTP/1.1" 200 43465
186.154.136.43 - - [18/May/2023:05:12:27 -0500] "GET /dia-mundial-del-reciclaje-conoce-como-gestionar-los-residuos-especiales-y-peligrosos.html?fbclid=PAAabJDDssDGR3vPtDKG9D-W1z0eAwUNodCVJqNQp-J1YopR-_Leyq_I_2dLw HTTP/1.1" 200 831
172.22.2.4 - - [18/May/2023:05:11:53 -0500] "HEAD /BLA/boletinlegal/ HTTP/1.1" 200 -
173.252.107.21 - - [18/May/2023:05:13:53 -0500] "GET /con-actividade HTTP/1.1" 404 1034
173.252.107.21 - - [18/May/2023:05:13:53 -0500] "GET /con-actividade HTTP/1.1" 404 1034
173.252.107.118 - - [18/May/2023:05:13:53 -0500] "GET /con-actividade HTTP/1.1" 404 1034
173.252.107.4 - - [18/May/2023:05:13:53 -0500] "GET /con-actividade HTTP/1.1" 404 1034
172.22.2.4 - - [18/May/2023:05:14:21 -0500] "GET /BLA/boletinlegal/Circulares/2012/Circular%20No.%2015%20del%2022%20de%20octubre%20de%202012.pdf HTTP/1.1" 200 486506
172.22.2.4 - - [18/May/2023:05:12:44 -0500] "GET /BLA/boletinlegal/ HTTP/1.1" 200 57945
157.55.39.210 - - [18/May/2023:05:14:42 -0500] "GET /BLA/resoluciones/RESOLUCIONES%202021/2903.pdf HTTP/1.1" 304 -
216.245.221.92 - - [18/May/2023:05:15:30 -0500] "HEAD / HTTP/1.1" 200 -
172.22.2.4 - - [18/May/2023:05:15:53 -0500] "GET /BLA/boletinlegal/style.css HTTP/1.1" 200 9406
172.22.2.4 - - [18/May/2023:05:15:53 -0500] "GET /BLA/boletinlegal/styles2.css HTTP/1.1" 200 1838
172.22.2.4 - - [18/May/2023:05:15:53 -0500] "GET /BLA/boletinlegal/js/jquery.scrollTo-min.js HTTP/1.1" 200 1150
172.22.2.4 - - [18/May/2023:05:15:53 -0500] "GET /BLA/boletinlegal/js/jquery.js HTTP/1.1" 200 57254
172.22.2.4 - - [18/May/2023:05:15:53 -0500] "GET /BLA/boletinlegal/js/jquery.scrollShow.js HTTP/1.1" 200 4586
172.22.2.4 - - [18/May/2023:05:15:53 -0500] "GET /BLA/boletinlegal/images/cabezote%20BLEGAL.jpg HTTP/1.1" 200 118164
172.22.2.4 - - [18/May/2023:05:15:53 -0500] "GET /BLA/boletinlegal/images/subscribe-icon-big.png HTTP/1.1" 200 47702
172.22.2.4 - - [18/May/2023:05:15:53 -0500] "GET /BLA/boletinlegal/images/historia.png HTTP/1.1" 200 52775
172.22.2.4 - - [18/May/2023:05:15:53 -0500] "GET /BLA/boletinlegal/images/registro-usuarios.png HTTP/1.1" 200 8106
172.22.2.4 - - [18/May/2023:05:15:53 -0500] "GET /BLA/boletinlegal/images/arr_l.jpg HTTP/1.1" 200 1979
172.22.2.4 - - [18/May/2023:05:15:53 -0500] "GET /BLA/boletinlegal/images/screen_1.png HTTP/1.1" 200 202547
172.22.2.4 - - [18/May/2023:05:15:53 -0500] "GET /BLA/boletinlegal/images/launch.jpg HTTP/1.1" 200 14577
172.22.2.4 - - [18/May/2023:05:15:53 -0500] "GET /BLA/boletinlegal/images/body_bg.jpg HTTP/1.1" 200 1601
172.22.2.4 - - [18/May/2023:05:15:53 -0500] "GET /BLA/boletinlegal/images/menu_lft.gif HTTP/1.1" 200 1713
172.22.2.4 - - [18/May/2023:05:15:53 -0500] "GET /BLA/boletinlegal/images/menu_rght.gif HTTP/1.1" 200 1627
172.22.2.4 - - [18/May/2023:05:15:53 -0500] "GET /BLA/boletinlegal/images/bg_top.jpg HTTP/1.1" 200 522
172.22.2.4 - - [18/May/2023:05:15:53 -0500] "GET /BLA/boletinlegal/images/menu_bg.jpg HTTP/1.1" 200 620
172.22.2.4 - - [18/May/2023:05:15:53 -0500] "GET /BLA/boletinlegal/images/hover.jpg HTTP/1.1" 200 640
172.22.2.4 - - [18/May/2023:05:15:53 -0500] "GET /BLA/boletinlegal/images/text.jpg HTTP/1.1" 200 568
172.22.2.4 - - [18/May/2023:05:15:55 -0500] "GET /BLA/boletinlegal/actos.php HTTP/1.1" 200 9682
172.22.2.4 - - [18/May/2023:05:15:55 -0500] "GET /BLA/boletinlegal/niceforms.js HTTP/1.1" 200 22876
172.22.2.4 - - [18/May/2023:05:15:55 -0500] "GET /BLA/boletinlegal/js/lib.js HTTP/1.1" 200 6474
172.22.2.4 - - [18/May/2023:05:15:55 -0500] "GET /BLA/boletinlegal/js/popup.js HTTP/1.1" 200 1270
172.22.2.4 - - [18/May/2023:05:15:55 -0500] "GET /BLA/boletinlegal/js/ajax_actos.js HTTP/1.1" 200 1322
172.22.2.4 - - [18/May/2023:05:15:55 -0500] "GET /BLA/boletinlegal/niceforms-default.css HTTP/1.1" 200 6694
172.22.2.4 - - [18/May/2023:05:15:55 -0500] "GET /BLA/boletinlegal/js/jquery1.js HTTP/1.1" 200 29846
172.22.2.4 - - [18/May/2023:05:15:55 -0500] "GET /BLA/boletinlegal/images/green-yellow-blue-pink-th.png HTTP/1.1" 200 7394
172.22.2.4 - - [18/May/2023:05:15:55 -0500] "GET /BLA/boletinlegal/images/tel.png HTTP/1.1" 200 14477
172.22.2.4 - - [18/May/2023:05:15:55 -0500] "GET /BLA/boletinlegal/images/icono-email.png HTTP/1.1" 200 5544
172.22.2.4 - - [18/May/2023:05:15:55 -0500] "GET /BLA/boletinlegal/images/footer_bg.jpg HTTP/1.1" 200 586
172.22.2.4 - - [18/May/2023:05:15:55 -0500] "GET /BLA/boletinlegal/images/footer_bg_l.jpg HTTP/1.1" 200 776
172.22.2.4 - - [18/May/2023:05:15:55 -0500] "GET /BLA/boletinlegal/img/0.png HTTP/1.1" 200 110
172.22.2.4 - - [18/May/2023:05:15:55 -0500] "GET /BLA/boletinlegal/img/select-right.png HTTP/1.1" 200 44019
172.22.2.4 - - [18/May/2023:05:15:55 -0500] "GET /BLA/boletinlegal/img/select-left.png HTTP/1.1" 200 263
172.22.2.4 - - [18/May/2023:05:15:55 -0500] "GET /BLA/boletinlegal/img/button.png HTTP/1.1" 200 43241
172.22.2.4 - - [18/May/2023:05:15:55 -0500] "GET /BLA/boletinlegal/img/button-left.png HTTP/1.1" 200 57071
172.22.2.4 - - [18/May/2023:05:15:55 -0500] "GET /BLA/boletinlegal/img/button-right.png HTTP/1.1" 200 57878
172.22.2.4 - - [18/May/2023:05:15:55 -0500] "GET /BLA/boletinlegal/favicon.ico HTTP/1.1" 404 1326
172.22.2.4 - - [18/May/2023:05:15:53 -0500] "GET /BLA/boletinlegal/ HTTP/1.1" 200 24523
172.22.2.4 - - [18/May/2023:05:16:34 -0500] "GET /BLA/boletinlegal/consulta_actos.php?tipo=resoluciones&no=2076&usuario=&sector=&fecha=2017&resuelve= HTTP/1.1" 200 1118
172.22.2.4 - - [18/May/2023:05:16:34 -0500] "GET /BLA/boletinlegal/images/pdf.gif HTTP/1.1" 200 567
181.61.209.153 - - [18/May/2023:05:16:39 -0500] "GET /BLA/resoluciones/RESOLUCIONES%202017/2076.pdf HTTP/1.1" 200 672351
201.245.192.253 - - [18/May/2023:05:17:02 -0500] "POST /kwsrmcab/Wsrmcab  HTTP/1.1" 200 43465
201.245.192.253 - - [18/May/2023:05:18:49 -0500] "POST /kwsrmcab/Wsrmcab HTTP/1.1" 200 43802
201.245.192.253 - - [18/May/2023:05:18:52 -0500] "POST /kwsrmcab/Wsrmcab HTTP/1.1" 200 43814
172.22.2.4 - - [18/May/2023:05:19:21 -0500] "GET /BLA/boletinlegal/Directivas/2017/Directiva%20No.%2003%20del%2024%20de%20Febrero%20de%202017.pdf HTTP/1.1" 304 -
172.22.2.4 - - [18/May/2023:05:17:43 -0500] "HEAD /BLA/boletinlegal/ HTTP/1.1" 200 -
172.22.2.4 - - [18/May/2023:05:18:34 -0500] "GET /BLA/boletinlegal/ HTTP/1.1" 200 52730
66.249.77.21 - - [18/May/2023:05:20:27 -0500] "-" 408 -
216.245.221.92 - - [18/May/2023:05:20:30 -0500] "HEAD / HTTP/1.1" 200 -
201.245.192.253 - - [18/May/2023:05:22:00 -0500] "POST /kwsrmcab/Wsrmcab  HTTP/1.1" 200 43465
172.22.2.4 - - [18/May/2023:05:23:33 -0500] "HEAD /BLA/boletinlegal/ HTTP/1.1" 200 -
216.245.221.92 - - [18/May/2023:05:25:30 -0500] "HEAD / HTTP/1.1" 200 -
172.22.2.4 - - [18/May/2023:05:24:24 -0500] "GET /BLA/boletinlegal/ HTTP/1.1" 200 58663
66.249.77.21 - - [18/May/2023:05:26:05 -0500] "-" 408 -
201.245.192.253 - - [18/May/2023:05:27:00 -0500] "POST /kwsrmcab/Wsrmcab  HTTP/1.1" 200 43465
201.245.192.253 - - [18/May/2023:05:28:49 -0500] "POST /kwsrmcab/Wsrmcab HTTP/1.1" 200 43802
201.245.192.253 - - [18/May/2023:05:28:52 -0500] "POST /kwsrmcab/Wsrmcab HTTP/1.1" 200 43814
216.245.221.92 - - [18/May/2023:05:30:30 -0500] "HEAD / HTTP/1.1" 200 -
172.22.2.4 - - [18/May/2023:05:29:23 -0500] "HEAD /BLA/boletinlegal/ HTTP/1.1" 200 -
172.22.2.4 - - [18/May/2023:05:31:22 -0500] "GET /BLA/boletinlegal/robots.txt HTTP/1.1" 404 1038
172.22.2.4 - - [18/May/2023:05:30:13 -0500] "GET /BLA/boletinlegal/ HTTP/1.1" 200 55221
201.245.192.253 - - [18/May/2023:05:31:58 -0500] "POST /kwsrmcab/Wsrmcab  HTTP/1.1" 200 43465
172.22.2.4 - - [18/May/2023:05:31:24 -0500] "GET /BLA/boletinlegal/ HTTP/1.1" 200 59306
66.249.77.21 - - [18/May/2023:05:33:47 -0500] "-" 408 -
172.22.2.4 - - [18/May/2023:05:35:20 -0500] "GET /BLA/boletinlegal/robots.txt HTTP/1.1" 404 1038
216.245.221.92 - - [18/May/2023:05:35:30 -0500] "HEAD / HTTP/1.1" 200 -
172.22.2.4 - - [18/May/2023:05:35:39 -0500] "GET /BLA/boletinlegal/documentos-importantes.php HTTP/1.1" 200 4829
172.22.2.4 - - [18/May/2023:05:35:41 -0500] "GET /BLA/boletinlegal/normativa.php HTTP/1.1" 200 8343
172.22.2.4 - - [18/May/2023:05:35:42 -0500] "GET /BLA/boletinlegal/doctrina.php HTTP/1.1" 200 5614
172.22.2.4 - - [18/May/2023:05:35:44 -0500] "GET /BLA/boletinlegal/conceptos.php HTTP/1.1" 200 7496
172.22.2.4 - - [18/May/2023:05:35:46 -0500] "GET /BLA/boletinlegal/sugerencias.php HTTP/1.1" 200 8615
172.22.2.4 - - [18/May/2023:05:35:48 -0500] "GET /BLA/boletinlegal/actos.php HTTP/1.1" 200 9682
172.22.2.4 - - [18/May/2023:05:35:13 -0500] "HEAD /BLA/boletinlegal/ HTTP/1.1" 200 -
201.245.192.253 - - [18/May/2023:05:36:56 -0500] "POST /kwsrmcab/Wsrmcab  HTTP/1.1" 200 43465
172.22.2.4 - - [18/May/2023:05:35:51 -0500] "GET /BLA/boletinlegal/index.php HTTP/1.1" 200 45144
172.22.2.4 - - [18/May/2023:05:36:03 -0500] "GET /BLA/boletinlegal/ HTTP/1.1" 200 45144
172.22.2.4 - - [18/May/2023:05:37:12 -0500] "GET /BLA/boletinlegal/ HTTP/1.1" 200 24523
172.22.2.4 - - [18/May/2023:05:38:05 -0500] "GET /BLA/boletinlegal/Circulares/2019/Circular%20No.%2012%20del%2014%20de%20Marzo%20de%202019.pdf HTTP/1.1" 304 -
201.245.192.253 - - [18/May/2023:05:38:50 -0500] "POST /kwsrmcab/Wsrmcab HTTP/1.1" 200 43802
201.245.192.253 - - [18/May/2023:05:38:52 -0500] "POST /kwsrmcab/Wsrmcab HTTP/1.1" 200 43814
66.249.77.21 - - [18/May/2023:05:39:26 -0500] "-" 408 -
216.245.221.92 - - [18/May/2023:05:40:30 -0500] "HEAD / HTTP/1.1" 200 -
172.22.2.4 - - [18/May/2023:05:41:11 -0500] "GET /BLA/boletinlegal/Circulares/2019/Circular%20No.%2012%20del%2014%20de%20Marzo%20de%202019.pdf HTTP/1.1" 304 -
40.77.167.97 - - [18/May/2023:05:41:14 -0500] "GET /BLA/resoluciones/AUTOS%202020/0036.pdf HTTP/1.1" 200 290551
201.245.192.253 - - [18/May/2023:05:41:55 -0500] "POST /kwsrmcab/Wsrmcab  HTTP/1.1" 200 43465
172.22.2.4 - - [18/May/2023:05:41:03 -0500] "HEAD /BLA/boletinlegal/ HTTP/1.1" 200 -
42.236.17.251 - - [18/May/2023:05:42:51 -0500] "GET /portaldeninos/ HTTP/1.1" 200 110197
42.236.17.251 - - [18/May/2023:05:42:54 -0500] "GET /portaldeninos/wp-content/themes/betheme/css/layout.css?ver=20.9.6 HTTP/1.1" 200 116639
42.236.17.251 - - [18/May/2023:05:42:55 -0500] "GET /portaldeninos/wp-content/themes/betheme/css/shortcodes.css?ver=20.9.6 HTTP/1.1" 200 138889
42.236.17.251 - - [18/May/2023:05:42:56 -0500] "GET /portaldeninos/wp-content/uploads/useanyfont/uaf.css?ver=1589905315 HTTP/1.1" 200 408
42.236.17.251 - - [18/May/2023:05:42:56 -0500] "GET /portaldeninos/wp-content/themes/betheme/style.css?ver=20.9.6 HTTP/1.1" 200 287
42.236.17.251 - - [18/May/2023:05:42:57 -0500] "GET /portaldeninos/wp-content/themes/betheme/assets/jplayer/css/jplayer.blue.monday.css?ver=20.9.6 HTTP/1.1" 200 9834
42.236.17.251 - - [18/May/2023:05:42:57 -0500] "GET /portaldeninos/wp-content/themes/betheme/assets/animations/animations.min.css?ver=20.9.6 HTTP/1.1" 200 58508
42.236.17.251 - - [18/May/2023:05:42:57 -0500] "GET /portaldeninos/wp-content/themes/betheme/assets/ui/jquery.ui.all.css?ver=20.9.6 HTTP/1.1" 200 18765
42.236.17.251 - - [18/May/2023:05:42:56 -0500] "GET /portaldeninos/wp-content/themes/betheme/css/base.css?ver=20.9.6 HTTP/1.1" 200 57283
42.236.17.251 - - [18/May/2023:05:42:56 -0500] "GET /portaldeninos/wp-content/plugins/gallery-videos/CSS/totalsoft.css?ver=4.9.8 HTTP/1.1" 200 40622
42.236.17.251 - - [18/May/2023:05:42:56 -0500] "GET /portaldeninos/wp-content/plugins/gallery-videos/CSS/Total-Soft-Gallery-Video-Widget.css?ver=4.9.8 HTTP/1.1" 200 51554
42.236.17.251 - - [18/May/2023:05:42:58 -0500] "GET /portaldeninos/wp-content/plugins/popup-maker/assets/css/site.min.css?ver=1.8.14 HTTP/1.1" 200 8260
42.236.17.251 - - [18/May/2023:05:42:58 -0500] "GET /portaldeninos/wp-content/plugins/google-analytics-for-wordpress/assets/js/frontend-gtag.min.js?ver=8.5.0 HTTP/1.1" 200 11801
42.236.17.251 - - [18/May/2023:05:42:58 -0500] "GET /portaldeninos/wp-includes/js/jquery/jquery-migrate.min.js?ver=1.4.1 HTTP/1.1" 200 10056
42.236.17.251 - - [18/May/2023:05:42:58 -0500] "GET /portaldeninos/wp-content/themes/betheme/css/responsive.css?ver=20.9.6 HTTP/1.1" 200 55740
42.236.17.251 - - [18/May/2023:05:42:58 -0500] "GET /portaldeninos/wp-includes/js/jquery/ui/core.min.js?ver=1.11.4 HTTP/1.1" 200 4000
42.236.17.251 - - [18/May/2023:05:42:58 -0500] "GET /portaldeninos/wp-content/plugins/gallery-videos/JS/modernizr.custom.js?ver=4.9.8 HTTP/1.1" 200 9019
42.236.17.251 - - [18/May/2023:05:42:59 -0500] "GET /portaldeninos/wp-includes/js/wp-emoji-release.min.js?ver=4.9.8 HTTP/1.1" 200 12026
42.236.17.251 - - [18/May/2023:05:42:58 -0500] "GET /portaldeninos/wp-includes/js/jquery/jquery.js?ver=1.12.4 HTTP/1.1" 200 97184
42.236.17.251 - - [18/May/2023:05:42:58 -0500] "GET /portaldeninos/wp-content/plugins/gallery-videos/JS/Total-Soft-Gallery-Video-Widget.js?ver=4.9.8 HTTP/1.1" 200 80264
42.236.17.251 - - [18/May/2023:05:42:59 -0500] "GET /portaldeninos/wp-includes/js/jquery/ui/widget.min.js?ver=1.11.4 HTTP/1.1" 200 6908
42.236.17.251 - - [18/May/2023:05:43:00 -0500] "GET /portaldeninos/wp-includes/js/jquery/ui/mouse.min.js?ver=1.11.4 HTTP/1.1" 200 3148
42.236.17.251 - - [18/May/2023:05:43:00 -0500] "GET /portaldeninos/wp-content/themes/betheme/js/menu.js?ver=20.9.6 HTTP/1.1" 200 2449
42.236.17.251 - - [18/May/2023:05:43:00 -0500] "GET /portaldeninos/wp-includes/js/jquery/ui/accordion.min.js?ver=1.11.4 HTTP/1.1" 200 8584
42.236.17.251 - - [18/May/2023:05:43:00 -0500] "GET /portaldeninos/wp-content/themes/betheme/assets/animations/animations.min.js?ver=20.9.6 HTTP/1.1" 200 1896
42.236.17.251 - - [18/May/2023:05:43:00 -0500] "GET /portaldeninos/wp-includes/js/jquery/ui/tabs.min.js?ver=1.11.4 HTTP/1.1" 200 12110
42.236.17.251 - - [18/May/2023:05:43:00 -0500] "GET /portaldeninos/wp-includes/js/jquery/ui/sortable.min.js?ver=1.11.4 HTTP/1.1" 200 24899
42.236.17.251 - - [18/May/2023:05:43:01 -0500] "GET /portaldeninos/wp-content/themes/betheme/fonts/mfn-icons.woff?93978679 HTTP/1.1" 200 80932
42.236.17.251 - - [18/May/2023:05:43:00 -0500] "GET /portaldeninos/wp-content/themes/betheme/js/plugins.js?ver=20.9.6 HTTP/1.1" 200 197151
42.236.17.251 - - [18/May/2023:05:43:01 -0500] "GET /portaldeninos/wp-content/themes/betheme/assets/jplayer/jplayer.min.js?ver=20.9.6 HTTP/1.1" 200 52702
42.236.17.251 - - [18/May/2023:05:43:02 -0500] "GET /portaldeninos/wp-includes/js/wp-embed.min.js?ver=4.9.8 HTTP/1.1" 200 1398
42.236.17.251 - - [18/May/2023:05:43:02 -0500] "GET /portaldeninos/wp-includes/js/jquery/ui/position.min.js?ver=1.11.4 HTTP/1.1" 200 6527
42.236.17.251 - - [18/May/2023:05:43:02 -0500] "GET /portaldeninos/wp-content/themes/betheme/images/stripes/stripes_3_b.png HTTP/1.1" 200 974
42.236.17.251 - - [18/May/2023:05:43:02 -0500] "GET /portaldeninos/wp-content/themes/betheme/js/scripts.js?ver=20.9.6 HTTP/1.1" 200 77162
42.236.17.251 - - [18/May/2023:05:43:02 -0500] "GET /portaldeninos/wp-content/plugins/popup-maker/assets/js/site.min.js?defer&ver=1.8.14 HTTP/1.1" 200 48457
42.236.17.251 - - [18/May/2023:05:43:11 -0500] "GET /portaldeninos/ HTTP/1.1" 200 110197
42.236.17.251 - - [18/May/2023:05:43:14 -0500] "GET /portaldeninos/wp-content/themes/betheme/css/layout.css?ver=20.9.6 HTTP/1.1" 200 116639
42.236.17.251 - - [18/May/2023:05:43:16 -0500] "GET /portaldeninos/wp-content/themes/betheme/css/shortcodes.css?ver=20.9.6 HTTP/1.1" 200 138889
42.236.17.251 - - [18/May/2023:05:43:17 -0500] "GET /portaldeninos/wp-content/themes/betheme/style.css?ver=20.9.6 HTTP/1.1" 200 287
42.236.17.251 - - [18/May/2023:05:43:17 -0500] "GET /portaldeninos/wp-content/uploads/useanyfont/uaf.css?ver=1589905315 HTTP/1.1" 200 408
42.236.17.251 - - [18/May/2023:05:43:17 -0500] "GET /portaldeninos/wp-content/themes/betheme/assets/ui/jquery.ui.all.css?ver=20.9.6 HTTP/1.1" 200 18765
42.236.17.251 - - [18/May/2023:05:43:17 -0500] "GET /portaldeninos/wp-content/plugins/gallery-videos/CSS/Total-Soft-Gallery-Video-Widget.css?ver=4.9.8 HTTP/1.1" 200 51554
42.236.17.251 - - [18/May/2023:05:43:17 -0500] "GET /portaldeninos/wp-content/themes/betheme/assets/jplayer/css/jplayer.blue.monday.css?ver=20.9.6 HTTP/1.1" 200 9834
42.236.17.251 - - [18/May/2023:05:43:17 -0500] "GET /portaldeninos/wp-content/themes/betheme/assets/animations/animations.min.css?ver=20.9.6 HTTP/1.1" 200 58508
42.236.17.251 - - [18/May/2023:05:43:18 -0500] "GET /portaldeninos/wp-content/plugins/popup-maker/assets/css/site.min.css?ver=1.8.14 HTTP/1.1" 200 8260
42.236.17.251 - - [18/May/2023:05:43:17 -0500] "GET /portaldeninos/wp-content/plugins/gallery-videos/CSS/totalsoft.css?ver=4.9.8 HTTP/1.1" 200 40622
42.236.17.251 - - [18/May/2023:05:43:17 -0500] "GET /portaldeninos/wp-content/themes/betheme/css/base.css?ver=20.9.6 HTTP/1.1" 200 57283
42.236.17.251 - - [18/May/2023:05:43:18 -0500] "GET /portaldeninos/wp-content/themes/betheme/css/responsive.css?ver=20.9.6 HTTP/1.1" 200 55740
42.236.17.251 - - [18/May/2023:05:43:18 -0500] "GET /portaldeninos/wp-content/plugins/google-analytics-for-wordpress/assets/js/frontend-gtag.min.js?ver=8.5.0 HTTP/1.1" 200 11801
42.236.17.251 - - [18/May/2023:05:43:18 -0500] "GET /portaldeninos/wp-includes/js/jquery/ui/core.min.js?ver=1.11.4 HTTP/1.1" 200 4000
42.236.17.251 - - [18/May/2023:05:43:18 -0500] "GET /portaldeninos/wp-includes/js/jquery/jquery-migrate.min.js?ver=1.4.1 HTTP/1.1" 200 10056
42.236.17.251 - - [18/May/2023:05:43:19 -0500] "GET /portaldeninos/wp-content/plugins/gallery-videos/JS/modernizr.custom.js?ver=4.9.8 HTTP/1.1" 200 9019
42.236.17.251 - - [18/May/2023:05:43:18 -0500] "GET /portaldeninos/wp-includes/js/jquery/jquery.js?ver=1.12.4 HTTP/1.1" 200 97184
42.236.17.251 - - [18/May/2023:05:43:19 -0500] "GET /portaldeninos/wp-includes/js/wp-emoji-release.min.js?ver=4.9.8 HTTP/1.1" 200 12026
42.236.17.251 - - [18/May/2023:05:43:19 -0500] "GET /portaldeninos/wp-content/plugins/gallery-videos/JS/Total-Soft-Gallery-Video-Widget.js?ver=4.9.8 HTTP/1.1" 200 80264
42.236.17.251 - - [18/May/2023:05:43:20 -0500] "GET /portaldeninos/wp-includes/js/jquery/ui/widget.min.js?ver=1.11.4 HTTP/1.1" 200 6908
42.236.17.251 - - [18/May/2023:05:43:21 -0500] "GET /portaldeninos/wp-includes/js/jquery/ui/mouse.min.js?ver=1.11.4 HTTP/1.1" 200 3148
42.236.17.251 - - [18/May/2023:05:43:21 -0500] "GET /portaldeninos/wp-includes/js/jquery/ui/accordion.min.js?ver=1.11.4 HTTP/1.1" 200 8584
42.236.17.251 - - [18/May/2023:05:43:21 -0500] "GET /portaldeninos/wp-includes/js/jquery/ui/tabs.min.js?ver=1.11.4 HTTP/1.1" 200 12110
42.236.17.251 - - [18/May/2023:05:43:21 -0500] "GET /portaldeninos/wp-includes/js/jquery/ui/sortable.min.js?ver=1.11.4 HTTP/1.1" 200 24899
42.236.17.251 - - [18/May/2023:05:43:21 -0500] "GET /portaldeninos/wp-content/themes/betheme/fonts/mfn-icons.woff?93978679 HTTP/1.1" 200 80932
42.236.17.251 - - [18/May/2023:05:43:21 -0500] "GET /portaldeninos/wp-content/themes/betheme/js/menu.js?ver=20.9.6 HTTP/1.1" 200 2449
42.236.17.251 - - [18/May/2023:05:43:22 -0500] "GET /portaldeninos/wp-content/themes/betheme/assets/animations/animations.min.js?ver=20.9.6 HTTP/1.1" 200 1896
42.236.17.251 - - [18/May/2023:05:43:22 -0500] "GET /portaldeninos/wp-content/themes/betheme/js/scripts.js?ver=20.9.6 HTTP/1.1" 200 77162
42.236.17.251 - - [18/May/2023:05:43:22 -0500] "GET /portaldeninos/wp-content/themes/betheme/assets/jplayer/jplayer.min.js?ver=20.9.6 HTTP/1.1" 200 52702
42.236.17.251 - - [18/May/2023:05:43:22 -0500] "GET /portaldeninos/wp-content/themes/betheme/js/plugins.js?ver=20.9.6 HTTP/1.1" 200 197151
42.236.17.251 - - [18/May/2023:05:43:23 -0500] "GET /portaldeninos/wp-includes/js/jquery/ui/position.min.js?ver=1.11.4 HTTP/1.1" 200 6527
42.236.17.251 - - [18/May/2023:05:43:23 -0500] "GET /portaldeninos/wp-includes/js/wp-embed.min.js?ver=4.9.8 HTTP/1.1" 200 1398
42.236.17.251 - - [18/May/2023:05:43:23 -0500] "GET /portaldeninos/wp-content/themes/betheme/images/stripes/stripes_3_b.png HTTP/1.1" 200 974
42.236.17.251 - - [18/May/2023:05:43:23 -0500] "GET /portaldeninos/wp-content/plugins/popup-maker/assets/js/site.min.js?defer&ver=1.8.14 HTTP/1.1" 200 48457
42.236.17.251 - - [18/May/2023:05:43:25 -0500] "GET /portaldeninos/wp-json/pum/v1/analytics/?event=open&pid=1126&_cache=1684406581937 HTTP/1.1" 204 -
42.236.17.251 - - [18/May/2023:05:43:23 -0500] "GET /portaldeninos/wp-content/uploads/2019/06/CabezoteAMBIENTIC.mp4 HTTP/1.1" 206 522470
172.22.2.4 - - [18/May/2023:05:41:53 -0500] "GET /BLA/boletinlegal/ HTTP/1.1" 200 55571
52.167.144.46 - - [18/May/2023:05:43:39 -0500] "GET /con-la-apertura-de-la-exposicion-polinizando-bogota-encendio-desde-el-jardin-botanico-la-navidad-2022.html HTTP/1.1" 200 927
172.22.2.4 - - [18/May/2023:05:43:50 -0500] "GET /BLA/boletinlegal/index.php?s=/Index/\\think\\app/invokefunction&function=call_user_func_array&vars[0]=md5&vars[1][]=HelloThinkPHP21 HTTP/1.1" 200 36811
216.245.221.92 - - [18/May/2023:05:45:30 -0500] "HEAD / HTTP/1.1" 200 -
66.249.77.21 - - [18/May/2023:05:46:42 -0500] "-" 408 -
201.245.192.253 - - [18/May/2023:05:46:53 -0500] "POST /kwsrmcab/Wsrmcab  HTTP/1.1" 200 43465
42.236.17.251 - - [18/May/2023:05:47:17 -0500] "GET /portaldeninos/ HTTP/1.1" 200 110201
42.236.17.251 - - [18/May/2023:05:47:18 -0500] "GET /portaldeninos/ HTTP/1.1" 200 110201
42.236.17.251 - - [18/May/2023:05:47:19 -0500] "GET /portaldeninos/wp-content/themes/betheme/css/layout.css?ver=20.9.6 HTTP/1.1" 200 116639
42.236.17.251 - - [18/May/2023:05:47:20 -0500] "GET /portaldeninos/wp-content/themes/betheme/css/layout.css?ver=20.9.6 HTTP/1.1" 200 116639
