186.155.14.74 - - [27/May/2023:10:25:28 -0500] "GET /sipse/faces/javax.faces.resource/theme.css?ln=primefaces-sipse HTTP/1.1" 304 -
186.155.14.74 - - [27/May/2023:10:25:28 -0500] "GET /sipse/css/custom_css_sg.css HTTP/1.1" 304 -
186.155.14.74 - - [27/May/2023:10:25:28 -0500] "GET /sipse/css/custom_css_sg_prime_login.css HTTP/1.1" 304 -
186.155.14.74 - - [27/May/2023:10:25:28 -0500] "GET /sipse/faces/javax.faces.resource/layout/layout.css?ln=primefaces&v=4.0 HTTP/1.1" 304 -
186.155.14.74 - - [27/May/2023:10:25:28 -0500] "GET /sipse/js/disable_browser_buttons.js HTTP/1.1" 304 -
186.155.14.74 - - [27/May/2023:10:25:28 -0500] "GET /sipse/js/funciones.js HTTP/1.1" 304 -
186.155.14.74 - - [27/May/2023:10:25:28 -0500] "GET /sipse/faces/javax.faces.resource/jquery/jquery-plugins.js?ln=primefaces&v=4.0 HTTP/1.1" 200 220526
186.155.14.74 - - [27/May/2023:10:25:28 -0500] "GET /sipse/faces/javax.faces.resource/layout/layout.js?ln=primefaces&v=4.0 HTTP/1.1" 200 87560
186.155.14.74 - - [27/May/2023:10:25:28 -0500] "GET /sipse/faces/javax.faces.resource/jquery/jquery.js?ln=primefaces&v=4.0 HTTP/1.1" 200 105384
186.155.14.74 - - [27/May/2023:10:25:28 -0500] "GET /sipse/faces/javax.faces.resource/primefaces.js?ln=primefaces&v=4.0 HTTP/1.1" 200 276924
186.155.14.74 - - [27/May/2023:10:25:29 -0500] "GET /sipse/css/imagen/logoSDG.png HTTP/1.1" 304 -
186.155.14.74 - - [27/May/2023:10:25:29 -0500] "GET /sipse/faces/javax.faces.resource/images/ui-icons_898989_256x240.png?ln=primefaces-aristo HTTP/1.1" 304 -
186.155.14.74 - - [27/May/2023:10:25:29 -0500] "GET /sipse/css/imagen/loginimg.png HTTP/1.1" 200 71635
186.155.14.74 - - [27/May/2023:10:25:29 -0500] "GET /sipse/faces/faces/index.xhtml HTTP/1.1" 200 677
186.155.14.74 - - [27/May/2023:10:25:29 -0500] "GET /sipse/faces/javax.faces.resource/theme.css?ln=primefaces-sipse HTTP/1.1" 304 -
186.155.14.74 - - [27/May/2023:10:25:29 -0500] "GET /sipse/faces/faces/faces/autenticacion.xhtml HTTP/1.1" 200 12178
186.155.14.74 - - [27/May/2023:10:25:29 -0500] "GET /sipse/faces/javax.faces.resource/primefaces.js?ln=primefaces&v=4.0 HTTP/1.1" 304 -
186.155.14.74 - - [27/May/2023:10:25:29 -0500] "GET /sipse/faces/javax.faces.resource/theme.css?ln=primefaces-sipse HTTP/1.1" 304 -
186.155.14.74 - - [27/May/2023:10:25:29 -0500] "GET /sipse/faces/javax.faces.resource/jquery/jquery.js?ln=primefaces&v=4.0 HTTP/1.1" 304 -
186.155.14.74 - - [27/May/2023:10:25:29 -0500] "GET /sipse/faces/javax.faces.resource/primefaces.css?ln=primefaces&v=4.0 HTTP/1.1" 304 -
186.155.14.74 - - [27/May/2023:10:25:29 -0500] "GET /sipse/faces/javax.faces.resource/layout/layout.css?ln=primefaces&v=4.0 HTTP/1.1" 304 -
186.155.14.74 - - [27/May/2023:10:25:29 -0500] "GET /sipse/faces/javax.faces.resource/jquery/jquery-plugins.js?ln=primefaces&v=4.0 HTTP/1.1" 304 -
186.155.14.74 - - [27/May/2023:10:25:29 -0500] "GET /sipse/faces/javax.faces.resource/layout/layout.js?ln=primefaces&v=4.0 HTTP/1.1" 304 -
186.155.14.74 - - [27/May/2023:10:25:32 -0500] "POST /sipse/faces/autenticacion.xhtml HTTP/1.1" 200 2225
186.155.14.74 - - [27/May/2023:10:25:32 -0500] "GET /sipse/faces/javax.faces.resource/messages/messages.png?ln=primefaces&v=4.0 HTTP/1.1" 304 -
186.155.14.74 - - [27/May/2023:10:25:33 -0500] "GET /sipse/faces/javax.faces.resource/images/ui-icons_898989_256x240.png?ln=primefaces-aristo HTTP/1.1" 304 -
186.155.14.74 - - [27/May/2023:10:25:33 -0500] "POST /sipse/faces/autenticacion.xhtml HTTP/1.1" 200 16244
186.155.14.74 - - [27/May/2023:10:25:33 -0500] "GET /sipse/css/custom_css_sg_prime.css HTTP/1.1" 304 -
186.155.14.74 - - [27/May/2023:10:25:33 -0500] "GET /sipse/faces/javax.faces.resource/theme.css?ln=primefaces-sipse HTTP/1.1" 304 -
186.155.14.74 - - [27/May/2023:10:25:33 -0500] "GET /sipse/faces/javax.faces.resource/primefaces.css?ln=primefaces&v=4.0 HTTP/1.1" 304 -
186.155.14.74 - - [27/May/2023:10:25:33 -0500] "GET /sipse/faces/javax.faces.resource/layout/layout.css?ln=primefaces&v=4.0 HTTP/1.1" 304 -
186.155.14.74 - - [27/May/2023:10:25:33 -0500] "GET /sipse/js/jquery.min.js HTTP/1.1" 200 85582
186.155.14.74 - - [27/May/2023:10:25:33 -0500] "GET /sipse/faces/javax.faces.resource/jquery/jquery.js?ln=primefaces&v=4.0 HTTP/1.1" 304 -
186.155.14.74 - - [27/May/2023:10:25:33 -0500] "GET /sipse/faces/javax.faces.resource/jquery/jquery-plugins.js?ln=primefaces&v=4.0 HTTP/1.1" 304 -
186.155.14.74 - - [27/May/2023:10:25:33 -0500] "GET /sipse/faces/javax.faces.resource/primefaces.js?ln=primefaces&v=4.0 HTTP/1.1" 304 -
186.155.14.74 - - [27/May/2023:10:25:34 -0500] "GET /sipse/faces/javax.faces.resource/layout/layout.js?ln=primefaces&v=4.0 HTTP/1.1" 304 -
186.155.14.74 - - [27/May/2023:10:25:34 -0500] "GET /sipse/imagenes/logoAplicacion.jpg HTTP/1.1" 304 -
186.155.14.74 - - [27/May/2023:10:25:34 -0500] "GET /sipse/css/imagen/contrasena.png HTTP/1.1" 404 383
186.155.14.74 - - [27/May/2023:10:25:34 -0500] "GET /sipse/imagenes/cargando.gif HTTP/1.1" 200 36959
186.155.14.74 - - [27/May/2023:10:25:36 -0500] "GET /sipse/faces/javax.faces.resource/images/ui-bg_flat_0_2d5972_40x100.png?ln=primefaces-aristo HTTP/1.1" 304 -
186.155.14.74 - - [27/May/2023:10:25:36 -0500] "POST /sipse/faces/bienvenido.xhtml HTTP/1.1" 200 2658
186.155.14.74 - - [27/May/2023:10:25:37 -0500] "POST /sipse/faces/bienvenido.xhtml HTTP/1.1" 200 63514
186.155.14.74 - - [27/May/2023:10:25:37 -0500] "GET /sipse/faces/javax.faces.resource/theme.css?ln=primefaces-sipse HTTP/1.1" 304 -
186.155.14.74 - - [27/May/2023:10:25:37 -0500] "GET /sipse/faces/javax.faces.resource/layout/layout.css?ln=primefaces&v=4.0 HTTP/1.1" 304 -
186.155.14.74 - - [27/May/2023:10:25:37 -0500] "GET /sipse/faces/javax.faces.resource/primefaces.css?ln=primefaces&v=4.0 HTTP/1.1" 304 -
186.155.14.74 - - [27/May/2023:10:25:37 -0500] "GET /sipse/faces/javax.faces.resource/jquery/jquery.js?ln=primefaces&v=4.0 HTTP/1.1" 304 -
186.155.14.74 - - [27/May/2023:10:25:37 -0500] "GET /sipse/faces/javax.faces.resource/jquery/jquery-plugins.js?ln=primefaces&v=4.0 HTTP/1.1" 304 -
186.155.14.74 - - [27/May/2023:10:25:37 -0500] "GET /sipse/faces/javax.faces.resource/primefaces.js?ln=primefaces&v=4.0 HTTP/1.1" 304 -
186.155.14.74 - - [27/May/2023:10:25:37 -0500] "GET /sipse/faces/javax.faces.resource/layout/layout.js?ln=primefaces&v=4.0 HTTP/1.1" 304 -
186.155.14.74 - - [27/May/2023:10:25:38 -0500] "POST /sipse/faces/presentacion/financiero/solicitudProceso/listarSolicitudProceso.xhtml HTTP/1.1" 200 1556
78.142.18.219 - - [27/May/2023:10:26:29 -0500] "GET /wp-login.php HTTP/1.1" 404 1035
3.236.73.95 - - [27/May/2023:10:26:46 -0500] "GET /BLA/boletinlegal/js/jquery.scrollShow.js HTTP/1.1" 200 4586
3.236.73.95 - - [27/May/2023:10:26:46 -0500] "GET /galeria/galeria/jquery.fancybox.css?v=2.1.5 HTTP/1.1" 200 4895
3.236.73.95 - - [27/May/2023:10:26:46 -0500] "GET /galeria/galeria/jquery.fancybox.js?v=2.1.5 HTTP/1.1" 200 48706
199.16.157.181 - - [27/May/2023:10:26:48 -0500] "GET /images/palma-silvestre_optimized.jpeg HTTP/1.1" 200 46816
199.16.157.180 - - [27/May/2023:10:26:48 -0500] "GET /palmas-silvestres-secretaria-de-ambiente-inicia-campana-de-proteccion.html HTTP/1.1" 200 851
3.236.73.95 - - [27/May/2023:10:26:50 -0500] "GET /galeria/carrusel/Carrusel/jquery.thumbnailScroller.css HTTP/1.1" 200 2066
3.236.73.95 - - [27/May/2023:10:26:50 -0500] "GET /galeria/carrusel/Carrusel/jquery-ui-1.8.13.custom.min.js HTTP/1.1" 200 10800
3.236.73.95 - - [27/May/2023:10:26:50 -0500] "GET /galeria/carrusel/Carrusel/jquery.thumbnailScroller.js HTTP/1.1" 200 8157
3.236.73.95 - - [27/May/2023:10:26:51 -0500] "GET /galeria/nivo-slider/demo/banner.html HTTP/1.1" 200 5446
172.22.2.4 - - [27/May/2023:10:25:13 -0500] "HEAD /BLA/boletinlegal/ HTTP/1.1" 200 -
3.236.73.95 - - [27/May/2023:10:26:57 -0500] "GET /galeria/nivo-slider/themes/default/default.css HTTP/1.1" 200 1569
3.236.73.95 - - [27/May/2023:10:26:57 -0500] "GET /galeria/nivo-slider/themes/pascal/pascal.css HTTP/1.1" 200 2258
3.236.73.95 - - [27/May/2023:10:26:57 -0500] "GET /galeria/nivo-slider/nivo-slider.css HTTP/1.1" 200 1507
3.236.73.95 - - [27/May/2023:10:26:57 -0500] "GET /galeria/nivo-slider/themes/orman/orman.css HTTP/1.1" 200 2152
3.236.73.95 - - [27/May/2023:10:26:57 -0500] "GET /galeria/nivo-slider/demo/style.css HTTP/1.1" 200 2222
3.236.73.95 - - [27/May/2023:10:26:57 -0500] "GET /galeria/nivo-slider/demo/scripts/jquery-1.7.1.min.js HTTP/1.1" 200 93868
3.236.73.95 - - [27/May/2023:10:26:58 -0500] "GET /galeria/nivo-slider/demo/images/Bannersedeelectronica.jpg HTTP/1.1" 200 40383
3.236.73.95 - - [27/May/2023:10:26:58 -0500] "GET /galeria/nivo-slider/demo/images/bannertrafico_optimized.jpg HTTP/1.1" 200 42578
3.236.73.95 - - [27/May/2023:10:26:58 -0500] "GET /galeria/nivo-slider/jquery.nivo.slider.pack.js HTTP/1.1" 200 11561
3.236.73.95 - - [27/May/2023:10:26:58 -0500] "GET /galeria/nivo-slider/demo/images/Bannermujeresquereverdecen.jpg HTTP/1.1" 200 46558
3.236.73.95 - - [27/May/2023:10:26:58 -0500] "GET /galeria/nivo-slider/demo/images/bannertortuga_optimized.jpg HTTP/1.1" 200 39066
3.236.73.95 - - [27/May/2023:10:26:58 -0500] "GET /galeria/nivo-slider/demo/images/4Simple_Slider.png HTTP/1.1" 200 11722
3.236.73.95 - - [27/May/2023:10:26:58 -0500] "GET /galeria/nivo-slider/themes/default/loading.gif HTTP/1.1" 200 1737
3.236.73.95 - - [27/May/2023:10:26:59 -0500] "GET /galeria/nivo-slider/demo/images/Bannerplasticosseptiembre.jpg HTTP/1.1" 200 45633
3.236.73.95 - - [27/May/2023:10:26:59 -0500] "GET /galeria/nivo-slider/demo/images/bannerresiduoshospitalariosagosto.jpg HTTP/1.1" 200 36499
3.236.73.95 - - [27/May/2023:10:26:59 -0500] "GET /galeria/nivo-slider/demo/images/banneraire2021.jpg HTTP/1.1" 200 265101
3.236.73.95 - - [27/May/2023:10:26:59 -0500] "GET /galeria/nivo-slider/demo/images/bannerrutaesperanza.jpg HTTP/1.1" 200 55560
3.236.73.95 - - [27/May/2023:10:26:59 -0500] "GET /galeria/nivo-slider/demo/images/banneraccionpopularcrr68.jpg HTTP/1.1" 200 51887
3.236.73.95 - - [27/May/2023:10:26:59 -0500] "GET /galeria/nivo-slider/demo/images/banneraccionpopular.jpeg HTTP/1.1" 200 41707
3.236.73.95 - - [27/May/2023:10:27:00 -0500] "GET /galeria/nivo-slider/demo/images/bannerclases2021.jpg HTTP/1.1" 200 68230
3.236.73.95 - - [27/May/2023:10:27:00 -0500] "GET /galeria/nivo-slider/demo/images/bannercapacitacionesbogota.jpg HTTP/1.1" 200 42416
3.236.73.95 - - [27/May/2023:10:27:00 -0500] "GET /galeria/nivo-slider/demo/images/Bannerenvases.jpg HTTP/1.1" 200 37316
3.236.73.95 - - [27/May/2023:10:27:04 -0500] "GET /galeria/nivo-slider/demo/images/Bannervirtualescanales.jpg HTTP/1.1" 200 174544
3.236.73.95 - - [27/May/2023:10:27:05 -0500] "GET /galeria/nivo-slider/themes/default/bullets.png HTTP/1.1" 200 1281
3.236.73.95 - - [27/May/2023:10:27:05 -0500] "GET /galeria/nivo-slider/themes/default/arrows.png HTTP/1.1" 200 824
201.245.192.253 - - [27/May/2023:10:27:16 -0500] "POST /kwsrmcab/Wsrmcab  HTTP/1.1" 200 43526
3.236.73.95 - - [27/May/2023:10:27:23 -0500] "GET /galeria/nivo-slider/demo/images/Bannermujeresquereverdecen.jpg HTTP/1.1" 200 46558
3.236.73.95 - - [27/May/2023:10:27:39 -0500] "GET /galeria/nivo-slider/demo/images/Bannermujeresquereverdecen.jpg HTTP/1.1" 200 46558
3.236.73.95 - - [27/May/2023:10:27:39 -0500] "GET /galeria/nivo-slider/demo/images/bannertrafico_optimized.jpg HTTP/1.1" 200 42578
172.22.2.4 - - [27/May/2023:10:26:04 -0500] "GET /BLA/boletinlegal/ HTTP/1.1" 200 57945
216.245.221.92 - - [27/May/2023:10:28:06 -0500] "HEAD / HTTP/1.1" 200 -
40.77.167.205 - - [27/May/2023:10:28:31 -0500] "GET /images/pieza-reciclaton-findesemana-febrero-15.jpg HTTP/1.1" 200 35558
40.77.167.97 - - [27/May/2023:10:28:47 -0500] "GET /BLA/resoluciones/AUTOS%202021/5330.pdf HTTP/1.1" 304 -
201.245.192.253 - - [27/May/2023:10:29:05 -0500] "POST /kwsrmcab/Wsrmcab HTTP/1.1" 200 42313
201.245.192.253 - - [27/May/2023:10:29:08 -0500] "POST /kwsrmcab/Wsrmcab HTTP/1.1" 200 44126
66.249.70.207 - - [27/May/2023:10:29:28 -0500] "-" 408 -
186.84.88.215 - - [27/May/2023:10:31:21 -0500] "GET /galeria/galeria/jquery.fancybox.css?v=2.1.5 HTTP/1.1" 200 4895
186.84.88.215 - - [27/May/2023:10:31:21 -0500] "GET /BLA/boletinlegal/js/jquery.scrollShow.js HTTP/1.1" 200 4586
186.84.88.215 - - [27/May/2023:10:31:21 -0500] "GET /galeria/galeria/jquery.fancybox.js?v=2.1.5 HTTP/1.1" 200 48706
179.32.0.229 - - [27/May/2023:10:31:50 -0500] "GET /BLA/boletinlegal/js/jquery.scrollShow.js HTTP/1.1" 200 4586
179.32.0.229 - - [27/May/2023:10:31:50 -0500] "GET /galeria/galeria/jquery.fancybox.css?v=2.1.5 HTTP/1.1" 200 4895
179.32.0.229 - - [27/May/2023:10:31:50 -0500] "GET /galeria/galeria/jquery.fancybox.js?v=2.1.5 HTTP/1.1" 200 48706
201.245.192.253 - - [27/May/2023:10:32:14 -0500] "POST /kwsrmcab/Wsrmcab  HTTP/1.1" 200 43526
186.155.14.74 - - [27/May/2023:10:32:34 -0500] "POST /sipse/faces/presentacion/financiero/solicitudProceso/listarSolicitudProceso.xhtml HTTP/1.1" 200 56898
186.155.14.74 - - [27/May/2023:10:32:34 -0500] "POST /sipse/faces/presentacion/financiero/solicitudProceso/listarSolicitudProceso.xhtml HTTP/1.1" 200 56898
186.155.14.74 - - [27/May/2023:10:32:34 -0500] "POST /sipse/faces/presentacion/financiero/solicitudProceso/listarSolicitudProceso.xhtml HTTP/1.1" 200 1556
186.155.14.74 - - [27/May/2023:10:32:35 -0500] "POST /sipse/faces/presentacion/financiero/solicitudProceso/listarSolicitudProceso.xhtml HTTP/1.1" 200 1556
172.22.2.4 - - [27/May/2023:10:31:03 -0500] "HEAD /BLA/boletinlegal/ HTTP/1.1" 200 -
216.245.221.92 - - [27/May/2023:10:33:06 -0500] "HEAD / HTTP/1.1" 200 -
172.22.2.4 - - [27/May/2023:10:31:54 -0500] "GET /BLA/boletinlegal/ HTTP/1.1" 200 54424
172.22.2.4 - - [27/May/2023:10:34:54 -0500] "GET /BLA/boletinlegal/consulta_actos.php?tipo=resoluciones&no=0199&usuario=&sector=&fecha=2023&resuelve= HTTP/1.1" 200 1090
66.249.75.170 - - [27/May/2023:10:34:54 -0500] "-" 408 -
191.156.60.108 - - [27/May/2023:10:34:56 -0500] "GET /BLA/resoluciones/RESOLUCIONES%202023/0199.pdf HTTP/1.1" 200 1162427
179.32.0.229 - - [27/May/2023:10:35:00 -0500] "GET /BLA/boletinlegal/js/jquery.scrollShow.js HTTP/1.1" 200 4586
179.32.0.229 - - [27/May/2023:10:35:00 -0500] "GET /galeria/galeria/jquery.fancybox.css?v=2.1.5 HTTP/1.1" 200 4895
179.32.0.229 - - [27/May/2023:10:35:00 -0500] "GET /galeria/galeria/jquery.fancybox.js?v=2.1.5 HTTP/1.1" 200 48706
191.156.236.166 - - [27/May/2023:10:35:08 -0500] "GET /cucarron-de-mayo-insecto-que-se-puede-observar-por-estos-dias-en-varios-ecosistemas-de-bogota.html HTTP/1.1" 304 -
186.145.217.249 - - [27/May/2023:10:35:09 -0500] "GET /galeria/galeria/jquery.fancybox.css?v=2.1.5 HTTP/1.1" 200 4895
186.145.217.249 - - [27/May/2023:10:35:09 -0500] "GET /BLA/boletinlegal/js/jquery.scrollShow.js HTTP/1.1" 200 4586
186.145.217.249 - - [27/May/2023:10:35:09 -0500] "GET /galeria/galeria/jquery.fancybox.js?v=2.1.5 HTTP/1.1" 200 48706
66.249.77.209 - - [27/May/2023:10:35:19 -0500] "-" 408 -
181.32.220.92 - - [27/May/2023:10:36:03 -0500] "GET /forest/login.do HTTP/1.1" 404 1120
201.245.192.253 - - [27/May/2023:10:37:14 -0500] "POST /kwsrmcab/Wsrmcab  HTTP/1.1" 200 43526
191.156.147.110 - - [27/May/2023:10:38:01 -0500] "GET /cucarron-de-mayo-insecto-que-se-puede-observar-por-estos-dias-en-varios-ecosistemas-de-bogota.html?fbclid=IwAR39UWv8fhR0uZEljs78hgsxgNDrqoV9T1wCJ0waKqq8g86GyhmJfi_eYh4 HTTP/1.1" 200 762
216.245.221.92 - - [27/May/2023:10:38:06 -0500] "HEAD / HTTP/1.1" 200 -
172.22.2.4 - - [27/May/2023:10:36:53 -0500] "HEAD /BLA/boletinlegal/ HTTP/1.1" 200 -
108.174.5.113 - - [27/May/2023:10:39:03 -0500] "GET /mis-de-740-irboles-han-sido-plantados-en-los-%C3%83%C2%BAltimos-d%C3%83%C2%ADas-en-bogoti.html HTTP/1.1" 206 909
108.174.5.113 - - [27/May/2023:10:39:03 -0500] "GET /secretaria-de-ambiente-reconocio-las-234-empresas-y-entidades-con-mejores-estrategias-de-gestion-ambiental.html HTTP/1.1" 206 1048
152.203.251.43 - - [27/May/2023:10:39:06 -0500] "GET /BLA/resoluciones/ HTTP/1.1" 200 13502
201.245.192.253 - - [27/May/2023:10:39:06 -0500] "POST /kwsrmcab/Wsrmcab HTTP/1.1" 200 42313
201.245.192.253 - - [27/May/2023:10:39:08 -0500] "POST /kwsrmcab/Wsrmcab HTTP/1.1" 200 44126
152.203.251.43 - - [27/May/2023:10:39:11 -0500] "GET /BLA/resoluciones/index.php?dir=AUTOS+2016%2F HTTP/1.1" 200 330155
173.252.127.19 - - [27/May/2023:10:39:14 -0500] "GET /reciclaton-empresarial-2023-como-inscribirse-a-la-primera-jornada-del-ano.html?fbclid=IwAR1N4R6mPrIsGWJJDt8HxONEzG2-p_OqgKmHAkU5-iY5DSGIm48MZIMGH8U HTTP/1.1" 200 705
172.22.2.4 - - [27/May/2023:10:37:44 -0500] "GET /BLA/boletinlegal/ HTTP/1.1" 200 57561
66.249.70.207 - - [27/May/2023:10:41:04 -0500] "-" 408 -
116.202.35.104 - - [27/May/2023:10:41:16 -0500] "-" 408 -
201.245.192.253 - - [27/May/2023:10:42:13 -0500] "POST /kwsrmcab/Wsrmcab  HTTP/1.1" 200 43526
108.174.5.113 - - [27/May/2023:10:42:59 -0500] "GET /que-orgullo-bogota-obtiene-reconocimiento-por-sus-planes-y-acciones-para-enfrentar-el-cambio-climatico.html HTTP/1.1" 206 773
216.245.221.92 - - [27/May/2023:10:43:06 -0500] "HEAD / HTTP/1.1" 200 -
172.22.2.4 - - [27/May/2023:10:42:43 -0500] "HEAD /BLA/boletinlegal/ HTTP/1.1" 200 -
186.154.138.16 - - [27/May/2023:10:44:57 -0500] "GET /mujeres-secretaria-de-ambiente-abre-nueva-convocatoria-para-aprender-sobre-el-cuidado-de-los-humedales.html HTTP/1.1" 304 -
172.22.2.4 - - [27/May/2023:10:43:34 -0500] "GET /BLA/boletinlegal/ HTTP/1.1" 200 59656
181.32.220.92 - - [27/May/2023:10:45:56 -0500] "GET /forest/login.do HTTP/1.1" 404 1120
66.249.77.209 - - [27/May/2023:10:46:34 -0500] "-" 408 -
66.249.75.168 - - [27/May/2023:10:47:08 -0500] "-" 408 -
201.245.192.253 - - [27/May/2023:10:47:12 -0500] "POST /kwsrmcab/Wsrmcab  HTTP/1.1" 200 43526
216.245.221.92 - - [27/May/2023:10:48:06 -0500] "HEAD / HTTP/1.1" 200 -
66.249.70.207 - - [27/May/2023:10:48:35 -0500] "-" 408 -
186.84.20.209 - - [27/May/2023:10:49:27 -0500] "GET /BLA/resoluciones/index.php?dir=AUTOS+2015%2F HTTP/1.1" 200 582212
18.143.229.189 - - [27/May/2023:10:49:29 -0500] "GET /BLA/boletinlegal/js/jquery.scrollShow.js HTTP/1.1" 200 4586
18.143.229.189 - - [27/May/2023:10:49:29 -0500] "GET /galeria/galeria/jquery.fancybox.css?v=2.1.5 HTTP/1.1" 200 4895
18.143.229.189 - - [27/May/2023:10:49:29 -0500] "GET /galeria/galeria/jquery.fancybox.js?v=2.1.5 HTTP/1.1" 200 48706
207.46.13.215 - - [27/May/2023:10:49:59 -0500] "GET /Publicaciones/2022EE236748.pdf HTTP/1.1" 404 228
200.116.191.234 - - [27/May/2023:10:50:01 -0500] "GET /BLA/resoluciones/AUTOS%202022/0443.pdf HTTP/1.1" 200 379742
172.22.2.4 - - [27/May/2023:10:48:33 -0500] "HEAD /BLA/boletinlegal/ HTTP/1.1" 200 -
172.22.2.4 - - [27/May/2023:10:49:24 -0500] "GET /BLA/boletinlegal/ HTTP/1.1" 200 57561
40.77.167.146 - - [27/May/2023:10:51:38 -0500] "GET /BLA/resoluciones/AUTOS%202022/0496.pdf HTTP/1.1" 304 -
179.32.0.229 - - [27/May/2023:10:51:50 -0500] "GET /BLA/boletinlegal/js/jquery.scrollShow.js HTTP/1.1" 200 4586
179.32.0.229 - - [27/May/2023:10:51:50 -0500] "GET /galeria/galeria/jquery.fancybox.css?v=2.1.5 HTTP/1.1" 200 4895
179.32.0.229 - - [27/May/2023:10:51:50 -0500] "GET /galeria/galeria/jquery.fancybox.js?v=2.1.5 HTTP/1.1" 200 48706
201.245.192.253 - - [27/May/2023:10:52:11 -0500] "POST /kwsrmcab/Wsrmcab  HTTP/1.1" 200 43526
172.22.2.4 - - [27/May/2023:10:52:17 -0500] "GET /BLA/boletinlegal/xmlrpc.php HTTP/1.1" 404 1038
191.156.225.124 - - [27/May/2023:10:52:51 -0500] "GET /cucarron-de-mayo-insecto-que-se-puede-observar-por-estos-dias-en-varios-ecosistemas-de-bogota.html HTTP/1.1" 200 762
216.245.221.92 - - [27/May/2023:10:53:06 -0500] "HEAD / HTTP/1.1" 200 -
66.249.75.168 - - [27/May/2023:10:54:43 -0500] "-" 408 -
199.16.157.182 - - [27/May/2023:10:55:55 -0500] "GET /images/Acuerdos%2001%20(1)%20(1).jpeg HTTP/1.1" 200 32884
172.22.2.4 - - [27/May/2023:10:54:23 -0500] "HEAD /BLA/boletinlegal/ HTTP/1.1" 200 -
40.77.167.146 - - [27/May/2023:10:56:30 -0500] "GET /BLA/resoluciones/AUTOS%202019/4499.pdf HTTP/1.1" 304 -
172.22.2.4 - - [27/May/2023:10:55:14 -0500] "GET /BLA/boletinlegal/ HTTP/1.1" 200 55221
201.245.192.253 - - [27/May/2023:10:57:09 -0500] "POST /kwsrmcab/Wsrmcab  HTTP/1.1" 200 43526
131.72.137.231 - - [27/May/2023:10:57:57 -0500] "GET /cucarron-de-mayo-insecto-que-se-puede-observar-por-estos-dias-en-varios-ecosistemas-de-bogota.html HTTP/1.1" 200 762
216.245.221.92 - - [27/May/2023:10:58:06 -0500] "HEAD / HTTP/1.1" 200 -
52.211.143.139 - - [27/May/2023:10:58:48 -0500] "-" 408 -
124.64.201.152 - - [27/May/2023:10:59:22 -0500] "GET /galeria/galeria/fotos/diaSC7Peq.jpg HTTP/1.1" 200 18357
186.102.35.123 - - [27/May/2023:10:59:49 -0500] "GET /kwssiamovil/sm/ldap/au?x=U2FsdGVkX1+nd/YXjdyi/hqQ9I68hTw6RmkjsUBP8EhYQT7BxsQDKnIslBYFlgBW&y=U2FsdGVkX1+UMByaopcvqqeVDtEbadJ5N3C5PQjMMfrp1l6sQTwzTfsl69j4wvyc HTTP/1.1" 200 30
186.102.35.123 - - [27/May/2023:10:59:49 -0500] "GET /kwssiamovil/sm/acme/s?s=U2FsdGVkX19JFcpumA8x4EHhbVnJgQMVfqClj9TQn0pdgHQ5QN7d0mrULTCiK0mEwkL1+f32wp3BCVFH83A0Gr4c9Wkp1W2pIHDwRZ0vZls=&u=U2FsdGVkX1+bqRJ5m9cdPaK6ORAyDlDytt1ai0TOUpA=&y=U2FsdGVkX1+UMByaopcvqqeVDtEbadJ5N3C5PQjMMfrp1l6sQTwzTfsl69j4wvyc HTTP/1.1" 200 97
186.102.35.123 - - [27/May/2023:10:59:50 -0500] "GET /kwssiamovil/sm/acme/s?s=U2FsdGVkX1/aHAp4GTLkykhexswYIYz18g/CF8MbplNyKg7kejjxiNYM2R9r1eiaR3s1itTPp+Eq8THFtQPVk3PF3tPTiGo/Z3nDVfAtqU3X75T7EkA2UZ7TIZ9eCPnYslUVGaRHJacCPsGFDunSCjnL+rDu4s55KlGl9WZEQhdE2kqXPySMv28mevwD41+aaLME1k63qR93vvUiZjzqNpp7jpg3VVY6f7nvLIXm4vY2lFgjD6+QPZlT9V30MBL022LWyEEbOeUd+ywZ425TDZrZfyGwKDRJ8rl2R+4D12ClPjY8plJ77xc6hFs7ED9+eHZnULeTHavPU7e/oHoPiSOgiHL+4r4sYzFGwTr/UR2qE9HSGq4Nc3zVI2GRCrELYoXgJNKoTFropTn2rB/bC1L9Xn3F72OCJbWOR9Ag19b8LbpFzJzmpCoYj/QP0nfxmPSJ+ertr0yqKZkIrLWQbyqMiZEpOYiFWOymHLyehEKvFaVTGTltKUiCg1Cwo6bUY3ATBolRVb9N/5/CGlhp12uR93+Bd3JkJ0LrLOgaLeoF6IBnUb4p9tv2wO/rGW6piw4Ef6CucXas9lgbQiQKE5VltGIT7j8MqiLI7JqKbRpGTFK50cZjWtsVtVkVdKGbiToJOsjVwlqNBMZWwwtkBELzVETG+o+ioOhd4Ayqnm36zo7ya7y952b8KLt0wfzHfRYi9Z3K7A7NJLG7SgrRjGSZMLIQrwEspdj8YlP77lMSoBHQ2FkwZwEBR0YKDkF6yd6+ZsWj4sIXYSppGywIflV/xAMcA4dTHoj7fDX+3AxuUgYAZIZy9SuJZwFoXJGe1WaJqJbQE61CmK6+WtYPKmi8zurroBfAxgbdiklhi4s6Ap/8c7DMlS0ddkL6ZxgvwLDYN9i5bP2YLnb0yfmKi2p3+LQzltG6tYn1eK7BjUFnmPig16k9LgwHPvkpRxOsxS9uBerUySi+z0BrY+G9C4xOK6WDz9j1IREQjlqXzMgV7d+uKdDtmEPe9ge2YmnzTycYVfsNpve6xasge277CqUswIO/tuQGH6MEB/OGA5Ckps3W80RQbDys2bYJ4jfkvAbGATtpw1PSGJV8CpdUojUlZ7F8WFDb80TZdGfeluDCADL7ex4xhhRWM+/dBIBnKFwXKElcY0OG8DPN/LxVXzuWOlgAvketq/gT3eE+dyDLFiFbQnRHbec4PrrSOsRCUAmIQeTjsOvRdjOq8zx92jS2pUz1OivLhgplAuJxQxoiBlBn1SeoEMUHN9nY/fnm5/OFtdKY/+sQ26NUjmC4tsuW6uWVBuhHAiPKiU9hqJO3utXDe55RvlkgJ5o/2HSU60p31SnE0A27i9gGol1mmijQTCPb/heje485otjJ3xmhkh0CdXPaP8p8eLpTGrPFxpCc6aWi3JKZ8ReNclD2DpI55761zoqKOvvRheEYU1Q=&u=U2FsdGVkX1+bqRJ5m9cdPaK6ORAyDlDytt1ai0TOUpA=&y=U2FsdGVkX1+UMByaopcvqqeVDtEbadJ5N3C5PQjMMfrp1l6sQTwzTfsl69j4wvyc HTTP/1.1" 200 368
186.102.35.123 - - [27/May/2023:10:59:50 -0500] "GET /kwssiamovil/sm/acme/s?s=U2FsdGVkX1/geN9GTj2++l9pGwfMhehiCInLlWyOp+rVpunRKnSlF6HjqiPEBM0/e2c+ntJbEaA0Om7bgWlYhKhB2jKgnHU02nJHO9tL0f9wmQozkr/N1hWZvwZm7rhetEQPVq3l1CzIogEPTfSbIyCdNgOpWXdbgDN7c3WgYuLfSieW9hZRSyk5DLqGrOLVkFRfhWI6geLRgcD38coLzY/sGxuzIhTTWT1fU4Hb/gjQ5Vpo5oGH/6vXdz3TFugvkgr4yI96ypRLwDESgCVciHgkJ+49B+4FHYxK8DDpChHWzmsw/b/3uGsVUO+znew1VlylFLFHre9LYTDlUIqclvjWULhut7NiD48hbR4nzS8=&u=U2FsdGVkX1+bqRJ5m9cdPaK6ORAyDlDytt1ai0TOUpA=&y=U2FsdGVkX1+UMByaopcvqqeVDtEbadJ5N3C5PQjMMfrp1l6sQTwzTfsl69j4wvyc HTTP/1.1" 200 196
186.102.35.123 - - [27/May/2023:10:59:50 -0500] "GET /kwssiamovil/sm/cjson/pre?f=1&x=U2FsdGVkX1+nd/YXjdyi/hqQ9I68hTw6RmkjsUBP8EhYQT7BxsQDKnIslBYFlgBW HTTP/1.1" 200 31032
199.16.157.181 - - [27/May/2023:11:01:01 -0500] "GET /images/foto%202.jpg HTTP/1.1" 200 63300
199.16.157.182 - - [27/May/2023:11:01:02 -0500] "GET /tinguas-azules-secretaria-de-ambiente-atiende-alto-numero-de-reportes-de-aves-migratorias.html HTTP/1.1" 200 923
199.16.157.180 - - [27/May/2023:11:01:05 -0500] "GET /images/nueva-orquidea1-optimized.jpg HTTP/1.1" 200 31539
199.16.157.181 - - [27/May/2023:11:01:07 -0500] "GET /images/semana-santa-ramos-policia-7-abril.jpg HTTP/1.1" 200 43922
199.16.157.181 - - [27/May/2023:11:01:08 -0500] "GET /en-semana-santa-no-uses-palmas-ni-traigas-o-consumas-animales-silvestres.html HTTP/1.1" 200 959
172.22.2.4 - - [27/May/2023:11:00:13 -0500] "HEAD /BLA/boletinlegal/ HTTP/1.1" 200 -
201.245.192.253 - - [27/May/2023:11:02:08 -0500] "POST /kwsrmcab/Wsrmcab  HTTP/1.1" 200 43526
172.22.2.4 - - [27/May/2023:11:01:04 -0500] "GET /BLA/boletinlegal/ HTTP/1.1" 200 58307
191.156.224.253 - - [27/May/2023:11:02:44 -0500] "GET /BLA/boletinlegal/js/jquery.scrollShow.js HTTP/1.1" 200 4586
191.156.224.253 - - [27/May/2023:11:02:44 -0500] "GET /galeria/galeria/jquery.fancybox.js?v=2.1.5 HTTP/1.1" 200 48706
191.156.224.253 - - [27/May/2023:11:02:44 -0500] "GET /galeria/galeria/jquery.fancybox.css?v=2.1.5 HTTP/1.1" 200 4895
216.245.221.92 - - [27/May/2023:11:03:06 -0500] "HEAD / HTTP/1.1" 200 -
190.27.29.26 - - [27/May/2023:11:04:10 -0500] "GET /sin-raza-pero-con-casa-nuevas-jornadas-de-adopcion-en-el-distrito.html HTTP/1.1" 200 742
66.249.75.168 - - [27/May/2023:11:06:14 -0500] "-" 408 -
172.22.2.4 - - [27/May/2023:11:06:34 -0500] "GET /BLA/boletinlegal/version HTTP/1.1" 404 1018
201.245.192.253 - - [27/May/2023:11:07:08 -0500] "POST /kwsrmcab/Wsrmcab  HTTP/1.1" 200 43526
172.22.2.4 - - [27/May/2023:11:06:03 -0500] "HEAD /BLA/boletinlegal/ HTTP/1.1" 200 -
216.245.221.92 - - [27/May/2023:11:08:06 -0500] "HEAD / HTTP/1.1" 200 -
191.95.55.163 - - [27/May/2023:11:08:23 -0500] "GET /BLA/boletinlegal/js/jquery.scrollShow.js HTTP/1.1" 200 4586
191.95.55.163 - - [27/May/2023:11:08:23 -0500] "GET /galeria/galeria/jquery.fancybox.css?v=2.1.5 HTTP/1.1" 200 4895
191.95.55.163 - - [27/May/2023:11:08:23 -0500] "GET /galeria/galeria/jquery.fancybox.js?v=2.1.5 HTTP/1.1" 200 48706
172.22.2.4 - - [27/May/2023:11:06:54 -0500] "GET /BLA/boletinlegal/ HTTP/1.1" 200 54808
191.156.62.27 - - [27/May/2023:11:09:43 -0500] "GET /mujeres-secretaria-de-ambiente-abre-nueva-convocatoria-para-aprender-sobre-el-cuidado-de-los-humedales.html HTTP/1.1" 304 -
179.19.97.150 - - [27/May/2023:11:10:10 -0500] "GET /inscribete-en-este-proceso-de-formacion-para-ser-un-lider-o-una-lideresa-ambiental-en-tu-localidad.html HTTP/1.1" 200 903
201.245.192.253 - - [27/May/2023:11:12:06 -0500] "POST /kwsrmcab/Wsrmcab  HTTP/1.1" 200 43526
186.102.81.101 - - [27/May/2023:11:12:13 -0500] "-" 408 -
186.155.14.28 - - [27/May/2023:11:12:55 -0500] "GET /cucarron-de-mayo-insecto-que-se-puede-observar-por-estos-dias-en-varios-ecosistemas-de-bogota.html HTTP/1.1" 200 762
216.245.221.92 - - [27/May/2023:11:13:06 -0500] "HEAD / HTTP/1.1" 200 -
179.19.54.3 - - [27/May/2023:11:13:30 -0500] "GET /mujeres-que-reverdecen-secretaria-de-ambiente-anuncia-300-cupos-para-la-tercera-fase-del-programa.html HTTP/1.1" 304 -
172.22.2.4 - - [27/May/2023:11:11:53 -0500] "HEAD /BLA/boletinlegal/ HTTP/1.1" 200 -
192.133.77.18 - - [27/May/2023:11:13:58 -0500] "GET /images/Sello%201%20JA-2.jpeg HTTP/1.1" 200 42236
172.22.2.4 - - [27/May/2023:11:12:44 -0500] "GET /BLA/boletinlegal/ HTTP/1.1" 200 58307
49.7.21.87 - - [27/May/2023:11:14:44 -0500] "GET / HTTP/1.1" 200 319
201.245.192.253 - - [27/May/2023:11:17:05 -0500] "POST /kwsrmcab/Wsrmcab  HTTP/1.1" 200 43526
66.249.75.168 - - [27/May/2023:11:17:19 -0500] "-" 408 -
216.245.221.92 - - [27/May/2023:11:18:06 -0500] "HEAD / HTTP/1.1" 200 -
66.249.70.213 - - [27/May/2023:11:18:35 -0500] "-" 408 -
201.245.192.253 - - [27/May/2023:11:19:06 -0500] "POST /kwsrmcab/Wsrmcab HTTP/1.1" 200 42353
201.245.192.253 - - [27/May/2023:11:19:08 -0500] "POST /kwsrmcab/Wsrmcab HTTP/1.1" 200 44123
173.252.107.24 - - [27/May/2023:11:19:22 -0500] "GET /secretaria-de-ambiente-afianza-lazos-de-cooperacion-con-chile.html HTTP/1.1" 206 818
173.252.95.22 - - [27/May/2023:11:19:23 -0500] "GET /images/Memo1.jpg HTTP/1.1" 200 91151
172.22.2.4 - - [27/May/2023:11:17:43 -0500] "HEAD /BLA/boletinlegal/ HTTP/1.1" 200 -
172.22.2.4 - - [27/May/2023:11:18:34 -0500] "GET /BLA/boletinlegal/ HTTP/1.1" 200 54424
69.63.189.3 - - [27/May/2023:11:21:51 -0500] "GET /images/adopcion-animales-2023-mayo-24_optimized.png HTTP/1.1" 200 175169
201.245.192.253 - - [27/May/2023:11:22:04 -0500] "POST /kwsrmcab/Wsrmcab  HTTP/1.1" 200 43526
172.22.2.4 - - [27/May/2023:11:22:52 -0500] "GET /BLA/boletinlegal/jurisprudencia/analisis/ANALISIST-672-14.docx HTTP/1.1" 200 22530
216.245.221.92 - - [27/May/2023:11:23:06 -0500] "HEAD / HTTP/1.1" 200 -
190.24.73.188 - - [27/May/2023:11:23:32 -0500] "GET /BLA/resoluciones/AUTOS%202018/1369.pdf HTTP/1.1" 200 303065
172.22.2.4 - - [27/May/2023:11:23:41 -0500] "GET /BLA/boletinlegal/robots.txt HTTP/1.1" 404 1134
192.133.77.18 - - [27/May/2023:11:24:17 -0500] "GET /images/Sello%201%20JA-2.jpeg HTTP/1.1" 200 42236
192.133.77.17 - - [27/May/2023:11:24:17 -0500] "GET /secretaria-de-ambiente-impone-sancion-por-puntos-de-obra-sin-permiso-en-el-humedal-tibabuyes.html HTTP/1.1" 200 990
192.133.77.17 - - [27/May/2023:11:24:22 -0500] "GET /images/Acuerdos%2001%20(1)%20(1).jpeg HTTP/1.1" 200 32884
192.133.77.17 - - [27/May/2023:11:24:22 -0500] "GET /secretaria-de-ambiente-y-universidad-de-la-salle-firman-acuerdo-de-conservacion-en-17-hectareas.html HTTP/1.1" 200 990
192.133.77.18 - - [27/May/2023:11:24:28 -0500] "GET /images/acuerdos-1_optimized.jpeg HTTP/1.1" 200 79514
192.133.77.16 - - [27/May/2023:11:24:29 -0500] "GET /images/secretaria-carolina-urrutia_optimized.jpeg HTTP/1.1" 200 167197
199.16.157.182 - - [27/May/2023:11:24:31 -0500] "GET /images/feria-17-de-septiembre_optimized.jpg HTTP/1.1" 200 40532
199.16.157.183 - - [27/May/2023:11:24:31 -0500] "GET /images/Simulacro%2001%20SDA.jpeg HTTP/1.1" 200 60190
199.16.157.182 - - [27/May/2023:11:24:31 -0500] "GET /porque-tu-vida-vale-haz-parte-del-simulacro-distrital-de-evacuacion-este-4-de-octubre.html HTTP/1.1" 200 810
199.16.157.183 - - [27/May/2023:11:24:37 -0500] "GET /porque-tu-vida-vale-haz-parte-del-simulacro-distrital-de-evacuacion-este-4-de-octubre.html HTTP/1.1" 200 810
199.16.157.183 - - [27/May/2023:11:24:37 -0500] "GET /images/Simulacro%2001%20SDA.jpeg HTTP/1.1" 200 60190
172.22.2.4 - - [27/May/2023:11:23:41 -0500] "GET /BLA/boletinlegal/ HTTP/1.1" 200 45003
172.22.2.4 - - [27/May/2023:11:23:33 -0500] "HEAD /BLA/boletinlegal/ HTTP/1.1" 200 -
40.77.167.146 - - [27/May/2023:11:25:32 -0500] "GET /BLA/resoluciones/AUTOS%202021/0503.pdf HTTP/1.1" 304 -
66.249.75.168 - - [27/May/2023:11:25:56 -0500] "-" 408 -
172.22.2.4 - - [27/May/2023:11:24:24 -0500] "GET /BLA/boletinlegal/ HTTP/1.1" 200 55934
201.245.192.253 - - [27/May/2023:11:27:03 -0500] "POST /kwsrmcab/Wsrmcab  HTTP/1.1" 200 43526
186.154.32.111 - - [27/May/2023:11:27:43 -0500] "GET /BLA/resoluciones/RESOLUCIONES%20CONJUNTAS/Resolucion%20conjunta%20No.%20001-2017.pdf HTTP/1.1" 200 332456
186.154.32.111 - - [27/May/2023:11:27:43 -0500] "GET /favicon.ico HTTP/1.1" 200 7782
40.77.167.146 - - [27/May/2023:11:28:02 -0500] "GET /BLA/resoluciones/RESOLUCIONES%202022/3645.pdf HTTP/1.1" 304 -
216.245.221.92 - - [27/May/2023:11:28:06 -0500] "HEAD / HTTP/1.1" 200 -
66.249.70.207 - - [27/May/2023:11:28:18 -0500] "-" 408 -
201.245.192.253 - - [27/May/2023:11:29:05 -0500] "POST /kwsrmcab/Wsrmcab HTTP/1.1" 200 42353
201.245.192.253 - - [27/May/2023:11:29:08 -0500] "POST /kwsrmcab/Wsrmcab HTTP/1.1" 200 44123
172.22.2.4 - - [27/May/2023:11:29:23 -0500] "HEAD /BLA/boletinlegal/ HTTP/1.1" 200 -
166.0.218.25 - - [27/May/2023:11:31:08 -0500] "GET / HTTP/1.1" 200 319
172.22.2.4 - - [27/May/2023:11:30:14 -0500] "GET /BLA/boletinlegal/ HTTP/1.1" 200 55571
201.245.192.253 - - [27/May/2023:11:32:02 -0500] "POST /kwsrmcab/Wsrmcab  HTTP/1.1" 200 43526
69.63.189.2 - - [27/May/2023:11:32:09 -0500] "GET /secretaria-de-ambiente-sensibiliza-a-ciudadanos-sobre-la-importancia-de-proteger-la-fauna-silvestre.html HTTP/1.1" 200 819
216.245.221.92 - - [27/May/2023:11:33:06 -0500] "HEAD / HTTP/1.1" 200 -
34.140.130.61 - - [27/May/2023:11:34:01 -0500] "GET / HTTP/1.1" 200 319
172.22.2.4 - - [27/May/2023:11:35:13 -0500] "HEAD /BLA/boletinlegal/ HTTP/1.1" 200 -
201.245.192.253 - - [27/May/2023:11:37:01 -0500] "POST /kwsrmcab/Wsrmcab  HTTP/1.1" 200 43526
66.249.75.168 - - [27/May/2023:11:37:05 -0500] "-" 408 -
172.22.2.4 - - [27/May/2023:11:36:04 -0500] "GET /BLA/boletinlegal/ HTTP/1.1" 200 58663
216.245.221.92 - - [27/May/2023:11:38:06 -0500] "HEAD / HTTP/1.1" 200 -
201.245.192.253 - - [27/May/2023:11:39:06 -0500] "POST /kwsrmcab/Wsrmcab HTTP/1.1" 200 42353
201.245.192.253 - - [27/May/2023:11:39:08 -0500] "POST /kwsrmcab/Wsrmcab HTTP/1.1" 200 44123
186.102.5.208 - - [27/May/2023:11:40:52 -0500] "GET /cucarron-de-mayo-insecto-que-se-puede-observar-por-estos-dias-en-varios-ecosistemas-de-bogota.html HTTP/1.1" 200 762
172.22.2.4 - - [27/May/2023:11:41:33 -0500] "GET /BLA/boletinlegal/actos.php HTTP/1.1" 200 9682
201.245.192.253 - - [27/May/2023:11:41:59 -0500] "POST /kwsrmcab/Wsrmcab  HTTP/1.1" 200 43526
172.22.2.4 - - [27/May/2023:11:41:31 -0500] "GET /BLA/boletinlegal/ HTTP/1.1" 200 24523
172.22.2.4 - - [27/May/2023:11:41:03 -0500] "HEAD /BLA/boletinlegal/ HTTP/1.1" 200 -
216.245.221.92 - - [27/May/2023:11:43:06 -0500] "HEAD / HTTP/1.1" 200 -
172.22.2.4 - - [27/May/2023:11:41:54 -0500] "GET /BLA/boletinlegal/ HTTP/1.1" 200 56287
186.102.37.207 - - [27/May/2023:11:44:13 -0500] "GET /mujeres-secretaria-de-ambiente-abre-nueva-convocatoria-para-aprender-sobre-el-cuidado-de-los-humedales.html HTTP/1.1" 304 -
186.102.37.207 - - [27/May/2023:11:44:16 -0500] "GET /mujeres-secretaria-de HTTP/1.1" 404 1136
40.77.167.146 - - [27/May/2023:11:44:53 -0500] "GET /BLA/resoluciones/AUTOS%202021/0506.pdf HTTP/1.1" 304 -
186.102.37.207 - - [27/May/2023:11:45:17 -0500] "GET /mujeres-secretaria-de HTTP/1.1" 404 1136
172.22.2.4 - - [27/May/2023:11:45:40 -0500] "GET /BLA/boletinlegal/actos.php HTTP/1.1" 200 9682
172.22.2.4 - - [27/May/2023:11:45:38 -0500] "GET /BLA/boletinlegal/ HTTP/1.1" 200 24523
186.102.37.207 - - [27/May/2023:11:46:17 -0500] "GET /mujeres-secretaria-de HTTP/1.1" 404 1136
201.245.192.253 - - [27/May/2023:11:46:58 -0500] "POST /kwsrmcab/Wsrmcab  HTTP/1.1" 200 43526
121.30.179.91 - - [27/May/2023:11:47:09 -0500] "GET /galeria/galeria/fotos/Humedal-Tibanica2P.jpg HTTP/1.1" 200 29568
186.28.122.103 - - [27/May/2023:11:47:23 -0500] "GET /appsia/controlador HTTP/1.1" 200 4799
186.28.122.103 - - [27/May/2023:11:47:23 -0500] "GET /appsia/scripts/validarIngreso.js HTTP/1.1" 200 851
186.28.122.103 - - [27/May/2023:11:47:23 -0500] "GET /appsia/css/estilos.css HTTP/1.1" 200 4804
186.28.122.103 - - [27/May/2023:11:47:23 -0500] "GET /appsia/images/cabezoteHojaVida.png HTTP/1.1" 200 32493
186.28.122.103 - - [27/May/2023:11:47:23 -0500] "GET /appsia/images/logo_bogota_p.png HTTP/1.1" 200 14951
186.28.122.103 - - [27/May/2023:11:47:24 -0500] "GET /favicon.ico HTTP/1.1" 200 7782
186.28.122.103 - - [27/May/2023:11:47:26 -0500] "POST /appsia/controlador HTTP/1.1" 200 5437
186.28.122.103 - - [27/May/2023:11:47:28 -0500] "POST /appsia/controlador HTTP/1.1" 200 7775
186.28.122.103 - - [27/May/2023:11:47:34 -0500] "POST /appsia/controlador HTTP/1.1" 200 6640
172.22.2.4 - - [27/May/2023:11:47:34 -0500] "GET /BLA/boletinlegal/actos.php HTTP/1.1" 200 9682
172.22.2.4 - - [27/May/2023:11:47:35 -0500] "GET /BLA/boletinlegal/images/cabezote%20BLEGAL.jpg HTTP/1.1" 200 118164
172.22.2.4 - - [27/May/2023:11:47:35 -0500] "GET /BLA/boletinlegal/images/subscribe-icon-big.png HTTP/1.1" 200 47702
172.22.2.4 - - [27/May/2023:11:47:35 -0500] "GET /BLA/boletinlegal/images/historia.png HTTP/1.1" 200 52775
186.28.122.103 - - [27/May/2023:11:47:36 -0500] "POST /appsia/controlador HTTP/1.1" 200 12446
172.22.2.4 - - [27/May/2023:11:47:41 -0500] "GET /BLA/boletinlegal/img/select-right.png HTTP/1.1" 200 44019
172.22.2.4 - - [27/May/2023:11:47:42 -0500] "GET /BLA/boletinlegal/favicon.ico HTTP/1.1" 404 1326
172.22.2.4 - - [27/May/2023:11:47:44 -0500] "GET /BLA/boletinlegal/img/button-right.png HTTP/1.1" 200 57878
172.22.2.4 - - [27/May/2023:11:47:47 -0500] "GET /BLA/boletinlegal/img/button.png HTTP/1.1" 200 43241
191.156.56.187 - - [27/May/2023:11:47:46 -0500] "GET /BLA/resoluciones/ HTTP/1.1" 200 13502
172.22.2.4 - - [27/May/2023:11:47:50 -0500] "GET /BLA/boletinlegal/img/button-left.png HTTP/1.1" 200 57071
191.156.56.187 - - [27/May/2023:11:47:50 -0500] "GET /favicon.ico HTTP/1.1" 200 7782
108.174.5.113 - - [27/May/2023:11:47:53 -0500] "GET /se-viene-la-reciclaton-empresarial-%C3%82%C2%A1inscribete-y-participa.html HTTP/1.1" 206 993
216.245.221.92 - - [27/May/2023:11:48:06 -0500] "HEAD / HTTP/1.1" 200 -
191.156.56.187 - - [27/May/2023:11:47:58 -0500] "GET /BLA/resoluciones/index.php?dir=AUTOS+2017%2F HTTP/1.1" 200 469299
40.77.167.97 - - [27/May/2023:11:48:23 -0500] "GET /BLA/resoluciones/AUTOS%202021/3483.pdf HTTP/1.1" 304 -
172.22.2.4 - - [27/May/2023:11:46:53 -0500] "HEAD /BLA/boletinlegal/ HTTP/1.1" 200 -
172.22.2.4 - - [27/May/2023:11:47:44 -0500] "GET /BLA/boletinlegal/ HTTP/1.1" 200 54424
201.245.192.253 - - [27/May/2023:11:51:57 -0500] "POST /kwsrmcab/Wsrmcab  HTTP/1.1" 200 43526
66.249.70.207 - - [27/May/2023:11:52:26 -0500] "-" 408 -
216.245.221.92 - - [27/May/2023:11:53:06 -0500] "HEAD / HTTP/1.1" 200 -
172.22.2.4 - - [27/May/2023:11:52:43 -0500] "HEAD /BLA/boletinlegal/ HTTP/1.1" 200 -
69.171.251.6 - - [27/May/2023:11:55:05 -0500] "GET /images/adopcion-animales-2023-mayo-24_optimized.png HTTP/1.1" 200 175169
172.22.2.4 - - [27/May/2023:11:53:34 -0500] "GET /BLA/boletinlegal/ HTTP/1.1" 200 57561
40.77.167.97 - - [27/May/2023:11:56:44 -0500] "GET /BLA/resoluciones/RESOLUCIONES%202007/RES%202007%204101%20AL%204200/RESOLUCION%204200%20DE%202007.pdf HTTP/1.1" 304 -
201.245.192.253 - - [27/May/2023:11:56:56 -0500] "POST /kwsrmcab/Wsrmcab  HTTP/1.1" 200 43526
52.167.144.21 - - [27/May/2023:11:57:57 -0500] "GET /BLA/resoluciones/AUTOS%202021/2112.pdf HTTP/1.1" 304 -
216.245.221.92 - - [27/May/2023:11:58:06 -0500] "HEAD / HTTP/1.1" 200 -
186.155.16.249 - - [27/May/2023:11:58:31 -0500] "GET /convocatoria-conviertete-en-nuestro-corresponsal-ambiental-y-aporta-a-la-transformacion-de-tu-localidad.html HTTP/1.1" 200 818
190.24.73.188 - - [27/May/2023:11:58:44 -0500] "GET /BLA/resoluciones/AUTOS%202018/1339.pdf HTTP/1.1" 200 276875
172.22.2.4 - - [27/May/2023:11:58:33 -0500] "HEAD /BLA/boletinlegal/ HTTP/1.1" 200 -
172.22.2.4 - - [27/May/2023:11:59:24 -0500] "GET /BLA/boletinlegal/ HTTP/1.1" 200 57561
186.86.34.17 - - [27/May/2023:12:01:22 -0500] "GET /convocatoria-conviertete-en-nuestro-corresponsal-ambiental-y-aporta-a-la-transformacion-de-tu-localidad.html HTTP/1.1" 200 818
201.245.192.253 - - [27/May/2023:12:01:55 -0500] "POST /kwsrmcab/Wsrmcab  HTTP/1.1" 200 43526
69.171.231.5 - - [27/May/2023:12:01:58 -0500] "GET /images/Reciclaton-2023.jpg HTTP/1.1" 200 68883
216.245.221.92 - - [27/May/2023:12:03:06 -0500] "HEAD / HTTP/1.1" 200 -
172.22.2.4 - - [27/May/2023:12:03:28 -0500] "GET /BLA/boletinlegal/normativa.php HTTP/1.1" 200 8343
172.22.2.4 - - [27/May/2023:12:03:29 -0500] "GET /BLA/boletinlegal/styles2.css HTTP/1.1" 200 1838
172.22.2.4 - - [27/May/2023:12:03:29 -0500] "GET /BLA/boletinlegal/niceforms-default.css HTTP/1.1" 200 6694
172.22.2.4 - - [27/May/2023:12:03:30 -0500] "GET /BLA/boletinlegal/style.css HTTP/1.1" 200 9406
172.22.2.4 - - [27/May/2023:12:03:30 -0500] "GET /BLA/boletinlegal/niceforms.js HTTP/1.1" 200 22876
172.22.2.4 - - [27/May/2023:12:03:30 -0500] "GET /BLA/boletinlegal/js/ajax_normativa.js HTTP/1.1" 200 1154
172.22.2.4 - - [27/May/2023:12:04:23 -0500] "HEAD /BLA/boletinlegal/ HTTP/1.1" 200 -
172.22.2.4 - - [27/May/2023:12:05:14 -0500] "GET /BLA/boletinlegal/ HTTP/1.1" 200 54808
201.245.192.253 - - [27/May/2023:12:06:54 -0500] "POST /kwsrmcab/Wsrmcab  HTTP/1.1" 200 43526
216.245.221.92 - - [27/May/2023:12:08:06 -0500] "HEAD / HTTP/1.1" 200 -
172.22.2.4 - - [27/May/2023:12:10:13 -0500] "HEAD /BLA/boletinlegal/ HTTP/1.1" 200 -
201.245.192.253 - - [27/May/2023:12:11:53 -0500] "POST /kwsrmcab/Wsrmcab  HTTP/1.1" 200 43526
172.22.2.4 - - [27/May/2023:12:11:04 -0500] "GET /BLA/boletinlegal/ HTTP/1.1" 200 57151
216.245.221.92 - - [27/May/2023:12:13:06 -0500] "HEAD / HTTP/1.1" 200 -
186.84.20.114 - - [27/May/2023:12:13:55 -0500] "GET /galeria/galeria/jquery.fancybox.css?v=2.1.5 HTTP/1.1" 200 4895
186.84.20.114 - - [27/May/2023:12:13:55 -0500] "GET /BLA/boletinlegal/js/jquery.scrollShow.js HTTP/1.1" 200 4586
186.84.20.114 - - [27/May/2023:12:13:55 -0500] "GET /galeria/galeria/jquery.fancybox.js?v=2.1.5 HTTP/1.1" 200 48706
201.245.192.253 - - [27/May/2023:12:16:52 -0500] "POST /kwsrmcab/Wsrmcab  HTTP/1.1" 200 43526
172.22.2.4 - - [27/May/2023:12:16:03 -0500] "HEAD /BLA/boletinlegal/ HTTP/1.1" 200 -
216.245.221.92 - - [27/May/2023:12:18:06 -0500] "HEAD / HTTP/1.1" 200 -
172.22.2.4 - - [27/May/2023:12:16:53 -0500] "GET /BLA/boletinlegal/ HTTP/1.1" 200 57151
190.242.113.150 - - [27/May/2023:12:19:03 -0500] "GET /galeria/galeria/jquery.fancybox.css?v=2.1.5 HTTP/1.1" 200 4895
190.242.113.150 - - [27/May/2023:12:19:03 -0500] "GET /BLA/boletinlegal/js/jquery.scrollShow.js HTTP/1.1" 200 4586
190.242.113.150 - - [27/May/2023:12:19:03 -0500] "GET /galeria/galeria/jquery.fancybox.js?v=2.1.5 HTTP/1.1" 200 48706
201.245.192.253 - - [27/May/2023:12:19:06 -0500] "POST /kwsrmcab/Wsrmcab HTTP/1.1" 200 42173
201.245.192.253 - - [27/May/2023:12:19:08 -0500] "POST /kwsrmcab/Wsrmcab HTTP/1.1" 200 44134
66.249.75.170 - - [27/May/2023:12:19:55 -0500] "-" 408 -
173.252.107.3 - - [27/May/2023:12:20:20 -0500] "GET /bogota-region-unidos-por-la-proteccion-y-el-cuidado-del-agua.html HTTP/1.1" 206 824
201.245.192.253 - - [27/May/2023:12:21:52 -0500] "POST /kwsrmcab/Wsrmcab  HTTP/1.1" 200 43526
216.245.221.92 - - [27/May/2023:12:23:06 -0500] "HEAD / HTTP/1.1" 200 -
172.22.2.4 - - [27/May/2023:12:21:53 -0500] "HEAD /BLA/boletinlegal/ HTTP/1.1" 200 -
172.22.2.4 - - [27/May/2023:12:22:43 -0500] "GET /BLA/boletinlegal/ HTTP/1.1" 200 57151
186.102.64.157 - - [27/May/2023:12:25:05 -0500] "GET /kwssiamovil/sm/acme/a?s=U2FsdGVkX1+o97xfwL9ExiF4pCJdvTrJ86jMn6i5of/K7N1SvlxAiNsnFm5WAUyHx1Z7/S7pEqG9FZTGi6zcZhkLQQn3cQCz+e5q6LYLnKWseZ3DyQRUnXVPI7LIh+sBOioxVSCYRxUlhJtgnijALxtW2MhxE74tw7X76nCEgrI5CuHmwG/EmpcEcGmscgtJODLoOLRco5jILnBU0xU05pVg2vjhXg3eiu28G4ZnvuYsEyg462ohnRzpIKBtW852Xnjm+fJrYxHxjpDoAgvLCQ==&u=U2FsdGVkX18KZP/feVcF8jn/y9rcnsWtdeiP6Q62sQH4YU+8mn6i8PSP0G5z0613&y=U2FsdGVkX18RvNECuyNWQB7QWd+iJC7Z6WYDPVQOWZYQnV0jG0leuYFYU9WcTRZn HTTP/1.1" 200 26
186.102.64.157 - - [27/May/2023:12:25:06 -0500] "GET /kwssiamovil/sm/acme/a?s=U2FsdGVkX18NnZzH8R5pNDZaWu0/4k32NMWVVWw1tA30LRDjA5tDT935hnWir5eH0XFV6uSQ8FzlPM++vbyFSrS/raY/bt7o9U1jN4VpHSeC0XREyw8MG4ZZ/DcUqEfkfwgnqMP/W5ddNDL1YHUnLo/ui3VKnzA2bXiAdXORNodIXyK8QIjBOfFG78VdU+uwsIc44ZembdS6cvKwDJTny3qfM0nrT3SAxL5PahXKJyFduz7Q4QHTk+UfSBPYB/9uvjvG1DxhYu64zcYJBy9JQA3GpocKxHp1fepHkWORy6R7bVkuyDmckdp5DIQqnLf0f6DDPENbID8UI4uZK+3JCLAzIlExyTyfqPsm2eo34hBGIXi8EPrRWhVHq2txfKE5Z+AsKm5wplcVLLo09B/MTbVod3nc6andU0X+G/zvgYlKALIJnPG9bUOnZGseqU5O4YplgqccMY5clts39mK2qN7ftpBUe7qyOxz9oKt00YEt1Jl4NmCKJzReQibhDQgH0dRuR0FknKWz4zyqPTg1vJr/mKxE0BlMA8j8BYzQpJKyi8wLZFIZGbbd7gXe0EBZTmL5v3VXP18OWeBkR+9SsAgQ1yDcB0ePFb1eQ/ZL5Wxktlql1xe+Myb06ZgxIz1AYLcnXup/Uzm8pYzr9lWGswxDdnuf3UuQaC+SNPVO1oc+rCtoFgtrc03RXieTDSkHcj94S47HsuL+KAnS5PhieOCc7a/wNAGTOD1w7Ixd+RsEEoWtwjpNYx0Crj2ilf6HKoSy7GgTlAupWL94wLQn08+tjnZKbKp52w8KyC+4R0XzZr3ZMwKX6cTTZvhswzP0RDk6gSy7iXHQPB7HqAfxQcYgXsvRvP86EsTTjnzacTvsWMhyBpz731OpTT6FH4B+2cXKBt+DK9YCfCbhUCZf48iSnjb5FiDI0R/KDrcfYEYi8FQAsDoK1VvrqP8W3YhHkthkVFuL150nb75SyfDw1AWUYtRxpv1N5F11kdquEp0zy+NgyIr0jPa7iQKmYb81z8iHYbP011g2JRwxHxLiG/SHllffpEshoC8e5qvdrzgZGY0yjmuBC8DXxvwrmbNiG3sCb1P6NPGXXFjMk/fn+dyB5FrF1qm8duqYJyJiux7a1XDJ4iIst3Og3txetTp0Kpp1LXb80qvzAMNw//q9G4MuGbB3zVZs5KQ0PNN1FhEQ/mv0/GEpd99yiylSuS8j8QN+H1h7/RFIny554HB1jVP0UL2nGXvuXG76ZHiji1ghSYmRBcGTPJAy9Oqw9mvvcBOgJAsrlBqF+Q7eIjzpTyu4qAiUZGHJ3RF4NFJGd9SsxUNugs/lj5y4EqZhDrcmPojV1Lhd0BQBw7UYhE39e9wjPD8oW8OYeb49t+SLRwDiv2xRx5p3MHiopv0mTYB51wYv+cbcyXGVxpds+8ZVk86mR5uX/FtP2Rf/LhqNjAyMpGVMzhinsHpvFDJFf1nHHZx1Fv8br4D+3m7aUI0hnW/bdQOigKzUQ5r/Gb0l4PaTl7aePCuEcimGQBUGrl+X4rDpU4rG5LWQ0/GvPHyTvCPwsZiwtF75twjVA6izobubUQoC9g2jj4T4PpZgqMyFsU9igKq2OTQvj5qQGNhOpcvMQE4zYsK2i70rNVbFv+PgCfe3RAYToCQqyWmFL4mG5AEce2oxv0PvN/34vs1mDWaVI5tJnScrjAbn+1dr4mykeIn28VfoaJNDNhG7MJyzuXMl66eAfnzq3nVV04PSAjzSMnpJl4s+a2BRWAOkgNWCYBJ7ap/2CLIu09AclV5WxgpwogLWLhVGrdUkTCA2Fo/W+i2urXNvnSsUVtLAzAHgq4scESh3ij33S/qYj6mfj4aeHhPsjsZ5zeL4J6WiylMNdt6B9BK8gRY5lHMX4KYpV/ubDSU+evpqTEz6O+rfOcbotKHYpNon/x2W6+nNdCiBMC321xteSSkKL01zwTIwfxGgqR6n65Km+9+TUTCauftf9IvdP/UKqLwCB5QZ1beR29678UXKA2vXLiWOkkOvInYBsCvX8mFVPKOHKUrrr3g8mu0tPOl6T4SPP8zrZqsZ4JpCd/9rW0H5ZdDuz/8TNZMPu6W+LQBfWeqt+8YSjdxGdp9F4kwG9xborDyaIcN6r7EFPVrHEEbvjC6LTxsEx3UsKVQYb/bp0O/PWxtwNq0DVDDRAmBPRLQQO4v3RHVTcUEql+m8EavE9vduseIammnJwoDorkXaXVBPdQj8l8UX1fipokkTN374UvLpteJTOQlvdXaRpnpfGmKdK19VEKKidhOa/D2yOJgQ5V6sbMBXMw4hBsFJQOFwjTFy7YVWZHy2ryNS7/UUdmyx7MSDe0JHOKVkdyTZA2wZMtxIq+vyvlzUhIWE6K2Y376JyVWJ29qSY0eLx01+smiCdyE97j75pxNWct1lSmKEhyhCQssgSYJ+HEjhKEdmHs4Ao1Qi48fNO6qK6QvHcQtOkU7VKhBKuGYkHHGxUAl+r8pSlwE7r/A7sZiciDPzMnqfY7G4/ODuYy1/UCzsbHMWVcK6+C7+hrTmAv7lD33Nq8Jcre8D4qhr+NHjdzkjF0Vikn3Ut3HyoBACmSQyTvWLX1QZhCaZn/XQzop7qlepYDbGs1MGO3hSKxaEibXLbb1Y8fwHcAtccMq/DgKYbvslWeKH3dMc5+gR4i/nrZ3XoqgKOY0jQo/+b9LKNjoprEzKBEtm11Xd9xDQnVXC8twYmRcaxbgSmGUn/i83Yrgqiw88SV1hfgYnqbcitc57+FyEQZPAW0H+krVwJ9I2UAIcxytkNtKNGMiGDOE7hkHYrDZLIJfIWsMXZwjPvEheogO/KLYpjH6jSTOycBXZrZrTNkqVrfyVwLkmuw7A/ddWhqzF5/Aq0DHX8aRGGP4vEccHRyfUBJJWncKDUbO/2HTyoVBatRsKa9SSyzfgWcWiM0sWC1cZHsviOjINB351euOqsW4tBdEUjFVdsLPpJag34vaNB7ORGXGSH2JdfbHzFRuM&u=U2FsdGVkX18KZP/feVcF8jn/y9rcnsWtdeiP6Q62sQH4YU+8mn6i8PSP0G5z0613&y=U2FsdGVkX18RvNECuyNWQB7QWd+iJC7Z6WYDPVQOWZYQnV0jG0leuYFYU9WcTRZn HTTP/1.1" 200 26
186.102.64.157 - - [27/May/2023:12:25:06 -0500] "GET /kwssiamovil/sm/acme/a?s=U2FsdGVkX18AehUmrvJ8VeYUwwjvdJpPYcxFzYhU/jyHKhi56GK8d3MiSvgjbuV3uY10fSq9Qd7Jvax3KWFdTgmrYrCoQqqs6mUiMTfj2i+ruUGSpQ9LDXvwyY3zpWJpEbfgE2LeybOPRjKN5N3UnbIWHZpjT5u7H+z3Q3G1lwA=&u=U2FsdGVkX18KZP/feVcF8jn/y9rcnsWtdeiP6Q62sQH4YU+8mn6i8PSP0G5z0613&y=U2FsdGVkX18RvNECuyNWQB7QWd+iJC7Z6WYDPVQOWZYQnV0jG0leuYFYU9WcTRZn HTTP/1.1" 200 26
186.102.64.157 - - [27/May/2023:12:25:06 -0500] "GET /kwssiamovil/sm/acme/a?s=U2FsdGVkX1/FtkCUZBOgpnlxkUUZtwM6p9aCviNRL5vPPijR2D65hA697MHCtqs2sPIYJcueBWKh8VJRypMvSj/H5NAyABSczWHBW/+NGQExZmSfc9UE1FkLaqR3Ayb7PsGb0Beb6eVoyr3gb4xjTrObQ67A8rQtEaszW1w34Qo=&u=U2FsdGVkX18KZP/feVcF8jn/y9rcnsWtdeiP6Q62sQH4YU+8mn6i8PSP0G5z0613&y=U2FsdGVkX18RvNECuyNWQB7QWd+iJC7Z6WYDPVQOWZYQnV0jG0leuYFYU9WcTRZn HTTP/1.1" 200 26
186.102.64.157 - - [27/May/2023:12:25:07 -0500] "GET /kwssiamovil/sm/acme/a?s=U2FsdGVkX1+DOnn1YakUEGHPNWQh/Qji4GK1pcBhtBVZBAd2KTSqb7tolnbdAbypQdoa7443ZvRoELCZuQ/0kGIP9Og0iqohKsodTP8gOUf0TA/iZf4yHcwUeNC3zYCzcAcVP9hXx6Jz4LqlozffXq/HQSOTx0JO341E+NH1SAw=&u=U2FsdGVkX18KZP/feVcF8jn/y9rcnsWtdeiP6Q62sQH4YU+8mn6i8PSP0G5z0613&y=U2FsdGVkX18RvNECuyNWQB7QWd+iJC7Z6WYDPVQOWZYQnV0jG0leuYFYU9WcTRZn HTTP/1.1" 200 26
186.102.64.157 - - [27/May/2023:12:25:07 -0500] "GET /kwssiamovil/sm/acme/a?s=U2FsdGVkX1+JYjGa4WjxkAc0SsSLw/x9zWQU8Iiahf7b0K6yNM1GxtVanVQj9vrSe6s8P1igVvr9GHyDitPtUA5j9Co4xzRSZslx/jcKeqOBM2N6P+SYkj0dfE6XU8SptSVxFzjXUExj+sr58aZOUB8Ugj8nojw7LwpThFsqtkhORFJ5Tyofszr/kgdYEZwC99d/RqZX3uzw77AkmCC1cA==&u=U2FsdGVkX18KZP/feVcF8jn/y9rcnsWtdeiP6Q62sQH4YU+8mn6i8PSP0G5z0613&y=U2FsdGVkX18RvNECuyNWQB7QWd+iJC7Z6WYDPVQOWZYQnV0jG0leuYFYU9WcTRZn HTTP/1.1" 200 26
191.156.144.179 - - [27/May/2023:12:26:43 -0500] "GET /reciclaton-empresarial-2023-como-inscribirse-a-la-primera-jornada-del-ano.html HTTP/1.1" 200 705
66.249.75.168 - - [27/May/2023:12:26:51 -0500] "-" 408 -
201.245.192.253 - - [27/May/2023:12:26:51 -0500] "POST /kwsrmcab/Wsrmcab  HTTP/1.1" 200 43526
216.245.221.92 - - [27/May/2023:12:28:06 -0500] "HEAD / HTTP/1.1" 200 -
201.245.192.253 - - [27/May/2023:12:29:06 -0500] "POST /kwsrmcab/Wsrmcab HTTP/1.1" 200 42173
201.245.192.253 - - [27/May/2023:12:29:08 -0500] "GET /kwsrmcab/Wsrmcab?wsdl HTTP/1.1" 200 6948
201.245.192.253 - - [27/May/2023:12:29:09 -0500] "POST /kwsrmcab/Wsrmcab HTTP/1.1" 200 44134
172.22.2.4 - - [27/May/2023:12:27:43 -0500] "HEAD /BLA/boletinlegal/ HTTP/1.1" 200 -
172.22.2.4 - - [27/May/2023:12:28:33 -0500] "GET /BLA/boletinlegal/ HTTP/1.1" 200 52326
200.118.60.4 - - [27/May/2023:12:30:27 -0500] "GET /galeria/galeria/jquery.fancybox.css?v=2.1.5 HTTP/1.1" 200 4895
200.118.60.4 - - [27/May/2023:12:30:27 -0500] "GET /BLA/boletinlegal/js/jquery.scrollShow.js HTTP/1.1" 200 4586
200.118.60.4 - - [27/May/2023:12:30:27 -0500] "GET /galeria/galeria/jquery.fancybox.js?v=2.1.5 HTTP/1.1" 200 48706
201.245.192.253 - - [27/May/2023:12:31:50 -0500] "POST /kwsrmcab/Wsrmcab  HTTP/1.1" 200 43526
216.245.221.92 - - [27/May/2023:12:33:06 -0500] "HEAD / HTTP/1.1" 200 -
17.139.101.168 - - [27/May/2023:12:34:03 -0500] "GET /galeria/galeria/fotos/Humedal-la-conejera2P.jpg HTTP/1.1" 200 31007
173.252.111.1 - - [27/May/2023:12:34:30 -0500] "GET /images/Archivo%20pacto%20aire%2023%20enero.jpeg HTTP/1.1" 200 28889
173.252.111.119 - - [27/May/2023:12:34:31 -0500] "GET /images/Musgo%20SDA%20(1)%20(1).png HTTP/1.1" 200 302122
173.252.111.117 - - [27/May/2023:12:34:32 -0500] "GET /images/reciclaton-mayo-3-mayo.jpg HTTP/1.1" 200 278453
172.22.2.4 - - [27/May/2023:12:34:44 -0500] "GET /BLA/boletinlegal/robots.txt HTTP/1.1" 404 1038
172.22.2.4 - - [27/May/2023:12:34:50 -0500] "GET /BLA/boletinlegal/actos.php HTTP/1.1" 200 9682
172.22.2.4 - - [27/May/2023:12:33:33 -0500] "HEAD /BLA/boletinlegal/ HTTP/1.1" 200 -
172.22.2.4 - - [27/May/2023:12:34:24 -0500] "GET /BLA/boletinlegal/ HTTP/1.1" 200 57151
201.245.192.253 - - [27/May/2023:12:36:49 -0500] "POST /kwsrmcab/Wsrmcab  HTTP/1.1" 200 43526
172.22.2.4 - - [27/May/2023:12:37:03 -0500] "GET /BLA/boletinlegal/actos.php HTTP/1.1" 200 9682
186.29.181.165 - - [27/May/2023:12:37:05 -0500] "GET /BLA/resoluciones/ HTTP/1.1" 200 13502
186.29.181.165 - - [27/May/2023:12:37:09 -0500] "GET /BLA/resoluciones/index.php?dir=AUTOS+2022%2F HTTP/1.1" 200 496066
40.77.167.97 - - [27/May/2023:12:37:28 -0500] "GET /BLA/resoluciones/AUTOS%202021/4458.pdf HTTP/1.1" 304 -
172.22.2.4 - - [27/May/2023:12:37:02 -0500] "GET /BLA/boletinlegal/ HTTP/1.1" 200 24523
216.245.221.92 - - [27/May/2023:12:38:06 -0500] "HEAD / HTTP/1.1" 200 -
172.22.2.4 - - [27/May/2023:12:38:24 -0500] "GET /BLA/boletinlegal/apple-touch-icon-precomposed.png HTTP/1.1" 404 1140
