119.12.206.50 - - [27/May/2023:15:22:17 -0500] "GET /sin-raza-pero-con-casa-nuevas-jornadas-de-adopcion-en-el-distrito.html HTTP/1.1" 200 742
213.188.87.93 - - [27/May/2023:15:22:17 -0500] "GET /olga-romero-una-mujer-que-reverdece-con-corazon-inquieto-que-encontro-en-el-reciclaje-su-pasion.html HTTP/1.1" 200 798
216.245.221.92 - - [27/May/2023:15:23:05 -0500] "HEAD / HTTP/1.1" 200 -
172.22.2.4 - - [27/May/2023:15:22:43 -0500] "HEAD /BLA/boletinlegal/ HTTP/1.1" 200 -
172.22.2.4 - - [27/May/2023:15:23:33 -0500] "GET /BLA/boletinlegal/ HTTP/1.1" 200 52326
201.245.192.253 - - [27/May/2023:15:26:11 -0500] "POST /kwsrmcab/Wsrmcab  HTTP/1.1" 200 43526
181.53.13.252 - - [27/May/2023:15:26:14 -0500] "GET /BLA/resoluciones/ HTTP/1.1" 200 13502
181.53.13.252 - - [27/May/2023:15:26:16 -0500] "GET /BLA/resoluciones/index.php?dir=AUTOS+2018%2F HTTP/1.1" 200 459430
181.53.13.252 - - [27/May/2023:15:26:16 -0500] "GET /BLA/resoluciones/dlf/archive.png HTTP/1.1" 200 632
216.245.221.92 - - [27/May/2023:15:28:05 -0500] "HEAD / HTTP/1.1" 200 -
40.77.167.97 - - [27/May/2023:15:28:37 -0500] "GET /Residuos/pinturas/files/guia_pinturas.pdf HTTP/1.1" 304 -
201.245.192.253 - - [27/May/2023:15:29:05 -0500] "POST /kwsrmcab/Wsrmcab HTTP/1.1" 200 43853
201.245.192.253 - - [27/May/2023:15:29:08 -0500] "POST /kwsrmcab/Wsrmcab HTTP/1.1" 200 44120
66.249.75.168 - - [27/May/2023:15:29:17 -0500] "-" 408 -
185.92.73.113 - - [27/May/2023:15:29:36 -0500] "GET /.git/config HTTP/1.1" 404 1018
172.22.2.4 - - [27/May/2023:15:28:33 -0500] "HEAD /BLA/boletinlegal/ HTTP/1.1" 200 -
146.190.90.28 - - [27/May/2023:15:30:28 -0500] "HEAD /portaldeninos/ HTTP/1.1" 200 -
146.190.90.28 - - [27/May/2023:15:30:29 -0500] "GET /portaldeninos/ HTTP/1.1" 200 110201
172.22.2.4 - - [27/May/2023:15:30:42 -0500] "HEAD /BLA/boletinlegal/actos.php HTTP/1.1" 200 -
172.22.2.4 - - [27/May/2023:15:30:43 -0500] "GET /BLA/boletinlegal/actos.php HTTP/1.1" 200 9682
172.22.2.4 - - [27/May/2023:15:29:23 -0500] "GET /BLA/boletinlegal/ HTTP/1.1" 200 55221
201.245.192.253 - - [27/May/2023:15:31:10 -0500] "POST /kwsrmcab/Wsrmcab  HTTP/1.1" 200 43526
216.245.221.92 - - [27/May/2023:15:33:05 -0500] "HEAD / HTTP/1.1" 200 -
172.22.2.4 - - [27/May/2023:15:33:07 -0500] "GET /BLA/boletinlegal/ HTTP/1.1" 200 60506
172.22.2.4 - - [27/May/2023:15:35:28 -0500] "GET /BLA/boletinlegal/jurisprudencia/analisis/AnalisisT-606-15.docx HTTP/1.1" 200 26698
172.22.2.4 - - [27/May/2023:15:35:28 -0500] "GET /BLA/boletinlegal/apple-touch-icon-120x120-precomposed.png HTTP/1.1" 404 1140
172.22.2.4 - - [27/May/2023:15:35:28 -0500] "GET /BLA/boletinlegal/apple-touch-icon-120x120.png HTTP/1.1" 404 1140
172.22.2.4 - - [27/May/2023:15:35:28 -0500] "GET /BLA/boletinlegal/apple-touch-icon-precomposed.png HTTP/1.1" 404 1140
172.22.2.4 - - [27/May/2023:15:35:28 -0500] "GET /BLA/boletinlegal/apple-touch-icon.png HTTP/1.1" 404 1140
172.22.2.4 - - [27/May/2023:15:35:28 -0500] "GET /BLA/boletinlegal/favicon.ico HTTP/1.1" 404 1140
172.22.2.4 - - [27/May/2023:15:35:28 -0500] "GET /BLA/boletinlegal/apple-touch-icon-120x120-precomposed.png HTTP/1.1" 404 1140
172.22.2.4 - - [27/May/2023:15:35:28 -0500] "GET /BLA/boletinlegal/apple-touch-icon-120x120.png HTTP/1.1" 404 1140
172.22.2.4 - - [27/May/2023:15:35:29 -0500] "GET /BLA/boletinlegal/apple-touch-icon-precomposed.png HTTP/1.1" 404 1140
172.22.2.4 - - [27/May/2023:15:35:29 -0500] "GET /BLA/boletinlegal/apple-touch-icon.png HTTP/1.1" 404 1140
172.22.2.4 - - [27/May/2023:15:35:29 -0500] "GET /BLA/boletinlegal/favicon.ico HTTP/1.1" 404 1140
186.102.100.135 - - [27/May/2023:15:35:30 -0500] "GET /galeria/galeria/jquery.fancybox.css?v=2.1.5 HTTP/1.1" 200 4895
186.102.100.135 - - [27/May/2023:15:35:30 -0500] "GET /BLA/boletinlegal/js/jquery.scrollShow.js HTTP/1.1" 200 4586
186.102.100.135 - - [27/May/2023:15:35:30 -0500] "GET /galeria/galeria/jquery.fancybox.js?v=2.1.5 HTTP/1.1" 200 48706
173.252.95.1 - - [27/May/2023:15:35:33 -0500] "GET /un-animal-adulto-espera-renacer-de-tu-mano-adopta.html HTTP/1.1" 200 1028
173.252.95.9 - - [27/May/2023:15:35:33 -0500] "GET /un-animal-adulto-espera-renacer-de-tu-mano-adopta.html HTTP/1.1" 200 1028
172.22.2.4 - - [27/May/2023:15:34:23 -0500] "HEAD /BLA/boletinlegal/ HTTP/1.1" 200 -
186.29.248.107 - - [27/May/2023:15:36:04 -0500] "GET /BLA/boletinlegal/style.css HTTP/1.1" 200 9406
186.29.248.107 - - [27/May/2023:15:36:04 -0500] "GET /BLA/boletinlegal/styles2.css HTTP/1.1" 200 1838
186.29.248.107 - - [27/May/2023:15:36:04 -0500] "GET /BLA/boletinlegal/js/jquery.js HTTP/1.1" 200 57254
186.29.248.107 - - [27/May/2023:15:36:04 -0500] "GET /BLA/boletinlegal/js/jquery.scrollTo-min.js HTTP/1.1" 200 1150
186.29.248.107 - - [27/May/2023:15:36:04 -0500] "GET /BLA/boletinlegal/js/jquery.scrollShow.js HTTP/1.1" 200 4586
186.29.248.107 - - [27/May/2023:15:36:04 -0500] "GET /BLA/boletinlegal/images/cabezote%20BLEGAL.jpg HTTP/1.1" 200 118164
186.29.248.107 - - [27/May/2023:15:36:04 -0500] "GET /BLA/boletinlegal/images/subscribe-icon-big.png HTTP/1.1" 200 47702
186.29.248.107 - - [27/May/2023:15:36:04 -0500] "GET /BLA/boletinlegal/images/historia.png HTTP/1.1" 200 52775
186.29.248.107 - - [27/May/2023:15:36:04 -0500] "GET /BLA/boletinlegal/images/arr_l.jpg HTTP/1.1" 200 1979
186.29.248.107 - - [27/May/2023:15:36:04 -0500] "GET /BLA/boletinlegal/images/registro-usuarios.png HTTP/1.1" 200 8106
186.29.248.107 - - [27/May/2023:15:36:04 -0500] "GET /BLA/boletinlegal/images/screen_1.png HTTP/1.1" 200 202547
186.29.248.107 - - [27/May/2023:15:36:04 -0500] "GET /BLA/boletinlegal/images/launch.jpg HTTP/1.1" 200 14577
186.29.248.107 - - [27/May/2023:15:36:04 -0500] "GET /BLA/boletinlegal/images/body_bg.jpg HTTP/1.1" 200 1601
186.29.248.107 - - [27/May/2023:15:36:04 -0500] "GET /BLA/boletinlegal/images/menu_lft.gif HTTP/1.1" 200 1713
186.29.248.107 - - [27/May/2023:15:36:04 -0500] "GET /BLA/boletinlegal/images/bg_top.jpg HTTP/1.1" 200 522
186.29.248.107 - - [27/May/2023:15:36:04 -0500] "GET /BLA/boletinlegal/images/menu_bg.jpg HTTP/1.1" 200 620
186.29.248.107 - - [27/May/2023:15:36:04 -0500] "GET /BLA/boletinlegal/images/text.jpg HTTP/1.1" 200 568
186.29.248.107 - - [27/May/2023:15:36:04 -0500] "GET /BLA/boletinlegal/images/hover.jpg HTTP/1.1" 200 640
186.29.248.107 - - [27/May/2023:15:36:04 -0500] "GET /BLA/boletinlegal/images/menu_rght.gif HTTP/1.1" 200 1627
186.146.152.233 - - [27/May/2023:15:36:11 -0500] "GET /galeria/galeria/jquery.fancybox.css?v=2.1.5 HTTP/1.1" 200 4895
186.146.152.233 - - [27/May/2023:15:36:11 -0500] "GET /BLA/boletinlegal/js/jquery.scrollShow.js HTTP/1.1" 200 4586
186.146.152.233 - - [27/May/2023:15:36:11 -0500] "GET /galeria/galeria/jquery.fancybox.js?v=2.1.5 HTTP/1.1" 200 48706
201.245.192.253 - - [27/May/2023:15:36:09 -0500] "POST /kwsrmcab/Wsrmcab  HTTP/1.1" 200 43526
186.29.248.107 - - [27/May/2023:15:36:12 -0500] "GET /BLA/boletinlegal/images/screen_2.png HTTP/1.1" 200 362502
186.29.248.107 - - [27/May/2023:15:36:12 -0500] "GET /BLA/boletinlegal/images/screen_3.png HTTP/1.1" 200 210620
186.29.248.107 - - [27/May/2023:15:36:12 -0500] "GET /BLA/boletinlegal/images/screen_5.png HTTP/1.1" 200 368876
186.29.248.107 - - [27/May/2023:15:36:12 -0500] "GET /BLA/boletinlegal/images/arr_r.jpg HTTP/1.1" 200 1998
186.29.248.107 - - [27/May/2023:15:36:12 -0500] "GET /BLA/boletinlegal/images/footer_bg.jpg HTTP/1.1" 200 586
186.29.248.107 - - [27/May/2023:15:36:15 -0500] "GET /BLA/boletinlegal/conceptos.php HTTP/1.1" 200 7496
186.29.248.107 - - [27/May/2023:15:36:15 -0500] "GET /BLA/boletinlegal/niceforms.js HTTP/1.1" 200 22876
186.29.248.107 - - [27/May/2023:15:36:15 -0500] "GET /BLA/boletinlegal/niceforms-default.css HTTP/1.1" 200 6694
186.29.248.107 - - [27/May/2023:15:36:15 -0500] "GET /BLA/boletinlegal/images/tel.png HTTP/1.1" 200 14477
186.29.248.107 - - [27/May/2023:15:36:15 -0500] "GET /BLA/boletinlegal/images/icono-email.png HTTP/1.1" 200 5544
186.29.248.107 - - [27/May/2023:15:36:15 -0500] "GET /BLA/boletinlegal/js/ajax_conceptos.js HTTP/1.1" 200 1326
186.29.248.107 - - [27/May/2023:15:36:15 -0500] "GET /BLA/boletinlegal/images/footer_bg_l.jpg HTTP/1.1" 200 776
186.29.248.107 - - [27/May/2023:15:36:15 -0500] "GET /BLA/boletinlegal/img/0.png HTTP/1.1" 200 110
186.29.248.107 - - [27/May/2023:15:36:15 -0500] "GET /BLA/boletinlegal/img/select-left.png HTTP/1.1" 200 263
186.29.248.107 - - [27/May/2023:15:36:15 -0500] "GET /BLA/boletinlegal/img/select-right.png HTTP/1.1" 200 44019
186.29.248.107 - - [27/May/2023:15:36:15 -0500] "GET /BLA/boletinlegal/img/button.png HTTP/1.1" 200 43241
186.29.248.107 - - [27/May/2023:15:36:15 -0500] "GET /BLA/boletinlegal/img/button-left.png HTTP/1.1" 200 57071
186.29.248.107 - - [27/May/2023:15:36:15 -0500] "GET /BLA/boletinlegal/img/button-right.png HTTP/1.1" 200 57878
186.29.248.107 - - [27/May/2023:15:36:23 -0500] "GET /BLA/boletinlegal/actos.php HTTP/1.1" 200 9682
186.29.248.107 - - [27/May/2023:15:36:23 -0500] "GET /BLA/boletinlegal/js/jquery1.js HTTP/1.1" 200 29846
186.29.248.107 - - [27/May/2023:15:36:23 -0500] "GET /BLA/boletinlegal/js/lib.js HTTP/1.1" 200 6474
186.29.248.107 - - [27/May/2023:15:36:23 -0500] "GET /BLA/boletinlegal/js/popup.js HTTP/1.1" 200 1270
186.29.248.107 - - [27/May/2023:15:36:23 -0500] "GET /BLA/boletinlegal/images/green-yellow-blue-pink-th.png HTTP/1.1" 200 7394
186.29.248.107 - - [27/May/2023:15:36:23 -0500] "GET /BLA/boletinlegal/js/ajax_actos.js HTTP/1.1" 200 1322
186.29.248.107 - - [27/May/2023:15:36:04 -0500] "GET /BLA/boletinlegal/index.php HTTP/1.1" 200 20427
186.102.88.154 - - [27/May/2023:15:36:50 -0500] "GET /kwssiamovil/sm/acme/a?s=U2FsdGVkX1924pPqPCVAlU5H6wj1vW0dLXOgFYvzypB7NEVIQWKx19dUNVHwBBfMKkm6rKoayRsPky1c4kD87gAKWep5+XKgcMTfXvoNixoZGVWfWlmk4ukklga108souktDnPimny6/vEfHKnVWRKHZfvP52SLSbP3m0SDiOEEAR/UCRF+VKd49k7iE8kM2Hq4QY7D+1CE9DbFnis71tKecEtOm8ybqyFaCgjwEXiXfDhaO2EM+J1WtUVi/0eY98RyuQKCVmSANZm1rrjR6zg==&u=U2FsdGVkX18KZP/feVcF8jn/y9rcnsWtdeiP6Q62sQH4YU+8mn6i8PSP0G5z0613&y=U2FsdGVkX18RvNECuyNWQB7QWd+iJC7Z6WYDPVQOWZYQnV0jG0leuYFYU9WcTRZn HTTP/1.1" 200 26
186.102.88.154 - - [27/May/2023:15:36:50 -0500] "GET /kwssiamovil/sm/acme/a?s=U2FsdGVkX1+a8rbQcoQB3LUKrwipfGG36Ccl3K76KjbI+CVFGVq8OqmxG83M+24Fl6ht4MnjY/JmArjfUF2f8DeZ1HvcafnjeUTFT5VWjOxJqAVtFq8oz6bZPkUywMb34T0jTNlR5vkHV+9JezXzhi8YXE3YdVHA4I1QRpE98sHGKj12+lzmeDlg3dKL1BDrE9YaNNO0c5BqbWK+BAw3EK3RgryCmkXFDbYx3Vuk7idtsthUQRDblxXsktIVhbgUJORCTZGiyktciH2juApngn96hHbV77Ok54yMhklmy0+RtRGKUvcz5T5rrp+0EmyAsns+LCYq6mrmv2INB6FPF4QRiURL/wCJRKigtlQK0ljWquGK7tuae5PBABVUnLleaUWNM+cBUjYHsQze1Rt+2c6W5rQv3kfLobMFTWuVxOcHTFuuvqDU6p6+hld8vEf8fxJCJ/gyLi2i55ZuZjnMUhkJ4p0z9Q3KNpkh6twkXpyyxa9jnPFoc2S4yzpRbOw1NyP3Sev93wbXYnXkzI0OA/qdqN1z4otVcGbgvKMkSv9FowPJ4ANxZV5eqcyMT/rJu4u3or1swhgq1qZS68/Blp2oDgi8co5481u50tYNpNbaleNmoJ0FTArjFwUGrJBnM1RWG2MBwrsK1SUslOnf6m7JcVotV77n+yJiiEohp65eASqypnmmTZLOHuU2XbUu8dWCe5N87zPb+QJSlMEkBUXSXMA7nzkCOI4WJPFtyHFUxVS2yNgd9Fls6MWwWypnVutiwDEfGr1XRlwNZccDjFu2vT466AitlPul/y8O2x/2qwJ8K7w+sj2h5BybplnIw730tbnuTlO4u4j2JevUOktOPN0+mkF5mcFouSvG4i9mmYJJz+9ETLIOcevYBNrRR6NtmoKYpPuCWu5f7dqMYIZdGfw8wD9ORrDoj1OIYu8whthszDk5a8T2NvxJNPPiM0UO/rxXiGezcqdowzwk/wUHDbQEjRFclQtzTwQzRyvJlPqoGeCGadx6DkSOEIVVaer/RNgGf/caNvnL/BWHupptjOPp2L55oKX4h1tASjt4wCo/XUl2nYmJdveaJciO3MwEadb5AyTxYacufXliLYuyQfjTYaO5AsueAFq9zlbeu9DEp4PeNnb4Lrt+alfOzao4LRWOakYcGj02oTKULlnOvC3fne8off0EaGDq1rOSkm3gQZ9VzgVaoO3hPRSz3oAKMpKUh9go9VZxnbVNl1yx5r7Dh7PNLxlbNrgVnP8yJM6izjp29AzAjvYBLckgyeOBbZLvNA7edqcijnDymS4ki7sMcVrDtVzTinjsAyEjKqzrRwIDu3yaHLSBGRg2rrIfvEJYZAr+KtG5CVt8PfVapHDp7US9Wgvc1IB3DfCpQNrsXaRcqgg58MUY4QFOOxFhzE4pNGYX1oJDCpo/2AC5d8R0thhOvVxW1U1FZS6GbqJtyVUbdPKElTafezTTE5QvxYkuqr7NnfVn+ZjomQhcixwQCeWW9KP8P7yxC+CLHwuyjh0aO4anikfMjnC2P1RkUiTqj+JowM56DLfiBLeJz0IMD6Cv/6AufQi7t02YqnkWin0VmuEQjle8HhPy9g1oJUHNkmrS6KjJUuzVpn52RBFuPvwqVKfoCHdbH0QFtiJ20bWZCvtKmL4xWzGuIcVkN67JPcNWQxXyvJ9lBSXboby+F4ZSc7QsxqW4VaV5Tbv/bVSVYCzms95+q+dx7Lpl3qZ9IbyoaRo1u+izNqQNo2RdDLE42Z0wcIVlw8fxPc7oInI1lsoYpdcuulhThPN8DfHOBzVk0fbSHB2wDGFPuVIJgRNJbUPrhi4y9Y36CKB4j60gHoioX6NYRMmNqSeJFBdsT7+/5ABnBZkbmXo4eaSQGahH3LFM0k1qu/f3IOjkYPEyqO6n3+2QOzxfLqtf3dpjvkOBZJC14KJcYyJ43sbGXxtlJcl/GWvxdtqGva5nf3aFPSD/fL79z+WjVYxWR+N2SYeraiN5jtHauEgW5vUj6q9DY7lXcWG7hUWrRPdcGFpscMqFnNMIL+Y/nyC3dn6VgPPQgSGT0TuQfXWl8IyYYmU+IUAZTq2ZWhML/E4AnF1Ot3ztuEdhcxpKNpz3XLUyzd1xb6vR6Ogfef7DunIBM0jJYDemG8aYPRKnUMPzXCFy+hAUmuXrLHqNspMzT10qWI/7yQfqXHZnxFETxQWyXjLir0pNb6Divyx927VP44lg7YdTyRMMf6x9l+CzJzZ7p6pTajWUh9Zks5PhVRS8FKPluGcUksjSCw2HjafAcpE/t/JZWPlJ6XBXThci6Y9G4jLVRiFd3gxPnQ6JCClM49M+WPXAMeX2otFOBsx/3MuAxkbH5Mi1rwEHWC4bAsZnGGjyF+XaoUERn8s3HpfeR6Lv7i+kbaKRDgEqwmmBxK1Glynd2JJ6NO3YrzHifX8kwFtu+fvuQ0leWwg+sG0Hqx+u9TismvsM5RjKZuxhsornH7JN/Jzt2rOrFtQEJyoq+JFz8YmE81oo0Q==&u=U2FsdGVkX18KZP/feVcF8jn/y9rcnsWtdeiP6Q62sQH4YU+8mn6i8PSP0G5z0613&y=U2FsdGVkX18RvNECuyNWQB7QWd+iJC7Z6WYDPVQOWZYQnV0jG0leuYFYU9WcTRZn HTTP/1.1" 200 26
186.102.88.154 - - [27/May/2023:15:36:51 -0500] "GET /kwssiamovil/sm/acme/a?s=U2FsdGVkX19U955JH7hxSr07RSxCimlJ8mjPCvhUDLFEyMrjsGGYc2NFsv5lWbx0IaSEhm1udHxaHElFn6f1YToSOLT5sMGFgZYJwnoRFidIGhKvAaWip2Z0+YpjmR9sjh2BCmDRMFVyD8nXRnbD6vhxEjpTTC+iDScQIVR/WAI=&u=U2FsdGVkX18KZP/feVcF8jn/y9rcnsWtdeiP6Q62sQH4YU+8mn6i8PSP0G5z0613&y=U2FsdGVkX18RvNECuyNWQB7QWd+iJC7Z6WYDPVQOWZYQnV0jG0leuYFYU9WcTRZn HTTP/1.1" 200 26
186.102.88.154 - - [27/May/2023:15:36:51 -0500] "GET /kwssiamovil/sm/acme/a?s=U2FsdGVkX1+57wgU1pCb2lQLqgmSwaBTX1tqd9PMT3wviLPtNy2BaUCUtPUWY5iOd+J4MNwyzjvDU0PSC+BKW0ektqmLJOIjr1UqfGeATesTTWy8bqZjjTUrP6gqQb20rHdcR9+0T6szwKHe6KWsxppDdh7/su1wJ5DK115QHZw=&u=U2FsdGVkX18KZP/feVcF8jn/y9rcnsWtdeiP6Q62sQH4YU+8mn6i8PSP0G5z0613&y=U2FsdGVkX18RvNECuyNWQB7QWd+iJC7Z6WYDPVQOWZYQnV0jG0leuYFYU9WcTRZn HTTP/1.1" 200 26
186.102.88.154 - - [27/May/2023:15:36:51 -0500] "GET /kwssiamovil/sm/acme/a?s=U2FsdGVkX18l5CFhFPidWqVLSh7kK0nA4x/serB0Vkzf1OpvzsnRjDWkSOSmS23gCvLeeL3xzpGHZ0wSn4EO6bbnKJQGLTtIRLLE1Djmh4pieFtrUw4o6W2xoiqeUIID/gbq7isKVwx8q2M8IQKLHw58//fl8kEV4/gTqcZirlw=&u=U2FsdGVkX18KZP/feVcF8jn/y9rcnsWtdeiP6Q62sQH4YU+8mn6i8PSP0G5z0613&y=U2FsdGVkX18RvNECuyNWQB7QWd+iJC7Z6WYDPVQOWZYQnV0jG0leuYFYU9WcTRZn HTTP/1.1" 200 26
186.102.88.154 - - [27/May/2023:15:36:52 -0500] "GET /kwssiamovil/sm/acme/a?s=U2FsdGVkX1/6mf3sKtAZ1p4Hx/YgZ58kYElzOCQeEZ/skbP6sQGH00knEECRcbQ7ltBoczj2UYVCv3hPTUXu1Tr4oZHrIlWv6ax0fEMQxwtmvSdsHMtCA/qG0wdhXzVlZaotD0FreuW38ZxVgzzFtDFqIrtnGqz/B5RJ1LYddBv1AAiPQx/9WdMZ7PYvy6fl9n4Rz2LEPWZu3Dl3tuzWUw==&u=U2FsdGVkX18KZP/feVcF8jn/y9rcnsWtdeiP6Q62sQH4YU+8mn6i8PSP0G5z0613&y=U2FsdGVkX18RvNECuyNWQB7QWd+iJC7Z6WYDPVQOWZYQnV0jG0leuYFYU9WcTRZn HTTP/1.1" 200 26
172.22.2.4 - - [27/May/2023:15:35:13 -0500] "GET /BLA/boletinlegal/ HTTP/1.1" 200 55934
172.22.2.4 - - [27/May/2023:15:37:02 -0500] "GET /BLA/boletinlegal/Circulares/2019/.pdf HTTP/1.1" 404 1218
172.22.2.4 - - [27/May/2023:15:37:11 -0500] "GET /BLA/boletinlegal/Circulares/2012/Circular%20No.%2010%20del%2026%20de%20Enero%20de%202012.pdf HTTP/1.1" 404 1218
216.245.221.92 - - [27/May/2023:15:38:05 -0500] "HEAD / HTTP/1.1" 200 -
173.252.87.13 - - [27/May/2023:15:38:52 -0500] "GET /images/reunion-planta-termovalorizacion-11-mayo.jpg HTTP/1.1" 200 34782
201.245.192.253 - - [27/May/2023:15:39:05 -0500] "POST /kwsrmcab/Wsrmcab HTTP/1.1" 200 43853
201.245.192.253 - - [27/May/2023:15:39:07 -0500] "POST /kwsrmcab/Wsrmcab HTTP/1.1" 200 44120
66.249.77.212 - - [27/May/2023:15:39:35 -0500] "-" 408 -
40.77.167.97 - - [27/May/2023:15:40:08 -0500] "GET /BLA/resoluciones/AUTOS%202017/5263.pdf HTTP/1.1" 200 2074099
201.245.192.253 - - [27/May/2023:15:41:08 -0500] "POST /kwsrmcab/Wsrmcab  HTTP/1.1" 200 43526
172.22.2.4 - - [27/May/2023:15:40:13 -0500] "HEAD /BLA/boletinlegal/ HTTP/1.1" 200 -
172.22.2.4 - - [27/May/2023:15:41:03 -0500] "GET /BLA/boletinlegal/ HTTP/1.1" 200 57561
216.245.221.92 - - [27/May/2023:15:43:05 -0500] "HEAD / HTTP/1.1" 200 -
199.16.157.180 - - [27/May/2023:15:43:54 -0500] "GET /images/Acuerdos%2001%20(1)%20(1).jpeg HTTP/1.1" 200 32884
173.252.83.5 - - [27/May/2023:15:45:50 -0500] "GET /images/humedal-principal-santa-maria-7-febrero.jpg HTTP/1.1" 200 86406
173.252.83.21 - - [27/May/2023:15:45:51 -0500] "GET /asi-festejamos-el-dia-mundial-y-la-semana-de-los-humedales.html HTTP/1.1" 206 796
201.245.192.253 - - [27/May/2023:15:46:06 -0500] "POST /kwsrmcab/Wsrmcab  HTTP/1.1" 200 43526
190.27.182.224 - - [27/May/2023:15:47:01 -0500] "GET /BLA/resoluciones/ HTTP/1.1" 200 13502
190.27.182.224 - - [27/May/2023:15:47:05 -0500] "GET /BLA/resoluciones/dlf/folder.png HTTP/1.1" 200 410
190.27.182.224 - - [27/May/2023:15:47:08 -0500] "GET /BLA/resoluciones/index.php?dir=AUTOS+2020%2F HTTP/1.1" 200 328612
172.22.2.4 - - [27/May/2023:15:46:03 -0500] "HEAD /BLA/boletinlegal/ HTTP/1.1" 200 -
190.27.182.224 - - [27/May/2023:15:47:55 -0500] "GET /BLA/resoluciones/AUTOS%202020/2299.pdf HTTP/1.1" 200 334555
216.245.221.92 - - [27/May/2023:15:48:05 -0500] "HEAD / HTTP/1.1" 200 -
172.22.2.4 - - [27/May/2023:15:46:53 -0500] "GET /BLA/boletinlegal/ HTTP/1.1" 200 55571
40.77.167.146 - - [27/May/2023:15:50:09 -0500] "GET /BLA/resoluciones/RESOLUCIONES%202021/2197.pdf HTTP/1.1" 304 -
201.245.192.253 - - [27/May/2023:15:51:06 -0500] "POST /kwsrmcab/Wsrmcab  HTTP/1.1" 200 43526
172.22.2.4 - - [27/May/2023:15:51:10 -0500] "GET /BLA/boletinlegal/Directivas/2011/Directiva%20No.%206%20del%208%20de%20Septiembre%20de%202011.pdf HTTP/1.1" 304 -
172.22.2.4 - - [27/May/2023:15:51:55 -0500] "GET /BLA/boletinlegal/robots.txt HTTP/1.1" 404 1018
172.22.2.4 - - [27/May/2023:15:51:55 -0500] "GET /BLA/boletinlegal/99vt HTTP/1.1" 404 1018
172.22.2.4 - - [27/May/2023:15:51:55 -0500] "GET /BLA/boletinlegal/Res/login.html HTTP/1.1" 404 1018
172.22.2.4 - - [27/May/2023:15:51:55 -0500] "GET /BLA/boletinlegal/aaaaaaaaaaaaaaaaaaaaaaaaaqr HTTP/1.1" 404 1018
172.22.2.4 - - [27/May/2023:15:51:55 -0500] "GET /BLA/boletinlegal/robots.txt HTTP/1.1" 404 1018
172.22.2.4 - - [27/May/2023:15:51:55 -0500] "GET /BLA/boletinlegal/99vu HTTP/1.1" 404 1018
172.22.2.4 - - [27/May/2023:15:51:55 -0500] "GET /BLA/boletinlegal/ HTTP/1.1" 200 24523
216.245.221.92 - - [27/May/2023:15:53:05 -0500] "HEAD / HTTP/1.1" 200 -
172.22.2.4 - - [27/May/2023:15:51:52 -0500] "HEAD /BLA/boletinlegal/ HTTP/1.1" 200 -
172.22.2.4 - - [27/May/2023:15:52:43 -0500] "GET /BLA/boletinlegal/ HTTP/1.1" 200 57151
40.77.167.146 - - [27/May/2023:15:55:59 -0500] "GET /BLA/resoluciones/AUTOS%202013/1593.pdf HTTP/1.1" 200 1725992
201.245.192.253 - - [27/May/2023:15:56:05 -0500] "POST /kwsrmcab/Wsrmcab  HTTP/1.1" 200 43526
216.245.221.92 - - [27/May/2023:15:58:05 -0500] "HEAD / HTTP/1.1" 200 -
186.31.215.31 - - [27/May/2023:15:58:12 -0500] "GET /postulate-al-programa-de-mujeres-por-el-cambio-climatico-en-bogota.html HTTP/1.1" 200 856
172.22.2.4 - - [27/May/2023:15:59:13 -0500] "GET /BLA/boletinlegal/actos.php HTTP/1.1" 200 9682
172.22.2.4 - - [27/May/2023:15:59:14 -0500] "GET /BLA/boletinlegal/favicon.ico HTTP/1.1" 404 1326
172.22.2.4 - - [27/May/2023:15:57:42 -0500] "HEAD /BLA/boletinlegal/ HTTP/1.1" 200 -
172.22.2.4 - - [27/May/2023:15:59:44 -0500] "GET /BLA/boletinlegal/consulta_actos.php?tipo=resoluciones&no=0798&usuario=&sector=&fecha=2021&resuelve= HTTP/1.1" 200 626
172.22.2.4 - - [27/May/2023:15:59:09 -0500] "GET /BLA/boletinlegal/ HTTP/1.1" 200 24523
66.249.70.213 - - [27/May/2023:15:59:55 -0500] "-" 408 -
212.129.57.169 - - [27/May/2023:16:00:09 -0500] "GET /reciclaton-empresarial-2023-como-inscribirse-a-la-primera-jornada-del-ano.html HTTP/1.1" 200 705
51.159.194.233 - - [27/May/2023:16:00:10 -0500] "GET /mas-de-120-arboles-fueron-plantados-en-kennedy-y-rafael-uribe-uribe.html HTTP/1.1" 200 778
51.159.195.16 - - [27/May/2023:16:00:12 -0500] "GET /convocatoria-conviertete-en-nuestro-corresponsal-ambiental-y-aporta-a-la-transformacion-de-tu-localidad.html HTTP/1.1" 200 818
172.22.2.4 - - [27/May/2023:15:58:33 -0500] "GET /BLA/boletinlegal/ HTTP/1.1" 200 51977
212.129.57.169 - - [27/May/2023:16:00:13 -0500] "GET /dia-internacional-de-la-biodiversidad-fueron-liberados-10-animales-silvestres-la-conejera.html HTTP/1.1" 200 846
51.159.194.233 - - [27/May/2023:16:00:13 -0500] "GET /cerca-de-20-actividades-al-abrigo-de-las-aves-no-te-pierdas-la-jornada-cultural-jardin-de-noche.html HTTP/1.1" 200 793
51.159.194.233 - - [27/May/2023:16:00:13 -0500] "GET /inscribete-en-este-proceso-de-formacion-para-ser-un-lider-o-una-lideresa-ambiental-en-tu-localidad.html HTTP/1.1" 200 903
51.159.195.16 - - [27/May/2023:16:00:15 -0500] "GET /bogota-se-prepara-para-la-convencion-internacional-de-emergencia-climatica-2023.html HTTP/1.1" 200 806
51.159.194.233 - - [27/May/2023:16:00:17 -0500] "GET /agendate-para-las-ferias-de-servicios-ambientales-para-mayo-en-usaquen-y-fontibon.html HTTP/1.1" 200 799
172.22.2.4 - - [27/May/2023:16:00:18 -0500] "GET /BLA/boletinlegal/consulta_actos.php?tipo=resoluciones&no=1938&usuario=&sector=&fecha=2021&resuelve= HTTP/1.1" 200 1136
191.156.48.6 - - [27/May/2023:16:00:21 -0500] "GET /BLA/resoluciones/RESOLUCIONES%202021/1938.pdf HTTP/1.1" 200 521790
51.159.194.199 - - [27/May/2023:16:00:21 -0500] "GET /sin-raza-pero-con-casa-nuevas-jornadas-de-adopcion-en-el-distrito.html HTTP/1.1" 200 742
51.159.194.233 - - [27/May/2023:16:00:22 -0500] "GET /secretaria-de-ambiente-capacito-y-certifico-a-miembros-del-ejercito-nacional-en-temas-de-cuidado-y-proteccion-ambiental.html HTTP/1.1" 200 888
51.159.194.233 - - [27/May/2023:16:00:22 -0500] "GET /mujeres-secretaria-de-ambiente-abre-nueva-convocatoria-para-aprender-sobre-el-cuidado-de-los-humedales.html HTTP/1.1" 200 853
51.159.194.233 - - [27/May/2023:16:00:22 -0500] "GET /olga-romero-una-mujer-que-reverdece-con-corazon-inquieto-que-encontro-en-el-reciclaje-su-pasion.html HTTP/1.1" 200 798
212.129.57.169 - - [27/May/2023:16:00:23 -0500] "GET /reciclaton-empresarial-2023-como-inscribirse-a-la-primera-jornada-del-ano.html HTTP/1.1" 200 705
51.159.195.16 - - [27/May/2023:16:00:23 -0500] "GET /secretaria-de-ambiente-sensibiliza-a-ciudadanos-sobre-la-importancia-de-proteger-la-fauna-silvestre.html HTTP/1.1" 200 819
51.159.194.233 - - [27/May/2023:16:00:25 -0500] "GET /cucarron-de-mayo-insecto-que-se-puede-observar-por-estos-dias-en-varios-ecosistemas-de-bogota.html HTTP/1.1" 200 762
201.245.192.253 - - [27/May/2023:16:01:03 -0500] "POST /kwsrmcab/Wsrmcab  HTTP/1.1" 200 43526
173.252.111.2 - - [27/May/2023:16:01:12 -0500] "GET /images/cr\xc3\xb3nica-29-nov-1_optimized.jpeg HTTP/1.1" 404 1034
165.22.60.26 - - [27/May/2023:16:01:51 -0500] "GET /aaa9 HTTP/1.1" 404 1018
165.22.60.26 - - [27/May/2023:16:02:00 -0500] "GET /aab8 HTTP/1.1" 404 1018
66.249.77.215 - - [27/May/2023:16:02:05 -0500] "-" 408 -
165.22.60.26 - - [27/May/2023:16:02:16 -0500] "GET / HTTP/1.1" 200 319
66.249.75.168 - - [27/May/2023:16:02:23 -0500] "-" 408 -
216.245.221.92 - - [27/May/2023:16:03:05 -0500] "HEAD / HTTP/1.1" 200 -
40.77.167.146 - - [27/May/2023:16:03:30 -0500] "GET /BLA/resoluciones/RESOLUCIONES%202022/5531.pdf HTTP/1.1" 200 464242
172.22.2.4 - - [27/May/2023:16:03:32 -0500] "HEAD /BLA/boletinlegal/ HTTP/1.1" 200 -
172.22.2.4 - - [27/May/2023:16:05:43 -0500] "GET /BLA/boletinlegal/actos.php HTTP/1.1" 200 9682
172.22.2.4 - - [27/May/2023:16:04:23 -0500] "GET /BLA/boletinlegal/ HTTP/1.1" 200 52326
201.245.192.253 - - [27/May/2023:16:06:02 -0500] "POST /kwsrmcab/Wsrmcab  HTTP/1.1" 200 43526
172.22.2.4 - - [27/May/2023:16:06:18 -0500] "GET /BLA/boletinlegal/consulta_actos.php?tipo=resoluciones&no=3108&usuario=&sector=&fecha=2019&resuelve= HTTP/1.1" 200 1156
172.22.2.4 - - [27/May/2023:16:05:41 -0500] "GET /BLA/boletinlegal/ HTTP/1.1" 200 24523
191.156.50.50 - - [27/May/2023:16:06:23 -0500] "GET /BLA/resoluciones/RESOLUCIONES%202019/3108.pdf HTTP/1.1" 200 845333
216.245.221.92 - - [27/May/2023:16:08:05 -0500] "HEAD / HTTP/1.1" 200 -
66.249.75.168 - - [27/May/2023:16:09:45 -0500] "-" 408 -
191.156.228.14 - - [27/May/2023:16:10:21 -0500] "GET /convocatoria-conviertete-en-nuestro-corresponsal-ambiental-y-aporta-a-la-transformacion-de-tu-localidad.html HTTP/1.1" 200 818
172.22.2.4 - - [27/May/2023:16:09:22 -0500] "HEAD /BLA/boletinlegal/ HTTP/1.1" 200 -
201.245.192.253 - - [27/May/2023:16:11:02 -0500] "POST /kwsrmcab/Wsrmcab  HTTP/1.1" 200 43526
66.220.149.11 - - [27/May/2023:16:11:16 -0500] "GET /images/ecosistema-dia-internacional-tierra-21-abril.jpg HTTP/1.1" 200 30098
172.22.2.4 - - [27/May/2023:16:11:16 -0500] "GET /BLA/boletinlegal/actos.php HTTP/1.1" 200 9682
172.22.2.4 - - [27/May/2023:16:11:39 -0500] "GET /BLA/boletinlegal/consulta_actos.php?tipo=resoluciones&no=5211&usuario=&sector=&fecha=2021&resuelve= HTTP/1.1" 200 1101
191.156.56.187 - - [27/May/2023:16:11:43 -0500] "GET /BLA/resoluciones/RESOLUCIONES%202021/5211.pdf HTTP/1.1" 200 538978
173.252.95.16 - - [27/May/2023:16:11:47 -0500] "GET /dia-internacional-de-la-tierra-actividades-para-celebrar-esta-fecha-en-bogota.html HTTP/1.1" 206 879
172.22.2.4 - - [27/May/2023:16:11:15 -0500] "GET /BLA/boletinlegal/ HTTP/1.1" 200 24523
172.22.2.4 - - [27/May/2023:16:10:13 -0500] "GET /BLA/boletinlegal/ HTTP/1.1" 200 55221
216.245.221.92 - - [27/May/2023:16:13:05 -0500] "HEAD / HTTP/1.1" 200 -
172.22.2.4 - - [27/May/2023:16:13:37 -0500] "GET /BLA/boletinlegal/actos.php HTTP/1.1" 200 9682
172.22.2.4 - - [27/May/2023:16:13:35 -0500] "GET /BLA/boletinlegal/ HTTP/1.1" 200 24523
172.22.2.4 - - [27/May/2023:16:14:17 -0500] "GET /BLA/boletinlegal/consulta_actos.php?tipo=resoluciones&no=1404&usuario=&sector=&fecha=2020&resuelve= HTTP/1.1" 200 1101
191.156.60.6 - - [27/May/2023:16:14:21 -0500] "GET /BLA/resoluciones/RESOLUCIONES%202020/1404.pdf HTTP/1.1" 200 539290
172.22.2.4 - - [27/May/2023:16:16:00 -0500] "GET /BLA/boletinlegal/Circulares/2010/Circular%2006%20de%208%20de%20septiembre%20de%202010.pdf HTTP/1.1" 200 4657752
201.245.192.253 - - [27/May/2023:16:16:00 -0500] "POST /kwsrmcab/Wsrmcab  HTTP/1.1" 200 43526
172.22.2.4 - - [27/May/2023:16:15:12 -0500] "HEAD /BLA/boletinlegal/ HTTP/1.1" 200 -
172.22.2.4 - - [27/May/2023:16:16:03 -0500] "GET /BLA/boletinlegal/ HTTP/1.1" 200 57561
172.22.2.4 - - [27/May/2023:16:17:53 -0500] "GET /BLA/boletinlegal/conceptos.php HTTP/1.1" 200 7496
172.22.2.4 - - [27/May/2023:16:17:54 -0500] "GET /BLA/boletinlegal/js/ajax_conceptos.js HTTP/1.1" 200 1326
216.245.221.92 - - [27/May/2023:16:18:05 -0500] "HEAD / HTTP/1.1" 200 -
66.249.70.213 - - [27/May/2023:16:18:37 -0500] "-" 408 -
201.245.192.253 - - [27/May/2023:16:19:05 -0500] "POST /kwsrmcab/Wsrmcab HTTP/1.1" 200 43995
201.245.192.253 - - [27/May/2023:16:19:07 -0500] "POST /kwsrmcab/Wsrmcab HTTP/1.1" 200 44114
201.245.192.253 - - [27/May/2023:16:20:59 -0500] "POST /kwsrmcab/Wsrmcab  HTTP/1.1" 200 43526
172.22.2.4 - - [27/May/2023:16:21:03 -0500] "GET /BLA/boletinlegal/actos.php HTTP/1.1" 200 9682
172.22.2.4 - - [27/May/2023:16:21:07 -0500] "GET /BLA/boletinlegal/Directivas/2017/Directiva%20No.%2004%20del%2028%20de%20Abril%20de%202017.pdf HTTP/1.1" 200 8194919
172.22.2.4 - - [27/May/2023:16:21:08 -0500] "GET /BLA/boletinlegal/Directivas/2017/Directiva%20No.%2004%20del%2028%20de%20Abril%20de%202017.pdf HTTP/1.1" 206 1
172.22.2.4 - - [27/May/2023:16:21:08 -0500] "GET /BLA/boletinlegal/Directivas/2017/Directiva%20No.%2004%20del%2028%20de%20Abril%20de%202017.pdf HTTP/1.1" 206 7347257
172.22.2.4 - - [27/May/2023:16:21:08 -0500] "GET /BLA/boletinlegal/favicon.ico HTTP/1.1" 404 1492
172.22.2.4 - - [27/May/2023:16:21:15 -0500] "GET /BLA/boletinlegal/consulta_actos.php?tipo=resoluciones&no=4124&usuario=&sector=&fecha=2022&resuelve= HTTP/1.1" 200 1090
191.156.59.109 - - [27/May/2023:16:21:20 -0500] "GET /BLA/resoluciones/RESOLUCIONES%202022/4124.pdf HTTP/1.1" 200 532220
172.22.2.4 - - [27/May/2023:16:21:01 -0500] "GET /BLA/boletinlegal/ HTTP/1.1" 200 24523
201.244.139.102 - - [27/May/2023:16:22:00 -0500] "GET / HTTP/1.1" 200 4720
201.244.139.102 - - [27/May/2023:16:22:00 -0500] "GET /js/url.js HTTP/1.1" 404 1294
201.244.139.102 - - [27/May/2023:16:22:00 -0500] "GET /favicon.ico HTTP/1.1" 404 1294
201.244.139.102 - - [27/May/2023:16:22:27 -0500] "POST /procesar.php HTTP/1.1" 200 1002
5.254.23.82 - - [27/May/2023:16:22:36 -0500] "GET /portaldeninos/ HTTP/1.0" 200 110197
5.254.23.82 - - [27/May/2023:16:22:39 -0500] "GET /portaldeninos/contactanos/ HTTP/1.0" 200 88135
5.254.23.82 - - [27/May/2023:16:22:41 -0500] "GET /portaldeninos/contactanos/index.php HTTP/1.0" 301 -
5.254.23.82 - - [27/May/2023:16:22:42 -0500] "GET /portaldeninos/contactanos/index.php HTTP/1.0" 301 -
172.22.2.4 - - [27/May/2023:16:21:02 -0500] "HEAD /BLA/boletinlegal/ HTTP/1.1" 200 -
5.254.23.82 - - [27/May/2023:16:22:43 -0500] "GET /portaldeninos/contactanos/index.php HTTP/1.0" 301 -
216.245.221.92 - - [27/May/2023:16:23:05 -0500] "HEAD / HTTP/1.1" 200 -
172.22.2.4 - - [27/May/2023:16:21:53 -0500] "GET /BLA/boletinlegal/ HTTP/1.1" 200 57945
181.49.223.169 - - [27/May/2023:16:23:48 -0500] "GET /cucarron-de-mayo-insecto-que-se-puede-observar-por-estos-dias-en-varios-ecosistemas-de-bogota.html HTTP/1.1" 200 762
201.244.139.102 - - [27/May/2023:16:23:53 -0500] "GET /distrito-realizo-jornada-de-limpieza-en-el-conector-ecosistemico-media-luna-del-sur.html HTTP/1.1" 206 807
201.244.139.102 - - [27/May/2023:16:23:53 -0500] "GET /images/conector-media-luna-sur.jpg HTTP/1.1" 206 50984
190.85.178.130 - - [27/May/2023:16:24:48 -0500] "GET /BLA/boletinlegal/js/jquery.scrollShow.js HTTP/1.1" 200 4586
190.85.178.130 - - [27/May/2023:16:24:48 -0500] "GET /galeria/galeria/jquery.fancybox.css?v=2.1.5 HTTP/1.1" 200 4895
190.85.178.130 - - [27/May/2023:16:24:48 -0500] "GET /galeria/galeria/jquery.fancybox.js?v=2.1.5 HTTP/1.1" 200 48706
181.61.62.197 - - [27/May/2023:16:25:28 -0500] "GET /distrito-realizo-jornada-de-limpieza-en-el-conector-ecosistemico-media-luna-del-sur.html HTTP/1.1" 206 807
181.61.62.197 - - [27/May/2023:16:25:28 -0500] "GET /images/conector-media-luna-sur.jpg HTTP/1.1" 206 50984
172.22.2.4 - - [27/May/2023:16:25:28 -0500] "GET /BLA/boletinlegal/favicon.ico HTTP/1.1" 404 1038
201.245.192.253 - - [27/May/2023:16:25:58 -0500] "POST /kwsrmcab/Wsrmcab  HTTP/1.1" 200 43526
216.245.221.92 - - [27/May/2023:16:28:05 -0500] "HEAD / HTTP/1.1" 200 -
172.22.2.4 - - [27/May/2023:16:26:53 -0500] "HEAD /BLA/boletinlegal/ HTTP/1.1" 200 -
186.84.91.75 - - [27/May/2023:16:28:59 -0500] "GET /distrito-realizo-jornada-de-limpieza-en-el-conector-ecosistemico-media-luna-del-sur.html HTTP/1.1" 200 807
201.245.192.253 - - [27/May/2023:16:29:05 -0500] "POST /kwsrmcab/Wsrmcab HTTP/1.1" 200 43995
201.245.192.253 - - [27/May/2023:16:29:08 -0500] "POST /kwsrmcab/Wsrmcab HTTP/1.1" 200 44114
172.22.2.4 - - [27/May/2023:16:27:43 -0500] "GET /BLA/boletinlegal/ HTTP/1.1" 200 58663
172.22.2.4 - - [27/May/2023:16:29:37 -0500] "GET /BLA/boletinlegal/actos.php HTTP/1.1" 200 9682
172.22.2.4 - - [27/May/2023:16:29:54 -0500] "GET /BLA/boletinlegal/consulta_actos.php?tipo=resoluciones&no=0827&usuario=&sector=&fecha=2023&resuelve= HTTP/1.1" 200 626
172.22.2.4 - - [27/May/2023:16:30:06 -0500] "GET /BLA/boletinlegal/consulta_actos.php?tipo=resoluciones&no=0287&usuario=&sector=&fecha=2023&resuelve= HTTP/1.1" 200 1098
191.156.50.134 - - [27/May/2023:16:30:09 -0500] "GET /BLA/resoluciones/RESOLUCIONES%202023/0287.pdf HTTP/1.1" 200 493184
172.22.2.4 - - [27/May/2023:16:29:36 -0500] "GET /BLA/boletinlegal/ HTTP/1.1" 200 24523
186.31.197.18 - - [27/May/2023:16:30:10 -0500] "GET /distrito-realizo-jornada-de-limpieza-en-el-conector-ecosistemico-media-luna-del-sur.html HTTP/1.1" 200 807
186.84.91.75 - - [27/May/2023:16:30:41 -0500] "GET /distrito-realizo-jornada-de-limpieza-en-el-conector-ecosistemico-media-luna-del-sur.html HTTP/1.1" 304 -
201.245.192.253 - - [27/May/2023:16:30:57 -0500] "POST /kwsrmcab/Wsrmcab  HTTP/1.1" 200 43526
40.77.167.255 - - [27/May/2023:16:31:04 -0500] "GET /BLA/resoluciones/RESOLUCIONES%202021/1046.pdf HTTP/1.1" 200 333653
191.95.60.29 - - [27/May/2023:16:31:07 -0500] "GET /distrito-realizo-jornada-de-limpieza-en-el-conector-ecosistemico-media-luna-del-sur.html HTTP/1.1" 200 807
52.167.144.46 - - [27/May/2023:16:32:14 -0500] "GET /images/abril-Rueda-de-prensa-Van-der-Hammen.jpeg HTTP/1.1" 200 89228
201.244.103.243 - - [27/May/2023:16:32:37 -0500] "GET /distrito-realizo-jornada-de-limpieza-en-el-conector-ecosistemico-media-luna-del-sur.html HTTP/1.1" 200 807
191.156.146.233 - - [27/May/2023:16:33:00 -0500] "GET /distrito-realizo-jornada-de-limpieza-en-el-conector-ecosistemico-media-luna-del-sur.html HTTP/1.1" 200 807
216.245.221.92 - - [27/May/2023:16:33:05 -0500] "HEAD / HTTP/1.1" 200 -
186.84.91.75 - - [27/May/2023:16:33:28 -0500] "GET /distrito-realizo-jornada-de-limpieza-en-el-conector-ecosistemico-media-luna-del-sur.html HTTP/1.1" 304 -
172.22.2.4 - - [27/May/2023:16:32:42 -0500] "HEAD /BLA/boletinlegal/ HTTP/1.1" 200 -
172.22.2.4 - - [27/May/2023:16:34:37 -0500] "GET /BLA/boletinlegal/jurisprudencia/analisis/CUADRO%20ANALISIS%20SENTENCIA%20T-411%20DE%201992.doc HTTP/1.1" 200 41984
173.252.83.19 - - [27/May/2023:16:34:59 -0500] "GET /images/olga-romero-mujer-reverdece-2023.jpg HTTP/1.1" 200 51850
172.22.2.4 - - [27/May/2023:16:33:23 -0500] "GET /BLA/boletinlegal/ HTTP/1.1" 200 53114
172.22.2.4 - - [27/May/2023:16:33:33 -0500] "GET /BLA/boletinlegal/ HTTP/1.1" 200 53561
66.249.70.213 - - [27/May/2023:16:35:24 -0500] "-" 408 -
201.244.103.243 - - [27/May/2023:16:35:27 -0500] "GET /distrito-realizo-jornada-de-limpieza-en-el-conector-ecosistemico-media-luna-del-sur.html HTTP/1.1" 304 -
186.84.91.75 - - [27/May/2023:16:35:28 -0500] "GET /distrito-realizo-jornada-de-limpieza-en-el-conector-ecosistemico-media-luna-del-sur.html HTTP/1.1" 304 -
186.31.50.49 - - [27/May/2023:16:35:48 -0500] "GET /distrito-realizo-jornada-de-limpieza-en-el-conector-ecosistemico-media-luna-del-sur.html HTTP/1.1" 200 807
201.245.192.253 - - [27/May/2023:16:35:56 -0500] "POST /kwsrmcab/Wsrmcab  HTTP/1.1" 200 43526
172.22.2.4 - - [27/May/2023:16:36:37 -0500] "GET /BLA/boletinlegal/jurisprudencia/analisis/AnalisisT-095-16.docx HTTP/1.1" 200 20284
186.102.33.163 - - [27/May/2023:16:36:46 -0500] "GET /distrito-realizo-jornada-de-limpieza-en-el-conector-ecosistemico-media-luna-del-sur.html HTTP/1.1" 200 807
179.19.33.252 - - [27/May/2023:16:37:03 -0500] "GET /distrito-realizo-jornada-de-limpieza-en-el-conector-ecosistemico-media-luna-del-sur.html HTTP/1.1" 200 807
172.22.2.4 - - [27/May/2023:16:37:15 -0500] "GET /BLA/boletinlegal/Circulares/2019/.pdf HTTP/1.1" 404 1218
186.84.91.75 - - [27/May/2023:16:37:27 -0500] "GET /distrito-realizo-jornada-de-limpieza-en-el-conector-ecosistemico-media-luna-del-sur.html HTTP/1.1" 304 -
216.245.221.92 - - [27/May/2023:16:38:05 -0500] "HEAD / HTTP/1.1" 200 -
201.244.139.102 - - [27/May/2023:16:38:25 -0500] "GET / HTTP/1.1" 200 4720
201.244.139.102 - - [27/May/2023:16:38:25 -0500] "GET /js/url.js HTTP/1.1" 404 1294
181.55.20.113 - - [27/May/2023:16:38:58 -0500] "GET /galeria/galeria/jquery.fancybox.css?v=2.1.5 HTTP/1.1" 200 4895
181.55.20.113 - - [27/May/2023:16:38:58 -0500] "GET /BLA/boletinlegal/js/jquery.scrollShow.js HTTP/1.1" 200 4586
181.55.20.113 - - [27/May/2023:16:38:58 -0500] "GET /galeria/galeria/jquery.fancybox.js?v=2.1.5 HTTP/1.1" 200 48706
201.245.192.253 - - [27/May/2023:16:39:05 -0500] "POST /kwsrmcab/Wsrmcab HTTP/1.1" 200 43995
201.244.139.102 - - [27/May/2023:16:39:07 -0500] "POST /procesar.php HTTP/1.1" 200 831
201.245.192.253 - - [27/May/2023:16:39:07 -0500] "POST /kwsrmcab/Wsrmcab HTTP/1.1" 200 44114
201.244.139.102 - - [27/May/2023:16:39:24 -0500] "POST /procesar.php HTTP/1.1" 200 919
201.244.139.102 - - [27/May/2023:16:39:30 -0500] "GET / HTTP/1.1" 200 4720
201.244.139.102 - - [27/May/2023:16:39:30 -0500] "GET /js/url.js HTTP/1.1" 404 1294
172.22.2.4 - - [27/May/2023:16:38:32 -0500] "HEAD /BLA/boletinlegal/ HTTP/1.1" 200 -
201.244.139.102 - - [27/May/2023:16:40:13 -0500] "POST /procesar.php HTTP/1.1" 200 990
201.244.139.102 - - [27/May/2023:16:40:57 -0500] "GET /distrito-realizo-recorrido-por-los-bosques-santa-helena-y-brazo-salitre.html HTTP/1.1" 206 808
201.244.139.102 - - [27/May/2023:16:40:57 -0500] "GET /images/recorrido-bosques-Santa-Helena-y-Brazo-Salitre-1.jpg HTTP/1.1" 206 103040
201.245.192.253 - - [27/May/2023:16:40:55 -0500] "POST /kwsrmcab/Wsrmcab  HTTP/1.1" 200 43526
172.22.2.4 - - [27/May/2023:16:39:23 -0500] "GET /BLA/boletinlegal/ HTTP/1.1" 200 57561
40.77.167.97 - - [27/May/2023:16:41:33 -0500] "GET /BLA/resoluciones/AUTOS%202021/1952.pdf HTTP/1.1" 304 -
66.249.70.207 - - [27/May/2023:16:42:18 -0500] "-" 408 -
216.245.221.92 - - [27/May/2023:16:43:05 -0500] "HEAD / HTTP/1.1" 200 -
200.118.80.18 - - [27/May/2023:16:43:30 -0500] "GET /distrito-realizo-jornada-de-limpieza-en-el-conector-ecosistemico-media-luna-del-sur.html HTTP/1.1" 200 807
191.156.187.114 - - [27/May/2023:16:44:12 -0500] "GET /distrito-realizo-recorrido-por-los-bosques-santa-helena-y-brazo-salitre.html HTTP/1.1" 206 808
191.156.187.114 - - [27/May/2023:16:44:12 -0500] "GET /images/recorrido-bosques-Santa-Helena-y-Brazo-Salitre-1.jpg HTTP/1.1" 206 103040
190.24.73.188 - - [27/May/2023:16:44:37 -0500] "GET /BLA/resoluciones/index.php?dir=AUTOS+2018%2F HTTP/1.1" 200 459430
40.77.167.146 - - [27/May/2023:16:44:43 -0500] "GET /BLA/resoluciones/AUTOS%202021/4499.pdf HTTP/1.1" 304 -
201.245.192.253 - - [27/May/2023:16:45:54 -0500] "POST /kwsrmcab/Wsrmcab  HTTP/1.1" 200 43526
172.22.2.4 - - [27/May/2023:16:44:22 -0500] "HEAD /BLA/boletinlegal/ HTTP/1.1" 200 -
172.22.2.4 - - [27/May/2023:16:45:13 -0500] "GET /BLA/boletinlegal/ HTTP/1.1" 200 54424
216.245.221.92 - - [27/May/2023:16:48:05 -0500] "HEAD / HTTP/1.1" 200 -
66.249.70.207 - - [27/May/2023:16:48:17 -0500] "-" 408 -
191.95.53.80 - - [27/May/2023:16:49:24 -0500] "GET /distrito-realizo-jornada-de-limpieza-en-el-conector-ecosistemico-media-luna-del-sur.html HTTP/1.1" 200 807
186.155.16.77 - - [27/May/2023:16:50:32 -0500] "GET /distrito-realizo-jornada-de-limpieza-en-el-conector-ecosistemico-media-luna-del-sur.html HTTP/1.1" 200 807
201.245.192.253 - - [27/May/2023:16:50:53 -0500] "POST /kwsrmcab/Wsrmcab  HTTP/1.1" 200 43526
172.22.2.4 - - [27/May/2023:16:51:04 -0500] "GET /BLA/boletinlegal/actos.php HTTP/1.1" 200 9682
191.156.146.73 - - [27/May/2023:16:51:09 -0500] "GET /distrito-realizo-recorrido-por-los-bosques-santa-helena-y-brazo-salitre.html HTTP/1.1" 200 808
186.102.33.163 - - [27/May/2023:16:51:17 -0500] "GET /distrito-realizo-recorrido-por-los-bosques-santa-helena-y-brazo-salitre.html HTTP/1.1" 200 808
172.22.2.4 - - [27/May/2023:16:51:28 -0500] "GET /BLA/boletinlegal/consulta_actos.php?tipo=resoluciones&no=0076&usuario=&sector=&fecha=2023&resuelve= HTTP/1.1" 200 1090
191.156.60.6 - - [27/May/2023:16:51:32 -0500] "GET /BLA/resoluciones/RESOLUCIONES%202023/0076.pdf HTTP/1.1" 200 970526
172.22.2.4 - - [27/May/2023:16:51:01 -0500] "GET /BLA/boletinlegal/ HTTP/1.1" 200 24523
172.22.2.4 - - [27/May/2023:16:50:12 -0500] "HEAD /BLA/boletinlegal/ HTTP/1.1" 200 -
172.22.2.4 - - [27/May/2023:16:51:03 -0500] "GET /BLA/boletinlegal/ HTTP/1.1" 200 54808
216.245.221.92 - - [27/May/2023:16:53:05 -0500] "HEAD / HTTP/1.1" 200 -
186.84.91.75 - - [27/May/2023:16:53:34 -0500] "GET /distrito-realizo-recorrido-por-los-bosques-santa-helena-y-brazo-salitre.html HTTP/1.1" 200 808
172.22.2.4 - - [27/May/2023:16:54:00 -0500] "GET /BLA/boletinlegal/robots.txt HTTP/1.1" 404 1038
186.102.33.163 - - [27/May/2023:16:54:34 -0500] "GET /distrito-realizo-jornada-de-limpieza-en-el-conector-ecosistemico-media-luna-del-sur.html HTTP/1.1" 200 807
172.22.2.4 - - [27/May/2023:16:54:47 -0500] "GET /BLA/boletinlegal/actos.php HTTP/1.1" 200 9682
172.22.2.4 - - [27/May/2023:16:54:47 -0500] "GET /BLA/boletinlegal/styles2.css HTTP/1.1" 200 1838
172.22.2.4 - - [27/May/2023:16:54:47 -0500] "GET /BLA/boletinlegal/js/ajax_actos.js HTTP/1.1" 200 1322
172.22.2.4 - - [27/May/2023:16:54:47 -0500] "GET /BLA/boletinlegal/style.css HTTP/1.1" 200 9406
172.22.2.4 - - [27/May/2023:16:54:47 -0500] "GET /BLA/boletinlegal/niceforms-default.css HTTP/1.1" 200 6694
172.22.2.4 - - [27/May/2023:16:54:47 -0500] "GET /BLA/boletinlegal/niceforms.js HTTP/1.1" 200 22876
172.22.2.4 - - [27/May/2023:16:54:47 -0500] "GET /BLA/boletinlegal/js/lib.js HTTP/1.1" 200 6474
172.22.2.4 - - [27/May/2023:16:54:48 -0500] "GET /BLA/boletinlegal/js/popup.js HTTP/1.1" 200 1270
172.22.2.4 - - [27/May/2023:16:54:48 -0500] "GET /BLA/boletinlegal/js/jquery1.js HTTP/1.1" 200 29846
172.22.2.4 - - [27/May/2023:16:54:48 -0500] "GET /BLA/boletinlegal/images/cabezote%20BLEGAL.jpg HTTP/1.1" 200 118164
172.22.2.4 - - [27/May/2023:16:54:48 -0500] "GET /BLA/boletinlegal/images/subscribe-icon-big.png HTTP/1.1" 200 47702
172.22.2.4 - - [27/May/2023:16:54:48 -0500] "GET /BLA/boletinlegal/images/historia.png HTTP/1.1" 200 52775
172.22.2.4 - - [27/May/2023:16:54:48 -0500] "GET /BLA/boletinlegal/images/green-yellow-blue-pink-th.png HTTP/1.1" 200 7394
172.22.2.4 - - [27/May/2023:16:54:48 -0500] "GET /BLA/boletinlegal/images/registro-usuarios.png HTTP/1.1" 200 8106
172.22.2.4 - - [27/May/2023:16:54:48 -0500] "GET /BLA/boletinlegal/images/tel.png HTTP/1.1" 200 14477
172.22.2.4 - - [27/May/2023:16:54:48 -0500] "GET /BLA/boletinlegal/images/icono-email.png HTTP/1.1" 200 5544
172.22.2.4 - - [27/May/2023:16:54:48 -0500] "GET /BLA/boletinlegal/images/body_bg.jpg HTTP/1.1" 200 1601
172.22.2.4 - - [27/May/2023:16:54:48 -0500] "GET /BLA/boletinlegal/images/menu_lft.gif HTTP/1.1" 200 1713
172.22.2.4 - - [27/May/2023:16:54:48 -0500] "GET /BLA/boletinlegal/images/text.jpg HTTP/1.1" 200 568
172.22.2.4 - - [27/May/2023:16:54:48 -0500] "GET /BLA/boletinlegal/images/footer_bg.jpg HTTP/1.1" 200 586
172.22.2.4 - - [27/May/2023:16:54:48 -0500] "GET /BLA/boletinlegal/images/bg_top.jpg HTTP/1.1" 200 522
172.22.2.4 - - [27/May/2023:16:54:48 -0500] "GET /BLA/boletinlegal/images/menu_rght.gif HTTP/1.1" 200 1627
172.22.2.4 - - [27/May/2023:16:54:48 -0500] "GET /BLA/boletinlegal/images/menu_bg.jpg HTTP/1.1" 200 620
172.22.2.4 - - [27/May/2023:16:54:48 -0500] "GET /BLA/boletinlegal/images/hover.jpg HTTP/1.1" 200 640
172.22.2.4 - - [27/May/2023:16:54:48 -0500] "GET /BLA/boletinlegal/images/footer_bg_l.jpg HTTP/1.1" 200 776
172.22.2.4 - - [27/May/2023:16:54:48 -0500] "GET /BLA/boletinlegal/img/0.png HTTP/1.1" 200 110
172.22.2.4 - - [27/May/2023:16:54:48 -0500] "GET /BLA/boletinlegal/img/select-right.png HTTP/1.1" 200 44019
172.22.2.4 - - [27/May/2023:16:54:48 -0500] "GET /BLA/boletinlegal/img/select-left.png HTTP/1.1" 200 263
172.22.2.4 - - [27/May/2023:16:54:48 -0500] "GET /BLA/boletinlegal/img/button-left.png HTTP/1.1" 200 57071
172.22.2.4 - - [27/May/2023:16:54:48 -0500] "GET /BLA/boletinlegal/img/button.png HTTP/1.1" 200 43241
172.22.2.4 - - [27/May/2023:16:54:48 -0500] "GET /BLA/boletinlegal/img/button-right.png HTTP/1.1" 200 57878
172.22.2.4 - - [27/May/2023:16:54:48 -0500] "GET /BLA/boletinlegal/favicon.ico HTTP/1.1" 404 1326
172.22.2.4 - - [27/May/2023:16:54:49 -0500] "GET /BLA/boletinlegal/consulta_actos.php?tipo=autos&no=&usuario=&sector=&fecha=2023&resuelve= HTTP/1.1" 200 209458
172.22.2.4 - - [27/May/2023:16:54:50 -0500] "GET /BLA/boletinlegal/images/background.gif HTTP/1.1" 200 -
172.22.2.4 - - [27/May/2023:16:54:50 -0500] "GET /BLA/boletinlegal/images/pdf.gif HTTP/1.1" 200 567
172.22.2.4 - - [27/May/2023:16:55:02 -0500] "GET /BLA/boletinlegal/consulta_actos.php?tipo=resoluciones&no=&usuario=&sector=&fecha=2023&resuelve= HTTP/1.1" 200 77778
172.22.2.4 - - [27/May/2023:16:55:05 -0500] "GET /BLA/boletinlegal/favicon.ico HTTP/1.1" 404 1326
172.22.2.4 - - [27/May/2023:16:55:13 -0500] "GET /BLA/boletinlegal/consulta_actos.php?tipo=resoluciones&no=&usuario=&sector=&fecha=2023&resuelve= HTTP/1.1" 200 77778
172.22.2.4 - - [27/May/2023:16:55:14 -0500] "GET /BLA/boletinlegal/favicon.ico HTTP/1.1" 404 1038
191.95.50.244 - - [27/May/2023:16:55:25 -0500] "GET /distrito-realizo-recorrido-por-los-bosques-santa-helena-y-brazo-salitre.html HTTP/1.1" 200 808
191.95.50.244 - - [27/May/2023:16:55:25 -0500] "GET /favicon.ico HTTP/1.1" 404 1136
181.60.41.150 - - [27/May/2023:16:55:30 -0500] "GET /BLA/resoluciones/RESOLUCIONES%202023/0747.pdf HTTP/1.1" 200 903245
181.60.41.150 - - [27/May/2023:16:55:30 -0500] "GET /favicon.ico HTTP/1.1" 200 7782
66.249.70.207 - - [27/May/2023:16:55:53 -0500] "-" 408 -
201.245.192.253 - - [27/May/2023:16:55:52 -0500] "POST /kwsrmcab/Wsrmcab  HTTP/1.1" 200 43526
181.60.41.150 - - [27/May/2023:16:55:55 -0500] "GET /BLA/resoluciones/RESOLUCIONES%202023/0765.pdf HTTP/1.1" 200 1228130
186.102.9.24 - - [27/May/2023:16:55:58 -0500] "GET /distrito-realizo-recorrido-por-los-bosques-santa-helena-y-brazo-salitre.html HTTP/1.1" 200 808
18.220.21.2 - - [27/May/2023:16:57:06 -0500] "GET /cucarron-de-mayo-insecto-que-se-puede-observar-por-estos-dias-en-varios-ecosistemas-de-bogota.html HTTP/1.1" 200 762
172.22.2.4 - - [27/May/2023:16:56:02 -0500] "HEAD /BLA/boletinlegal/ HTTP/1.1" 200 -
216.245.221.92 - - [27/May/2023:16:58:05 -0500] "HEAD / HTTP/1.1" 200 -
34.86.192.84 - - [27/May/2023:16:58:25 -0500] "GET /cucarron-de-mayo-insecto-que-se-puede-observar-por-estos-dias-en-varios-ecosistemas-de-bogota.html HTTP/1.1" 200 762
172.22.2.4 - - [27/May/2023:16:56:53 -0500] "GET /BLA/boletinlegal/ HTTP/1.1" 200 52730
151.139.63.13 - - [27/May/2023:16:58:36 -0500] "GET /cucarron-de-mayo-insecto-que-se-puede-observar-por-estos-dias-en-varios-ecosistemas-de-bogota.html HTTP/1.1" 200 762
181.60.41.150 - - [27/May/2023:16:58:43 -0500] "GET /BLA/resoluciones/RESOLUCIONES%202023/0745.pdf HTTP/1.1" 200 953335
186.84.91.75 - - [27/May/2023:16:59:06 -0500] "GET /distrito-realizo-jornada-de-limpieza-en-el-conector-ecosistemico-media-luna-del-sur.html HTTP/1.1" 304 -
199.16.157.180 - - [27/May/2023:16:59:12 -0500] "GET /distrito-realizo-jornada-de-limpieza-en-el-conector-ecosistemico-media-luna-del-sur.html HTTP/1.1" 200 807
199.16.157.180 - - [27/May/2023:16:59:12 -0500] "GET /images/conector-media-luna-sur.jpg HTTP/1.1" 200 50984
199.16.157.182 - - [27/May/2023:16:59:13 -0500] "GET /images/conector-media-luna-sur.jpg HTTP/1.1" 200 50984
186.102.33.163 - - [27/May/2023:16:59:27 -0500] "GET /distrito-realizo-jornada-de-limpieza-en-el-conector-ecosistemico-media-luna-del-sur.html HTTP/1.1" 200 807
131.72.137.230 - - [27/May/2023:16:59:41 -0500] "GET /galeria/galeria/jquery.fancybox.css?v=2.1.5 HTTP/1.1" 200 4895
131.72.137.230 - - [27/May/2023:16:59:41 -0500] "GET /galeria/galeria/jquery.fancybox.js?v=2.1.5 HTTP/1.1" 200 48706
131.72.137.230 - - [27/May/2023:16:59:41 -0500] "GET /BLA/boletinlegal/js/jquery.scrollShow.js HTTP/1.1" 200 4586
199.16.157.181 - - [27/May/2023:16:59:51 -0500] "GET /images/conector-media-luna-sur.jpg HTTP/1.1" 200 50984
199.16.157.182 - - [27/May/2023:16:59:51 -0500] "GET /distrito-realizo-jornada-de-limpieza-en-el-conector-ecosistemico-media-luna-del-sur.html HTTP/1.1" 200 807
199.16.157.182 - - [27/May/2023:17:00:21 -0500] "GET /images/conector-media-luna-sur.jpg HTTP/1.1" 200 50984
69.171.231.116 - - [27/May/2023:17:00:30 -0500] "GET /distrito-realizo-jornada-de-limpieza-en-el-conector-ecosistemico-media-luna-del-sur.html HTTP/1.1" 206 807
173.252.95.3 - - [27/May/2023:17:00:31 -0500] "GET /distrito-realizo-jornada-de-limpieza-en-el-conector-ecosistemico-media-luna-del-sur.html HTTP/1.1" 206 807
201.245.192.253 - - [27/May/2023:17:00:51 -0500] "POST /kwsrmcab/Wsrmcab  HTTP/1.1" 200 43526
144.76.22.142 - - [27/May/2023:17:00:59 -0500] "GET /distrito-realizo-jornada-de-limpieza-en-el-conector-ecosistemico-media-luna-del-sur.html HTTP/1.1" 200 807
191.95.61.58 - - [27/May/2023:17:01:02 -0500] "GET /distrito-realizo-recorrido-por-los-bosques-santa-helena-y-brazo-salitre.html HTTP/1.1" 200 808
135.181.141.11 - - [27/May/2023:17:01:33 -0500] "GET /distrito-realizo-jornada-de-limpieza-en-el-conector-ecosistemico-media-luna-del-sur.html HTTP/1.1" 200 807
66.249.70.207 - - [27/May/2023:17:01:49 -0500] "-" 408 -
186.102.33.163 - - [27/May/2023:17:01:51 -0500] "GET /distrito-realizo-recorrido-por-los-bosques-santa-helena-y-brazo-salitre.html HTTP/1.1" 200 808
66.249.75.172 - - [27/May/2023:17:02:03 -0500] "-" 408 -
191.95.57.153 - - [27/May/2023:17:02:29 -0500] "GET /distrito-realizo-recorrido-por-los-bosques-santa-helena-y-brazo-salitre.html HTTP/1.1" 200 808
186.102.33.163 - - [27/May/2023:17:02:38 -0500] "GET /distrito-realizo-recorrido-por-los-bosques-santa-helena-y-brazo-salitre.html HTTP/1.1" 200 808
216.245.221.92 - - [27/May/2023:17:03:05 -0500] "HEAD / HTTP/1.1" 200 -
172.22.2.4 - - [27/May/2023:17:03:20 -0500] "GET /BLA/boletinlegal/actos.php HTTP/1.1" 200 9682
172.22.2.4 - - [27/May/2023:17:01:52 -0500] "HEAD /BLA/boletinlegal/ HTTP/1.1" 200 -
181.56.64.186 - - [27/May/2023:17:03:35 -0500] "GET /BLA/resoluciones/ HTTP/1.1" 200 13502
181.56.64.186 - - [27/May/2023:17:03:40 -0500] "GET /BLA/resoluciones/index.php?dir=AUTOS+2018%2F HTTP/1.1" 200 459430
51.158.73.18 - - [27/May/2023:17:03:48 -0500] "GET /distrito-realizo-jornada-de-limpieza-en-el-conector-ecosistemico-media-luna-del-sur.html HTTP/1.1" 200 807
172.22.2.4 - - [27/May/2023:17:03:15 -0500] "GET /BLA/boletinlegal/ HTTP/1.1" 200 24523
172.22.2.4 - - [27/May/2023:17:02:43 -0500] "GET /BLA/boletinlegal/ HTTP/1.1" 200 54808
201.245.192.253 - - [27/May/2023:17:05:49 -0500] "POST /kwsrmcab/Wsrmcab  HTTP/1.1" 200 43526
213.186.1.244 - - [27/May/2023:17:05:59 -0500] "GET /distrito-realizo-jornada-de-limpieza-en-el-conector-ecosistemico-media-luna-del-sur.html HTTP/1.1" 200 807
207.46.13.215 - - [27/May/2023:17:07:59 -0500] "GET /BLA/resoluciones/AUTOS%202022/0511.pdf HTTP/1.1" 304 -
216.245.221.92 - - [27/May/2023:17:08:05 -0500] "HEAD / HTTP/1.1" 200 -
66.249.70.207 - - [27/May/2023:17:08:11 -0500] "-" 408 -
172.22.2.4 - - [27/May/2023:17:07:42 -0500] "HEAD /BLA/boletinlegal/ HTTP/1.1" 200 -
172.22.2.4 - - [27/May/2023:17:08:33 -0500] "GET /BLA/boletinlegal/ HTTP/1.1" 200 58307
201.245.192.253 - - [27/May/2023:17:10:49 -0500] "POST /kwsrmcab/Wsrmcab  HTTP/1.1" 200 43526
181.234.192.219 - - [27/May/2023:17:10:59 -0500] "GET /distrito-realizo-jornada-de-limpieza-en-el-conector-ecosistemico-media-luna-del-sur.html HTTP/1.1" 200 807
201.221.172.91 - - [27/May/2023:17:12:22 -0500] "GET /reciclaton-empresarial-2023-como-inscribirse-a-la-primera-jornada-del-ano.html HTTP/1.1" 200 705
216.245.221.92 - - [27/May/2023:17:13:05 -0500] "HEAD / HTTP/1.1" 200 -
172.22.2.4 - - [27/May/2023:17:13:32 -0500] "HEAD /BLA/boletinlegal/ HTTP/1.1" 200 -
