186.84.21.183 - - [05/Jun/2023:17:46:54 -0500] "GET /sipse/faces/javax.faces.resource/theme.css?ln=primefaces-sipse HTTP/1.1" 304 -
186.84.21.183 - - [05/Jun/2023:17:46:54 -0500] "GET /sipse/faces/javax.faces.resource/primefaces.css?ln=primefaces&v=4.0 HTTP/1.1" 304 -
186.84.21.183 - - [05/Jun/2023:17:46:54 -0500] "GET /sipse/faces/javax.faces.resource/layout/layout.css?ln=primefaces&v=4.0 HTTP/1.1" 304 -
186.84.21.183 - - [05/Jun/2023:17:46:54 -0500] "GET /sipse/faces/javax.faces.resource/jquery/jquery.js?ln=primefaces&v=4.0 HTTP/1.1" 304 -
186.84.21.183 - - [05/Jun/2023:17:46:54 -0500] "GET /sipse/faces/javax.faces.resource/jquery/jquery-plugins.js?ln=primefaces&v=4.0 HTTP/1.1" 304 -
186.84.21.183 - - [05/Jun/2023:17:46:54 -0500] "GET /sipse/faces/javax.faces.resource/primefaces.js?ln=primefaces&v=4.0 HTTP/1.1" 304 -
186.84.21.183 - - [05/Jun/2023:17:46:54 -0500] "GET /sipse/faces/javax.faces.resource/layout/layout.js?ln=primefaces&v=4.0 HTTP/1.1" 304 -
186.84.21.183 - - [05/Jun/2023:17:46:55 -0500] "POST /sipse/faces/presentacion/financiero/solicitudProceso/listarSolicitudProceso.xhtml HTTP/1.1" 200 1396
186.84.21.183 - - [05/Jun/2023:17:46:59 -0500] "POST /sipse/faces/presentacion/financiero/solicitudProceso/listarSolicitudProceso.xhtml HTTP/1.1" 200 121142
186.84.21.183 - - [05/Jun/2023:17:47:00 -0500] "GET /sipse/faces/javax.faces.resource/theme.css?ln=primefaces-sipse HTTP/1.1" 304 -
186.84.21.183 - - [05/Jun/2023:17:47:00 -0500] "GET /sipse/faces/javax.faces.resource/primefaces.css?ln=primefaces&v=4.0 HTTP/1.1" 304 -
186.84.21.183 - - [05/Jun/2023:17:47:00 -0500] "GET /sipse/faces/javax.faces.resource/layout/layout.css?ln=primefaces&v=4.0 HTTP/1.1" 304 -
186.84.21.183 - - [05/Jun/2023:17:47:00 -0500] "GET /sipse/faces/javax.faces.resource/jquery/jquery.js?ln=primefaces&v=4.0 HTTP/1.1" 304 -
186.84.21.183 - - [05/Jun/2023:17:47:00 -0500] "GET /sipse/faces/javax.faces.resource/jquery/jquery-plugins.js?ln=primefaces&v=4.0 HTTP/1.1" 304 -
186.84.21.183 - - [05/Jun/2023:17:47:00 -0500] "GET /sipse/faces/javax.faces.resource/primefaces.js?ln=primefaces&v=4.0 HTTP/1.1" 304 -
186.84.21.183 - - [05/Jun/2023:17:47:00 -0500] "GET /sipse/faces/javax.faces.resource/layout/layout.js?ln=primefaces&v=4.0 HTTP/1.1" 304 -
172.22.2.4 - - [05/Jun/2023:17:46:34 -0500] "GET /BLA/boletinlegal/ HTTP/1.1" 200 20427
172.22.2.4 - - [05/Jun/2023:17:47:09 -0500] "GET /BLA/boletinlegal/consulta_actos.php?tipo=resoluciones&no=3401&usuario=&sector=&fecha=2022&resuelve= HTTP/1.1" 200 1090
191.156.182.223 - - [05/Jun/2023:17:47:13 -0500] "GET /BLA/resoluciones/RESOLUCIONES%202022/3401.pdf HTTP/1.1" 200 473411
172.22.2.4 - - [05/Jun/2023:17:46:36 -0500] "GET /BLA/boletinlegal/ HTTP/1.1" 200 24523
52.167.144.158 - - [05/Jun/2023:17:47:32 -0500] "GET /Publicaciones/2023EE72605.pdf HTTP/1.1" 404 227
216.245.221.92 - - [05/Jun/2023:17:47:53 -0500] "HEAD / HTTP/1.1" 200 -
72.238.214.239 - - [05/Jun/2023:17:48:19 -0500] "GET / HTTP/1.1" 200 319
172.22.2.4 - - [05/Jun/2023:17:48:26 -0500] "GET /BLA/boletinlegal/apple-touch-icon-precomposed.png HTTP/1.1" 404 1140
172.22.2.4 - - [05/Jun/2023:17:48:27 -0500] "GET /BLA/boletinlegal/apple-touch-icon.png HTTP/1.1" 404 1140
172.22.2.4 - - [05/Jun/2023:17:48:27 -0500] "GET /BLA/boletinlegal/favicon.ico HTTP/1.1" 404 1140
172.22.2.4 - - [05/Jun/2023:17:46:57 -0500] "GET /BLA/boletinlegal/ HTTP/1.1" 200 54424
66.249.72.193 - - [05/Jun/2023:17:48:40 -0500] "-" 408 -
172.22.2.4 - - [05/Jun/2023:17:47:58 -0500] "GET /BLA/boletinlegal/ HTTP/1.1" 200 45003
40.77.167.205 - - [05/Jun/2023:17:49:24 -0500] "GET /inscribete-y-participa-en-las-caminatas-ecologicas-de-marzo.html HTTP/1.1" 304 -
186.84.21.183 - - [05/Jun/2023:17:50:22 -0500] "GET /sipse/faces/index.xhtml HTTP/1.1" 200 677
186.84.21.183 - - [05/Jun/2023:17:50:22 -0500] "GET /sipse/faces/javax.faces.resource/theme.css?ln=primefaces-sipse HTTP/1.1" 304 -
186.84.21.183 - - [05/Jun/2023:17:50:23 -0500] "GET /sipse/faces/faces/autenticacion.xhtml HTTP/1.1" 200 12185
186.84.21.183 - - [05/Jun/2023:17:50:23 -0500] "GET /sipse/faces/javax.faces.resource/theme.css?ln=primefaces-sipse HTTP/1.1" 304 -
186.84.21.183 - - [05/Jun/2023:17:50:23 -0500] "GET /sipse/faces/javax.faces.resource/primefaces.css?ln=primefaces&v=4.0 HTTP/1.1" 304 -
186.84.21.183 - - [05/Jun/2023:17:50:23 -0500] "GET /sipse/faces/javax.faces.resource/layout/layout.css?ln=primefaces&v=4.0 HTTP/1.1" 304 -
186.84.21.183 - - [05/Jun/2023:17:50:23 -0500] "GET /sipse/faces/javax.faces.resource/primefaces.js?ln=primefaces&v=4.0 HTTP/1.1" 304 -
186.84.21.183 - - [05/Jun/2023:17:50:23 -0500] "GET /sipse/faces/javax.faces.resource/jquery/jquery-plugins.js?ln=primefaces&v=4.0 HTTP/1.1" 304 -
186.84.21.183 - - [05/Jun/2023:17:50:23 -0500] "GET /sipse/faces/javax.faces.resource/layout/layout.js?ln=primefaces&v=4.0 HTTP/1.1" 304 -
186.84.21.183 - - [05/Jun/2023:17:50:23 -0500] "GET /sipse/faces/javax.faces.resource/jquery/jquery.js?ln=primefaces&v=4.0 HTTP/1.1" 304 -
186.84.21.183 - - [05/Jun/2023:17:50:23 -0500] "GET /sipse/faces/javax.faces.resource/images/ui-icons_898989_256x240.png?ln=primefaces-aristo HTTP/1.1" 304 -
186.29.52.14 - - [05/Jun/2023:17:50:24 -0500] "POST /forest/index.php HTTP/1.1" 200 12268
186.84.21.183 - - [05/Jun/2023:17:50:28 -0500] "POST /sipse/faces/autenticacion.xhtml HTTP/1.1" 200 11430
186.84.21.183 - - [05/Jun/2023:17:50:29 -0500] "GET /sipse/faces/javax.faces.resource/layout/layout.css?ln=primefaces&v=4.0 HTTP/1.1" 304 -
186.84.21.183 - - [05/Jun/2023:17:50:29 -0500] "GET /sipse/faces/javax.faces.resource/primefaces.css?ln=primefaces&v=4.0 HTTP/1.1" 304 -
186.84.21.183 - - [05/Jun/2023:17:50:29 -0500] "GET /sipse/faces/javax.faces.resource/theme.css?ln=primefaces-sipse HTTP/1.1" 304 -
186.84.21.183 - - [05/Jun/2023:17:50:29 -0500] "GET /sipse/faces/javax.faces.resource/jquery/jquery.js?ln=primefaces&v=4.0 HTTP/1.1" 304 -
186.84.21.183 - - [05/Jun/2023:17:50:29 -0500] "GET /sipse/faces/javax.faces.resource/jquery/jquery-plugins.js?ln=primefaces&v=4.0 HTTP/1.1" 304 -
186.84.21.183 - - [05/Jun/2023:17:50:29 -0500] "GET /sipse/faces/javax.faces.resource/primefaces.js?ln=primefaces&v=4.0 HTTP/1.1" 304 -
186.84.21.183 - - [05/Jun/2023:17:50:29 -0500] "GET /sipse/faces/javax.faces.resource/layout/layout.js?ln=primefaces&v=4.0 HTTP/1.1" 304 -
186.84.21.183 - - [05/Jun/2023:17:50:29 -0500] "GET /sipse/faces/javax.faces.resource/messages/messages.png?ln=primefaces&v=4.0 HTTP/1.1" 304 -
186.84.21.183 - - [05/Jun/2023:17:50:31 -0500] "GET /sipse/faces/javax.faces.resource/images/ui-bg_flat_0_2d5972_40x100.png?ln=primefaces-aristo HTTP/1.1" 304 -
186.84.21.183 - - [05/Jun/2023:17:50:32 -0500] "POST /sipse/faces/presentacion/sistema/seguridad/seleccionRol.xhtml HTTP/1.1" 200 19001
186.84.21.183 - - [05/Jun/2023:17:50:32 -0500] "GET /sipse/faces/javax.faces.resource/theme.css?ln=primefaces-sipse HTTP/1.1" 304 -
186.84.21.183 - - [05/Jun/2023:17:50:32 -0500] "GET /sipse/faces/javax.faces.resource/primefaces.css?ln=primefaces&v=4.0 HTTP/1.1" 304 -
186.84.21.183 - - [05/Jun/2023:17:50:32 -0500] "GET /sipse/faces/javax.faces.resource/layout/layout.css?ln=primefaces&v=4.0 HTTP/1.1" 304 -
186.84.21.183 - - [05/Jun/2023:17:50:32 -0500] "GET /sipse/faces/javax.faces.resource/jquery/jquery.js?ln=primefaces&v=4.0 HTTP/1.1" 304 -
186.84.21.183 - - [05/Jun/2023:17:50:32 -0500] "GET /sipse/faces/javax.faces.resource/jquery/jquery-plugins.js?ln=primefaces&v=4.0 HTTP/1.1" 304 -
186.84.21.183 - - [05/Jun/2023:17:50:32 -0500] "GET /sipse/faces/javax.faces.resource/primefaces.js?ln=primefaces&v=4.0 HTTP/1.1" 304 -
186.84.21.183 - - [05/Jun/2023:17:50:32 -0500] "GET /sipse/faces/javax.faces.resource/layout/layout.js?ln=primefaces&v=4.0 HTTP/1.1" 304 -
186.84.21.183 - - [05/Jun/2023:17:50:32 -0500] "GET /sipse/css/imagen/contrasena.png HTTP/1.1" 404 383
186.84.21.183 - - [05/Jun/2023:17:50:34 -0500] "POST /sipse/faces/bienvenido.xhtml HTTP/1.1" 200 3182
186.84.21.183 - - [05/Jun/2023:17:50:38 -0500] "POST /sipse/faces/bienvenido.xhtml HTTP/1.1" 200 2664
186.84.21.183 - - [05/Jun/2023:17:50:39 -0500] "POST /sipse/faces/bienvenido.xhtml HTTP/1.1" 200 62197
186.84.21.183 - - [05/Jun/2023:17:50:40 -0500] "GET /sipse/faces/javax.faces.resource/theme.css?ln=primefaces-sipse HTTP/1.1" 304 -
186.84.21.183 - - [05/Jun/2023:17:50:40 -0500] "GET /sipse/faces/javax.faces.resource/primefaces.css?ln=primefaces&v=4.0 HTTP/1.1" 304 -
186.84.21.183 - - [05/Jun/2023:17:50:40 -0500] "GET /sipse/faces/javax.faces.resource/layout/layout.css?ln=primefaces&v=4.0 HTTP/1.1" 304 -
186.84.21.183 - - [05/Jun/2023:17:50:40 -0500] "GET /sipse/faces/javax.faces.resource/jquery/jquery.js?ln=primefaces&v=4.0 HTTP/1.1" 304 -
186.84.21.183 - - [05/Jun/2023:17:50:40 -0500] "GET /sipse/faces/javax.faces.resource/jquery/jquery-plugins.js?ln=primefaces&v=4.0 HTTP/1.1" 304 -
186.84.21.183 - - [05/Jun/2023:17:50:40 -0500] "GET /sipse/faces/javax.faces.resource/primefaces.js?ln=primefaces&v=4.0 HTTP/1.1" 304 -
186.84.21.183 - - [05/Jun/2023:17:50:40 -0500] "GET /sipse/faces/javax.faces.resource/layout/layout.js?ln=primefaces&v=4.0 HTTP/1.1" 304 -
172.22.2.4 - - [05/Jun/2023:17:49:00 -0500] "HEAD /BLA/boletinlegal/ HTTP/1.1" 200 -
186.84.21.183 - - [05/Jun/2023:17:50:40 -0500] "POST /sipse/faces/presentacion/financiero/solicitudProceso/listarSolicitudProceso.xhtml HTTP/1.1" 200 1556
52.167.144.158 - - [05/Jun/2023:17:51:25 -0500] "GET /BLA/resoluciones/AUTOS%202021/5989.pdf HTTP/1.1" 304 -
172.22.2.4 - - [05/Jun/2023:17:49:51 -0500] "GET /BLA/boletinlegal/ HTTP/1.1" 200 59306
69.63.189.117 - - [05/Jun/2023:17:51:37 -0500] "GET /images/manos-reparadoras-plaza-americas-1.jpg HTTP/1.1" 200 47593
216.245.221.92 - - [05/Jun/2023:17:52:53 -0500] "HEAD / HTTP/1.1" 200 -
172.22.2.4 - - [05/Jun/2023:17:53:13 -0500] "GET /BLA/boletinlegal/consulta_actos.php?tipo=resoluciones&no=3604&usuario=&sector=&fecha=2022&resuelve= HTTP/1.1" 200 1094
191.156.186.2 - - [05/Jun/2023:17:53:16 -0500] "GET /BLA/resoluciones/RESOLUCIONES%202022/3604.pdf HTTP/1.1" 200 520793
172.22.2.4 - - [05/Jun/2023:17:54:36 -0500] "GET /BLA/boletinlegal/_ignition/execute-solution HTTP/1.1" 404 1018
172.22.2.4 - - [05/Jun/2023:17:55:10 -0500] "GET /BLA/boletinlegal/consulta_actos.php?tipo=resoluciones&no=0076&usuario=&sector=&fecha=2023&resuelve= HTTP/1.1" 200 1090
191.156.177.174 - - [05/Jun/2023:17:55:33 -0500] "GET /BLA/resoluciones/RESOLUCIONES%202023/0076.pdf HTTP/1.1" 200 970526
186.84.90.37 - - [05/Jun/2023:17:56:02 -0500] "GET /sipse/faces/index.xhtml HTTP/1.1" 200 677
186.84.90.37 - - [05/Jun/2023:17:56:03 -0500] "GET /sipse/faces/javax.faces.resource/theme.css?ln=primefaces-sipse HTTP/1.1" 304 -
186.84.90.37 - - [05/Jun/2023:17:56:03 -0500] "GET /sipse/faces/faces/autenticacion.xhtml HTTP/1.1" 200 12176
186.84.90.37 - - [05/Jun/2023:17:56:03 -0500] "GET /sipse/faces/javax.faces.resource/theme.css?ln=primefaces-sipse HTTP/1.1" 304 -
186.84.90.37 - - [05/Jun/2023:17:56:04 -0500] "GET /sipse/faces/javax.faces.resource/jquery/jquery-plugins.js?ln=primefaces&v=4.0 HTTP/1.1" 304 -
186.84.90.37 - - [05/Jun/2023:17:56:04 -0500] "GET /sipse/js/funciones.js HTTP/1.1" 200 12592
186.84.90.37 - - [05/Jun/2023:17:56:04 -0500] "GET /sipse/faces/javax.faces.resource/primefaces.js?ln=primefaces&v=4.0 HTTP/1.1" 304 -
186.84.90.37 - - [05/Jun/2023:17:56:04 -0500] "GET /sipse/js/disable_browser_buttons.js HTTP/1.1" 200 3230
186.84.90.37 - - [05/Jun/2023:17:56:04 -0500] "GET /sipse/css/custom_css_sg.css HTTP/1.1" 200 9694
186.84.90.37 - - [05/Jun/2023:17:56:04 -0500] "GET /sipse/css/custom_css_sg_prime_login.css HTTP/1.1" 200 443
186.84.90.37 - - [05/Jun/2023:17:56:04 -0500] "GET /sipse/faces/javax.faces.resource/jquery/jquery.js?ln=primefaces&v=4.0 HTTP/1.1" 304 -
186.84.90.37 - - [05/Jun/2023:17:56:04 -0500] "GET /sipse/faces/javax.faces.resource/layout/layout.js?ln=primefaces&v=4.0 HTTP/1.1" 304 -
186.84.90.37 - - [05/Jun/2023:17:56:04 -0500] "GET /sipse/faces/javax.faces.resource/layout/layout.css?ln=primefaces&v=4.0 HTTP/1.1" 304 -
186.84.90.37 - - [05/Jun/2023:17:56:04 -0500] "GET /sipse/faces/javax.faces.resource/primefaces.css?ln=primefaces&v=4.0 HTTP/1.1" 304 -
186.84.90.37 - - [05/Jun/2023:17:56:04 -0500] "GET /sipse/css/imagen/logoSDG.png HTTP/1.1" 200 53064
186.84.90.37 - - [05/Jun/2023:17:56:04 -0500] "GET /sipse/css/imagen/loginimg.png HTTP/1.1" 200 71635
186.84.90.37 - - [05/Jun/2023:17:56:04 -0500] "GET /sipse/faces/javax.faces.resource/images/ui-icons_898989_256x240.png?ln=primefaces-aristo HTTP/1.1" 304 -
172.22.2.4 - - [05/Jun/2023:17:54:50 -0500] "HEAD /BLA/boletinlegal/ HTTP/1.1" 200 -
69.63.184.1 - - [05/Jun/2023:17:56:58 -0500] "GET /images/liberacion-animales-silvestres.jpg HTTP/1.1" 200 57397
186.28.4.251 - - [05/Jun/2023:17:56:57 -0500] "GET /kwssiamovil/sm/ldap/au?x=U2FsdGVkX197LeeyYQjFb3+cVrOKSlhKcE+nMBpXVnhw/5vWoVIIezyJZqCEe1rH+gRZcBpoIkT2UhJbczayMg==&y=U2FsdGVkX1+XJbnqMnxi5ZULKLgikEnYSLNT2xuUQGihI1x/rPN40VIawYmbEJ3d HTTP/1.1" 200 31
179.43.177.244 - - [05/Jun/2023:17:57:21 -0500] "GET / HTTP/1.1" 200 319
172.22.2.4 - - [05/Jun/2023:17:55:41 -0500] "GET /BLA/boletinlegal/ HTTP/1.1" 200 56287
186.28.4.251 - - [05/Jun/2023:17:56:56 -0500] "GET /kwssiamovil/sm/ldap/au?x=U2FsdGVkX18RiqLY6w/4ZhOzc9D9WeXCzDfYvzKjaOurKHMXrczMw7LuLy8hJLLqOMqgYUbEbM47bLzxU3uNOQ==&y=U2FsdGVkX1+MslonC/loIcxCx1W0AUQ/nQP4HPKzyEuflztrKLoprmIAwmB9Wjjz HTTP/1.1" 200 31
186.102.14.108 - - [05/Jun/2023:17:57:06 -0500] "GET /kwssiamovil/sm/ldap/au?x=U2FsdGVkX1+QTscLKA+9BjbpUeP5CJeq5/8wsPMycfbxKecgljlIXRTFAUngNe20&y=U2FsdGVkX1+Hk/ARP144VEJjBjuUY0MYk4QsanAosQCP99qzw4ZjdXVtEcEX73HO HTTP/1.1" 200 31
186.102.103.109 - - [05/Jun/2023:17:57:07 -0500] "GET /kwssiamovil/sm/ldap/au?x=U2FsdGVkX191N/nsPDNgVgt3HTF1H5MfvfrU5l1PaMdd7jMPnBpgBx0v7ipRWrsjVsty74yPvYaPftljRo20Qw==&y=U2FsdGVkX1+SVNxBc6l3bbahvIJDnFqNr5ZMe/Ki+JrE4myjordCPc/VKMs2LAZW HTTP/1.1" 200 31
216.245.221.92 - - [05/Jun/2023:17:57:53 -0500] "HEAD / HTTP/1.1" 200 -
186.102.103.109 - - [05/Jun/2023:17:57:06 -0500] "GET /kwssiamovil/sm/ldap/au?x=U2FsdGVkX1/i2GfkEl9T0Zp2YBvxfr3yYJ1J0lLACgClsx82d5vQtkOsx7AUuiCiJm628Kd/R2KgxLepMl7pUA==&y=U2FsdGVkX1/w4lpj4a/9IjhGSZKtMI0Uo/dzX2U++lVt0anRx1m167onkR2BpyJD HTTP/1.1" 200 31
66.249.72.223 - - [05/Jun/2023:17:58:16 -0500] "-" 408 -
186.102.14.108 - - [05/Jun/2023:17:57:21 -0500] "GET /kwssiamovil/sm/ldap/au?x=U2FsdGVkX19sjZp/6g37DcEuypvAlBAkIyqR+WH+aYF9l3AB3ogVWGX2fPhBCvih&y=U2FsdGVkX1+Q++0rDjid/BotXGZfUNgJLOIwjAGBuzEnFRjiPy2gxgm8ohVyXUHZ HTTP/1.1" 200 31
40.77.167.205 - - [05/Jun/2023:17:58:33 -0500] "GET /images/coop-inter-1_optimized.jpeg HTTP/1.1" 200 130861
186.28.4.251 - - [05/Jun/2023:17:56:54 -0500] "GET /kwssiamovil/sm/ldap/au?x=U2FsdGVkX1+Sf5DDGKRUoGsP8g8IL3uqcmWK7CTMDkUTq4XKJP22/mDwpidaBB9S9t+jbJ8i2oyUSFX/dhwy1g==&y=U2FsdGVkX182utBkyUxKVEJefb7FePsZhkn3s6bxUlOWXMq/L2cINnvKWS/CS7vU HTTP/1.1" 200 31
186.28.4.251 - - [05/Jun/2023:17:56:58 -0500] "GET /kwssiamovil/sm/ldap/au?x=U2FsdGVkX1927QkUR8lptx6r4A370nRJOekmiXy+qgx9fgHRiRF/8SR03KtMStoBS3wdOapIklGKpdtGGm8x8Q==&y=U2FsdGVkX1+DSlWNlYqCWSgN3zeRGbaNfSKA2FOOUeOdiJqdao81B3jAzzztAl38 HTTP/1.1" 200 31
186.28.4.251 - - [05/Jun/2023:17:56:58 -0500] "GET /kwssiamovil/sm/ldap/au?x=U2FsdGVkX1/4tkXadTBp39lYI1Dd4F/ur6biXklbivPhLRh+8cuvFZHHqqn4iaB4lchy/lFjtKlMA/8QIfJDcg==&y=U2FsdGVkX18v0Gydp2hDe4/GhSqlsA2D4sw8wQouR1hve0Of67KONX/160V6Idl2 HTTP/1.1" 200 31
186.28.4.251 - - [05/Jun/2023:17:56:58 -0500] "GET /kwssiamovil/sm/ldap/au?x=U2FsdGVkX19EX0SYoRuudK9qXavaX/26JXBAf9tkel0oMIPwDo0kftobE0npCasjLV08TfHBY/V/vxFSS/iqmw==&y=U2FsdGVkX186gUOPqHc2KS9mtZNeRhs5X33Vh+v29fsUcvvQ75Z7MQ0vZNJeiDcx HTTP/1.1" 200 31
186.102.14.108 - - [05/Jun/2023:17:57:48 -0500] "GET /kwssiamovil/sm/ldap/au?x=U2FsdGVkX1/29e0nazJWmyMgwYIlrc34Mye70fXkVLc49cNuYfAi9mhmADX+IBek&y=U2FsdGVkX18HYk8Cgv2TKfO3eN2I07Hzkanly8h7wyM= HTTP/1.1" 200 31
186.102.14.108 - - [05/Jun/2023:17:57:04 -0500] "GET /kwssiamovil/sm/ldap/au?x=U2FsdGVkX18rKFWgoC9E9WYzi1uU8UMKNiJdf084GKgblRzZdlAMOaxXCpmDrxWm&y=U2FsdGVkX1/fvNtP2odkdByu1ZSTJFqLctMzqIjYG5hlukAk47ZL9zti5/u4/3cy HTTP/1.1" 200 31
69.171.249.3 - - [05/Jun/2023:17:59:24 -0500] "GET /en-el-dia-mundial-del-medio-ambiente-distrito-libero-a-43-animales-silvestres-y-alcanzo-mas-de-1-300-liberaciones-en-el-ano.html HTTP/1.1" 206 869
69.171.249.116 - - [05/Jun/2023:17:59:24 -0500] "GET /en-el-dia-mundial-del-medio-ambiente-distrito-libero-a-43-animales-silvestres-y-alcanzo-mas-de-1-300-liberaciones-en-el-ano.html HTTP/1.1" 206 869
186.102.103.109 - - [05/Jun/2023:17:57:07 -0500] "GET /kwssiamovil/sm/ldap/au?x=U2FsdGVkX1+pgPeoYxotXlsEKPYHEaS7oaf3OT3/qNTlvVRokBLQLEHtjMBvwY1gB/+geO3w9CW2GvOBkQyKPA==&y=U2FsdGVkX18DP9ahUS/ubsR0nNT7RIr34RFh9Z8hj68rylY9++TtHpavHT3emNcd HTTP/1.1" 200 31
69.171.249.21 - - [05/Jun/2023:17:59:25 -0500] "GET /en-el-dia-mundial-del-medio-ambiente-distrito-libero-a-43-animales-silvestres-y-alcanzo-mas-de-1-300-liberaciones-en-el-ano.html HTTP/1.1" 206 869
186.102.103.109 - - [05/Jun/2023:17:57:08 -0500] "GET /kwssiamovil/sm/ldap/au?x=U2FsdGVkX19UmMwxOrRlDr9BnEURh5Z/37isPXN38Tp7iaRbxr+i9B6LxG8SGhRwSts8bOXiy0RtbJ38jaV8BQ==&y=U2FsdGVkX18YRR6b3R/OyMikRsYtmChyOT8OES1YzxrfVYcstYb2FqCk1ek48llB HTTP/1.1" 200 31
186.102.14.108 - - [05/Jun/2023:17:57:21 -0500] "GET /kwssiamovil/sm/ldap/au?x=U2FsdGVkX18cCNvj8ISKp8oRn/fWfQ8dSK49JdLqKS6bFdp2gkYODNSQufq0e3PB&y=U2FsdGVkX191inNcWiBDmUUvazPYidPPA9kuPzV2kenxoaLCk71wBfqx563ysbTc HTTP/1.1" 200 31
186.112.24.64 - - [05/Jun/2023:18:00:06 -0500] "GET /BLA/resoluciones/index.php?dir=AUTOS+2017%2F HTTP/1.1" 200 469788
186.102.14.108 - - [05/Jun/2023:17:57:22 -0500] "GET /kwssiamovil/sm/ldap/au?x=U2FsdGVkX183ndLSogAz6ifhDPt/eOzCXUhKcYB+ubHny212lPtz1N0Tisw5y++I&y=U2FsdGVkX194DrivvmXYBm9XWOoF6BIjJnl/4Suvz0ZSIUznFKWA1z+Q25qVBEA1 HTTP/1.1" 200 31
186.102.14.108 - - [05/Jun/2023:17:57:22 -0500] "GET /kwssiamovil/sm/ldap/au?x=U2FsdGVkX1/zPrJByevVcalPGNKbh2UzxXk5pw1b85g9ZBJhzKt9UjXhoL59HW9E&y=U2FsdGVkX1/KJZDC0YaPUWdI4zvqjtQaB7pLn0EHegpYtCtrGEUE0SvrrcnPfqX6 HTTP/1.1" 200 31
186.112.24.64 - - [05/Jun/2023:18:00:30 -0500] "GET /BLA/resoluciones/AUTOS%202017/2171.pdf HTTP/1.1" 200 317179
186.102.14.108 - - [05/Jun/2023:17:57:49 -0500] "GET /kwssiamovil/sm/ldap/au?x=U2FsdGVkX18Zns95h8qEsXNjGAFTtOmU61WpJ8cS1rQYXAWr3u35QMPciSRklm9Q&y=U2FsdGVkX1/ufOglwEdenAjcX7YJ7uFO1fI2SG3OU4I= HTTP/1.1" 200 31
186.102.14.108 - - [05/Jun/2023:17:57:49 -0500] "GET /kwssiamovil/sm/ldap/au?x=U2FsdGVkX1/DimtTq1JjKyzaBog0iCNLqXgd5GyZlfNNHLKCSlP97E2VZAzKggXZ&y=U2FsdGVkX1/BANgA99DgxdY/Kbx6F0RXJlLj/UFRMkE= HTTP/1.1" 200 31
186.102.14.108 - - [05/Jun/2023:17:57:49 -0500] "GET /kwssiamovil/sm/ldap/au?x=U2FsdGVkX184jdlY/EewN8Bx2ROrG9Qr5IzVKyMjL+GNoqwFH6PYZI5H9hvE597a&y=U2FsdGVkX1/J1iCFXHOkf5z9DO4XL3G4W8HKXu0Ah1Q= HTTP/1.1" 200 31
186.102.14.108 - - [05/Jun/2023:17:57:50 -0500] "GET /kwssiamovil/sm/ldap/au?x=U2FsdGVkX1+5/x5CTcWunjyVHaDQik+vkxY1sQpwltBgIf3XfLaXNurFWcoB8Kam&y=U2FsdGVkX1/ZzRQTgz7vUs/pEWZe7AkcTS5d9I1VQO8= HTTP/1.1" 200 31
186.102.14.108 - - [05/Jun/2023:17:57:50 -0500] "GET /kwssiamovil/sm/ldap/au?x=U2FsdGVkX1+V0pLjnojtn6wzIs391pY+jjg91lWLGfqhQmRmNUBBqtx2xT45fS2W&y=U2FsdGVkX185lJ+Im2c/7B/Is1HF3GN9dEbgF6t9q2k= HTTP/1.1" 200 31
186.102.14.108 - - [05/Jun/2023:17:59:11 -0500] "GET /kwssiamovil/sm/ldap/au?x=U2FsdGVkX1+ZSyfcJPrluJX3bTGchN/PTSWi0c6J/0yYQl4AMncoGx45okbz7B2L&y=U2FsdGVkX18SQd2JWar31aQDtlKEMKnlE8CpXZUNkxQ= HTTP/1.1" 200 31
172.22.2.4 - - [05/Jun/2023:18:00:40 -0500] "HEAD /BLA/boletinlegal/ HTTP/1.1" 200 -
172.22.2.4 - - [05/Jun/2023:18:01:25 -0500] "GET /BLA/boletinlegal/ HTTP/1.1" 200 28619
66.249.73.72 - - [05/Jun/2023:18:02:37 -0500] "GET /en-el-dia-mundial-del-medio-ambiente-distrito-libero-a-43-animales-silvestres-y-alcanzo-mas-de-1-300-liberaciones-en-el-ano.html HTTP/1.1" 200 869
216.245.221.92 - - [05/Jun/2023:18:02:53 -0500] "HEAD / HTTP/1.1" 200 -
172.22.2.4 - - [05/Jun/2023:18:01:31 -0500] "GET /BLA/boletinlegal/ HTTP/1.1" 200 53561
186.102.67.112 - - [05/Jun/2023:18:03:07 -0500] "GET /kwssiamovil/sm/ldap/au?x=U2FsdGVkX19vMvdd5Va+lFCwRFm2SnIBq5XPtGkGNHqt91jVstQmnFg64nheDX9k&y=U2FsdGVkX19ujBTZ4SytHKZmCUKZulqRsbf1Ec66rvk/Jb/NJ4TkTqpSObizBBDd HTTP/1.1" 200 31
66.249.73.76 - - [05/Jun/2023:18:03:42 -0500] "GET /images/liberacion-buho-la-conejera.jpg HTTP/1.1" 200 36270
186.102.67.112 - - [05/Jun/2023:18:03:09 -0500] "GET /kwssiamovil/sm/ldap/au?x=U2FsdGVkX18MSsGtDAciH4kPFER95fIDkA+j/VUQa0doq5nEQ0YwXsfwZE+YAzNK&y=U2FsdGVkX19HObVLyqna+tBhqfTex4WnfKqCqeyUOGOy1x+ayBZ2NcQnQO2H9JIq HTTP/1.1" 200 31
186.102.67.112 - - [05/Jun/2023:18:05:37 -0500] "GET /kwssiamovil/sm/ldap/au?x=U2FsdGVkX18+Lw+0gXusxOMmmYeK4KlLH3FhjZO1rJnXc0SjKrYp94fM/fR6WAwY&y=U2FsdGVkX1+DlDXqAlbQuFiTfRcfQgGWTnnIzJKE1BUIyPGV6li1+lROfFFEWnl+ HTTP/1.1" 200 31
186.102.67.112 - - [05/Jun/2023:18:03:34 -0500] "GET /kwssiamovil/sm/ldap/au?x=U2FsdGVkX19L+R9ONxE89D2nTp5xrjI57zUQyMfkfzgNtG6cMUUbYwDxqAonPNbo&y=U2FsdGVkX18p0Q2FGMe2Om3EhyJW7ENvdsCk+olaCgCJzP9wGObUAQtoTEmf7fZG HTTP/1.1" 200 31
66.249.73.72 - - [05/Jun/2023:18:05:42 -0500] "GET /en-el-dia-mundial-del-medio-ambiente-distrito-libero-a-43-animales-silvestres-y-alcanzo-mas-de-1-300-liberaciones-en-el-ano.html HTTP/1.1" 200 869
66.249.73.74 - - [05/Jun/2023:18:05:43 -0500] "GET /en-el-dia-mundial-del-medio-ambiente-distrito-libero-a-43-animales-silvestres-y-alcanzo-mas-de-1-300-liberaciones-en-el-ano.html HTTP/1.1" 200 869
186.102.67.112 - - [05/Jun/2023:18:03:40 -0500] "GET /kwssiamovil/sm/ldap/au?x=U2FsdGVkX18ijhsAs+8rbKw2Q67KagfvZ3IQOTkV+4By4rgBzzUvXgq+VGVP5phl&y=U2FsdGVkX19FR786zmJfd9smQIpg5OAIuVBmBUCNsIyHzAWvq04s9IBk7CzCXhY8 HTTP/1.1" 200 31
186.102.67.112 - - [05/Jun/2023:18:04:01 -0500] "GET /kwssiamovil/sm/ldap/au?x=U2FsdGVkX1+MCo5teBZzEqZ9DqHoknnxFRn0wPpnl5DqcYvLXJ3sShWEFrq6YdFD&y=U2FsdGVkX191k6ZudYZVvnFOKgl0j+FD+ysLuaD3pD0iP6e4tX4KzoMlqd+OuSvp HTTP/1.1" 200 31
186.102.67.112 - - [05/Jun/2023:18:04:04 -0500] "GET /kwssiamovil/sm/ldap/au?x=U2FsdGVkX19uf/bGyVpxjA9h1GClrg3Wei5eFzj7MF7+JjcdiKix4gC3tpBIZVT/&y=U2FsdGVkX18HydGgAed0YRLb3n4bk3fFqGqtKXamqNwZXVbDHHLnr2rx2mU511uq HTTP/1.1" 200 31
186.102.67.112 - - [05/Jun/2023:18:06:15 -0500] "GET /kwssiamovil/sm/ldap/au?x=U2FsdGVkX1+PvyiUEI23WeHReD66gXPIpqcKMM6QJ2UJ0awJdWGGa4SNm8cQP9t9&y=U2FsdGVkX1/psKI8/4eeFoEv6ZI8yIC+qN6bB/5hinh6uavwNh25OslgpksOXHks HTTP/1.1" 200 31
69.171.251.18 - - [05/Jun/2023:18:06:21 -0500] "GET /images/Bogot\xc3\xa1-Regi\xc3\xb3n-unidos-por-el-cuidado-del-agua.jpeg HTTP/1.1" 404 1034
181.53.12.70 - - [05/Jun/2023:18:06:34 -0500] "GET /sipse/faces/javax.faces.resource/theme.css?ln=primefaces-sipse HTTP/1.1" 304 -
181.53.12.70 - - [05/Jun/2023:18:06:34 -0500] "GET /sipse/faces/javax.faces.resource/primefaces.css?ln=primefaces&v=4.0 HTTP/1.1" 304 -
181.53.12.70 - - [05/Jun/2023:18:06:34 -0500] "GET /sipse/faces/javax.faces.resource/jquery/jquery-plugins.js?ln=primefaces&v=4.0 HTTP/1.1" 304 -
181.53.12.70 - - [05/Jun/2023:18:06:34 -0500] "GET /sipse/faces/javax.faces.resource/layout/layout.css?ln=primefaces&v=4.0 HTTP/1.1" 304 -
181.53.12.70 - - [05/Jun/2023:18:06:34 -0500] "GET /sipse/faces/javax.faces.resource/jquery/jquery.js?ln=primefaces&v=4.0 HTTP/1.1" 304 -
181.53.12.70 - - [05/Jun/2023:18:06:34 -0500] "GET /sipse/faces/javax.faces.resource/primefaces.js?ln=primefaces&v=4.0 HTTP/1.1" 304 -
181.53.12.70 - - [05/Jun/2023:18:06:34 -0500] "GET /sipse/faces/javax.faces.resource/layout/layout.js?ln=primefaces&v=4.0 HTTP/1.1" 304 -
181.53.12.70 - - [05/Jun/2023:18:06:34 -0500] "POST /sipse/faces/presentacion/financiero/solicitudProceso/consultarHistorialSolProceso.xhtml HTTP/1.1" 200 192663
181.53.12.70 - - [05/Jun/2023:18:06:34 -0500] "GET /sipse/faces/javax.faces.resource/images/ui-icons_898989_256x240.png?ln=primefaces-aristo HTTP/1.1" 304 -
181.53.12.70 - - [05/Jun/2023:18:06:47 -0500] "POST /sipse/faces/presentacion/financiero/solicitudProceso/consultarSolicitudProceso.xhtml HTTP/1.1" 200 69291
181.53.12.70 - - [05/Jun/2023:18:06:57 -0500] "POST /sipse/faces/presentacion/financiero/solicitudProceso/consultarSolicitudProceso.xhtml HTTP/1.1" 200 600259
191.104.96.85 - - [05/Jun/2023:18:06:54 -0500] "GET /kwssiamovil/sm/ldap/au?x=U2FsdGVkX1/pP/bc2yK1GnbniXxioBSRHAfht2ibzEbNQWQMfGh09Dj9rMEAQ+iT&y=U2FsdGVkX18K4oPYE/beRu9sjnTzHkFabhiPSTJQudR1U1lHpzmLL6CHAW9Dl3tu HTTP/1.1" 200 31
191.104.96.85 - - [05/Jun/2023:18:06:59 -0500] "GET /kwssiamovil/sm/ldap/au?x=U2FsdGVkX1/F0wyEDIQamUcRXn3RBkRpY0mp6K7fsfAigEZRFLHLyCplQRgJGd9q&y=U2FsdGVkX1+72tVyPtpuZNVD5/0C7yGBRuSUkWo/H8afOpfXWFUAtjschqoQiBUX HTTP/1.1" 200 31
190.145.240.68 - - [05/Jun/2023:18:07:16 -0500] "GET /forest/ HTTP/1.1" 200 12041
190.145.240.68 - - [05/Jun/2023:18:07:22 -0500] "POST /forest/index.php HTTP/1.1" 200 12268
186.102.67.112 - - [05/Jun/2023:18:06:17 -0500] "GET /kwssiamovil/sm/ldap/au?x=U2FsdGVkX1/vZYFMX3qRVC18+KKfYvVft0XFuBS+Qs4dvYTCjiu1aNw8/IMzoBbZ&y=U2FsdGVkX1/gFWtbMcke2sLHRbesPMUNyov6PTta/V6hbAt5m9gop2sbZpMSr61n HTTP/1.1" 200 31
191.104.96.85 - - [05/Jun/2023:18:07:23 -0500] "GET /kwssiamovil/sm/ldap/au?x=U2FsdGVkX18mvh6pi3s2UvhnxzkDa8MtZ3D48jfwBYz75gackSTQtDDVaM0B8yYH&y=U2FsdGVkX1+zsPjg0X6fEf2JGmxDhnjRo+O0FHG0JPNLugR/b8ci6t95qu0lVfQh HTTP/1.1" 200 31
186.84.22.167 - - [05/Jun/2023:18:07:48 -0500] "GET /sipse/faces/javax.faces.resource/theme.css?ln=primefaces-sipse HTTP/1.1" 304 -
186.84.22.167 - - [05/Jun/2023:18:07:48 -0500] "GET /favicon.ico HTTP/1.1" 200 7782
186.84.22.167 - - [05/Jun/2023:18:07:48 -0500] "GET /sipse/faces/faces/autenticacion.xhtml HTTP/1.1" 200 12176
186.84.22.167 - - [05/Jun/2023:18:07:48 -0500] "GET /sipse/js/disable_browser_buttons.js HTTP/1.1" 200 3230
186.84.22.167 - - [05/Jun/2023:18:07:48 -0500] "GET /sipse/css/custom_css_sg.css HTTP/1.1" 200 9694
186.84.22.167 - - [05/Jun/2023:18:07:48 -0500] "GET /sipse/faces/javax.faces.resource/theme.css?ln=primefaces-sipse HTTP/1.1" 304 -
186.84.22.167 - - [05/Jun/2023:18:07:48 -0500] "GET /sipse/css/custom_css_sg_prime_login.css HTTP/1.1" 200 443
186.84.22.167 - - [05/Jun/2023:18:07:48 -0500] "GET /sipse/faces/javax.faces.resource/primefaces.css?ln=primefaces&v=4.0 HTTP/1.1" 304 -
186.84.22.167 - - [05/Jun/2023:18:07:48 -0500] "GET /sipse/faces/javax.faces.resource/layout/layout.css?ln=primefaces&v=4.0 HTTP/1.1" 304 -
186.84.22.167 - - [05/Jun/2023:18:07:48 -0500] "GET /sipse/faces/javax.faces.resource/jquery/jquery-plugins.js?ln=primefaces&v=4.0 HTTP/1.1" 304 -
186.84.22.167 - - [05/Jun/2023:18:07:48 -0500] "GET /sipse/faces/javax.faces.resource/jquery/jquery.js?ln=primefaces&v=4.0 HTTP/1.1" 304 -
186.84.22.167 - - [05/Jun/2023:18:07:48 -0500] "GET /sipse/faces/javax.faces.resource/primefaces.js?ln=primefaces&v=4.0 HTTP/1.1" 304 -
186.84.22.167 - - [05/Jun/2023:18:07:48 -0500] "GET /sipse/faces/javax.faces.resource/layout/layout.js?ln=primefaces&v=4.0 HTTP/1.1" 304 -
186.84.22.167 - - [05/Jun/2023:18:07:48 -0500] "GET /sipse/js/funciones.js HTTP/1.1" 200 12592
186.84.22.167 - - [05/Jun/2023:18:07:48 -0500] "GET /sipse/faces/javax.faces.resource/images/ui-icons_898989_256x240.png?ln=primefaces-aristo HTTP/1.1" 304 -
186.84.22.167 - - [05/Jun/2023:18:07:48 -0500] "GET /sipse/css/imagen/logoSDG.png HTTP/1.1" 200 53064
186.84.22.167 - - [05/Jun/2023:18:07:48 -0500] "GET /sipse/css/imagen/loginimg.png HTTP/1.1" 200 71635
216.245.221.92 - - [05/Jun/2023:18:07:53 -0500] "HEAD / HTTP/1.1" 200 -
172.22.2.4 - - [05/Jun/2023:18:06:30 -0500] "HEAD /BLA/boletinlegal/ HTTP/1.1" 200 -
181.53.12.70 - - [05/Jun/2023:18:08:32 -0500] "POST /sipse/faces/presentacion/financiero/solicitudProceso/consultarSolicitudProceso.xhtml HTTP/1.1" 200 37425
181.53.12.70 - - [05/Jun/2023:18:08:33 -0500] "GET /sipse/faces/javax.faces.resource/theme.css?ln=primefaces-sipse HTTP/1.1" 304 -
181.53.12.70 - - [05/Jun/2023:18:08:33 -0500] "GET /sipse/faces/javax.faces.resource/primefaces.css?ln=primefaces&v=4.0 HTTP/1.1" 304 -
181.53.12.70 - - [05/Jun/2023:18:08:33 -0500] "GET /sipse/faces/javax.faces.resource/layout/layout.css?ln=primefaces&v=4.0 HTTP/1.1" 304 -
181.53.12.70 - - [05/Jun/2023:18:08:33 -0500] "GET /sipse/faces/javax.faces.resource/jquery/jquery-plugins.js?ln=primefaces&v=4.0 HTTP/1.1" 304 -
181.53.12.70 - - [05/Jun/2023:18:08:33 -0500] "GET /sipse/faces/javax.faces.resource/jquery/jquery.js?ln=primefaces&v=4.0 HTTP/1.1" 304 -
181.53.12.70 - - [05/Jun/2023:18:08:33 -0500] "GET /sipse/faces/javax.faces.resource/primefaces.js?ln=primefaces&v=4.0 HTTP/1.1" 304 -
181.53.12.70 - - [05/Jun/2023:18:08:33 -0500] "GET /sipse/faces/javax.faces.resource/layout/layout.js?ln=primefaces&v=4.0 HTTP/1.1" 304 -
181.53.12.70 - - [05/Jun/2023:18:08:33 -0500] "GET /sipse/faces/javax.faces.resource/images/ui-icons_898989_256x240.png?ln=primefaces-aristo HTTP/1.1" 304 -
191.104.96.85 - - [05/Jun/2023:18:06:31 -0500] "GET /kwssiamovil/sm/ldap/au?x=U2FsdGVkX1/i7QBaVEAp7euM9yyAyjWWJWYwqpjvRmuEKknAZubdnD3VcmhlHrAI&y=U2FsdGVkX1+WRPlt0VFHF7Ap3lszPpPuSQzLcx/NkiREapHVF4uytAhKwulkCH/+ HTTP/1.1" 200 31
167.0.138.236 - - [05/Jun/2023:18:08:52 -0500] "GET /sipse/faces/javax.faces.resource/images/ui-bg_flat_0_2d5972_40x100.png?ln=primefaces-aristo HTTP/1.1" 304 -
167.0.138.236 - - [05/Jun/2023:18:08:52 -0500] "POST /sipse/faces/presentacion/contratacion/contrato/listarContrato.xhtml HTTP/1.1" 200 17049
167.0.138.236 - - [05/Jun/2023:18:08:52 -0500] "POST /sipse/faces/presentacion/contratacion/contrato/listarContrato.xhtml HTTP/1.1" 200 2640
167.0.138.236 - - [05/Jun/2023:18:08:53 -0500] "POST /sipse/faces/presentacion/contratacion/contrato/listarContrato.xhtml HTTP/1.1" 200 5709
167.0.138.236 - - [05/Jun/2023:18:08:54 -0500] "POST /sipse/faces/presentacion/contratacion/contrato/listarContrato.xhtml HTTP/1.1" 200 41388
167.0.138.236 - - [05/Jun/2023:18:08:55 -0500] "GET /sipse/faces/javax.faces.resource/jquery/jquery.js?ln=primefaces&v=4.0 HTTP/1.1" 304 -
167.0.138.236 - - [05/Jun/2023:18:08:55 -0500] "GET /sipse/faces/javax.faces.resource/jquery/jquery-plugins.js?ln=primefaces&v=4.0 HTTP/1.1" 304 -
167.0.138.236 - - [05/Jun/2023:18:08:55 -0500] "GET /sipse/faces/javax.faces.resource/primefaces.js?ln=primefaces&v=4.0 HTTP/1.1" 304 -
167.0.138.236 - - [05/Jun/2023:18:08:55 -0500] "GET /sipse/faces/javax.faces.resource/layout/layout.js?ln=primefaces&v=4.0 HTTP/1.1" 304 -
167.0.138.236 - - [05/Jun/2023:18:08:55 -0500] "POST /sipse/faces/presentacion/financiero/solicitudProceso/listarSolicitudProceso.xhtml HTTP/1.1" 200 1376
167.0.138.236 - - [05/Jun/2023:18:08:56 -0500] "POST /sipse/faces/presentacion/financiero/solicitudProceso/listarSolicitudProceso.xhtml HTTP/1.1" 200 911
172.22.2.4 - - [05/Jun/2023:18:07:21 -0500] "GET /BLA/boletinlegal/ HTTP/1.1" 200 55571
190.159.184.39 - - [05/Jun/2023:18:09:06 -0500] "GET /BLA/resoluciones/ HTTP/1.1" 200 13502
190.159.184.39 - - [05/Jun/2023:18:09:09 -0500] "GET /BLA/resoluciones/index.php?dir=AUTOS+2023%2F HTTP/1.1" 200 93849
186.102.78.106 - - [05/Jun/2023:18:09:07 -0500] "GET /kwssiamovil/sm/ldap/au?x=U2FsdGVkX18AfFPWj88tvushziWVbH9f9AI39qYTvxqlRw1XIDhVcSs/eN4rpDFf&y=U2FsdGVkX19BWLRDeZlAGnn9XtisjVpBfYwtYMFyyIoAhxaIAueTFbiBTIetgbUo HTTP/1.1" 200 31
191.104.96.85 - - [05/Jun/2023:18:07:15 -0500] "GET /kwssiamovil/sm/ldap/au?x=U2FsdGVkX1/Ib3JWDaybh4SnMUVx/tXzf2JYAwAdmGbFCRZVbNqM2L4wPEQtU+E1&y=U2FsdGVkX1/5uRMUwZUKhGAgkX4zcREHT/GUk4k1OLSdcgIRTrbAhmTBuymcGfws HTTP/1.1" 200 31
191.104.96.85 - - [05/Jun/2023:18:07:22 -0500] "GET /kwssiamovil/sm/ldap/au?x=U2FsdGVkX1+jSuvhlGJ1BpxPlOIbRa7NThp8JmWMYcfRIrejFK3jlbddqqLZy26q&y=U2FsdGVkX1/myzMK62e/pmDZTNGBbRXVHQ3++yGIC5ReLF4Vfc8k4CtisBCwOZFE HTTP/1.1" 200 31
186.102.78.106 - - [05/Jun/2023:18:08:40 -0500] "GET /kwssiamovil/sm/ldap/au?x=U2FsdGVkX18Lf1Kmm6InEIB9WC8PQo/wo8zZZmiDa5aOjpIQWvZkxCLyN8AkoAJ6&y=U2FsdGVkX1+M4IZWWDZLZxnfO5gciJzF1t6FHXwTAsPWZYDHLU9hmfDu5hoJPaog HTTP/1.1" 200 31
69.171.231.117 - - [05/Jun/2023:18:09:49 -0500] "GET /images/mercados-campesinos-5-mayo.jpg HTTP/1.1" 200 95848
191.104.96.85 - - [05/Jun/2023:18:08:11 -0500] "GET /kwssiamovil/sm/ldap/au?x=U2FsdGVkX18YMotpu3Js3iTMnWy9dUNGoZg8HJXAQgllzvZ1RTjRBMODSFYGcN/j&y=U2FsdGVkX18LTs89ccZfvucPzh/S3xXIGSTV5sOjaFD0ob6MEng8/TVG+z8IGaDa HTTP/1.1" 200 31
186.102.78.106 - - [05/Jun/2023:18:08:31 -0500] "GET /kwssiamovil/sm/ldap/au?x=U2FsdGVkX19ir1KXl7PfkwtK02q6mzzeVpxXg14LqXDoJ51/eOmZG7haUY6aO6Qj&y=U2FsdGVkX183gXuAHY1mKl5KHlf9jC2Bwz4E2Fh/AUheJq2NLeSOkwYSqBU7SJCq HTTP/1.1" 200 31
66.249.72.223 - - [05/Jun/2023:18:10:50 -0500] "-" 408 -
206.204.0.130 - - [05/Jun/2023:18:11:36 -0500] "GET /en-el-dia-mundial-del-medio-ambiente-distrito-libero-a-43-animales-silvestres-y-alcanzo-mas-de-1-300-liberaciones-en-el-ano.html HTTP/1.1" 200 869
186.102.32.42 - - [05/Jun/2023:18:11:34 -0500] "GET /kwssiamovil/sm/ldap/au?x=U2FsdGVkX18yVmwAPajsvlg/TCit0fDtFRpZzSqLVt2SOY7IrR06V5TGhHyT6J6I&y=U2FsdGVkX18Kd0X/1z29Cu6xRCOmc711Q2NGqulv4m0+F63PWmJKEXgSQIm7Da7v HTTP/1.1" 200 31
186.102.32.42 - - [05/Jun/2023:18:12:26 -0500] "GET /kwssiamovil/sm/ldap/au?x=U2FsdGVkX1/4PsviT7uw99MlJIqy8zpaRJ+fo+oYi67vXixsqwE7y7Bs2eOJLfks&y=U2FsdGVkX19gE+dPj+rcAiOJ0DRUCe9ATgOffyE+rld0NEnXji4mr1lzAXAppW/L HTTP/1.1" 200 31
186.102.32.42 - - [05/Jun/2023:18:12:29 -0500] "GET /kwssiamovil/sm/ldap/au?x=U2FsdGVkX1/YxUeW5oXdQ8ApLhVZtXZJki2qPMlpaO8/Wj/RpZiZnQrIIfQcuNZP&y=U2FsdGVkX19dyzFnMlqj2JPbqnblbjqVdVk0WgRsEDalhC4g9b8lcQhkLbhhFffA HTTP/1.1" 200 31
216.245.221.92 - - [05/Jun/2023:18:12:53 -0500] "HEAD / HTTP/1.1" 200 -
190.249.21.140 - - [05/Jun/2023:18:13:17 -0500] "GET /sipse/faces/javax.faces.resource/theme.css?ln=primefaces-sipse HTTP/1.1" 304 -
181.53.12.70 - - [05/Jun/2023:18:13:21 -0500] "GET /sipse/faces/javax.faces.resource/theme.css?ln=primefaces-sipse HTTP/1.1" 304 -
181.53.12.70 - - [05/Jun/2023:18:13:21 -0500] "GET /sipse/faces/javax.faces.resource/primefaces.css?ln=primefaces&v=4.0 HTTP/1.1" 304 -
181.53.12.70 - - [05/Jun/2023:18:13:21 -0500] "GET /sipse/faces/javax.faces.resource/layout/layout.css?ln=primefaces&v=4.0 HTTP/1.1" 304 -
181.53.12.70 - - [05/Jun/2023:18:13:21 -0500] "GET /sipse/faces/javax.faces.resource/jquery/jquery-plugins.js?ln=primefaces&v=4.0 HTTP/1.1" 304 -
181.53.12.70 - - [05/Jun/2023:18:13:21 -0500] "GET /sipse/faces/javax.faces.resource/jquery/jquery.js?ln=primefaces&v=4.0 HTTP/1.1" 304 -
181.53.12.70 - - [05/Jun/2023:18:13:21 -0500] "GET /sipse/faces/javax.faces.resource/primefaces.js?ln=primefaces&v=4.0 HTTP/1.1" 304 -
181.53.12.70 - - [05/Jun/2023:18:13:21 -0500] "GET /sipse/faces/javax.faces.resource/layout/layout.js?ln=primefaces&v=4.0 HTTP/1.1" 304 -
181.53.12.70 - - [05/Jun/2023:18:13:21 -0500] "GET /sipse/faces/javax.faces.resource/images/ui-icons_898989_256x240.png?ln=primefaces-aristo HTTP/1.1" 304 -
181.53.12.70 - - [05/Jun/2023:18:13:21 -0500] "POST /sipse/faces/presentacion/financiero/solicitudProceso/consultarHistorialSolProceso.xhtml HTTP/1.1" 200 192663
181.53.12.70 - - [05/Jun/2023:18:13:32 -0500] "GET /sipse/faces/javax.faces.resource/images/ui-bg_flat_0_2d5972_40x100.png?ln=primefaces-aristo HTTP/1.1" 304 -
181.53.12.70 - - [05/Jun/2023:18:13:32 -0500] "POST /sipse/faces/presentacion/financiero/solicitudProceso/consultarSolicitudProceso.xhtml HTTP/1.1" 200 5526
213.186.1.242 - - [05/Jun/2023:18:13:57 -0500] "GET /en-el-dia-mundial-del-medio-ambiente-distrito-libero-a-43-animales-silvestres-y-alcanzo-mas-de-1-300-liberaciones-en-el-ano.html HTTP/1.1" 200 869
172.22.2.4 - - [05/Jun/2023:18:12:20 -0500] "HEAD /BLA/boletinlegal/ HTTP/1.1" 200 -
172.22.2.4 - - [05/Jun/2023:18:13:11 -0500] "GET /BLA/boletinlegal/ HTTP/1.1" 200 59306
172.22.2.4 - - [05/Jun/2023:18:15:49 -0500] "GET /BLA/boletinlegal/actos.php HTTP/1.1" 200 9682
186.102.55.97 - - [05/Jun/2023:18:15:36 -0500] "GET /kwssiamovil/sm/ldap/au?x=U2FsdGVkX186cxFQsKAn+W+mvn4Yyf2cGQsr5ex9WHCObO83Fy+KjdvkTQ9UluW3&y=U2FsdGVkX18OOMLVmAz2H9AZz3yNaGwEKIyuZC8/3Lw= HTTP/1.1" 200 31
186.102.55.97 - - [05/Jun/2023:18:15:36 -0500] "GET /kwssiamovil/sm/ldap/au?x=U2FsdGVkX1+ZSyfcJPrluJX3bTGchN/PTSWi0c6J/0yYQl4AMncoGx45okbz7B2L&y=U2FsdGVkX18SQd2JWar31aQDtlKEMKnlE8CpXZUNkxQ= HTTP/1.1" 200 31
66.249.73.74 - - [05/Jun/2023:18:16:28 -0500] "GET /en-el-dia-mundial-del-medio-ambiente-distrito-libero-a-43-animales-silvestres-y-alcanzo-mas-de-1-300-liberaciones-en-el-ano.html HTTP/1.1" 200 869
191.104.96.85 - - [05/Jun/2023:18:17:26 -0500] "GET /kwssiamovil/sm/ldap/au?x=U2FsdGVkX18Pj3Ff6rQ2I5LPODvyiOtVIXFUdgxmQ5yPmmzttsyoStiHB7TAIZg1&y=U2FsdGVkX18ov1NkDcU+tQMk814/3hc/YHXyVDkVNTxMMGis+uzrKcTFU/jJRLen HTTP/1.1" 200 31
191.104.96.85 - - [05/Jun/2023:18:17:36 -0500] "GET /kwssiamovil/sm/ldap/au?x=U2FsdGVkX1/0WyYhJsXxhy5GiIuDCcTbT5dRJhqRPpYNwjzom3fVgf7uKRH2uaaf&y=U2FsdGVkX1/PFKSecUyHMK1X2pXo5oS1FSMP+zn/p3RckbPGMTJRytseJIbBrcm9 HTTP/1.1" 200 31
191.104.96.85 - - [05/Jun/2023:18:17:34 -0500] "GET /kwssiamovil/sm/ldap/au?x=U2FsdGVkX1+Wva+4jNkdarZ9PArtyhVslGMhdDiNMFXvuTDiYgchhbm1aspQy0b6&y=U2FsdGVkX19qqknJ5YV39rB4rhE08Vpgus6rwrD69MFM1FirxJHKKaYKYGjHtZQ2 HTTP/1.1" 200 31
66.249.73.74 - - [05/Jun/2023:18:17:42 -0500] "GET /images/liberacion-buho-la-conejera.jpg HTTP/1.1" 200 36270
191.104.96.85 - - [05/Jun/2023:18:17:17 -0500] "GET /kwssiamovil/sm/ldap/au?x=U2FsdGVkX1/k1BXhSzjCSwwuf1ofcVHA5fy7Y7sluxvQ+Yf7XtzO9sCqeey5r4AH&y=U2FsdGVkX1+irBAnG/2faSqQ4BdukSZ96dXdjzIa621Q5Vj1liKnVU7wQdjqvgLd HTTP/1.1" 200 31
216.245.221.92 - - [05/Jun/2023:18:17:53 -0500] "HEAD / HTTP/1.1" 200 -
191.104.96.85 - - [05/Jun/2023:18:17:10 -0500] "GET /kwssiamovil/sm/ldap/au?x=U2FsdGVkX19IeVyeSszOeiwCak0lkuaMpwzwNzvldrpOrZ/c7skXtmxFiGihmF6h&y=U2FsdGVkX1/wsSegh7Lc/CYvh+prc/ilcmfOPnlZJk1M2Llz70XX/7+/iUohLIfD HTTP/1.1" 200 31
181.53.12.70 - - [05/Jun/2023:18:19:34 -0500] "POST /sipse/faces/presentacion/financiero/solicitudProceso/consultarSolicitudProceso.xhtml HTTP/1.1" 200 63503
181.53.12.70 - - [05/Jun/2023:18:19:34 -0500] "GET /sipse/faces/javax.faces.resource/jquery/jquery.js?ln=primefaces&v=4.0 HTTP/1.1" 304 -
181.53.12.70 - - [05/Jun/2023:18:19:34 -0500] "GET /sipse/faces/javax.faces.resource/jquery/jquery-plugins.js?ln=primefaces&v=4.0 HTTP/1.1" 304 -
181.53.12.70 - - [05/Jun/2023:18:19:34 -0500] "GET /sipse/faces/javax.faces.resource/primefaces.js?ln=primefaces&v=4.0 HTTP/1.1" 304 -
181.53.12.70 - - [05/Jun/2023:18:19:34 -0500] "GET /sipse/faces/javax.faces.resource/layout/layout.js?ln=primefaces&v=4.0 HTTP/1.1" 304 -
181.53.12.70 - - [05/Jun/2023:18:19:35 -0500] "POST /sipse/faces/presentacion/financiero/solicitudProceso/listarSolicitudProceso.xhtml HTTP/1.1" 200 1556
172.22.2.4 - - [05/Jun/2023:18:18:10 -0500] "HEAD /BLA/boletinlegal/ HTTP/1.1" 200 -
201.245.166.34 - - [05/Jun/2023:18:20:15 -0500] "GET /BLA/resoluciones/index.php?dir=RESOLUCIONES+2017%2F HTTP/1.1" 200 286151
181.53.12.70 - - [05/Jun/2023:18:20:15 -0500] "POST /sipse/faces/presentacion/financiero/solicitudProceso/listarSolicitudProceso.xhtml HTTP/1.1" 200 128530
181.53.12.70 - - [05/Jun/2023:18:20:16 -0500] "GET /sipse/faces/javax.faces.resource/jquery/jquery.js?ln=primefaces&v=4.0 HTTP/1.1" 304 -
181.53.12.70 - - [05/Jun/2023:18:20:16 -0500] "GET /sipse/faces/javax.faces.resource/jquery/jquery-plugins.js?ln=primefaces&v=4.0 HTTP/1.1" 304 -
181.53.12.70 - - [05/Jun/2023:18:20:17 -0500] "GET /sipse/faces/javax.faces.resource/primefaces.js?ln=primefaces&v=4.0 HTTP/1.1" 304 -
181.53.12.70 - - [05/Jun/2023:18:20:17 -0500] "GET /sipse/faces/javax.faces.resource/layout/layout.js?ln=primefaces&v=4.0 HTTP/1.1" 304 -
201.245.166.34 - - [05/Jun/2023:18:20:35 -0500] "GET /BLA/resoluciones/RESOLUCIONES%202017/2146.pdf HTTP/1.1" 200 273243
172.22.2.4 - - [05/Jun/2023:18:19:01 -0500] "GET /BLA/boletinlegal/ HTTP/1.1" 200 53561
201.245.166.34 - - [05/Jun/2023:18:20:52 -0500] "GET /BLA/resoluciones/index.php?dir=RESOLUCIONES+2018%2F HTTP/1.1" 200 274667
201.245.166.34 - - [05/Jun/2023:18:20:59 -0500] "GET /BLA/resoluciones/RESOLUCIONES%202018/0608.pdf HTTP/1.1" 200 276578
40.77.167.97 - - [05/Jun/2023:18:21:34 -0500] "GET /BLA/resoluciones/AUTOS%202021/2113.pdf HTTP/1.1" 304 -
201.245.166.34 - - [05/Jun/2023:18:22:11 -0500] "GET /BLA/resoluciones/RESOLUCIONES%202018/3168.pdf HTTP/1.1" 200 275532
216.245.221.92 - - [05/Jun/2023:18:22:53 -0500] "HEAD / HTTP/1.1" 200 -
201.245.166.34 - - [05/Jun/2023:18:22:58 -0500] "GET /BLA/resoluciones/index.php?dir=RESOLUCIONES+2017%2F HTTP/1.1" 200 286151
201.245.166.34 - - [05/Jun/2023:18:23:14 -0500] "GET /BLA/resoluciones/RESOLUCIONES%202017/3168.pdf HTTP/1.1" 200 270021
186.102.103.109 - - [05/Jun/2023:18:23:02 -0500] "GET /kwssiamovil/sm/ldap/au?x=U2FsdGVkX1+uJXHCiyeEddYQKXv9v1qPSgW9ZStqKRFwD+XmUghibTDu6LbqzI/ihfxhL7F8YLXKRtBUmINCvw==&y=U2FsdGVkX1/HN9BetvqUyZm9/agd9zE1TfwuAOjaCd2g31xKV74+amUg+em2dEQ2 HTTP/1.1" 200 31
181.53.12.70 - - [05/Jun/2023:18:23:20 -0500] "POST /sipse/faces/presentacion/financiero/solicitudProceso/consultarSolicitudProceso.xhtml HTTP/1.1" 200 63503
181.53.12.70 - - [05/Jun/2023:18:23:20 -0500] "GET /sipse/faces/javax.faces.resource/jquery/jquery.js?ln=primefaces&v=4.0 HTTP/1.1" 304 -
181.53.12.70 - - [05/Jun/2023:18:23:20 -0500] "GET /sipse/faces/javax.faces.resource/jquery/jquery-plugins.js?ln=primefaces&v=4.0 HTTP/1.1" 304 -
181.53.12.70 - - [05/Jun/2023:18:23:20 -0500] "GET /sipse/faces/javax.faces.resource/primefaces.js?ln=primefaces&v=4.0 HTTP/1.1" 304 -
181.53.12.70 - - [05/Jun/2023:18:23:21 -0500] "GET /sipse/faces/javax.faces.resource/layout/layout.js?ln=primefaces&v=4.0 HTTP/1.1" 304 -
181.53.12.70 - - [05/Jun/2023:18:23:21 -0500] "POST /sipse/faces/presentacion/financiero/solicitudProceso/listarSolicitudProceso.xhtml HTTP/1.1" 200 56888
181.53.12.70 - - [05/Jun/2023:18:23:21 -0500] "POST /sipse/faces/presentacion/financiero/solicitudProceso/listarSolicitudProceso.xhtml HTTP/1.1" 200 56888
181.53.12.70 - - [05/Jun/2023:18:23:21 -0500] "POST /sipse/faces/presentacion/financiero/solicitudProceso/listarSolicitudProceso.xhtml HTTP/1.1" 200 1556
181.53.12.70 - - [05/Jun/2023:18:23:22 -0500] "POST /sipse/faces/presentacion/financiero/solicitudProceso/listarSolicitudProceso.xhtml HTTP/1.1" 200 1556
181.53.12.70 - - [05/Jun/2023:18:23:22 -0500] "POST /sipse/faces/presentacion/financiero/solicitudProceso/listarSolicitudProceso.xhtml HTTP/1.1" 200 1564
66.249.72.223 - - [05/Jun/2023:18:23:55 -0500] "-" 408 -
208.30.41.59 - - [05/Jun/2023:18:24:12 -0500] "GET /galeria/galeria/jquery.fancybox.css?v=2.1.5 HTTP/1.1" 200 4895
208.30.41.59 - - [05/Jun/2023:18:24:12 -0500] "GET /BLA/boletinlegal/js/jquery.scrollShow.js HTTP/1.1" 200 4586
208.30.41.59 - - [05/Jun/2023:18:24:12 -0500] "GET /galeria/galeria/jquery.fancybox.js?v=2.1.5 HTTP/1.1" 200 48706
173.252.95.16 - - [05/Jun/2023:18:24:49 -0500] "GET /dia-mundial-del-medio-ambiente-distrito-liberara-animales-silvestres-plantara-arboles-y-desarrollara-actividades-pedagogicas.html HTTP/1.1" 200 856
186.102.103.109 - - [05/Jun/2023:18:23:00 -0500] "GET /kwssiamovil/sm/ldap/au?x=U2FsdGVkX1+oD1ugKBubkxhs7cwIT2mCXw1RTRzDBSMlDuy+lQ3pjzMhI9FNUPRCNb5hZQqM8NaA4fvGAyFiqQ==&y=U2FsdGVkX1/yx0NkydFaoZM+Z6uehGOf9KgrumWfyogZ8tykSdNF2dZltXKfB22k HTTP/1.1" 200 31
186.102.103.109 - - [05/Jun/2023:18:23:02 -0500] "GET /kwssiamovil/sm/ldap/au?x=U2FsdGVkX1/bz8CCioyoaGW5ti6nfQtKAkwkrKSYwippWVz6gzrXgRQVnK+/kS2df7HZKANEqx9Zh9vqu3+I4Q==&y=U2FsdGVkX18o9WSW7EgBoIE3Jjn89HEwccf0qT2ryAbD3XMs8AmkpfReS6WTx7Yb HTTP/1.1" 200 31
186.102.103.109 - - [05/Jun/2023:18:23:06 -0500] "GET /kwssiamovil/sm/ldap/au?x=U2FsdGVkX18XVizB6sbYvibJ3ZMR+AQ7fs1YB3TrjnEEZGX8ulvWJAV+VldkoLqBbzkfcr3y6+oKSaraVJOhfA==&y=U2FsdGVkX18wW9tItGJ2kjrrRjcU8KOSTm0bOnddRBLoKYgGwdr0Otaz2JTvj4Fc HTTP/1.1" 200 31
172.22.2.4 - - [05/Jun/2023:18:24:00 -0500] "HEAD /BLA/boletinlegal/ HTTP/1.1" 200 -
173.252.79.119 - - [05/Jun/2023:18:25:44 -0500] "GET /images/caminatas-ecol\xc3\xb3gicas-marzo---1920x1080_optimized.jpg HTTP/1.1" 404 1034
172.22.2.4 - - [05/Jun/2023:18:24:51 -0500] "GET /BLA/boletinlegal/ HTTP/1.1" 200 58663
66.249.73.74 - - [05/Jun/2023:18:26:50 -0500] "GET /mas-de-179-individuos-de-aves-fueron-avistados-en-el-global-big-day.html HTTP/1.1" 200 786
216.245.221.92 - - [05/Jun/2023:18:27:53 -0500] "HEAD / HTTP/1.1" 200 -
172.22.2.4 - - [05/Jun/2023:18:29:07 -0500] "GET /BLA/boletinlegal/actos.php HTTP/1.1" 200 9682
172.22.2.4 - - [05/Jun/2023:18:29:20 -0500] "GET /BLA/boletinlegal/consulta_actos.php?tipo=resoluciones&no=1865&usuario=&sector=&fecha=2021&resuelve= HTTP/1.1" 200 1279
186.144.173.215 - - [05/Jun/2023:18:29:25 -0500] "GET /BLA/resoluciones/RESOLUCIONES%202021/1865.pdf HTTP/1.1" 200 466582
186.144.173.215 - - [05/Jun/2023:18:29:25 -0500] "GET /BLA/resoluciones/RESOLUCIONES%202021/1865.pdf HTTP/1.1" 206 16384
66.220.149.18 - - [05/Jun/2023:18:29:33 -0500] "GET /dia-mundial-del-medio-ambiente-distrito-liberara-animales-silvestres-plantara-arboles-y-desarrollara-actividades-pedagogicas.html HTTP/1.1" 200 856
66.220.149.3 - - [05/Jun/2023:18:29:33 -0500] "GET /dia-mundial-del-medio-ambiente-distrito-liberara-animales-silvestres-plantara-arboles-y-desarrollara-actividades-pedagogicas.html HTTP/1.1" 200 856
172.22.2.4 - - [05/Jun/2023:18:29:06 -0500] "GET /BLA/boletinlegal/ HTTP/1.1" 200 24523
181.53.12.70 - - [05/Jun/2023:18:30:26 -0500] "POST /sipse/faces/presentacion/financiero/solicitudProceso/listarSolicitudProceso.xhtml HTTP/1.1" 200 165075
181.53.12.70 - - [05/Jun/2023:18:30:27 -0500] "GET /sipse/faces/javax.faces.resource/jquery/jquery.js?ln=primefaces&v=4.0 HTTP/1.1" 304 -
181.53.12.70 - - [05/Jun/2023:18:30:27 -0500] "GET /sipse/faces/javax.faces.resource/jquery/jquery-plugins.js?ln=primefaces&v=4.0 HTTP/1.1" 304 -
181.53.12.70 - - [05/Jun/2023:18:30:27 -0500] "GET /sipse/faces/javax.faces.resource/primefaces.js?ln=primefaces&v=4.0 HTTP/1.1" 304 -
181.53.12.70 - - [05/Jun/2023:18:30:27 -0500] "GET /sipse/faces/javax.faces.resource/layout/layout.js?ln=primefaces&v=4.0 HTTP/1.1" 304 -
172.22.2.4 - - [05/Jun/2023:18:29:50 -0500] "HEAD /BLA/boletinlegal/ HTTP/1.1" 200 -
181.53.12.70 - - [05/Jun/2023:18:31:38 -0500] "POST /sipse/faces/presentacion/financiero/solicitudProceso/consultarSolicitudProceso.xhtml HTTP/1.1" 200 63503
181.53.12.70 - - [05/Jun/2023:18:31:38 -0500] "GET /sipse/faces/javax.faces.resource/jquery/jquery.js?ln=primefaces&v=4.0 HTTP/1.1" 304 -
181.53.12.70 - - [05/Jun/2023:18:31:39 -0500] "GET /sipse/faces/javax.faces.resource/jquery/jquery-plugins.js?ln=primefaces&v=4.0 HTTP/1.1" 304 -
181.53.12.70 - - [05/Jun/2023:18:31:39 -0500] "GET /sipse/faces/javax.faces.resource/primefaces.js?ln=primefaces&v=4.0 HTTP/1.1" 304 -
181.53.12.70 - - [05/Jun/2023:18:31:39 -0500] "GET /sipse/faces/javax.faces.resource/layout/layout.js?ln=primefaces&v=4.0 HTTP/1.1" 304 -
181.53.12.70 - - [05/Jun/2023:18:31:39 -0500] "POST /sipse/faces/presentacion/financiero/solicitudProceso/listarSolicitudProceso.xhtml HTTP/1.1" 200 56888
181.53.12.70 - - [05/Jun/2023:18:31:39 -0500] "POST /sipse/faces/presentacion/financiero/solicitudProceso/listarSolicitudProceso.xhtml HTTP/1.1" 200 56888
181.53.12.70 - - [05/Jun/2023:18:31:39 -0500] "POST /sipse/faces/presentacion/financiero/solicitudProceso/listarSolicitudProceso.xhtml HTTP/1.1" 200 56888
181.53.12.70 - - [05/Jun/2023:18:31:40 -0500] "POST /sipse/faces/presentacion/financiero/solicitudProceso/listarSolicitudProceso.xhtml HTTP/1.1" 200 56888
181.53.12.70 - - [05/Jun/2023:18:31:40 -0500] "POST /sipse/faces/presentacion/financiero/solicitudProceso/listarSolicitudProceso.xhtml HTTP/1.1" 200 1556
181.53.12.70 - - [05/Jun/2023:18:31:40 -0500] "POST /sipse/faces/presentacion/financiero/solicitudProceso/listarSolicitudProceso.xhtml HTTP/1.1" 200 1556
181.53.12.70 - - [05/Jun/2023:18:31:40 -0500] "POST /sipse/faces/presentacion/financiero/solicitudProceso/listarSolicitudProceso.xhtml HTTP/1.1" 200 1564
181.53.12.70 - - [05/Jun/2023:18:31:41 -0500] "POST /sipse/faces/presentacion/financiero/solicitudProceso/listarSolicitudProceso.xhtml HTTP/1.1" 200 1556
181.53.12.70 - - [05/Jun/2023:18:31:41 -0500] "POST /sipse/faces/presentacion/financiero/solicitudProceso/listarSolicitudProceso.xhtml HTTP/1.1" 200 1564
181.53.12.70 - - [05/Jun/2023:18:31:54 -0500] "POST /sipse/faces/presentacion/financiero/solicitudProceso/listarSolicitudProceso.xhtml HTTP/1.1" 200 148778
181.53.12.70 - - [05/Jun/2023:18:31:55 -0500] "GET /sipse/faces/javax.faces.resource/jquery/jquery.js?ln=primefaces&v=4.0 HTTP/1.1" 304 -
181.53.12.70 - - [05/Jun/2023:18:31:55 -0500] "GET /sipse/faces/javax.faces.resource/jquery/jquery-plugins.js?ln=primefaces&v=4.0 HTTP/1.1" 304 -
181.53.12.70 - - [05/Jun/2023:18:31:55 -0500] "GET /sipse/faces/javax.faces.resource/primefaces.js?ln=primefaces&v=4.0 HTTP/1.1" 304 -
181.53.12.70 - - [05/Jun/2023:18:31:55 -0500] "GET /sipse/faces/javax.faces.resource/layout/layout.js?ln=primefaces&v=4.0 HTTP/1.1" 304 -
172.22.2.4 - - [05/Jun/2023:18:32:05 -0500] "GET /BLA/boletinlegal/robots.txt HTTP/1.1" 404 1038
172.22.2.4 - - [05/Jun/2023:18:32:05 -0500] "GET /BLA/boletinlegal/jurisprudencia/analisis/AnalisisC-035-16.docx HTTP/1.1" 304 -
172.22.2.4 - - [05/Jun/2023:18:30:41 -0500] "GET /BLA/boletinlegal/ HTTP/1.1" 200 57151
172.22.2.4 - - [05/Jun/2023:18:32:36 -0500] "GET /BLA/boletinlegal/consulta_actos.php?tipo=resoluciones&no=0046&usuario=&sector=&fecha=2022&resuelve= HTTP/1.1" 200 1300
181.53.12.70 - - [05/Jun/2023:18:32:35 -0500] "POST /sipse/faces/presentacion/financiero/solicitudProceso/consultarSolicitudProceso.xhtml HTTP/1.1" 200 47563
181.53.12.70 - - [05/Jun/2023:18:32:37 -0500] "GET /sipse/faces/javax.faces.resource/theme.css?ln=primefaces-sipse HTTP/1.1" 304 -
181.53.12.70 - - [05/Jun/2023:18:32:37 -0500] "GET /sipse/faces/javax.faces.resource/jquery/jquery-plugins.js?ln=primefaces&v=4.0 HTTP/1.1" 304 -
181.53.12.70 - - [05/Jun/2023:18:32:37 -0500] "GET /sipse/faces/javax.faces.resource/primefaces.js?ln=primefaces&v=4.0 HTTP/1.1" 304 -
181.53.12.70 - - [05/Jun/2023:18:32:37 -0500] "GET /sipse/faces/javax.faces.resource/layout/layout.js?ln=primefaces&v=4.0 HTTP/1.1" 304 -
181.53.12.70 - - [05/Jun/2023:18:32:37 -0500] "GET /sipse/faces/javax.faces.resource/jquery/jquery.js?ln=primefaces&v=4.0 HTTP/1.1" 304 -
181.53.12.70 - - [05/Jun/2023:18:32:37 -0500] "GET /sipse/faces/javax.faces.resource/primefaces.css?ln=primefaces&v=4.0 HTTP/1.1" 304 -
181.53.12.70 - - [05/Jun/2023:18:32:37 -0500] "GET /sipse/faces/javax.faces.resource/layout/layout.css?ln=primefaces&v=4.0 HTTP/1.1" 304 -
181.53.12.70 - - [05/Jun/2023:18:32:37 -0500] "GET /sipse/faces/javax.faces.resource/images/ui-icons_898989_256x240.png?ln=primefaces-aristo HTTP/1.1" 304 -
