191.95.60.36 - - [06/Jun/2023:10:27:28 -0500] "GET /sipse/faces/javax.faces.resource/theme.css?ln=primefaces-sipse HTTP/1.1" 304 -
191.95.60.36 - - [06/Jun/2023:10:27:28 -0500] "GET /sipse/faces/javax.faces.resource/layout/layout.css?ln=primefaces&v=4.0 HTTP/1.1" 304 -
191.95.60.36 - - [06/Jun/2023:10:27:28 -0500] "GET /sipse/faces/javax.faces.resource/jquery/jquery.js?ln=primefaces&v=4.0 HTTP/1.1" 304 -
191.95.60.36 - - [06/Jun/2023:10:27:28 -0500] "GET /sipse/faces/javax.faces.resource/jquery/jquery-plugins.js?ln=primefaces&v=4.0 HTTP/1.1" 304 -
191.95.60.36 - - [06/Jun/2023:10:27:29 -0500] "GET /sipse/faces/javax.faces.resource/primefaces.js?ln=primefaces&v=4.0 HTTP/1.1" 304 -
191.95.60.36 - - [06/Jun/2023:10:27:29 -0500] "GET /sipse/faces/javax.faces.resource/layout/layout.js?ln=primefaces&v=4.0 HTTP/1.1" 304 -
142.132.156.254 - - [06/Jun/2023:10:27:29 -0500] "GET /103-arboles-fueron-plantados-por-la-secretaria-de-ambiente-en-el-dia-mundial-del-medio-ambiente.html HTTP/1.1" 206 795
191.95.60.36 - - [06/Jun/2023:10:27:29 -0500] "POST /sipse/faces/presentacion/financiero/solicitudProceso/listarSolicitudProceso.xhtml HTTP/1.1" 200 1556
191.95.60.36 - - [06/Jun/2023:10:27:32 -0500] "POST /sipse/faces/presentacion/financiero/solicitudProceso/listarSolicitudProceso.xhtml HTTP/1.1" 200 4692
172.22.2.4 - - [06/Jun/2023:10:27:40 -0500] "GET /BLA/boletinlegal/consulta_actos.php?tipo=autos&no=3377&usuario=&sector=&fecha=2018&resuelve= HTTP/1.1" 200 626
191.95.60.36 - - [06/Jun/2023:10:27:40 -0500] "POST /sipse/faces/presentacion/financiero/solicitudProceso/listarSolicitudProceso.xhtml HTTP/1.1" 200 31610
172.22.2.4 - - [06/Jun/2023:10:28:02 -0500] "GET /BLA/boletinlegal/consulta_actos.php?tipo=autos&no=3378&usuario=&sector=&fecha=2018&resuelve= HTTP/1.1" 200 1087
201.245.192.253 - - [06/Jun/2023:10:28:05 -0500] "GET /BLA/resoluciones/AUTOS%202018/3378.pdf HTTP/1.1" 200 217182
167.0.138.236 - - [06/Jun/2023:10:28:25 -0500] "POST /sipse/faces/presentacion/financiero/solicitudProceso/consultar.xhtml HTTP/1.1" 200 152462
167.0.138.236 - - [06/Jun/2023:10:28:26 -0500] "GET /sipse/faces/javax.faces.resource/jquery/jquery.js?ln=primefaces&v=4.0 HTTP/1.1" 304 -
167.0.138.236 - - [06/Jun/2023:10:28:26 -0500] "GET /sipse/faces/javax.faces.resource/jquery/jquery-plugins.js?ln=primefaces&v=4.0 HTTP/1.1" 304 -
167.0.138.236 - - [06/Jun/2023:10:28:26 -0500] "GET /sipse/faces/javax.faces.resource/primefaces.js?ln=primefaces&v=4.0 HTTP/1.1" 304 -
167.0.138.236 - - [06/Jun/2023:10:28:27 -0500] "GET /sipse/faces/javax.faces.resource/layout/layout.js?ln=primefaces&v=4.0 HTTP/1.1" 304 -
172.22.2.4 - - [06/Jun/2023:10:28:28 -0500] "GET /BLA/boletinlegal/consulta_actos.php?tipo=autos&no=3381&usuario=&sector=&fecha=2018&resuelve= HTTP/1.1" 200 626
167.0.138.236 - - [06/Jun/2023:10:28:29 -0500] "POST /sipse/faces/presentacion/financiero/solicitudProceso/consultarSolicitudProceso.xhtml HTTP/1.1" 200 49216
167.0.138.236 - - [06/Jun/2023:10:28:29 -0500] "GET /sipse/faces/javax.faces.resource/theme.css?ln=primefaces-sipse HTTP/1.1" 304 -
167.0.138.236 - - [06/Jun/2023:10:28:29 -0500] "GET /sipse/faces/javax.faces.resource/primefaces.css?ln=primefaces&v=4.0 HTTP/1.1" 304 -
167.0.138.236 - - [06/Jun/2023:10:28:29 -0500] "GET /sipse/faces/javax.faces.resource/jquery/jquery.js?ln=primefaces&v=4.0 HTTP/1.1" 304 -
167.0.138.236 - - [06/Jun/2023:10:28:29 -0500] "GET /sipse/faces/javax.faces.resource/layout/layout.css?ln=primefaces&v=4.0 HTTP/1.1" 304 -
167.0.138.236 - - [06/Jun/2023:10:28:29 -0500] "GET /sipse/faces/javax.faces.resource/jquery/jquery-plugins.js?ln=primefaces&v=4.0 HTTP/1.1" 304 -
167.0.138.236 - - [06/Jun/2023:10:28:29 -0500] "GET /sipse/faces/javax.faces.resource/layout/layout.js?ln=primefaces&v=4.0 HTTP/1.1" 304 -
167.0.138.236 - - [06/Jun/2023:10:28:29 -0500] "GET /sipse/faces/javax.faces.resource/primefaces.js?ln=primefaces&v=4.0 HTTP/1.1" 304 -
167.0.138.236 - - [06/Jun/2023:10:28:29 -0500] "GET /sipse/faces/javax.faces.resource/images/ui-icons_898989_256x240.png?ln=primefaces-aristo HTTP/1.1" 304 -
172.22.2.4 - - [06/Jun/2023:10:28:35 -0500] "GET /BLA/boletinlegal/consulta_actos.php?tipo=autos&no=3382&usuario=&sector=&fecha=2018&resuelve= HTTP/1.1" 200 626
172.22.2.4 - - [06/Jun/2023:10:28:37 -0500] "GET /BLA/boletinlegal/consulta_actos.php?tipo=autos&no=3382&usuario=&sector=&fecha=2018&resuelve= HTTP/1.1" 200 626
172.22.2.4 - - [06/Jun/2023:10:28:37 -0500] "GET /BLA/boletinlegal/consulta_actos.php?tipo=autos&no=3382&usuario=&sector=&fecha=2018&resuelve= HTTP/1.1" 200 626
172.22.2.4 - - [06/Jun/2023:10:28:42 -0500] "GET /BLA/boletinlegal/consulta_actos.php?tipo=autos&no=3383&usuario=&sector=&fecha=2018&resuelve= HTTP/1.1" 200 1072
201.245.192.253 - - [06/Jun/2023:10:28:45 -0500] "GET /BLA/resoluciones/AUTOS%202018/3383.pdf HTTP/1.1" 200 485371
190.25.26.165 - - [06/Jun/2023:10:28:49 -0500] "GET /mesa/contrasena.pdf HTTP/1.1" 200 443199
190.25.26.165 - - [06/Jun/2023:10:28:49 -0500] "GET /mesa/contrasena.pdf HTTP/1.1" 206 1
190.25.26.165 - - [06/Jun/2023:10:28:49 -0500] "GET /mesa/contrasena.pdf HTTP/1.1" 206 2927
181.48.255.197 - - [06/Jun/2023:10:28:50 -0500] "GET /mesa/contrasena.pdf HTTP/1.1" 200 443199
156.59.198.135 - - [06/Jun/2023:10:28:53 -0500] "GET /galeria/galeria/fotos/mirador4P.jpg HTTP/1.0" 200 11757
172.22.2.4 - - [06/Jun/2023:10:29:03 -0500] "GET /BLA/boletinlegal/consulta_actos.php?tipo=autos&no=3384&usuario=&sector=&fecha=2018&resuelve= HTTP/1.1" 200 1055
201.245.192.253 - - [06/Jun/2023:10:29:06 -0500] "GET /BLA/resoluciones/AUTOS%202018/3384.pdf HTTP/1.1" 200 2291762
191.156.145.99 - - [06/Jun/2023:10:29:21 -0500] "GET /mesa/contrasena.pdf HTTP/1.1" 206 1
191.156.145.99 - - [06/Jun/2023:10:29:22 -0500] "GET /mesa/contrasena.pdf HTTP/1.1" 206 312071
172.22.2.4 - - [06/Jun/2023:10:29:25 -0500] "GET /BLA/boletinlegal/consulta_actos.php?tipo=autos&no=3385&usuario=&sector=&fecha=2018&resuelve= HTTP/1.1" 200 1063
201.245.192.253 - - [06/Jun/2023:10:29:28 -0500] "GET /BLA/resoluciones/AUTOS%202018/3385.pdf HTTP/1.1" 200 264120
172.22.2.4 - - [06/Jun/2023:10:29:48 -0500] "GET /BLA/boletinlegal/consulta_actos.php?tipo=autos&no=3386&usuario=&sector=&fecha=2018&resuelve= HTTP/1.1" 200 626
172.22.2.4 - - [06/Jun/2023:10:29:54 -0500] "GET /BLA/boletinlegal/consulta_actos.php?tipo=autos&no=3387&usuario=&sector=&fecha=2018&resuelve= HTTP/1.1" 200 1079
216.245.221.92 - - [06/Jun/2023:10:30:00 -0500] "HEAD / HTTP/1.1" 200 -
201.245.192.253 - - [06/Jun/2023:10:30:02 -0500] "GET /BLA/resoluciones/AUTOS%202018/3387.pdf HTTP/1.1" 200 513544
191.95.60.36 - - [06/Jun/2023:10:30:16 -0500] "POST /sipse/faces/presentacion/financiero/solicitudProceso/listarSolicitudProceso.xhtml HTTP/1.1" 200 164240
191.95.60.36 - - [06/Jun/2023:10:30:17 -0500] "GET /sipse/faces/javax.faces.resource/theme.css?ln=primefaces-sipse HTTP/1.1" 304 -
191.95.60.36 - - [06/Jun/2023:10:30:17 -0500] "GET /sipse/faces/javax.faces.resource/jquery/jquery.js?ln=primefaces&v=4.0 HTTP/1.1" 304 -
191.95.60.36 - - [06/Jun/2023:10:30:17 -0500] "GET /sipse/faces/javax.faces.resource/primefaces.css?ln=primefaces&v=4.0 HTTP/1.1" 304 -
191.95.60.36 - - [06/Jun/2023:10:30:17 -0500] "GET /sipse/faces/javax.faces.resource/layout/layout.css?ln=primefaces&v=4.0 HTTP/1.1" 304 -
191.95.60.36 - - [06/Jun/2023:10:30:18 -0500] "GET /sipse/faces/javax.faces.resource/jquery/jquery-plugins.js?ln=primefaces&v=4.0 HTTP/1.1" 304 -
191.95.60.36 - - [06/Jun/2023:10:30:18 -0500] "GET /sipse/faces/javax.faces.resource/primefaces.js?ln=primefaces&v=4.0 HTTP/1.1" 304 -
191.95.60.36 - - [06/Jun/2023:10:30:18 -0500] "GET /sipse/faces/javax.faces.resource/layout/layout.js?ln=primefaces&v=4.0 HTTP/1.1" 304 -
201.245.192.253 - - [06/Jun/2023:10:30:16 -0500] "POST /kwsrmcab/Wsrmcab HTTP/1.1" 200 43164
201.245.192.253 - - [06/Jun/2023:10:30:19 -0500] "POST /kwsrmcab/Wsrmcab HTTP/1.1" 200 42407
191.95.60.36 - - [06/Jun/2023:10:30:28 -0500] "POST /sipse/faces/presentacion/financiero/solicitudProceso/consultarSolicitudProceso.xhtml HTTP/1.1" 200 21119
191.95.60.36 - - [06/Jun/2023:10:30:28 -0500] "GET /sipse/faces/javax.faces.resource/theme.css?ln=primefaces-sipse HTTP/1.1" 304 -
191.95.60.36 - - [06/Jun/2023:10:30:28 -0500] "GET /sipse/faces/javax.faces.resource/primefaces.css?ln=primefaces&v=4.0 HTTP/1.1" 304 -
191.95.60.36 - - [06/Jun/2023:10:30:28 -0500] "GET /sipse/faces/javax.faces.resource/layout/layout.css?ln=primefaces&v=4.0 HTTP/1.1" 304 -
191.95.60.36 - - [06/Jun/2023:10:30:28 -0500] "GET /sipse/faces/javax.faces.resource/fileupload/fileupload.css?ln=primefaces&v=4.0 HTTP/1.1" 304 -
191.95.60.36 - - [06/Jun/2023:10:30:28 -0500] "GET /sipse/faces/javax.faces.resource/jquery/jquery.js?ln=primefaces&v=4.0 HTTP/1.1" 304 -
191.95.60.36 - - [06/Jun/2023:10:30:28 -0500] "GET /sipse/faces/javax.faces.resource/primefaces.js?ln=primefaces&v=4.0 HTTP/1.1" 304 -
191.95.60.36 - - [06/Jun/2023:10:30:28 -0500] "GET /sipse/faces/javax.faces.resource/jquery/jquery-plugins.js?ln=primefaces&v=4.0 HTTP/1.1" 304 -
191.95.60.36 - - [06/Jun/2023:10:30:28 -0500] "GET /sipse/faces/javax.faces.resource/layout/layout.js?ln=primefaces&v=4.0 HTTP/1.1" 304 -
191.95.60.36 - - [06/Jun/2023:10:30:28 -0500] "GET /sipse/faces/javax.faces.resource/fileupload/fileupload.js?ln=primefaces&v=4.0 HTTP/1.1" 200 28091
172.22.2.4 - - [06/Jun/2023:10:30:29 -0500] "GET /BLA/boletinlegal/consulta_actos.php?tipo=autos&no=3388&usuario=&sector=&fecha=2018&resuelve= HTTP/1.1" 200 1076
201.245.192.253 - - [06/Jun/2023:10:30:29 -0500] "POST /kwsrmcab/Wsrmcab  HTTP/1.1" 200 42279
201.245.192.253 - - [06/Jun/2023:10:30:32 -0500] "GET /BLA/resoluciones/AUTOS%202018/3388.pdf HTTP/1.1" 200 2159256
191.95.60.36 - - [06/Jun/2023:10:30:43 -0500] "POST /sipse/faces/presentacion/sistema/anexos/cargarAnexoSolicitudProceso.xhtml HTTP/1.1" 200 212465
191.95.60.36 - - [06/Jun/2023:10:30:45 -0500] "GET /sipse/faces/javax.faces.resource/theme.css?ln=primefaces-sipse HTTP/1.1" 304 -
191.95.60.36 - - [06/Jun/2023:10:30:45 -0500] "GET /sipse/faces/javax.faces.resource/jquery/jquery.js?ln=primefaces&v=4.0 HTTP/1.1" 304 -
191.95.60.36 - - [06/Jun/2023:10:30:45 -0500] "GET /sipse/faces/javax.faces.resource/primefaces.css?ln=primefaces&v=4.0 HTTP/1.1" 304 -
191.95.60.36 - - [06/Jun/2023:10:30:45 -0500] "GET /sipse/faces/javax.faces.resource/jquery/jquery-plugins.js?ln=primefaces&v=4.0 HTTP/1.1" 304 -
191.95.60.36 - - [06/Jun/2023:10:30:45 -0500] "GET /sipse/faces/javax.faces.resource/layout/layout.js?ln=primefaces&v=4.0 HTTP/1.1" 304 -
191.95.60.36 - - [06/Jun/2023:10:30:45 -0500] "GET /sipse/faces/javax.faces.resource/layout/layout.css?ln=primefaces&v=4.0 HTTP/1.1" 304 -
191.95.60.36 - - [06/Jun/2023:10:30:45 -0500] "GET /sipse/faces/javax.faces.resource/primefaces.js?ln=primefaces&v=4.0 HTTP/1.1" 304 -
191.95.60.36 - - [06/Jun/2023:10:30:49 -0500] "POST /sipse/faces/presentacion/financiero/solicitudProceso/consultarSolicitudProceso.xhtml HTTP/1.1" 200 21119
191.95.60.36 - - [06/Jun/2023:10:30:49 -0500] "GET /sipse/faces/javax.faces.resource/theme.css?ln=primefaces-sipse HTTP/1.1" 304 -
191.95.60.36 - - [06/Jun/2023:10:30:49 -0500] "GET /sipse/faces/javax.faces.resource/jquery/jquery-plugins.js?ln=primefaces&v=4.0 HTTP/1.1" 304 -
191.95.60.36 - - [06/Jun/2023:10:30:49 -0500] "GET /sipse/faces/javax.faces.resource/primefaces.css?ln=primefaces&v=4.0 HTTP/1.1" 304 -
191.95.60.36 - - [06/Jun/2023:10:30:49 -0500] "GET /sipse/faces/javax.faces.resource/layout/layout.css?ln=primefaces&v=4.0 HTTP/1.1" 304 -
191.95.60.36 - - [06/Jun/2023:10:30:49 -0500] "GET /sipse/faces/javax.faces.resource/jquery/jquery.js?ln=primefaces&v=4.0 HTTP/1.1" 304 -
191.95.60.36 - - [06/Jun/2023:10:30:49 -0500] "GET /sipse/faces/javax.faces.resource/fileupload/fileupload.css?ln=primefaces&v=4.0 HTTP/1.1" 304 -
191.95.60.36 - - [06/Jun/2023:10:30:50 -0500] "GET /sipse/faces/javax.faces.resource/primefaces.js?ln=primefaces&v=4.0 HTTP/1.1" 304 -
191.95.60.36 - - [06/Jun/2023:10:30:50 -0500] "GET /sipse/faces/javax.faces.resource/fileupload/fileupload.js?ln=primefaces&v=4.0 HTTP/1.1" 304 -
191.95.60.36 - - [06/Jun/2023:10:30:50 -0500] "GET /sipse/faces/javax.faces.resource/layout/layout.js?ln=primefaces&v=4.0 HTTP/1.1" 304 -
172.22.2.4 - - [06/Jun/2023:10:30:51 -0500] "GET /BLA/boletinlegal/consulta_actos.php?tipo=autos&no=3390&usuario=&sector=&fecha=2018&resuelve= HTTP/1.1" 200 1017
201.245.192.253 - - [06/Jun/2023:10:30:54 -0500] "GET /BLA/resoluciones/AUTOS%202018/3390.pdf HTTP/1.1" 200 234615
191.95.60.36 - - [06/Jun/2023:10:30:53 -0500] "POST /sipse/faces/presentacion/sistema/anexos/cargarAnexoSolicitudProceso.xhtml HTTP/1.1" 200 214268
191.95.60.36 - - [06/Jun/2023:10:30:55 -0500] "GET /sipse/faces/javax.faces.resource/theme.css?ln=primefaces-sipse HTTP/1.1" 304 -
191.95.60.36 - - [06/Jun/2023:10:30:55 -0500] "GET /sipse/faces/javax.faces.resource/primefaces.js?ln=primefaces&v=4.0 HTTP/1.1" 304 -
191.95.60.36 - - [06/Jun/2023:10:30:55 -0500] "GET /sipse/faces/javax.faces.resource/jquery/jquery-plugins.js?ln=primefaces&v=4.0 HTTP/1.1" 304 -
191.95.60.36 - - [06/Jun/2023:10:30:55 -0500] "GET /sipse/faces/javax.faces.resource/layout/layout.css?ln=primefaces&v=4.0 HTTP/1.1" 304 -
191.95.60.36 - - [06/Jun/2023:10:30:55 -0500] "GET /sipse/faces/javax.faces.resource/primefaces.css?ln=primefaces&v=4.0 HTTP/1.1" 304 -
191.95.60.36 - - [06/Jun/2023:10:30:55 -0500] "GET /sipse/faces/javax.faces.resource/jquery/jquery.js?ln=primefaces&v=4.0 HTTP/1.1" 304 -
191.95.60.36 - - [06/Jun/2023:10:30:55 -0500] "GET /sipse/faces/javax.faces.resource/layout/layout.js?ln=primefaces&v=4.0 HTTP/1.1" 304 -
191.95.60.36 - - [06/Jun/2023:10:31:08 -0500] "POST /sipse/faces/presentacion/financiero/solicitudProceso/consultarSolicitudProceso.xhtml HTTP/1.1" 200 6204
172.22.2.4 - - [06/Jun/2023:10:31:12 -0500] "GET /BLA/boletinlegal/consulta_actos.php?tipo=autos&no=3391&usuario=&sector=&fecha=2018&resuelve= HTTP/1.1" 200 1351
77.1.216.199 - - [06/Jun/2023:10:31:13 -0500] "GET /sipse/faces/javax.faces.resource/theme.css?ln=primefaces-sipse HTTP/1.1" 304 -
77.1.216.199 - - [06/Jun/2023:10:31:13 -0500] "GET /sipse/faces/javax.faces.resource/primefaces.css?ln=primefaces&v=4.0 HTTP/1.1" 304 -
172.22.2.4 - - [06/Jun/2023:10:31:13 -0500] "GET /BLA/boletinlegal/actos.php HTTP/1.1" 200 9682
191.95.60.36 - - [06/Jun/2023:10:31:10 -0500] "POST /sipse/faces/presentacion/financiero/solicitudProceso/consultarSolicitudProceso.xhtml HTTP/1.1" 200 63690
77.1.216.199 - - [06/Jun/2023:10:31:12 -0500] "POST /sipse/faces/presentacion/financiero/solicitudProceso/consultarSolicitudProceso.xhtml HTTP/1.1" 200 21129
77.1.216.199 - - [06/Jun/2023:10:31:13 -0500] "GET /sipse/faces/javax.faces.resource/layout/layout.css?ln=primefaces&v=4.0 HTTP/1.1" 304 -
77.1.216.199 - - [06/Jun/2023:10:31:13 -0500] "GET /sipse/faces/javax.faces.resource/fileupload/fileupload.css?ln=primefaces&v=4.0 HTTP/1.1" 304 -
77.1.216.199 - - [06/Jun/2023:10:31:13 -0500] "GET /sipse/faces/javax.faces.resource/jquery/jquery.js?ln=primefaces&v=4.0 HTTP/1.1" 304 -
77.1.216.199 - - [06/Jun/2023:10:31:13 -0500] "GET /sipse/faces/javax.faces.resource/jquery/jquery-plugins.js?ln=primefaces&v=4.0 HTTP/1.1" 304 -
77.1.216.199 - - [06/Jun/2023:10:31:13 -0500] "GET /sipse/faces/javax.faces.resource/primefaces.js?ln=primefaces&v=4.0 HTTP/1.1" 304 -
191.95.60.36 - - [06/Jun/2023:10:31:13 -0500] "GET /sipse/faces/javax.faces.resource/theme.css?ln=primefaces-sipse HTTP/1.1" 304 -
172.22.2.4 - - [06/Jun/2023:10:31:13 -0500] "GET /BLA/boletinlegal/favicon.ico HTTP/1.1" 404 1326
191.95.60.36 - - [06/Jun/2023:10:31:13 -0500] "GET /sipse/faces/javax.faces.resource/jquery/jquery.js?ln=primefaces&v=4.0 HTTP/1.1" 304 -
191.95.60.36 - - [06/Jun/2023:10:31:13 -0500] "GET /sipse/faces/javax.faces.resource/primefaces.css?ln=primefaces&v=4.0 HTTP/1.1" 304 -
191.95.60.36 - - [06/Jun/2023:10:31:13 -0500] "GET /sipse/faces/javax.faces.resource/layout/layout.css?ln=primefaces&v=4.0 HTTP/1.1" 304 -
191.95.60.36 - - [06/Jun/2023:10:31:13 -0500] "GET /sipse/faces/javax.faces.resource/jquery/jquery-plugins.js?ln=primefaces&v=4.0 HTTP/1.1" 304 -
77.1.216.199 - - [06/Jun/2023:10:31:13 -0500] "GET /sipse/faces/javax.faces.resource/layout/layout.js?ln=primefaces&v=4.0 HTTP/1.1" 304 -
77.1.216.199 - - [06/Jun/2023:10:31:13 -0500] "GET /sipse/faces/javax.faces.resource/fileupload/fileupload.js?ln=primefaces&v=4.0 HTTP/1.1" 304 -
191.95.60.36 - - [06/Jun/2023:10:31:13 -0500] "GET /sipse/faces/javax.faces.resource/primefaces.js?ln=primefaces&v=4.0 HTTP/1.1" 304 -
191.95.60.36 - - [06/Jun/2023:10:31:13 -0500] "GET /sipse/faces/javax.faces.resource/layout/layout.js?ln=primefaces&v=4.0 HTTP/1.1" 304 -
77.1.216.199 - - [06/Jun/2023:10:31:13 -0500] "GET /sipse/css/imagen/contrasena.png HTTP/1.1" 404 383
77.1.216.199 - - [06/Jun/2023:10:31:13 -0500] "GET /sipse/faces/javax.faces.resource/images/ui-icons_898989_256x240.png?ln=primefaces-aristo HTTP/1.1" 304 -
191.95.60.36 - - [06/Jun/2023:10:31:13 -0500] "POST /sipse/faces/presentacion/financiero/solicitudProceso/listarSolicitudProceso.xhtml HTTP/1.1" 200 1556
40.77.167.97 - - [06/Jun/2023:10:31:15 -0500] "GET /Publicaciones/2023EE90096.pdf HTTP/1.1" 404 227
201.245.192.253 - - [06/Jun/2023:10:31:15 -0500] "GET /BLA/resoluciones/AUTOS%202018/3391.pdf HTTP/1.1" 200 240811
191.95.60.36 - - [06/Jun/2023:10:31:16 -0500] "POST /sipse/faces/presentacion/financiero/solicitudProceso/listarSolicitudProceso.xhtml HTTP/1.1" 200 4748
191.95.60.36 - - [06/Jun/2023:10:31:19 -0500] "POST /sipse/faces/presentacion/financiero/solicitudProceso/listarSolicitudProceso.xhtml HTTP/1.1" 200 31527
172.22.2.4 - - [06/Jun/2023:10:29:43 -0500] "HEAD /BLA/boletinlegal/ HTTP/1.1" 200 -
77.1.216.199 - - [06/Jun/2023:10:31:23 -0500] "GET /sipse/faces/javax.faces.resource/jquery/jquery.js?ln=primefaces&v=4.0 HTTP/1.1" 304 -
77.1.216.199 - - [06/Jun/2023:10:31:23 -0500] "GET /sipse/faces/javax.faces.resource/layout/layout.css?ln=primefaces&v=4.0 HTTP/1.1" 304 -
77.1.216.199 - - [06/Jun/2023:10:31:23 -0500] "GET /sipse/faces/javax.faces.resource/primefaces.css?ln=primefaces&v=4.0 HTTP/1.1" 304 -
77.1.216.199 - - [06/Jun/2023:10:31:23 -0500] "GET /sipse/faces/javax.faces.resource/theme.css?ln=primefaces-sipse HTTP/1.1" 304 -
77.1.216.199 - - [06/Jun/2023:10:31:23 -0500] "GET /sipse/faces/javax.faces.resource/jquery/jquery-plugins.js?ln=primefaces&v=4.0 HTTP/1.1" 304 -
77.1.216.199 - - [06/Jun/2023:10:31:23 -0500] "GET /sipse/faces/javax.faces.resource/primefaces.js?ln=primefaces&v=4.0 HTTP/1.1" 304 -
77.1.216.199 - - [06/Jun/2023:10:31:23 -0500] "GET /sipse/faces/javax.faces.resource/layout/layout.js?ln=primefaces&v=4.0 HTTP/1.1" 304 -
77.1.216.199 - - [06/Jun/2023:10:31:21 -0500] "POST /sipse/faces/presentacion/sistema/anexos/cargarAnexoSolicitudProceso.xhtml HTTP/1.1" 200 173778
77.1.216.199 - - [06/Jun/2023:10:31:25 -0500] "GET /sipse/faces/javax.faces.resource/images/ui-icons_898989_256x240.png?ln=primefaces-aristo HTTP/1.1" 304 -
172.22.2.4 - - [06/Jun/2023:10:31:28 -0500] "GET /BLA/boletinlegal/consulta_actos.php?tipo=autos&no=2783&usuario=&sector=&fecha=2013&resuelve= HTTP/1.1" 200 1050
172.22.2.4 - - [06/Jun/2023:10:31:29 -0500] "GET /BLA/boletinlegal/consulta_actos.php?tipo=autos&no=3392&usuario=&sector=&fecha=2018&resuelve= HTTP/1.1" 200 1035
201.245.192.253 - - [06/Jun/2023:10:31:32 -0500] "GET /BLA/resoluciones/AUTOS%202018/3392.pdf HTTP/1.1" 200 263107
167.0.138.236 - - [06/Jun/2023:10:31:33 -0500] "GET /sipse/faces/javax.faces.resource/images/ui-bg_flat_0_2d5972_40x100.png?ln=primefaces-aristo HTTP/1.1" 304 -
167.0.138.236 - - [06/Jun/2023:10:31:33 -0500] "POST /sipse/faces/presentacion/financiero/solicitudProceso/consultarHistorialSolProceso.xhtml HTTP/1.1" 200 47984
167.0.138.236 - - [06/Jun/2023:10:31:33 -0500] "GET /sipse/faces/javax.faces.resource/jquery/jquery.js?ln=primefaces&v=4.0 HTTP/1.1" 304 -
167.0.138.236 - - [06/Jun/2023:10:31:33 -0500] "GET /sipse/faces/javax.faces.resource/jquery/jquery-plugins.js?ln=primefaces&v=4.0 HTTP/1.1" 304 -
167.0.138.236 - - [06/Jun/2023:10:31:33 -0500] "GET /sipse/faces/javax.faces.resource/primefaces.js?ln=primefaces&v=4.0 HTTP/1.1" 304 -
167.0.138.236 - - [06/Jun/2023:10:31:33 -0500] "GET /sipse/faces/javax.faces.resource/layout/layout.js?ln=primefaces&v=4.0 HTTP/1.1" 304 -
191.95.60.36 - - [06/Jun/2023:10:31:33 -0500] "POST /sipse/faces/presentacion/financiero/solicitudProceso/listarSolicitudProceso.xhtml HTTP/1.1" 200 144102
191.95.60.36 - - [06/Jun/2023:10:31:34 -0500] "GET /sipse/faces/javax.faces.resource/theme.css?ln=primefaces-sipse HTTP/1.1" 304 -
191.95.60.36 - - [06/Jun/2023:10:31:35 -0500] "GET /sipse/faces/javax.faces.resource/jquery/jquery.js?ln=primefaces&v=4.0 HTTP/1.1" 304 -
191.95.60.36 - - [06/Jun/2023:10:31:35 -0500] "GET /sipse/faces/javax.faces.resource/primefaces.css?ln=primefaces&v=4.0 HTTP/1.1" 304 -
191.95.60.36 - - [06/Jun/2023:10:31:35 -0500] "GET /sipse/faces/javax.faces.resource/layout/layout.css?ln=primefaces&v=4.0 HTTP/1.1" 304 -
191.95.60.36 - - [06/Jun/2023:10:31:35 -0500] "GET /sipse/faces/javax.faces.resource/jquery/jquery-plugins.js?ln=primefaces&v=4.0 HTTP/1.1" 304 -
191.95.60.36 - - [06/Jun/2023:10:31:35 -0500] "GET /sipse/faces/javax.faces.resource/primefaces.js?ln=primefaces&v=4.0 HTTP/1.1" 304 -
191.95.60.36 - - [06/Jun/2023:10:31:35 -0500] "GET /sipse/faces/javax.faces.resource/layout/layout.js?ln=primefaces&v=4.0 HTTP/1.1" 304 -
181.137.166.152 - - [06/Jun/2023:10:31:37 -0500] "GET /103-arboles-fueron-plantados-por-la-secretaria-de-ambiente-en-el-dia-mundial-del-medio-ambiente.html HTTP/1.1" 200 795
191.95.60.36 - - [06/Jun/2023:10:31:39 -0500] "POST /sipse/faces/presentacion/financiero/solicitudProceso/consultarSolicitudProceso.xhtml HTTP/1.1" 200 63164
191.95.60.36 - - [06/Jun/2023:10:31:40 -0500] "GET /sipse/faces/javax.faces.resource/layout/layout.css?ln=primefaces&v=4.0 HTTP/1.1" 304 -
191.95.60.36 - - [06/Jun/2023:10:31:40 -0500] "GET /sipse/faces/javax.faces.resource/theme.css?ln=primefaces-sipse HTTP/1.1" 304 -
191.95.60.36 - - [06/Jun/2023:10:31:40 -0500] "GET /sipse/faces/javax.faces.resource/primefaces.css?ln=primefaces&v=4.0 HTTP/1.1" 304 -
191.95.60.36 - - [06/Jun/2023:10:31:40 -0500] "GET /sipse/faces/javax.faces.resource/jquery/jquery.js?ln=primefaces&v=4.0 HTTP/1.1" 304 -
191.95.60.36 - - [06/Jun/2023:10:31:40 -0500] "GET /sipse/faces/javax.faces.resource/jquery/jquery-plugins.js?ln=primefaces&v=4.0 HTTP/1.1" 304 -
191.95.60.36 - - [06/Jun/2023:10:31:40 -0500] "GET /sipse/faces/javax.faces.resource/primefaces.js?ln=primefaces&v=4.0 HTTP/1.1" 304 -
191.95.60.36 - - [06/Jun/2023:10:31:40 -0500] "GET /sipse/faces/javax.faces.resource/layout/layout.js?ln=primefaces&v=4.0 HTTP/1.1" 304 -
191.95.60.36 - - [06/Jun/2023:10:31:40 -0500] "POST /sipse/faces/presentacion/financiero/solicitudProceso/listarSolicitudProceso.xhtml HTTP/1.1" 200 56549
191.95.60.36 - - [06/Jun/2023:10:31:41 -0500] "POST /sipse/faces/presentacion/financiero/solicitudProceso/listarSolicitudProceso.xhtml HTTP/1.1" 200 56549
191.95.60.36 - - [06/Jun/2023:10:31:42 -0500] "POST /sipse/faces/presentacion/financiero/solicitudProceso/listarSolicitudProceso.xhtml HTTP/1.1" 200 1556
191.156.190.7 - - [06/Jun/2023:10:31:42 -0500] "GET /BLA/resoluciones/AUTOS%202013/2783.pdf HTTP/1.1" 200 945544
191.95.60.36 - - [06/Jun/2023:10:31:42 -0500] "POST /sipse/faces/presentacion/financiero/solicitudProceso/listarSolicitudProceso.xhtml HTTP/1.1" 200 1556
191.95.60.36 - - [06/Jun/2023:10:31:43 -0500] "POST /sipse/faces/presentacion/financiero/solicitudProceso/listarSolicitudProceso.xhtml HTTP/1.1" 200 1564
191.95.60.36 - - [06/Jun/2023:10:31:43 -0500] "POST /sipse/faces/presentacion/financiero/solicitudProceso/listarSolicitudProceso.xhtml HTTP/1.1" 200 4748
191.95.60.36 - - [06/Jun/2023:10:31:45 -0500] "POST /sipse/faces/presentacion/financiero/solicitudProceso/listarSolicitudProceso.xhtml HTTP/1.1" 200 31489
172.22.2.4 - - [06/Jun/2023:10:31:45 -0500] "GET /BLA/boletinlegal/consulta_actos.php?tipo=autos&no=3393&usuario=&sector=&fecha=2018&resuelve= HTTP/1.1" 200 1064
201.245.192.253 - - [06/Jun/2023:10:31:48 -0500] "GET /BLA/resoluciones/AUTOS%202018/3393.pdf HTTP/1.1" 200 383226
172.22.2.4 - - [06/Jun/2023:10:31:10 -0500] "GET /BLA/boletinlegal/ HTTP/1.1" 200 24523
172.22.2.4 - - [06/Jun/2023:10:32:01 -0500] "GET /BLA/boletinlegal/consulta_actos.php?tipo=autos&no=3394&usuario=&sector=&fecha=2018&resuelve= HTTP/1.1" 200 626
186.102.83.152 - - [06/Jun/2023:10:32:03 -0500] "GET /kwssiamovil/sm/ldap/au?x=U2FsdGVkX1+Z407VyEIRv8ppQC+9ONvOCKrai+bRPmSe83J+qWUZ1Nooj8mGHZMu&y=U2FsdGVkX19SRoVAbGSh0z13FzwwH5ipueW2QRVizrnUPDfwjIKyDITjmYuJV4vS HTTP/1.1" 200 30
186.102.83.152 - - [06/Jun/2023:10:32:03 -0500] "GET /kwssiamovil/sm/acme/s?s=U2FsdGVkX1+UCwKLZq+pvpoZ1xcc6aOiLYm/3AcYiZ2seSC7jRQyrPErMtMFuYtiIuDsoR59SPZYMdpU+8RLJ2MtAlp2bXIBDr0PQnPT6Z4=&u=U2FsdGVkX1/gOJvt4iYIwcT4R6bn0kKNY95qayo8/oc=&y=U2FsdGVkX19SRoVAbGSh0z13FzwwH5ipueW2QRVizrnUPDfwjIKyDITjmYuJV4vS HTTP/1.1" 200 97
77.1.216.199 - - [06/Jun/2023:10:32:04 -0500] "GET /sipse/faces/javax.faces.resource/images/ui-bg_flat_0_2d5972_40x100.png?ln=primefaces-aristo HTTP/1.1" 304 -
186.102.83.152 - - [06/Jun/2023:10:32:04 -0500] "GET /kwssiamovil/sm/acme/s?s=U2FsdGVkX18J9kMaD/8mH3UuRbeO91Akj4Iwi+5hVSaGgwFwMETrr17TOn4fhyjuprWwASmvecFZGeuAUcKzauL5dQZK8EYckzuK5q4ZRYhlcI6OWFQVGr9ab2lopggAN08YIfizndwxs3ELf7c2fScVwqqvVoVF7RJqm9aqKI4JRQJjX+IbCS5Nv7WZnD6VlVeZe2D0SikRJhFLM82fFchjSvXjAWuBt3D37Qd1Oz4IR1Hefhk3frxU2orjEGAqY6RheFFLNvjsSbINwoh+91AS7teNO9XD4RUSbAtYH+tctV/XVpK2OtyFF2bdJhjWjdMbavWXymu8N3ydQPJJmFtbySIXUKbZH45sQuH8ObmQl6zZWHdvD/dvuvkKeYP5VLZ5YrM/b67Dv984e/1N3ICGS+4wV0qxVws2lLNsB9OTv7ShYTQtuZxbLLW8JQfFHSDPSw5dBFx8sgGdFFL9AANGIj0fEcef3AWWAiRscfvwJvcF2zmvCYxnhZ6QvYiyegTdUj0FoUA/pLEBFZqtfHhes2mGu+elGCQBLvOED/Bt7kreBTnopK/gS/3Cv34pWLI/2nrEFL5eaYvQE8i9+LslLNuBTDi3EwTE8LmKLSwldZMoatZBTFyyr1Yd7kEHgVggZ245Jd6DiHO5Oehl02f7b9wjNYxoluOY63L6xmgSl5G2WVR7+dV49pVkrNWnBwmuOiv1WCMzlbg5Zhgt5fRbGP/x2TruhAbpf1wG8ZHYT/CtKnlttSGVXEOGY6grwjO3s2OZaACMbhQYkN+dFA+RKrTxDgA+/hlvkQ1PaanpUG2VR46dwA5eHr4Pid7xhX508eflQJNem/i5xxmYRdNTUvYzR/EBXQ/rO8zhIYVJd4oysD4f64QsUJ4fFJRJ+BYgnxxQD0j46feoZnao9eQkWWBbtHMQ9px5MrvnBpZoVfKPVNZ2klVe7U3CPzDgwXMzWmuqPFEcp/c0r9JETauWflADrKckDxwrCXdWVus8oat84vQVIbjM7CZtnEhIfWhumgROjTezHju6Zlma5/vincKtaGg2UKIlNw6c7gYzxI0TsXgc+CxJU+U3/fSiV7R3KlNR6pwCUTk66A8krThaeY/+RDsORA/TPvhRnVWmZBy63hZzDvhKPH8GBhm9kmJctRF+Aovvp015amyFQLR0L9PeMQGuVR/4MbEINKep9P5nigziDNVvMpfSZU/76+Nlcn4SRLiujdc4E8PbYpER3sfTinhfev3vIuSmoWMOZo6Qquar0aMP1xpmTGhUj/MxRnSHJrXNYe0BtyhdBVGyli0vReO29AaAm4gBuETCoGjCmkFG93Cw/jtdm646XEkFhW4WqqQ9qnXhz9/h4gX5tW4j9OBU8hQ2MM0p21f4A+s3v+rcgZqOjnTFZQgEluutaYp+/pjUC8GiowXzzLy5wBoHRx6I7wYg2dKW9s82ItCf1tbcsHpNQ6sPlvjh73Do7XcHRapU3cOCcQQEvgEXN9wJnXhYcFylyyGob+t2/8mn2i61LBfUWWgCnU5XU8ePHYpBFSNN25pTjGlDxfdQk9l1ZEOI/l0cLTy03rVAaTFGBH3m+AwwxiU8VvWrSLauSDZ1z+hu9HsER11VojFmVLLaG8iwUxTTWVzrokxbvXaI4Cp397NNdDpk+TIzjpuSWcVqGcodNqwFkHVFONAqoJwU+JXDpqzY5l0iJ0tAeh6NwkemLsne8zI3mW9n7SfiDAUZJE5m7T7wJYfO4N0SxW776KwQxMpLkZ0y6o0=&u=U2FsdGVkX1/gOJvt4iYIwcT4R6bn0kKNY95qayo8/oc=&y=U2FsdGVkX19SRoVAbGSh0z13FzwwH5ipueW2QRVizrnUPDfwjIKyDITjmYuJV4vS HTTP/1.1" 200 405
186.102.83.152 - - [06/Jun/2023:10:32:04 -0500] "GET /kwssiamovil/sm/acme/s?s=U2FsdGVkX18mPV9QAtZrHAv0hKED6VFYHIo8P9sMdkWBjyTS6TgZ+/IykEHSF66xMgS+ojEXbx9vbFP1DFRDKIn82gTZjeAraB14/1c0MzHy2couEb/V7I7fGriZVGnBgvfnOb38QOXfrKYhOlv6rQLXxLHVuZZDNEPuOIolYQlZxY1rcv88FDiYAYsSIRpNq3SHbJ+HxO85hPY90UmQaZKGbJHxzbu6e2srpXy7CI/O90HNHmbKZ+h3QsWlS8moYaj32zUZbi1pl/mGWB45V/5yqWcFCHUFbwOwO5jwp96YqiILDnDSFLmGzegS+AQ0za5VZretbCMMOjq+PTEQkEK+aoZRqNKRukg4DcqWEQ/Q83RY194Y0HYtNTIrGSRnqeb0ILGfM3+3ls61JRE3dNW6deaao5OPTZtGzL1Rh0ARvKCq2E5JKDKGNv4+/OUvSQKtdOrju4HJhxA8RgF2EGNDYaB7spMUSOKmMGGXjFI1MpZ4KZfSMXYJYlEVLtr7aSHtUqkDE7kF6rUC7JU+paQIRDR8JdbNTiXACfbqIZbce8nQJPnwsw/WC5wNtIW4XKu9euHsXaiCo/NxnGCHT9MFVN/ukDimpLWPMQV+FDtkgghUF8yPpqTuTPKRmxldwxfOsoXZuNMVxiH3oXfkfx2JMl+JMYsDtqPcg6RR4jhD2g6zUFLS0fJycqiNmDlICifPMwoURg04mKdxjW0DmZJqhjOkYXtPwGHXbLhAw5NhDx24pSN7Eu5C2/mypxf7&u=U2FsdGVkX1/gOJvt4iYIwcT4R6bn0kKNY95qayo8/oc=&y=U2FsdGVkX19SRoVAbGSh0z13FzwwH5ipueW2QRVizrnUPDfwjIKyDITjmYuJV4vS HTTP/1.1" 200 208
191.95.60.36 - - [06/Jun/2023:10:32:04 -0500] "POST /sipse/faces/presentacion/financiero/solicitudProceso/listarSolicitudProceso.xhtml HTTP/1.1" 200 144102
191.95.60.36 - - [06/Jun/2023:10:32:05 -0500] "GET /sipse/faces/javax.faces.resource/theme.css?ln=primefaces-sipse HTTP/1.1" 304 -
191.95.60.36 - - [06/Jun/2023:10:32:05 -0500] "GET /sipse/faces/javax.faces.resource/primefaces.css?ln=primefaces&v=4.0 HTTP/1.1" 304 -
191.95.60.36 - - [06/Jun/2023:10:32:05 -0500] "GET /sipse/faces/javax.faces.resource/layout/layout.css?ln=primefaces&v=4.0 HTTP/1.1" 304 -
191.95.60.36 - - [06/Jun/2023:10:32:05 -0500] "GET /sipse/faces/javax.faces.resource/jquery/jquery.js?ln=primefaces&v=4.0 HTTP/1.1" 304 -
191.95.60.36 - - [06/Jun/2023:10:32:05 -0500] "GET /sipse/faces/javax.faces.resource/jquery/jquery-plugins.js?ln=primefaces&v=4.0 HTTP/1.1" 304 -
191.95.60.36 - - [06/Jun/2023:10:32:05 -0500] "GET /sipse/faces/javax.faces.resource/primefaces.js?ln=primefaces&v=4.0 HTTP/1.1" 304 -
186.102.83.152 - - [06/Jun/2023:10:32:05 -0500] "GET /kwssiamovil/sm/cjson/pre?f=1&x=U2FsdGVkX1+Z407VyEIRv8ppQC+9ONvOCKrai+bRPmSe83J+qWUZ1Nooj8mGHZMu HTTP/1.1" 200 31032
191.95.60.36 - - [06/Jun/2023:10:32:06 -0500] "GET /sipse/faces/javax.faces.resource/layout/layout.js?ln=primefaces&v=4.0 HTTP/1.1" 304 -
172.22.2.4 - - [06/Jun/2023:10:32:07 -0500] "GET /BLA/boletinlegal/consulta_actos.php?tipo=autos&no=3395&usuario=&sector=&fecha=2018&resuelve= HTTP/1.1" 200 626
77.1.216.199 - - [06/Jun/2023:10:32:05 -0500] "POST /sipse/faces/presentacion/financiero/solicitudProceso/consultarSolicitudProceso.xhtml HTTP/1.1" 200 37518
77.1.216.199 - - [06/Jun/2023:10:32:09 -0500] "GET /sipse/faces/javax.faces.resource/theme.css?ln=primefaces-sipse HTTP/1.1" 304 -
77.1.216.199 - - [06/Jun/2023:10:32:09 -0500] "GET /sipse/faces/javax.faces.resource/jquery/jquery.js?ln=primefaces&v=4.0 HTTP/1.1" 304 -
77.1.216.199 - - [06/Jun/2023:10:32:09 -0500] "GET /sipse/faces/javax.faces.resource/layout/layout.css?ln=primefaces&v=4.0 HTTP/1.1" 304 -
77.1.216.199 - - [06/Jun/2023:10:32:09 -0500] "GET /sipse/faces/javax.faces.resource/primefaces.css?ln=primefaces&v=4.0 HTTP/1.1" 304 -
77.1.216.199 - - [06/Jun/2023:10:32:09 -0500] "GET /sipse/faces/javax.faces.resource/jquery/jquery-plugins.js?ln=primefaces&v=4.0 HTTP/1.1" 304 -
77.1.216.199 - - [06/Jun/2023:10:32:10 -0500] "GET /sipse/faces/javax.faces.resource/primefaces.js?ln=primefaces&v=4.0 HTTP/1.1" 304 -
77.1.216.199 - - [06/Jun/2023:10:32:10 -0500] "GET /sipse/faces/javax.faces.resource/layout/layout.js?ln=primefaces&v=4.0 HTTP/1.1" 304 -
77.1.216.199 - - [06/Jun/2023:10:32:11 -0500] "GET /sipse/faces/javax.faces.resource/messages/messages.png?ln=primefaces&v=4.0 HTTP/1.1" 304 -
77.1.216.199 - - [06/Jun/2023:10:32:11 -0500] "POST /sipse/faces/presentacion/financiero/solicitudProceso/listarSolicitudProceso.xhtml HTTP/1.1" 200 1396
172.22.2.4 - - [06/Jun/2023:10:32:13 -0500] "GET /BLA/boletinlegal/consulta_actos.php?tipo=autos&no=3396&usuario=&sector=&fecha=2018&resuelve= HTTP/1.1" 200 1047
172.22.2.4 - - [06/Jun/2023:10:32:13 -0500] "GET /BLA/boletinlegal/favicon.ico HTTP/1.1" 404 1038
172.22.2.4 - - [06/Jun/2023:10:30:33 -0500] "GET /BLA/boletinlegal/ HTTP/1.1" 200 51620
201.245.192.253 - - [06/Jun/2023:10:32:16 -0500] "GET /BLA/resoluciones/AUTOS%202018/3396.pdf HTTP/1.1" 200 557881
77.1.216.199 - - [06/Jun/2023:10:32:16 -0500] "POST /sipse/faces/presentacion/financiero/solicitudProceso/listarSolicitudProceso.xhtml HTTP/1.1" 200 17784
191.95.60.36 - - [06/Jun/2023:10:32:15 -0500] "POST /sipse/faces/presentacion/financiero/solicitudProceso/consultarSolicitudProceso.xhtml HTTP/1.1" 200 420088
172.22.2.4 - - [06/Jun/2023:10:32:35 -0500] "GET /BLA/boletinlegal/consulta_actos.php?tipo=autos&no=3397&usuario=&sector=&fecha=2018&resuelve= HTTP/1.1" 200 1053
201.245.192.253 - - [06/Jun/2023:10:32:37 -0500] "GET /BLA/resoluciones/AUTOS%202018/3397.pdf HTTP/1.1" 200 206479
172.22.2.4 - - [06/Jun/2023:10:32:50 -0500] "GET /BLA/boletinlegal/consulta_actos.php?tipo=autos&no=3398&usuario=&sector=&fecha=2018&resuelve= HTTP/1.1" 200 626
186.84.90.248 - - [06/Jun/2023:10:32:56 -0500] "GET /BLA/resoluciones/index.php?dir= HTTP/1.1" 200 13502
172.22.2.4 - - [06/Jun/2023:10:32:58 -0500] "GET /BLA/boletinlegal/consulta_actos.php?tipo=autos&no=3399&usuario=&sector=&fecha=2018&resuelve= HTTP/1.1" 200 626
172.22.2.4 - - [06/Jun/2023:10:32:58 -0500] "GET /BLA/boletinlegal/jurisprudencia/analisis/G__Jurisp.%20Junio%202014_Sent%20Tutela%20Drumond.docx HTTP/1.1" 200 25380
172.22.2.4 - - [06/Jun/2023:10:32:58 -0500] "GET /BLA/boletinlegal/consulta_actos.php?tipo=autos&no=3399&usuario=&sector=&fecha=2018&resuelve= HTTP/1.1" 200 626
172.22.2.4 - - [06/Jun/2023:10:32:59 -0500] "GET /BLA/boletinlegal/consulta_actos.php?tipo=autos&no=3399&usuario=&sector=&fecha=2018&resuelve= HTTP/1.1" 200 626
172.22.2.4 - - [06/Jun/2023:10:32:59 -0500] "GET /BLA/boletinlegal/consulta_actos.php?tipo=autos&no=3399&usuario=&sector=&fecha=2018&resuelve= HTTP/1.1" 200 626
172.22.2.4 - - [06/Jun/2023:10:32:59 -0500] "GET /BLA/boletinlegal/consulta_actos.php?tipo=autos&no=3399&usuario=&sector=&fecha=2018&resuelve= HTTP/1.1" 200 626
156.59.198.136 - - [06/Jun/2023:10:33:02 -0500] "GET /galeria/galeria/fotos/Humedal-Santa-Mar%C3%ADa-del-Lago4P.jpg HTTP/1.0" 200 33121
187.184.104.78 - - [06/Jun/2023:10:33:08 -0500] "GET /galeria/galeria/jquery.fancybox.css?v=2.1.5 HTTP/1.1" 200 4895
187.184.104.78 - - [06/Jun/2023:10:33:08 -0500] "GET /BLA/boletinlegal/js/jquery.scrollShow.js HTTP/1.1" 200 4586
187.184.104.78 - - [06/Jun/2023:10:33:08 -0500] "GET /galeria/galeria/jquery.fancybox.js?v=2.1.5 HTTP/1.1" 200 48706
172.22.2.4 - - [06/Jun/2023:10:33:11 -0500] "GET /BLA/boletinlegal/consulta_actos.php?tipo=autos&no=3400&usuario=&sector=&fecha=2018&resuelve= HTTP/1.1" 200 626
172.22.2.4 - - [06/Jun/2023:10:33:12 -0500] "GET /BLA/boletinlegal/consulta_actos.php?tipo=autos&no=3400&usuario=&sector=&fecha=2018&resuelve= HTTP/1.1" 200 626
172.22.2.4 - - [06/Jun/2023:10:33:12 -0500] "GET /BLA/boletinlegal/consulta_actos.php?tipo=autos&no=3400&usuario=&sector=&fecha=2018&resuelve= HTTP/1.1" 200 626
186.84.90.248 - - [06/Jun/2023:10:33:12 -0500] "GET /BLA/resoluciones/index.php?dir=AUTOS+2020%2F HTTP/1.1" 200 328775
172.22.2.4 - - [06/Jun/2023:10:33:12 -0500] "GET /BLA/boletinlegal/consulta_actos.php?tipo=autos&no=3400&usuario=&sector=&fecha=2018&resuelve= HTTP/1.1" 200 626
172.22.2.4 - - [06/Jun/2023:10:33:12 -0500] "GET /BLA/boletinlegal/consulta_actos.php?tipo=autos&no=3400&usuario=&sector=&fecha=2018&resuelve= HTTP/1.1" 200 626
172.22.2.4 - - [06/Jun/2023:10:33:17 -0500] "GET /BLA/boletinlegal/consulta_actos.php?tipo=autos&no=3401&usuario=&sector=&fecha=2018&resuelve= HTTP/1.1" 200 1120
201.245.192.253 - - [06/Jun/2023:10:33:20 -0500] "GET /BLA/resoluciones/AUTOS%202018/3401.pdf HTTP/1.1" 200 282619
172.22.2.4 - - [06/Jun/2023:10:33:25 -0500] "GET /BLA/boletinlegal/style.css HTTP/1.1" 200 9406
172.22.2.4 - - [06/Jun/2023:10:33:25 -0500] "GET /BLA/boletinlegal/styles2.css HTTP/1.1" 200 1838
172.22.2.4 - - [06/Jun/2023:10:33:25 -0500] "GET /BLA/boletinlegal/js/jquery.scrollTo-min.js HTTP/1.1" 200 1150
172.22.2.4 - - [06/Jun/2023:10:33:25 -0500] "GET /BLA/boletinlegal/js/jquery.js HTTP/1.1" 200 57254
172.22.2.4 - - [06/Jun/2023:10:33:25 -0500] "GET /BLA/boletinlegal/js/jquery.scrollShow.js HTTP/1.1" 200 4586
172.22.2.4 - - [06/Jun/2023:10:33:25 -0500] "GET /BLA/boletinlegal/images/cabezote%20BLEGAL.jpg HTTP/1.1" 200 118164
172.22.2.4 - - [06/Jun/2023:10:33:25 -0500] "GET /BLA/boletinlegal/images/subscribe-icon-big.png HTTP/1.1" 200 47702
172.22.2.4 - - [06/Jun/2023:10:33:25 -0500] "GET /BLA/boletinlegal/images/arr_l.jpg HTTP/1.1" 200 1979
172.22.2.4 - - [06/Jun/2023:10:33:25 -0500] "GET /BLA/boletinlegal/images/historia.png HTTP/1.1" 200 52775
172.22.2.4 - - [06/Jun/2023:10:33:25 -0500] "GET /BLA/boletinlegal/images/registro-usuarios.png HTTP/1.1" 200 8106
172.22.2.4 - - [06/Jun/2023:10:33:25 -0500] "GET /BLA/boletinlegal/images/launch.jpg HTTP/1.1" 200 14577
172.22.2.4 - - [06/Jun/2023:10:33:25 -0500] "GET /BLA/boletinlegal/images/screen_1.png HTTP/1.1" 200 202547
172.22.2.4 - - [06/Jun/2023:10:33:25 -0500] "GET /BLA/boletinlegal/images/menu_lft.gif HTTP/1.1" 200 1713
172.22.2.4 - - [06/Jun/2023:10:33:25 -0500] "GET /BLA/boletinlegal/images/body_bg.jpg HTTP/1.1" 200 1601
172.22.2.4 - - [06/Jun/2023:10:33:25 -0500] "GET /BLA/boletinlegal/images/menu_rght.gif HTTP/1.1" 200 1627
172.22.2.4 - - [06/Jun/2023:10:33:25 -0500] "GET /BLA/boletinlegal/images/bg_top.jpg HTTP/1.1" 200 522
172.22.2.4 - - [06/Jun/2023:10:33:25 -0500] "GET /BLA/boletinlegal/images/menu_bg.jpg HTTP/1.1" 200 620
172.22.2.4 - - [06/Jun/2023:10:33:25 -0500] "GET /BLA/boletinlegal/images/hover.jpg HTTP/1.1" 200 640
172.22.2.4 - - [06/Jun/2023:10:33:25 -0500] "GET /BLA/boletinlegal/images/text.jpg HTTP/1.1" 200 568
172.22.2.4 - - [06/Jun/2023:10:33:27 -0500] "GET /BLA/boletinlegal/actos.php HTTP/1.1" 200 9682
172.22.2.4 - - [06/Jun/2023:10:33:27 -0500] "GET /BLA/boletinlegal/js/ajax_actos.js HTTP/1.1" 200 1322
172.22.2.4 - - [06/Jun/2023:10:33:27 -0500] "GET /BLA/boletinlegal/niceforms-default.css HTTP/1.1" 200 6694
172.22.2.4 - - [06/Jun/2023:10:33:27 -0500] "GET /BLA/boletinlegal/js/lib.js HTTP/1.1" 200 6474
172.22.2.4 - - [06/Jun/2023:10:33:27 -0500] "GET /BLA/boletinlegal/niceforms.js HTTP/1.1" 200 22876
172.22.2.4 - - [06/Jun/2023:10:33:27 -0500] "GET /BLA/boletinlegal/js/popup.js HTTP/1.1" 200 1270
172.22.2.4 - - [06/Jun/2023:10:33:27 -0500] "GET /BLA/boletinlegal/js/jquery1.js HTTP/1.1" 200 29846
172.22.2.4 - - [06/Jun/2023:10:33:27 -0500] "GET /BLA/boletinlegal/images/green-yellow-blue-pink-th.png HTTP/1.1" 200 7394
172.22.2.4 - - [06/Jun/2023:10:33:27 -0500] "GET /BLA/boletinlegal/images/tel.png HTTP/1.1" 200 14477
172.22.2.4 - - [06/Jun/2023:10:33:27 -0500] "GET /BLA/boletinlegal/images/icono-email.png HTTP/1.1" 200 5544
172.22.2.4 - - [06/Jun/2023:10:33:27 -0500] "GET /BLA/boletinlegal/images/footer_bg.jpg HTTP/1.1" 200 586
172.22.2.4 - - [06/Jun/2023:10:33:27 -0500] "GET /BLA/boletinlegal/images/footer_bg_l.jpg HTTP/1.1" 200 776
172.22.2.4 - - [06/Jun/2023:10:33:27 -0500] "GET /BLA/boletinlegal/img/0.png HTTP/1.1" 200 110
172.22.2.4 - - [06/Jun/2023:10:33:27 -0500] "GET /BLA/boletinlegal/img/select-left.png HTTP/1.1" 200 263
172.22.2.4 - - [06/Jun/2023:10:33:27 -0500] "GET /BLA/boletinlegal/img/select-right.png HTTP/1.1" 200 44019
172.22.2.4 - - [06/Jun/2023:10:33:27 -0500] "GET /BLA/boletinlegal/img/button-left.png HTTP/1.1" 200 57071
172.22.2.4 - - [06/Jun/2023:10:33:27 -0500] "GET /BLA/boletinlegal/img/button.png HTTP/1.1" 200 43241
172.22.2.4 - - [06/Jun/2023:10:33:27 -0500] "GET /BLA/boletinlegal/img/button-right.png HTTP/1.1" 200 57878
172.22.2.4 - - [06/Jun/2023:10:33:27 -0500] "GET /BLA/boletinlegal/favicon.ico HTTP/1.1" 404 1326
173.252.111.16 - - [06/Jun/2023:10:33:31 -0500] "GET /secretaria-de-ambiente-realizo-conversatorio-ciencia-tecnologia-e-innovacion-para-la-descontaminacion-del-aire.html HTTP/1.1" 200 808
172.22.2.4 - - [06/Jun/2023:10:33:34 -0500] "GET /BLA/boletinlegal/consulta_actos.php?tipo=autos&no=3402&usuario=&sector=&fecha=2018&resuelve= HTTP/1.1" 200 626
172.22.2.4 - - [06/Jun/2023:10:33:37 -0500] "GET /BLA/boletinlegal/consulta_actos.php?tipo=autos&no=3909&usuario=&sector=&fecha=2023&resuelve= HTTP/1.1" 200 626
167.0.138.236 - - [06/Jun/2023:10:33:39 -0500] "POST /sipse/faces/presentacion/financiero/solicitudProceso/consultar.xhtml HTTP/1.1" 200 152462
167.0.138.236 - - [06/Jun/2023:10:33:40 -0500] "GET /sipse/faces/javax.faces.resource/jquery/jquery.js?ln=primefaces&v=4.0 HTTP/1.1" 304 -
167.0.138.236 - - [06/Jun/2023:10:33:40 -0500] "GET /sipse/faces/javax.faces.resource/jquery/jquery-plugins.js?ln=primefaces&v=4.0 HTTP/1.1" 304 -
167.0.138.236 - - [06/Jun/2023:10:33:40 -0500] "GET /sipse/faces/javax.faces.resource/primefaces.js?ln=primefaces&v=4.0 HTTP/1.1" 304 -
167.0.138.236 - - [06/Jun/2023:10:33:40 -0500] "GET /sipse/faces/javax.faces.resource/layout/layout.js?ln=primefaces&v=4.0 HTTP/1.1" 304 -
172.22.2.4 - - [06/Jun/2023:10:33:42 -0500] "GET /BLA/boletinlegal/consulta_actos.php?tipo=autos&no=3403&usuario=&sector=&fecha=2018&resuelve= HTTP/1.1" 200 1071
201.245.192.253 - - [06/Jun/2023:10:33:44 -0500] "GET /sipse/faces/index.xhtml HTTP/1.1" 200 677
201.245.192.253 - - [06/Jun/2023:10:33:44 -0500] "GET /sipse/faces/javax.faces.resource/theme.css?ln=primefaces-sipse HTTP/1.1" 200 50058
201.245.192.253 - - [06/Jun/2023:10:33:44 -0500] "GET /sipse/faces/faces/autenticacion.xhtml HTTP/1.1" 200 12177
201.245.192.253 - - [06/Jun/2023:10:33:44 -0500] "GET /sipse/js/disable_browser_buttons.js HTTP/1.1" 200 3230
201.245.192.253 - - [06/Jun/2023:10:33:44 -0500] "GET /sipse/css/custom_css_sg_prime_login.css HTTP/1.1" 200 443
201.245.192.253 - - [06/Jun/2023:10:33:44 -0500] "GET /sipse/css/custom_css_sg.css HTTP/1.1" 200 9694
201.245.192.253 - - [06/Jun/2023:10:33:44 -0500] "GET /sipse/js/funciones.js HTTP/1.1" 200 12592
201.245.192.253 - - [06/Jun/2023:10:33:44 -0500] "GET /sipse/faces/javax.faces.resource/theme.css?ln=primefaces-sipse HTTP/1.1" 304 -
201.245.192.253 - - [06/Jun/2023:10:33:44 -0500] "GET /sipse/faces/javax.faces.resource/layout/layout.css?ln=primefaces&v=4.0 HTTP/1.1" 200 542
201.245.192.253 - - [06/Jun/2023:10:33:45 -0500] "GET /sipse/faces/javax.faces.resource/jquery/jquery.js?ln=primefaces&v=4.0 HTTP/1.1" 304 -
201.245.192.253 - - [06/Jun/2023:10:33:45 -0500] "GET /sipse/faces/javax.faces.resource/jquery/jquery-plugins.js?ln=primefaces&v=4.0 HTTP/1.1" 304 -
201.245.192.253 - - [06/Jun/2023:10:33:45 -0500] "GET /sipse/faces/javax.faces.resource/primefaces.js?ln=primefaces&v=4.0 HTTP/1.1" 304 -
201.245.192.253 - - [06/Jun/2023:10:33:44 -0500] "GET /sipse/faces/javax.faces.resource/primefaces.css?ln=primefaces&v=4.0 HTTP/1.1" 200 53295
201.245.192.253 - - [06/Jun/2023:10:33:45 -0500] "GET /BLA/resoluciones/AUTOS%202018/3403.pdf HTTP/1.1" 200 281336
201.245.192.253 - - [06/Jun/2023:10:33:45 -0500] "GET /sipse/faces/javax.faces.resource/layout/layout.js?ln=primefaces&v=4.0 HTTP/1.1" 304 -
201.245.192.253 - - [06/Jun/2023:10:33:45 -0500] "GET /sipse/css/imagen/logoSDG.png HTTP/1.1" 200 53064
201.245.192.253 - - [06/Jun/2023:10:33:45 -0500] "GET /sipse/faces/javax.faces.resource/images/ui-icons_898989_256x240.png?ln=primefaces-aristo HTTP/1.1" 200 5355
201.245.192.253 - - [06/Jun/2023:10:33:45 -0500] "GET /sipse/css/imagen/loginimg.png HTTP/1.1" 200 71635
201.245.192.253 - - [06/Jun/2023:10:33:58 -0500] "POST /sipse/faces/autenticacion.xhtml HTTP/1.1" 200 11967
201.245.192.253 - - [06/Jun/2023:10:33:58 -0500] "GET /sipse/css/custom_css_sg_prime.css HTTP/1.1" 200 5201
201.245.192.253 - - [06/Jun/2023:10:33:58 -0500] "GET /sipse/faces/javax.faces.resource/jquery/jquery.js?ln=primefaces&v=4.0 HTTP/1.1" 304 -
201.245.192.253 - - [06/Jun/2023:10:33:58 -0500] "GET /sipse/faces/javax.faces.resource/jquery/jquery-plugins.js?ln=primefaces&v=4.0 HTTP/1.1" 304 -
201.245.192.253 - - [06/Jun/2023:10:33:58 -0500] "GET /sipse/faces/javax.faces.resource/primefaces.js?ln=primefaces&v=4.0 HTTP/1.1" 304 -
201.245.192.253 - - [06/Jun/2023:10:33:58 -0500] "GET /sipse/faces/javax.faces.resource/layout/layout.js?ln=primefaces&v=4.0 HTTP/1.1" 304 -
201.245.192.253 - - [06/Jun/2023:10:33:59 -0500] "GET /sipse/faces/javax.faces.resource/messages/messages.png?ln=primefaces&v=4.0 HTTP/1.1" 200 27209
172.22.2.4 - - [06/Jun/2023:10:32:22 -0500] "GET /BLA/boletinlegal/ HTTP/1.1" 200 59306
201.245.192.253 - - [06/Jun/2023:10:34:03 -0500] "POST /sipse/faces/presentacion/sistema/seguridad/seleccionRol.xhtml HTTP/1.1" 200 6403
172.22.2.4 - - [06/Jun/2023:10:33:24 -0500] "GET /BLA/boletinlegal/ HTTP/1.1" 200 24523
66.220.149.21 - - [06/Jun/2023:10:34:04 -0500] "GET /secretaria-de-ambiente-realizo-conversatorio-ciencia-tecnologia-e-innovacion-para-la-descontaminacion-del-aire.html?fbclid=IwAR22gvh8zHDniWUs-zBQz9AYqAPL3_fF_L-NuIlaKRK85ISEni9NuS7PyYg HTTP/1.1" 200 808
201.245.192.253 - - [06/Jun/2023:10:34:05 -0500] "POST /sipse/faces/presentacion/sistema/seguridad/seleccionRol.xhtml HTTP/1.1" 200 21403
201.245.192.253 - - [06/Jun/2023:10:34:06 -0500] "GET /sipse/js/jquery.min.js HTTP/1.1" 304 -
201.245.192.253 - - [06/Jun/2023:10:34:06 -0500] "GET /sipse/faces/javax.faces.resource/jquery/jquery.js?ln=primefaces&v=4.0 HTTP/1.1" 304 -
201.245.192.253 - - [06/Jun/2023:10:34:06 -0500] "GET /sipse/faces/javax.faces.resource/jquery/jquery-plugins.js?ln=primefaces&v=4.0 HTTP/1.1" 304 -
201.245.192.253 - - [06/Jun/2023:10:34:06 -0500] "GET /sipse/faces/javax.faces.resource/primefaces.js?ln=primefaces&v=4.0 HTTP/1.1" 304 -
201.245.192.253 - - [06/Jun/2023:10:34:06 -0500] "GET /sipse/faces/javax.faces.resource/layout/layout.js?ln=primefaces&v=4.0 HTTP/1.1" 304 -
201.245.192.253 - - [06/Jun/2023:10:34:06 -0500] "GET /sipse/css/v_mergente.css HTTP/1.1" 200 1505
201.245.192.253 - - [06/Jun/2023:10:34:06 -0500] "GET /sipse/css/imagen/contrasena.png HTTP/1.1" 404 383
201.245.192.253 - - [06/Jun/2023:10:34:06 -0500] "GET /sipse/imagenes/cargando.gif HTTP/1.1" 200 36959
201.245.192.253 - - [06/Jun/2023:10:34:08 -0500] "GET /sipse/faces/javax.faces.resource/images/ui-bg_flat_0_2d5972_40x100.png?ln=primefaces-aristo HTTP/1.1" 200 183
201.245.192.253 - - [06/Jun/2023:10:34:08 -0500] "POST /sipse/faces/bienvenido.xhtml HTTP/1.1" 200 3182
201.245.192.253 - - [06/Jun/2023:10:34:06 -0500] "GET /sipse/imagenes/logoAplicacion.jpg HTTP/1.1" 200 155084
172.22.2.4 - - [06/Jun/2023:10:34:08 -0500] "GET /BLA/boletinlegal/consulta_actos.php?tipo=autos&no=3404&usuario=&sector=&fecha=2018&resuelve= HTTP/1.1" 200 1598
201.245.192.253 - - [06/Jun/2023:10:34:11 -0500] "GET /BLA/resoluciones/AUTOS%202018/3404.pdf HTTP/1.1" 200 272714
201.245.192.253 - - [06/Jun/2023:10:34:17 -0500] "POST /sipse/faces/bienvenido.xhtml HTTP/1.1" 200 4491
201.245.192.253 - - [06/Jun/2023:10:34:19 -0500] "POST /sipse/faces/bienvenido.xhtml HTTP/1.1" 200 43235
201.245.192.253 - - [06/Jun/2023:10:34:20 -0500] "GET /sipse/faces/javax.faces.resource/jquery/jquery.js?ln=primefaces&v=4.0 HTTP/1.1" 304 -
201.245.192.253 - - [06/Jun/2023:10:34:20 -0500] "GET /sipse/faces/javax.faces.resource/jquery/jquery-plugins.js?ln=primefaces&v=4.0 HTTP/1.1" 304 -
201.245.192.253 - - [06/Jun/2023:10:34:20 -0500] "GET /sipse/faces/javax.faces.resource/primefaces.js?ln=primefaces&v=4.0 HTTP/1.1" 304 -
201.245.192.253 - - [06/Jun/2023:10:34:20 -0500] "GET /sipse/faces/javax.faces.resource/layout/layout.js?ln=primefaces&v=4.0 HTTP/1.1" 304 -
201.245.192.253 - - [06/Jun/2023:10:34:34 -0500] "POST /sipse/faces/presentacion/financiero/solicitudProceso/consultar.xhtml HTTP/1.1" 200 12885
172.22.2.4 - - [06/Jun/2023:10:34:36 -0500] "GET /BLA/boletinlegal/consulta_actos.php?tipo=autos&no=3405&usuario=&sector=&fecha=2018&resuelve= HTTP/1.1" 200 626
172.22.2.4 - - [06/Jun/2023:10:34:44 -0500] "GET /BLA/boletinlegal/consulta_actos.php?tipo=autos&no=3406&usuario=&sector=&fecha=2018&resuelve= HTTP/1.1" 200 626
172.22.2.4 - - [06/Jun/2023:10:34:44 -0500] "GET /BLA/boletinlegal/consulta_actos.php?tipo=autos&no=3406&usuario=&sector=&fecha=2018&resuelve= HTTP/1.1" 200 626
172.22.2.4 - - [06/Jun/2023:10:34:45 -0500] "GET /BLA/boletinlegal/consulta_actos.php?tipo=autos&no=3406&usuario=&sector=&fecha=2018&resuelve= HTTP/1.1" 200 626
172.22.2.4 - - [06/Jun/2023:10:34:45 -0500] "GET /BLA/boletinlegal/consulta_actos.php?tipo=autos&no=3406&usuario=&sector=&fecha=2018&resuelve= HTTP/1.1" 200 626
172.22.2.4 - - [06/Jun/2023:10:34:52 -0500] "GET /BLA/boletinlegal/consulta_actos.php?tipo=autos&no=3407&usuario=&sector=&fecha=2018&resuelve= HTTP/1.1" 200 626
172.22.2.4 - - [06/Jun/2023:10:34:52 -0500] "GET /BLA/boletinlegal/consulta_actos.php?tipo=autos&no=3407&usuario=&sector=&fecha=2018&resuelve= HTTP/1.1" 200 626
172.22.2.4 - - [06/Jun/2023:10:34:52 -0500] "GET /BLA/boletinlegal/consulta_actos.php?tipo=autos&no=3407&usuario=&sector=&fecha=2018&resuelve= HTTP/1.1" 200 626
172.22.2.4 - - [06/Jun/2023:10:34:53 -0500] "GET /BLA/boletinlegal/consulta_actos.php?tipo=autos&no=3407&usuario=&sector=&fecha=2018&resuelve= HTTP/1.1" 200 626
216.245.221.92 - - [06/Jun/2023:10:35:00 -0500] "HEAD / HTTP/1.1" 200 -
172.22.2.4 - - [06/Jun/2023:10:35:05 -0500] "GET /BLA/boletinlegal/consulta_actos.php?tipo=autos&no=3408&usuario=&sector=&fecha=2018&resuelve= HTTP/1.1" 200 626
172.22.2.4 - - [06/Jun/2023:10:35:05 -0500] "GET /BLA/boletinlegal/consulta_actos.php?tipo=autos&no=3408&usuario=&sector=&fecha=2018&resuelve= HTTP/1.1" 200 626
172.22.2.4 - - [06/Jun/2023:10:35:05 -0500] "GET /BLA/boletinlegal/consulta_actos.php?tipo=autos&no=3408&usuario=&sector=&fecha=2018&resuelve= HTTP/1.1" 200 626
172.22.2.4 - - [06/Jun/2023:10:35:06 -0500] "GET /BLA/boletinlegal/consulta_actos.php?tipo=autos&no=3408&usuario=&sector=&fecha=2018&resuelve= HTTP/1.1" 200 626
172.22.2.4 - - [06/Jun/2023:10:35:06 -0500] "GET /BLA/boletinlegal/consulta_actos.php?tipo=autos&no=3408&usuario=&sector=&fecha=2018&resuelve= HTTP/1.1" 200 626
172.22.2.4 - - [06/Jun/2023:10:34:02 -0500] "GET /BLA/boletinlegal/ HTTP/1.1" 200 36811
201.245.192.253 - - [06/Jun/2023:10:35:16 -0500] "POST /sipse/faces/presentacion/financiero/solicitudProceso/consultar.xhtml HTTP/1.1" 200 151092
201.245.192.253 - - [06/Jun/2023:10:35:17 -0500] "GET /sipse/faces/javax.faces.resource/jquery/jquery.js?ln=primefaces&v=4.0 HTTP/1.1" 304 -
201.245.192.253 - - [06/Jun/2023:10:35:17 -0500] "GET /sipse/faces/javax.faces.resource/jquery/jquery-plugins.js?ln=primefaces&v=4.0 HTTP/1.1" 304 -
201.245.192.253 - - [06/Jun/2023:10:35:17 -0500] "GET /sipse/faces/javax.faces.resource/primefaces.js?ln=primefaces&v=4.0 HTTP/1.1" 304 -
201.245.192.253 - - [06/Jun/2023:10:35:17 -0500] "GET /sipse/faces/javax.faces.resource/layout/layout.js?ln=primefaces&v=4.0 HTTP/1.1" 304 -
167.0.138.236 - - [06/Jun/2023:10:35:19 -0500] "POST /sipse/faces/presentacion/financiero/solicitudProceso/consultarSolicitudProceso.xhtml HTTP/1.1" 200 47984
