186.102.90.228 - - [06/Jun/2023:09:56:45 -0500] "GET /kwssiamovil/sm/acme/s?s=U2FsdGVkX1+uqcwQECztWbfYzZVimxKs4ULUFFqe2Vnx8Qqt//EXB7seRBpvtDeaB3fJWeL5pdJgI9JEqvTFe3fGGdSg0ctts4c7Ai1kMswcCd5pWg5lIitT0fxw7jSS45c2IVl8l8LY2ab4ck1gXDUobAgH4jo9lLE6F9VEumypqrdBO7jT42RWbuu5cFimEVFxrtYOacPeBWzLe9Nl1w==&u=U2FsdGVkX1+QdrR2jqTVu4IcQlZu85QgqO4Pf6W64zY=&y=U2FsdGVkX1/lTmn9Gl5gv6a5FbjBEG5iYX7KF12696mlXRjvyXcH3HUnCCgRcL+c HTTP/1.1" 200 138127
186.102.90.228 - - [06/Jun/2023:09:56:45 -0500] "GET /kwssiamovil/sm/acme/s?s=U2FsdGVkX1+TT6Rs1QuKccknm2kO80/XMs4WDCKyFK+dfErKKT7cu/L+AQyjGFe1RykiTrO54vK8PsFbTe8GDqsBKxpJlCb1gTbQpuL6ZwvYH5winlAaSmuT21fcjebO1naz3ltHmP/HQrLc28tsJ0DvYKjVH1Ez83UzlGWir7XK30ipfhTWILxbmm8OqG/9Dz3wkAQBB9rF4865s3Rp/lbx72gr0tXHGKQ6HxEGwTyjQZYg927jis5WRW4KF2xLTf9L+0Uay1nMdph8UQ6FVWLlr8vZyjIo41kOZNdlcQmYq88EXtquRsr3DcRaXdqLhFaCKOuLJ/28JqzaMsHIHazXJE3c0QJzJjIvh1duYS2QN1lJHQWqZ9BnK3Em0nFapKlhpLruNH/D26+n91HdZAwXiICQvGGW1Yi/bKvl2FXpotUAX4VJ1Mc6IFjvXEyX4ZaY5apXM5DBBDUUm1eI71trOYWS6eWeGx4VOuskzJDcQqCgiMPIz+JbXM0dt6E+U6XlKfKboKcpvvypcrYGv7tJQacHTRZ+Lop1rmTNGw9CWLP1EzktMPsYev8wrG0AjXazMvDNyIVLDw9T7H9Xn3LOKaCDy2KzyhTK5LUZvWue+s2Elxx0QUpdRw1cyQhSK2tY39myxN+dVHdPN2dROm1FVePK7h27QRCs357vy9qmCIBrtz0DBl1ZkDik1rMi+ooY1gL4WZR4JeY/uD8yumPeDnZrIVAyh+PJKan8EGT9WIf/HOLORH4pVxj2Bw9y&u=U2FsdGVkX1+QdrR2jqTVu4IcQlZu85QgqO4Pf6W64zY=&y=U2FsdGVkX1/lTmn9Gl5gv6a5FbjBEG5iYX7KF12696mlXRjvyXcH3HUnCCgRcL+c HTTP/1.1" 200 352
186.102.90.228 - - [06/Jun/2023:09:56:45 -0500] "GET /kwssiamovil/sm/cjson/pre?f=9&x=U2FsdGVkX1/1CWCspow//4sfOrt4S5T2CCaj6db/Af7yJBz+8w7EszMEbbUpnar7 HTTP/1.1" 200 25142
186.102.90.228 - - [06/Jun/2023:09:56:45 -0500] "GET /kwssiamovil/sm/cjson/pre?f=18&x=U2FsdGVkX1/1CWCspow//4sfOrt4S5T2CCaj6db/Af7yJBz+8w7EszMEbbUpnar7 HTTP/1.1" 200 32849
172.22.2.4 - - [06/Jun/2023:09:57:09 -0500] "GET /BLA/boletinlegal/consulta_actos.php?tipo=autos&no=3302&usuario=&sector=&fecha=2018&resuelve= HTTP/1.1" 200 1121
201.245.192.253 - - [06/Jun/2023:09:57:12 -0500] "GET /BLA/resoluciones/AUTOS%202018/3302.pdf HTTP/1.1" 200 288626
201.245.192.253 - - [06/Jun/2023:09:57:13 -0500] "POST /sipse/faces/presentacion/financiero/solicitudProceso/consultar.xhtml HTTP/1.1" 200 65465
172.22.2.4 - - [06/Jun/2023:09:55:33 -0500] "GET /BLA/boletinlegal/ HTTP/1.1" 200 57561
201.245.192.253 - - [06/Jun/2023:09:57:13 -0500] "GET /sipse/faces/javax.faces.resource/theme.css?ln=primefaces-sipse HTTP/1.1" 304 -
201.245.192.253 - - [06/Jun/2023:09:57:13 -0500] "GET /sipse/faces/javax.faces.resource/primefaces.css?ln=primefaces&v=4.0 HTTP/1.1" 304 -
201.245.192.253 - - [06/Jun/2023:09:57:13 -0500] "GET /sipse/faces/javax.faces.resource/jquery/jquery.js?ln=primefaces&v=4.0 HTTP/1.1" 304 -
201.245.192.253 - - [06/Jun/2023:09:57:13 -0500] "GET /sipse/faces/javax.faces.resource/layout/layout.css?ln=primefaces&v=4.0 HTTP/1.1" 304 -
201.245.192.253 - - [06/Jun/2023:09:57:13 -0500] "GET /sipse/faces/javax.faces.resource/jquery/jquery-plugins.js?ln=primefaces&v=4.0 HTTP/1.1" 304 -
201.245.192.253 - - [06/Jun/2023:09:57:13 -0500] "GET /sipse/faces/javax.faces.resource/primefaces.js?ln=primefaces&v=4.0 HTTP/1.1" 304 -
201.245.192.253 - - [06/Jun/2023:09:57:13 -0500] "GET /sipse/faces/javax.faces.resource/layout/layout.js?ln=primefaces&v=4.0 HTTP/1.1" 304 -
201.245.192.253 - - [06/Jun/2023:09:57:14 -0500] "POST /sipse/faces/presentacion/financiero/solicitudProceso/listarSolicitudProceso.xhtml HTTP/1.1" 200 58854
201.245.192.253 - - [06/Jun/2023:09:57:15 -0500] "POST /sipse/faces/presentacion/financiero/solicitudProceso/listarSolicitudProceso.xhtml HTTP/1.1" 200 58854
201.245.192.253 - - [06/Jun/2023:09:57:17 -0500] "POST /sipse/faces/presentacion/financiero/solicitudProceso/listarSolicitudProceso.xhtml HTTP/1.1" 200 58854
201.245.192.253 - - [06/Jun/2023:09:57:19 -0500] "POST /sipse/faces/presentacion/financiero/solicitudProceso/listarSolicitudProceso.xhtml HTTP/1.1" 200 58854
201.245.192.253 - - [06/Jun/2023:09:57:20 -0500] "POST /sipse/faces/presentacion/financiero/solicitudProceso/listarSolicitudProceso.xhtml HTTP/1.1" 200 58854
201.245.192.253 - - [06/Jun/2023:09:57:20 -0500] "POST /sipse/faces/presentacion/financiero/solicitudProceso/listarSolicitudProceso.xhtml HTTP/1.1" 200 58854
201.245.192.253 - - [06/Jun/2023:09:57:21 -0500] "POST /sipse/faces/presentacion/financiero/solicitudProceso/listarSolicitudProceso.xhtml HTTP/1.1" 200 58854
201.245.192.253 - - [06/Jun/2023:09:57:21 -0500] "POST /sipse/faces/presentacion/financiero/solicitudProceso/listarSolicitudProceso.xhtml HTTP/1.1" 200 58854
201.245.192.253 - - [06/Jun/2023:09:57:22 -0500] "POST /sipse/faces/presentacion/financiero/solicitudProceso/listarSolicitudProceso.xhtml HTTP/1.1" 200 1556
201.245.192.253 - - [06/Jun/2023:09:57:22 -0500] "POST /sipse/faces/presentacion/financiero/solicitudProceso/listarSolicitudProceso.xhtml HTTP/1.1" 200 1556
201.245.192.253 - - [06/Jun/2023:09:57:23 -0500] "POST /sipse/faces/presentacion/financiero/solicitudProceso/listarSolicitudProceso.xhtml HTTP/1.1" 200 1564
201.245.192.253 - - [06/Jun/2023:09:57:23 -0500] "POST /sipse/faces/presentacion/financiero/solicitudProceso/listarSolicitudProceso.xhtml HTTP/1.1" 200 1556
201.245.192.253 - - [06/Jun/2023:09:57:23 -0500] "POST /sipse/faces/presentacion/financiero/solicitudProceso/listarSolicitudProceso.xhtml HTTP/1.1" 200 1564
201.245.192.253 - - [06/Jun/2023:09:57:23 -0500] "POST /sipse/faces/presentacion/financiero/solicitudProceso/listarSolicitudProceso.xhtml HTTP/1.1" 200 1556
201.245.192.253 - - [06/Jun/2023:09:57:23 -0500] "POST /sipse/faces/presentacion/financiero/solicitudProceso/listarSolicitudProceso.xhtml HTTP/1.1" 200 1560
201.245.192.253 - - [06/Jun/2023:09:57:24 -0500] "POST /sipse/faces/presentacion/financiero/solicitudProceso/listarSolicitudProceso.xhtml HTTP/1.1" 200 1556
201.245.192.253 - - [06/Jun/2023:09:57:24 -0500] "POST /sipse/faces/presentacion/financiero/solicitudProceso/listarSolicitudProceso.xhtml HTTP/1.1" 200 1564
201.245.192.253 - - [06/Jun/2023:09:57:26 -0500] "POST /sipse/faces/presentacion/financiero/solicitudProceso/listarSolicitudProceso.xhtml HTTP/1.1" 200 13479
172.22.2.4 - - [06/Jun/2023:09:57:30 -0500] "GET /BLA/boletinlegal/consulta_actos.php?tipo=autos&no=3303&usuario=&sector=&fecha=2018&resuelve= HTTP/1.1" 200 1030
201.245.192.253 - - [06/Jun/2023:09:57:33 -0500] "GET /BLA/resoluciones/AUTOS%202018/3303.pdf HTTP/1.1" 200 264190
167.0.138.236 - - [06/Jun/2023:09:57:44 -0500] "POST /sipse/faces/presentacion/contratacion/contrato/listarContrato.xhtml HTTP/1.1" 200 112316
167.0.138.236 - - [06/Jun/2023:09:57:44 -0500] "GET /sipse/faces/javax.faces.resource/jquery/jquery.js?ln=primefaces&v=4.0 HTTP/1.1" 304 -
167.0.138.236 - - [06/Jun/2023:09:57:44 -0500] "GET /sipse/faces/javax.faces.resource/jquery/jquery-plugins.js?ln=primefaces&v=4.0 HTTP/1.1" 304 -
167.0.138.236 - - [06/Jun/2023:09:57:44 -0500] "GET /sipse/faces/javax.faces.resource/primefaces.js?ln=primefaces&v=4.0 HTTP/1.1" 304 -
167.0.138.236 - - [06/Jun/2023:09:57:44 -0500] "GET /sipse/faces/javax.faces.resource/layout/layout.js?ln=primefaces&v=4.0 HTTP/1.1" 304 -
167.0.138.236 - - [06/Jun/2023:09:57:44 -0500] "GET /sipse/faces/javax.faces.resource/dynamiccontent.properties?ln=primefaces&pfdrid=XjOR5%2F%2FfPAZAuY9TpWQeCiM0BhlXxYRBGKi%2FQcXXfeA%3D&pfdrid_c=false HTTP/1.1" 500 383
172.22.2.4 - - [06/Jun/2023:09:57:52 -0500] "GET /BLA/boletinlegal/consulta_actos.php?tipo=autos&no=3304&usuario=&sector=&fecha=2018&resuelve= HTTP/1.1" 200 1067
167.0.138.236 - - [06/Jun/2023:09:57:57 -0500] "POST /sipse/faces/presentacion/contratacion/contrato/consultarContrato.xhtml HTTP/1.1" 200 43160
167.0.138.236 - - [06/Jun/2023:09:57:57 -0500] "GET /sipse/faces/javax.faces.resource/theme.css?ln=primefaces-sipse HTTP/1.1" 304 -
167.0.138.236 - - [06/Jun/2023:09:57:57 -0500] "GET /sipse/faces/javax.faces.resource/primefaces.css?ln=primefaces&v=4.0 HTTP/1.1" 304 -
167.0.138.236 - - [06/Jun/2023:09:57:57 -0500] "GET /sipse/faces/javax.faces.resource/layout/layout.css?ln=primefaces&v=4.0 HTTP/1.1" 304 -
167.0.138.236 - - [06/Jun/2023:09:57:57 -0500] "GET /sipse/faces/javax.faces.resource/jquery/jquery.js?ln=primefaces&v=4.0 HTTP/1.1" 304 -
167.0.138.236 - - [06/Jun/2023:09:57:57 -0500] "GET /sipse/faces/javax.faces.resource/layout/layout.js?ln=primefaces&v=4.0 HTTP/1.1" 304 -
167.0.138.236 - - [06/Jun/2023:09:57:57 -0500] "GET /sipse/faces/javax.faces.resource/primefaces.js?ln=primefaces&v=4.0 HTTP/1.1" 304 -
167.0.138.236 - - [06/Jun/2023:09:57:57 -0500] "GET /sipse/faces/javax.faces.resource/jquery/jquery-plugins.js?ln=primefaces&v=4.0 HTTP/1.1" 304 -
167.0.138.236 - - [06/Jun/2023:09:57:57 -0500] "GET /sipse/faces/javax.faces.resource/images/ui-icons_898989_256x240.png?ln=primefaces-aristo HTTP/1.1" 304 -
201.245.192.253 - - [06/Jun/2023:09:58:06 -0500] "GET /BLA/resoluciones/AUTOS%202018/3304.pdf HTTP/1.1" 200 261611
167.0.138.236 - - [06/Jun/2023:09:58:27 -0500] "GET /sipse/faces/javax.faces.resource/images/ui-bg_flat_0_2d5972_40x100.png?ln=primefaces-aristo HTTP/1.1" 304 -
167.0.138.236 - - [06/Jun/2023:09:58:27 -0500] "POST /sipse/faces/presentacion/contratacion/contrato/listarContrato.xhtml HTTP/1.1" 200 5747
167.0.138.236 - - [06/Jun/2023:09:58:28 -0500] "POST /sipse/faces/presentacion/contratacion/contrato/listarContrato.xhtml HTTP/1.1" 200 44981
167.0.138.236 - - [06/Jun/2023:09:58:28 -0500] "GET /sipse/faces/javax.faces.resource/jquery/jquery.js?ln=primefaces&v=4.0 HTTP/1.1" 304 -
167.0.138.236 - - [06/Jun/2023:09:58:28 -0500] "GET /sipse/faces/javax.faces.resource/jquery/jquery-plugins.js?ln=primefaces&v=4.0 HTTP/1.1" 304 -
167.0.138.236 - - [06/Jun/2023:09:58:28 -0500] "GET /sipse/faces/javax.faces.resource/primefaces.js?ln=primefaces&v=4.0 HTTP/1.1" 304 -
167.0.138.236 - - [06/Jun/2023:09:58:28 -0500] "GET /sipse/faces/javax.faces.resource/layout/layout.js?ln=primefaces&v=4.0 HTTP/1.1" 304 -
201.245.192.253 - - [06/Jun/2023:09:58:30 -0500] "GET /sipse/faces/index.xhtml HTTP/1.1" 200 677
167.0.138.236 - - [06/Jun/2023:09:58:30 -0500] "POST /sipse/faces/presentacion/financiero/solicitudProceso/consultar.xhtml HTTP/1.1" 200 12869
172.22.2.4 - - [06/Jun/2023:09:58:30 -0500] "GET /BLA/boletinlegal/consulta_actos.php?tipo=autos&no=3305&usuario=&sector=&fecha=2018&resuelve= HTTP/1.1" 200 1052
201.245.192.253 - - [06/Jun/2023:09:58:30 -0500] "GET /sipse/faces/javax.faces.resource/theme.css?ln=primefaces-sipse HTTP/1.1" 200 50058
172.22.2.4 - - [06/Jun/2023:09:58:31 -0500] "GET /BLA/boletinlegal/.env HTTP/1.1" 404 1018
201.245.192.253 - - [06/Jun/2023:09:58:33 -0500] "GET /sipse/css/custom_css_sg.css HTTP/1.1" 200 9694
201.245.192.253 - - [06/Jun/2023:09:58:33 -0500] "GET /sipse/css/custom_css_sg_prime_login.css HTTP/1.1" 200 443
201.245.192.253 - - [06/Jun/2023:09:58:33 -0500] "GET /sipse/js/disable_browser_buttons.js HTTP/1.1" 200 3230
201.245.192.253 - - [06/Jun/2023:09:58:33 -0500] "GET /sipse/faces/javax.faces.resource/layout/layout.css?ln=primefaces&v=4.0 HTTP/1.1" 200 542
201.245.192.253 - - [06/Jun/2023:09:58:33 -0500] "GET /sipse/faces/javax.faces.resource/jquery/jquery.js?ln=primefaces&v=4.0 HTTP/1.1" 304 -
201.245.192.253 - - [06/Jun/2023:09:58:33 -0500] "GET /BLA/resoluciones/AUTOS%202018/3305.pdf HTTP/1.1" 200 287550
201.245.192.253 - - [06/Jun/2023:09:58:33 -0500] "GET /sipse/faces/javax.faces.resource/jquery/jquery-plugins.js?ln=primefaces&v=4.0 HTTP/1.1" 304 -
201.245.192.253 - - [06/Jun/2023:09:58:33 -0500] "GET /sipse/faces/javax.faces.resource/primefaces.js?ln=primefaces&v=4.0 HTTP/1.1" 304 -
201.245.192.253 - - [06/Jun/2023:09:58:33 -0500] "GET /sipse/faces/javax.faces.resource/layout/layout.js?ln=primefaces&v=4.0 HTTP/1.1" 304 -
201.245.192.253 - - [06/Jun/2023:09:58:32 -0500] "GET /sipse/faces/faces/autenticacion.xhtml HTTP/1.1" 200 12177
201.245.192.253 - - [06/Jun/2023:09:58:33 -0500] "GET /sipse/js/funciones.js HTTP/1.1" 200 12592
201.245.192.253 - - [06/Jun/2023:09:58:33 -0500] "GET /sipse/faces/javax.faces.resource/theme.css?ln=primefaces-sipse HTTP/1.1" 200 50058
201.245.192.253 - - [06/Jun/2023:09:58:33 -0500] "GET /sipse/faces/javax.faces.resource/primefaces.css?ln=primefaces&v=4.0 HTTP/1.1" 200 53295
201.245.192.253 - - [06/Jun/2023:09:58:34 -0500] "GET /sipse/faces/javax.faces.resource/images/ui-icons_898989_256x240.png?ln=primefaces-aristo HTTP/1.1" 200 5355
201.245.192.253 - - [06/Jun/2023:09:58:34 -0500] "GET /sipse/css/imagen/loginimg.png HTTP/1.1" 200 71635
201.245.192.253 - - [06/Jun/2023:09:58:34 -0500] "GET /sipse/css/imagen/logoSDG.png HTTP/1.1" 200 53064
167.0.138.236 - - [06/Jun/2023:09:58:36 -0500] "POST /sipse/faces/presentacion/financiero/solicitudProceso/consultar.xhtml HTTP/1.1" 200 158721
167.0.138.236 - - [06/Jun/2023:09:58:37 -0500] "GET /sipse/faces/javax.faces.resource/jquery/jquery.js?ln=primefaces&v=4.0 HTTP/1.1" 304 -
167.0.138.236 - - [06/Jun/2023:09:58:37 -0500] "GET /sipse/faces/javax.faces.resource/jquery/jquery-plugins.js?ln=primefaces&v=4.0 HTTP/1.1" 304 -
167.0.138.236 - - [06/Jun/2023:09:58:37 -0500] "GET /sipse/faces/javax.faces.resource/primefaces.js?ln=primefaces&v=4.0 HTTP/1.1" 304 -
167.0.138.236 - - [06/Jun/2023:09:58:37 -0500] "GET /sipse/faces/javax.faces.resource/layout/layout.js?ln=primefaces&v=4.0 HTTP/1.1" 304 -
167.0.138.236 - - [06/Jun/2023:09:58:37 -0500] "GET /sipse/faces/javax.faces.resource/dynamiccontent.properties?ln=primefaces&pfdrid=XjOR5%2F%2FfPAZAuY9TpWQeCiM0BhlXxYRBGKi%2FQcXXfeA%3D&pfdrid_c=false HTTP/1.1" 500 383
201.245.192.253 - - [06/Jun/2023:09:58:51 -0500] "POST /sipse/faces/autenticacion.xhtml HTTP/1.1" 200 18792
201.245.192.253 - - [06/Jun/2023:09:58:52 -0500] "GET /sipse/css/custom_css_sg_prime.css HTTP/1.1" 200 5201
201.245.192.253 - - [06/Jun/2023:09:58:52 -0500] "GET /sipse/js/disable_browser_buttons.js HTTP/1.1" 200 3230
172.22.2.4 - - [06/Jun/2023:09:58:53 -0500] "GET /BLA/boletinlegal/consulta_actos.php?tipo=autos&no=3306&usuario=&sector=&fecha=2018&resuelve= HTTP/1.1" 200 1070
186.102.85.80 - - [06/Jun/2023:09:58:54 -0500] "GET /103-arboles-fueron-plantados-por-la-secretaria-de-ambiente-en-el-dia-mundial-del-medio-ambiente.html HTTP/1.1" 200 795
201.245.192.253 - - [06/Jun/2023:09:58:53 -0500] "GET /sipse/js/jquery.min.js HTTP/1.1" 200 85582
201.245.192.253 - - [06/Jun/2023:09:58:55 -0500] "GET /BLA/resoluciones/AUTOS%202018/3306.pdf HTTP/1.1" 200 286785
201.245.192.253 - - [06/Jun/2023:09:58:56 -0500] "GET /sipse/js/funciones.js HTTP/1.1" 200 12592
201.245.192.253 - - [06/Jun/2023:09:58:56 -0500] "GET /sipse/faces/javax.faces.resource/jquery/jquery.js?ln=primefaces&v=4.0 HTTP/1.1" 304 -
201.245.192.253 - - [06/Jun/2023:09:58:56 -0500] "GET /sipse/faces/javax.faces.resource/jquery/jquery-plugins.js?ln=primefaces&v=4.0 HTTP/1.1" 304 -
201.245.192.253 - - [06/Jun/2023:09:58:56 -0500] "GET /sipse/faces/javax.faces.resource/primefaces.js?ln=primefaces&v=4.0 HTTP/1.1" 304 -
201.245.192.253 - - [06/Jun/2023:09:58:56 -0500] "GET /sipse/faces/javax.faces.resource/layout/layout.js?ln=primefaces&v=4.0 HTTP/1.1" 304 -
201.245.192.253 - - [06/Jun/2023:09:58:56 -0500] "GET /sipse/css/v_mergente.css HTTP/1.1" 200 1505
201.245.192.253 - - [06/Jun/2023:09:58:58 -0500] "POST /sipse/faces/bienvenido.xhtml HTTP/1.1" 200 3182
201.245.192.253 - - [06/Jun/2023:09:59:00 -0500] "POST /sipse/faces/bienvenido.xhtml HTTP/1.1" 200 2075
201.245.192.253 - - [06/Jun/2023:09:59:01 -0500] "POST /sipse/faces/bienvenido.xhtml HTTP/1.1" 200 60531
201.245.192.253 - - [06/Jun/2023:09:59:01 -0500] "GET /sipse/faces/javax.faces.resource/jquery/jquery.js?ln=primefaces&v=4.0 HTTP/1.1" 304 -
201.245.192.253 - - [06/Jun/2023:09:59:02 -0500] "GET /sipse/faces/javax.faces.resource/jquery/jquery-plugins.js?ln=primefaces&v=4.0 HTTP/1.1" 304 -
201.245.192.253 - - [06/Jun/2023:09:59:02 -0500] "GET /sipse/faces/javax.faces.resource/primefaces.js?ln=primefaces&v=4.0 HTTP/1.1" 304 -
201.245.192.253 - - [06/Jun/2023:09:59:02 -0500] "GET /sipse/faces/javax.faces.resource/layout/layout.js?ln=primefaces&v=4.0 HTTP/1.1" 304 -
201.245.192.253 - - [06/Jun/2023:09:59:02 -0500] "POST /sipse/faces/presentacion/financiero/solicitudProceso/listarSolicitudProceso.xhtml HTTP/1.1" 200 1556
201.245.192.253 - - [06/Jun/2023:09:59:07 -0500] "POST /sipse/faces/presentacion/financiero/solicitudProceso/listarSolicitudProceso.xhtml HTTP/1.1" 200 51002
186.102.31.113 - - [06/Jun/2023:09:59:09 -0500] "GET /kwssiamovil/sm/acme/s?s=U2FsdGVkX197+ae+LKGxHFoLkY8f4AZccbxBwcm7KKsecgQmOlXDaqqJdbC5IZPpybuNNbfE/1L5saRDN+cjlcCw03fhCPwTAmRRFhb5XdCAmlXBpDZTq7MzAWxhtwTO1+HpOmVYr9F0M5rOo5pbhzHcCvll/ZRTD9/xBk0OMibjKAi31He8KjhihAmM9sBC7mZjy9F/l9KJ3HiErDE9C5AorzpKDs91qYzWxCiqorpoWS5APfcdSPjGHxOmVo+rj0xTgELEy8gGpYZJFYAPiioyHkMVoHmu6T+YQ6wYEpxmhk48mJL77gvWQLUSKFPJlyhxBcQza5WdfsdJePiyQW3pvwejAMzdi3ku4mU0DR6g6rZpBshvh28sLznNqi6u&u=U2FsdGVkX19I6vw193Jm4BryJur5JS804WViE6TKSdEdjdco3JIyW3VlGUV0aARL&y=U2FsdGVkX19hRPyVLHOH2FMUGSUMZyF6aetl2vBSHiFmkEd/WR/jpS8MrC9Huc01 HTTP/1.1" 200 91
186.102.31.113 - - [06/Jun/2023:09:59:09 -0500] "GET /kwssiamovil/sm/acme/s?s=U2FsdGVkX19EbUGMWtRJ4PRNttySQ9ElxM7F9XfTjp0DuTJsnki12Wy3BLViTxQqwiIhavy4jwkuiWYFuChlEs0nW1rNh2eqLowyksd2oII/QDVyYFO7hynaQVowdaReAqh1ndHixxK7sSHaGNu/vrHW5xY84mDsnUehWLB/cAwSFKMiA2++BhYLmPKEFMtPMFJNvcwliezCUjZxj9thJRy0+VZP9h1HHsc7dHRBAOQvvF0by4+ndKfrRQ/LFpdn7LAH3CpbIwjaRGz19uspzUds00UsyPOzrG5Ohz5Ep8D5kb5CtKWdEBV2LwJY4OJkIW/JzHYJuza/UEVXiIzGTAwQuSlgwJG2/TADzHNdIeiOFhUnpj7d8S3K6w1TQgSoYQq43G840zqN2I0mTT2LBc8ttB/qxBXgc2Ow9U6dDexqn3ApQPV2zpXbLeknEwjvosP/WWr6bcJdUA+S7JcAng==&u=U2FsdGVkX19I6vw193Jm4BryJur5JS804WViE6TKSdEdjdco3JIyW3VlGUV0aARL&y=U2FsdGVkX19hRPyVLHOH2FMUGSUMZyF6aetl2vBSHiFmkEd/WR/jpS8MrC9Huc01 HTTP/1.1" 200 91
186.102.31.113 - - [06/Jun/2023:09:59:10 -0500] "OPTIONS /kwssiamovil/sm/setfile/f? HTTP/1.1" 200 13
201.245.192.253 - - [06/Jun/2023:09:59:12 -0500] "GET /sipse/faces/javax.faces.resource/messages/messages.png?ln=primefaces&v=4.0 HTTP/1.1" 304 -
201.245.192.253 - - [06/Jun/2023:09:59:12 -0500] "GET /sipse/faces/javax.faces.resource/images/ui-bg_flat_0_2d5972_40x100.png?ln=primefaces-aristo HTTP/1.1" 200 183
201.245.192.253 - - [06/Jun/2023:09:59:12 -0500] "GET /sipse/css/imagen/contrasena.png HTTP/1.1" 404 383
201.245.192.253 - - [06/Jun/2023:09:59:12 -0500] "GET /sipse/imagenes/cargando.gif HTTP/1.1" 200 36959
186.102.31.113 - - [06/Jun/2023:09:59:10 -0500] "POST /kwssiamovil/sm/setfile/f? HTTP/1.1" 200 381
186.102.31.113 - - [06/Jun/2023:09:59:14 -0500] "OPTIONS /kwssiamovil/sm/setfile/f? HTTP/1.1" 200 13
201.245.192.253 - - [06/Jun/2023:09:59:12 -0500] "GET /sipse/imagenes/logoAplicacion.jpg HTTP/1.1" 200 155084
186.102.31.113 - - [06/Jun/2023:09:59:14 -0500] "POST /kwssiamovil/sm/setfile/f? HTTP/1.1" 200 381
186.102.31.113 - - [06/Jun/2023:09:59:16 -0500] "OPTIONS /kwssiamovil/sm/setfile/f? HTTP/1.1" 200 13
201.245.192.253 - - [06/Jun/2023:09:59:18 -0500] "POST /sipse/faces/bienvenido.xhtml HTTP/1.1" 200 2075
186.102.31.113 - - [06/Jun/2023:09:59:16 -0500] "POST /kwssiamovil/sm/setfile/f? HTTP/1.1" 200 381
186.102.31.113 - - [06/Jun/2023:09:59:19 -0500] "OPTIONS /kwssiamovil/sm/setfile/f? HTTP/1.1" 200 13
172.22.2.4 - - [06/Jun/2023:09:59:20 -0500] "GET /BLA/boletinlegal/consulta_actos.php?tipo=autos&no=3307&usuario=&sector=&fecha=2018&resuelve= HTTP/1.1" 200 1066
201.245.192.253 - - [06/Jun/2023:09:59:18 -0500] "POST /sipse/faces/bienvenido.xhtml HTTP/1.1" 200 63377
201.245.192.253 - - [06/Jun/2023:09:59:21 -0500] "GET /sipse/faces/javax.faces.resource/jquery/jquery.js?ln=primefaces&v=4.0 HTTP/1.1" 304 -
201.245.192.253 - - [06/Jun/2023:09:59:21 -0500] "GET /sipse/faces/javax.faces.resource/jquery/jquery-plugins.js?ln=primefaces&v=4.0 HTTP/1.1" 304 -
201.245.192.253 - - [06/Jun/2023:09:59:21 -0500] "GET /sipse/faces/javax.faces.resource/primefaces.js?ln=primefaces&v=4.0 HTTP/1.1" 304 -
201.245.192.253 - - [06/Jun/2023:09:59:21 -0500] "GET /sipse/faces/javax.faces.resource/layout/layout.js?ln=primefaces&v=4.0 HTTP/1.1" 304 -
186.102.31.113 - - [06/Jun/2023:09:59:19 -0500] "POST /kwssiamovil/sm/setfile/f? HTTP/1.1" 200 381
201.245.192.253 - - [06/Jun/2023:09:59:22 -0500] "POST /sipse/faces/presentacion/financiero/solicitudProceso/listarSolicitudProceso.xhtml HTTP/1.1" 200 1556
186.102.100.238 - - [06/Jun/2023:09:59:22 -0500] "GET /kwssiamovil/sm/acme/s?s=U2FsdGVkX1+fXBSwpIu/DzVmlINOC9bRN3TbXJAwXkF1KSoCmoPGY0791H9bbwhVmGdi3PJAmK/+u88mR5Q1aR1G0MWalBQKODhPlGgDkH830+K5fRJqbc9IUw2Akdt6P628IhG1jRjqq8mL3DMwU10jGMgUcFTgXmIwxpu5V0KjRUFnPuSNCpiWO+v+w2EoSzIjoyprSWzSiMUqLoUmdu1Z6SpqSwW+9U6c8StJUgwBfm8XU/er/nUHuHse04dgS9MkzwcxmPlfty+lu3I0v1T26Us0ps8HQALXWJoDxVkWCT9LwTSpJINJvlaz+N8xp0TOcC6J0e8Ypkl5Go9Bqjy/9BQqScjuC1EClAAgEncNANJAG90zfyOTmW5GsqCd&u=U2FsdGVkX1+h/c+UQkWkd6tLlpgyFEeVZD4rmZGyYtA=&y=U2FsdGVkX19zrVkoxY0Tue9MfH5l9vqJvDjmOt9nOxA= HTTP/1.1" 200 91
186.102.31.113 - - [06/Jun/2023:09:59:22 -0500] "OPTIONS /kwssiamovil/sm/setfile/f? HTTP/1.1" 200 13
201.245.192.253 - - [06/Jun/2023:09:59:22 -0500] "GET /BLA/resoluciones/AUTOS%202018/3307.pdf HTTP/1.1" 200 286568
186.102.100.238 - - [06/Jun/2023:09:59:22 -0500] "GET /kwssiamovil/sm/acme/s?s=U2FsdGVkX19yzXS6ETBYb8lx3msoDAnfWZXqHB1yUHjOptjxwfLqY1HBIHcDH8cLSLWqAIGWWopa1aar9nvr8+Rv/boTwOOcelAmkCOxT+H+MZaJgN3pAhY4bugdZXj4AZCEp/wpPfQPaW9hJmLSzOWgmjjJzaRcyX5TNiUpkLNhFN7OWoGuWIJCyn3r7e/BavdElAIvrAluJXNAmLoX3Txwmsut2wjcbxsjJdHHVKIK3UcuES3mRt+lu3b2Pq0d7pVVClngg8n59UJyo+35isniK53/ys/HcFQTuifaJMFMl3ESQWpMq+dHxJ9KjzAVawQ3bs6JpiFFahfLsFDbuCZgeKNnISlvWQHUeEprBxTcNnq9UV6X7ni3hmQe8MdClUY9M71EI1OoEPcmuw3NvYtcty91snMxHN5eLa96/3HcWw8pAn0Z4cfUUJJPhhQPtfF5Qw6dhQnxbTYTEXPLSw==&u=U2FsdGVkX1+h/c+UQkWkd6tLlpgyFEeVZD4rmZGyYtA=&y=U2FsdGVkX19zrVkoxY0Tue9MfH5l9vqJvDjmOt9nOxA= HTTP/1.1" 200 91
186.102.100.238 - - [06/Jun/2023:09:59:23 -0500] "OPTIONS /kwssiamovil/sm/setfile/f? HTTP/1.1" 200 13
186.102.31.113 - - [06/Jun/2023:09:59:22 -0500] "POST /kwssiamovil/sm/setfile/f? HTTP/1.1" 200 381
186.102.31.113 - - [06/Jun/2023:09:59:25 -0500] "OPTIONS /kwssiamovil/sm/setfile/f? HTTP/1.1" 200 13
186.102.100.238 - - [06/Jun/2023:09:59:23 -0500] "POST /kwssiamovil/sm/setfile/f? HTTP/1.1" 200 381
186.102.100.238 - - [06/Jun/2023:09:59:27 -0500] "OPTIONS /kwssiamovil/sm/setfile/f? HTTP/1.1" 200 13
186.102.31.113 - - [06/Jun/2023:09:59:26 -0500] "POST /kwssiamovil/sm/setfile/f? HTTP/1.1" 200 381
186.102.31.113 - - [06/Jun/2023:09:59:28 -0500] "OPTIONS /kwssiamovil/sm/setfile/f? HTTP/1.1" 200 13
186.102.31.113 - - [06/Jun/2023:09:59:28 -0500] "POST /kwssiamovil/sm/setfile/f? HTTP/1.1" 200 381
186.102.31.113 - - [06/Jun/2023:09:59:29 -0500] "GET /kwssiamovil/sm/acme/s?s=U2FsdGVkX1/Gchp5NhtnNVxmGJD+LqqWHNzOoag6sfEWxW2Xxx/zkolGRuBFBbgLaZc3y82mVlLxKJGsZBwY/d3DF31s43SoScLcivWKxtRSZeiWvXd6o0cnGxyJXZNwBbj8+dxbKQ0LTLrwisV+2O57KIcp3FZs8081xUyK4Id+Feda2LcB9c3yU7+jzV13EokYGtTgMNEkL3WidicUd1M0i/ofirUzT7tw/9lHAu9c4p1yx5YpK0eAn7D9whRixx9tu9Ad9WrfNGENqjCKw6be0+yyd2qo9O3gRz1G9xm8hvOOE3u724bCREPAzw3+wleDnVH1PKJLQrTipPjUpWrd1xUDGb7jTnp+GETrIiD1KgjZJpGOvF3lPnkr/KqQ&u=U2FsdGVkX19I6vw193Jm4BryJur5JS804WViE6TKSdEdjdco3JIyW3VlGUV0aARL&y=U2FsdGVkX19hRPyVLHOH2FMUGSUMZyF6aetl2vBSHiFmkEd/WR/jpS8MrC9Huc01 HTTP/1.1" 200 91
186.102.100.238 - - [06/Jun/2023:09:59:27 -0500] "POST /kwssiamovil/sm/setfile/f? HTTP/1.1" 200 381
186.102.31.113 - - [06/Jun/2023:09:59:30 -0500] "GET /kwssiamovil/sm/acme/s?s=U2FsdGVkX196nu9yFrqn8FrR2she6w3hcFyp1tPYyp/20VyWMU9+sfPryDlMg99N8dzfrXEyVRE4SXOdy4GPmmayc85cX1D5wLMgDYbV4YV+Zfz4AC5/B9F8OgoJPiBheSDA9ISWWqx4gYG6TooboTzHIqTSaH1KMP+vXt61ha1kR/n2tr5gY+YvoKAzDJBgL9Gb4raDBMF2r2v69xuou+viXjIxFGRiyMC8JWqhL+Cdpwvj35WgqjlkiccYvRavzEFOtMTIToTrIMQjCJV13JQYBlro0wW7LzQk5Qjy600ZjxcLdBUsO1UN7CJfDAxE1O6IQG6CnWvHgZ5bfEuVmp75ZCfrpn+MOqvfDC77V88gIZImz7vDfU8EvWJVIe1Efvpwtf7XG6VZ0GfXNWjY0BzMVCvhArchm9WWrSNTN91fn6U8lgUozypCg2JeR3sd3OlL6/QPJrLUbjVygpeYFQ==&u=U2FsdGVkX19I6vw193Jm4BryJur5JS804WViE6TKSdEdjdco3JIyW3VlGUV0aARL&y=U2FsdGVkX19hRPyVLHOH2FMUGSUMZyF6aetl2vBSHiFmkEd/WR/jpS8MrC9Huc01 HTTP/1.1" 200 91
186.102.100.238 - - [06/Jun/2023:09:59:30 -0500] "OPTIONS /kwssiamovil/sm/setfile/f? HTTP/1.1" 200 13
201.245.192.253 - - [06/Jun/2023:09:59:30 -0500] "POST /sipse/faces/presentacion/financiero/solicitudProceso/listarSolicitudProceso.xhtml HTTP/1.1" 200 148981
201.245.192.253 - - [06/Jun/2023:09:59:32 -0500] "GET /sipse/faces/javax.faces.resource/jquery/jquery.js?ln=primefaces&v=4.0 HTTP/1.1" 304 -
201.245.192.253 - - [06/Jun/2023:09:59:32 -0500] "GET /sipse/faces/javax.faces.resource/jquery/jquery-plugins.js?ln=primefaces&v=4.0 HTTP/1.1" 304 -
201.245.192.253 - - [06/Jun/2023:09:59:32 -0500] "GET /sipse/faces/javax.faces.resource/primefaces.js?ln=primefaces&v=4.0 HTTP/1.1" 304 -
201.245.192.253 - - [06/Jun/2023:09:59:32 -0500] "GET /sipse/faces/javax.faces.resource/layout/layout.js?ln=primefaces&v=4.0 HTTP/1.1" 304 -
201.245.192.253 - - [06/Jun/2023:09:59:32 -0500] "GET /sipse/faces/javax.faces.resource/dynamiccontent.properties?ln=primefaces&pfdrid=XjOR5%2F%2FfPAZAuY9TpWQeCiM0BhlXxYRBGKi%2FQcXXfeA%3D&pfdrid_c=false HTTP/1.1" 500 383
186.102.100.238 - - [06/Jun/2023:09:59:30 -0500] "POST /kwssiamovil/sm/setfile/f? HTTP/1.1" 200 381
186.102.100.238 - - [06/Jun/2023:09:59:34 -0500] "OPTIONS /kwssiamovil/sm/setfile/f? HTTP/1.1" 200 13
186.102.100.238 - - [06/Jun/2023:09:59:34 -0500] "POST /kwssiamovil/sm/setfile/f? HTTP/1.1" 200 381
186.102.100.238 - - [06/Jun/2023:09:59:37 -0500] "OPTIONS /kwssiamovil/sm/setfile/f? HTTP/1.1" 200 13
186.102.100.238 - - [06/Jun/2023:09:59:37 -0500] "POST /kwssiamovil/sm/setfile/f? HTTP/1.1" 200 381
186.102.100.238 - - [06/Jun/2023:09:59:38 -0500] "GET /kwssiamovil/sm/acme/s?s=U2FsdGVkX19XiaQCq1EHaan06NaqFV6i7zgDtcGOmUUyOm6ufiFQr1l7YgQURzF0//wZVnFVKwiUnkCIrOA837p/UmFGSZHrFRoCCyJDQNr4+/xA5F4KhWZd77EX+Xs++sIgQBKDE2r/6GHMdFRL0nCYChAcOsj3+mpM+OELJevvICJgo3YU3jY7Sgr+0XM64ujbxmVUuQRkfJ2tFzbCKeKrAxgEzT3jmAbzSLBKBolJFMQU+2l75xOQSrSg2UidpgDKwANqVfawQ3Wqv/rM1kS4sRYvbFjrUR8rUaGkSIMivHs/2bZOyQVeBxrZ6x6ITfMJ7ksLs3rA6bsOYC0SnbLeELXfQtrld4ipksSymEpg2JDhG/fB/XicV9B1G4DH&u=U2FsdGVkX1+h/c+UQkWkd6tLlpgyFEeVZD4rmZGyYtA=&y=U2FsdGVkX19zrVkoxY0Tue9MfH5l9vqJvDjmOt9nOxA= HTTP/1.1" 200 91
186.102.100.238 - - [06/Jun/2023:09:59:38 -0500] "GET /kwssiamovil/sm/acme/s?s=U2FsdGVkX1/6yitdqnkj4WEbXxmDZh1CDRPwaFXeD7fSXEPSJ9aCo7WY88l2C/eeyVRYpFMwweAD3yz+PTiQ/z0wGWKdwGdqhFXTbFNQ48pcOlEV5zbR76LKu0VjZ0+O60HzQOPXGzfJhFabb1F1QbmweWJntN39pltj7VN5N/8AH1MBV6oJcEL7jZatjQggPvWYp6bHdzg7+fAnDc39+0a+RgE/k3/rraYr1ktYPgbdlc9eiVWvHMrhC6gPlb9/kaB8/nnxV93wj468O8NkBsKcDyfourf7+U6HjNUhGeJMJE+c+apAq0qCj1iU2F1Q18DLz38/q6e8aNljvGDbDG7Y4F8tsikQdHjZtijE10v+XmcWPTxc203dZJDG9xNOJ0iAwha0fNbvzi8LfmVRbpnGZ0jm6lrmAmfajtX77O2bPeSHMslGcaXAQ54x77NpXrjI2BrLxlgKeWQQsuIy0g==&u=U2FsdGVkX1+h/c+UQkWkd6tLlpgyFEeVZD4rmZGyYtA=&y=U2FsdGVkX19zrVkoxY0Tue9MfH5l9vqJvDjmOt9nOxA= HTTP/1.1" 200 91
201.245.192.253 - - [06/Jun/2023:09:59:41 -0500] "POST /sipse/faces/presentacion/financiero/solicitudProceso/consultarSolicitudProceso.xhtml HTTP/1.1" 200 5526
172.22.2.4 - - [06/Jun/2023:09:59:44 -0500] "GET /BLA/boletinlegal/consulta_actos.php?tipo=autos&no=3309&usuario=&sector=&fecha=2018&resuelve= HTTP/1.1" 200 1083
186.102.31.113 - - [06/Jun/2023:09:59:45 -0500] "GET /kwssiamovil/sm/acme/a?s=U2FsdGVkX1/KRQ8c/DND/RVDTBSv3Q/Fyg75OrePeiEYYdegckES0VdqFIac2mluVq0bP63ZcfECqgK9cpiphrV/kXxaDIpddHVHr0tD7qXcxVRUvsH+15r4iqDCX5QohcL4/oR0RTqG7LT91AWPHzuGTNw+7rAVXf8PE6UgJDvmgPAINHdnlP20Yd7I5lH/SmIwt6KBy6qNkiADchzO6OVFyXZdP1BaEieg/DvML8p7/kfkFG5xy5Ev5pbvD/QHI9E+mhc3anvZIeYRTbskCA==&u=U2FsdGVkX19I6vw193Jm4BryJur5JS804WViE6TKSdEdjdco3JIyW3VlGUV0aARL&y=U2FsdGVkX19hRPyVLHOH2FMUGSUMZyF6aetl2vBSHiFmkEd/WR/jpS8MrC9Huc01 HTTP/1.1" 200 26
186.102.31.113 - - [06/Jun/2023:09:59:45 -0500] "GET /kwssiamovil/sm/acme/u?s=U2FsdGVkX1+3iqlO7QQPt2LfRFWSoJAw41AMJBg8oZWrCHT9Krr3CgKnPzLjeU9Owrp4yHoOe0hAgMx1wvVYFlV2QpBqv1Ju2bbj9MdAmUTmAIfp8dVbhdo/4nxDKaCEtg0tBu6VQpVHYQ0IBvGOQA==&u=U2FsdGVkX19I6vw193Jm4BryJur5JS804WViE6TKSdEdjdco3JIyW3VlGUV0aARL&y=U2FsdGVkX19hRPyVLHOH2FMUGSUMZyF6aetl2vBSHiFmkEd/WR/jpS8MrC9Huc01 HTTP/1.1" 200 60
186.102.100.238 - - [06/Jun/2023:09:59:45 -0500] "GET /kwssiamovil/sm/acme/a?s=U2FsdGVkX1/zq9xd3M/rZwhd37OtdyQ2sQar+b8TZv7OEO/tU5fOVTHOXU1tZqllx3kqvkhUV+ecaFYKvidX3w1w1OhIDF7mrDS4JjdOhZuJf6+DnaZYpdnzCZpZmrWqEoZuyLCMcRwR6pN/Gg2zuARAX2+BivhuJIspEfqJD5s/qNSVSttg83yj0XXN9xzIJm6gaacq3++r1HtUDd+PdaQnR/KO/FO/jLYC+l7UL4jbMgwOjBeOJCQmrST7zoLWAFLq++MK8lx8U1dr0I5giw==&u=U2FsdGVkX1+h/c+UQkWkd6tLlpgyFEeVZD4rmZGyYtA=&y=U2FsdGVkX19zrVkoxY0Tue9MfH5l9vqJvDjmOt9nOxA= HTTP/1.1" 200 26
186.102.31.113 - - [06/Jun/2023:09:59:45 -0500] "GET /kwssiamovil/sm/acme/a?s=U2FsdGVkX18m0xh+FgEn4a8RLLCELSvgalEnEuWou3o4jFjT7U4WZmyWm6wHPTbLbJVvzxe9Iq4QwBraRsHwdKDIp+xjeG93Ez0zl5rcvObjNtFlvOfva+4XnTVgDic8MGf8uF8+88GJSXER7sE5vrSH1b+DCbm+58P79ZkVtfg1tZ1N6RGlJNRIhjzPW87nJ9p+b++asfexKFgkede4kR51CGdxjqUcyLyKsf3XSxB261R/+pnsmTA44t04tJgg&u=U2FsdGVkX19I6vw193Jm4BryJur5JS804WViE6TKSdEdjdco3JIyW3VlGUV0aARL&y=U2FsdGVkX19hRPyVLHOH2FMUGSUMZyF6aetl2vBSHiFmkEd/WR/jpS8MrC9Huc01 HTTP/1.1" 200 25
186.102.31.113 - - [06/Jun/2023:09:59:46 -0500] "GET /kwssiamovil/sm/acme/u?s=U2FsdGVkX1/iX1gU3J0/LfrO+UtvOAXn3+MW6nx5kys3eEf1f2gss1Kl450Meu3ALHV8Kd4MRyVu9/Wqg7P+iXXit9mdhVRI+whcTCLrV4sGLbGARr0HWFTnwJCrgyVGHdy08jS+A20A6b3JrCvRKUcRZX0GUY2Fyg69tf7jmspR6euDA/eo/pu1eVczvFJgo0OOJL1Kt+ZvVGNZ5FOo6n7D66euZ9W2Cp4AowYkwm3XDBNmiFisSCL1NDTtY11mqO2ADoXOv8vBi80nNAwubDYYbZVbw63Xn9+djF87YKhSV1OaCnITrtTv2HuxUc9kgXAnxGw33pBgnLln9uD/lEZ9GZckUvnsPWPjkYSPKWLnFS3KCcI7TfV2qhPC4fbXWFp1jIGSq/QzclTJyC0wrcSpMEjqUUjntvm8vnrQW6IrCp0RkDTKkEI6yqtNCU5tvDj//EXDayKDHGHM9JUpiRaCXU4bicvSZW5dwENHETYQwpslIZf0ltIgo3k4z+peaEMhhW6P7SbGtLybvGUDx+HnoW6BLswTMNczewV5K3XrrWH2VUBYZRiSgYCeUYAk9GtnNmWB6vLTEM5qVDKEJt9QeDJG7tOZiepThgQhKzAxutkvU+TdnQWP08+CrTZsKSTkgse2g76oyM3zRf41b+KwP4YVYpps/IK71Wy4/coXiCD3E2EBrTHJ6+X1YeCWcLB4WxE9NGOeblJSZ8R8i64s06uPIYAFbwyD+kQvCDYtITzZvoIa7vXjdNGis8iTz6BVfYMkDypipMN/M0+cyB5xE+NL3zXnMCEui7MecaHRLxmJAzqtbRsHJsQ48bhnbaC8gIUJYpQtFJ4wDch50NPR6RHB7oLL6oCuveIYZgy1Olpl0SvKhzvla6qymwK6cTIT248Kqg08x7uog8sOMgl+oK8jCPqo8xkHXkxcDVBuOfEZJ0DYA45IvUOfwVuiTKCb40QNrxJ9CCE+OHR2KKlEAUMqw8d3+6j/qR280ahY9lSpvmC33c5+vn/cFmUY8XYasg67aGphcr486Ig9KBtVueNcF4HgzoQDrZxVr7eeF9u5QDM20k3cnLear51a9LuevAWMfCvtq4iDnZGXarhnyLj+ZMiFe70ef96EjmCKLKZ6B03FxnAyi9WOwueUUZkrNt1MtSX3QGfM+RO470nRwtf3Hq4Ax8GA3Js1IRHw7YxR80/3xePF0EKui4BNMNd/pXSY1gr0D5hNLc6sLdOKMkqTB1OGKtIn5iEDV1PUwRlMmroT3qsN+4tN9wYR8t+jXuWQSLGT9uktt7GFIdS9XOCHLu8vXhjr/crxi8y2FONytbUBGbd9Cv6/W6vzLWMplxw2HnDzpsjNxtNK4YGVQ0x1PVY3cyCfjBRlVLLAZwDWkFnNL3JduYJnwWdJUFeSJeieDZWJ7e3k2vAWvFFwtrrX24o66aJNBAb4HgV4G2CuPMw7ZtdhiAi+n8u2b80qUGqmSm3f4NM+OFmzlPWGq2exo17hfb/qHL5tXitxdRAmsW9goTYmeG/YaWRdpPnefhQj/4jFd8L+iX0w+IKvfgiOTeXRAwTv8YhEiuSmQlNHLo3MhlDr3tTRFZ3NiRaeYwRBVcQf1fJjFjV8dflMPpF2eE0ZBTjLPyQkJBUx6vJ4lk+r7bhZ5qY7PpsZE79IvWROb97hA9lsdkz0shHJCQA9dlcMMvJOnDCPo+LZ4haJ654nYgAsaVgIulIh&u=U2FsdGVkX19I6vw193Jm4BryJur5JS804WViE6TKSdEdjdco3JIyW3VlGUV0aARL&y=U2FsdGVkX19hRPyVLHOH2FMUGSUMZyF6aetl2vBSHiFmkEd/WR/jpS8MrC9Huc01 HTTP/1.1" 200 60
186.102.100.238 - - [06/Jun/2023:09:59:46 -0500] "GET /kwssiamovil/sm/acme/u?s=U2FsdGVkX1+TLT/ieuNrvkmBGUvdA7ETAt5TQdGkoN0ljAmLufxSPSK9T1F5yDCW6AP+srEr3nrXZfR0ApStNqGJD7hOWc/fkFWJy0uU7y8LCIaDZsTz0Sc3xZJymIDTjLMDPp63GZTGHzcN++FqUg==&u=U2FsdGVkX1+h/c+UQkWkd6tLlpgyFEeVZD4rmZGyYtA=&y=U2FsdGVkX19zrVkoxY0Tue9MfH5l9vqJvDjmOt9nOxA= HTTP/1.1" 200 60
186.102.31.113 - - [06/Jun/2023:09:59:46 -0500] "GET /kwssiamovil/sm/acme/a?s=U2FsdGVkX18/0KePz7ZilU7OMk4ZT8iG/m7U+XnFUG0JUkTuXUOxq1rfUb0pmbyhh+R0MLs6uu9dkQhZ087rcAKdwOdybQ6p5WP5ZJp3oyKT26j3dFpbktTuOmQE9/FGLmiAgVfMXjk6ZFfZu/OIZ4JcMY6HywIGkcnNZBalGuNKJ4xe4XiGxJF5dUAJeWDg4WPjqWSH528HQR3YtcleZit68obpmGQL5Ndmtc9rF3Qobpbke7CbCDs0xtU7235f&u=U2FsdGVkX19I6vw193Jm4BryJur5JS804WViE6TKSdEdjdco3JIyW3VlGUV0aARL&y=U2FsdGVkX19hRPyVLHOH2FMUGSUMZyF6aetl2vBSHiFmkEd/WR/jpS8MrC9Huc01 HTTP/1.1" 200 25
186.102.100.238 - - [06/Jun/2023:09:59:46 -0500] "GET /kwssiamovil/sm/acme/a?s=U2FsdGVkX18RmfBd6ct1WHlrKSXf1YO2SSYOqALSBBtVhitw+SPMkcNwYJVpAOgLPfd4HCPlkRlCDhbyMLgZiCez31/msymhwmuR7W5Lp5i3MuE0CHOgHgiaQAvGsDP+6CmwOv3WNqtdW1FDShmzqJEr7l9L3djeaogcImxghs0yjNn2h4hnREgDyQ8NF4AtGzWN+RzR4vDyb7tCYo0Ty/YgaME7jI3xYgSVT+drk4PcjkYAbK581vK8muUsDZEw&u=U2FsdGVkX1+h/c+UQkWkd6tLlpgyFEeVZD4rmZGyYtA=&y=U2FsdGVkX19zrVkoxY0Tue9MfH5l9vqJvDjmOt9nOxA= HTTP/1.1" 200 25
186.102.31.113 - - [06/Jun/2023:09:59:46 -0500] "GET /kwssiamovil/sm/acme/a?s=U2FsdGVkX1/c1KwdH4U651ZwIBWT0ug+PTjP5AYFnebBC877HK9S/F/i74QABkrc/QVnhHOjvTHPu6DLTKO4sOV0k9Ezcntf1q/jTksjAy7rP0dF0mGdIcy2+qYtkYyP+V62jH/wSp9RtrP4Ce4PQ6I7u/5Eh82a/tejpap2akPvojHILtSwiAqLMbKt8vnbylA6W7/gBcWVrtzhjQEb4A==&u=U2FsdGVkX19I6vw193Jm4BryJur5JS804WViE6TKSdEdjdco3JIyW3VlGUV0aARL&y=U2FsdGVkX19hRPyVLHOH2FMUGSUMZyF6aetl2vBSHiFmkEd/WR/jpS8MrC9Huc01 HTTP/1.1" 200 25
186.102.100.238 - - [06/Jun/2023:09:59:46 -0500] "GET /kwssiamovil/sm/acme/u?s=U2FsdGVkX18f0Ncf/SM1QZIAOKPWvNkqspnGKp+d1w8v4Dd6DUiL/uw4du39Sa/FaDOBmu4bD+dbOiBmqWTWrOs0a9iO4gdnnHHDKPnZAgn/jhfmIOsjbX1FBOcH3IAfo92EqLR6XyPXy8LBJh38FEkXFpK8OStfCHP1fi2yKgl0Wn6M43CFsczxT7nNYB9IMvB7WfytpYDFmzMBKO8mB93LD3uobpLxaWLOy9UG5dQSIIvfeIQGL4rhhee4mZj3RV3JPUEm5R2Qz9u1QJCcdqG4QavO1zkvvDvSxoitTHXtvf/KOXu6gEBVV2N/7l2DM47gvDPuEFE5rCpPKh6IDeWNJlIV2DEGOC3wfNMReOlacB/H3oDrMSpsm+eKZo0V2VF4nG+hO7Wa39/4edgusNAAnfkli/Of+qzAjmUypTTY6pcrT7tkdznSqW0ojACAg2gWVWpggBva/UbOTFMHHs0YCLCLlE0cpeo22geItNdKmJLiGmLwf5mgANroL5Seci943e0eizAAgeuQi5Y5RyQbp7E54pUbd84cHyjYxBqUU1IpHUltUykPAGWAMCFgV6m4oVYIuYUcPzu6Qk7YlgjKeQbOAPHq4mqR3kfgm0jDBRJv3fpldIcTouFhTFzZs6Y+zN4QnieK+hye0+nnonn+JHoh4m96Q50dWGakwlGzviX+/g7a6HAqgCLT7/XL8Urhhgfjsq93rTCuQgoPhPJRjVNR46XcVydnbSKs+qYxz8ikqF9P9EK7h4tXqL42ArbSuGKYo1GggA4jCzldE1E4+cHiWQOsRmCCTnc1F6fem4Uvg1hEZZQ3rvd3Ivuk6UUlN4Kf9vlL9qLMsbpQmh7Ua1k4VUN094DaqL5LEzF9Fjh0vxF/4qFObVFhaPWSHAaw2qbZjYnx4BgYGK3hWgyu7eGnQXlYmbuacwQBUdk9wbIcfMzVRZi8U03E40ECMUIM26sBiyYFsCYykH/oIk4KGICNm+vKvuBbrIgaziA80+hur8mNdhssv1b1Vn/bkrdOCqF7EIO2enm8uLF7QTlZ2mJPS8+Abjx8saLvON0r742sYEZqqcq2GyhBw4bNGRBZtw6Zm/WUpIgUgGScGxHjc4F8S9mXaSxoa4wa35uMWoMPybQAB60cI+oZI5B0dTK5mKQXH/uBJUKO+YcSdIVXMGd8SI+x5tGbQvVQ8Y568Mao8NdqNiAmJhGHfE2fcc1dqBhb+UcbSjfhnBaHDjx0g/F8kIGY6w15FKay1rwZKasmHk0czKNh8EOfaq9dXcUCUviLqAhFps6EJdXym5lzIxmYT+iq6guOhJqAvP+dy/ExpzrrgJUGOsGW+sqEuyfUtEI1vNI3Oe7s7q48fJEqgSXH+qJKaqWtfkQsbfe7WqRubU4YrmbzHGbV8rsF5k0KPieJWtWx5Gxy8aTC45xmbRyEyIvxo/3HuX2aFnQUjA850KFXEMuPO1yXhy0AfJ9QKN1WP/tvBA3vKeHtUUDKjvft4ibaIflalQEaZWeoFVA94rlY+ZshS5s0B48xD3ug0r1Rm1mhzEKZ6mXryQtTp6OWly84mMGj6/+POWuFFiq2iXxJW7jmV226Uddj86UZvLv2m4IN2zaAVaFDzA==&u=U2FsdGVkX1+h/c+UQkWkd6tLlpgyFEeVZD4rmZGyYtA=&y=U2FsdGVkX19zrVkoxY0Tue9MfH5l9vqJvDjmOt9nOxA= HTTP/1.1" 200 60
186.102.31.113 - - [06/Jun/2023:09:59:46 -0500] "GET /kwssiamovil/sm/acme/a?s=U2FsdGVkX18UJz4kiWgxtLSS7vfYFBQu11sWUGPZjXtMrIoP2zpVER6ZV10Z44VAak5nbPQVYNURx/cELpnbpXIEveKlQ1V5s/NmOSg8g/2f6jw+AQ5N3EPMiLzJCUSZGiZuOlpzdU6t1iSccSvchuGuRe22LBuySF2xoOGC+1M=&u=U2FsdGVkX19I6vw193Jm4BryJur5JS804WViE6TKSdEdjdco3JIyW3VlGUV0aARL&y=U2FsdGVkX19hRPyVLHOH2FMUGSUMZyF6aetl2vBSHiFmkEd/WR/jpS8MrC9Huc01 HTTP/1.1" 200 26
186.102.100.238 - - [06/Jun/2023:09:59:46 -0500] "GET /kwssiamovil/sm/acme/a?s=U2FsdGVkX1+4wjVnn/lIQjlLLy8+jYj2fkWzwYf+VWTh1Etwj5QujnKSjIHjwfTddFspX/DjDL8QQP8A7FMNn7qWe63Cx0bY+3LGgSuAbJl0CMh7iNXLiuMVpNCvoKj/mPZa/6BxMEqTRroG0LY107JQSh/ARUONGMUzWiV0XqA9p3Heepxuwsmx+ZNdN05gQRs8ZiJQ4sIhdwGEpxomuqoH7VYb9aBMAd8JyHePj7mdKhaBH5c5IcpGiBCBoseL&u=U2FsdGVkX1+h/c+UQkWkd6tLlpgyFEeVZD4rmZGyYtA=&y=U2FsdGVkX19zrVkoxY0Tue9MfH5l9vqJvDjmOt9nOxA= HTTP/1.1" 200 25
186.102.100.238 - - [06/Jun/2023:09:59:46 -0500] "GET /kwssiamovil/sm/acme/a?s=U2FsdGVkX18PQHMT6aGTNY7rAJdht6P+BGRbbxfQtqLU0KoXuJjqrKMd6r4f4BAmNgfRraQH7PkfuSMDk4YMOXhM+cZMzrSVP4JV99FnIek0ju19yBD2DBGyffI6Aq4nVwPxtf9vWqRc8HXcvLMzm87pw0fvQlmWNDPPx4uJ/ESfC3tpUixUgiChzGTtG/YtizEZ9dw87Q/6+2bNlIwI4UE0ekIDTT40y0T7UPwqUos=&u=U2FsdGVkX1+h/c+UQkWkd6tLlpgyFEeVZD4rmZGyYtA=&y=U2FsdGVkX19zrVkoxY0Tue9MfH5l9vqJvDjmOt9nOxA= HTTP/1.1" 200 25
186.102.31.113 - - [06/Jun/2023:09:59:46 -0500] "GET /kwssiamovil/sm/acme/a?s=U2FsdGVkX186VhNGccpjKIB1OLqhbsq2dwGl9icIcbnCbdx7sm1b4WJMIm7/UBZp+OCv0YZkYJZ9bFQjLaEe5A0U7n0ZHPwb74Ch0sHQFcHHQjiPD5JJS1myn8OPChMkO7dIOBMmHj1vCK3BlUXyyq0nJ9m2nO5Fl4Kzh8G7EFA21Hxm7ugEsnpdi2fnKHb49O9OL64gbshtc3ZlTSvzoFVgptcCBVDZPHnSXFt9gc2by8clFyyBspBHExnLY1DX&u=U2FsdGVkX19I6vw193Jm4BryJur5JS804WViE6TKSdEdjdco3JIyW3VlGUV0aARL&y=U2FsdGVkX19hRPyVLHOH2FMUGSUMZyF6aetl2vBSHiFmkEd/WR/jpS8MrC9Huc01 HTTP/1.1" 200 25
186.102.100.238 - - [06/Jun/2023:09:59:47 -0500] "GET /kwssiamovil/sm/acme/a?s=U2FsdGVkX1/XFIfN5+l2ExKFhT25KLR3sJXAd7NQ+YALPIhVXdkiJW2fOQyprOhNFeLUDf39ANEf+rUe1Zt3ElBCopCzEuTRdR4P9F+xjm8b8/If0IScS8AWZ0d4IBfoRr4BVF2m8Uqp6eK0g6GlX+NooAXiLl+m15gZHZBCVAY=&u=U2FsdGVkX1+h/c+UQkWkd6tLlpgyFEeVZD4rmZGyYtA=&y=U2FsdGVkX19zrVkoxY0Tue9MfH5l9vqJvDjmOt9nOxA= HTTP/1.1" 200 26
186.102.31.113 - - [06/Jun/2023:09:59:47 -0500] "GET /kwssiamovil/sm/acme/a?s=U2FsdGVkX1+lbtG58czYxhWNrBalTrP9SN2aLdSUI61A+dPcfwhnw70Js+jFsnqCb9wW25fZB81EDCBSYODyHl+hl/0FFqGy8/WKf/8uI3XhukHrXtntXcYF7qstB6daU0O9k/SDPfBTaF1H9JDWP9isXcPG+JxuLPxP2WTqj3cVjr6If+bB9ONjgfXuGBPffiM05ge0fDPSrjmQXnKd9A==&u=U2FsdGVkX19I6vw193Jm4BryJur5JS804WViE6TKSdEdjdco3JIyW3VlGUV0aARL&y=U2FsdGVkX19hRPyVLHOH2FMUGSUMZyF6aetl2vBSHiFmkEd/WR/jpS8MrC9Huc01 HTTP/1.1" 200 26
186.102.100.238 - - [06/Jun/2023:09:59:47 -0500] "GET /kwssiamovil/sm/acme/a?s=U2FsdGVkX18V6psB9hJtiZhvLng8pSAXn0ynWR9oLSM+Z3p9dmIL5qzSCEi/t4ytCL/T+Kvzt4Fn76mfya9EooSwrIHe2zuMMq0SMrRv9v2Dp0daTzVmHiBFPAxQ6wxRESfJ/wXcaRvGvuTpMYmWdHIYK9+jf4QKFLeBBXoPwlRe4RyFDE543O6vXQnxs9CQdJtO5sWeR70h5e9b0kW9mQ==&u=U2FsdGVkX1+h/c+UQkWkd6tLlpgyFEeVZD4rmZGyYtA=&y=U2FsdGVkX19zrVkoxY0Tue9MfH5l9vqJvDjmOt9nOxA= HTTP/1.1" 200 26
186.102.31.113 - - [06/Jun/2023:09:59:47 -0500] "GET /kwssiamovil/sm/acme/a?s=U2FsdGVkX18cit4hpErCaRVR2L/NycJiW+TyAkEb0EgdmdVQ9XC6jHn/14dj+f+mwqDZOmyrUNeTe7THel45bre2uzykCkhuh8coUrpfc9JIEmK/8f9/SbcSbiuMyEY6fvuv8l6y211R1JWvR/he6WvidxrLmNBJST6ZuHpLVEN+Q5oCW3yZmQWa0Yhkx+uH&u=U2FsdGVkX19I6vw193Jm4BryJur5JS804WViE6TKSdEdjdco3JIyW3VlGUV0aARL&y=U2FsdGVkX19hRPyVLHOH2FMUGSUMZyF6aetl2vBSHiFmkEd/WR/jpS8MrC9Huc01 HTTP/1.1" 200 25
186.102.100.238 - - [06/Jun/2023:09:59:47 -0500] "GET /kwssiamovil/sm/acme/a?s=U2FsdGVkX1/eF+MGJELN6QwPlPMNYBryFrg4442X7fawBNAJBMjhx5xNO0Javt7WKBoZpt7Ta1fqF0FHvo4ROdeUTP9Kdc9PJkrCB8rkGMNXVrIwfp4J3JcPTxB236n7jz1UDMNZ21HdY0DVsgxd2PvK+CW9Rk6JYjkT9NTI5xUFLmQl0hr39L+wnoM9LTyU&u=U2FsdGVkX1+h/c+UQkWkd6tLlpgyFEeVZD4rmZGyYtA=&y=U2FsdGVkX19zrVkoxY0Tue9MfH5l9vqJvDjmOt9nOxA= HTTP/1.1" 200 25
186.102.31.113 - - [06/Jun/2023:09:59:47 -0500] "GET /kwssiamovil/sm/acme/a?s=U2FsdGVkX1/Syg4lmTPEdOKb7R5q+M1twNlSzOnTJi23+azo+/nPLJhgreNEnulZclr1I1APsLYDpqKSLm6cfNyVyFppB99gbA4AOWRNMxEzdLFHvTEPI4Fi+dAuWyN/nfejnYNxMKAQhxa6m+aNmRlbMl1kfGdqY3TLGaqAEPQQ5Tu9fcsHoM9q5LwmGmYPLRzS+Fnon/2TkKsEOB6c8HRP3tKi8UIbpb5FexF9QZ3Kh91FZy8izMFOvV/qHL+iQk9KRBzQHDVyM3dCA8etnmJuaQrp3NrUkqAQuh7rzcnFISRxMimd7TY5IiowmhJGgQS6sNnta7r3yQDP68uHrx6TBG7bky+pMbB4IqJghPa4J7/Q42niH8RBzgUisB8vXXWYr5ANMC9KyIWgoQzGbDLajE9Kbau/1CA20kMl4HRsF/8yWYLszdOQdQ0Au7bRUcd+cr/2beYAA4nVmMFbCg==&u=U2FsdGVkX19I6vw193Jm4BryJur5JS804WViE6TKSdEdjdco3JIyW3VlGUV0aARL&y=U2FsdGVkX19hRPyVLHOH2FMUGSUMZyF6aetl2vBSHiFmkEd/WR/jpS8MrC9Huc01 HTTP/1.1" 200 25
201.245.192.253 - - [06/Jun/2023:09:59:47 -0500] "GET /BLA/resoluciones/AUTOS%202018/3309.pdf HTTP/1.1" 200 280391
186.102.100.238 - - [06/Jun/2023:09:59:47 -0500] "GET /kwssiamovil/sm/acme/a?s=U2FsdGVkX19bpEClvhUCMq7itchNarSd1/w3MXDBPzfDJZS37ej/b4WNf1Sj5kLLlyIVLRkwmyDoMqA1zy/CKFUX3LLvsE6WM1QQReTY3OcvOnE9/Tw7/sWS90QPPXYqSUpZDBWU+wNUS4rNFeEOI8RTf2s1X8idRAPP0meVH0Jg1BXAYfHC6oQWQr0nt5+vdWHwRni3E91AOWSuFVeO3+ewT6DWlV5/C/Rc8zRW6HTO13JExrUv2joWTSULso4Kcf65NyrMvBRhyQDKJQg53h1/hf7UtV4CNPkkvy3B5qPmfLWGrBe9ieEar3PLOn1tSckH64CxlXEswjD5bn50TqSQi6QsfWPVroOpkRtM9UWr2t70KW8x7kgy13/70tKuqIzq3gXUamouZbaLknSlbpCmHRuB4MQdByfMx6CjuHw=&u=U2FsdGVkX1+h/c+UQkWkd6tLlpgyFEeVZD4rmZGyYtA=&y=U2FsdGVkX19zrVkoxY0Tue9MfH5l9vqJvDjmOt9nOxA= HTTP/1.1" 200 25
186.102.31.113 - - [06/Jun/2023:09:59:47 -0500] "GET /kwssiamovil/sm/acme/a?s=U2FsdGVkX1/h7s7Cg4IVxY65YPyl+0+IJWeQdqLAsSuqEftc9fNyreuRNWyV+kzcvizLRDkWibfhUtpU0DCmsEJzxW3MO9CL7svx+8l8H0PCGEAyKUUZYlKXUHr29cTqqkm+fpJhgoRif21aixmPAupNPA2sTX//qSiTMj2wVetjtvgeNtuIfiu1+THwENpikfgl6XC5O/aMEEQLsl7wRuFfk46ZTnh04WKJdW1Ah4a10KhZbHYZpkboJtVB0Ekq&u=U2FsdGVkX19I6vw193Jm4BryJur5JS804WViE6TKSdEdjdco3JIyW3VlGUV0aARL&y=U2FsdGVkX19hRPyVLHOH2FMUGSUMZyF6aetl2vBSHiFmkEd/WR/jpS8MrC9Huc01 HTTP/1.1" 200 25
186.102.100.238 - - [06/Jun/2023:09:59:47 -0500] "GET /kwssiamovil/sm/acme/a?s=U2FsdGVkX19JCrfKva6n8Oo6iFQmiSUkujtNE1RBghGC1SAUtX+z+fYf4cUlMsKSaeTYkzJ099H48GNx1fk4+1V88j0eaQXkmh+V2k1Yhk6cyDgW/6M1LqryVH/sdUxisBlymtNvVSAdZLeQgip7CqJL0dzlVSJhEQ9xHxRP0ed0w0EHHCAkYORgiYB23eLY+WFr2MX+QqUeEt7pBqvoGAzHFehThaS96pi52Yk1JFg=&u=U2FsdGVkX1+h/c+UQkWkd6tLlpgyFEeVZD4rmZGyYtA=&y=U2FsdGVkX19zrVkoxY0Tue9MfH5l9vqJvDjmOt9nOxA= HTTP/1.1" 200 25
186.102.31.113 - - [06/Jun/2023:09:59:47 -0500] "GET /kwssiamovil/sm/acme/a?s=U2FsdGVkX18Us/cdXfZDkJvf0szicGR8bNlPnquhQNG126LbjQwmq2nXGc6zD/Xd6M3U6Yeg3/IXeU5oXtk/Tp3FD5ePHi+mtshtgbS1Nz+hPgLjC7KhSel939XQOu21Dg+TE4WTeXdPq/3zmXYOlRFqmaNAvD0mhV+2CYbjiiuZoJGcvIx53tBfEyGsN8MWk6Bpw5gwmvAHDOGZyaD5Qw==&u=U2FsdGVkX19I6vw193Jm4BryJur5JS804WViE6TKSdEdjdco3JIyW3VlGUV0aARL&y=U2FsdGVkX19hRPyVLHOH2FMUGSUMZyF6aetl2vBSHiFmkEd/WR/jpS8MrC9Huc01 HTTP/1.1" 200 25
186.102.100.238 - - [06/Jun/2023:09:59:47 -0500] "GET /kwssiamovil/sm/acme/a?s=U2FsdGVkX1+8PcslzHQNeVuBpL6hFvnOuwkQEltcqRayh3hqqzlZlMwi2Oz4HgAXflAei63V0N5nshMfeADISKM4u5fY9AxvORY/pJTwAcYKQZ5pqvKfQprQHCmRgWWepMWbPdobNQJLcnYMoxF9WqzRqNJPgZHAwPZ4LRO5A+mh5wMc9tAblNSKSUkIZiuk8Z/GdAslwyGNdGy8Xap9nbmXsMHb81A+kmK6J6cyA4suwO0uP2ivuslOZO1ViDWzuCdrGrEftVNe6szE3z+0D4HASA6a4ti9EU0R1DSgAhW9uy1UHXVdJ5VVdPifG68KnqSG8mgzEUkVj+RtTuF0yIEZcCf7dNOpQRDtQ/rNqHm8PlGgDr6+id5UWmReNVDE&u=U2FsdGVkX1+h/c+UQkWkd6tLlpgyFEeVZD4rmZGyYtA=&y=U2FsdGVkX19zrVkoxY0Tue9MfH5l9vqJvDjmOt9nOxA= HTTP/1.1" 200 25
186.102.31.113 - - [06/Jun/2023:09:59:48 -0500] "GET /kwssiamovil/sm/acme/a?s=U2FsdGVkX18CQIvfnjn81oScpvSI9wiJ1s0ZiiGlebY2/SgvhT5JT06m0mu88o7+KKR1oMT7RaOghVF3y8KZLNpBnAxVZ+gbWjjeKwgwdMHr6FxOHs3MiRaQXgTSsiII1ZzprBdQlR5gTjUqCPEZwr69l0sLhSHAYgkoduj7p0jBBqaPtcySX88gnguaLXNayok2bR7Agq9WowXHaeD91Tjp7m0xBVCEzjlh9HFW8M7t2YYXjwviQBhlTHuWfNf5rLOe9nUARWBWjBrAA17i1hGBJPh4sJROBc9DcDYobhxFrI3OhFxNAfKAJLcqrp23g7YOx+mqvZn/6IyS56c3J6bv2zvz2LR6E8Oo0eTm9Dces/Er0Z7Fyd4jfJFIHV0bLAvTn8ad4BAHUoCjBrdeBjmldbLvQVG+GKir0dIPRD4=&u=U2FsdGVkX19I6vw193Jm4BryJur5JS804WViE6TKSdEdjdco3JIyW3VlGUV0aARL&y=U2FsdGVkX19hRPyVLHOH2FMUGSUMZyF6aetl2vBSHiFmkEd/WR/jpS8MrC9Huc01 HTTP/1.1" 200 25
186.102.100.238 - - [06/Jun/2023:09:59:48 -0500] "GET /kwssiamovil/sm/acme/a?s=U2FsdGVkX18vkJ+8SE+GSPuIAO9aqvvPD2iIENnwHVXH7YhWaUH2OtZ5vHlMSP1jXILRj6ql8GgsbgHAM0K5AFlEyVNSbm9lv69ne0f4zQolyGYN+XfNdZjdrtynKKCgIPK+fAc95ozSQhpRnd87Pb6SyUG7cZ5q7ln/5UOVHvOTNcyEB3ohaNOodIjv3fTrIUARid8Nee4zt5mXg5HpEQ==&u=U2FsdGVkX1+h/c+UQkWkd6tLlpgyFEeVZD4rmZGyYtA=&y=U2FsdGVkX19zrVkoxY0Tue9MfH5l9vqJvDjmOt9nOxA= HTTP/1.1" 200 26
186.102.31.113 - - [06/Jun/2023:09:59:48 -0500] "GET /kwssiamovil/sm/acme/a?s=U2FsdGVkX1+K7LU0h9eYaL9M3VLEfYKPbR5pbd9hvB6CSrRsURdhqERFQep6EfjDKZ1JRsPimYEJ5y+Ad+PPfSuVP9vB2uFAo6lCb6+txZ2AbS0xwi1Jxq+gu8dpaFXBJjIOegSRKfidGP3dTOYF0trsHadzxdWOsRguCCfbapXNtIgoyGH0PxkuRfL09iiiVG307kHyhXq7TFc20zy1dbIvreeBU5GhvW5ncjVWxxvga6FbRCmJJxIbKcfcgNTG&u=U2FsdGVkX19I6vw193Jm4BryJur5JS804WViE6TKSdEdjdco3JIyW3VlGUV0aARL&y=U2FsdGVkX19hRPyVLHOH2FMUGSUMZyF6aetl2vBSHiFmkEd/WR/jpS8MrC9Huc01 HTTP/1.1" 200 25
186.102.100.238 - - [06/Jun/2023:09:59:48 -0500] "GET /kwssiamovil/sm/acme/a?s=U2FsdGVkX1/MTsFIJQ2YpCt5knCt7uKUrC4l1k5xTF9gFWglHFlCJhefOt43KFdWqhN5cb3S+UWyoMVTy3qZtlXDcwnCkNpah9xDBVtPQfRuebC9LFhH4NO2ISA3GI1iliRpm+WAeViCUTpLpJL6Kq5t7bOSY/YVkJ/YbmcPSCvt5nXnCYBWWectxyfxpIPAYzooZXzKKgwhiKlgxo7Q6952sKf+JsxUKH9iB633oWI=&u=U2FsdGVkX1+h/c+UQkWkd6tLlpgyFEeVZD4rmZGyYtA=&y=U2FsdGVkX19zrVkoxY0Tue9MfH5l9vqJvDjmOt9nOxA= HTTP/1.1" 200 25
186.102.31.113 - - [06/Jun/2023:09:59:48 -0500] "GET /kwssiamovil/sm/acme/a?s=U2FsdGVkX19+Uo+8xKuIqlyd9+01LJUJHHbmBanKbyFidg8885hkcUKWhmNTQm3fSDbtAvh2Ctounk/SxPRk3+VlNRT8608oeTQYgXf/oc5u3E32OlGgNIFU46EHLcfYOb6uVsguaR2D697kgwXqhOkZ1QzjOu5pVij4/MpovdrS1plRSMaZUuRNVrR+j1Ex&u=U2FsdGVkX19I6vw193Jm4BryJur5JS804WViE6TKSdEdjdco3JIyW3VlGUV0aARL&y=U2FsdGVkX19hRPyVLHOH2FMUGSUMZyF6aetl2vBSHiFmkEd/WR/jpS8MrC9Huc01 HTTP/1.1" 200 26
186.102.100.238 - - [06/Jun/2023:09:59:48 -0500] "GET /kwssiamovil/sm/acme/a?s=U2FsdGVkX18umhY2MNlX1L9SihAMmx8Vj1J5w0xSSOSq4PDOhNWAGsa6bFzK5cQsfpxAU2XEg6lN7jKEnvLxI8Ske5Y3lMG9QlzAQO0scNWjpuMZkpV/PFKsLdVcJEz4rcHkmtl1HlnmpP8uQlTLGNCtBdeZQNvqY+SoDoZCYVly3jyySY1FkuvPZpyufIR72MYZmKvF6AqZ2ppju9kz7w==&u=U2FsdGVkX1+h/c+UQkWkd6tLlpgyFEeVZD4rmZGyYtA=&y=U2FsdGVkX19zrVkoxY0Tue9MfH5l9vqJvDjmOt9nOxA= HTTP/1.1" 200 26
186.102.100.238 - - [06/Jun/2023:09:59:48 -0500] "GET /kwssiamovil/sm/acme/a?s=U2FsdGVkX1/GrnBvZYGYzw89wUbtIy8tOgD5AzxeLAaaYKW9SUdYEra1ln35e0nQVoirRkG7JZwSk0Y8l0pghmDMDCCrtjQYEY1eAfb3oJKURhtqw0UOjw406SS4BOxMjXf4nOdqx23hSD8xlsdBrmy5fBTR1H/0u+8yeAgdjneIqQvN0FMjX9gNt/gTU1zhHQKtscHjuKOkTOxJBeByaI3AwmmJWayE7tjdCwmP5p4=&u=U2FsdGVkX1+h/c+UQkWkd6tLlpgyFEeVZD4rmZGyYtA=&y=U2FsdGVkX19zrVkoxY0Tue9MfH5l9vqJvDjmOt9nOxA= HTTP/1.1" 200 25
186.102.31.113 - - [06/Jun/2023:09:59:48 -0500] "GET /kwssiamovil/sm/acme/a?s=U2FsdGVkX18/Vt1yNVEu/gFW4Q4BcewrL+aZp40DL7diqjJ1AXlWL2aHh6NMJ1/G5rnVi1f9iA18oz17RSitCz9Yorl7cTcxfVJJVeQIV46miZ+itTx5uJfz/i+0FIxUH8B1SlNtUwLygzlXKd6sSQ4gqLnubI1gA3e45wKDo7dJzn7x4wiibrVyLCH9QwrwLemozfhZkrHB/pbZg8NJPIT95nBC494mJ1jPMXIOkX69DRd3ANnYEXsPjPI3Vrxz&u=U2FsdGVkX19I6vw193Jm4BryJur5JS804WViE6TKSdEdjdco3JIyW3VlGUV0aARL&y=U2FsdGVkX19hRPyVLHOH2FMUGSUMZyF6aetl2vBSHiFmkEd/WR/jpS8MrC9Huc01 HTTP/1.1" 200 25
186.102.100.238 - - [06/Jun/2023:09:59:48 -0500] "GET /kwssiamovil/sm/acme/a?s=U2FsdGVkX1/hclHoe8OCJyLiGXU9IKkhY6nagW8UV7Dthlwc3OolDZjwFpid+I8+fIS2H9W4WZAM79d4n5suSfPKEsdfB/BW+fBzpFLMPBr4Yn9X/bHpA3/UdJRVCgePMbKjQdvs0O2SL2r90Z1HmhOzFLbeT/SJ5bEcZKbcOvgq+6KO1ml+4A7JxJ1YFHlr5UxgYsovTh+oSiwHUHxIEw==&u=U2FsdGVkX1+h/c+UQkWkd6tLlpgyFEeVZD4rmZGyYtA=&y=U2FsdGVkX19zrVkoxY0Tue9MfH5l9vqJvDjmOt9nOxA= HTTP/1.1" 200 26
186.102.31.113 - - [06/Jun/2023:09:59:48 -0500] "GET /kwssiamovil/sm/acme/a?s=U2FsdGVkX1/A+0AVtKsuuMum9YPWUWhigCtqNZs07ndJ+P2JCHE7TBam8rOK/6fwujwA+O3+AnO4qPujScQhXSgHGOZzzoWNCi2D/gwZ6O4prqzpW4Mv7m3U1Nyq9UGi3/qPTnXrAnNAV1bOM6sIN4B2CnIRvGmPvSPkx2DesDNe9kx6QbPKyxhmcK8a5tGzv9GIBz/gnfebtUlWP2gG4g==&u=U2FsdGVkX19I6vw193Jm4BryJur5JS804WViE6TKSdEdjdco3JIyW3VlGUV0aARL&y=U2FsdGVkX19hRPyVLHOH2FMUGSUMZyF6aetl2vBSHiFmkEd/WR/jpS8MrC9Huc01 HTTP/1.1" 200 25
186.102.31.113 - - [06/Jun/2023:09:59:48 -0500] "GET /kwssiamovil/sm/acme/a?s=U2FsdGVkX18n6C3QIhtiDf1YF0/JUpsXfkyb6UPw5AfHJcrpIbJgMfd1dT36tgbHxEB2vIYj8hDrJyf09AfugC4bdCQt6B7epRPilahpFHFHzPZW1re8N31PYOsKCqxw7CKtHjLLPtMlKSu9kkTXse+Kwhuzjf0o2Eon4MxoRNBDPYfdWZdtKTducsbToVGtoiTDrTHXsY85prTJLW6SOx3xvf3NPSEwXK7ken3DKqiz2pWMJNZv2pMviCS2t5AL&u=U2FsdGVkX19I6vw193Jm4BryJur5JS804WViE6TKSdEdjdco3JIyW3VlGUV0aARL&y=U2FsdGVkX19hRPyVLHOH2FMUGSUMZyF6aetl2vBSHiFmkEd/WR/jpS8MrC9Huc01 HTTP/1.1" 200 25
186.102.31.113 - - [06/Jun/2023:09:59:49 -0500] "GET /kwssiamovil/sm/acme/a?s=U2FsdGVkX18ToD7kusrYy9J6BOZ/KCDHgHMmjJrsD3fVY8xlkFdpGFFZKKyfh3O+F+Ue8eCBMBoT/n8rxo4CpoL9Ha/bCUsN+FpHG8Oo6WxyiInYalT6lGBPPj5wHoIha1JYf3kVHhR4zF+O2OJkCtDgIAAuQmRlhCegnPYGVXTUHto7o91CPycd7WFDvNl4&u=U2FsdGVkX19I6vw193Jm4BryJur5JS804WViE6TKSdEdjdco3JIyW3VlGUV0aARL&y=U2FsdGVkX19hRPyVLHOH2FMUGSUMZyF6aetl2vBSHiFmkEd/WR/jpS8MrC9Huc01 HTTP/1.1" 200 26
186.102.31.113 - - [06/Jun/2023:09:59:49 -0500] "GET /kwssiamovil/sm/acme/a?s=U2FsdGVkX1+eosEAhoEUc8pXLMYY0m24OAVMDE3+k9X9PXsmK5WZv51VIdgNeLYCXIc4CUBAMVh7dSx5DmYPF6+4u7xinTO0DzVJWHp3DftcilqRHGU3ymq4YJywjbHxY5/S9+eNnJMTGvIChjH8uKysqhnhX4RtZVb2aH8mdi3Lw4SZa0K4w6yN/F13X4E7jr3JzoT8LaX9xu6TX0GwKVnCC0E+PsYSimRyc2nTTxw=&u=U2FsdGVkX19I6vw193Jm4BryJur5JS804WViE6TKSdEdjdco3JIyW3VlGUV0aARL&y=U2FsdGVkX19hRPyVLHOH2FMUGSUMZyF6aetl2vBSHiFmkEd/WR/jpS8MrC9Huc01 HTTP/1.1" 200 25
186.102.31.113 - - [06/Jun/2023:09:59:49 -0500] "GET /kwssiamovil/sm/acme/a?s=U2FsdGVkX18wX2HOY4RE9E8bQ9PsrQwtQHCfjnROnCTTEc5HtjGs0rQy5+DJ3mq7LKt+Ln5sDX+4731u9FuXx7DxbjisdVsX1+vQSDr0BnqCftk0CE8swN0kirr3wl0sWfHVVBqzICQvGultsiFSLSGG61vBPCP1VJRFZc2bd6O3tHzypzzzwnST9sIuKQXKv+uqeS0BvTTV9s4NY9aPvw==&u=U2FsdGVkX19I6vw193Jm4BryJur5JS804WViE6TKSdEdjdco3JIyW3VlGUV0aARL&y=U2FsdGVkX19hRPyVLHOH2FMUGSUMZyF6aetl2vBSHiFmkEd/WR/jpS8MrC9Huc01 HTTP/1.1" 200 26
186.102.31.113 - - [06/Jun/2023:09:59:49 -0500] "GET /kwssiamovil/sm/acme/a?s=U2FsdGVkX1+J60oBrZrQyNOp4Q21chZJTTp1EzZHNFTPxkY8DAteSWsJUmvR/virGLUNGWCcWfB2Hq9kKTSwk/HIqknO85VerryRa4a4YAUlddTGeC4HCO5zitjmbi0mN/Htq/ewQNANi8cmZm18x3dI8t8j3fMWoVnZyrDTf62MhyKRKwFtrCnd+qTKQY8sN/d48WYBDtuWYiQ9ItctlQ==&u=U2FsdGVkX19I6vw193Jm4BryJur5JS804WViE6TKSdEdjdco3JIyW3VlGUV0aARL&y=U2FsdGVkX19hRPyVLHOH2FMUGSUMZyF6aetl2vBSHiFmkEd/WR/jpS8MrC9Huc01 HTTP/1.1" 200 25
186.102.31.113 - - [06/Jun/2023:09:59:49 -0500] "GET /kwssiamovil/sm/acme/a?s=U2FsdGVkX1/UV/FF7NgBDHbRSPdGjvaDsdX1HAQk3K3hO6Tj/wMSmpIoRYyq6JpZP7gL20kYAlE4BfLHmNgP9Dzvk8XF4fXLuGCdyR4zoGuO/gS7ajJeGA5qvyrQKFgx1sUvuIcCuwJ/KDUWQbXJoArklbfM4ve4QCHUa5ZCc+/bxN/TJDUCePFaYCs9XVhx&u=U2FsdGVkX19I6vw193Jm4BryJur5JS804WViE6TKSdEdjdco3JIyW3VlGUV0aARL&y=U2FsdGVkX19hRPyVLHOH2FMUGSUMZyF6aetl2vBSHiFmkEd/WR/jpS8MrC9Huc01 HTTP/1.1" 200 26
186.102.31.113 - - [06/Jun/2023:09:59:50 -0500] "GET /kwssiamovil/sm/acme/a?s=U2FsdGVkX1+u5/kZnNuIiYQq8buSEfptU1Iny4nxKeQYr9vAMzcXwQxKxaMr4BMU78cYzBXzo1PBDFYaUv4jsN7UJbbtK3fK10GMSXqzC+SY2ZZ7M2+5ZwfVrjV8gPOacE2WaxsFRcuCqJ5ghN86i5jBC4KB23B5QUCstOS0Kd7U0IbTngVoRrLr31cxqGKXa4QIyil/QvkIqXAlabv26g==&u=U2FsdGVkX19I6vw193Jm4BryJur5JS804WViE6TKSdEdjdco3JIyW3VlGUV0aARL&y=U2FsdGVkX19hRPyVLHOH2FMUGSUMZyF6aetl2vBSHiFmkEd/WR/jpS8MrC9Huc01 HTTP/1.1" 200 25
186.102.31.113 - - [06/Jun/2023:09:59:50 -0500] "GET /kwssiamovil/sm/acme/a?s=U2FsdGVkX1/McncVqo6z1j0FTzx/roda38ZShULsaEkxHi0fbGtnnmfofPeK/jhGsf9Vzlck2rmji2Jnmkp9jPx0yN+ooagaxsi8oIxEEDUI1anAbhHiWCdmb0bHsBBNXsV8RaSJr9NzniQf/RMKIaQlq3IcRbMLHYDisXIhFMtHm33O1NKFuunrTdEGUVAV&u=U2FsdGVkX19I6vw193Jm4BryJur5JS804WViE6TKSdEdjdco3JIyW3VlGUV0aARL&y=U2FsdGVkX19hRPyVLHOH2FMUGSUMZyF6aetl2vBSHiFmkEd/WR/jpS8MrC9Huc01 HTTP/1.1" 200 26
216.245.221.92 - - [06/Jun/2023:10:00:00 -0500] "HEAD / HTTP/1.1" 200 -
172.22.2.4 - - [06/Jun/2023:10:00:03 -0500] "GET /BLA/boletinlegal/consulta_actos.php?tipo=autos&no=3310&usuario=&sector=&fecha=2018&resuelve= HTTP/1.1" 200 1340
201.245.192.253 - - [06/Jun/2023:10:00:05 -0500] "GET /BLA/resoluciones/AUTOS%202018/3310.pdf HTTP/1.1" 200 270269
