186.29.35.179 - - [09/Jun/2023:12:24:04 -0500] "GET /sipse/faces/javax.faces.resource/theme.css?ln=primefaces-sipse HTTP/1.1" 304 -
186.29.35.179 - - [09/Jun/2023:12:24:04 -0500] "GET /sipse/faces/javax.faces.resource/primefaces.css?ln=primefaces&v=4.0 HTTP/1.1" 304 -
186.29.35.179 - - [09/Jun/2023:12:24:04 -0500] "GET /sipse/faces/javax.faces.resource/layout/layout.css?ln=primefaces&v=4.0 HTTP/1.1" 304 -
186.29.35.179 - - [09/Jun/2023:12:24:04 -0500] "GET /sipse/js/jquery.min.js HTTP/1.1" 200 85582
186.29.35.179 - - [09/Jun/2023:12:24:04 -0500] "GET /sipse/faces/javax.faces.resource/jquery/jquery.js?ln=primefaces&v=4.0 HTTP/1.1" 304 -
186.29.35.179 - - [09/Jun/2023:12:24:04 -0500] "GET /sipse/faces/javax.faces.resource/jquery/jquery-plugins.js?ln=primefaces&v=4.0 HTTP/1.1" 304 -
186.29.35.179 - - [09/Jun/2023:12:24:04 -0500] "GET /sipse/faces/javax.faces.resource/primefaces.js?ln=primefaces&v=4.0 HTTP/1.1" 304 -
186.29.35.179 - - [09/Jun/2023:12:24:05 -0500] "GET /sipse/faces/javax.faces.resource/layout/layout.js?ln=primefaces&v=4.0 HTTP/1.1" 304 -
186.29.35.179 - - [09/Jun/2023:12:24:05 -0500] "GET /sipse/css/v_mergente.css HTTP/1.1" 200 1505
186.29.35.179 - - [09/Jun/2023:12:24:05 -0500] "GET /sipse/css/imagen/contrasena.png HTTP/1.1" 404 383
186.29.35.179 - - [09/Jun/2023:12:24:05 -0500] "GET /sipse/imagenes/cargando.gif HTTP/1.1" 200 36959
186.29.35.179 - - [09/Jun/2023:12:24:05 -0500] "GET /sipse/imagenes/logoAplicacion.jpg HTTP/1.1" 200 155084
201.245.192.253 - - [09/Jun/2023:12:24:06 -0500] "GET /BLA/resoluciones/ HTTP/1.1" 200 13502
201.245.192.253 - - [09/Jun/2023:12:24:08 -0500] "GET /BLA/resoluciones/index.php?dir=RESOLUCIONES+2021%2F HTTP/1.1" 200 439986
186.29.35.179 - - [09/Jun/2023:12:24:11 -0500] "GET /sipse/faces/javax.faces.resource/images/ui-bg_flat_0_2d5972_40x100.png?ln=primefaces-aristo HTTP/1.1" 200 183
186.29.35.179 - - [09/Jun/2023:12:24:11 -0500] "POST /sipse/faces/bienvenido.xhtml HTTP/1.1" 200 3182
201.245.192.253 - - [09/Jun/2023:12:24:11 -0500] "POST /sipse/faces/presentacion/financiero/solicitudProceso/consultarSolicitudProceso.xhtml HTTP/1.1" 200 5526
186.29.35.179 - - [09/Jun/2023:12:24:20 -0500] "POST /sipse/faces/bienvenido.xhtml HTTP/1.1" 200 12455
186.29.35.179 - - [09/Jun/2023:12:24:21 -0500] "POST /sipse/faces/bienvenido.xhtml HTTP/1.1" 200 3270
172.22.2.4 - - [09/Jun/2023:12:24:21 -0500] "GET /BLA/boletinlegal/consulta_actos.php?tipo=resoluciones&no=2351&usuario=&sector=PEV&fecha=2011&resuelve= HTTP/1.1" 200 626
172.22.2.4 - - [09/Jun/2023:12:24:22 -0500] "GET /BLA/boletinlegal/consulta_actos.php?tipo=resoluciones&no=2351&usuario=&sector=PEV&fecha=2011&resuelve= HTTP/1.1" 200 626
172.22.2.4 - - [09/Jun/2023:12:24:22 -0500] "GET /BLA/boletinlegal/consulta_actos.php?tipo=resoluciones&no=2351&usuario=&sector=PEV&fecha=2011&resuelve= HTTP/1.1" 200 626
186.29.35.179 - - [09/Jun/2023:12:24:23 -0500] "POST /sipse/faces/bienvenido.xhtml HTTP/1.1" 200 184
172.22.2.4 - - [09/Jun/2023:12:24:23 -0500] "GET /BLA/boletinlegal/consulta_actos.php?tipo=resoluciones&no=2351&usuario=&sector=PEV&fecha=2011&resuelve= HTTP/1.1" 200 626
186.29.35.179 - - [09/Jun/2023:12:24:23 -0500] "GET /sipse/faces/presentacion/financiero/solicitudAnulacion/solicitudAnulacion.xhtml HTTP/1.1" 200 52544
186.29.35.179 - - [09/Jun/2023:12:24:24 -0500] "GET /sipse/faces/javax.faces.resource/theme.css?ln=primefaces-sipse HTTP/1.1" 304 -
186.29.35.179 - - [09/Jun/2023:12:24:24 -0500] "GET /sipse/faces/javax.faces.resource/layout/layout.css?ln=primefaces&v=4.0 HTTP/1.1" 304 -
186.29.35.179 - - [09/Jun/2023:12:24:24 -0500] "GET /sipse/faces/javax.faces.resource/jquery/jquery.js?ln=primefaces&v=4.0 HTTP/1.1" 304 -
186.29.35.179 - - [09/Jun/2023:12:24:24 -0500] "GET /sipse/faces/javax.faces.resource/jquery/jquery-plugins.js?ln=primefaces&v=4.0 HTTP/1.1" 304 -
186.29.35.179 - - [09/Jun/2023:12:24:24 -0500] "GET /sipse/faces/javax.faces.resource/primefaces.css?ln=primefaces&v=4.0 HTTP/1.1" 304 -
186.29.35.179 - - [09/Jun/2023:12:24:24 -0500] "GET /sipse/faces/javax.faces.resource/primefaces.js?ln=primefaces&v=4.0 HTTP/1.1" 304 -
186.29.35.179 - - [09/Jun/2023:12:24:24 -0500] "GET /sipse/faces/javax.faces.resource/layout/layout.js?ln=primefaces&v=4.0 HTTP/1.1" 304 -
172.22.2.4 - - [09/Jun/2023:12:24:25 -0500] "GET /BLA/boletinlegal/consulta_actos.php?tipo=resoluciones&no=2351&usuario=&sector=PEV&fecha=2011&resuelve= HTTP/1.1" 200 626
186.29.35.179 - - [09/Jun/2023:12:24:24 -0500] "POST /sipse/faces/presentacion/financiero/solicitudAnulacion/solicitudAnulacion.xhtml HTTP/1.1" 200 30849
172.22.2.4 - - [09/Jun/2023:12:24:25 -0500] "GET /BLA/boletinlegal/consulta_actos.php?tipo=resoluciones&no=2351&usuario=&sector=PEV&fecha=2011&resuelve= HTTP/1.1" 200 626
172.22.2.4 - - [09/Jun/2023:12:24:28 -0500] "GET /BLA/boletinlegal/consulta_actos.php?tipo=resoluciones&no=2351&usuario=&sector=PEV&fecha=2012&resuelve= HTTP/1.1" 200 626
172.22.2.4 - - [09/Jun/2023:12:24:32 -0500] "GET /BLA/boletinlegal/consulta_actos.php?tipo=resoluciones&no=2351&usuario=&sector=PEV&fecha=2013&resuelve= HTTP/1.1" 200 626
172.22.2.4 - - [09/Jun/2023:12:24:33 -0500] "GET /BLA/boletinlegal/consulta_actos.php?tipo=resoluciones&no=2351&usuario=&sector=PEV&fecha=2013&resuelve= HTTP/1.1" 200 626
172.22.2.4 - - [09/Jun/2023:12:24:35 -0500] "GET /BLA/boletinlegal/consulta_actos.php?tipo=resoluciones&no=2351&usuario=&sector=PEV&fecha=2014&resuelve= HTTP/1.1" 200 626
172.22.2.4 - - [09/Jun/2023:12:24:36 -0500] "GET /BLA/boletinlegal/consulta_actos.php?tipo=resoluciones&no=2351&usuario=&sector=PEV&fecha=2014&resuelve= HTTP/1.1" 200 626
172.22.2.4 - - [09/Jun/2023:12:24:47 -0500] "GET /BLA/boletinlegal/consulta_actos.php?tipo=resoluciones&no=2351&usuario=&sector=PEV&fecha=2011&resuelve= HTTP/1.1" 200 626
172.22.2.4 - - [09/Jun/2023:12:24:47 -0500] "GET /BLA/boletinlegal/consulta_actos.php?tipo=resoluciones&no=2351&usuario=&sector=PEV&fecha=2011&resuelve= HTTP/1.1" 200 626
172.22.2.4 - - [09/Jun/2023:12:24:55 -0500] "GET /BLA/boletinlegal/consulta_actos.php?tipo=resoluciones&no=2351&usuario=&sector=PEV&fecha=2017&resuelve= HTTP/1.1" 200 626
172.22.2.4 - - [09/Jun/2023:12:24:56 -0500] "GET /BLA/boletinlegal/consulta_actos.php?tipo=resoluciones&no=2351&usuario=&sector=PEV&fecha=2017&resuelve= HTTP/1.1" 200 626
172.22.2.4 - - [09/Jun/2023:12:24:56 -0500] "GET /BLA/boletinlegal/consulta_actos.php?tipo=resoluciones&no=2351&usuario=&sector=PEV&fecha=2017&resuelve= HTTP/1.1" 200 626
172.22.2.4 - - [09/Jun/2023:12:24:56 -0500] "GET /BLA/boletinlegal/consulta_actos.php?tipo=resoluciones&no=2351&usuario=&sector=PEV&fecha=2017&resuelve= HTTP/1.1" 200 626
172.22.2.4 - - [09/Jun/2023:12:25:02 -0500] "GET /BLA/boletinlegal/consulta_actos.php?tipo=resoluciones&no=2353&usuario=&sector=PEV&fecha=2017&resuelve= HTTP/1.1" 200 626
172.22.2.4 - - [09/Jun/2023:12:25:08 -0500] "GET /BLA/boletinlegal/consulta_actos.php?tipo=resoluciones&no=2353&usuario=&sector=PEV&fecha=2011&resuelve= HTTP/1.1" 200 626
172.22.2.4 - - [09/Jun/2023:12:25:12 -0500] "GET /BLA/boletinlegal/consulta_actos.php?tipo=resoluciones&no=2353&usuario=&sector=PEV&fecha=2011&resuelve= HTTP/1.1" 200 626
172.22.2.4 - - [09/Jun/2023:12:25:13 -0500] "GET /BLA/boletinlegal/consulta_actos.php?tipo=resoluciones&no=2353&usuario=&sector=PEV&fecha=2011&resuelve= HTTP/1.1" 200 626
172.22.2.4 - - [09/Jun/2023:12:25:15 -0500] "GET /BLA/boletinlegal/consulta_actos.php?tipo=resoluciones&no=2353&usuario=&sector=PEV&fecha=2011&resuelve= HTTP/1.1" 200 626
172.22.2.4 - - [09/Jun/2023:12:25:15 -0500] "GET /BLA/boletinlegal/consulta_actos.php?tipo=resoluciones&no=2353&usuario=&sector=PEV&fecha=2011&resuelve= HTTP/1.1" 200 626
172.22.2.4 - - [09/Jun/2023:12:25:18 -0500] "GET /BLA/boletinlegal/consulta_actos.php?tipo=resoluciones&no=2353&usuario=&sector=PEV&fecha=2011&resuelve= HTTP/1.1" 200 626
40.77.167.97 - - [09/Jun/2023:12:25:25 -0500] "GET /BLA/resoluciones/AUTOS%202021/0802.pdf HTTP/1.1" 200 359171
172.22.2.4 - - [09/Jun/2023:12:23:56 -0500] "HEAD /BLA/boletinlegal/ HTTP/1.1" 200 -
216.245.221.92 - - [09/Jun/2023:12:25:47 -0500] "HEAD / HTTP/1.1" 200 -
201.245.192.253 - - [09/Jun/2023:12:25:55 -0500] "GET /sipse/faces/faces/faces/autenticacion.xhtml HTTP/1.1" 200 12184
201.245.192.253 - - [09/Jun/2023:12:25:55 -0500] "GET /sipse/faces/javax.faces.resource/theme.css?ln=primefaces-sipse HTTP/1.1" 304 -
201.245.192.253 - - [09/Jun/2023:12:25:55 -0500] "GET /sipse/faces/javax.faces.resource/primefaces.css?ln=primefaces&v=4.0 HTTP/1.1" 304 -
201.245.192.253 - - [09/Jun/2023:12:25:55 -0500] "GET /sipse/faces/javax.faces.resource/layout/layout.css?ln=primefaces&v=4.0 HTTP/1.1" 304 -
201.245.192.253 - - [09/Jun/2023:12:25:55 -0500] "GET /sipse/faces/javax.faces.resource/jquery/jquery.js?ln=primefaces&v=4.0 HTTP/1.1" 304 -
201.245.192.253 - - [09/Jun/2023:12:25:55 -0500] "GET /sipse/faces/javax.faces.resource/jquery/jquery-plugins.js?ln=primefaces&v=4.0 HTTP/1.1" 304 -
201.245.192.253 - - [09/Jun/2023:12:25:55 -0500] "GET /sipse/faces/javax.faces.resource/primefaces.js?ln=primefaces&v=4.0 HTTP/1.1" 304 -
201.245.192.253 - - [09/Jun/2023:12:25:55 -0500] "GET /sipse/faces/javax.faces.resource/layout/layout.js?ln=primefaces&v=4.0 HTTP/1.1" 304 -
201.245.192.253 - - [09/Jun/2023:12:25:55 -0500] "GET /sipse/faces/javax.faces.resource/images/ui-icons_898989_256x240.png?ln=primefaces-aristo HTTP/1.1" 304 -
201.245.192.253 - - [09/Jun/2023:12:25:55 -0500] "GET /sipse/faces/faces/faces/index.xhtml HTTP/1.1" 200 677
201.245.192.253 - - [09/Jun/2023:12:25:55 -0500] "GET /sipse/faces/javax.faces.resource/theme.css?ln=primefaces-sipse HTTP/1.1" 304 -
201.245.192.253 - - [09/Jun/2023:12:25:56 -0500] "GET /sipse/faces/faces/faces/faces/autenticacion.xhtml HTTP/1.1" 200 12184
201.245.192.253 - - [09/Jun/2023:12:25:56 -0500] "GET /sipse/faces/javax.faces.resource/theme.css?ln=primefaces-sipse HTTP/1.1" 304 -
201.245.192.253 - - [09/Jun/2023:12:25:56 -0500] "GET /sipse/faces/javax.faces.resource/primefaces.css?ln=primefaces&v=4.0 HTTP/1.1" 304 -
201.245.192.253 - - [09/Jun/2023:12:25:56 -0500] "GET /sipse/faces/javax.faces.resource/layout/layout.css?ln=primefaces&v=4.0 HTTP/1.1" 304 -
201.245.192.253 - - [09/Jun/2023:12:25:56 -0500] "GET /sipse/faces/javax.faces.resource/jquery/jquery-plugins.js?ln=primefaces&v=4.0 HTTP/1.1" 304 -
201.245.192.253 - - [09/Jun/2023:12:25:56 -0500] "GET /sipse/faces/javax.faces.resource/jquery/jquery.js?ln=primefaces&v=4.0 HTTP/1.1" 304 -
201.245.192.253 - - [09/Jun/2023:12:25:56 -0500] "GET /sipse/faces/javax.faces.resource/layout/layout.js?ln=primefaces&v=4.0 HTTP/1.1" 304 -
201.245.192.253 - - [09/Jun/2023:12:25:56 -0500] "GET /sipse/faces/javax.faces.resource/primefaces.js?ln=primefaces&v=4.0 HTTP/1.1" 304 -
201.245.192.253 - - [09/Jun/2023:12:25:56 -0500] "GET /sipse/faces/javax.faces.resource/images/ui-icons_898989_256x240.png?ln=primefaces-aristo HTTP/1.1" 304 -
201.245.192.253 - - [09/Jun/2023:12:25:58 -0500] "POST /sipse/faces/autenticacion.xhtml HTTP/1.1" 200 18831
201.245.192.253 - - [09/Jun/2023:12:25:58 -0500] "GET /sipse/faces/javax.faces.resource/jquery/jquery.js?ln=primefaces&v=4.0 HTTP/1.1" 304 -
201.245.192.253 - - [09/Jun/2023:12:25:58 -0500] "GET /sipse/faces/javax.faces.resource/jquery/jquery-plugins.js?ln=primefaces&v=4.0 HTTP/1.1" 304 -
201.245.192.253 - - [09/Jun/2023:12:25:58 -0500] "GET /sipse/faces/javax.faces.resource/primefaces.js?ln=primefaces&v=4.0 HTTP/1.1" 304 -
201.245.192.253 - - [09/Jun/2023:12:25:58 -0500] "GET /sipse/faces/javax.faces.resource/layout/layout.js?ln=primefaces&v=4.0 HTTP/1.1" 304 -
201.245.192.253 - - [09/Jun/2023:12:25:59 -0500] "GET /sipse/css/imagen/contrasena.png HTTP/1.1" 404 383
201.245.192.253 - - [09/Jun/2023:12:25:59 -0500] "GET /sipse/faces/javax.faces.resource/messages/messages.png?ln=primefaces&v=4.0 HTTP/1.1" 304 -
181.53.13.252 - - [09/Jun/2023:12:25:59 -0500] "GET /BLA/resoluciones/ HTTP/1.1" 200 13502
201.245.192.253 - - [09/Jun/2023:12:26:00 -0500] "GET /sipse/faces/javax.faces.resource/images/ui-bg_flat_0_2d5972_40x100.png?ln=primefaces-aristo HTTP/1.1" 304 -
201.245.192.253 - - [09/Jun/2023:12:26:00 -0500] "POST /sipse/faces/bienvenido.xhtml HTTP/1.1" 200 3182
181.53.13.252 - - [09/Jun/2023:12:26:03 -0500] "GET /BLA/resoluciones/index.php?dir=AUTOS+2014%2F HTTP/1.1" 200 890036
201.245.192.253 - - [09/Jun/2023:12:26:12 -0500] "POST /sipse/faces/presentacion/financiero/solicitudProceso/consultarSolicitudProceso.xhtml HTTP/1.1" 200 5522
201.245.192.253 - - [09/Jun/2023:12:26:14 -0500] "POST /sipse/faces/bienvenido.xhtml HTTP/1.1" 200 2077
201.245.192.253 - - [09/Jun/2023:12:26:15 -0500] "POST /sipse/faces/bienvenido.xhtml HTTP/1.1" 200 37777
201.245.192.253 - - [09/Jun/2023:12:26:15 -0500] "GET /sipse/faces/javax.faces.resource/jquery/jquery.js?ln=primefaces&v=4.0 HTTP/1.1" 304 -
201.245.192.253 - - [09/Jun/2023:12:26:15 -0500] "GET /sipse/faces/javax.faces.resource/jquery/jquery-plugins.js?ln=primefaces&v=4.0 HTTP/1.1" 304 -
201.245.192.253 - - [09/Jun/2023:12:26:15 -0500] "GET /sipse/faces/javax.faces.resource/primefaces.js?ln=primefaces&v=4.0 HTTP/1.1" 304 -
201.245.192.253 - - [09/Jun/2023:12:26:16 -0500] "GET /sipse/faces/javax.faces.resource/layout/layout.js?ln=primefaces&v=4.0 HTTP/1.1" 304 -
201.245.192.253 - - [09/Jun/2023:12:26:18 -0500] "POST /sipse/faces/presentacion/financiero/solicitudProceso/consultar.xhtml HTTP/1.1" 200 12892
201.245.192.253 - - [09/Jun/2023:12:26:22 -0500] "POST /sipse/faces/presentacion/financiero/solicitudProceso/consultarSolicitudProceso.xhtml HTTP/1.1" 200 35782
201.245.192.253 - - [09/Jun/2023:12:26:24 -0500] "GET /sipse/faces/javax.faces.resource/primefaces.css?ln=primefaces&v=4.0 HTTP/1.1" 304 -
201.245.192.253 - - [09/Jun/2023:12:26:24 -0500] "GET /sipse/faces/javax.faces.resource/primefaces.js?ln=primefaces&v=4.0 HTTP/1.1" 304 -
201.245.192.253 - - [09/Jun/2023:12:26:24 -0500] "GET /sipse/faces/javax.faces.resource/theme.css?ln=primefaces-sipse HTTP/1.1" 304 -
201.245.192.253 - - [09/Jun/2023:12:26:24 -0500] "GET /sipse/faces/javax.faces.resource/jquery/jquery-plugins.js?ln=primefaces&v=4.0 HTTP/1.1" 304 -
201.245.192.253 - - [09/Jun/2023:12:26:24 -0500] "GET /sipse/faces/javax.faces.resource/jquery/jquery.js?ln=primefaces&v=4.0 HTTP/1.1" 304 -
201.245.192.253 - - [09/Jun/2023:12:26:24 -0500] "GET /sipse/faces/javax.faces.resource/layout/layout.css?ln=primefaces&v=4.0 HTTP/1.1" 304 -
201.245.192.253 - - [09/Jun/2023:12:26:24 -0500] "GET /sipse/faces/javax.faces.resource/layout/layout.js?ln=primefaces&v=4.0 HTTP/1.1" 304 -
201.245.192.253 - - [09/Jun/2023:12:26:21 -0500] "POST /sipse/faces/presentacion/financiero/solicitudProceso/consultar.xhtml HTTP/1.1" 200 151490
201.245.192.253 - - [09/Jun/2023:12:26:25 -0500] "GET /sipse/faces/javax.faces.resource/jquery/jquery.js?ln=primefaces&v=4.0 HTTP/1.1" 304 -
201.245.192.253 - - [09/Jun/2023:12:26:25 -0500] "GET /sipse/faces/javax.faces.resource/jquery/jquery-plugins.js?ln=primefaces&v=4.0 HTTP/1.1" 304 -
201.245.192.253 - - [09/Jun/2023:12:26:25 -0500] "GET /sipse/faces/javax.faces.resource/primefaces.js?ln=primefaces&v=4.0 HTTP/1.1" 304 -
201.245.192.253 - - [09/Jun/2023:12:26:25 -0500] "GET /sipse/faces/javax.faces.resource/layout/layout.js?ln=primefaces&v=4.0 HTTP/1.1" 304 -
172.22.2.4 - - [09/Jun/2023:12:24:46 -0500] "GET /BLA/boletinlegal/ HTTP/1.1" 200 57561
201.245.192.253 - - [09/Jun/2023:12:26:30 -0500] "POST /sipse/faces/presentacion/financiero/solicitudProceso/consultarSolicitudProceso.xhtml HTTP/1.1" 200 257810
186.102.23.91 - - [09/Jun/2023:12:26:36 -0500] "GET /kwssiamovil/sm/ldap/au?x=U2FsdGVkX1/0B4jXjNkdORYjLfq4kRGhrgdIMOBRjwq4QYEDxLm0cnnD6or803j3&y=U2FsdGVkX1973qfywMYWfwfZADGMnOMEG6DO5Tz8aaI= HTTP/1.1" 200 30
186.102.23.91 - - [09/Jun/2023:12:26:37 -0500] "GET /kwssiamovil/sm/acme/s?s=U2FsdGVkX19VObGLZ6Xpb/SuChzuFq+eqhIMBdzYMSdUZZiqbBfSSbEsAaRdv49qOvPxLdRU7ZW5lowYV10dXOEFGXNTWn7cRGIrzTaEIj4=&u=U2FsdGVkX18Q7mAj8xbdQQ7Wo0XEwXmTsUQaoBP9zfA=&y=U2FsdGVkX1973qfywMYWfwfZADGMnOMEG6DO5Tz8aaI= HTTP/1.1" 200 97
186.102.23.91 - - [09/Jun/2023:12:26:37 -0500] "GET /kwssiamovil/sm/acme/s?s=U2FsdGVkX1+DEHLCLycAuTwWZx2+ETymX5vVyS2QwfXEK+MEMsN5gVhTTzh/JykJqf7R7q3s3ns1OXDifVJE50IB6NmaK/pNaoOy964xe9OSceYDNSw0EtoufnF9tJjta+Pa3Y+jJyfnWXbSOtTdV1rF5rGBDc/MZG39ZbgksCqV5Tr98K1wI2tEuwEVcUvqsh8pP0zgFGx1+UZwakIBYMxzPw8sL6PEzufeDW4JneXrjIBc9bo6gXnxyYSOjxNsfc4e6n8J2zgbmgZYFzciu9nQafpI6GevSbiDQTNnq1PRVMa4JzWaD2x59bkQYq8oo3X9ojNa9MqxzeLjfzvnWSZjLruy5gyGB3aRfAtfmjj70raitHfhFEBhJQ4ygkfHnn6QRSkc+ypgwebiMeL76TAF1zHNkppiRujO+LLlsUK/PBFaq3TWaA5uo+XIkh4gyi65Kbv9CcEkNL4foNdPlrGIYfJhVDoI83cwiYKyd7DhN7h/+OYLfNugo8N6ToJbHi4OzG2qFGYL+y1yaxczpBBH3aet5RINscgACKFzNQvzn5XHR5Lkf052dkSnouGRtRf5Fz0TlVRBpP80SbNKsXWp4gPyJ4PFx6AYNXlV3fQ+nmpZX2cgNvD+yN0snD+30CAnjk1Gp+rA+H9gfBi3hC1PVcMJ1Rt15Tla6qc+7AyACiD+/3Ot+o1gCun7VWqGlzyzuAFeM0YYf3BmKg4PbGE056QuDeNmmHeZmGDRTjksSXqV0NAHPQ7gfr0q2vGFu1MJLCo58JMh5xepOmUg5c3rmj8ASStU0iTRWMbsd+fLuM68dOl5mX1ZRUcb2wqkkGI9sthL0kEHXFotGtZrzQIpfbcYxiDScvJADJCXJheEZSNZv80SsPHy+NZNawBstRoi0wsWcfFCc0SzNuVHfnljyG+Ps3VDJyPxdE2TlZlbFsYoYn+gfyUA+8hqDnWO1WEqK2xsJUsyEPT1TdFeJdJP+W+uU4WgeHQpMiP4zcxivRoDx/yK8y4jf+chaZ1PBKj9DKsjxB4MUwDk3knL+mCcqp6HbZm5xZkmvmoemRZCHdC6WmwGTvacPwRroRL8mP3fcW09yJ01E+xhZtsQQBGYNbnxofk0DPEW35Cw7d+BHpwkVPgd++3+lNgpasf1dB2+hudQsnXKLfuy601udtvUK5DKg6MIHqI9tH3xOyVD2dUHcPCaIXkrlH5nXIoeqjuEjD6ntwhPv+aWZD/GN5GddwUE1vykFRnqJdTIL8WBSeY2vaXJpO6clJ+LsK723ypSd2ZlGdptNNOVXk6tvVAlAb+r+jW8gkrmocPpFG8dtqBM78fTpA74m7K7GeOW7K7NliNc+PC3JKtJWktGHw8rpSI6KG5PTMmTVPif2xUv9hH7DU1rD2ow81pydh71tsDo1tQE89HNipk5seHB/yO6c+Pr1pvs8Vkn6YDcnDg//4vwZFBRdA1ciA/04KoUTuGjjVZD7x1DqwUsR2tPUysZX1dFRJrY8c6fSzNEtrpW24WbExUlcvXX04JYkoFSbyovgmM1yoKrbkpxSZRaf+UGo0w8i25yfhjkZZTWlQ524uGrUOFcPHRH0llRVo0MMch1MSb2O6vYyAPJY7P+4K8qnmZcEj00E/k5inebcpzzx2Z4JTjqBJhW2NKVshcHVdn2B1qvsc15I1el8a2C7nZdL2GQ9KvMIKNpFUpRSL/CNW2dkiNRL/ndsr42A79hfukOZIDbW/cQHOoNHYI3dhGYfwvakbGSVGTuRrPxWgg=&u=U2FsdGVkX18Q7mAj8xbdQQ7Wo0XEwXmTsUQaoBP9zfA=&y=U2FsdGVkX1973qfywMYWfwfZADGMnOMEG6DO5Tz8aaI= HTTP/1.1" 200 1781
186.102.23.91 - - [09/Jun/2023:12:26:39 -0500] "GET /kwssiamovil/sm/acme/s?s=U2FsdGVkX19jyYqD4JqNQkY1+uVTe+tnOnXpl5yYVAozu5WXOFKU7DflnYKMHG1LuqCyZV+FnGtw2kzHZpDRoFxD9OysWrIuqiGnL5invSYxL/2j0pHov6+YI1f+nUw3tNfTq0jGZZC4qrx1HX8/jnspKbHsauZDSW5zfCkF1031QvS4wXXu7BOAGXFNjRTF7osfSEKhXrbqLH0z/etDYCNFtjM9UMV2hkmudXNQICna/7dUu9USRmS36hZy+1dbcFzxgk+4HojZY/gbhNa4hN1FDzY5MitIdCrj3vk3TJRr1OecqtQoegMXEeAj/Mln2YK4Vhi+aknDD7hZIke9uqVfQvIR7m1c5eZHn/vdeGl7skLAxvE8RVTMB+YEBv1Heh0e1/QUK1Yn0KUH5eeTDtNLIPpwhhivRzjvX4NnmBh3QZs5MPJIw586yVWz8vmPb+A5PWjZudIV7MSdxIB7UoJhU7iZCko5qmVzHQIr2KCtP4Rty8Ka4x1IVRFJZHN2Lfv62v2Gukesq4VUAeYP7o0fych8xJIuFw/q51RJliUm466HorWBlM92E1JFm9Bs+Kq0vkr6SDWktGrc47RkE0d+fhQ/A6IFMkKLLcbIwWyrZumJps94XTrDBBf92o+TDzBQcG3XNijC/1c/Htk8cZ97AnGWmw21WKaQbbWb80OvEU9rJQGDgrN7urlgiYLLkBzVActFEbfS/cwTvdXicK6v3VuVjRykLq6PG/BY0zQAaRAXf5htmbHMYY9LKQtD&u=U2FsdGVkX18Q7mAj8xbdQQ7Wo0XEwXmTsUQaoBP9zfA=&y=U2FsdGVkX1973qfywMYWfwfZADGMnOMEG6DO5Tz8aaI= HTTP/1.1" 200 208
66.249.75.110 - - [09/Jun/2023:12:26:40 -0500] "-" 408 -
172.22.2.4 - - [09/Jun/2023:12:26:43 -0500] "GET /BLA/boletinlegal/consulta_actos.php?tipo=resoluciones&no=2353&usuario=&sector=PEV&fecha=2011&resuelve= HTTP/1.1" 200 626
186.102.23.91 - - [09/Jun/2023:12:26:39 -0500] "GET /kwssiamovil/sm/cjson/pre?f=1&x=U2FsdGVkX1/0B4jXjNkdORYjLfq4kRGhrgdIMOBRjwq4QYEDxLm0cnnD6or803j3 HTTP/1.1" 200 31032
172.22.2.4 - - [09/Jun/2023:12:26:54 -0500] "GET /BLA/boletinlegal/consulta_actos.php?tipo=resoluciones&no=3683&usuario=&sector=PEV&fecha=2010&resuelve= HTTP/1.1" 200 1165
190.85.68.254 - - [09/Jun/2023:12:27:00 -0500] "GET /BLA/resoluciones/RESOLUCIONES%202010/3683.pdf HTTP/1.1" 200 902038
190.85.68.254 - - [09/Jun/2023:12:27:03 -0500] "GET /BLA/resoluciones/RESOLUCIONES%202010/3683.pdf HTTP/1.1" 200 902038
190.85.68.254 - - [09/Jun/2023:12:27:04 -0500] "GET /BLA/resoluciones/RESOLUCIONES%202010/3683.pdf HTTP/1.1" 206 1025
201.245.192.253 - - [09/Jun/2023:12:27:22 -0500] "POST /sipse/faces/presentacion/financiero/solicitudProceso/crearModificarSolicitudProceso.xhtml HTTP/1.1" 200 118518
201.245.192.253 - - [09/Jun/2023:12:27:22 -0500] "GET /sipse/faces/javax.faces.resource/theme.css?ln=primefaces-sipse HTTP/1.1" 304 -
201.245.192.253 - - [09/Jun/2023:12:27:22 -0500] "GET /sipse/faces/javax.faces.resource/layout/layout.css?ln=primefaces&v=4.0 HTTP/1.1" 304 -
201.245.192.253 - - [09/Jun/2023:12:27:22 -0500] "GET /sipse/faces/javax.faces.resource/primefaces.css?ln=primefaces&v=4.0 HTTP/1.1" 304 -
201.245.192.253 - - [09/Jun/2023:12:27:22 -0500] "GET /sipse/faces/javax.faces.resource/jquery/jquery.js?ln=primefaces&v=4.0 HTTP/1.1" 304 -
201.245.192.253 - - [09/Jun/2023:12:27:22 -0500] "GET /sipse/faces/javax.faces.resource/jquery/jquery-plugins.js?ln=primefaces&v=4.0 HTTP/1.1" 304 -
201.245.192.253 - - [09/Jun/2023:12:27:22 -0500] "GET /sipse/faces/javax.faces.resource/primefaces.js?ln=primefaces&v=4.0 HTTP/1.1" 304 -
201.245.192.253 - - [09/Jun/2023:12:27:22 -0500] "GET /sipse/faces/javax.faces.resource/layout/layout.js?ln=primefaces&v=4.0 HTTP/1.1" 304 -
201.245.192.253 - - [09/Jun/2023:12:27:22 -0500] "GET /sipse/faces/javax.faces.resource/images/ui-icons_898989_256x240.png?ln=primefaces-aristo HTTP/1.1" 304 -
201.245.192.253 - - [09/Jun/2023:12:27:23 -0500] "GET /sipse/faces/javax.faces.resource/messages/messages.png?ln=primefaces&v=4.0 HTTP/1.1" 304 -
172.22.2.4 - - [09/Jun/2023:12:27:38 -0500] "GET /BLA/boletinlegal/consulta_actos.php?tipo=resoluciones&no=&usuario=&sector=SILVICULTURA&fecha=2022&resuelve= HTTP/1.1" 200 236181
51.159.195.16 - - [09/Jun/2023:12:27:51 -0500] "GET /semana-ambiental-con-invitados-internacionales-secretaria-de-ambiente-realiza-medicion-de-particulas-en-vehiculos-euro-vi.html HTTP/1.1" 200 800
51.159.195.16 - - [09/Jun/2023:12:27:52 -0500] "GET /images/medicion-particulas.jpg HTTP/1.1" 200 47583
201.245.192.253 - - [09/Jun/2023:12:27:59 -0500] "POST /sipse/faces/presentacion/financiero/solicitudProceso/consultarSolicitudProceso.xhtml HTTP/1.1" 200 135171
186.102.34.194 - - [09/Jun/2023:10:48:02 -0500] "GET /kwssiamovil/sm/des/cjson/pre?f=19&x=U2FsdGVkX19YY/ldYsg0kmwRLBeEp9TqG+hxR+aJ4bzJkFTYPey3S38KewdCrggD HTTP/1.1" 502 1356
201.245.192.253 - - [09/Jun/2023:12:28:11 -0500] "POST /sipse/faces/presentacion/financiero/solicitudProceso/consultarSolicitudProceso.xhtml HTTP/1.1" 200 4675
201.245.192.253 - - [09/Jun/2023:12:28:13 -0500] "POST /sipse/faces/presentacion/financiero/solicitudProceso/consultarSolicitudProceso.xhtml HTTP/1.1" 200 63934
201.245.192.253 - - [09/Jun/2023:12:28:14 -0500] "GET /sipse/faces/javax.faces.resource/jquery/jquery.js?ln=primefaces&v=4.0 HTTP/1.1" 304 -
201.245.192.253 - - [09/Jun/2023:12:28:14 -0500] "GET /sipse/faces/javax.faces.resource/jquery/jquery-plugins.js?ln=primefaces&v=4.0 HTTP/1.1" 304 -
201.245.192.253 - - [09/Jun/2023:12:28:14 -0500] "GET /sipse/faces/javax.faces.resource/primefaces.js?ln=primefaces&v=4.0 HTTP/1.1" 304 -
201.245.192.253 - - [09/Jun/2023:12:28:14 -0500] "GET /sipse/faces/javax.faces.resource/layout/layout.js?ln=primefaces&v=4.0 HTTP/1.1" 304 -
201.245.192.253 - - [09/Jun/2023:12:28:14 -0500] "POST /sipse/faces/presentacion/financiero/solicitudProceso/listarSolicitudProceso.xhtml HTTP/1.1" 200 57317
201.245.192.253 - - [09/Jun/2023:12:28:15 -0500] "POST /sipse/faces/presentacion/financiero/solicitudProceso/listarSolicitudProceso.xhtml HTTP/1.1" 200 57317
201.245.192.253 - - [09/Jun/2023:12:28:15 -0500] "POST /sipse/faces/presentacion/financiero/solicitudProceso/listarSolicitudProceso.xhtml HTTP/1.1" 200 1556
201.245.192.253 - - [09/Jun/2023:12:28:15 -0500] "POST /sipse/faces/presentacion/financiero/solicitudProceso/listarSolicitudProceso.xhtml HTTP/1.1" 200 1556
201.245.192.253 - - [09/Jun/2023:12:28:15 -0500] "POST /sipse/faces/presentacion/financiero/solicitudProceso/listarSolicitudProceso.xhtml HTTP/1.1" 200 1564
201.245.192.253 - - [09/Jun/2023:12:28:17 -0500] "POST /sipse/faces/presentacion/financiero/solicitudProceso/listarSolicitudProceso.xhtml HTTP/1.1" 200 57810
201.245.192.253 - - [09/Jun/2023:12:28:18 -0500] "GET /sipse/faces/javax.faces.resource/jquery/jquery.js?ln=primefaces&v=4.0 HTTP/1.1" 304 -
201.245.192.253 - - [09/Jun/2023:12:28:18 -0500] "GET /sipse/faces/javax.faces.resource/jquery/jquery-plugins.js?ln=primefaces&v=4.0 HTTP/1.1" 304 -
201.245.192.253 - - [09/Jun/2023:12:28:18 -0500] "GET /sipse/faces/javax.faces.resource/primefaces.js?ln=primefaces&v=4.0 HTTP/1.1" 304 -
201.245.192.253 - - [09/Jun/2023:12:28:18 -0500] "GET /sipse/faces/javax.faces.resource/layout/layout.js?ln=primefaces&v=4.0 HTTP/1.1" 304 -
201.245.192.253 - - [09/Jun/2023:12:28:22 -0500] "POST /sipse/faces/presentacion/financiero/solicitudProceso/crearModificarSolicitudProceso.xhtml HTTP/1.1" 200 26669
201.245.192.253 - - [09/Jun/2023:12:28:25 -0500] "POST /kwsrmcab/Wsrmcab  HTTP/1.1" 200 41606
201.245.192.253 - - [09/Jun/2023:12:28:33 -0500] "GET /BLA/resoluciones/RESOLUCIONES%202022/0502.pdf HTTP/1.1" 200 346177
201.245.192.253 - - [09/Jun/2023:12:29:12 -0500] "POST /sipse/faces/presentacion/financiero/solicitudProceso/crearModificarSolicitudProceso.xhtml HTTP/1.1" 200 24606
201.245.192.253 - - [09/Jun/2023:12:29:12 -0500] "GET /sipse/faces/javax.faces.resource/theme.css?ln=primefaces-sipse HTTP/1.1" 304 -
201.245.192.253 - - [09/Jun/2023:12:29:12 -0500] "GET /sipse/faces/javax.faces.resource/primefaces.css?ln=primefaces&v=4.0 HTTP/1.1" 304 -
201.245.192.253 - - [09/Jun/2023:12:29:12 -0500] "GET /sipse/faces/javax.faces.resource/jquery/jquery.js?ln=primefaces&v=4.0 HTTP/1.1" 304 -
201.245.192.253 - - [09/Jun/2023:12:29:12 -0500] "GET /sipse/faces/javax.faces.resource/layout/layout.css?ln=primefaces&v=4.0 HTTP/1.1" 304 -
201.245.192.253 - - [09/Jun/2023:12:29:12 -0500] "GET /sipse/faces/javax.faces.resource/jquery/jquery-plugins.js?ln=primefaces&v=4.0 HTTP/1.1" 304 -
201.245.192.253 - - [09/Jun/2023:12:29:12 -0500] "GET /sipse/faces/javax.faces.resource/layout/layout.js?ln=primefaces&v=4.0 HTTP/1.1" 304 -
201.245.192.253 - - [09/Jun/2023:12:29:12 -0500] "GET /sipse/faces/javax.faces.resource/primefaces.js?ln=primefaces&v=4.0 HTTP/1.1" 304 -
201.245.192.253 - - [09/Jun/2023:12:29:12 -0500] "GET /sipse/faces/javax.faces.resource/images/ui-icons_898989_256x240.png?ln=primefaces-aristo HTTP/1.1" 304 -
172.22.2.4 - - [09/Jun/2023:12:29:21 -0500] "GET /BLA/boletinlegal/consulta_actos.php?tipo=resoluciones&no=3680&usuario=&sector=PEV&fecha=2010&resuelve= HTTP/1.1" 200 1165
69.171.249.22 - - [09/Jun/2023:12:29:22 -0500] "GET /asi-fue-el-reverdecer-de-leandra-marulanda-mujer-resiliente-que-ahora-emprende-con-el-compostaje.html HTTP/1.1" 200 842
172.22.2.4 - - [09/Jun/2023:12:29:25 -0500] "GET /BLA/boletinlegal/consulta_actos.php?tipo=resoluciones&no=3680&usuario=&sector=PEV&fecha=2010&resuelve= HTTP/1.1" 200 1165
190.85.68.254 - - [09/Jun/2023:12:29:27 -0500] "GET /BLA/resoluciones/RESOLUCIONES%202010/3680.pdf HTTP/1.1" 200 914636
172.22.2.4 - - [09/Jun/2023:12:29:27 -0500] "GET /BLA/boletinlegal/consulta_actos.php?tipo=resoluciones&no=&usuario=&sector=COMPETENCIA&fecha=2022&resuelve= HTTP/1.1" 200 99495
190.85.68.254 - - [09/Jun/2023:12:29:28 -0500] "GET /favicon.ico HTTP/1.1" 200 7782
190.85.68.254 - - [09/Jun/2023:12:29:31 -0500] "GET /BLA/resoluciones/RESOLUCIONES%202010/3680.pdf HTTP/1.1" 200 914636
190.85.68.254 - - [09/Jun/2023:12:29:31 -0500] "GET /BLA/resoluciones/RESOLUCIONES%202010/3680.pdf HTTP/1.1" 206 1025
200.119.55.114 - - [09/Jun/2023:12:29:33 -0500] "GET /forest/ HTTP/1.1" 200 12041
172.22.2.4 - - [09/Jun/2023:12:29:40 -0500] "GET /BLA/boletinlegal/consulta_actos.php?tipo=resoluciones&no=&usuario=&sector=INFRAESTRUCTURA&fecha=2022&resuelve= HTTP/1.1" 200 2860
40.77.167.97 - - [09/Jun/2023:12:29:46 -0500] "GET /BLA/resoluciones/AUTOS%202014/0819.pdf HTTP/1.1" 200 167596
172.22.2.4 - - [09/Jun/2023:12:29:52 -0500] "GET /BLA/boletinlegal/actos.php HTTP/1.1" 200 9682
172.22.2.4 - - [09/Jun/2023:12:29:52 -0500] "GET /BLA/boletinlegal/favicon.ico HTTP/1.1" 404 1326
172.22.2.4 - - [09/Jun/2023:12:30:21 -0500] "GET /BLA/boletinlegal/consulta_actos.php?tipo=resoluciones&no=0729&usuario=&sector=&fecha=2023&resuelve= HTTP/1.1" 200 626
172.22.2.4 - - [09/Jun/2023:12:30:22 -0500] "GET /BLA/boletinlegal/consulta_actos.php?tipo=resoluciones&no=2349&usuario=&sector=PEV&fecha=2010&resuelve= HTTP/1.1" 200 1102
172.22.2.4 - - [09/Jun/2023:12:30:26 -0500] "GET /BLA/boletinlegal/consulta_actos.php?tipo=resoluciones&no=2349&usuario=&sector=PEV&fecha=2011&resuelve= HTTP/1.1" 200 626
172.22.2.4 - - [09/Jun/2023:12:30:28 -0500] "GET /BLA/boletinlegal/consulta_actos.php?tipo=resoluciones&no=2349&usuario=&sector=PEV&fecha=2011&resuelve= HTTP/1.1" 200 626
172.22.2.4 - - [09/Jun/2023:12:30:28 -0500] "GET /BLA/boletinlegal/consulta_actos.php?tipo=resoluciones&no=2349&usuario=&sector=PEV&fecha=2011&resuelve= HTTP/1.1" 200 626
172.22.2.4 - - [09/Jun/2023:12:30:29 -0500] "GET /BLA/boletinlegal/consulta_actos.php?tipo=resoluciones&no=2349&usuario=&sector=PEV&fecha=2011&resuelve= HTTP/1.1" 200 626
172.22.2.4 - - [09/Jun/2023:12:29:49 -0500] "GET /BLA/boletinlegal/ HTTP/1.1" 200 24523
172.22.2.4 - - [09/Jun/2023:12:30:34 -0500] "GET /BLA/boletinlegal/consulta_actos.php?tipo=resoluciones&no=2349&usuario=&sector=PEV&fecha=2010&resuelve= HTTP/1.1" 200 1102
172.22.2.4 - - [09/Jun/2023:12:30:43 -0500] "GET /BLA/boletinlegal/consulta_actos.php?tipo=resoluciones&no=0761&usuario=&sector=&fecha=2023&resuelve= HTTP/1.1" 200 626
172.22.2.4 - - [09/Jun/2023:12:30:43 -0500] "GET /BLA/boletinlegal/consulta_actos.php?tipo=resoluciones&no=2349&usuario=&sector=PEV&fecha=2011&resuelve= HTTP/1.1" 200 626
172.22.2.4 - - [09/Jun/2023:12:30:44 -0500] "GET /BLA/boletinlegal/consulta_actos.php?tipo=resoluciones&no=0761&usuario=&sector=&fecha=2023&resuelve= HTTP/1.1" 200 626
172.22.2.4 - - [09/Jun/2023:12:30:44 -0500] "GET /BLA/boletinlegal/consulta_actos.php?tipo=resoluciones&no=2349&usuario=&sector=PEV&fecha=2011&resuelve= HTTP/1.1" 200 626
172.22.2.4 - - [09/Jun/2023:12:30:44 -0500] "GET /BLA/boletinlegal/consulta_actos.php?tipo=resoluciones&no=2349&usuario=&sector=PEV&fecha=2011&resuelve= HTTP/1.1" 200 626
172.22.2.4 - - [09/Jun/2023:12:30:45 -0500] "GET /BLA/boletinlegal/consulta_actos.php?tipo=resoluciones&no=&usuario=&sector=SILVICULTURA&fecha=2022&resuelve= HTTP/1.1" 200 236181
172.22.2.4 - - [09/Jun/2023:12:30:45 -0500] "GET /BLA/boletinlegal/consulta_actos.php?tipo=resoluciones&no=0761&usuario=&sector=&fecha=2023&resuelve= HTTP/1.1" 200 626
172.22.2.4 - - [09/Jun/2023:12:30:45 -0500] "GET /BLA/boletinlegal/consulta_actos.php?tipo=resoluciones&no=2349&usuario=&sector=PEV&fecha=2011&resuelve= HTTP/1.1" 200 626
172.22.2.4 - - [09/Jun/2023:12:30:46 -0500] "GET /BLA/boletinlegal/consulta_actos.php?tipo=resoluciones&no=2349&usuario=&sector=PEV&fecha=2011&resuelve= HTTP/1.1" 200 626
216.245.221.92 - - [09/Jun/2023:12:30:47 -0500] "HEAD / HTTP/1.1" 200 -
172.22.2.4 - - [09/Jun/2023:12:30:52 -0500] "GET /BLA/boletinlegal/consulta_actos.php?tipo=resoluciones&no=2349&usuario=&sector=PEV&fecha=2010&resuelve= HTTP/1.1" 200 1102
172.22.2.4 - - [09/Jun/2023:12:30:55 -0500] "GET /BLA/boletinlegal/consulta_actos.php?tipo=resoluciones&no=2349&usuario=&sector=PEV&fecha=2010&resuelve= HTTP/1.1" 200 1102
172.22.2.4 - - [09/Jun/2023:12:31:02 -0500] "GET /BLA/boletinlegal/consulta_actos.php?tipo=resoluciones&no=0760&usuario=&sector=&fecha=2023&resuelve= HTTP/1.1" 200 626
172.22.2.4 - - [09/Jun/2023:12:31:02 -0500] "GET /BLA/boletinlegal/consulta_actos.php?tipo=resoluciones&no=2349&usuario=&sector=PEV&fecha=2012&resuelve= HTTP/1.1" 200 626
172.22.2.4 - - [09/Jun/2023:12:31:03 -0500] "GET /BLA/boletinlegal/consulta_actos.php?tipo=resoluciones&no=2349&usuario=&sector=PEV&fecha=2012&resuelve= HTTP/1.1" 200 626
172.22.2.4 - - [09/Jun/2023:12:31:03 -0500] "GET /BLA/boletinlegal/consulta_actos.php?tipo=resoluciones&no=2349&usuario=&sector=PEV&fecha=2012&resuelve= HTTP/1.1" 200 626
201.245.192.253 - - [09/Jun/2023:12:31:02 -0500] "POST /kwsrmcab/Wsrmcab HTTP/1.1" 200 41736
172.22.2.4 - - [09/Jun/2023:12:31:05 -0500] "GET /BLA/boletinlegal/conceptos.php HTTP/1.1" 200 7496
172.22.2.4 - - [09/Jun/2023:12:31:05 -0500] "GET /BLA/boletinlegal/js/ajax_conceptos.js HTTP/1.1" 200 1326
201.245.192.253 - - [09/Jun/2023:12:31:05 -0500] "POST /kwsrmcab/Wsrmcab HTTP/1.1" 200 43048
172.22.2.4 - - [09/Jun/2023:12:31:08 -0500] "GET /BLA/boletinlegal/consulta_actos.php?tipo=resoluciones&no=2349&usuario=&sector=PEV&fecha=2011&resuelve= HTTP/1.1" 200 626
172.22.2.4 - - [09/Jun/2023:12:31:09 -0500] "GET /BLA/boletinlegal/actos.php HTTP/1.1" 200 9682
172.22.2.4 - - [09/Jun/2023:12:31:11 -0500] "GET /BLA/boletinlegal/consulta_actos.php?tipo=resoluciones&no=2349&usuario=&sector=PEV&fecha=2011&resuelve= HTTP/1.1" 200 626
201.245.192.253 - - [09/Jun/2023:12:31:13 -0500] "GET /BLA/resoluciones/ HTTP/1.1" 200 13502
201.245.192.253 - - [09/Jun/2023:12:31:13 -0500] "GET /BLA/resoluciones/dlf/folder.png HTTP/1.1" 200 410
201.245.192.253 - - [09/Jun/2023:12:31:13 -0500] "GET /BLA/resoluciones/dlf/styles.css HTTP/1.1" 200 3049
201.245.192.253 - - [09/Jun/2023:12:31:13 -0500] "GET /BLA/resoluciones/dlf/bg.gif HTTP/1.1" 200 54
201.245.192.253 - - [09/Jun/2023:12:31:18 -0500] "GET /BLA/resoluciones/dlf/dirup.png HTTP/1.1" 200 644
201.245.192.253 - - [09/Jun/2023:12:31:18 -0500] "GET /BLA/resoluciones/dlf/pdf.gif HTTP/1.1" 200 272
201.245.192.253 - - [09/Jun/2023:12:31:17 -0500] "GET /BLA/resoluciones/index.php?dir=RESOLUCIONES+2022%2F HTTP/1.1" 200 307362
201.245.192.253 - - [09/Jun/2023:12:31:16 -0500] "POST /sipse/faces/presentacion/financiero/solicitudProceso/consultarSolicitudProceso.xhtml HTTP/1.1" 200 24776
201.245.192.253 - - [09/Jun/2023:12:31:17 -0500] "POST /sipse/faces/presentacion/financiero/solicitudProceso/consultarSolicitudProceso.xhtml HTTP/1.1" 200 50415
201.245.192.253 - - [09/Jun/2023:12:31:20 -0500] "GET /sipse/faces/javax.faces.resource/theme.css?ln=primefaces-sipse HTTP/1.1" 304 -
201.245.192.253 - - [09/Jun/2023:12:31:20 -0500] "GET /sipse/faces/javax.faces.resource/primefaces.css?ln=primefaces&v=4.0 HTTP/1.1" 304 -
201.245.192.253 - - [09/Jun/2023:12:31:20 -0500] "GET /sipse/faces/javax.faces.resource/jquery/jquery.js?ln=primefaces&v=4.0 HTTP/1.1" 304 -
201.245.192.253 - - [09/Jun/2023:12:31:20 -0500] "GET /sipse/faces/javax.faces.resource/jquery/jquery-plugins.js?ln=primefaces&v=4.0 HTTP/1.1" 304 -
201.245.192.253 - - [09/Jun/2023:12:31:20 -0500] "GET /sipse/faces/javax.faces.resource/layout/layout.css?ln=primefaces&v=4.0 HTTP/1.1" 304 -
201.245.192.253 - - [09/Jun/2023:12:31:20 -0500] "GET /sipse/faces/javax.faces.resource/primefaces.js?ln=primefaces&v=4.0 HTTP/1.1" 304 -
201.245.192.253 - - [09/Jun/2023:12:31:20 -0500] "GET /sipse/faces/javax.faces.resource/layout/layout.js?ln=primefaces&v=4.0 HTTP/1.1" 304 -
201.245.192.253 - - [09/Jun/2023:12:31:20 -0500] "GET /sipse/css/imagen/contrasena.png HTTP/1.1" 404 383
201.245.192.253 - - [09/Jun/2023:12:31:20 -0500] "GET /sipse/faces/javax.faces.resource/images/ui-icons_898989_256x240.png?ln=primefaces-aristo HTTP/1.1" 304 -
201.245.192.253 - - [09/Jun/2023:12:31:20 -0500] "GET /sipse/faces/javax.faces.resource/messages/messages.png?ln=primefaces&v=4.0 HTTP/1.1" 304 -
201.245.192.253 - - [09/Jun/2023:12:31:20 -0500] "GET /sipse/faces/javax.faces.resource/images/ui-bg_flat_0_2d5972_40x100.png?ln=primefaces-aristo HTTP/1.1" 304 -
172.22.2.4 - - [09/Jun/2023:12:31:21 -0500] "GET /BLA/boletinlegal/consulta_actos.php?tipo=resoluciones&no=0830&usuario=&sector=&fecha=2023&resuelve= HTTP/1.1" 200 626
201.245.192.253 - - [09/Jun/2023:12:31:20 -0500] "POST /sipse/faces/presentacion/financiero/solicitudProceso/listarSolicitudProceso.xhtml HTTP/1.1" 200 1476
172.22.2.4 - - [09/Jun/2023:12:31:22 -0500] "GET /BLA/boletinlegal/consulta_actos.php?tipo=resoluciones&no=0830&usuario=&sector=&fecha=2023&resuelve= HTTP/1.1" 200 626
201.245.192.253 - - [09/Jun/2023:12:31:21 -0500] "POST /sipse/faces/presentacion/financiero/solicitudProceso/listarSolicitudProceso.xhtml HTTP/1.1" 200 1480
172.22.2.4 - - [09/Jun/2023:12:31:26 -0500] "GET /BLA/boletinlegal/consulta_actos.php?tipo=resoluciones&no=2349&usuario=&sector=PEV&fecha=2011&resuelve= HTTP/1.1" 200 626
172.22.2.4 - - [09/Jun/2023:12:29:46 -0500] "HEAD /BLA/boletinlegal/ HTTP/1.1" 200 -
172.22.2.4 - - [09/Jun/2023:12:31:26 -0500] "GET /BLA/boletinlegal/consulta_actos.php?tipo=resoluciones&no=2349&usuario=&sector=PEV&fecha=2011&resuelve= HTTP/1.1" 200 626
172.22.2.4 - - [09/Jun/2023:12:31:29 -0500] "GET /BLA/boletinlegal/consulta_actos.php?tipo=resoluciones&no=2349&usuario=&sector=PEV&fecha=2012&resuelve= HTTP/1.1" 200 626
172.22.2.4 - - [09/Jun/2023:12:31:29 -0500] "GET /BLA/boletinlegal/consulta_actos.php?tipo=resoluciones&no=2349&usuario=&sector=PEV&fecha=2012&resuelve= HTTP/1.1" 200 626
201.245.192.253 - - [09/Jun/2023:12:31:30 -0500] "POST /sipse/faces/presentacion/financiero/solicitudProceso/listarSolicitudProceso.xhtml HTTP/1.1" 200 16180
201.245.192.253 - - [09/Jun/2023:12:31:31 -0500] "GET /BLA/resoluciones/RESOLUCIONES%202022/0416.pdf HTTP/1.1" 200 337344
172.22.2.4 - - [09/Jun/2023:12:31:31 -0500] "GET /BLA/boletinlegal/consulta_actos.php?tipo=resoluciones&no=2349&usuario=&sector=PEV&fecha=2013&resuelve= HTTP/1.1" 200 626
201.245.192.253 - - [09/Jun/2023:12:31:31 -0500] "POST /sipse/faces/presentacion/financiero/solicitudProceso/listarSolicitudProceso.xhtml HTTP/1.1" 200 28021
172.22.2.4 - - [09/Jun/2023:12:31:34 -0500] "GET /BLA/boletinlegal/consulta_actos.php?tipo=resoluciones&no=2349&usuario=&sector=PEV&fecha=2014&resuelve= HTTP/1.1" 200 626
172.22.2.4 - - [09/Jun/2023:12:31:35 -0500] "GET /BLA/boletinlegal/consulta_actos.php?tipo=resoluciones&no=2349&usuario=&sector=PEV&fecha=2014&resuelve= HTTP/1.1" 200 626
172.22.2.4 - - [09/Jun/2023:12:31:37 -0500] "GET /BLA/boletinlegal/consulta_actos.php?tipo=resoluciones&no=2349&usuario=&sector=PEV&fecha=2015&resuelve= HTTP/1.1" 200 626
172.22.2.4 - - [09/Jun/2023:12:31:37 -0500] "GET /BLA/boletinlegal/consulta_actos.php?tipo=resoluciones&no=2349&usuario=&sector=PEV&fecha=2015&resuelve= HTTP/1.1" 200 626
201.245.192.253 - - [09/Jun/2023:12:31:38 -0500] "POST /sipse/faces/presentacion/financiero/solicitudProceso/listarSolicitudProceso.xhtml HTTP/1.1" 200 16176
201.245.192.253 - - [09/Jun/2023:12:31:38 -0500] "POST /sipse/faces/presentacion/financiero/solicitudProceso/listarSolicitudProceso.xhtml HTTP/1.1" 200 28021
201.245.192.253 - - [09/Jun/2023:12:31:42 -0500] "GET /BLA/resoluciones/RESOLUCIONES%202022/0451.pdf HTTP/1.1" 200 388945
172.22.2.4 - - [09/Jun/2023:12:31:43 -0500] "GET /BLA/boletinlegal/consulta_actos.php?tipo=resoluciones&no=2349&usuario=&sector=PEV&fecha=2010&resuelve= HTTP/1.1" 200 1102
172.22.2.4 - - [09/Jun/2023:12:31:03 -0500] "GET /BLA/boletinlegal/index.php HTTP/1.1" 200 24523
191.102.196.235 - - [09/Jun/2023:12:31:49 -0500] "GET /kwssiamovil/sm/acme/u?s=U2FsdGVkX1+OlW30NyWfYSk+lxVE99XpyEx3ovF5Ee3R5VPHUxhC/FgBbynqPp2PE90EWm+BxFgXvyYus3+fL5peziWFgpjewtVnvNhL5qEoanfS2h6rrUJjsbhAJsTyBmKDpnjeq3JcLfrWdU+suUBdwWDowI/Hach3Ag3X+bA=&u=U2FsdGVkX19E8noQcoFc577teH43gkca3F3hew8XgIM=&y=U2FsdGVkX1/Sf5Q4ScDIjw5WYoLdx+UdfztlTvFvbMI= HTTP/1.1" 200 60
201.245.192.253 - - [09/Jun/2023:12:31:53 -0500] "GET /BLA/resoluciones/RESOLUCIONES%202022/0522.pdf HTTP/1.1" 200 351742
172.22.2.4 - - [09/Jun/2023:12:31:55 -0500] "GET /BLA/boletinlegal/consulta_actos.php?tipo=resoluciones&no=2350&usuario=&sector=PEV&fecha=2011&resuelve= HTTP/1.1" 200 626
172.22.2.4 - - [09/Jun/2023:12:32:04 -0500] "GET /BLA/boletinlegal/consulta_actos.php?tipo=resoluciones&no=2350&usuario=&sector=PEV&fecha=2011&resuelve= HTTP/1.1" 200 626
172.22.2.4 - - [09/Jun/2023:12:32:05 -0500] "GET /BLA/boletinlegal/consulta_actos.php?tipo=resoluciones&no=2350&usuario=&sector=PEV&fecha=2011&resuelve= HTTP/1.1" 200 626
172.22.2.4 - - [09/Jun/2023:12:32:06 -0500] "GET /BLA/boletinlegal/consulta_actos.php?tipo=resoluciones&no=2350&usuario=&sector=PEV&fecha=2011&resuelve= HTTP/1.1" 200 626
172.22.2.4 - - [09/Jun/2023:12:32:08 -0500] "GET /BLA/boletinlegal/consulta_actos.php?tipo=resoluciones&no=2350&usuario=&sector=PEV&fecha=2012&resuelve= HTTP/1.1" 200 626
172.22.2.4 - - [09/Jun/2023:12:32:11 -0500] "GET /BLA/boletinlegal/consulta_actos.php?tipo=resoluciones&no=2350&usuario=&sector=PEV&fecha=2013&resuelve= HTTP/1.1" 200 626
172.22.2.4 - - [09/Jun/2023:12:32:12 -0500] "GET /BLA/boletinlegal/consulta_actos.php?tipo=resoluciones&no=2350&usuario=&sector=PEV&fecha=2013&resuelve= HTTP/1.1" 200 626
172.22.2.4 - - [09/Jun/2023:12:32:14 -0500] "GET /BLA/boletinlegal/consulta_actos.php?tipo=resoluciones&no=2350&usuario=&sector=PEV&fecha=2014&resuelve= HTTP/1.1" 200 626
172.22.2.4 - - [09/Jun/2023:12:30:36 -0500] "GET /BLA/boletinlegal/ HTTP/1.1" 200 54424
172.22.2.4 - - [09/Jun/2023:12:32:18 -0500] "GET /BLA/boletinlegal/consulta_actos.php?tipo=resoluciones&no=2350&usuario=&sector=PEV&fecha=2015&resuelve= HTTP/1.1" 200 626
172.22.2.4 - - [09/Jun/2023:12:32:18 -0500] "GET /BLA/boletinlegal/consulta_actos.php?tipo=resoluciones&no=2350&usuario=&sector=PEV&fecha=2015&resuelve= HTTP/1.1" 200 626
172.22.2.4 - - [09/Jun/2023:12:32:20 -0500] "GET /BLA/boletinlegal/consulta_actos.php?tipo=resoluciones&no=2350&usuario=&sector=PEV&fecha=2016&resuelve= HTTP/1.1" 200 626
172.22.2.4 - - [09/Jun/2023:12:32:22 -0500] "GET /BLA/boletinlegal/consulta_actos.php?tipo=resoluciones&no=2350&usuario=&sector=PEV&fecha=2017&resuelve= HTTP/1.1" 200 626
172.22.2.4 - - [09/Jun/2023:12:32:23 -0500] "GET /BLA/boletinlegal/consulta_actos.php?tipo=resoluciones&no=2350&usuario=&sector=PEV&fecha=2017&resuelve= HTTP/1.1" 200 626
172.22.2.4 - - [09/Jun/2023:12:32:24 -0500] "GET /BLA/boletinlegal/consulta_actos.php?tipo=resoluciones&no=2350&usuario=&sector=PEV&fecha=2017&resuelve= HTTP/1.1" 200 626
172.22.2.4 - - [09/Jun/2023:12:32:27 -0500] "GET /BLA/boletinlegal/consulta_actos.php?tipo=resoluciones&no=2350&usuario=&sector=PEV&fecha=2017&resuelve= HTTP/1.1" 200 626
201.245.192.253 - - [09/Jun/2023:12:32:27 -0500] "GET /BLA/resoluciones/AUTOS%202020/3956.pdf HTTP/1.1" 200 2776411
172.22.2.4 - - [09/Jun/2023:12:32:27 -0500] "GET /BLA/boletinlegal/consulta_actos.php?tipo=resoluciones&no=2350&usuario=&sector=PEV&fecha=2017&resuelve= HTTP/1.1" 200 626
172.22.2.4 - - [09/Jun/2023:12:32:32 -0500] "GET /BLA/boletinlegal/consulta_actos.php?tipo=resoluciones&no=2350&usuario=&sector=PEV&fecha=2011&resuelve= HTTP/1.1" 200 626
172.22.2.4 - - [09/Jun/2023:12:32:32 -0500] "GET /BLA/boletinlegal/consulta_actos.php?tipo=resoluciones&no=2350&usuario=&sector=PEV&fecha=2011&resuelve= HTTP/1.1" 200 626
172.22.2.4 - - [09/Jun/2023:12:32:32 -0500] "GET /BLA/boletinlegal/consulta_actos.php?tipo=resoluciones&no=2350&usuario=&sector=PEV&fecha=2011&resuelve= HTTP/1.1" 200 626
172.22.2.4 - - [09/Jun/2023:12:32:38 -0500] "GET /BLA/boletinlegal/consulta_actos.php?tipo=resoluciones&no=2767&usuario=&sector=PEV&fecha=2011&resuelve= HTTP/1.1" 200 626
172.22.2.4 - - [09/Jun/2023:12:32:42 -0500] "GET /BLA/boletinlegal/consulta_actos.php?tipo=resoluciones&no=2767&usuario=&sector=PEV&fecha=2009&resuelve= HTTP/1.1" 200 1078
172.22.2.4 - - [09/Jun/2023:12:32:42 -0500] "GET /BLA/boletinlegal/consulta_actos.php?tipo=autos&no=&usuario=&sector=SILVICULTURA&fecha=2022&resuelve= HTTP/1.1" 200 244206
201.245.192.253 - - [09/Jun/2023:12:32:55 -0500] "GET /BLA/resoluciones/RESOLUCIONES%202022/0024.pdf HTTP/1.1" 200 351578
190.85.68.254 - - [09/Jun/2023:12:32:59 -0500] "GET /BLA/resoluciones/RESOLUCIONES%202009/2767.pdf HTTP/1.1" 200 408439
190.85.68.254 - - [09/Jun/2023:12:33:02 -0500] "GET /BLA/resoluciones/RESOLUCIONES%202009/2767.pdf HTTP/1.1" 200 408439
190.85.68.254 - - [09/Jun/2023:12:33:02 -0500] "GET /BLA/resoluciones/RESOLUCIONES%202009/2767.pdf HTTP/1.1" 206 1025
201.245.192.253 - - [09/Jun/2023:12:33:24 -0500] "POST /kwsrmcab/Wsrmcab  HTTP/1.1" 200 41606
177.252.190.199 - - [09/Jun/2023:12:33:28 -0500] "GET /en-junio-conectate-con-la-naturaleza-y-el-medioambiente-a-traves-de-estas-caminatas-ecologicas.html?fbclid=IwAR0gcdDK4pA19FW96jX0c03JUh8Y9XaAs7qarifahtun6uEZZf7zADbpFmA HTTP/1.1" 200 900
200.119.55.114 - - [09/Jun/2023:12:33:29 -0500] "GET /forest/ HTTP/1.1" 200 12041
66.249.75.110 - - [09/Jun/2023:12:33:34 -0500] "-" 408 -
201.245.192.253 - - [09/Jun/2023:12:33:35 -0500] "GET /BLA/resoluciones/RESOLUCIONES%202022/0001.pdf HTTP/1.1" 200 368629
172.22.2.4 - - [09/Jun/2023:12:33:47 -0500] "GET /BLA/boletinlegal/consulta_actos.php?tipo=resoluciones&no=3684&usuario=&sector=PEV&fecha=2010&resuelve= HTTP/1.1" 200 1165
190.85.68.254 - - [09/Jun/2023:12:33:51 -0500] "GET /BLA/resoluciones/RESOLUCIONES%202010/3684.pdf HTTP/1.1" 200 901504
172.22.2.4 - - [09/Jun/2023:12:33:57 -0500] "GET /BLA/boletinlegal/actos.php HTTP/1.1" 200 9682
69.171.249.20 - - [09/Jun/2023:12:33:58 -0500] "GET /manos-reparadoras-protagonistas-en-la-segunda-feria-de-moda-sostenible.html HTTP/1.1" 206 774
190.85.68.254 - - [09/Jun/2023:12:33:59 -0500] "GET /BLA/resoluciones/RESOLUCIONES%202010/3684.pdf HTTP/1.1" 206 1025
190.85.68.254 - - [09/Jun/2023:12:33:59 -0500] "GET /BLA/resoluciones/RESOLUCIONES%202010/3684.pdf HTTP/1.1" 200 901504
201.245.192.253 - - [09/Jun/2023:12:34:02 -0500] "GET /BLA/resoluciones/ HTTP/1.1" 200 13502
201.245.192.253 - - [09/Jun/2023:12:34:07 -0500] "GET /BLA/resoluciones/index.php?dir=RESOLUCIONES+2020%2F HTTP/1.1" 200 168722
201.245.192.253 - - [09/Jun/2023:12:34:07 -0500] "GET /BLA/resoluciones/dlf/archive.png HTTP/1.1" 200 632
201.245.192.253 - - [09/Jun/2023:12:34:09 -0500] "GET /BLA/resoluciones/RESOLUCIONES%202020/0001.pdf HTTP/1.1" 200 405353
201.245.192.253 - - [09/Jun/2023:12:34:18 -0500] "GET /BLA/resoluciones/ HTTP/1.1" 200 13502
201.245.192.253 - - [09/Jun/2023:12:34:22 -0500] "GET /BLA/resoluciones/index.php?dir=RESOLUCIONES+2022%2F HTTP/1.1" 200 307362
172.22.2.4 - - [09/Jun/2023:12:34:53 -0500] "GET /BLA/boletinlegal/consulta_actos.php?tipo=resoluciones&no=3681&usuario=&sector=PEV&fecha=2010&resuelve= HTTP/1.1" 200 1165
190.85.68.254 - - [09/Jun/2023:12:35:05 -0500] "GET /BLA/resoluciones/RESOLUCIONES%202010/3681.pdf HTTP/1.1" 200 897646
190.85.68.254 - - [09/Jun/2023:12:35:10 -0500] "GET /BLA/resoluciones/RESOLUCIONES%202010/3681.pdf HTTP/1.1" 206 1025
190.85.68.254 - - [09/Jun/2023:12:35:10 -0500] "GET /BLA/resoluciones/RESOLUCIONES%202010/3681.pdf HTTP/1.1" 200 897646
172.22.2.4 - - [09/Jun/2023:12:35:29 -0500] "GET /BLA/boletinlegal/actos.php HTTP/1.1" 200 9682
172.22.2.4 - - [09/Jun/2023:12:35:29 -0500] "GET /BLA/boletinlegal/favicon.ico HTTP/1.1" 404 1326
191.102.196.235 - - [09/Jun/2023:12:35:39 -0500] "OPTIONS /kwssiamovil/sm/setfile/f? HTTP/1.1" 200 13
216.245.221.92 - - [09/Jun/2023:12:35:47 -0500] "HEAD / HTTP/1.1" 200 -
172.22.2.4 - - [09/Jun/2023:12:35:56 -0500] "GET /BLA/boletinlegal/consulta_actos.php?tipo=resoluciones&no=2635&usuario=&sector=PEV&fecha=2009&resuelve= HTTP/1.1" 200 1284
172.22.2.4 - - [09/Jun/2023:12:35:58 -0500] "GET /BLA/boletinlegal/consulta_actos.php?tipo=resoluciones&no=0139&usuario=&sector=&fecha=2022&resuelve= HTTP/1.1" 200 1101
190.85.68.254 - - [09/Jun/2023:12:35:59 -0500] "GET /BLA/resoluciones/RESOLUCIONES%202009/2635.pdf HTTP/1.1" 200 1227140
191.156.150.225 - - [09/Jun/2023:12:36:01 -0500] "GET /BLA/resoluciones/RESOLUCIONES%202022/0139.pdf HTTP/1.1" 200 793893
190.85.68.254 - - [09/Jun/2023:12:36:03 -0500] "GET /BLA/resoluciones/RESOLUCIONES%202009/2635.pdf HTTP/1.1" 200 1227140
190.85.68.254 - - [09/Jun/2023:12:36:03 -0500] "GET /BLA/resoluciones/RESOLUCIONES%202009/2635.pdf HTTP/1.1" 206 1025
172.22.2.4 - - [09/Jun/2023:12:35:13 -0500] "GET /BLA/boletinlegal/ HTTP/1.1" 200 36811
172.22.2.4 - - [09/Jun/2023:12:36:48 -0500] "GET /BLA/boletinlegal/consulta_actos.php?tipo=resoluciones&no=&usuario=&sector=SILVICULTURA&fecha=2022&resuelve= HTTP/1.1" 200 236181
40.77.167.97 - - [09/Jun/2023:12:37:07 -0500] "GET /Publicaciones/2023EE92156.pdf HTTP/1.1" 404 227
40.77.167.97 - - [09/Jun/2023:12:37:07 -0500] "GET /BLA/resoluciones/AUTOS%202021/0266.pdf HTTP/1.1" 304 -
172.22.2.4 - - [09/Jun/2023:12:37:07 -0500] "GET /BLA/boletinlegal/consulta_actos.php?tipo=resoluciones&no=0144&usuario=&sector=&fecha=2022&resuelve= HTTP/1.1" 200 1107
172.22.2.4 - - [09/Jun/2023:12:37:09 -0500] "GET /BLA/boletinlegal/consulta_actos.php?tipo=resoluciones&no=0144&usuario=&sector=&fecha=2022&resuelve= HTTP/1.1" 200 1107
172.22.2.4 - - [09/Jun/2023:12:37:09 -0500] "GET /BLA/boletinlegal/consulta_actos.php?tipo=resoluciones&no=0144&usuario=&sector=&fecha=2022&resuelve= HTTP/1.1" 200 1107
172.22.2.4 - - [09/Jun/2023:12:37:10 -0500] "GET /BLA/boletinlegal/consulta_actos.php?tipo=resoluciones&no=0144&usuario=&sector=&fecha=2022&resuelve= HTTP/1.1" 200 1107
172.22.2.4 - - [09/Jun/2023:12:37:10 -0500] "GET /BLA/boletinlegal/consulta_actos.php?tipo=resoluciones&no=0144&usuario=&sector=&fecha=2022&resuelve= HTTP/1.1" 200 1107
172.22.2.4 - - [09/Jun/2023:12:37:10 -0500] "GET /BLA/boletinlegal/consulta_actos.php?tipo=resoluciones&no=0144&usuario=&sector=&fecha=2022&resuelve= HTTP/1.1" 200 1107
172.22.2.4 - - [09/Jun/2023:12:37:10 -0500] "GET /BLA/boletinlegal/consulta_actos.php?tipo=resoluciones&no=0144&usuario=&sector=&fecha=2022&resuelve= HTTP/1.1" 200 1107
172.22.2.4 - - [09/Jun/2023:12:37:10 -0500] "GET /BLA/boletinlegal/consulta_actos.php?tipo=resoluciones&no=0144&usuario=&sector=&fecha=2022&resuelve= HTTP/1.1" 200 1107
191.156.147.110 - - [09/Jun/2023:12:37:14 -0500] "GET /BLA/resoluciones/RESOLUCIONES%202022/0144.pdf HTTP/1.1" 200 429846
172.22.2.4 - - [09/Jun/2023:12:35:36 -0500] "HEAD /BLA/boletinlegal/ HTTP/1.1" 200 -
172.22.2.4 - - [09/Jun/2023:12:37:19 -0500] "GET /BLA/boletinlegal/consulta_actos.php?tipo=resoluciones&no=3679&usuario=&sector=PEV&fecha=2009&resuelve= HTTP/1.1" 200 626
172.22.2.4 - - [09/Jun/2023:12:37:20 -0500] "GET /BLA/boletinlegal/consulta_actos.php?tipo=resoluciones&no=3679&usuario=&sector=PEV&fecha=2009&resuelve= HTTP/1.1" 200 626
172.22.2.4 - - [09/Jun/2023:12:37:21 -0500] "GET /BLA/boletinlegal/consulta_actos.php?tipo=resoluciones&no=3679&usuario=&sector=PEV&fecha=2009&resuelve= HTTP/1.1" 200 626
