201.245.192.253 - - [09/Jun/2023:13:38:12 -0500] "POST /kwsrmcab/Wsrmcab  HTTP/1.1" 200 41606
198.74.59.35 - - [09/Jun/2023:13:38:19 -0500] "GET /galeria/galeria/jquery.fancybox.css?v=2.1.5 HTTP/1.1" 200 4895
198.74.59.35 - - [09/Jun/2023:13:38:19 -0500] "GET /BLA/boletinlegal/js/jquery.scrollShow.js HTTP/1.1" 200 4586
198.74.59.35 - - [09/Jun/2023:13:38:19 -0500] "GET /galeria/galeria/jquery.fancybox.js?v=2.1.5 HTTP/1.1" 200 48706
173.252.83.1 - - [09/Jun/2023:13:38:26 -0500] "GET /images/cr\xc3\xb3nica-29-nov-1_optimized.jpeg HTTP/1.1" 404 1034
172.22.2.4 - - [09/Jun/2023:13:38:39 -0500] "GET /BLA/boletinlegal/ HTTP/1.1" 200 24523
201.245.192.253 - - [09/Jun/2023:13:39:51 -0500] "GET /sipse/faces/index.xhtml HTTP/1.1" 200 677
201.245.192.253 - - [09/Jun/2023:13:39:51 -0500] "GET /sipse/faces/javax.faces.resource/theme.css?ln=primefaces-sipse HTTP/1.1" 304 -
201.245.192.253 - - [09/Jun/2023:13:39:51 -0500] "GET /sipse/faces/faces/autenticacion.xhtml HTTP/1.1" 200 12187
201.245.192.253 - - [09/Jun/2023:13:39:51 -0500] "GET /sipse/faces/javax.faces.resource/theme.css?ln=primefaces-sipse HTTP/1.1" 304 -
201.245.192.253 - - [09/Jun/2023:13:39:51 -0500] "GET /sipse/faces/javax.faces.resource/jquery/jquery.js?ln=primefaces&v=4.0 HTTP/1.1" 304 -
201.245.192.253 - - [09/Jun/2023:13:39:51 -0500] "GET /sipse/faces/javax.faces.resource/primefaces.css?ln=primefaces&v=4.0 HTTP/1.1" 304 -
201.245.192.253 - - [09/Jun/2023:13:39:51 -0500] "GET /sipse/faces/javax.faces.resource/layout/layout.css?ln=primefaces&v=4.0 HTTP/1.1" 304 -
201.245.192.253 - - [09/Jun/2023:13:39:51 -0500] "GET /sipse/faces/javax.faces.resource/layout/layout.js?ln=primefaces&v=4.0 HTTP/1.1" 304 -
201.245.192.253 - - [09/Jun/2023:13:39:51 -0500] "GET /sipse/faces/javax.faces.resource/primefaces.js?ln=primefaces&v=4.0 HTTP/1.1" 304 -
201.245.192.253 - - [09/Jun/2023:13:39:51 -0500] "GET /sipse/faces/javax.faces.resource/jquery/jquery-plugins.js?ln=primefaces&v=4.0 HTTP/1.1" 304 -
201.245.192.253 - - [09/Jun/2023:13:39:51 -0500] "GET /sipse/faces/javax.faces.resource/images/ui-icons_898989_256x240.png?ln=primefaces-aristo HTTP/1.1" 304 -
201.245.192.253 - - [09/Jun/2023:13:39:54 -0500] "POST /sipse/faces/autenticacion.xhtml HTTP/1.1" 200 19430
201.245.192.253 - - [09/Jun/2023:13:39:54 -0500] "GET /sipse/faces/javax.faces.resource/primefaces.css?ln=primefaces&v=4.0 HTTP/1.1" 304 -
201.245.192.253 - - [09/Jun/2023:13:39:54 -0500] "GET /sipse/faces/javax.faces.resource/theme.css?ln=primefaces-sipse HTTP/1.1" 304 -
201.245.192.253 - - [09/Jun/2023:13:39:54 -0500] "GET /sipse/faces/javax.faces.resource/layout/layout.css?ln=primefaces&v=4.0 HTTP/1.1" 304 -
201.245.192.253 - - [09/Jun/2023:13:39:54 -0500] "GET /sipse/faces/javax.faces.resource/jquery/jquery.js?ln=primefaces&v=4.0 HTTP/1.1" 304 -
201.245.192.253 - - [09/Jun/2023:13:39:54 -0500] "GET /sipse/faces/javax.faces.resource/jquery/jquery-plugins.js?ln=primefaces&v=4.0 HTTP/1.1" 304 -
201.245.192.253 - - [09/Jun/2023:13:39:54 -0500] "GET /sipse/faces/javax.faces.resource/primefaces.js?ln=primefaces&v=4.0 HTTP/1.1" 304 -
201.245.192.253 - - [09/Jun/2023:13:39:54 -0500] "GET /sipse/faces/javax.faces.resource/layout/layout.js?ln=primefaces&v=4.0 HTTP/1.1" 304 -
201.245.192.253 - - [09/Jun/2023:13:39:54 -0500] "GET /sipse/css/imagen/contrasena.png HTTP/1.1" 404 383
201.245.192.253 - - [09/Jun/2023:13:39:54 -0500] "GET /sipse/faces/javax.faces.resource/messages/messages.png?ln=primefaces&v=4.0 HTTP/1.1" 304 -
201.245.192.253 - - [09/Jun/2023:13:39:55 -0500] "GET /sipse/faces/javax.faces.resource/images/ui-bg_flat_0_2d5972_40x100.png?ln=primefaces-aristo HTTP/1.1" 304 -
201.245.192.253 - - [09/Jun/2023:13:39:55 -0500] "POST /sipse/faces/bienvenido.xhtml HTTP/1.1" 200 3182
201.245.192.253 - - [09/Jun/2023:13:39:56 -0500] "POST /sipse/faces/bienvenido.xhtml HTTP/1.1" 200 3262
201.245.192.253 - - [09/Jun/2023:13:39:57 -0500] "POST /sipse/faces/bienvenido.xhtml HTTP/1.1" 200 33023
201.245.192.253 - - [09/Jun/2023:13:39:57 -0500] "GET /sipse/faces/javax.faces.resource/primefaces.css?ln=primefaces&v=4.0 HTTP/1.1" 304 -
201.245.192.253 - - [09/Jun/2023:13:39:57 -0500] "GET /sipse/faces/javax.faces.resource/theme.css?ln=primefaces-sipse HTTP/1.1" 304 -
201.245.192.253 - - [09/Jun/2023:13:39:57 -0500] "GET /sipse/faces/javax.faces.resource/layout/layout.css?ln=primefaces&v=4.0 HTTP/1.1" 304 -
201.245.192.253 - - [09/Jun/2023:13:39:57 -0500] "GET /sipse/faces/javax.faces.resource/jquery/jquery.js?ln=primefaces&v=4.0 HTTP/1.1" 304 -
201.245.192.253 - - [09/Jun/2023:13:39:57 -0500] "GET /sipse/faces/javax.faces.resource/jquery/jquery-plugins.js?ln=primefaces&v=4.0 HTTP/1.1" 304 -
201.245.192.253 - - [09/Jun/2023:13:39:57 -0500] "GET /sipse/faces/javax.faces.resource/primefaces.js?ln=primefaces&v=4.0 HTTP/1.1" 304 -
201.245.192.253 - - [09/Jun/2023:13:39:57 -0500] "GET /sipse/faces/javax.faces.resource/layout/layout.js?ln=primefaces&v=4.0 HTTP/1.1" 304 -
201.245.192.253 - - [09/Jun/2023:13:39:57 -0500] "POST /sipse/faces/presentacion/financiero/solicitudProceso/listarSolicitudProceso.xhtml HTTP/1.1" 200 1376
201.245.192.253 - - [09/Jun/2023:13:40:01 -0500] "POST /sipse/faces/presentacion/financiero/solicitudProceso/listarSolicitudProceso.xhtml HTTP/1.1" 200 1677
201.245.192.253 - - [09/Jun/2023:13:40:11 -0500] "GET /sipse/faces/index.xhtml HTTP/1.1" 200 677
201.245.192.253 - - [09/Jun/2023:13:40:11 -0500] "GET /sipse/faces/javax.faces.resource/theme.css?ln=primefaces-sipse HTTP/1.1" 304 -
201.245.192.253 - - [09/Jun/2023:13:40:11 -0500] "GET /sipse/faces/faces/autenticacion.xhtml HTTP/1.1" 200 12178
201.245.192.253 - - [09/Jun/2023:13:40:11 -0500] "GET /sipse/js/disable_browser_buttons.js HTTP/1.1" 304 -
201.245.192.253 - - [09/Jun/2023:13:40:11 -0500] "GET /sipse/js/funciones.js HTTP/1.1" 304 -
201.245.192.253 - - [09/Jun/2023:13:40:11 -0500] "GET /sipse/css/custom_css_sg_prime_login.css HTTP/1.1" 304 -
201.245.192.253 - - [09/Jun/2023:13:40:11 -0500] "GET /sipse/css/custom_css_sg.css HTTP/1.1" 304 -
201.245.192.253 - - [09/Jun/2023:13:40:11 -0500] "GET /sipse/faces/javax.faces.resource/theme.css?ln=primefaces-sipse HTTP/1.1" 304 -
201.245.192.253 - - [09/Jun/2023:13:40:11 -0500] "GET /sipse/faces/javax.faces.resource/layout/layout.css?ln=primefaces&v=4.0 HTTP/1.1" 304 -
201.245.192.253 - - [09/Jun/2023:13:40:11 -0500] "GET /sipse/faces/javax.faces.resource/primefaces.css?ln=primefaces&v=4.0 HTTP/1.1" 304 -
201.245.192.253 - - [09/Jun/2023:13:40:11 -0500] "GET /sipse/faces/javax.faces.resource/jquery/jquery.js?ln=primefaces&v=4.0 HTTP/1.1" 304 -
201.245.192.253 - - [09/Jun/2023:13:40:11 -0500] "GET /sipse/faces/javax.faces.resource/jquery/jquery-plugins.js?ln=primefaces&v=4.0 HTTP/1.1" 304 -
201.245.192.253 - - [09/Jun/2023:13:40:11 -0500] "GET /sipse/faces/javax.faces.resource/primefaces.js?ln=primefaces&v=4.0 HTTP/1.1" 304 -
201.245.192.253 - - [09/Jun/2023:13:40:11 -0500] "GET /sipse/faces/javax.faces.resource/layout/layout.js?ln=primefaces&v=4.0 HTTP/1.1" 304 -
201.245.192.253 - - [09/Jun/2023:13:40:11 -0500] "GET /sipse/css/imagen/logoSDG.png HTTP/1.1" 304 -
201.245.192.253 - - [09/Jun/2023:13:40:11 -0500] "GET /sipse/css/imagen/loginimg.png HTTP/1.1" 304 -
201.245.192.253 - - [09/Jun/2023:13:40:11 -0500] "GET /sipse/faces/javax.faces.resource/images/ui-icons_898989_256x240.png?ln=primefaces-aristo HTTP/1.1" 304 -
173.252.83.4 - - [09/Jun/2023:13:40:20 -0500] "GET /images/Reciclaton-2023.jpg HTTP/1.1" 200 68883
201.245.192.253 - - [09/Jun/2023:13:40:19 -0500] "POST /sipse/faces/autenticacion.xhtml HTTP/1.1" 200 19398
201.245.192.253 - - [09/Jun/2023:13:40:20 -0500] "GET /sipse/css/custom_css_sg_prime.css HTTP/1.1" 304 -
201.245.192.253 - - [09/Jun/2023:13:40:20 -0500] "GET /sipse/faces/javax.faces.resource/layout/layout.css?ln=primefaces&v=4.0 HTTP/1.1" 304 -
201.245.192.253 - - [09/Jun/2023:13:40:20 -0500] "GET /sipse/faces/javax.faces.resource/theme.css?ln=primefaces-sipse HTTP/1.1" 304 -
201.245.192.253 - - [09/Jun/2023:13:40:20 -0500] "GET /sipse/faces/javax.faces.resource/primefaces.css?ln=primefaces&v=4.0 HTTP/1.1" 304 -
201.245.192.253 - - [09/Jun/2023:13:40:20 -0500] "GET /sipse/js/jquery.min.js HTTP/1.1" 304 -
201.245.192.253 - - [09/Jun/2023:13:40:20 -0500] "GET /sipse/faces/javax.faces.resource/jquery/jquery.js?ln=primefaces&v=4.0 HTTP/1.1" 304 -
201.245.192.253 - - [09/Jun/2023:13:40:20 -0500] "GET /sipse/faces/javax.faces.resource/jquery/jquery-plugins.js?ln=primefaces&v=4.0 HTTP/1.1" 304 -
201.245.192.253 - - [09/Jun/2023:13:40:20 -0500] "GET /sipse/faces/javax.faces.resource/primefaces.js?ln=primefaces&v=4.0 HTTP/1.1" 304 -
201.245.192.253 - - [09/Jun/2023:13:40:20 -0500] "GET /sipse/faces/javax.faces.resource/layout/layout.js?ln=primefaces&v=4.0 HTTP/1.1" 304 -
201.245.192.253 - - [09/Jun/2023:13:40:20 -0500] "GET /sipse/css/v_mergente.css HTTP/1.1" 304 -
201.245.192.253 - - [09/Jun/2023:13:40:20 -0500] "GET /sipse/imagenes/logoAplicacion.jpg HTTP/1.1" 304 -
201.245.192.253 - - [09/Jun/2023:13:40:20 -0500] "GET /sipse/imagenes/cargando.gif HTTP/1.1" 304 -
201.245.192.253 - - [09/Jun/2023:13:40:20 -0500] "GET /sipse/css/imagen/contrasena.png HTTP/1.1" 404 383
201.245.192.253 - - [09/Jun/2023:13:40:20 -0500] "GET /sipse/faces/javax.faces.resource/messages/messages.png?ln=primefaces&v=4.0 HTTP/1.1" 304 -
201.245.192.253 - - [09/Jun/2023:13:40:21 -0500] "GET /sipse/faces/javax.faces.resource/images/ui-bg_flat_0_2d5972_40x100.png?ln=primefaces-aristo HTTP/1.1" 304 -
201.245.192.253 - - [09/Jun/2023:13:40:21 -0500] "POST /sipse/faces/bienvenido.xhtml HTTP/1.1" 200 3182
201.245.192.253 - - [09/Jun/2023:13:40:22 -0500] "POST /sipse/faces/bienvenido.xhtml HTTP/1.1" 200 3262
201.245.192.253 - - [09/Jun/2023:13:40:23 -0500] "POST /sipse/faces/bienvenido.xhtml HTTP/1.1" 200 33023
201.245.192.253 - - [09/Jun/2023:13:40:23 -0500] "GET /sipse/faces/javax.faces.resource/primefaces.css?ln=primefaces&v=4.0 HTTP/1.1" 304 -
201.245.192.253 - - [09/Jun/2023:13:40:23 -0500] "GET /sipse/faces/javax.faces.resource/layout/layout.css?ln=primefaces&v=4.0 HTTP/1.1" 304 -
201.245.192.253 - - [09/Jun/2023:13:40:23 -0500] "GET /sipse/faces/javax.faces.resource/theme.css?ln=primefaces-sipse HTTP/1.1" 304 -
201.245.192.253 - - [09/Jun/2023:13:40:23 -0500] "GET /sipse/faces/javax.faces.resource/jquery/jquery.js?ln=primefaces&v=4.0 HTTP/1.1" 304 -
201.245.192.253 - - [09/Jun/2023:13:40:23 -0500] "GET /sipse/faces/javax.faces.resource/jquery/jquery-plugins.js?ln=primefaces&v=4.0 HTTP/1.1" 304 -
201.245.192.253 - - [09/Jun/2023:13:40:23 -0500] "GET /sipse/faces/javax.faces.resource/primefaces.js?ln=primefaces&v=4.0 HTTP/1.1" 304 -
201.245.192.253 - - [09/Jun/2023:13:40:23 -0500] "GET /sipse/faces/javax.faces.resource/layout/layout.js?ln=primefaces&v=4.0 HTTP/1.1" 304 -
201.245.192.253 - - [09/Jun/2023:13:40:24 -0500] "POST /sipse/faces/presentacion/financiero/solicitudProceso/listarSolicitudProceso.xhtml HTTP/1.1" 200 1376
216.245.221.92 - - [09/Jun/2023:13:40:46 -0500] "HEAD / HTTP/1.1" 200 -
201.245.192.253 - - [09/Jun/2023:13:41:01 -0500] "POST /kwsrmcab/Wsrmcab HTTP/1.1" 200 42247
201.245.192.253 - - [09/Jun/2023:13:41:04 -0500] "POST /kwsrmcab/Wsrmcab HTTP/1.1" 200 43207
172.22.2.4 - - [09/Jun/2023:13:39:46 -0500] "HEAD /BLA/boletinlegal/ HTTP/1.1" 200 -
172.22.2.4 - - [09/Jun/2023:13:40:36 -0500] "GET /BLA/boletinlegal/ HTTP/1.1" 200 59306
201.245.192.253 - - [09/Jun/2023:13:43:11 -0500] "POST /kwsrmcab/Wsrmcab  HTTP/1.1" 200 41606
40.77.167.97 - - [09/Jun/2023:13:44:40 -0500] "GET /catalogoisis/ HTTP/1.1" 200 8575
172.22.2.4 - - [09/Jun/2023:13:45:01 -0500] "GET /BLA/boletinlegal/consulta_actos.php?tipo=resoluciones&no=5255&usuario=&sector=&fecha=2022&resuelve= HTTP/1.1" 200 1055
40.77.167.245 - - [09/Jun/2023:13:45:42 -0500] "GET /images/evento-wef-1_optimized.jpeg HTTP/1.1" 200 138129
216.245.221.92 - - [09/Jun/2023:13:45:46 -0500] "HEAD / HTTP/1.1" 200 -
172.22.2.4 - - [09/Jun/2023:13:46:00 -0500] "GET /BLA/boletinlegal/consulta_actos.php?tipo=resoluciones&no=5255&usuario=&sector=&fecha=2022&resuelve= HTTP/1.1" 200 1055
200.119.55.114 - - [09/Jun/2023:13:46:16 -0500] "GET /forest/ HTTP/1.1" 200 12041
200.119.55.114 - - [09/Jun/2023:13:46:21 -0500] "POST /forest/index.php HTTP/1.1" 200 12268
66.220.149.2 - - [09/Jun/2023:13:46:36 -0500] "GET /images/Acuerdos%2001%20(1)%20(1).jpeg HTTP/1.1" 200 32884
200.119.55.114 - - [09/Jun/2023:13:46:46 -0500] "GET /forest/ HTTP/1.1" 200 12041
200.119.55.114 - - [09/Jun/2023:13:46:51 -0500] "POST /forest/index.php HTTP/1.1" 200 12268
186.84.21.166 - - [09/Jun/2023:13:47:08 -0500] "GET /sipse/faces/javax.faces.resource/images/ui-bg_flat_0_2d5972_40x100.png?ln=primefaces-aristo HTTP/1.1" 304 -
186.84.21.166 - - [09/Jun/2023:13:47:08 -0500] "POST /sipse/faces/presentacion/financiero/solicitudProceso/consultarSolicitudProceso.xhtml HTTP/1.1" 200 66021
186.84.21.166 - - [09/Jun/2023:13:47:09 -0500] "GET /sipse/faces/javax.faces.resource/theme.css?ln=primefaces-sipse HTTP/1.1" 304 -
186.84.21.166 - - [09/Jun/2023:13:47:09 -0500] "GET /sipse/faces/javax.faces.resource/primefaces.css?ln=primefaces&v=4.0 HTTP/1.1" 304 -
186.84.21.166 - - [09/Jun/2023:13:47:09 -0500] "GET /sipse/faces/javax.faces.resource/layout/layout.css?ln=primefaces&v=4.0 HTTP/1.1" 304 -
186.84.21.166 - - [09/Jun/2023:13:47:09 -0500] "GET /sipse/faces/javax.faces.resource/jquery/jquery.js?ln=primefaces&v=4.0 HTTP/1.1" 304 -
186.84.21.166 - - [09/Jun/2023:13:47:09 -0500] "GET /sipse/faces/javax.faces.resource/jquery/jquery-plugins.js?ln=primefaces&v=4.0 HTTP/1.1" 304 -
186.84.21.166 - - [09/Jun/2023:13:47:09 -0500] "GET /sipse/faces/javax.faces.resource/primefaces.js?ln=primefaces&v=4.0 HTTP/1.1" 304 -
186.84.21.166 - - [09/Jun/2023:13:47:09 -0500] "GET /sipse/faces/javax.faces.resource/layout/layout.js?ln=primefaces&v=4.0 HTTP/1.1" 304 -
186.84.21.166 - - [09/Jun/2023:13:47:10 -0500] "POST /sipse/faces/presentacion/financiero/solicitudProceso/listarSolicitudProceso.xhtml HTTP/1.1" 200 59399
186.84.21.166 - - [09/Jun/2023:13:47:10 -0500] "POST /sipse/faces/presentacion/financiero/solicitudProceso/listarSolicitudProceso.xhtml HTTP/1.1" 200 59399
186.84.21.166 - - [09/Jun/2023:13:47:11 -0500] "POST /sipse/faces/presentacion/financiero/solicitudProceso/listarSolicitudProceso.xhtml HTTP/1.1" 200 1556
186.84.21.166 - - [09/Jun/2023:13:47:12 -0500] "POST /sipse/faces/presentacion/financiero/solicitudProceso/listarSolicitudProceso.xhtml HTTP/1.1" 200 1556
186.84.21.166 - - [09/Jun/2023:13:47:12 -0500] "POST /sipse/faces/presentacion/financiero/solicitudProceso/listarSolicitudProceso.xhtml HTTP/1.1" 200 1564
186.84.21.166 - - [09/Jun/2023:13:47:14 -0500] "POST /sipse/faces/presentacion/financiero/solicitudProceso/listarSolicitudProceso.xhtml HTTP/1.1" 200 17102
172.22.2.4 - - [09/Jun/2023:13:45:36 -0500] "HEAD /BLA/boletinlegal/ HTTP/1.1" 200 -
172.22.2.4 - - [09/Jun/2023:13:46:26 -0500] "GET /BLA/boletinlegal/ HTTP/1.1" 200 57561
201.245.192.253 - - [09/Jun/2023:13:48:11 -0500] "POST /kwsrmcab/Wsrmcab  HTTP/1.1" 200 41606
185.233.19.2 - - [09/Jun/2023:13:48:39 -0500] "GET / HTTP/1.1" 200 319
190.85.68.254 - - [09/Jun/2023:13:49:22 -0500] "GET /BLA/resoluciones/RESOLUCIONES%202011/5326.pdf HTTP/1.1" 200 575086
190.85.68.254 - - [09/Jun/2023:13:49:25 -0500] "GET /BLA/resoluciones/RESOLUCIONES%202011/5326.pdf HTTP/1.1" 206 1025
190.85.68.254 - - [09/Jun/2023:13:49:25 -0500] "GET /BLA/resoluciones/RESOLUCIONES%202011/5326.pdf HTTP/1.1" 200 575086
172.22.2.4 - - [09/Jun/2023:13:49:36 -0500] "GET /BLA/boletinlegal/consulta_actos.php?tipo=resoluciones&no=5335&usuario=&sector=PEV&fecha=2011&resuelve= HTTP/1.1" 200 1096
190.85.68.254 - - [09/Jun/2023:13:49:38 -0500] "GET /BLA/resoluciones/RESOLUCIONES%202011/5335.pdf HTTP/1.1" 200 577354
190.85.68.254 - - [09/Jun/2023:13:49:44 -0500] "GET /BLA/resoluciones/RESOLUCIONES%202011/5335.pdf HTTP/1.1" 206 1025
190.85.68.254 - - [09/Jun/2023:13:49:44 -0500] "GET /BLA/resoluciones/RESOLUCIONES%202011/5335.pdf HTTP/1.1" 200 577354
40.77.167.98 - - [09/Jun/2023:13:49:45 -0500] "GET /forest/ HTTP/1.1" 200 12041
172.22.2.4 - - [09/Jun/2023:13:49:46 -0500] "GET /BLA/boletinlegal/consulta_actos.php?tipo=resoluciones&no=5331&usuario=&sector=PEV&fecha=2011&resuelve= HTTP/1.1" 200 1090
190.85.68.254 - - [09/Jun/2023:13:49:48 -0500] "GET /BLA/resoluciones/RESOLUCIONES%202011/5331.pdf HTTP/1.1" 200 582842
190.85.68.254 - - [09/Jun/2023:13:49:53 -0500] "GET /BLA/resoluciones/RESOLUCIONES%202011/5331.pdf HTTP/1.1" 206 1025
190.85.68.254 - - [09/Jun/2023:13:49:53 -0500] "GET /BLA/resoluciones/RESOLUCIONES%202011/5331.pdf HTTP/1.1" 200 582842
172.22.2.4 - - [09/Jun/2023:13:49:56 -0500] "GET /BLA/boletinlegal/consulta_actos.php?tipo=resoluciones&no=5325&usuario=&sector=PEV&fecha=2011&resuelve= HTTP/1.1" 200 1096
190.85.68.254 - - [09/Jun/2023:13:49:59 -0500] "GET /BLA/resoluciones/RESOLUCIONES%202011/5325.pdf HTTP/1.1" 200 574724
190.85.68.254 - - [09/Jun/2023:13:50:04 -0500] "GET /BLA/resoluciones/RESOLUCIONES%202011/5325.pdf HTTP/1.1" 206 1025
190.85.68.254 - - [09/Jun/2023:13:50:04 -0500] "GET /BLA/resoluciones/RESOLUCIONES%202011/5325.pdf HTTP/1.1" 200 574724
172.22.2.4 - - [09/Jun/2023:13:50:16 -0500] "GET /BLA/boletinlegal/consulta_actos.php?tipo=resoluciones&no=5849&usuario=&sector=PEV&fecha=2011&resuelve= HTTP/1.1" 200 1096
190.85.68.254 - - [09/Jun/2023:13:50:18 -0500] "GET /BLA/resoluciones/RESOLUCIONES%202011/5849.pdf HTTP/1.1" 200 34683
190.85.68.254 - - [09/Jun/2023:13:50:21 -0500] "GET /BLA/resoluciones/RESOLUCIONES%202011/5849.pdf HTTP/1.1" 200 34683
190.85.68.254 - - [09/Jun/2023:13:50:21 -0500] "GET /BLA/resoluciones/RESOLUCIONES%202011/5849.pdf HTTP/1.1" 206 1025
216.245.221.92 - - [09/Jun/2023:13:50:46 -0500] "HEAD / HTTP/1.1" 200 -
172.22.2.4 - - [09/Jun/2023:13:50:46 -0500] "GET /BLA/boletinlegal/actos.php HTTP/1.1" 200 9682
172.22.2.4 - - [09/Jun/2023:13:50:49 -0500] "GET /BLA/boletinlegal/favicon.ico HTTP/1.1" 404 1326
172.22.2.4 - - [09/Jun/2023:13:50:50 -0500] "GET /BLA/boletinlegal/consulta_actos.php?tipo=resoluciones&no=5241&usuario=&sector=PEV&fecha=2011&resuelve= HTTP/1.1" 200 1109
200.119.55.114 - - [09/Jun/2023:13:51:07 -0500] "GET /forest/ HTTP/1.1" 200 12041
172.22.2.4 - - [09/Jun/2023:13:52:16 -0500] "GET /BLA/boletinlegal/consulta_actos.php?tipo=resoluciones&no=5241&usuario=&sector=PEV&fecha=2011&resuelve= HTTP/1.1" 200 1109
172.22.2.4 - - [09/Jun/2023:13:52:17 -0500] "GET /BLA/boletinlegal/consulta_actos.php?tipo=resoluciones&no=5241&usuario=&sector=PEV&fecha=2011&resuelve= HTTP/1.1" 200 1109
190.85.68.254 - - [09/Jun/2023:13:52:21 -0500] "GET /BLA/resoluciones/RESOLUCIONES%202011/5241.pdf HTTP/1.1" 200 615692
190.85.68.254 - - [09/Jun/2023:13:52:25 -0500] "GET /BLA/resoluciones/RESOLUCIONES%202011/5241.pdf HTTP/1.1" 200 615692
190.85.68.254 - - [09/Jun/2023:13:52:25 -0500] "GET /BLA/resoluciones/RESOLUCIONES%202011/5241.pdf HTTP/1.1" 206 1025
201.245.192.253 - - [09/Jun/2023:13:52:49 -0500] "GET /sipse/faces/index.xhtml HTTP/1.1" 200 677
201.245.192.253 - - [09/Jun/2023:13:52:49 -0500] "GET /sipse/faces/javax.faces.resource/theme.css?ln=primefaces-sipse HTTP/1.1" 200 50058
201.245.192.253 - - [09/Jun/2023:13:52:49 -0500] "GET /favicon.ico HTTP/1.1" 200 7782
172.22.2.4 - - [09/Jun/2023:13:51:25 -0500] "HEAD /BLA/boletinlegal/ HTTP/1.1" 200 -
201.245.192.253 - - [09/Jun/2023:13:53:10 -0500] "POST /kwsrmcab/Wsrmcab  HTTP/1.1" 200 41606
172.22.2.4 - - [09/Jun/2023:13:52:16 -0500] "GET /BLA/boletinlegal/ HTTP/1.1" 200 57945
181.53.12.185 - - [09/Jun/2023:13:54:10 -0500] "GET /galeria/galeria/jquery.fancybox.css?v=2.1.5 HTTP/1.1" 200 4895
181.53.12.185 - - [09/Jun/2023:13:54:10 -0500] "GET /galeria/galeria/jquery.fancybox.js?v=2.1.5 HTTP/1.1" 200 48706
181.53.12.185 - - [09/Jun/2023:13:54:10 -0500] "GET /BLA/boletinlegal/js/jquery.scrollShow.js HTTP/1.1" 200 4586
216.245.221.92 - - [09/Jun/2023:13:55:46 -0500] "HEAD / HTTP/1.1" 200 -
190.24.25.172 - - [09/Jun/2023:13:55:59 -0500] "GET /forest/ HTTP/1.1" 200 12041
190.24.25.172 - - [09/Jun/2023:13:56:02 -0500] "GET /forest/ HTTP/1.1" 200 12041
66.249.75.96 - - [09/Jun/2023:13:56:31 -0500] "-" 408 -
200.119.55.114 - - [09/Jun/2023:13:56:46 -0500] "GET /forest/ HTTP/1.1" 200 12041
200.119.55.114 - - [09/Jun/2023:13:56:51 -0500] "POST /forest/index.php HTTP/1.1" 200 12268
172.22.2.4 - - [09/Jun/2023:13:57:21 -0500] "GET /BLA/boletinlegal/actos.php HTTP/1.1" 200 9682
172.22.2.4 - - [09/Jun/2023:13:57:21 -0500] "GET /BLA/boletinlegal/styles2.css HTTP/1.1" 200 1838
172.22.2.4 - - [09/Jun/2023:13:57:21 -0500] "GET /BLA/boletinlegal/style.css HTTP/1.1" 200 9406
172.22.2.4 - - [09/Jun/2023:13:57:21 -0500] "GET /BLA/boletinlegal/niceforms.js HTTP/1.1" 200 22876
172.22.2.4 - - [09/Jun/2023:13:57:21 -0500] "GET /BLA/boletinlegal/js/ajax_actos.js HTTP/1.1" 200 1322
172.22.2.4 - - [09/Jun/2023:13:57:21 -0500] "GET /BLA/boletinlegal/js/lib.js HTTP/1.1" 200 6474
172.22.2.4 - - [09/Jun/2023:13:57:21 -0500] "GET /BLA/boletinlegal/js/popup.js HTTP/1.1" 200 1270
172.22.2.4 - - [09/Jun/2023:13:57:21 -0500] "GET /BLA/boletinlegal/js/jquery1.js HTTP/1.1" 200 29846
172.22.2.4 - - [09/Jun/2023:13:57:21 -0500] "GET /BLA/boletinlegal/niceforms-default.css HTTP/1.1" 200 6694
172.22.2.4 - - [09/Jun/2023:13:57:21 -0500] "GET /BLA/boletinlegal/images/cabezote%20BLEGAL.jpg HTTP/1.1" 200 118164
172.22.2.4 - - [09/Jun/2023:13:57:21 -0500] "GET /BLA/boletinlegal/images/subscribe-icon-big.png HTTP/1.1" 200 47702
172.22.2.4 - - [09/Jun/2023:13:57:21 -0500] "GET /BLA/boletinlegal/images/historia.png HTTP/1.1" 200 52775
172.22.2.4 - - [09/Jun/2023:13:57:21 -0500] "GET /BLA/boletinlegal/images/green-yellow-blue-pink-th.png HTTP/1.1" 200 7394
172.22.2.4 - - [09/Jun/2023:13:57:21 -0500] "GET /BLA/boletinlegal/images/registro-usuarios.png HTTP/1.1" 200 8106
172.22.2.4 - - [09/Jun/2023:13:57:21 -0500] "GET /BLA/boletinlegal/images/tel.png HTTP/1.1" 200 14477
172.22.2.4 - - [09/Jun/2023:13:57:21 -0500] "GET /BLA/boletinlegal/images/icono-email.png HTTP/1.1" 200 5544
172.22.2.4 - - [09/Jun/2023:13:57:21 -0500] "GET /BLA/boletinlegal/images/body_bg.jpg HTTP/1.1" 200 1601
172.22.2.4 - - [09/Jun/2023:13:57:21 -0500] "GET /BLA/boletinlegal/images/menu_lft.gif HTTP/1.1" 200 1713
172.22.2.4 - - [09/Jun/2023:13:57:21 -0500] "GET /BLA/boletinlegal/images/menu_rght.gif HTTP/1.1" 200 1627
172.22.2.4 - - [09/Jun/2023:13:57:21 -0500] "GET /BLA/boletinlegal/images/bg_top.jpg HTTP/1.1" 200 522
172.22.2.4 - - [09/Jun/2023:13:57:21 -0500] "GET /BLA/boletinlegal/images/menu_bg.jpg HTTP/1.1" 200 620
172.22.2.4 - - [09/Jun/2023:13:57:21 -0500] "GET /BLA/boletinlegal/images/hover.jpg HTTP/1.1" 200 640
172.22.2.4 - - [09/Jun/2023:13:57:21 -0500] "GET /BLA/boletinlegal/images/text.jpg HTTP/1.1" 200 568
172.22.2.4 - - [09/Jun/2023:13:57:21 -0500] "GET /BLA/boletinlegal/images/footer_bg.jpg HTTP/1.1" 200 586
172.22.2.4 - - [09/Jun/2023:13:57:21 -0500] "GET /BLA/boletinlegal/images/footer_bg_l.jpg HTTP/1.1" 200 776
172.22.2.4 - - [09/Jun/2023:13:57:22 -0500] "GET /BLA/boletinlegal/img/0.png HTTP/1.1" 200 110
172.22.2.4 - - [09/Jun/2023:13:57:22 -0500] "GET /BLA/boletinlegal/img/select-left.png HTTP/1.1" 200 263
172.22.2.4 - - [09/Jun/2023:13:57:22 -0500] "GET /BLA/boletinlegal/img/select-right.png HTTP/1.1" 200 44019
172.22.2.4 - - [09/Jun/2023:13:57:22 -0500] "GET /BLA/boletinlegal/img/button-left.png HTTP/1.1" 200 57071
172.22.2.4 - - [09/Jun/2023:13:57:22 -0500] "GET /BLA/boletinlegal/img/button-right.png HTTP/1.1" 200 57878
172.22.2.4 - - [09/Jun/2023:13:57:22 -0500] "GET /BLA/boletinlegal/img/button.png HTTP/1.1" 200 43241
172.22.2.4 - - [09/Jun/2023:13:57:22 -0500] "GET /BLA/boletinlegal/favicon.ico HTTP/1.1" 404 1326
172.22.2.4 - - [09/Jun/2023:13:57:24 -0500] "GET /BLA/boletinlegal/consulta_actos.php?tipo=resoluciones&no=3667&usuario=&sector=&fecha=2018&resuelve= HTTP/1.1" 200 1370
172.22.2.4 - - [09/Jun/2023:13:57:24 -0500] "GET /BLA/boletinlegal/images/pdf.gif HTTP/1.1" 200 567
181.71.25.144 - - [09/Jun/2023:13:57:29 -0500] "GET /BLA/resoluciones/RESOLUCIONES%202018/3667.pdf HTTP/1.1" 200 298237
181.71.25.144 - - [09/Jun/2023:13:57:30 -0500] "GET /favicon.ico HTTP/1.1" 200 7782
172.22.2.4 - - [09/Jun/2023:13:57:31 -0500] "GET /BLA/boletinlegal/consulta_actos.php?tipo=resoluciones&no=5838&usuario=&sector=PEV&fecha=2011&resuelve= HTTP/1.1" 200 1091
190.85.68.254 - - [09/Jun/2023:13:57:33 -0500] "GET /BLA/resoluciones/RESOLUCIONES%202011/5838.pdf HTTP/1.1" 200 416739
190.85.68.254 - - [09/Jun/2023:13:57:36 -0500] "GET /BLA/resoluciones/RESOLUCIONES%202011/5838.pdf HTTP/1.1" 200 416739
190.85.68.254 - - [09/Jun/2023:13:57:36 -0500] "GET /BLA/resoluciones/RESOLUCIONES%202011/5838.pdf HTTP/1.1" 206 1025
172.22.2.4 - - [09/Jun/2023:13:57:42 -0500] "GET /BLA/boletinlegal/consulta_actos.php?tipo=resoluciones&no=5844&usuario=&sector=PEV&fecha=2011&resuelve= HTTP/1.1" 200 1091
190.85.68.254 - - [09/Jun/2023:13:57:53 -0500] "GET /BLA/resoluciones/RESOLUCIONES%202011/5844.pdf HTTP/1.1" 200 410507
172.22.2.4 - - [09/Jun/2023:13:57:56 -0500] "GET /BLA/boletinlegal/consulta_actos.php?tipo=resoluciones&no=3667&usuario=&sector=&fecha=2017&resuelve= HTTP/1.1" 200 1384
172.22.2.4 - - [09/Jun/2023:13:57:59 -0500] "GET /BLA/boletinlegal/consulta_actos.php?tipo=resoluciones&no=5759&usuario=&sector=PEV&fecha=2011&resuelve= HTTP/1.1" 200 1096
190.85.68.254 - - [09/Jun/2023:13:58:01 -0500] "GET /BLA/resoluciones/RESOLUCIONES%202011/5759.pdf HTTP/1.1" 200 433904
181.71.25.144 - - [09/Jun/2023:13:58:03 -0500] "GET /BLA/resoluciones/RESOLUCIONES%202017/3667.pdf HTTP/1.1" 200 333450
201.245.192.253 - - [09/Jun/2023:13:58:04 -0500] "POST /sipse/faces/presentacion/financiero/solicitudProceso/listarSolicitudProceso.xhtml HTTP/1.1" 200 26417
201.245.192.253 - - [09/Jun/2023:13:58:04 -0500] "POST /sipse/faces/presentacion/financiero/solicitudProceso/listarSolicitudProceso.xhtml HTTP/1.1" 200 26417
201.245.192.253 - - [09/Jun/2023:13:58:05 -0500] "POST /sipse/faces/presentacion/financiero/solicitudProceso/listarSolicitudProceso.xhtml HTTP/1.1" 200 1376
201.245.192.253 - - [09/Jun/2023:13:58:05 -0500] "POST /sipse/faces/presentacion/financiero/solicitudProceso/listarSolicitudProceso.xhtml HTTP/1.1" 200 1372
201.245.192.253 - - [09/Jun/2023:13:58:07 -0500] "POST /sipse/faces/presentacion/financiero/solicitudProceso/listarSolicitudProceso.xhtml HTTP/1.1" 200 911
201.245.192.253 - - [09/Jun/2023:13:58:08 -0500] "GET /sipse/faces/faces/faces/autenticacion HTTP/1.1" 302 -
201.245.192.253 - - [09/Jun/2023:13:58:08 -0500] "GET /sipse/faces/autenticacion.xhtml HTTP/1.1" 200 12178
201.245.192.253 - - [09/Jun/2023:13:58:08 -0500] "GET /sipse/faces/javax.faces.resource/theme.css?ln=primefaces-sipse HTTP/1.1" 304 -
201.245.192.253 - - [09/Jun/2023:13:58:08 -0500] "GET /sipse/faces/javax.faces.resource/primefaces.css?ln=primefaces&v=4.0 HTTP/1.1" 304 -
201.245.192.253 - - [09/Jun/2023:13:58:08 -0500] "GET /sipse/faces/javax.faces.resource/jquery/jquery.js?ln=primefaces&v=4.0 HTTP/1.1" 304 -
201.245.192.253 - - [09/Jun/2023:13:58:08 -0500] "GET /sipse/faces/javax.faces.resource/primefaces.js?ln=primefaces&v=4.0 HTTP/1.1" 304 -
201.245.192.253 - - [09/Jun/2023:13:58:08 -0500] "GET /sipse/faces/javax.faces.resource/layout/layout.js?ln=primefaces&v=4.0 HTTP/1.1" 304 -
201.245.192.253 - - [09/Jun/2023:13:58:08 -0500] "GET /sipse/faces/javax.faces.resource/layout/layout.css?ln=primefaces&v=4.0 HTTP/1.1" 304 -
201.245.192.253 - - [09/Jun/2023:13:58:08 -0500] "GET /sipse/faces/javax.faces.resource/jquery/jquery-plugins.js?ln=primefaces&v=4.0 HTTP/1.1" 304 -
201.245.192.253 - - [09/Jun/2023:13:58:08 -0500] "GET /sipse/faces/javax.faces.resource/images/ui-icons_898989_256x240.png?ln=primefaces-aristo HTTP/1.1" 304 -
201.245.192.253 - - [09/Jun/2023:13:58:08 -0500] "POST /kwsrmcab/Wsrmcab  HTTP/1.1" 200 41606
172.22.2.4 - - [09/Jun/2023:13:58:12 -0500] "GET /BLA/boletinlegal/consulta_actos.php?tipo=resoluciones&no=5854&usuario=&sector=PEV&fecha=2011&resuelve= HTTP/1.1" 200 1087
201.245.192.253 - - [09/Jun/2023:13:58:12 -0500] "POST /sipse/faces/autenticacion.xhtml HTTP/1.1" 200 2224
201.245.192.253 - - [09/Jun/2023:13:58:12 -0500] "GET /sipse/faces/javax.faces.resource/messages/messages.png?ln=primefaces&v=4.0 HTTP/1.1" 304 -
190.85.68.254 - - [09/Jun/2023:13:58:12 -0500] "GET /BLA/resoluciones/RESOLUCIONES%202011/5844.pdf HTTP/1.1" 206 1025
190.85.68.254 - - [09/Jun/2023:13:58:13 -0500] "GET /BLA/resoluciones/RESOLUCIONES%202011/5844.pdf HTTP/1.1" 200 410507
201.245.192.253 - - [09/Jun/2023:13:58:13 -0500] "POST /sipse/faces/autenticacion.xhtml HTTP/1.1" 200 18973
201.245.192.253 - - [09/Jun/2023:13:58:13 -0500] "GET /sipse/faces/javax.faces.resource/theme.css?ln=primefaces-sipse HTTP/1.1" 304 -
201.245.192.253 - - [09/Jun/2023:13:58:13 -0500] "GET /sipse/faces/javax.faces.resource/primefaces.css?ln=primefaces&v=4.0 HTTP/1.1" 304 -
201.245.192.253 - - [09/Jun/2023:13:58:13 -0500] "GET /sipse/faces/javax.faces.resource/layout/layout.css?ln=primefaces&v=4.0 HTTP/1.1" 304 -
201.245.192.253 - - [09/Jun/2023:13:58:13 -0500] "GET /sipse/faces/javax.faces.resource/jquery/jquery.js?ln=primefaces&v=4.0 HTTP/1.1" 304 -
201.245.192.253 - - [09/Jun/2023:13:58:13 -0500] "GET /sipse/faces/javax.faces.resource/jquery/jquery-plugins.js?ln=primefaces&v=4.0 HTTP/1.1" 304 -
201.245.192.253 - - [09/Jun/2023:13:58:13 -0500] "GET /sipse/faces/javax.faces.resource/primefaces.js?ln=primefaces&v=4.0 HTTP/1.1" 304 -
201.245.192.253 - - [09/Jun/2023:13:58:13 -0500] "GET /sipse/faces/javax.faces.resource/layout/layout.js?ln=primefaces&v=4.0 HTTP/1.1" 304 -
201.245.192.253 - - [09/Jun/2023:13:58:13 -0500] "GET /sipse/css/imagen/contrasena.png HTTP/1.1" 404 383
190.85.68.254 - - [09/Jun/2023:13:58:13 -0500] "GET /BLA/resoluciones/RESOLUCIONES%202011/5854.pdf HTTP/1.1" 200 425403
201.245.192.253 - - [09/Jun/2023:13:58:15 -0500] "GET /sipse/faces/javax.faces.resource/images/ui-bg_flat_0_2d5972_40x100.png?ln=primefaces-aristo HTTP/1.1" 304 -
201.245.192.253 - - [09/Jun/2023:13:58:15 -0500] "POST /sipse/faces/bienvenido.xhtml HTTP/1.1" 200 3182
186.28.243.58 - - [09/Jun/2023:13:58:15 -0500] "GET /galeria/galeria/jquery.fancybox.css?v=2.1.5 HTTP/1.1" 200 4895
186.28.243.58 - - [09/Jun/2023:13:58:15 -0500] "GET /BLA/boletinlegal/js/jquery.scrollShow.js HTTP/1.1" 200 4586
186.28.243.58 - - [09/Jun/2023:13:58:15 -0500] "GET /galeria/galeria/jquery.fancybox.js?v=2.1.5 HTTP/1.1" 200 48706
201.245.192.253 - - [09/Jun/2023:13:58:16 -0500] "POST /sipse/faces/bienvenido.xhtml HTTP/1.1" 200 3262
186.28.243.58 - - [09/Jun/2023:13:58:16 -0500] "GET /galeria/carrusel/Carrusel/jquery.thumbnailScroller.css HTTP/1.1" 200 2066
186.28.243.58 - - [09/Jun/2023:13:58:16 -0500] "GET /galeria/carrusel/Carrusel/jquery-ui-1.8.13.custom.min.js HTTP/1.1" 200 10800
186.28.243.58 - - [09/Jun/2023:13:58:16 -0500] "GET /galeria/carrusel/Carrusel/jquery.thumbnailScroller.js HTTP/1.1" 200 8157
186.28.243.58 - - [09/Jun/2023:13:58:16 -0500] "GET /galeria/nivo-slider/demo/banner.html HTTP/1.1" 200 5446
186.28.243.58 - - [09/Jun/2023:13:58:17 -0500] "GET /galeria/nivo-slider/themes/default/default.css HTTP/1.1" 200 1569
186.28.243.58 - - [09/Jun/2023:13:58:17 -0500] "GET /galeria/nivo-slider/themes/pascal/pascal.css HTTP/1.1" 200 2258
186.28.243.58 - - [09/Jun/2023:13:58:17 -0500] "GET /galeria/nivo-slider/themes/orman/orman.css HTTP/1.1" 200 2152
186.28.243.58 - - [09/Jun/2023:13:58:17 -0500] "GET /galeria/nivo-slider/nivo-slider.css HTTP/1.1" 200 1507
186.28.243.58 - - [09/Jun/2023:13:58:17 -0500] "GET /galeria/nivo-slider/demo/style.css HTTP/1.1" 200 2222
186.28.243.58 - - [09/Jun/2023:13:58:17 -0500] "GET /galeria/nivo-slider/demo/scripts/jquery-1.7.1.min.js HTTP/1.1" 200 93868
186.28.243.58 - - [09/Jun/2023:13:58:17 -0500] "GET /galeria/nivo-slider/jquery.nivo.slider.pack.js HTTP/1.1" 200 11561
186.28.243.58 - - [09/Jun/2023:13:58:17 -0500] "GET /galeria/nivo-slider/demo/images/bannertortuga_optimized.jpg HTTP/1.1" 200 39066
186.28.243.58 - - [09/Jun/2023:13:58:17 -0500] "GET /galeria/nivo-slider/demo/images/Bannermujeresquereverdecen.jpg HTTP/1.1" 200 46558
186.28.243.58 - - [09/Jun/2023:13:58:17 -0500] "GET /galeria/nivo-slider/demo/images/bannertrafico_optimized.jpg HTTP/1.1" 200 42578
190.242.42.17 - - [09/Jun/2023:13:58:17 -0500] "GET /galeria/nivo-slider/demo/images/Bannersedeelectronica.jpg HTTP/1.1" 200 40383
186.28.243.58 - - [09/Jun/2023:13:58:17 -0500] "GET /galeria/nivo-slider/demo/images/4Simple_Slider.png HTTP/1.1" 200 11722
186.28.243.58 - - [09/Jun/2023:13:58:18 -0500] "GET /galeria/nivo-slider/themes/default/loading.gif HTTP/1.1" 200 1737
201.245.192.253 - - [09/Jun/2023:13:58:16 -0500] "POST /sipse/faces/bienvenido.xhtml HTTP/1.1" 200 64848
201.245.192.253 - - [09/Jun/2023:13:58:18 -0500] "GET /sipse/faces/javax.faces.resource/theme.css?ln=primefaces-sipse HTTP/1.1" 304 -
201.245.192.253 - - [09/Jun/2023:13:58:18 -0500] "GET /sipse/faces/javax.faces.resource/layout/layout.css?ln=primefaces&v=4.0 HTTP/1.1" 304 -
201.245.192.253 - - [09/Jun/2023:13:58:18 -0500] "GET /sipse/faces/javax.faces.resource/primefaces.css?ln=primefaces&v=4.0 HTTP/1.1" 304 -
186.28.243.58 - - [09/Jun/2023:13:58:18 -0500] "GET /galeria/nivo-slider/demo/images/banneraire2021.jpg HTTP/1.1" 200 265101
186.28.243.58 - - [09/Jun/2023:13:58:18 -0500] "GET /galeria/nivo-slider/demo/images/bannerrutaesperanza.jpg HTTP/1.1" 200 55560
201.245.192.253 - - [09/Jun/2023:13:58:18 -0500] "GET /sipse/faces/javax.faces.resource/jquery/jquery.js?ln=primefaces&v=4.0 HTTP/1.1" 304 -
201.245.192.253 - - [09/Jun/2023:13:58:18 -0500] "GET /sipse/faces/javax.faces.resource/jquery/jquery-plugins.js?ln=primefaces&v=4.0 HTTP/1.1" 304 -
201.245.192.253 - - [09/Jun/2023:13:58:18 -0500] "GET /sipse/faces/javax.faces.resource/primefaces.js?ln=primefaces&v=4.0 HTTP/1.1" 304 -
201.245.192.253 - - [09/Jun/2023:13:58:18 -0500] "GET /sipse/faces/javax.faces.resource/layout/layout.js?ln=primefaces&v=4.0 HTTP/1.1" 304 -
186.28.243.58 - - [09/Jun/2023:13:58:18 -0500] "GET /galeria/nivo-slider/demo/images/Bannerplasticosseptiembre.jpg HTTP/1.1" 200 45633
186.28.243.58 - - [09/Jun/2023:13:58:18 -0500] "GET /galeria/nivo-slider/demo/images/bannerresiduoshospitalariosagosto.jpg HTTP/1.1" 200 36499
186.28.243.58 - - [09/Jun/2023:13:58:18 -0500] "GET /galeria/nivo-slider/demo/images/banneraccionpopularcrr68.jpg HTTP/1.1" 200 51887
186.28.243.58 - - [09/Jun/2023:13:58:18 -0500] "GET /galeria/nivo-slider/demo/images/banneraccionpopular.jpeg HTTP/1.1" 200 41707
186.28.243.58 - - [09/Jun/2023:13:58:18 -0500] "GET /galeria/nivo-slider/demo/images/bannerclases2021.jpg HTTP/1.1" 200 68230
186.28.243.58 - - [09/Jun/2023:13:58:18 -0500] "GET /galeria/nivo-slider/demo/images/bannercapacitacionesbogota.jpg HTTP/1.1" 200 42416
186.28.243.58 - - [09/Jun/2023:13:58:18 -0500] "GET /galeria/nivo-slider/demo/images/Bannerenvases.jpg HTTP/1.1" 200 37316
190.242.42.17 - - [09/Jun/2023:13:58:18 -0500] "GET /galeria/nivo-slider/demo/images/Bannervirtualescanales.jpg HTTP/1.1" 200 174544
186.28.243.58 - - [09/Jun/2023:13:58:18 -0500] "GET /galeria/nivo-slider/themes/default/bullets.png HTTP/1.1" 200 1281
190.242.42.17 - - [09/Jun/2023:13:58:18 -0500] "GET /galeria/nivo-slider/themes/default/arrows.png HTTP/1.1" 200 824
201.245.192.253 - - [09/Jun/2023:13:58:18 -0500] "POST /sipse/faces/presentacion/financiero/solicitudProceso/listarSolicitudProceso.xhtml HTTP/1.1" 200 1556
201.245.192.253 - - [09/Jun/2023:13:58:20 -0500] "POST /sipse/faces/presentacion/financiero/solicitudProceso/listarSolicitudProceso.xhtml HTTP/1.1" 200 32448
190.85.68.254 - - [09/Jun/2023:13:58:20 -0500] "GET /BLA/resoluciones/RESOLUCIONES%202011/5759.pdf HTTP/1.1" 206 1025
190.85.68.254 - - [09/Jun/2023:13:58:21 -0500] "GET /BLA/resoluciones/RESOLUCIONES%202011/5759.pdf HTTP/1.1" 200 433904
201.245.192.253 - - [09/Jun/2023:13:58:21 -0500] "POST /sipse/faces/presentacion/financiero/solicitudProceso/listarSolicitudProceso.xhtml HTTP/1.1" 200 32597
201.245.192.253 - - [09/Jun/2023:13:58:22 -0500] "POST /sipse/faces/presentacion/financiero/solicitudProceso/listarSolicitudProceso.xhtml HTTP/1.1" 200 20400
172.22.2.4 - - [09/Jun/2023:13:58:23 -0500] "GET /BLA/boletinlegal/consulta_actos.php?tipo=resoluciones&no=5840&usuario=&sector=PEV&fecha=2011&resuelve= HTTP/1.1" 200 1091
201.245.192.253 - - [09/Jun/2023:13:58:25 -0500] "POST /sipse/faces/presentacion/financiero/solicitudProceso/listarSolicitudProceso.xhtml HTTP/1.1" 200 33136
190.85.68.254 - - [09/Jun/2023:13:58:25 -0500] "GET /BLA/resoluciones/RESOLUCIONES%202011/5840.pdf HTTP/1.1" 200 429389
181.53.13.63 - - [09/Jun/2023:13:58:29 -0500] "GET /BLA/boletinlegal/js/jquery.scrollShow.js HTTP/1.1" 200 4586
181.53.13.63 - - [09/Jun/2023:13:58:29 -0500] "GET /galeria/galeria/jquery.fancybox.css?v=2.1.5 HTTP/1.1" 200 4895
181.53.13.63 - - [09/Jun/2023:13:58:29 -0500] "GET /galeria/galeria/jquery.fancybox.js?v=2.1.5 HTTP/1.1" 200 48706
181.53.13.63 - - [09/Jun/2023:13:58:31 -0500] "GET /galeria/carrusel/Carrusel/jquery.thumbnailScroller.css HTTP/1.1" 200 2066
181.53.13.63 - - [09/Jun/2023:13:58:31 -0500] "GET /galeria/carrusel/Carrusel/jquery.thumbnailScroller.js HTTP/1.1" 200 8157
181.53.13.63 - - [09/Jun/2023:13:58:31 -0500] "GET /galeria/carrusel/Carrusel/jquery-ui-1.8.13.custom.min.js HTTP/1.1" 200 10800
201.245.192.253 - - [09/Jun/2023:13:58:31 -0500] "POST /sipse/faces/presentacion/financiero/solicitudProceso/listarSolicitudProceso.xhtml HTTP/1.1" 200 150489
201.245.192.253 - - [09/Jun/2023:13:58:32 -0500] "GET /sipse/faces/javax.faces.resource/theme.css?ln=primefaces-sipse HTTP/1.1" 304 -
201.245.192.253 - - [09/Jun/2023:13:58:32 -0500] "GET /sipse/faces/javax.faces.resource/primefaces.css?ln=primefaces&v=4.0 HTTP/1.1" 304 -
201.245.192.253 - - [09/Jun/2023:13:58:32 -0500] "GET /sipse/faces/javax.faces.resource/layout/layout.css?ln=primefaces&v=4.0 HTTP/1.1" 304 -
201.245.192.253 - - [09/Jun/2023:13:58:32 -0500] "GET /sipse/faces/javax.faces.resource/jquery/jquery.js?ln=primefaces&v=4.0 HTTP/1.1" 304 -
201.245.192.253 - - [09/Jun/2023:13:58:32 -0500] "GET /sipse/faces/javax.faces.resource/jquery/jquery-plugins.js?ln=primefaces&v=4.0 HTTP/1.1" 304 -
201.245.192.253 - - [09/Jun/2023:13:58:32 -0500] "GET /sipse/faces/javax.faces.resource/primefaces.js?ln=primefaces&v=4.0 HTTP/1.1" 304 -
201.245.192.253 - - [09/Jun/2023:13:58:32 -0500] "GET /sipse/faces/javax.faces.resource/layout/layout.js?ln=primefaces&v=4.0 HTTP/1.1" 304 -
181.53.13.63 - - [09/Jun/2023:13:58:33 -0500] "GET /galeria/nivo-slider/demo/banner.html HTTP/1.1" 200 5446
181.53.13.63 - - [09/Jun/2023:13:58:33 -0500] "GET /galeria/nivo-slider/themes/default/default.css HTTP/1.1" 200 1569
181.53.13.63 - - [09/Jun/2023:13:58:33 -0500] "GET /galeria/nivo-slider/themes/pascal/pascal.css HTTP/1.1" 200 2258
181.53.13.63 - - [09/Jun/2023:13:58:33 -0500] "GET /galeria/nivo-slider/themes/orman/orman.css HTTP/1.1" 200 2152
181.53.13.63 - - [09/Jun/2023:13:58:33 -0500] "GET /galeria/nivo-slider/nivo-slider.css HTTP/1.1" 200 1507
181.53.13.63 - - [09/Jun/2023:13:58:33 -0500] "GET /galeria/nivo-slider/demo/scripts/jquery-1.7.1.min.js HTTP/1.1" 200 93868
181.53.13.63 - - [09/Jun/2023:13:58:33 -0500] "GET /galeria/nivo-slider/demo/style.css HTTP/1.1" 200 2222
181.53.13.63 - - [09/Jun/2023:13:58:33 -0500] "GET /galeria/nivo-slider/demo/images/bannertortuga_optimized.jpg HTTP/1.1" 200 39066
181.53.13.63 - - [09/Jun/2023:13:58:33 -0500] "GET /galeria/nivo-slider/jquery.nivo.slider.pack.js HTTP/1.1" 200 11561
181.53.13.63 - - [09/Jun/2023:13:58:33 -0500] "GET /galeria/nivo-slider/demo/images/Bannermujeresquereverdecen.jpg HTTP/1.1" 200 46558
181.53.13.63 - - [09/Jun/2023:13:58:33 -0500] "GET /galeria/nivo-slider/demo/images/bannertrafico_optimized.jpg HTTP/1.1" 200 42578
181.53.13.63 - - [09/Jun/2023:13:58:33 -0500] "GET /galeria/nivo-slider/demo/images/Bannersedeelectronica.jpg HTTP/1.1" 200 40383
181.53.13.63 - - [09/Jun/2023:13:58:33 -0500] "GET /galeria/nivo-slider/demo/images/bannerrutaesperanza.jpg HTTP/1.1" 200 55560
181.53.13.63 - - [09/Jun/2023:13:58:33 -0500] "GET /galeria/nivo-slider/demo/images/banneraire2021.jpg HTTP/1.1" 200 265101
181.53.13.63 - - [09/Jun/2023:13:58:33 -0500] "GET /galeria/nivo-slider/demo/images/Bannerplasticosseptiembre.jpg HTTP/1.1" 200 45633
181.53.13.63 - - [09/Jun/2023:13:58:33 -0500] "GET /galeria/nivo-slider/demo/images/bannerresiduoshospitalariosagosto.jpg HTTP/1.1" 200 36499
181.53.13.63 - - [09/Jun/2023:13:58:34 -0500] "GET /galeria/nivo-slider/demo/images/banneraccionpopularcrr68.jpg HTTP/1.1" 200 51887
181.53.13.63 - - [09/Jun/2023:13:58:34 -0500] "GET /galeria/nivo-slider/demo/images/bannerclases2021.jpg HTTP/1.1" 200 68230
181.53.13.63 - - [09/Jun/2023:13:58:34 -0500] "GET /galeria/nivo-slider/demo/images/banneraccionpopular.jpeg HTTP/1.1" 200 41707
181.53.13.63 - - [09/Jun/2023:13:58:34 -0500] "GET /galeria/nivo-slider/demo/images/bannercapacitacionesbogota.jpg HTTP/1.1" 200 42416
181.53.13.63 - - [09/Jun/2023:13:58:34 -0500] "GET /galeria/nivo-slider/demo/images/Bannerenvases.jpg HTTP/1.1" 200 37316
181.53.13.63 - - [09/Jun/2023:13:58:34 -0500] "GET /galeria/nivo-slider/demo/images/Bannervirtualescanales.jpg HTTP/1.1" 200 174544
190.85.68.254 - - [09/Jun/2023:13:58:35 -0500] "GET /BLA/resoluciones/RESOLUCIONES%202011/5854.pdf HTTP/1.1" 206 1025
190.85.68.254 - - [09/Jun/2023:13:58:35 -0500] "GET /BLA/resoluciones/RESOLUCIONES%202011/5854.pdf HTTP/1.1" 200 425403
172.22.2.4 - - [09/Jun/2023:13:58:38 -0500] "GET /BLA/boletinlegal/consulta_actos.php?tipo=resoluciones&no=5839&usuario=&sector=PEV&fecha=2011&resuelve= HTTP/1.1" 200 1091
201.245.192.253 - - [09/Jun/2023:13:58:39 -0500] "POST /sipse/faces/presentacion/financiero/solicitudProceso/consultarSolicitudProceso.xhtml HTTP/1.1" 200 117977
201.245.192.253 - - [09/Jun/2023:13:58:39 -0500] "GET /sipse/faces/javax.faces.resource/theme.css?ln=primefaces-sipse HTTP/1.1" 304 -
201.245.192.253 - - [09/Jun/2023:13:58:39 -0500] "GET /sipse/faces/javax.faces.resource/layout/layout.css?ln=primefaces&v=4.0 HTTP/1.1" 304 -
201.245.192.253 - - [09/Jun/2023:13:58:39 -0500] "GET /sipse/faces/javax.faces.resource/jquery/jquery-plugins.js?ln=primefaces&v=4.0 HTTP/1.1" 304 -
201.245.192.253 - - [09/Jun/2023:13:58:39 -0500] "GET /sipse/faces/javax.faces.resource/primefaces.css?ln=primefaces&v=4.0 HTTP/1.1" 304 -
201.245.192.253 - - [09/Jun/2023:13:58:39 -0500] "GET /sipse/faces/javax.faces.resource/layout/layout.js?ln=primefaces&v=4.0 HTTP/1.1" 304 -
201.245.192.253 - - [09/Jun/2023:13:58:39 -0500] "GET /sipse/faces/javax.faces.resource/primefaces.js?ln=primefaces&v=4.0 HTTP/1.1" 304 -
201.245.192.253 - - [09/Jun/2023:13:58:39 -0500] "GET /sipse/faces/javax.faces.resource/jquery/jquery.js?ln=primefaces&v=4.0 HTTP/1.1" 304 -
190.85.68.254 - - [09/Jun/2023:13:58:40 -0500] "GET /BLA/resoluciones/RESOLUCIONES%202011/5839.pdf HTTP/1.1" 200 424028
190.85.68.254 - - [09/Jun/2023:13:58:42 -0500] "GET /BLA/resoluciones/RESOLUCIONES%202011/5840.pdf HTTP/1.1" 206 1025
190.85.68.254 - - [09/Jun/2023:13:58:42 -0500] "GET /BLA/resoluciones/RESOLUCIONES%202011/5840.pdf HTTP/1.1" 200 429389
181.53.13.63 - - [09/Jun/2023:13:58:44 -0500] "GET /BLA/boletinlegal/js/jquery.scrollShow.js HTTP/1.1" 200 4586
181.53.13.63 - - [09/Jun/2023:13:58:44 -0500] "GET /galeria/galeria/jquery.fancybox.js?v=2.1.5 HTTP/1.1" 200 48706
181.53.13.63 - - [09/Jun/2023:13:58:44 -0500] "GET /galeria/galeria/jquery.fancybox.css?v=2.1.5 HTTP/1.1" 200 4895
181.53.13.63 - - [09/Jun/2023:13:58:45 -0500] "GET /galeria/carrusel/Carrusel/jquery.thumbnailScroller.css HTTP/1.1" 200 2066
181.53.13.63 - - [09/Jun/2023:13:58:45 -0500] "GET /galeria/carrusel/Carrusel/jquery.thumbnailScroller.js HTTP/1.1" 200 8157
181.53.13.63 - - [09/Jun/2023:13:58:45 -0500] "GET /galeria/carrusel/Carrusel/jquery-ui-1.8.13.custom.min.js HTTP/1.1" 200 10800
181.53.13.63 - - [09/Jun/2023:13:58:46 -0500] "GET /galeria/nivo-slider/demo/banner.html HTTP/1.1" 200 5446
181.53.13.63 - - [09/Jun/2023:13:58:46 -0500] "GET /BLA/boletinlegal/js/jquery.scrollShow.js HTTP/1.1" 200 4586
181.53.13.63 - - [09/Jun/2023:13:58:46 -0500] "GET /galeria/galeria/jquery.fancybox.js?v=2.1.5 HTTP/1.1" 200 48706
181.53.13.63 - - [09/Jun/2023:13:58:46 -0500] "GET /galeria/galeria/jquery.fancybox.css?v=2.1.5 HTTP/1.1" 200 4895
172.22.2.4 - - [09/Jun/2023:13:58:48 -0500] "GET /BLA/boletinlegal/consulta_actos.php?tipo=resoluciones&no=5862&usuario=&sector=PEV&fecha=2011&resuelve= HTTP/1.1" 200 1087
190.85.68.254 - - [09/Jun/2023:13:58:49 -0500] "GET /BLA/resoluciones/RESOLUCIONES%202011/5862.pdf HTTP/1.1" 200 419668
172.22.2.4 - - [09/Jun/2023:13:57:15 -0500] "HEAD /BLA/boletinlegal/ HTTP/1.1" 200 -
190.85.68.254 - - [09/Jun/2023:13:58:57 -0500] "GET /BLA/resoluciones/RESOLUCIONES%202011/5839.pdf HTTP/1.1" 200 424028
190.85.68.254 - - [09/Jun/2023:13:58:57 -0500] "GET /BLA/resoluciones/RESOLUCIONES%202011/5839.pdf HTTP/1.1" 206 1025
190.85.68.254 - - [09/Jun/2023:13:58:58 -0500] "GET /BLA/resoluciones/RESOLUCIONES%202011/5862.pdf HTTP/1.1" 200 419668
190.85.68.254 - - [09/Jun/2023:13:58:58 -0500] "GET /BLA/resoluciones/RESOLUCIONES%202011/5862.pdf HTTP/1.1" 206 1025
201.245.192.253 - - [09/Jun/2023:13:59:01 -0500] "GET /sipse/faces/javax.faces.resource/images/ui-bg_flat_0_2d5972_40x100.png?ln=primefaces-aristo HTTP/1.1" 304 -
201.245.192.253 - - [09/Jun/2023:13:59:02 -0500] "POST /sipse/faces/presentacion/financiero/solicitudProceso/crearModificarSolicitudProceso.xhtml HTTP/1.1" 200 36484
181.53.13.135 - - [09/Jun/2023:13:59:04 -0500] "-" 408 -
186.28.19.212 - - [09/Jun/2023:13:59:07 -0500] "GET /forest/ HTTP/1.1" 200 12041
199.16.157.182 - - [09/Jun/2023:13:59:16 -0500] "GET /con-pinceles-y-acuarelas-veronica-martinez-protege-la-biodiversidad.html HTTP/1.1" 200 990
199.16.157.182 - - [09/Jun/2023:13:59:16 -0500] "GET /images/cronica-mujer-biodiveridad-30-noviembre.jpg HTTP/1.1" 200 63270
201.245.192.253 - - [09/Jun/2023:13:59:37 -0500] "POST /sipse/faces/presentacion/financiero/solicitudProceso/crearModificarSolicitudProceso.xhtml HTTP/1.1" 200 33786
201.245.192.253 - - [09/Jun/2023:13:59:41 -0500] "POST /sipse/faces/presentacion/financiero/solicitudProceso/crearModificarSolicitudProceso.xhtml HTTP/1.1" 200 31024
201.245.192.253 - - [09/Jun/2023:13:59:44 -0500] "POST /sipse/faces/presentacion/financiero/solicitudProceso/crearModificarSolicitudProceso.xhtml HTTP/1.1" 200 28281
172.22.2.4 - - [09/Jun/2023:13:58:06 -0500] "GET /BLA/boletinlegal/ HTTP/1.1" 200 57151
201.245.192.253 - - [09/Jun/2023:13:59:47 -0500] "POST /sipse/faces/presentacion/financiero/solicitudProceso/crearModificarSolicitudProceso.xhtml HTTP/1.1" 200 25548
201.245.192.253 - - [09/Jun/2023:13:59:50 -0500] "POST /sipse/faces/presentacion/financiero/solicitudProceso/crearModificarSolicitudProceso.xhtml HTTP/1.1" 200 22815
201.245.192.253 - - [09/Jun/2023:13:59:55 -0500] "POST /sipse/faces/presentacion/financiero/solicitudProceso/crearModificarSolicitudProceso.xhtml HTTP/1.1" 200 671403
201.245.192.253 - - [09/Jun/2023:13:59:58 -0500] "POST /sipse/faces/presentacion/financiero/solicitudProceso/crearModificarSolicitudProceso.xhtml HTTP/1.1" 200 20090
201.245.192.253 - - [09/Jun/2023:14:00:13 -0500] "POST /sipse/faces/presentacion/financiero/solicitudProceso/crearModificarSolicitudProceso.xhtml HTTP/1.1" 200 138479
201.245.192.253 - - [09/Jun/2023:14:00:15 -0500] "GET /sipse/faces/javax.faces.resource/theme.css?ln=primefaces-sipse HTTP/1.1" 304 -
201.245.192.253 - - [09/Jun/2023:14:00:15 -0500] "GET /sipse/faces/javax.faces.resource/primefaces.css?ln=primefaces&v=4.0 HTTP/1.1" 304 -
201.245.192.253 - - [09/Jun/2023:14:00:15 -0500] "GET /sipse/faces/javax.faces.resource/layout/layout.css?ln=primefaces&v=4.0 HTTP/1.1" 304 -
201.245.192.253 - - [09/Jun/2023:14:00:15 -0500] "GET /sipse/faces/javax.faces.resource/jquery/jquery.js?ln=primefaces&v=4.0 HTTP/1.1" 304 -
201.245.192.253 - - [09/Jun/2023:14:00:15 -0500] "GET /sipse/faces/javax.faces.resource/jquery/jquery-plugins.js?ln=primefaces&v=4.0 HTTP/1.1" 304 -
201.245.192.253 - - [09/Jun/2023:14:00:15 -0500] "GET /sipse/faces/javax.faces.resource/primefaces.js?ln=primefaces&v=4.0 HTTP/1.1" 304 -
201.245.192.253 - - [09/Jun/2023:14:00:15 -0500] "GET /sipse/faces/javax.faces.resource/layout/layout.js?ln=primefaces&v=4.0 HTTP/1.1" 304 -
201.245.192.253 - - [09/Jun/2023:14:00:15 -0500] "GET /sipse/faces/javax.faces.resource/messages/messages.png?ln=primefaces&v=4.0 HTTP/1.1" 304 -
216.245.221.92 - - [09/Jun/2023:14:00:46 -0500] "HEAD / HTTP/1.1" 200 -
201.245.192.253 - - [09/Jun/2023:14:00:47 -0500] "GET /appsia/controlador HTTP/1.1" 200 4799
201.245.192.253 - - [09/Jun/2023:14:00:50 -0500] "POST /appsia/controlador HTTP/1.1" 200 5437
201.245.192.253 - - [09/Jun/2023:14:00:51 -0500] "POST /appsia/controlador HTTP/1.1" 200 7781
172.22.2.4 - - [09/Jun/2023:14:00:58 -0500] "GET /BLA/boletinlegal/consulta_actos.php?tipo=resoluciones&no=0366&usuario=&sector=&fecha=2017&resuelve= HTTP/1.1" 200 626
201.245.192.253 - - [09/Jun/2023:14:01:00 -0500] "POST /appsia/controlador HTTP/1.1" 200 6646
201.245.192.253 - - [09/Jun/2023:14:01:01 -0500] "POST /appsia/controlador HTTP/1.1" 200 11320
172.22.2.4 - - [09/Jun/2023:14:01:10 -0500] "GET /BLA/boletinlegal/consulta_actos.php?tipo=resoluciones&no=3667&usuario=&sector=&fecha=2017&resuelve= HTTP/1.1" 200 1384
201.245.192.253 - - [09/Jun/2023:14:01:59 -0500] "GET /sipse/faces/index.xhtml HTTP/1.1" 200 677
201.245.192.253 - - [09/Jun/2023:14:01:59 -0500] "GET /sipse/faces/javax.faces.resource/theme.css?ln=primefaces-sipse HTTP/1.1" 200 50058
201.245.192.253 - - [09/Jun/2023:14:01:59 -0500] "GET /favicon.ico HTTP/1.1" 200 7782
201.245.192.253 - - [09/Jun/2023:14:01:59 -0500] "GET /sipse/faces/faces/autenticacion.xhtml HTTP/1.1" 200 12178
201.245.192.253 - - [09/Jun/2023:14:01:59 -0500] "GET /sipse/js/disable_browser_buttons.js HTTP/1.1" 200 3230
201.245.192.253 - - [09/Jun/2023:14:01:59 -0500] "GET /sipse/js/funciones.js HTTP/1.1" 200 12592
201.245.192.253 - - [09/Jun/2023:14:01:59 -0500] "GET /sipse/css/custom_css_sg.css HTTP/1.1" 200 9694
201.245.192.253 - - [09/Jun/2023:14:01:59 -0500] "GET /sipse/css/custom_css_sg_prime_login.css HTTP/1.1" 200 443
