172.22.2.4 - - [12/Jun/2023:18:52:10 -0500] "GET /BLA/boletinlegal/ HTTP/1.1" 200 57151
66.249.77.9 - - [12/Jun/2023:18:54:23 -0500] "GET /ofensiva-conta-el-trafico-de-fauna-silvestre-durante-la-semana-ambiental-en-bogota.html HTTP/1.1" 200 989
66.249.77.9 - - [12/Jun/2023:18:54:24 -0500] "GET /ofensiva-conta-el-trafico-de-fauna-silvestre-durante-la-semana-ambiental-en-bogota.html HTTP/1.1" 200 989
152.202.88.209 - - [12/Jun/2023:18:54:46 -0500] "GET /BLA/resoluciones/ HTTP/1.1" 200 13502
152.202.88.209 - - [12/Jun/2023:18:54:51 -0500] "GET /BLA/resoluciones/index.php?dir=RESOLUCIONES+2022%2F HTTP/1.1" 200 307872
66.249.79.101 - - [12/Jun/2023:18:55:27 -0500] "-" 408 -
216.245.221.92 - - [12/Jun/2023:18:55:35 -0500] "HEAD / HTTP/1.1" 200 -
66.249.73.68 - - [12/Jun/2023:18:56:30 -0500] "-" 408 -
201.245.192.253 - - [12/Jun/2023:18:56:42 -0500] "POST /kwsrmcab/Wsrmcab  HTTP/1.1" 200 41606
200.118.60.119 - - [12/Jun/2023:18:58:06 -0500] "GET /BLA/resoluciones/ HTTP/1.1" 200 13502
200.118.60.119 - - [12/Jun/2023:18:58:14 -0500] "GET /BLA/resoluciones/index.php?dir=AUTOS+2020%2F HTTP/1.1" 200 328938
172.22.2.4 - - [12/Jun/2023:18:57:09 -0500] "HEAD /BLA/boletinlegal/ HTTP/1.1" 200 -
40.77.167.245 - - [12/Jun/2023:18:59:13 -0500] "GET /images/mujeres-que-reverdecen.jpg HTTP/1.1" 200 31358
40.77.167.97 - - [12/Jun/2023:18:59:26 -0500] "GET /BLA/resoluciones/AUTOS%202021/5086.pdf HTTP/1.1" 304 -
172.22.2.4 - - [12/Jun/2023:18:58:00 -0500] "GET /BLA/boletinlegal/ HTTP/1.1" 200 57151
216.245.221.92 - - [12/Jun/2023:19:00:35 -0500] "HEAD / HTTP/1.1" 200 -
200.118.62.42 - - [12/Jun/2023:19:01:38 -0500] "GET /BLA/boletinlegal/conceptos.php HTTP/1.1" 200 7496
200.118.62.42 - - [12/Jun/2023:19:01:38 -0500] "GET /BLA/boletinlegal/actos.php HTTP/1.1" 200 9682
186.154.37.235 - - [12/Jun/2023:19:01:40 -0500] "GET /mujeres-que-reverdec HTTP/1.1" 404 1136
200.118.62.42 - - [12/Jun/2023:19:01:40 -0500] "GET /BLA/boletinlegal/styles2.css HTTP/1.1" 200 1838
200.118.62.42 - - [12/Jun/2023:19:01:40 -0500] "GET /BLA/boletinlegal/style.css HTTP/1.1" 200 9406
200.118.62.42 - - [12/Jun/2023:19:01:40 -0500] "GET /BLA/boletinlegal/js/jquery.scrollTo-min.js HTTP/1.1" 200 1150
200.118.62.42 - - [12/Jun/2023:19:01:40 -0500] "GET /BLA/boletinlegal/js/jquery.scrollShow.js HTTP/1.1" 200 4586
200.118.62.42 - - [12/Jun/2023:19:01:40 -0500] "GET /BLA/boletinlegal/js/jquery.js HTTP/1.1" 200 57254
200.118.62.42 - - [12/Jun/2023:19:01:41 -0500] "GET /BLA/boletinlegal/js/ajax_actos.js HTTP/1.1" 200 1322
200.118.62.42 - - [12/Jun/2023:19:01:41 -0500] "GET /BLA/boletinlegal/js/ajax_conceptos.js HTTP/1.1" 200 1326
200.118.62.42 - - [12/Jun/2023:19:01:41 -0500] "GET /BLA/boletinlegal/niceforms-default.css HTTP/1.1" 200 6694
186.154.37.235 - - [12/Jun/2023:19:01:41 -0500] "GET /favicon.ico HTTP/1.1" 404 1334
200.118.62.42 - - [12/Jun/2023:19:01:41 -0500] "GET /BLA/boletinlegal/niceforms.js HTTP/1.1" 200 22876
200.118.62.42 - - [12/Jun/2023:19:01:41 -0500] "GET /BLA/boletinlegal/js/popup.js HTTP/1.1" 200 1270
200.118.62.42 - - [12/Jun/2023:19:01:41 -0500] "GET /BLA/boletinlegal/js/lib.js HTTP/1.1" 200 6474
200.118.62.42 - - [12/Jun/2023:19:01:41 -0500] "GET /BLA/boletinlegal/images/cabezote%20BLEGAL.jpg HTTP/1.1" 200 118164
200.118.62.42 - - [12/Jun/2023:19:01:41 -0500] "GET /BLA/boletinlegal/images/historia.png HTTP/1.1" 200 52775
200.118.62.42 - - [12/Jun/2023:19:01:41 -0500] "GET /BLA/boletinlegal/images/subscribe-icon-big.png HTTP/1.1" 200 47702
200.118.62.42 - - [12/Jun/2023:19:01:41 -0500] "GET /BLA/boletinlegal/images/registro-usuarios.png HTTP/1.1" 200 8106
200.118.62.42 - - [12/Jun/2023:19:01:41 -0500] "GET /BLA/boletinlegal/js/jquery1.js HTTP/1.1" 200 29846
200.118.62.42 - - [12/Jun/2023:19:01:42 -0500] "GET /BLA/boletinlegal/images/arr_l.jpg HTTP/1.1" 200 1979
200.118.62.42 - - [12/Jun/2023:19:01:42 -0500] "GET /BLA/boletinlegal/images/menu_lft.gif HTTP/1.1" 200 1713
200.118.62.42 - - [12/Jun/2023:19:01:42 -0500] "GET /BLA/boletinlegal/images/body_bg.jpg HTTP/1.1" 200 1601
200.118.62.42 - - [12/Jun/2023:19:01:42 -0500] "GET /BLA/boletinlegal/images/menu_rght.gif HTTP/1.1" 200 1627
200.118.62.42 - - [12/Jun/2023:19:01:42 -0500] "GET /BLA/boletinlegal/images/bg_top.jpg HTTP/1.1" 200 522
200.118.62.42 - - [12/Jun/2023:19:01:42 -0500] "GET /BLA/boletinlegal/images/menu_bg.jpg HTTP/1.1" 200 620
200.118.62.42 - - [12/Jun/2023:19:01:42 -0500] "GET /BLA/boletinlegal/images/text.jpg HTTP/1.1" 200 568
200.118.62.42 - - [12/Jun/2023:19:01:42 -0500] "GET /BLA/boletinlegal/images/launch.jpg HTTP/1.1" 200 14577
200.118.62.42 - - [12/Jun/2023:19:01:42 -0500] "GET /BLA/boletinlegal/images/hover.jpg HTTP/1.1" 200 640
200.118.62.42 - - [12/Jun/2023:19:01:42 -0500] "GET /BLA/boletinlegal/images/footer_bg.jpg HTTP/1.1" 200 586
200.118.62.42 - - [12/Jun/2023:19:01:42 -0500] "GET /BLA/boletinlegal/images/screen_1.png HTTP/1.1" 200 202547
200.118.62.42 - - [12/Jun/2023:19:01:42 -0500] "GET /BLA/boletinlegal/images/green-yellow-blue-pink-th.png HTTP/1.1" 200 7394
200.118.62.42 - - [12/Jun/2023:19:01:42 -0500] "GET /BLA/boletinlegal/images/tel.png HTTP/1.1" 200 14477
200.118.62.42 - - [12/Jun/2023:19:01:42 -0500] "GET /BLA/boletinlegal/images/icono-email.png HTTP/1.1" 200 5544
200.118.62.42 - - [12/Jun/2023:19:01:42 -0500] "GET /BLA/boletinlegal/images/footer_bg_l.jpg HTTP/1.1" 200 776
200.118.62.42 - - [12/Jun/2023:19:01:42 -0500] "GET /BLA/boletinlegal/img/0.png HTTP/1.1" 200 110
200.118.62.42 - - [12/Jun/2023:19:01:42 -0500] "GET /BLA/boletinlegal/img/select-left.png HTTP/1.1" 200 263
200.118.62.42 - - [12/Jun/2023:19:01:42 -0500] "GET /BLA/boletinlegal/img/select-right.png HTTP/1.1" 200 44019
200.118.62.42 - - [12/Jun/2023:19:01:43 -0500] "GET /BLA/boletinlegal/img/button.png HTTP/1.1" 200 43241
200.118.62.42 - - [12/Jun/2023:19:01:43 -0500] "GET /BLA/boletinlegal/img/button-right.png HTTP/1.1" 200 57878
200.118.62.42 - - [12/Jun/2023:19:01:43 -0500] "GET /BLA/boletinlegal/img/button-left.png HTTP/1.1" 200 57071
200.118.62.42 - - [12/Jun/2023:19:01:43 -0500] "GET /favicon.ico HTTP/1.1" 200 7782
201.245.192.253 - - [12/Jun/2023:19:01:42 -0500] "POST /kwsrmcab/Wsrmcab  HTTP/1.1" 200 41606
200.118.62.42 - - [12/Jun/2023:19:01:46 -0500] "GET /BLA/boletinlegal/images/arr_r.jpg HTTP/1.1" 200 1998
200.118.62.42 - - [12/Jun/2023:19:01:46 -0500] "GET /BLA/boletinlegal/images/screen_3.png HTTP/1.1" 200 210620
200.118.62.42 - - [12/Jun/2023:19:01:46 -0500] "GET /BLA/boletinlegal/images/screen_2.png HTTP/1.1" 200 362502
200.118.62.42 - - [12/Jun/2023:19:01:46 -0500] "GET /BLA/boletinlegal/images/screen_5.png HTTP/1.1" 200 368876
200.118.62.42 - - [12/Jun/2023:19:01:54 -0500] "GET /BLA/boletinlegal/images/pdf.gif HTTP/1.1" 200 567
200.118.62.42 - - [12/Jun/2023:19:02:03 -0500] "GET /BLA/boletinlegal/consulta_actos.php?tipo=autos&no=&usuario=&sector=&fecha=2023&resuelve= HTTP/1.1" 200 316776
200.118.62.42 - - [12/Jun/2023:19:02:04 -0500] "GET /BLA/boletinlegal/images/background.gif HTTP/1.1" 200 -
66.249.79.100 - - [12/Jun/2023:19:02:13 -0500] "-" 408 -
200.118.62.42 - - [12/Jun/2023:19:02:24 -0500] "GET /BLA/resoluciones/AUTOS%202023/3000.pdf HTTP/1.1" 200 388425
181.29.55.92 - - [12/Jun/2023:19:02:49 -0500] "GET /BLA/boletinlegal/js/jquery.scrollShow.js HTTP/1.1" 200 4586
181.29.55.92 - - [12/Jun/2023:19:02:49 -0500] "GET /galeria/galeria/jquery.fancybox.css?v=2.1.5 HTTP/1.1" 200 4895
181.29.55.92 - - [12/Jun/2023:19:02:49 -0500] "GET /galeria/galeria/jquery.fancybox.js?v=2.1.5 HTTP/1.1" 200 48706
200.118.62.42 - - [12/Jun/2023:19:02:53 -0500] "GET /BLA/boletinlegal/consulta_actos.php?tipo=resoluciones&no=&usuario=&sector=&fecha=2023&resuelve= HTTP/1.1" 200 94266
173.252.107.20 - - [12/Jun/2023:19:03:02 -0500] "HEAD /conectores-ecosistemicos-espacios-naturales-ricos-en-biodiversidad.html HTTP/1.1" 206 -
200.118.62.42 - - [12/Jun/2023:19:03:13 -0500] "GET /BLA/boletinlegal/consulta_conceptos.php?no=&solicitante=&radicado_entrada=&fecha_concepto=2023&objeto= HTTP/1.1" 200 14440
200.118.62.42 - - [12/Jun/2023:19:01:38 -0500] "GET /BLA/boletinlegal/index.php HTTP/1.1" 200 60094
172.22.2.4 - - [12/Jun/2023:19:02:59 -0500] "HEAD /BLA/boletinlegal/ HTTP/1.1" 200 -
173.252.95.13 - - [12/Jun/2023:19:05:03 -0500] "GET /dia-mundial-del-medio-ambiente-distrito-liberara-animales-silvestres-plantara-arboles-y-desarrollara-actividades-pedagogicas.html HTTP/1.1" 200 856
162.216.149.48 - - [12/Jun/2023:19:05:05 -0500] "GET / HTTP/1.1" 200 319
52.167.144.158 - - [12/Jun/2023:19:05:13 -0500] "GET /BLA/resoluciones/RESOLUCIONES%202016/0606.pdf HTTP/1.1" 200 520197
172.22.2.4 - - [12/Jun/2023:19:03:50 -0500] "GET /BLA/boletinlegal/ HTTP/1.1" 200 57561
216.245.221.92 - - [12/Jun/2023:19:05:35 -0500] "HEAD / HTTP/1.1" 200 -
152.202.88.209 - - [12/Jun/2023:19:05:59 -0500] "GET /BLA/resoluciones/ HTTP/1.1" 200 13502
152.202.88.209 - - [12/Jun/2023:19:06:01 -0500] "GET /BLA/resoluciones/index.php HTTP/1.1" 200 13502
40.77.167.224 - - [12/Jun/2023:19:06:24 -0500] "GET /BLA/resoluciones/RESOLUCIONES%202022/3583.pdf HTTP/1.1" 304 -
172.22.2.4 - - [12/Jun/2023:19:06:24 -0500] "GET /BLA/boletinlegal/style.css HTTP/1.1" 200 9406
172.22.2.4 - - [12/Jun/2023:19:06:24 -0500] "GET /BLA/boletinlegal/styles2.css HTTP/1.1" 200 1838
172.22.2.4 - - [12/Jun/2023:19:06:24 -0500] "GET /BLA/boletinlegal/js/jquery.js HTTP/1.1" 200 57254
172.22.2.4 - - [12/Jun/2023:19:06:24 -0500] "GET /BLA/boletinlegal/js/jquery.scrollTo-min.js HTTP/1.1" 200 1150
172.22.2.4 - - [12/Jun/2023:19:06:24 -0500] "GET /BLA/boletinlegal/js/jquery.scrollShow.js HTTP/1.1" 200 4586
172.22.2.4 - - [12/Jun/2023:19:06:24 -0500] "GET /BLA/boletinlegal/images/cabezote%20BLEGAL.jpg HTTP/1.1" 200 118164
172.22.2.4 - - [12/Jun/2023:19:06:24 -0500] "GET /BLA/boletinlegal/images/historia.png HTTP/1.1" 200 52775
172.22.2.4 - - [12/Jun/2023:19:06:24 -0500] "GET /BLA/boletinlegal/images/subscribe-icon-big.png HTTP/1.1" 200 47702
172.22.2.4 - - [12/Jun/2023:19:06:24 -0500] "GET /BLA/boletinlegal/images/registro-usuarios.png HTTP/1.1" 200 8106
172.22.2.4 - - [12/Jun/2023:19:06:24 -0500] "GET /BLA/boletinlegal/images/arr_l.jpg HTTP/1.1" 200 1979
172.22.2.4 - - [12/Jun/2023:19:06:24 -0500] "GET /BLA/boletinlegal/images/menu_rght.gif HTTP/1.1" 200 1627
172.22.2.4 - - [12/Jun/2023:19:06:24 -0500] "GET /BLA/boletinlegal/images/menu_lft.gif HTTP/1.1" 200 1713
172.22.2.4 - - [12/Jun/2023:19:06:24 -0500] "GET /BLA/boletinlegal/images/bg_top.jpg HTTP/1.1" 200 522
172.22.2.4 - - [12/Jun/2023:19:06:24 -0500] "GET /BLA/boletinlegal/images/menu_bg.jpg HTTP/1.1" 200 620
172.22.2.4 - - [12/Jun/2023:19:06:24 -0500] "GET /BLA/boletinlegal/images/text.jpg HTTP/1.1" 200 568
172.22.2.4 - - [12/Jun/2023:19:06:24 -0500] "GET /BLA/boletinlegal/images/hover.jpg HTTP/1.1" 200 640
172.22.2.4 - - [12/Jun/2023:19:06:24 -0500] "GET /BLA/boletinlegal/images/body_bg.jpg HTTP/1.1" 200 1601
172.22.2.4 - - [12/Jun/2023:19:06:24 -0500] "GET /BLA/boletinlegal/images/launch.jpg HTTP/1.1" 200 14577
172.22.2.4 - - [12/Jun/2023:19:06:24 -0500] "GET /BLA/boletinlegal/images/screen_1.png HTTP/1.1" 200 202547
172.22.2.4 - - [12/Jun/2023:19:06:29 -0500] "GET /BLA/boletinlegal/actos.php HTTP/1.1" 200 9682
172.22.2.4 - - [12/Jun/2023:19:06:29 -0500] "GET /BLA/boletinlegal/js/ajax_actos.js HTTP/1.1" 200 1322
172.22.2.4 - - [12/Jun/2023:19:06:29 -0500] "GET /BLA/boletinlegal/js/jquery1.js HTTP/1.1" 200 29846
172.22.2.4 - - [12/Jun/2023:19:06:29 -0500] "GET /BLA/boletinlegal/js/lib.js HTTP/1.1" 200 6474
172.22.2.4 - - [12/Jun/2023:19:06:29 -0500] "GET /BLA/boletinlegal/niceforms.js HTTP/1.1" 200 22876
172.22.2.4 - - [12/Jun/2023:19:06:29 -0500] "GET /BLA/boletinlegal/js/popup.js HTTP/1.1" 200 1270
172.22.2.4 - - [12/Jun/2023:19:06:29 -0500] "GET /BLA/boletinlegal/niceforms-default.css HTTP/1.1" 200 6694
172.22.2.4 - - [12/Jun/2023:19:06:29 -0500] "GET /BLA/boletinlegal/images/icono-email.png HTTP/1.1" 200 5544
172.22.2.4 - - [12/Jun/2023:19:06:29 -0500] "GET /BLA/boletinlegal/images/green-yellow-blue-pink-th.png HTTP/1.1" 200 7394
172.22.2.4 - - [12/Jun/2023:19:06:29 -0500] "GET /BLA/boletinlegal/images/footer_bg_l.jpg HTTP/1.1" 200 776
172.22.2.4 - - [12/Jun/2023:19:06:29 -0500] "GET /BLA/boletinlegal/images/tel.png HTTP/1.1" 200 14477
172.22.2.4 - - [12/Jun/2023:19:06:29 -0500] "GET /BLA/boletinlegal/images/footer_bg.jpg HTTP/1.1" 200 586
172.22.2.4 - - [12/Jun/2023:19:06:29 -0500] "GET /BLA/boletinlegal/img/0.png HTTP/1.1" 200 110
172.22.2.4 - - [12/Jun/2023:19:06:29 -0500] "GET /BLA/boletinlegal/img/button-left.png HTTP/1.1" 200 57071
172.22.2.4 - - [12/Jun/2023:19:06:29 -0500] "GET /BLA/boletinlegal/img/select-right.png HTTP/1.1" 200 44019
172.22.2.4 - - [12/Jun/2023:19:06:29 -0500] "GET /BLA/boletinlegal/img/button-right.png HTTP/1.1" 200 57878
172.22.2.4 - - [12/Jun/2023:19:06:29 -0500] "GET /BLA/boletinlegal/img/button.png HTTP/1.1" 200 43241
172.22.2.4 - - [12/Jun/2023:19:06:29 -0500] "GET /BLA/boletinlegal/img/select-left.png HTTP/1.1" 200 263
172.22.2.4 - - [12/Jun/2023:19:06:29 -0500] "GET /BLA/boletinlegal/favicon.ico HTTP/1.1" 404 1326
201.245.192.253 - - [12/Jun/2023:19:06:41 -0500] "POST /kwsrmcab/Wsrmcab  HTTP/1.1" 200 41606
172.22.2.4 - - [12/Jun/2023:19:06:48 -0500] "GET /BLA/boletinlegal/consulta_actos.php?tipo=resoluciones&no=&usuario=&sector=&fecha=2021&resuelve=RECURSO HTTP/1.1" 200 346355
172.22.2.4 - - [12/Jun/2023:19:06:49 -0500] "GET /BLA/boletinlegal/images/pdf.gif HTTP/1.1" 200 567
172.22.2.4 - - [12/Jun/2023:19:06:49 -0500] "GET /BLA/boletinlegal/images/background.gif HTTP/1.1" 200 -
172.22.2.4 - - [12/Jun/2023:19:06:23 -0500] "GET /BLA/boletinlegal/ HTTP/1.1" 200 24523
172.22.2.4 - - [12/Jun/2023:19:07:05 -0500] "GET /BLA/boletinlegal/consulta_actos.php?tipo=resoluciones&no=&usuario=&sector=PEV&fecha=2021&resuelve=RECURSO HTTP/1.1" 200 302426
152.202.88.209 - - [12/Jun/2023:19:07:17 -0500] "GET /BLA/resoluciones/RESOLUCIONES%202021/5253.pdf HTTP/1.1" 200 355284
66.249.79.100 - - [12/Jun/2023:19:08:40 -0500] "-" 408 -
152.202.88.209 - - [12/Jun/2023:19:08:58 -0500] "GET /BLA/resoluciones/RESOLUCIONES%202021/5250.pdf HTTP/1.1" 200 8765652
172.22.2.4 - - [12/Jun/2023:19:08:49 -0500] "HEAD /BLA/boletinlegal/ HTTP/1.1" 200 -
216.245.221.92 - - [12/Jun/2023:19:10:35 -0500] "HEAD / HTTP/1.1" 200 -
172.22.2.4 - - [12/Jun/2023:19:10:50 -0500] "GET /BLA/boletinlegal/consulta_actos.php?tipo=resoluciones&no=1289&usuario=&sector=&fecha=2018&resuelve= HTTP/1.1" 200 626
152.202.88.209 - - [12/Jun/2023:19:11:12 -0500] "GET /BLA/resoluciones/RESOLUCIONES%202021/5238.pdf HTTP/1.1" 200 363359
172.22.2.4 - - [12/Jun/2023:19:09:40 -0500] "GET /BLA/boletinlegal/ HTTP/1.1" 200 57151
201.245.192.253 - - [12/Jun/2023:19:11:39 -0500] "POST /kwsrmcab/Wsrmcab  HTTP/1.1" 200 41606
66.249.79.100 - - [12/Jun/2023:19:12:04 -0500] "-" 408 -
152.202.88.209 - - [12/Jun/2023:19:12:31 -0500] "GET /BLA/resoluciones/RESOLUCIONES%202021/4959.pdf HTTP/1.1" 200 2172751
66.249.73.67 - - [12/Jun/2023:19:14:20 -0500] "-" 408 -
173.252.107.18 - - [12/Jun/2023:19:14:25 -0500] "HEAD /ofensiva-conta-el-trafico-de-fauna-silvestre-durante-la-semana-ambiental-en-bogota.html HTTP/1.1" 206 -
152.202.88.209 - - [12/Jun/2023:19:14:46 -0500] "GET /BLA/resoluciones/RESOLUCIONES%202021/4957.pdf HTTP/1.1" 200 367072
216.245.221.92 - - [12/Jun/2023:19:15:35 -0500] "HEAD / HTTP/1.1" 200 -
172.22.2.4 - - [12/Jun/2023:19:14:39 -0500] "HEAD /BLA/boletinlegal/ HTTP/1.1" 200 -
152.202.88.209 - - [12/Jun/2023:19:16:39 -0500] "GET /BLA/resoluciones/RESOLUCIONES%202021/2654.pdf HTTP/1.1" 200 360347
201.245.192.253 - - [12/Jun/2023:19:16:38 -0500] "POST /kwsrmcab/Wsrmcab  HTTP/1.1" 200 41606
172.22.2.4 - - [12/Jun/2023:19:15:30 -0500] "GET /BLA/boletinlegal/ HTTP/1.1" 200 52326
186.155.15.238 - - [12/Jun/2023:19:17:46 -0500] "GET /guadalupe-aguanoso-un-nuevo-tramo-de-camino-para-disfrutar-en-los-cerros-orientales.html HTTP/1.1" 200 795
152.202.88.209 - - [12/Jun/2023:19:17:56 -0500] "GET /BLA/resoluciones/RESOLUCIONES%202021/2408.pdf HTTP/1.1" 200 433851
66.249.79.100 - - [12/Jun/2023:19:18:00 -0500] "-" 408 -
34.207.241.106 - - [12/Jun/2023:19:18:47 -0500] "-" 408 -
152.202.88.209 - - [12/Jun/2023:19:19:03 -0500] "GET /BLA/resoluciones/RESOLUCIONES%202021/1826.pdf HTTP/1.1" 200 764921
216.245.221.92 - - [12/Jun/2023:19:20:35 -0500] "HEAD / HTTP/1.1" 200 -
201.245.192.253 - - [12/Jun/2023:19:20:47 -0500] "POST /kwsrmcab/Wsrmcab HTTP/1.1" 200 43948
201.245.192.253 - - [12/Jun/2023:19:20:49 -0500] "POST /kwsrmcab/Wsrmcab HTTP/1.1" 200 41848
52.167.144.158 - - [12/Jun/2023:19:21:03 -0500] "GET /BLA/resoluciones/AUTOS%202018/2173.pdf HTTP/1.1" 200 311960
52.167.144.158 - - [12/Jun/2023:19:21:05 -0500] "GET /BLA/resoluciones/AUTOS%202021/4134.pdf HTTP/1.1" 304 -
201.245.192.253 - - [12/Jun/2023:19:21:37 -0500] "POST /kwsrmcab/Wsrmcab  HTTP/1.1" 200 41606
191.102.196.91 - - [12/Jun/2023:19:21:44 -0500] "OPTIONS /kwssiamovil/sm/setfile/f? HTTP/1.1" 200 13
191.102.196.91 - - [12/Jun/2023:19:21:44 -0500] "POST /kwssiamovil/sm/setfile/f? HTTP/1.1" 200 381
191.102.196.91 - - [12/Jun/2023:19:21:50 -0500] "OPTIONS /kwssiamovil/sm/setfile/f? HTTP/1.1" 200 13
191.102.196.91 - - [12/Jun/2023:19:21:50 -0500] "POST /kwssiamovil/sm/setfile/f? HTTP/1.1" 200 381
191.102.196.91 - - [12/Jun/2023:19:21:57 -0500] "OPTIONS /kwssiamovil/sm/setfile/f? HTTP/1.1" 200 13
191.102.196.91 - - [12/Jun/2023:19:21:57 -0500] "POST /kwssiamovil/sm/setfile/f? HTTP/1.1" 200 381
152.202.88.209 - - [12/Jun/2023:19:22:04 -0500] "GET /BLA/resoluciones/RESOLUCIONES%202021/1640.pdf HTTP/1.1" 200 652991
172.22.2.4 - - [12/Jun/2023:19:22:05 -0500] "GET /BLA/boletinlegal/web/.svn/wc.db HTTP/1.1" 404 1018
172.22.2.4 - - [12/Jun/2023:19:20:29 -0500] "HEAD /BLA/boletinlegal/ HTTP/1.1" 200 -
191.102.196.91 - - [12/Jun/2023:19:22:25 -0500] "GET /kwssiamovil/sm/acme/a?s=U2FsdGVkX19kxqaC+qU6bEM3x+HLQWFvY8YxZsBD6DDPLGEBXTQ0ewxDEcupqcH4SMZR2fR/nUxhj1C+Vc8Qmx8rQkWGJuaNPZEoTTVbOfiMaqLupOKNyeJDbaOmcCQxup/1DeGChS7NsXSZm/Lp1RccCnup3mXgL3ZmVy4pHTeTqhVE5MJhprVqdDwlIxj+JTssOiQEksBp/0RDLMjg2XKOU7W65bgUDP9WUjbDxepaITa4dwqnFkyp0sKVEflrdndLsMz7TQpsgK9WGvuKCg==&u=U2FsdGVkX18w6hT6qRjKxbIDm8vruCspT3u+fH7JYds=&y=U2FsdGVkX1/czX1Zjv65hYgZMRK7WF8LZVNasXVf97c= HTTP/1.1" 200 26
191.102.196.91 - - [12/Jun/2023:19:22:25 -0500] "GET /kwssiamovil/sm/acme/a?s=U2FsdGVkX18pWdvKF6zdZkp3Q3fbK7Xu3S+dApm45Dw43x+UXeXJIurVy3fpbX/awkAF3fDsJ6J/3Ctfm92Gp6Oj6IqijEAo6I7oGg/S6TT5ph0yZj/71Zww5IRFKIRl2lfNAOoICfycPkh1Xft7U3SQI6Gf5GWMnpa6FaXCJQqHllMAYm+9g9bQXeKQ7eT3ap7siDXcHkCc3GqtpHnkOAyOxVCJQwGyuumLX/OMmaLyA5BkzRWWXHrBT6uoFTfSRGV5UMEe0acbhxRP3tE3Kw2ypY+Erj6T9p5CioFnL6nRQy47WGQKq+DL4VGSzrmVxuxGZoMkk//5Aausfwu8Tr3pkS99hqKWgd73BeqXF2LkWLvVLGC6/aOAIea7+6RejhTfGhWXOQjNzFTkjccHPOlJHgaiLCMXJDHlvcLcIZDWvQN8nXbmKBLX7lXgeYxSpot9O7qxKhqq4KrZTntsy9sQQXfIx293jSjPEc+q6R2I9u7ajt+uUJAPbgvFVEsY19WsYU0GKxPuTb/30KRSTPb3PSBbrmKv9/a0N863luecM5LDpc0B5IAAnLu8sID5C21w9u2eDKLXJIpkp+enTjJdpNWAbOzu+L4IC+TQGoGqgKLf6irFnx5unSXAJNsOIEMFzMZuu3TNco+0fev3FqEc/8VNVK05Vm3ihsYwX3U8iQaRByXBHGt1/G1zqE1QIfszY1sp2oENC9UWH9Gy7JM5tVJnH9gf1erDJafdydRRawt6uQCN5KlfmHNRD+K9yIFC6qGWt/MX9e/cNLWs+6k47gj2o+vB6r9fSUWSyY9jjc89vWWYa31yJh3/YzPVGVkQzl6JgveMSHTdm9QZKbSIPOp7N8qKr8fKVpL2feXgitNEqWdoH7HC+q2VZqJMW1Mkhnd3zkHaZd4d1TFXH/xoljt6HOg7JN3hfBCn7IkCbo+1UmIb7tCnB7RIe8H4rrf5QUGn4kv0WR9Ph1jufp2qlJVSFW52xc9eMAnfM09ugRNcEc/OT1aM7RdneO5Fod4K0OFk/wKrH+G3WPpli4UMhJTbitUefoOdqlvFOV+bswxOmFBFkE9ZXhBVPNSXHbs0Fo2izdtJoakHujtqakYZhdcxpX8veHaIr95mdcJIrIoctWMG0K6AFeTAj2RGEltB5jwY/AWE0TPtCivViowLWbWVOVXdtHU/tUR6NEhR18vqSUgbKDrQ8KY8PBnsblZtQr6hbxBlZdxmcaL6pdZHzcqsLFuCSWscaLA6EBa2oTQdMDlqDFz8JPuxmccqsfnfOZW9mlkMQ665FGZvLJLS7j2q9k3ZPW9ZacqXtDcgkbImGI8OgCA24L3JGjLwszIgdCQJEldvVjhnH4+xCeFlkdN3YlpbN9qK5Qd/e0vwJgXbx0JXyRSWFchJ6Er3Mz3RcjtqF3kkt31fzkQLmIU5Ld5cTHq+D1imUEL4ydbHQ2sL2WqgY9/UHl7xcavGPMeM6cB+k2AMU5hGwOB7clnrY4lkRVa6YQ56SBbDNdmoVDbocrnuFEWt9jOMxg8aXHdbMOTW9BblASn4j7JgGsFvztEn3sy9ygbwBsV4zAI=&u=U2FsdGVkX18w6hT6qRjKxbIDm8vruCspT3u+fH7JYds=&y=U2FsdGVkX1/czX1Zjv65hYgZMRK7WF8LZVNasXVf97c= HTTP/1.1" 200 26
191.102.196.91 - - [12/Jun/2023:19:22:25 -0500] "GET /kwssiamovil/sm/acme/a?s=U2FsdGVkX1+HVxnZVnWyzJ6dov0t/R8ss6moDdJqGVv0IodWgmmw5no/xh4vgGHUQ3WguhUbk35rzca+4Vc8QzAto1sX/qtQy6Rd4j6Lo1Dl7/34WAeiZTJ6YmKplqbtf6aZCJleIV6W70Cx4Zos3L8+RdGDOR2qqUMF46HY6k8=&u=U2FsdGVkX18w6hT6qRjKxbIDm8vruCspT3u+fH7JYds=&y=U2FsdGVkX1/czX1Zjv65hYgZMRK7WF8LZVNasXVf97c= HTTP/1.1" 200 26
191.102.196.91 - - [12/Jun/2023:19:22:26 -0500] "GET /kwssiamovil/sm/acme/a?s=U2FsdGVkX1//BF1DBWSGXuyIu8a3EcQNj6F8vVU3Ok2zbdBuKDdUHfLokgmIvMVt7cnPEv3aYCqnJoq13SmF+xqDEUTcnbCAGZWz1stNoAnj/btUWcPuB5NXpGGgnLifZIVe9pHw6rDVcSkQeIgfHhn3DJVtfzT3WsqW6WWmCKQ=&u=U2FsdGVkX18w6hT6qRjKxbIDm8vruCspT3u+fH7JYds=&y=U2FsdGVkX1/czX1Zjv65hYgZMRK7WF8LZVNasXVf97c= HTTP/1.1" 200 26
191.102.196.91 - - [12/Jun/2023:19:22:26 -0500] "GET /kwssiamovil/sm/acme/a?s=U2FsdGVkX18uqWC7p4m4kzsJQ5R4SAhbhSMNiP3cuiYLzdaCSEVFsUdrwEgXLM55DekzRvpitnxc0gxD1ws8a5zsOatY0vyqlU7Aqk13mhc5saU4Dy3lbBpwfVDtyqYfTI8gWfy4he1p4jeWsHSP1ZWgQ2aPogkZL0fNfOtlrno=&u=U2FsdGVkX18w6hT6qRjKxbIDm8vruCspT3u+fH7JYds=&y=U2FsdGVkX1/czX1Zjv65hYgZMRK7WF8LZVNasXVf97c= HTTP/1.1" 200 26
191.102.196.91 - - [12/Jun/2023:19:22:26 -0500] "GET /kwssiamovil/sm/acme/a?s=U2FsdGVkX1/soqsl5SAEJFY9eKdSMOe0U/Dj/QSYrrSZIbzrq5Xqhp4R9KoHAH241vPvQj9rLW87Y2i9Q660WGMM1JcZHSRBp27L4OS66PU+Ssw266eSeuUnBzdXajB1plBIlKGfWUEEp5dajurNj4ECQhkCb5tOAIc1I4+jny7ihT5f4RsbJk1EJduu5Iix&u=U2FsdGVkX18w6hT6qRjKxbIDm8vruCspT3u+fH7JYds=&y=U2FsdGVkX1/czX1Zjv65hYgZMRK7WF8LZVNasXVf97c= HTTP/1.1" 200 26
191.102.196.91 - - [12/Jun/2023:19:22:26 -0500] "GET /kwssiamovil/sm/acme/a?s=U2FsdGVkX19aSUeq7Hn5pD/KKHzu599N0wnO5wViToJ+TqWoYLgkCM+ynwkiGsEqsTk1hiSkUyNAQ0zscND+86JgsP4aaIlzRMSFuNxNI+rlMqY1lMP3m8YWHigILELp2g1Z5Kygq3+MnOaRVmsZpIvlz/7DOZsN9yq95gNG5r10nFwCywHa8q7lnS5D23+OX1FBB9D8CI4UmFYRVA5O0/gJM3CYdMOZjDv+urI7eSs=&u=U2FsdGVkX18w6hT6qRjKxbIDm8vruCspT3u+fH7JYds=&y=U2FsdGVkX1/czX1Zjv65hYgZMRK7WF8LZVNasXVf97c= HTTP/1.1" 200 26
191.102.196.91 - - [12/Jun/2023:19:22:26 -0500] "GET /kwssiamovil/sm/acme/a?s=U2FsdGVkX18gmsZJiBgbW1oBy5+JWV7rUodtAg4ZHOTylv7qYnHMMxadhqH5mGG3OQrqygvZYrrQYEicVUgRhRKnb3jtQJ6Zb674ZnlDbIhxUOkNrpnSJ6f1i59BtGnMhQTNj0MeGnxDjO5DFxZYXxTPYQTSMgxBiewE8QvXxMdxhWZ13bk9k/Su49JZbkCrsKpgyKdr8HPBZrL0Z5sDPA==&u=U2FsdGVkX18w6hT6qRjKxbIDm8vruCspT3u+fH7JYds=&y=U2FsdGVkX1/czX1Zjv65hYgZMRK7WF8LZVNasXVf97c= HTTP/1.1" 200 26
191.102.196.91 - - [12/Jun/2023:19:22:27 -0500] "GET /kwssiamovil/sm/acme/a?s=U2FsdGVkX1/eW4P1Jvv7Vo5Lf3liPPZpGaI7Xug4X7SYkZBVtU78F0Mr7lT/LiFPMM2Cc9TqdYuneoVc/A9p2UXeKLCar7/IcbADjt8EGzDGfsKWwyqzrEQvlyX0eAPQb8x/N6rSkWd3e3D8QG0gcKdR2M081PnvCfPJqU5RvREQvORkBdsLaCSaGjwghhqAkojmaij1vGDdsAt7RcgcNmWdwmyS6PslSBKek49lGv8=&u=U2FsdGVkX18w6hT6qRjKxbIDm8vruCspT3u+fH7JYds=&y=U2FsdGVkX1/czX1Zjv65hYgZMRK7WF8LZVNasXVf97c= HTTP/1.1" 200 26
191.102.196.91 - - [12/Jun/2023:19:22:27 -0500] "GET /kwssiamovil/sm/acme/a?s=U2FsdGVkX19hQmbmKijXEBo/XOYPXhPsmL2YLzJjKC0s98ZjJSgUrPvjUywqhy5xdF2iR8vRA1lSkuMMi3RPsSn3GiGmTO5VQVp3I4jEE/jmBcOoAfgsnlFyC4EK+31AbEQ/uF+VfsaxynzAX9g9riYIEv/hyi0FjuXj9gb6giZSkNYNWQUlYbG+1IywhYKY+n7VqHS2k0g7xrmBcOtGwA==&u=U2FsdGVkX18w6hT6qRjKxbIDm8vruCspT3u+fH7JYds=&y=U2FsdGVkX1/czX1Zjv65hYgZMRK7WF8LZVNasXVf97c= HTTP/1.1" 200 26
191.102.196.91 - - [12/Jun/2023:19:22:27 -0500] "GET /kwssiamovil/sm/acme/a?s=U2FsdGVkX1/da+V/+5vSPpzZHc9IQNAl2nFOo5bJd2PO/tIyHQFp8lo/hewJz+ZP9ULARul41+RHhmPgth2zFuELhsStGd9fz31hIBUePjKcnDrwS/jU+99oUC4mDoLhwziaTIp3TXtebe7LM+moORjr1j72glJDUknNnYWoQlPVhyLdUfBXC/CnY+ibnv4pNual5sHOsQOBnSRMnj8TxuBzUY2JbkCNA1lqW4UXbTY=&u=U2FsdGVkX18w6hT6qRjKxbIDm8vruCspT3u+fH7JYds=&y=U2FsdGVkX1/czX1Zjv65hYgZMRK7WF8LZVNasXVf97c= HTTP/1.1" 200 26
191.102.196.91 - - [12/Jun/2023:19:22:27 -0500] "GET /kwssiamovil/sm/acme/a?s=U2FsdGVkX1+egpZHhC2SLUDdGwLptk/KELIEQRkIKSpQWHn48E9RGGQrfQrnwoaq3M/F75zx5EkiNFOA8uiC+8PfOspOCUyGQqxtxy474+qFaeaHJaBjZdTAJu9QOPH6lr8kOtDH+VrjsIMI3Vy/3WJ5mjuLNzg9kJyQuuh2T8i33Df4k3y6tkMC1cc4QUV4aDA1U7dyJVrMijQ3wyDArg==&u=U2FsdGVkX18w6hT6qRjKxbIDm8vruCspT3u+fH7JYds=&y=U2FsdGVkX1/czX1Zjv65hYgZMRK7WF8LZVNasXVf97c= HTTP/1.1" 200 26
172.22.2.4 - - [12/Jun/2023:19:21:20 -0500] "GET /BLA/boletinlegal/ HTTP/1.1" 200 55221
66.249.73.67 - - [12/Jun/2023:19:24:51 -0500] "-" 408 -
216.245.221.92 - - [12/Jun/2023:19:25:35 -0500] "HEAD / HTTP/1.1" 200 -
201.245.192.253 - - [12/Jun/2023:19:26:36 -0500] "POST /kwsrmcab/Wsrmcab  HTTP/1.1" 200 41606
152.202.88.209 - - [12/Jun/2023:19:26:42 -0500] "GET /BLA/resoluciones/RESOLUCIONES%202021/1646.pdf HTTP/1.1" 200 652991
66.249.77.10 - - [12/Jun/2023:19:26:49 -0500] "GET /parque-bosque-san-carlos-33-arboles-en-inminente-riesgo-deberan-ser-intervenidos.html HTTP/1.1" 200 1101
190.158.204.19 - - [12/Jun/2023:19:27:10 -0500] "GET /BLA/resoluciones/RESOLUCIONES%202022/5360.pdf HTTP/1.1" 200 341471
190.158.204.19 - - [12/Jun/2023:19:27:11 -0500] "GET /BLA/resoluciones/RESOLUCIONES%202022/5360.pdf HTTP/1.1" 206 1025
190.158.204.19 - - [12/Jun/2023:19:27:11 -0500] "GET /BLA/resoluciones/RESOLUCIONES%202022/5360.pdf HTTP/1.1" 200 341471
152.202.88.209 - - [12/Jun/2023:19:27:13 -0500] "GET /BLA/resoluciones/RESOLUCIONES%202021/1590.pdf HTTP/1.1" 200 470667
190.158.204.19 - - [12/Jun/2023:19:27:17 -0500] "GET /BLA/resoluciones/RESOLUCIONES%202022/5360.pdf HTTP/1.1" 206 64512
172.22.2.4 - - [12/Jun/2023:19:26:19 -0500] "HEAD /BLA/boletinlegal/ HTTP/1.1" 200 -
173.252.95.117 - - [12/Jun/2023:19:28:16 -0500] "GET /images/reunion-planta-termovalorizacion-11-mayo.jpg HTTP/1.1" 200 34782
172.22.2.4 - - [12/Jun/2023:19:28:17 -0500] "GET /BLA/boletinlegal/actos.php HTTP/1.1" 200 9682
152.202.88.209 - - [12/Jun/2023:19:28:20 -0500] "GET /BLA/resoluciones/RESOLUCIONES%202021/1335.pdf HTTP/1.1" 200 462541
172.22.2.4 - - [12/Jun/2023:19:28:21 -0500] "GET /BLA/boletinlegal/normativa.php HTTP/1.1" 200 8343
172.22.2.4 - - [12/Jun/2023:19:28:21 -0500] "GET /BLA/boletinlegal/js/ajax_normativa.js HTTP/1.1" 200 1154
191.111.20.134 - - [12/Jun/2023:19:28:29 -0500] "GET /BLA/boletinlegal/style.css HTTP/1.1" 200 9406
191.111.20.134 - - [12/Jun/2023:19:28:29 -0500] "GET /BLA/boletinlegal/styles2.css HTTP/1.1" 200 1838
191.111.20.134 - - [12/Jun/2023:19:28:29 -0500] "GET /BLA/boletinlegal/js/jquery.js HTTP/1.1" 200 57254
191.111.20.134 - - [12/Jun/2023:19:28:29 -0500] "GET /BLA/boletinlegal/js/jquery.scrollTo-min.js HTTP/1.1" 200 1150
191.111.20.134 - - [12/Jun/2023:19:28:29 -0500] "GET /BLA/boletinlegal/js/jquery.scrollShow.js HTTP/1.1" 200 4586
191.111.20.134 - - [12/Jun/2023:19:28:29 -0500] "GET /BLA/boletinlegal/images/cabezote%20BLEGAL.jpg HTTP/1.1" 200 118164
191.111.20.134 - - [12/Jun/2023:19:28:29 -0500] "GET /BLA/boletinlegal/images/subscribe-icon-big.png HTTP/1.1" 200 47702
191.111.20.134 - - [12/Jun/2023:19:28:29 -0500] "GET /BLA/boletinlegal/images/historia.png HTTP/1.1" 200 52775
191.111.20.134 - - [12/Jun/2023:19:28:29 -0500] "GET /BLA/boletinlegal/images/registro-usuarios.png HTTP/1.1" 200 8106
191.111.20.134 - - [12/Jun/2023:19:28:29 -0500] "GET /BLA/boletinlegal/images/arr_l.jpg HTTP/1.1" 200 1979
191.111.20.134 - - [12/Jun/2023:19:28:29 -0500] "GET /BLA/boletinlegal/images/screen_1.png HTTP/1.1" 200 202547
191.111.20.134 - - [12/Jun/2023:19:28:29 -0500] "GET /BLA/boletinlegal/images/launch.jpg HTTP/1.1" 200 14577
191.111.20.134 - - [12/Jun/2023:19:28:29 -0500] "GET /BLA/boletinlegal/images/body_bg.jpg HTTP/1.1" 200 1601
191.111.20.134 - - [12/Jun/2023:19:28:29 -0500] "GET /BLA/boletinlegal/images/menu_lft.gif HTTP/1.1" 200 1713
191.111.20.134 - - [12/Jun/2023:19:28:29 -0500] "GET /BLA/boletinlegal/images/menu_rght.gif HTTP/1.1" 200 1627
191.111.20.134 - - [12/Jun/2023:19:28:29 -0500] "GET /BLA/boletinlegal/images/menu_bg.jpg HTTP/1.1" 200 620
191.111.20.134 - - [12/Jun/2023:19:28:29 -0500] "GET /BLA/boletinlegal/images/bg_top.jpg HTTP/1.1" 200 522
191.111.20.134 - - [12/Jun/2023:19:28:29 -0500] "GET /BLA/boletinlegal/images/hover.jpg HTTP/1.1" 200 640
191.111.20.134 - - [12/Jun/2023:19:28:29 -0500] "GET /BLA/boletinlegal/images/text.jpg HTTP/1.1" 200 568
191.111.20.134 - - [12/Jun/2023:19:28:33 -0500] "GET /BLA/boletinlegal/actos.php HTTP/1.1" 200 9682
191.111.20.134 - - [12/Jun/2023:19:28:33 -0500] "GET /BLA/boletinlegal/js/ajax_actos.js HTTP/1.1" 200 1322
191.111.20.134 - - [12/Jun/2023:19:28:33 -0500] "GET /BLA/boletinlegal/niceforms-default.css HTTP/1.1" 200 6694
191.111.20.134 - - [12/Jun/2023:19:28:33 -0500] "GET /BLA/boletinlegal/niceforms.js HTTP/1.1" 200 22876
191.111.20.134 - - [12/Jun/2023:19:28:33 -0500] "GET /BLA/boletinlegal/js/lib.js HTTP/1.1" 200 6474
191.111.20.134 - - [12/Jun/2023:19:28:33 -0500] "GET /BLA/boletinlegal/js/popup.js HTTP/1.1" 200 1270
191.111.20.134 - - [12/Jun/2023:19:28:33 -0500] "GET /BLA/boletinlegal/js/jquery1.js HTTP/1.1" 200 29846
191.111.20.134 - - [12/Jun/2023:19:28:33 -0500] "GET /BLA/boletinlegal/images/green-yellow-blue-pink-th.png HTTP/1.1" 200 7394
191.111.20.134 - - [12/Jun/2023:19:28:33 -0500] "GET /BLA/boletinlegal/images/tel.png HTTP/1.1" 200 14477
191.111.20.134 - - [12/Jun/2023:19:28:33 -0500] "GET /BLA/boletinlegal/images/icono-email.png HTTP/1.1" 200 5544
191.111.20.134 - - [12/Jun/2023:19:28:33 -0500] "GET /BLA/boletinlegal/images/footer_bg_l.jpg HTTP/1.1" 200 776
191.111.20.134 - - [12/Jun/2023:19:28:33 -0500] "GET /BLA/boletinlegal/images/footer_bg.jpg HTTP/1.1" 200 586
191.111.20.134 - - [12/Jun/2023:19:28:33 -0500] "GET /BLA/boletinlegal/img/0.png HTTP/1.1" 200 110
191.111.20.134 - - [12/Jun/2023:19:28:33 -0500] "GET /BLA/boletinlegal/img/select-left.png HTTP/1.1" 200 263
191.111.20.134 - - [12/Jun/2023:19:28:33 -0500] "GET /BLA/boletinlegal/img/select-right.png HTTP/1.1" 200 44019
191.111.20.134 - - [12/Jun/2023:19:28:33 -0500] "GET /BLA/boletinlegal/img/button-left.png HTTP/1.1" 200 57071
191.111.20.134 - - [12/Jun/2023:19:28:33 -0500] "GET /BLA/boletinlegal/img/button.png HTTP/1.1" 200 43241
191.111.20.134 - - [12/Jun/2023:19:28:33 -0500] "GET /BLA/boletinlegal/img/button-right.png HTTP/1.1" 200 57878
191.111.20.134 - - [12/Jun/2023:19:28:35 -0500] "GET /BLA/resoluciones/ HTTP/1.1" 200 13502
172.22.2.4 - - [12/Jun/2023:19:28:40 -0500] "GET /BLA/boletinlegal/actos.php HTTP/1.1" 200 9682
191.111.20.134 - - [12/Jun/2023:19:28:41 -0500] "GET /BLA/resoluciones/index.php?dir=RESOLUCIONES+2022%2F HTTP/1.1" 200 307872
190.158.204.19 - - [12/Jun/2023:19:28:42 -0500] "GET /BLA/resoluciones/ HTTP/1.1" 200 13502
190.158.204.19 - - [12/Jun/2023:19:28:44 -0500] "GET /BLA/resoluciones/dlf/archive.png HTTP/1.1" 200 632
190.158.204.19 - - [12/Jun/2023:19:28:44 -0500] "GET /BLA/resoluciones/index.php?dir=RESOLUCIONES+2020%2F HTTP/1.1" 200 168722
191.111.20.134 - - [12/Jun/2023:19:28:47 -0500] "GET /BLA/resoluciones/RESOLUCIONES%202022/0046.pdf HTTP/1.1" 200 405139
191.111.20.134 - - [12/Jun/2023:19:28:47 -0500] "GET /BLA/resoluciones/RESOLUCIONES%202022/0046.pdf HTTP/1.1" 206 1025
191.111.20.134 - - [12/Jun/2023:19:28:47 -0500] "GET /BLA/resoluciones/RESOLUCIONES%202022/0046.pdf HTTP/1.1" 200 405139
191.111.20.134 - - [12/Jun/2023:19:28:29 -0500] "GET /BLA/boletinlegal/index.php HTTP/1.1" 200 16331
190.158.204.19 - - [12/Jun/2023:19:28:48 -0500] "GET /BLA/resoluciones/RESOLUCIONES%202020/0046.pdf HTTP/1.1" 200 382310
172.22.2.4 - - [12/Jun/2023:19:27:10 -0500] "GET /BLA/boletinlegal/ HTTP/1.1" 200 55571
191.111.20.134 - - [12/Jun/2023:19:28:50 -0500] "GET /BLA/resoluciones/RESOLUCIONES%202022/0046.pdf HTTP/1.1" 206 64512
152.202.88.209 - - [12/Jun/2023:19:28:54 -0500] "GET /BLA/resoluciones/RESOLUCIONES%202021/1171.pdf HTTP/1.1" 200 564071
190.158.204.19 - - [12/Jun/2023:19:28:56 -0500] "GET /BLA/resoluciones/index.php?dir= HTTP/1.1" 200 13502
190.158.204.19 - - [12/Jun/2023:19:28:59 -0500] "GET /BLA/resoluciones/index.php?dir=RESOLUCIONES+2022%2F HTTP/1.1" 200 307872
190.158.204.19 - - [12/Jun/2023:19:29:01 -0500] "GET /BLA/resoluciones/RESOLUCIONES%202022/0046.pdf HTTP/1.1" 200 405139
190.158.204.19 - - [12/Jun/2023:19:29:17 -0500] "GET /BLA/resoluciones/ HTTP/1.1" 200 13502
190.158.204.19 - - [12/Jun/2023:19:29:19 -0500] "GET /BLA/resoluciones/index.php?dir=RESOLUCIONES+2023%2F HTTP/1.1" 200 30446
191.111.20.134 - - [12/Jun/2023:19:29:20 -0500] "GET /BLA/resoluciones/index.php?dir=RESOLUCIONES+2023%2F HTTP/1.1" 200 30446
190.158.204.19 - - [12/Jun/2023:19:29:22 -0500] "GET /BLA/resoluciones/RESOLUCIONES%202023/0689.pdf HTTP/1.1" 200 380061
191.111.20.134 - - [12/Jun/2023:19:29:28 -0500] "GET /BLA/resoluciones/RESOLUCIONES%202023/0886.pdf HTTP/1.1" 200 1084887
191.111.20.134 - - [12/Jun/2023:19:29:28 -0500] "GET /BLA/resoluciones/RESOLUCIONES%202023/0886.pdf HTTP/1.1" 200 1084887
191.111.20.134 - - [12/Jun/2023:19:29:28 -0500] "GET /BLA/resoluciones/RESOLUCIONES%202023/0886.pdf HTTP/1.1" 206 1025
191.102.196.91 - - [12/Jun/2023:19:29:57 -0500] "GET /kwssiamovil/sm/acme/u?s=U2FsdGVkX198b42WItc29ftOdr6braEVC83tcISUGPJ3gXfEomLNWM3kc37QwQytWizP8JjWJ5D6yeu0SrshyFvu3fBlg6P7O0hOM2Ig+rl3O+3tIgDx9vwsOWSpeImb9ovnd1fAW8DtRIYqBMoxnmOqgjDFBHGozq1MfBKjCLE=&u=U2FsdGVkX18w6hT6qRjKxbIDm8vruCspT3u+fH7JYds=&y=U2FsdGVkX1/czX1Zjv65hYgZMRK7WF8LZVNasXVf97c= HTTP/1.1" 200 60
191.111.20.134 - - [12/Jun/2023:19:30:04 -0500] "GET /BLA/resoluciones/RESOLUCIONES%202023/0689.pdf HTTP/1.1" 200 380061
191.111.20.134 - - [12/Jun/2023:19:30:04 -0500] "GET /BLA/resoluciones/RESOLUCIONES%202023/0689.pdf HTTP/1.1" 200 380061
191.111.20.134 - - [12/Jun/2023:19:30:04 -0500] "GET /BLA/resoluciones/RESOLUCIONES%202023/0689.pdf HTTP/1.1" 206 1025
191.111.20.134 - - [12/Jun/2023:19:30:06 -0500] "GET /BLA/resoluciones/RESOLUCIONES%202023/0689.pdf HTTP/1.1" 206 64512
191.102.196.91 - - [12/Jun/2023:19:30:31 -0500] "GET /kwssiamovil/sm/ldap/au?x=U2FsdGVkX1+xco2dkRw8iFRmpXZnkDks973oXyhY+QWycS7IY4HsDON33JPoIGYp&y=U2FsdGVkX18IYGxj4hww0QACyLa8wpMWlmo455H8xSk= HTTP/1.1" 200 30
191.102.196.91 - - [12/Jun/2023:19:30:31 -0500] "GET /kwssiamovil/sm/acme/s?s=U2FsdGVkX18tTMfh7MMWCclytzNREIbEYk0AS/6EH+rW76OadOgV8gZ17fazLmsuiQI7J6N6AODvBNJ6hon66CFHAyraK6TmSub6TtaLr6Q=&u=U2FsdGVkX19YyELQWEUkl41mEbemaiSSEP/kwhCejhU=&y=U2FsdGVkX18IYGxj4hww0QACyLa8wpMWlmo455H8xSk= HTTP/1.1" 200 97
191.102.196.91 - - [12/Jun/2023:19:30:31 -0500] "GET /kwssiamovil/sm/acme/s?s=U2FsdGVkX1+oLmDvne0GdzpJYpPYZAlh5gZk5wctxjgnW1S7MKDDdQI/MEKM58aEfUwenN8Zyo/jRXmp10FnE+NX3cplY0HmWbS1o8kxsF2tygjcRyddnCsF3Xgd3pQ92JrKaw5kcQLjT6WFD+NK7v1qOuunLGH/9K2M4aXw673O/GWwyLJ/PMf3g5OL0RdtQu/U73qh1aSCHznHHnQJk6M/Gey0HIa+Z54y4w9YM1BaI8hBNtTgoZ6oyZbKrtTGy4ljiwR7JGzARNoOa+S50A5s5e/QljFg3Kx73EwN2swv9l8SpaJ90SVQUcHS3VhwfnSTAEzLNssXoozMPs1s4ckl9eZ/aHoTX41nRc2NF937hLXtNSHYS7R9sBdxZD1X/ar46fBiwDRElUkuA3c4Eo13UkjzJOE0A1VcpgCUNoqiqw3ODcD4THod/5OSpjJ6l55nd7R/WO0iriGvQbfQI+OzsMBnXXYbfDU9h2eyV5GDj0Zub77MMCG1fsV4Bl/SaxWiG/vsZiB1dP8cpRydlL0WTIXjeiUu7l1ZgzGGz9XhxP7xx94azbRT4herf98UzWS6t6roxfpYYOK7SPlmGaUeV0yreB7KY2u+AHTSzdpKGIfWlsJ95+9DFBVm/5mdfoguTHPmbZvRe/7ufP3D1cW9u42nZOvysL7x7a8drccNb548vBqHmvXWWvJfBOHGM6/MNQ617xG6B4WlVHjPrpTRRf4bionhaSi1Xg+r8b6tmKUtMJy+70MVdJlXG6Mi93rncNZdFq1xTRSZCqTAYsi6+2s/+TgTlJyXagaOwKq7y8g7AbwsoKvEVRtRgImUlGgDb9rYMTjjzrjKZRz/hslgD7PPjDHb8UgAwPl17QiXm5fODpdhkWf14sR3vDQNZtTXmPA+9HgnfT6YLava9J5XfOkQ5Io0RuCeNYBB1EJPyKwKyq3bv/sOD2WVpRojJjdncs3bPSrIZkgm9AZe25ILqv+g2BsXDHexqLty2gZrCNbwtH9t6TIWcWppzFDEPhcSAsansA6abV8K0zX4djoCP5gYJCutait0UMCW7ZlV94JTTFfvj9Y7JmK2Nrc7sIdkgr7q4Q/aJNvDvUit569NW/eQG73aPeBJ/+Ar3+8fvY8oge9HwJRH/rRoNcrz/87+TxZ+JH7Qh5rAxaCzy0svlChoZHAiBcimz7pxZqQkvp6K+492l32xK/yvBK2GvHyTziFc9pN65nkh2LlDrcu2gtUQLiBUTPrawyfz2trAL3K/x+k7xHgBVv5CmCFA8kk6fggeKRawjqreXB2BfSwNSMKiICCymFWJH1flYXTZCYTXKEEu9V5s/S2g2VNWD+S/BSvdwROECopI2/r4+M+lcn1A9SQwP5OB5QZZMlD453CcNivxmjMPOWstPHXV86BEZT2NwsU1RsZEAmn2pFumvneX9lbVLIURpU4Stu8=&u=U2FsdGVkX19YyELQWEUkl41mEbemaiSSEP/kwhCejhU=&y=U2FsdGVkX18IYGxj4hww0QACyLa8wpMWlmo455H8xSk= HTTP/1.1" 200 1801
191.102.196.91 - - [12/Jun/2023:19:30:31 -0500] "GET /kwssiamovil/sm/acme/s?s=U2FsdGVkX1+rBFJ9qs8Z1+A/yDkOqpYvupqx+zxiSCXPMa3UpHbAKqRgqV8J4DNzs3Ym6RRg4I+mQtDYBgu5PIeX/lLqUvw8vbnF4Kq78A3rMqtnaRonrzp1cX8b1XydTr/1pT55FK/m1sPzRX/xYAty13J2Pi8ovXNnBhrlcd8qpYrgDGnqra5NopzbIvMLQRKA/00jSk4SHV6vLtXuUItqfbWFQtQrD0ddSvtlY7wVibBWWAgfw263GM3sWHmxrpQ7vONu+T0HRZcqcg4cs0vt4moVMS7GXHo1tuwjQdRAvn/gevmOWt/Yq8m/RjJzoSSuQsJQpLMIsP1KCZ83OQ==&u=U2FsdGVkX19YyELQWEUkl41mEbemaiSSEP/kwhCejhU=&y=U2FsdGVkX18IYGxj4hww0QACyLa8wpMWlmo455H8xSk= HTTP/1.1" 200 196
191.102.196.91 - - [12/Jun/2023:19:30:32 -0500] "GET /kwssiamovil/sm/cjson/pre?f=1&x=U2FsdGVkX1+xco2dkRw8iFRmpXZnkDks973oXyhY+QWycS7IY4HsDON33JPoIGYp HTTP/1.1" 200 31032
216.245.221.92 - - [12/Jun/2023:19:30:35 -0500] "HEAD / HTTP/1.1" 200 -
152.202.88.209 - - [12/Jun/2023:19:30:41 -0500] "GET /BLA/resoluciones/RESOLUCIONES%202021/0781.pdf HTTP/1.1" 200 501944
201.245.192.253 - - [12/Jun/2023:19:30:46 -0500] "POST /kwsrmcab/Wsrmcab HTTP/1.1" 200 43948
201.245.192.253 - - [12/Jun/2023:19:30:49 -0500] "POST /kwsrmcab/Wsrmcab HTTP/1.1" 200 41848
201.221.172.227 - - [12/Jun/2023:19:30:58 -0500] "GET /galeria/galeria/jquery.fancybox.css?v=2.1.5 HTTP/1.1" 200 4895
201.221.172.227 - - [12/Jun/2023:19:30:58 -0500] "GET /galeria/galeria/jquery.fancybox.js?v=2.1.5 HTTP/1.1" 200 48706
201.221.172.227 - - [12/Jun/2023:19:30:58 -0500] "GET /BLA/boletinlegal/js/jquery.scrollShow.js HTTP/1.1" 200 4586
191.95.50.40 - - [12/Jun/2023:19:31:30 -0500] "GET /agendate-para-participar-en-las-caminatas-ecologicas-de-febrero.html HTTP/1.1" 200 830
201.245.192.253 - - [12/Jun/2023:19:31:34 -0500] "POST /kwsrmcab/Wsrmcab  HTTP/1.1" 200 41606
152.202.88.209 - - [12/Jun/2023:19:31:41 -0500] "GET /BLA/resoluciones/RESOLUCIONES%202021/0515.pdf HTTP/1.1" 200 464467
200.118.60.119 - - [12/Jun/2023:19:31:59 -0500] "GET /BLA/resoluciones/index.php?dir=AUTOS+2020%2F HTTP/1.1" 200 85963
200.118.60.119 - - [12/Jun/2023:19:31:59 -0500] "GET /BLA/resoluciones/index.php?dir=AUTOS+2020%2F HTTP/1.1" 200 328938
152.202.88.209 - - [12/Jun/2023:19:32:18 -0500] "GET /BLA/resoluciones/RESOLUCIONES%202021/0514.pdf HTTP/1.1" 200 478997
172.22.2.4 - - [12/Jun/2023:19:32:09 -0500] "HEAD /BLA/boletinlegal/ HTTP/1.1" 200 -
172.22.2.4 - - [12/Jun/2023:19:33:00 -0500] "GET /BLA/boletinlegal/ HTTP/1.1" 200 53924
152.202.88.209 - - [12/Jun/2023:19:34:45 -0500] "GET /BLA/resoluciones/RESOLUCIONES%202021/0513.pdf HTTP/1.1" 200 477427
40.77.167.98 - - [12/Jun/2023:19:34:48 -0500] "GET /BLA/resoluciones/RESOLUCIONES%202022/3362.pdf HTTP/1.1" 304 -
152.202.88.209 - - [12/Jun/2023:19:35:16 -0500] "GET /BLA/resoluciones/RESOLUCIONES%202021/0512.pdf HTTP/1.1" 200 432477
107.165.134.151 - - [12/Jun/2023:19:35:25 -0500] "HEAD / HTTP/1.1" 200 -
54.212.97.176 - - [12/Jun/2023:19:35:28 -0500] "GET / HTTP/1.1" 200 319
54.212.97.176 - - [12/Jun/2023:19:35:29 -0500] "GET /favicon.ico HTTP/1.1" 200 7782
216.245.221.92 - - [12/Jun/2023:19:35:35 -0500] "HEAD / HTTP/1.1" 200 -
52.167.144.158 - - [12/Jun/2023:19:35:47 -0500] "GET /BLA/resoluciones/RESOLUCIONES%202023/0074.pdf HTTP/1.1" 304 -
172.22.2.4 - - [12/Jun/2023:19:34:13 -0500] "GET /BLA/boletinlegal/ HTTP/1.1" 200 56754
152.202.88.209 - - [12/Jun/2023:19:36:07 -0500] "GET /BLA/resoluciones/RESOLUCIONES%202021/0505.pdf HTTP/1.1" 200 487039
201.245.192.253 - - [12/Jun/2023:19:36:33 -0500] "POST /kwsrmcab/Wsrmcab  HTTP/1.1" 200 41606
152.202.88.209 - - [12/Jun/2023:19:36:36 -0500] "GET /BLA/resoluciones/RESOLUCIONES%202021/0471.pdf HTTP/1.1" 200 537393
172.22.2.4 - - [12/Jun/2023:19:37:07 -0500] "GET /BLA/boletinlegal/style.css HTTP/1.1" 200 9406
172.22.2.4 - - [12/Jun/2023:19:37:07 -0500] "GET /BLA/boletinlegal/styles2.css HTTP/1.1" 200 1838
172.22.2.4 - - [12/Jun/2023:19:37:07 -0500] "GET /BLA/boletinlegal/js/jquery.scrollShow.js HTTP/1.1" 200 4586
172.22.2.4 - - [12/Jun/2023:19:37:07 -0500] "GET /BLA/boletinlegal/js/jquery.js HTTP/1.1" 200 57254
172.22.2.4 - - [12/Jun/2023:19:37:07 -0500] "GET /BLA/boletinlegal/js/jquery.scrollTo-min.js HTTP/1.1" 200 1150
172.22.2.4 - - [12/Jun/2023:19:37:07 -0500] "GET /BLA/boletinlegal/images/cabezote%20BLEGAL.jpg HTTP/1.1" 200 118164
172.22.2.4 - - [12/Jun/2023:19:37:07 -0500] "GET /BLA/boletinlegal/images/subscribe-icon-big.png HTTP/1.1" 200 47702
172.22.2.4 - - [12/Jun/2023:19:37:07 -0500] "GET /BLA/boletinlegal/images/historia.png HTTP/1.1" 200 52775
172.22.2.4 - - [12/Jun/2023:19:37:07 -0500] "GET /BLA/boletinlegal/images/arr_l.jpg HTTP/1.1" 200 1979
172.22.2.4 - - [12/Jun/2023:19:37:07 -0500] "GET /BLA/boletinlegal/images/registro-usuarios.png HTTP/1.1" 200 8106
172.22.2.4 - - [12/Jun/2023:19:37:07 -0500] "GET /BLA/boletinlegal/images/screen_1.png HTTP/1.1" 200 202547
172.22.2.4 - - [12/Jun/2023:19:37:07 -0500] "GET /BLA/boletinlegal/images/launch.jpg HTTP/1.1" 200 14577
172.22.2.4 - - [12/Jun/2023:19:37:07 -0500] "GET /BLA/boletinlegal/images/body_bg.jpg HTTP/1.1" 200 1601
172.22.2.4 - - [12/Jun/2023:19:37:07 -0500] "GET /BLA/boletinlegal/images/menu_lft.gif HTTP/1.1" 200 1713
172.22.2.4 - - [12/Jun/2023:19:37:07 -0500] "GET /BLA/boletinlegal/images/menu_rght.gif HTTP/1.1" 200 1627
172.22.2.4 - - [12/Jun/2023:19:37:07 -0500] "GET /BLA/boletinlegal/images/menu_bg.jpg HTTP/1.1" 200 620
172.22.2.4 - - [12/Jun/2023:19:37:07 -0500] "GET /BLA/boletinlegal/images/hover.jpg HTTP/1.1" 200 640
172.22.2.4 - - [12/Jun/2023:19:37:07 -0500] "GET /BLA/boletinlegal/images/bg_top.jpg HTTP/1.1" 200 522
172.22.2.4 - - [12/Jun/2023:19:37:07 -0500] "GET /BLA/boletinlegal/images/text.jpg HTTP/1.1" 200 568
172.22.2.4 - - [12/Jun/2023:19:37:10 -0500] "GET /BLA/boletinlegal/actos.php HTTP/1.1" 200 9682
172.22.2.4 - - [12/Jun/2023:19:37:11 -0500] "GET /BLA/boletinlegal/js/ajax_actos.js HTTP/1.1" 200 1322
172.22.2.4 - - [12/Jun/2023:19:37:11 -0500] "GET /BLA/boletinlegal/niceforms.js HTTP/1.1" 200 22876
172.22.2.4 - - [12/Jun/2023:19:37:11 -0500] "GET /BLA/boletinlegal/niceforms-default.css HTTP/1.1" 200 6694
172.22.2.4 - - [12/Jun/2023:19:37:11 -0500] "GET /BLA/boletinlegal/js/lib.js HTTP/1.1" 200 6474
172.22.2.4 - - [12/Jun/2023:19:37:11 -0500] "GET /BLA/boletinlegal/js/popup.js HTTP/1.1" 200 1270
172.22.2.4 - - [12/Jun/2023:19:37:11 -0500] "GET /BLA/boletinlegal/js/jquery1.js HTTP/1.1" 200 29846
172.22.2.4 - - [12/Jun/2023:19:37:11 -0500] "GET /BLA/boletinlegal/images/green-yellow-blue-pink-th.png HTTP/1.1" 200 7394
172.22.2.4 - - [12/Jun/2023:19:37:11 -0500] "GET /BLA/boletinlegal/images/tel.png HTTP/1.1" 200 14477
172.22.2.4 - - [12/Jun/2023:19:37:11 -0500] "GET /BLA/boletinlegal/images/icono-email.png HTTP/1.1" 200 5544
172.22.2.4 - - [12/Jun/2023:19:37:11 -0500] "GET /BLA/boletinlegal/images/footer_bg.jpg HTTP/1.1" 200 586
172.22.2.4 - - [12/Jun/2023:19:37:11 -0500] "GET /BLA/boletinlegal/images/footer_bg_l.jpg HTTP/1.1" 200 776
172.22.2.4 - - [12/Jun/2023:19:37:11 -0500] "GET /BLA/boletinlegal/img/0.png HTTP/1.1" 200 110
172.22.2.4 - - [12/Jun/2023:19:37:11 -0500] "GET /BLA/boletinlegal/img/select-left.png HTTP/1.1" 200 263
172.22.2.4 - - [12/Jun/2023:19:37:11 -0500] "GET /BLA/boletinlegal/img/select-right.png HTTP/1.1" 200 44019
172.22.2.4 - - [12/Jun/2023:19:37:11 -0500] "GET /BLA/boletinlegal/img/button-left.png HTTP/1.1" 200 57071
172.22.2.4 - - [12/Jun/2023:19:37:11 -0500] "GET /BLA/boletinlegal/img/button-right.png HTTP/1.1" 200 57878
172.22.2.4 - - [12/Jun/2023:19:37:11 -0500] "GET /BLA/boletinlegal/img/button.png HTTP/1.1" 200 43241
172.22.2.4 - - [12/Jun/2023:19:37:11 -0500] "GET /BLA/boletinlegal/favicon.ico HTTP/1.1" 404 1326
52.167.144.177 - - [12/Jun/2023:19:37:14 -0500] "GET /secretaria-de-ambiente-unidos-por-un-nuevo-aire.html HTTP/1.1" 200 792
172.22.2.4 - - [12/Jun/2023:19:37:26 -0500] "GET /BLA/boletinlegal/consulta_actos.php?tipo=resoluciones&no=&usuario=&sector=&fecha=2015&resuelve=concepto%20t%E9cnico%20 HTTP/1.1" 200 626
172.22.2.4 - - [12/Jun/2023:19:37:28 -0500] "GET /BLA/boletinlegal/consulta_actos.php?tipo=resoluciones&no=&usuario=&sector=&fecha=2015&resuelve=concepto%20t%E9cnico%20 HTTP/1.1" 200 626
152.202.88.209 - - [12/Jun/2023:19:37:30 -0500] "GET /BLA/resoluciones/RESOLUCIONES%202021/0458.pdf HTTP/1.1" 200 1216093
172.22.2.4 - - [12/Jun/2023:19:37:36 -0500] "GET /BLA/boletinlegal/consulta_actos.php?tipo=resoluciones&no=&usuario=&sector=COMPETENCIA&fecha=2015&resuelve=concepto%20t%E9cnico%20 HTTP/1.1" 200 626
172.22.2.4 - - [12/Jun/2023:19:37:07 -0500] "GET /BLA/boletinlegal/ HTTP/1.1" 200 24523
172.22.2.4 - - [12/Jun/2023:19:37:54 -0500] "GET /BLA/boletinlegal/consulta_actos.php?tipo=resoluciones&no=&usuario=&sector=COMPETENCIA&fecha=2016&resuelve=concepto%20t%E9cnico%20 HTTP/1.1" 200 626
172.22.2.4 - - [12/Jun/2023:19:37:58 -0500] "GET /BLA/boletinlegal/consulta_actos.php?tipo=resoluciones&no=&usuario=&sector=COMPETENCIA&fecha=2017&resuelve=concepto%20t%E9cnico%20 HTTP/1.1" 200 626
172.22.2.4 - - [12/Jun/2023:19:38:02 -0500] "GET /BLA/boletinlegal/conceptos.php HTTP/1.1" 200 7496
172.22.2.4 - - [12/Jun/2023:19:38:02 -0500] "GET /BLA/boletinlegal/js/ajax_conceptos.js HTTP/1.1" 200 1326
172.22.2.4 - - [12/Jun/2023:19:38:07 -0500] "GET /BLA/boletinlegal/Circulares/2019/.pdf HTTP/1.1" 404 1218
172.22.2.4 - - [12/Jun/2023:19:38:18 -0500] "GET /BLA/boletinlegal/consulta_conceptos.php?no=&solicitante=&radicado_entrada=&fecha_concepto=2015&objeto=concepto%20t%E9cnico%20 HTTP/1.1" 200 570
172.22.2.4 - - [12/Jun/2023:19:38:23 -0500] "GET /BLA/boletinlegal/consulta_conceptos.php?no=&solicitante=&radicado_entrada=&fecha_concepto=2016&objeto=concepto%20t%E9cnico%20 HTTP/1.1" 200 570
172.22.2.4 - - [12/Jun/2023:19:38:30 -0500] "GET /BLA/boletinlegal/consulta_conceptos.php?no=&solicitante=&radicado_entrada=&fecha_concepto=2010&objeto=concepto%20t%E9cnico%20 HTTP/1.1" 200 570
172.22.2.4 - - [12/Jun/2023:19:38:34 -0500] "GET /BLA/boletinlegal/consulta_conceptos.php?no=&solicitante=&radicado_entrada=&fecha_concepto=2011&objeto=concepto%20t%E9cnico%20 HTTP/1.1" 200 570
172.22.2.4 - - [12/Jun/2023:19:38:37 -0500] "GET /BLA/boletinlegal/consulta_conceptos.php?no=&solicitante=&radicado_entrada=&fecha_concepto=2012&objeto=concepto%20t%E9cnico%20 HTTP/1.1" 200 570
172.22.2.4 - - [12/Jun/2023:19:38:40 -0500] "GET /BLA/boletinlegal/consulta_conceptos.php?no=&solicitante=&radicado_entrada=&fecha_concepto=2013&objeto=concepto%20t%E9cnico%20 HTTP/1.1" 200 570
172.22.2.4 - - [12/Jun/2023:19:37:59 -0500] "HEAD /BLA/boletinlegal/ HTTP/1.1" 200 -
152.202.88.209 - - [12/Jun/2023:19:40:16 -0500] "GET /BLA/resoluciones/RESOLUCIONES%202021/0457.pdf HTTP/1.1" 200 486223
172.22.2.4 - - [12/Jun/2023:19:38:50 -0500] "GET /BLA/boletinlegal/ HTTP/1.1" 200 57561
216.245.221.92 - - [12/Jun/2023:19:40:35 -0500] "HEAD / HTTP/1.1" 200 -
201.245.192.253 - - [12/Jun/2023:19:40:46 -0500] "POST /kwsrmcab/Wsrmcab HTTP/1.1" 200 43948
201.245.192.253 - - [12/Jun/2023:19:40:49 -0500] "POST /kwsrmcab/Wsrmcab HTTP/1.1" 200 41848
201.245.192.253 - - [12/Jun/2023:19:41:33 -0500] "POST /kwsrmcab/Wsrmcab  HTTP/1.1" 200 41606
152.202.88.209 - - [12/Jun/2023:19:41:53 -0500] "GET /BLA/resoluciones/RESOLUCIONES%202021/0377.pdf HTTP/1.1" 200 509607
152.202.88.209 - - [12/Jun/2023:19:43:30 -0500] "GET /BLA/resoluciones/RESOLUCIONES%202021/0310.pdf HTTP/1.1" 200 1000083
40.77.167.205 - - [12/Jun/2023:19:43:36 -0500] "GET /images/humedal-principal-santa-maria-7-febrero.jpg HTTP/1.1" 200 86406
186.144.12.234 - - [12/Jun/2023:19:44:00 -0500] "GET /en-junio-conectate-con-la-naturaleza-y-el-medioambiente-a-traves-de-estas-caminatas-ecologicas.html?fbclid=IwAR2wBhlGxqkJkayLN3H9Ds7ub-kdAcNoV2fAbKEYUUjP69i-WtQduYOLeGc HTTP/1.1" 200 900
152.202.88.209 - - [12/Jun/2023:19:45:24 -0500] "GET /BLA/resoluciones/RESOLUCIONES%202021/0257.pdf HTTP/1.1" 200 390706
172.22.2.4 - - [12/Jun/2023:19:43:49 -0500] "HEAD /BLA/boletinlegal/ HTTP/1.1" 200 -
216.245.221.92 - - [12/Jun/2023:19:45:35 -0500] "HEAD / HTTP/1.1" 200 -
40.77.167.245 - - [12/Jun/2023:19:46:05 -0500] "GET /portaldeninos/2021/06/06/ciudadanos-disfrutaron-del-tunel-ambiental-en-el-parque-de-los-novios/ HTTP/1.1" 503 1037
52.167.144.158 - - [12/Jun/2023:19:46:08 -0500] "GET /BLA/resoluciones/AUTOS%202014/0563.pdf HTTP/1.1" 304 -
172.22.2.4 - - [12/Jun/2023:19:44:40 -0500] "GET /BLA/boletinlegal/ HTTP/1.1" 200 53114
201.245.192.253 - - [12/Jun/2023:19:46:31 -0500] "POST /kwsrmcab/Wsrmcab  HTTP/1.1" 200 41606
172.22.2.4 - - [12/Jun/2023:19:46:34 -0500] "GET /BLA/boletinlegal/actos.php HTTP/1.1" 200 9682
172.22.2.4 - - [12/Jun/2023:19:46:35 -0500] "GET /BLA/boletinlegal/favicon.ico HTTP/1.1" 404 1326
172.22.2.4 - - [12/Jun/2023:19:46:36 -0500] "GET /BLA/boletinlegal/actos.php HTTP/1.1" 200 9682
152.202.88.209 - - [12/Jun/2023:19:46:37 -0500] "GET /BLA/resoluciones/RESOLUCIONES%202021/0173.pdf HTTP/1.1" 200 1102767
181.71.17.251 - - [12/Jun/2023:19:46:37 -0500] "GET /BLA/resoluciones/ HTTP/1.1" 200 13502
181.71.17.251 - - [12/Jun/2023:19:46:38 -0500] "GET /BLA/resoluciones/dlf/styles.css HTTP/1.1" 200 3049
181.71.17.251 - - [12/Jun/2023:19:46:38 -0500] "GET /BLA/resoluciones/dlf/folder.png HTTP/1.1" 200 410
181.71.17.251 - - [12/Jun/2023:19:46:38 -0500] "GET /BLA/resoluciones/dlf/bg.gif HTTP/1.1" 200 54
181.71.17.251 - - [12/Jun/2023:19:46:38 -0500] "GET /favicon.ico HTTP/1.1" 200 7782
181.71.17.251 - - [12/Jun/2023:19:46:41 -0500] "GET /BLA/resoluciones/dlf/dirup.png HTTP/1.1" 200 644
181.71.17.251 - - [12/Jun/2023:19:46:41 -0500] "GET /BLA/resoluciones/dlf/pdf.gif HTTP/1.1" 200 272
181.71.17.251 - - [12/Jun/2023:19:46:41 -0500] "GET /BLA/resoluciones/index.php?dir=AUTOS+2022%2F HTTP/1.1" 200 497370
181.71.17.251 - - [12/Jun/2023:19:46:41 -0500] "GET /BLA/resoluciones/dlf/archive.png HTTP/1.1" 200 632
172.22.2.4 - - [12/Jun/2023:19:47:57 -0500] "GET /BLA/boletinlegal/Circulares/2011/Circular%20No.%205%20del%2012%20de%20Agosto%20de%202011.pdf HTTP/1.1" 200 431796
172.22.2.4 - - [12/Jun/2023:19:48:53 -0500] "GET /BLA/boletinlegal/consulta_actos.php?tipo=resoluciones&no=&usuario=&sector=PEV&fecha=2022&resuelve=RECURSO HTTP/1.1" 200 1223664
152.202.88.209 - - [12/Jun/2023:19:49:12 -0500] "GET /BLA/resoluciones/RESOLUCIONES%202022/3159.pdf HTTP/1.1" 200 416073
152.202.88.209 - - [12/Jun/2023:19:50:01 -0500] "GET /BLA/resoluciones/RESOLUCIONES%202022/2339.pdf HTTP/1.1" 200 346866
216.245.221.92 - - [12/Jun/2023:19:50:35 -0500] "HEAD / HTTP/1.1" 200 -
172.22.2.4 - - [12/Jun/2023:19:50:50 -0500] "GET /BLA/boletinlegal/style.css HTTP/1.1" 200 9406
172.22.2.4 - - [12/Jun/2023:19:50:50 -0500] "GET /BLA/boletinlegal/styles2.css HTTP/1.1" 200 1838
172.22.2.4 - - [12/Jun/2023:19:50:50 -0500] "GET /BLA/boletinlegal/js/jquery.js HTTP/1.1" 200 57254
