181.48.255.198 - - [12/Jun/2023:23:15:16 -0500] "GET /sipse/faces/faces/faces/faces/faces/faces/faces/faces/faces/faces/faces/faces/faces/faces/faces/faces/faces/faces/faces/autenticacion.xhtml HTTP/1.1" 200 12177
186.154.131.171 - - [12/Jun/2023:23:15:16 -0500] "POST /sipse/faces/presentacion/financiero/solicitudProceso/listarSolicitudProceso.xhtml HTTP/1.1" 200 8664
181.48.255.198 - - [12/Jun/2023:23:15:16 -0500] "GET /sipse/faces/javax.faces.resource/primefaces.css?ln=primefaces&v=4.0 HTTP/1.1" 304 -
181.48.255.198 - - [12/Jun/2023:23:15:16 -0500] "GET /sipse/faces/javax.faces.resource/layout/layout.css?ln=primefaces&v=4.0 HTTP/1.1" 304 -
181.48.255.198 - - [12/Jun/2023:23:15:16 -0500] "GET /sipse/faces/javax.faces.resource/jquery/jquery.js?ln=primefaces&v=4.0 HTTP/1.1" 304 -
181.48.255.198 - - [12/Jun/2023:23:15:16 -0500] "GET /sipse/faces/javax.faces.resource/jquery/jquery-plugins.js?ln=primefaces&v=4.0 HTTP/1.1" 304 -
181.48.255.198 - - [12/Jun/2023:23:15:16 -0500] "GET /sipse/faces/javax.faces.resource/layout/layout.js?ln=primefaces&v=4.0 HTTP/1.1" 304 -
181.48.255.198 - - [12/Jun/2023:23:15:16 -0500] "GET /sipse/faces/javax.faces.resource/primefaces.js?ln=primefaces&v=4.0 HTTP/1.1" 304 -
181.48.255.198 - - [12/Jun/2023:23:15:17 -0500] "GET /sipse/faces/faces/faces/faces/faces/faces/faces/faces/faces/faces/faces/faces/faces/faces/faces/faces/faces/faces/faces/index.xhtml HTTP/1.1" 200 677
181.48.255.198 - - [12/Jun/2023:23:15:17 -0500] "GET /sipse/faces/faces/faces/faces/faces/faces/faces/faces/faces/faces/faces/faces/faces/faces/faces/faces/faces/faces/faces/faces/autenticacion.xhtml HTTP/1.1" 200 12177
181.48.255.198 - - [12/Jun/2023:23:15:18 -0500] "GET /sipse/faces/javax.faces.resource/jquery/jquery.js?ln=primefaces&v=4.0 HTTP/1.1" 304 -
181.48.255.198 - - [12/Jun/2023:23:15:18 -0500] "GET /sipse/faces/javax.faces.resource/primefaces.js?ln=primefaces&v=4.0 HTTP/1.1" 304 -
181.48.255.198 - - [12/Jun/2023:23:15:18 -0500] "GET /sipse/faces/javax.faces.resource/layout/layout.js?ln=primefaces&v=4.0 HTTP/1.1" 304 -
181.48.255.198 - - [12/Jun/2023:23:15:18 -0500] "GET /sipse/faces/javax.faces.resource/primefaces.css?ln=primefaces&v=4.0 HTTP/1.1" 304 -
181.48.255.198 - - [12/Jun/2023:23:15:18 -0500] "GET /sipse/faces/javax.faces.resource/layout/layout.css?ln=primefaces&v=4.0 HTTP/1.1" 304 -
181.48.255.198 - - [12/Jun/2023:23:15:18 -0500] "GET /sipse/faces/javax.faces.resource/jquery/jquery-plugins.js?ln=primefaces&v=4.0 HTTP/1.1" 304 -
181.48.255.198 - - [12/Jun/2023:23:15:18 -0500] "GET /sipse/faces/faces/faces/faces/faces/faces/faces/faces/faces/faces/faces/faces/faces/faces/faces/faces/faces/faces/faces/faces/index.xhtml HTTP/1.1" 200 677
52.167.144.177 - - [12/Jun/2023:23:15:19 -0500] "GET /secretaria-de-ambiente-unidos-por-un-nuevo-aire.html HTTP/1.1" 200 792
181.48.255.198 - - [12/Jun/2023:23:15:19 -0500] "GET /sipse/faces/faces/faces/faces/faces/faces/faces/faces/faces/faces/faces/faces/faces/faces/faces/faces/faces/faces/faces/faces/faces/autenticacion.xhtml HTTP/1.1" 200 12177
181.48.255.198 - - [12/Jun/2023:23:15:19 -0500] "GET /sipse/faces/javax.faces.resource/layout/layout.css?ln=primefaces&v=4.0 HTTP/1.1" 304 -
181.48.255.198 - - [12/Jun/2023:23:15:19 -0500] "GET /sipse/faces/javax.faces.resource/jquery/jquery-plugins.js?ln=primefaces&v=4.0 HTTP/1.1" 304 -
181.48.255.198 - - [12/Jun/2023:23:15:19 -0500] "GET /sipse/faces/javax.faces.resource/layout/layout.js?ln=primefaces&v=4.0 HTTP/1.1" 304 -
181.48.255.198 - - [12/Jun/2023:23:15:19 -0500] "GET /sipse/faces/javax.faces.resource/jquery/jquery.js?ln=primefaces&v=4.0 HTTP/1.1" 304 -
181.48.255.198 - - [12/Jun/2023:23:15:19 -0500] "GET /sipse/faces/javax.faces.resource/primefaces.css?ln=primefaces&v=4.0 HTTP/1.1" 304 -
181.48.255.198 - - [12/Jun/2023:23:15:19 -0500] "GET /sipse/faces/javax.faces.resource/primefaces.js?ln=primefaces&v=4.0 HTTP/1.1" 304 -
181.48.255.198 - - [12/Jun/2023:23:15:20 -0500] "GET /sipse/faces/faces/faces/faces/faces/faces/faces/faces/faces/faces/faces/faces/faces/faces/faces/faces/faces/faces/faces/faces/faces/index.xhtml HTTP/1.1" 200 677
181.48.255.198 - - [12/Jun/2023:23:15:21 -0500] "GET /sipse/faces/faces/faces/faces/faces/faces/faces/faces/faces/faces/faces/faces/faces/faces/faces/faces/faces/faces/faces/faces/faces/faces/autenticacion.xhtml HTTP/1.1" 200 12177
186.154.131.171 - - [12/Jun/2023:23:15:19 -0500] "POST /sipse/faces/presentacion/financiero/solicitudProceso/listarSolicitudProceso.xhtml HTTP/1.1" 200 159361
181.48.255.198 - - [12/Jun/2023:23:15:21 -0500] "GET /sipse/faces/javax.faces.resource/layout/layout.js?ln=primefaces&v=4.0 HTTP/1.1" 304 -
181.48.255.198 - - [12/Jun/2023:23:15:21 -0500] "GET /sipse/faces/javax.faces.resource/primefaces.js?ln=primefaces&v=4.0 HTTP/1.1" 304 -
181.48.255.198 - - [12/Jun/2023:23:15:21 -0500] "GET /sipse/faces/javax.faces.resource/layout/layout.css?ln=primefaces&v=4.0 HTTP/1.1" 304 -
181.48.255.198 - - [12/Jun/2023:23:15:21 -0500] "GET /sipse/faces/javax.faces.resource/primefaces.css?ln=primefaces&v=4.0 HTTP/1.1" 304 -
181.48.255.198 - - [12/Jun/2023:23:15:21 -0500] "GET /sipse/faces/javax.faces.resource/jquery/jquery.js?ln=primefaces&v=4.0 HTTP/1.1" 304 -
181.48.255.198 - - [12/Jun/2023:23:15:21 -0500] "GET /sipse/faces/javax.faces.resource/jquery/jquery-plugins.js?ln=primefaces&v=4.0 HTTP/1.1" 304 -
181.48.255.198 - - [12/Jun/2023:23:15:22 -0500] "GET /sipse/faces/faces/faces/faces/faces/faces/faces/faces/faces/faces/faces/faces/faces/faces/faces/faces/faces/faces/faces/faces/faces/faces/index.xhtml HTTP/1.1" 200 677
186.154.131.171 - - [12/Jun/2023:23:15:22 -0500] "GET /sipse/faces/javax.faces.resource/theme.css?ln=primefaces-sipse HTTP/1.1" 304 -
186.154.131.171 - - [12/Jun/2023:23:15:22 -0500] "GET /sipse/faces/javax.faces.resource/primefaces.css?ln=primefaces&v=4.0 HTTP/1.1" 304 -
186.154.131.171 - - [12/Jun/2023:23:15:22 -0500] "GET /sipse/faces/javax.faces.resource/layout/layout.css?ln=primefaces&v=4.0 HTTP/1.1" 304 -
186.154.131.171 - - [12/Jun/2023:23:15:22 -0500] "GET /sipse/faces/javax.faces.resource/jquery/jquery.js?ln=primefaces&v=4.0 HTTP/1.1" 304 -
186.154.131.171 - - [12/Jun/2023:23:15:22 -0500] "GET /sipse/faces/javax.faces.resource/jquery/jquery-plugins.js?ln=primefaces&v=4.0 HTTP/1.1" 304 -
186.154.131.171 - - [12/Jun/2023:23:15:22 -0500] "GET /sipse/faces/javax.faces.resource/primefaces.js?ln=primefaces&v=4.0 HTTP/1.1" 304 -
186.154.131.171 - - [12/Jun/2023:23:15:22 -0500] "GET /sipse/faces/javax.faces.resource/layout/layout.js?ln=primefaces&v=4.0 HTTP/1.1" 304 -
181.48.255.198 - - [12/Jun/2023:23:15:22 -0500] "GET /sipse/faces/faces/faces/faces/faces/faces/faces/faces/faces/faces/faces/faces/faces/faces/faces/faces/faces/faces/faces/faces/faces/faces/faces/autenticacion.xhtml HTTP/1.1" 200 12177
181.48.255.198 - - [12/Jun/2023:23:15:23 -0500] "GET /sipse/faces/javax.faces.resource/primefaces.js?ln=primefaces&v=4.0 HTTP/1.1" 304 -
181.48.255.198 - - [12/Jun/2023:23:15:23 -0500] "GET /sipse/faces/javax.faces.resource/layout/layout.js?ln=primefaces&v=4.0 HTTP/1.1" 304 -
181.48.255.198 - - [12/Jun/2023:23:15:23 -0500] "GET /sipse/faces/javax.faces.resource/primefaces.css?ln=primefaces&v=4.0 HTTP/1.1" 304 -
181.48.255.198 - - [12/Jun/2023:23:15:23 -0500] "GET /sipse/faces/javax.faces.resource/layout/layout.css?ln=primefaces&v=4.0 HTTP/1.1" 304 -
181.48.255.198 - - [12/Jun/2023:23:15:23 -0500] "GET /sipse/faces/javax.faces.resource/jquery/jquery.js?ln=primefaces&v=4.0 HTTP/1.1" 304 -
181.48.255.198 - - [12/Jun/2023:23:15:23 -0500] "GET /sipse/faces/javax.faces.resource/jquery/jquery-plugins.js?ln=primefaces&v=4.0 HTTP/1.1" 304 -
181.48.255.198 - - [12/Jun/2023:23:15:23 -0500] "GET /sipse/faces/faces/faces/faces/faces/faces/faces/faces/faces/faces/faces/faces/faces/faces/faces/faces/faces/faces/faces/faces/faces/faces/faces/index.xhtml HTTP/1.1" 200 677
181.48.255.198 - - [12/Jun/2023:23:15:24 -0500] "GET /sipse/faces/faces/faces/faces/faces/faces/faces/faces/faces/faces/faces/faces/faces/faces/faces/faces/faces/faces/faces/faces/faces/faces/faces/faces/autenticacion.xhtml HTTP/1.1" 200 12177
181.48.255.198 - - [12/Jun/2023:23:15:24 -0500] "GET /sipse/faces/javax.faces.resource/layout/layout.js?ln=primefaces&v=4.0 HTTP/1.1" 304 -
181.48.255.198 - - [12/Jun/2023:23:15:24 -0500] "GET /sipse/faces/javax.faces.resource/jquery/jquery.js?ln=primefaces&v=4.0 HTTP/1.1" 304 -
181.48.255.198 - - [12/Jun/2023:23:15:24 -0500] "GET /sipse/faces/javax.faces.resource/primefaces.js?ln=primefaces&v=4.0 HTTP/1.1" 304 -
181.48.255.198 - - [12/Jun/2023:23:15:24 -0500] "GET /sipse/faces/javax.faces.resource/layout/layout.css?ln=primefaces&v=4.0 HTTP/1.1" 304 -
181.48.255.198 - - [12/Jun/2023:23:15:24 -0500] "GET /sipse/faces/javax.faces.resource/jquery/jquery-plugins.js?ln=primefaces&v=4.0 HTTP/1.1" 304 -
181.48.255.198 - - [12/Jun/2023:23:15:24 -0500] "GET /sipse/faces/javax.faces.resource/primefaces.css?ln=primefaces&v=4.0 HTTP/1.1" 304 -
181.48.255.198 - - [12/Jun/2023:23:15:25 -0500] "GET /sipse/faces/faces/faces/faces/faces/faces/faces/faces/faces/faces/faces/faces/faces/faces/faces/faces/faces/faces/faces/faces/faces/faces/faces/faces/index.xhtml HTTP/1.1" 200 677
181.48.255.198 - - [12/Jun/2023:23:15:25 -0500] "GET /sipse/faces/faces/faces/faces/faces/faces/faces/faces/faces/faces/faces/faces/faces/faces/faces/faces/faces/faces/faces/faces/faces/faces/faces/faces/faces/autenticacion.xhtml HTTP/1.1" 200 12177
181.48.255.198 - - [12/Jun/2023:23:15:26 -0500] "GET /sipse/faces/javax.faces.resource/jquery/jquery.js?ln=primefaces&v=4.0 HTTP/1.1" 304 -
181.48.255.198 - - [12/Jun/2023:23:15:26 -0500] "GET /sipse/faces/javax.faces.resource/primefaces.js?ln=primefaces&v=4.0 HTTP/1.1" 304 -
181.48.255.198 - - [12/Jun/2023:23:15:26 -0500] "GET /sipse/faces/javax.faces.resource/primefaces.css?ln=primefaces&v=4.0 HTTP/1.1" 304 -
181.48.255.198 - - [12/Jun/2023:23:15:26 -0500] "GET /sipse/faces/javax.faces.resource/jquery/jquery-plugins.js?ln=primefaces&v=4.0 HTTP/1.1" 304 -
181.48.255.198 - - [12/Jun/2023:23:15:26 -0500] "GET /sipse/faces/javax.faces.resource/layout/layout.css?ln=primefaces&v=4.0 HTTP/1.1" 304 -
181.48.255.198 - - [12/Jun/2023:23:15:26 -0500] "GET /sipse/faces/javax.faces.resource/layout/layout.js?ln=primefaces&v=4.0 HTTP/1.1" 304 -
181.48.255.198 - - [12/Jun/2023:23:15:26 -0500] "GET /sipse/faces/faces/faces/faces/faces/faces/faces/faces/faces/faces/faces/faces/faces/faces/faces/faces/faces/faces/faces/faces/faces/faces/faces/faces/faces/index.xhtml HTTP/1.1" 200 677
172.22.2.4 - - [12/Jun/2023:23:13:51 -0500] "HEAD /BLA/boletinlegal/ HTTP/1.1" 200 -
216.245.221.92 - - [12/Jun/2023:23:15:34 -0500] "HEAD / HTTP/1.1" 200 -
186.154.131.171 - - [12/Jun/2023:23:15:39 -0500] "POST /sipse/faces/presentacion/financiero/solicitudProceso/consultarSolicitudProceso.xhtml HTTP/1.1" 200 84757
201.245.192.253 - - [12/Jun/2023:23:15:43 -0500] "POST /kwsrmcab/Wsrmcab  HTTP/1.1" 200 41606
186.154.131.171 - - [12/Jun/2023:23:15:46 -0500] "POST /sipse/faces/presentacion/financiero/solicitudProceso/consultarSolicitudProceso.xhtml HTTP/1.1" 200 61948
186.154.131.171 - - [12/Jun/2023:23:15:48 -0500] "GET /sipse/faces/javax.faces.resource/theme.css?ln=primefaces-sipse HTTP/1.1" 304 -
186.154.131.171 - - [12/Jun/2023:23:15:48 -0500] "GET /sipse/faces/javax.faces.resource/jquery/jquery.js?ln=primefaces&v=4.0 HTTP/1.1" 304 -
186.154.131.171 - - [12/Jun/2023:23:15:48 -0500] "GET /sipse/faces/javax.faces.resource/layout/layout.css?ln=primefaces&v=4.0 HTTP/1.1" 304 -
186.154.131.171 - - [12/Jun/2023:23:15:48 -0500] "GET /sipse/faces/javax.faces.resource/jquery/jquery-plugins.js?ln=primefaces&v=4.0 HTTP/1.1" 304 -
186.154.131.171 - - [12/Jun/2023:23:15:48 -0500] "GET /sipse/faces/javax.faces.resource/primefaces.css?ln=primefaces&v=4.0 HTTP/1.1" 304 -
186.154.131.171 - - [12/Jun/2023:23:15:48 -0500] "GET /sipse/faces/javax.faces.resource/primefaces.js?ln=primefaces&v=4.0 HTTP/1.1" 304 -
186.154.131.171 - - [12/Jun/2023:23:15:48 -0500] "GET /sipse/faces/javax.faces.resource/layout/layout.js?ln=primefaces&v=4.0 HTTP/1.1" 304 -
172.22.2.4 - - [12/Jun/2023:23:14:41 -0500] "GET /BLA/boletinlegal/ HTTP/1.1" 200 59306
181.71.17.251 - - [12/Jun/2023:23:19:12 -0500] "GET /BLA/resoluciones/AUTOS%202022/4817.pdf HTTP/1.1" 200 830679
40.77.167.97 - - [12/Jun/2023:23:19:37 -0500] "GET /bla/resoluciones/resoluciones%202023/0689.pdf HTTP/1.1" 200 380061
186.102.5.26 - - [12/Jun/2023:23:20:07 -0500] "GET /kwssiamovil/sm/acme/a?s=U2FsdGVkX19wFinm4+R3P4FxUlzEC6o7qK84gMcXobJajbpPvzBj7tbyI8EzF2UFZTAeb3kOWZPkzNrxOjNnohOqCLOwJni68qeKjr+olWtjf8DJJ/z2CnDatLSt/0WXSAXCkbPhqIUVsKbKJ7bVnHHT0zAYb2fBXg3HDEzRlCAaxmwwv3E2n3EXLU12Oqz7AH3Pi2xsoULVn17xu/dvx3GRI9bTfd8ncLYFw8QgQvmHYkyjovxE2ddGHtps8Np6AfAbOyLZ3ervJJgojGVE6A==&u=U2FsdGVkX18VrVGOu+VRIMdXuK65TQR/ZnUczaUzQ+8=&y=U2FsdGVkX18fcP6VR64umOFWWOmcfvwJK5OA5bfN+sJ39mLFEK3i301D/H19Jt91 HTTP/1.1" 200 26
186.102.5.26 - - [12/Jun/2023:23:20:07 -0500] "GET /kwssiamovil/sm/acme/a?s=U2FsdGVkX1/JeYhgxfLxTWdmB2YIViAJjtw5+fIUzHE21oe/U24wMfmlL480HpMDvcwnEB1DMvIrWJc4LgGLS2YzxwPdS5XPGmBMumwYSKdpLR0GSRaipOv5iynrCT0qvg+ovjpjnsfUX7/HCWdLhmwAO+FPqc7SAGsrJsWvvZDm3P/4gMlb9Wv/5Ffl8Utmo39D3j0c9VHAdj1Inv5isNNdM13pCeSGdS7LGVFJ0YgaDE0IWvsuQenGo3djnemcT3MWXV/Cj+WszRSD2g7PG+FWrGeq7dplLB39U0PNBWAXftsAxLYXsIENazsCS9xbGo197gp4zPOf2tVpYoaLDrHvk0dq7tUFV/YFUVgDRbvS9fkQo9XLj5fqlofHi1RUGr+8fhASt4JlUYw54EhuwRyzeIgVSW7jmzej8DWoxZFhr7s2jfRPc39u3OdB4yypJlb7ASw1FBYbwRAU3pmDvBVortUr8yVWxb14/Wi+wdznIqWiAH8Xy2MfFQZgcr98BEPSXYSW21i1jfH48UKtvEVNOoLr/KOfSEoN5OF+rOWBOQJc7w5MNlmeZA37IgTc4pdV9mvLgKgPvJ4DAvvDX1L5FuJ21YJjunoi4Wqxt8vK2eBRJK0f+7MdEJjxOq22Fw9C+ED54NeEK24hlzRMInt2vAV6/V5FuRmqU7kOYbpX+hH1NMViwy4loBkORkX+X38FqzzmHbxRiYeire3+uJX39zxELEagyjnHqwr3AcmtJdz3kV/l6eEz/2cRdUc+/wH4WkfB1vOb2hEtOO4Ei6DNahZVJLapbyHgii7RuIeKMa69nWIS0m2r3pr+OMq+Czc9nattj5nVXbT/nyFjDx178qsnkXnzU5fWainCydE+gasaVsKDhzEBf+v512FBcu9LjCsDXH96Izm9vq3RDiAPhMpZbxvvrO91BAX7usOcCNZR5WMz2mz9/B/S2cY6DJCbj4xT4gWRPSb296xoGIKMKaxLfY07bqSgVRdMW2erg2lLCSodxwvZZjsemtDtvkbJOCrZdBqoR1l2x+dCTmef6+wFKXX9Z+cAIBgBBl2sxNwiIzDaX9TJ0KOecYKwZkr/A3iT4U1LxFp+VDUkIC1sV1BpyHAKQWD8pNXaxX5sLhET8GeI9Dfr5FTanFy2fTcF3fpZziVTWkSsMYblTrZIYHaVYvHysL0lL2TrThiIax2y9ZITXky0xO8wL9CXd2fx56X1vVXqa966UmeNIqzT1A59lSKdnvrgS8BVNa7UPIDuX7Zyn64/kW2CrqyGhUryL/hWpPq45oXYzPx9pqFkZdYzB1MNb3b4HRZaPLOIQBypucUp0K1NZG6seWfi0WIfC6CMkuHyP/gJUZcOSlMO8hExD7yppoBQOGhWWDA=&u=U2FsdGVkX18VrVGOu+VRIMdXuK65TQR/ZnUczaUzQ+8=&y=U2FsdGVkX18fcP6VR64umOFWWOmcfvwJK5OA5bfN+sJ39mLFEK3i301D/H19Jt91 HTTP/1.1" 200 26
186.102.5.26 - - [12/Jun/2023:23:20:08 -0500] "GET /kwssiamovil/sm/acme/a?s=U2FsdGVkX18pt7HZ5eRt0S1c0IdIsY9v/wfHO4wCuhEDMrOXJkI3vwqsr8MHxHFpY/ycfjCR8t81Sgq8yLT2HpsdcMy9mK1RAQEUUfifPGpksRf0n/e9sd5L+jd3TpTGzHMqDwwpR/HNLCYDDYl+oUx16hYtq07rHYzAPtWuzqw=&u=U2FsdGVkX18VrVGOu+VRIMdXuK65TQR/ZnUczaUzQ+8=&y=U2FsdGVkX18fcP6VR64umOFWWOmcfvwJK5OA5bfN+sJ39mLFEK3i301D/H19Jt91 HTTP/1.1" 200 26
186.102.5.26 - - [12/Jun/2023:23:20:08 -0500] "GET /kwssiamovil/sm/acme/a?s=U2FsdGVkX18Wn+u27iK7b1Gd9ouus6Fhi4ON1JCXdOHE1Jd61cGdc0OuM6A7at/IhO98Nt6aFfZWYohggnLPHqz4NEO/4JyJs/OG29M2XYf35JfpBu3KJQOx7nxUIt0C50CpDVU1Dgp/75wFwJvigeccF0i18sCpeirLSufWrc8=&u=U2FsdGVkX18VrVGOu+VRIMdXuK65TQR/ZnUczaUzQ+8=&y=U2FsdGVkX18fcP6VR64umOFWWOmcfvwJK5OA5bfN+sJ39mLFEK3i301D/H19Jt91 HTTP/1.1" 200 26
186.102.5.26 - - [12/Jun/2023:23:20:08 -0500] "GET /kwssiamovil/sm/acme/a?s=U2FsdGVkX19JkP9lD2Kts7q9dcIbILPuoofTDRRR3zU2c5LXWEVHs7CmYk3bB5UZxJAH0kfaXSuFW4HB9DW1HKnkD5Uentykwyy6eazq2cij2m2jveCWa8tte/a4a9OENLrJIeLz5l8aRjrLs8RQMwdH3I+WHi/9/1NXhjrl8HI=&u=U2FsdGVkX18VrVGOu+VRIMdXuK65TQR/ZnUczaUzQ+8=&y=U2FsdGVkX18fcP6VR64umOFWWOmcfvwJK5OA5bfN+sJ39mLFEK3i301D/H19Jt91 HTTP/1.1" 200 26
186.102.5.26 - - [12/Jun/2023:23:20:08 -0500] "GET /kwssiamovil/sm/acme/a?s=U2FsdGVkX18gmmwvDld7zOHHgRfgaGXTaHKVVNv+/7vTGaXmFZfJtErZz8ilS3/zX52/dKX0H9LehNB7xWL9dVDxLb607kFO0s94oMDlEVrPIKZoxVmq0+sAYdMCM2Eqwu6zzyxJ1kzBRtukUcLROtnioZQ7ZGrJ8jd7MV0OdxlVpkgE4QvbwR1+kA+8fh1p&u=U2FsdGVkX18VrVGOu+VRIMdXuK65TQR/ZnUczaUzQ+8=&y=U2FsdGVkX18fcP6VR64umOFWWOmcfvwJK5OA5bfN+sJ39mLFEK3i301D/H19Jt91 HTTP/1.1" 200 26
216.245.221.92 - - [12/Jun/2023:23:20:34 -0500] "HEAD / HTTP/1.1" 200 -
201.245.192.253 - - [12/Jun/2023:23:20:41 -0500] "POST /kwsrmcab/Wsrmcab  HTTP/1.1" 200 41606
201.245.192.253 - - [12/Jun/2023:23:20:45 -0500] "POST /kwsrmcab/Wsrmcab HTTP/1.1" 200 43616
201.245.192.253 - - [12/Jun/2023:23:20:48 -0500] "POST /kwsrmcab/Wsrmcab HTTP/1.1" 200 41816
66.249.73.37 - - [12/Jun/2023:23:21:09 -0500] "-" 408 -
172.22.2.4 - - [12/Jun/2023:23:19:41 -0500] "HEAD /BLA/boletinlegal/ HTTP/1.1" 200 -
34.232.175.21 - - [12/Jun/2023:23:21:36 -0500] "GET /asi-fue-el-reverdecer-de-leandra-marulanda-mujer-resiliente-que-ahora-emprende-con-el-compostaje.html HTTP/1.1" 200 842
34.232.175.21 - - [12/Jun/2023:23:21:36 -0500] "GET /asi-fue-el-reverdecer-de-leandra-marulanda-mujer-resiliente-que-ahora-emprende-con-el-compostaje.html HTTP/1.1" 200 842
34.232.175.21 - - [12/Jun/2023:23:21:36 -0500] "GET /asi-fue-el-reverdecer-de-leandra-marulanda-mujer-resiliente-que-ahora-emprende-con-el-compostaje.html HTTP/1.1" 200 842
66.249.77.10 - - [12/Jun/2023:23:21:49 -0500] "-" 408 -
172.22.2.4 - - [12/Jun/2023:23:20:31 -0500] "GET /BLA/boletinlegal/ HTTP/1.1" 200 59306
216.245.221.92 - - [12/Jun/2023:23:25:34 -0500] "HEAD / HTTP/1.1" 200 -
201.245.192.253 - - [12/Jun/2023:23:25:40 -0500] "POST /kwsrmcab/Wsrmcab  HTTP/1.1" 200 41606
172.22.2.4 - - [12/Jun/2023:23:25:31 -0500] "HEAD /BLA/boletinlegal/ HTTP/1.1" 200 -
172.22.2.4 - - [12/Jun/2023:23:26:21 -0500] "GET /BLA/boletinlegal/ HTTP/1.1" 200 57945
172.22.2.4 - - [12/Jun/2023:23:29:05 -0500] "GET /BLA/boletinlegal/data/.svn/wc.db HTTP/1.1" 404 1018
172.22.2.4 - - [12/Jun/2023:23:30:28 -0500] "GET /BLA/boletinlegal/robots.txt HTTP/1.1" 404 1038
172.22.2.4 - - [12/Jun/2023:23:30:29 -0500] "GET /BLA/boletinlegal/Circulares/2011/Circular%20No.%201%20del%2012%20de%20Abril%20de%202011.pdf HTTP/1.1" 200 366269
216.245.221.92 - - [12/Jun/2023:23:30:34 -0500] "HEAD / HTTP/1.1" 200 -
201.245.192.253 - - [12/Jun/2023:23:30:38 -0500] "POST /kwsrmcab/Wsrmcab  HTTP/1.1" 200 41606
201.245.192.253 - - [12/Jun/2023:23:30:46 -0500] "POST /kwsrmcab/Wsrmcab HTTP/1.1" 200 43616
201.245.192.253 - - [12/Jun/2023:23:30:48 -0500] "POST /kwsrmcab/Wsrmcab HTTP/1.1" 200 41816
172.22.2.4 - - [12/Jun/2023:23:32:13 -0500] "GET /BLA/boletinlegal/favicon.ico HTTP/1.1" 404 1038
34.86.177.154 - - [12/Jun/2023:23:32:31 -0500] "-" 408 -
69.171.249.10 - - [12/Jun/2023:23:32:41 -0500] "GET /arboles-por-que-se-caen-y-que-hacer-si-vemos-uno-en-riesgo.html HTTP/1.1" 200 1043
172.22.2.4 - - [12/Jun/2023:23:31:21 -0500] "HEAD /BLA/boletinlegal/ HTTP/1.1" 200 -
172.22.2.4 - - [12/Jun/2023:23:32:11 -0500] "GET /BLA/boletinlegal/ HTTP/1.1" 200 56754
173.252.111.17 - - [12/Jun/2023:23:34:00 -0500] "GET /images/reunion-planta-termovalorizacion-11-mayo.jpg HTTP/1.1" 200 34782
40.77.167.98 - - [12/Jun/2023:23:34:20 -0500] "GET /BLA/resoluciones/AUTOS%202014/2605.pdf HTTP/1.1" 304 -
216.245.221.92 - - [12/Jun/2023:23:35:34 -0500] "HEAD / HTTP/1.1" 200 -
201.245.192.253 - - [12/Jun/2023:23:35:37 -0500] "POST /kwsrmcab/Wsrmcab  HTTP/1.1" 200 41606
40.77.167.98 - - [12/Jun/2023:23:37:24 -0500] "GET /BLA/resoluciones/AUTOS%202017/3103.pdf HTTP/1.1" 200 311698
170.106.176.193 - - [12/Jun/2023:23:37:45 -0500] "GET /galeria/galeria/fotos/GuaymaralTorca4P.jpg HTTP/1.1" 200 33981
172.22.2.4 - - [12/Jun/2023:23:37:11 -0500] "HEAD /BLA/boletinlegal/ HTTP/1.1" 200 -
168.119.52.80 - - [12/Jun/2023:23:39:26 -0500] "GET / HTTP/1.1" 200 319
168.119.52.80 - - [12/Jun/2023:23:39:28 -0500] "GET / HTTP/1.1" 200 4720
172.22.2.4 - - [12/Jun/2023:23:38:01 -0500] "GET /BLA/boletinlegal/ HTTP/1.1" 200 59306
216.245.221.92 - - [12/Jun/2023:23:40:34 -0500] "HEAD / HTTP/1.1" 200 -
201.245.192.253 - - [12/Jun/2023:23:40:36 -0500] "POST /kwsrmcab/Wsrmcab  HTTP/1.1" 200 41606
201.245.192.253 - - [12/Jun/2023:23:40:45 -0500] "POST /kwsrmcab/Wsrmcab HTTP/1.1" 200 43616
201.245.192.253 - - [12/Jun/2023:23:40:48 -0500] "POST /kwsrmcab/Wsrmcab HTTP/1.1" 200 41816
172.22.2.4 - - [12/Jun/2023:23:40:56 -0500] "GET /BLA/boletinlegal/ecp/Current/exporttool/microsoft.exchange.ediscovery.exporttool.application HTTP/1.1" 404 1018
172.22.2.4 - - [12/Jun/2023:23:41:38 -0500] "GET /BLA/boletinlegal/owa/auth/logon.aspx HTTP/1.1" 404 1018
173.252.107.4 - - [12/Jun/2023:23:41:48 -0500] "HEAD /conectores-ecosistemicos-espacios-naturales-ricos-en-biodiversidad.html HTTP/1.1" 206 -
51.79.78.22 - - [12/Jun/2023:23:42:50 -0500] "GET /auambari-deleito-con-sus-sonidos-ambientales-a-los-asistentes-de-fima-2021.html HTTP/1.1" 200 888
40.77.167.98 - - [12/Jun/2023:23:43:29 -0500] "GET /BLA/resoluciones/AUTOS%202019/1664.pdf HTTP/1.1" 200 232490
181.132.37.224 - - [12/Jun/2023:23:44:21 -0500] "GET / HTTP/1.1" 200 4720
181.132.37.224 - - [12/Jun/2023:23:44:21 -0500] "GET /css/bootstrap.min.css HTTP/1.1" 200 178212
181.132.37.224 - - [12/Jun/2023:23:44:21 -0500] "GET /fonts/icomoon/style.css HTTP/1.1" 200 79820
181.132.37.224 - - [12/Jun/2023:23:44:21 -0500] "GET /js/url.js HTTP/1.1" 404 1294
172.22.2.4 - - [12/Jun/2023:23:43:01 -0500] "HEAD /BLA/boletinlegal/ HTTP/1.1" 200 -
172.22.2.4 - - [12/Jun/2023:23:44:53 -0500] "GET /BLA/boletinlegal/jurisprudencia/analisis/CUADRO%20ANALISIS%20SENTENCIA%20T-411%20DE%201992.doc HTTP/1.1" 200 41984
40.77.167.98 - - [12/Jun/2023:23:45:21 -0500] "GET /BLA/resoluciones/AUTOS%202021/4184.pdf HTTP/1.1" 304 -
172.22.2.4 - - [12/Jun/2023:23:43:51 -0500] "GET /BLA/boletinlegal/ HTTP/1.1" 200 57561
216.245.221.92 - - [12/Jun/2023:23:45:34 -0500] "HEAD / HTTP/1.1" 200 -
201.245.192.253 - - [12/Jun/2023:23:45:35 -0500] "POST /kwsrmcab/Wsrmcab  HTTP/1.1" 200 41606
66.249.73.38 - - [12/Jun/2023:23:46:12 -0500] "-" 408 -
172.22.2.4 - - [12/Jun/2023:23:48:51 -0500] "HEAD /BLA/boletinlegal/ HTTP/1.1" 200 -
216.245.221.92 - - [12/Jun/2023:23:50:34 -0500] "HEAD / HTTP/1.1" 200 -
201.245.192.253 - - [12/Jun/2023:23:50:33 -0500] "POST /kwsrmcab/Wsrmcab  HTTP/1.1" 200 41606
172.22.2.4 - - [12/Jun/2023:23:51:20 -0500] "GET /BLA/boletinlegal/owa/auth/x.js HTTP/1.1" 404 1018
172.22.2.4 - - [12/Jun/2023:23:49:41 -0500] "GET /BLA/boletinlegal/ HTTP/1.1" 200 57561
40.77.167.98 - - [12/Jun/2023:23:51:26 -0500] "GET /BLA/resoluciones/AUTOS%202018/4123.pdf HTTP/1.1" 200 249616
173.252.95.15 - - [12/Jun/2023:23:53:24 -0500] "GET /images/manos-reparadoras-plaza-americas-1.jpg HTTP/1.1" 200 47593
173.252.95.1 - - [12/Jun/2023:23:53:24 -0500] "GET /images/liberacion-animales-silvestres.jpg HTTP/1.1" 200 57397
216.245.221.92 - - [12/Jun/2023:23:55:34 -0500] "HEAD / HTTP/1.1" 200 -
201.245.192.253 - - [12/Jun/2023:23:55:33 -0500] "POST /kwsrmcab/Wsrmcab  HTTP/1.1" 200 41606
40.77.167.98 - - [12/Jun/2023:23:56:14 -0500] "GET /BLA/resoluciones/AUTOS%202018/4104.pdf HTTP/1.1" 200 359343
172.22.2.4 - - [12/Jun/2023:23:54:40 -0500] "HEAD /BLA/boletinlegal/ HTTP/1.1" 200 -
172.22.2.4 - - [12/Jun/2023:23:55:31 -0500] "GET /BLA/boletinlegal/ HTTP/1.1" 200 57151

:: Command execute ::

Enter:
 
Select:
 

:: Search ::
regexp 

:: Upload ::
 
[ ok ]

:: Make Dir ::
 
[ ok ]
:: Make File ::
 
[ ok ]

:: Go Dir ::
 
:: Go File ::
 

--[ c99shell v. 1.0 pre-release build #13 powered by Captain Crunch Security Team | http://ccteam.ru | Generation time: 0.2964 ]--