172.22.2.4 - - [12/Jun/2023:12:51:15 -0500] "GET /BLA/boletinlegal/img/select-right.png HTTP/1.1" 200 44019
172.22.2.4 - - [12/Jun/2023:12:51:15 -0500] "GET /BLA/boletinlegal/img/button.png HTTP/1.1" 200 43241
172.22.2.4 - - [12/Jun/2023:12:51:15 -0500] "GET /BLA/boletinlegal/img/select-left.png HTTP/1.1" 200 263
172.22.2.4 - - [12/Jun/2023:12:51:15 -0500] "GET /BLA/boletinlegal/img/button-right.png HTTP/1.1" 200 57878
172.22.2.4 - - [12/Jun/2023:12:49:40 -0500] "HEAD /BLA/boletinlegal/ HTTP/1.1" 200 -
172.22.2.4 - - [12/Jun/2023:12:50:31 -0500] "GET /BLA/boletinlegal/ HTTP/1.1" 200 57151
172.22.2.4 - - [12/Jun/2023:12:52:14 -0500] "GET /BLA/boletinlegal/consulta_actos.php?tipo=autos&no=0002&usuario=oscar.camacho&sector=RESIDUOS&fecha=2022&resuelve=Directiva HTTP/1.1" 200 626
172.22.2.4 - - [12/Jun/2023:12:52:18 -0500] "GET /BLA/boletinlegal/consulta_actos.php?tipo=autos&no=0002&usuario=oscar.camacho&sector=RESIDUOS&fecha=2022&resuelve=Directiva HTTP/1.1" 200 626
172.22.2.4 - - [12/Jun/2023:12:52:19 -0500] "GET /BLA/boletinlegal/consulta_actos.php?tipo=autos&no=0002&usuario=oscar.camacho&sector=RESIDUOS&fecha=2022&resuelve=Directiva HTTP/1.1" 200 626
172.22.2.4 - - [12/Jun/2023:12:52:31 -0500] "GET /BLA/boletinlegal/consulta_actos.php?tipo=resoluciones&no=0002&usuario=oscar.camacho&sector=RESIDUOS&fecha=2022&resuelve=Directiva HTTP/1.1" 200 626
172.22.2.4 - - [12/Jun/2023:12:52:32 -0500] "GET /BLA/boletinlegal/consulta_actos.php?tipo=resoluciones&no=0002&usuario=oscar.camacho&sector=RESIDUOS&fecha=2022&resuelve=Directiva HTTP/1.1" 200 626
172.22.2.4 - - [12/Jun/2023:12:52:33 -0500] "GET /BLA/boletinlegal/consulta_actos.php?tipo=resoluciones&no=0002&usuario=oscar.camacho&sector=RESIDUOS&fecha=2022&resuelve=Directiva HTTP/1.1" 200 626
201.245.192.253 - - [12/Jun/2023:12:53:07 -0500] "POST /kwsrmcab/Wsrmcab  HTTP/1.1" 200 41606
172.22.2.4 - - [12/Jun/2023:12:53:43 -0500] "GET /BLA/boletinlegal/consulta_actos.php?tipo=resoluciones&no=0051&usuario=oscar.camacho&sector=RESIDUOS&fecha=2014&resuelve= HTTP/1.1" 200 626
66.220.149.14 - - [12/Jun/2023:12:53:46 -0500] "GET /images/cr\xc3\xb3nica-29-nov-1_optimized.jpeg HTTP/1.1" 404 1034
172.22.2.4 - - [12/Jun/2023:12:54:36 -0500] "GET /BLA/boletinlegal/consulta_actos.php?tipo=resoluciones&no=0051&usuario=oscar.camacho&sector=RESIDUOS&fecha=2014&resuelve=Aprovechables HTTP/1.1" 200 626
173.252.127.21 - - [12/Jun/2023:12:55:02 -0500] "GET /images/manos-reparadoras-plaza-americas-1.jpg HTTP/1.1" 200 47593
66.249.79.102 - - [12/Jun/2023:12:55:27 -0500] "-" 408 -
216.245.221.92 - - [12/Jun/2023:12:55:36 -0500] "HEAD / HTTP/1.1" 200 -
173.252.95.117 - - [12/Jun/2023:12:56:29 -0500] "GET /moda-circular-manos-reparadoras-la-estrategia-del-distrito-para-restaurar-prendas-usadas.html HTTP/1.1" 200 901
172.22.2.4 - - [12/Jun/2023:12:55:30 -0500] "HEAD /BLA/boletinlegal/ HTTP/1.1" 200 -
201.245.192.253 - - [12/Jun/2023:12:57:49 -0500] "GET /sipse/faces/faces/faces/autenticacion.xhtml HTTP/1.1" 200 12499
201.245.192.253 - - [12/Jun/2023:12:57:49 -0500] "GET /sipse/js/disable_browser_buttons.js HTTP/1.1" 304 -
201.245.192.253 - - [12/Jun/2023:12:57:49 -0500] "GET /sipse/css/custom_css_sg_prime_login.css HTTP/1.1" 304 -
201.245.192.253 - - [12/Jun/2023:12:57:49 -0500] "GET /sipse/css/custom_css_sg.css HTTP/1.1" 200 9694
201.245.192.253 - - [12/Jun/2023:12:57:49 -0500] "GET /sipse/js/funciones.js HTTP/1.1" 304 -
201.245.192.253 - - [12/Jun/2023:12:57:49 -0500] "GET /sipse/faces/javax.faces.resource/theme.css?ln=primefaces-sipse HTTP/1.1" 304 -
201.245.192.253 - - [12/Jun/2023:12:57:49 -0500] "GET /sipse/faces/javax.faces.resource/layout/layout.css;jsessionid=TXeee6CuC5E2gSCeEkMc1jhf.undefined?ln=primefaces&v=4.0 HTTP/1.1" 200 542
201.245.192.253 - - [12/Jun/2023:12:57:49 -0500] "GET /sipse/faces/javax.faces.resource/jquery/jquery.js;jsessionid=TXeee6CuC5E2gSCeEkMc1jhf.undefined?ln=primefaces&v=4.0 HTTP/1.1" 200 105384
201.245.192.253 - - [12/Jun/2023:12:57:49 -0500] "GET /sipse/faces/javax.faces.resource/primefaces.css;jsessionid=TXeee6CuC5E2gSCeEkMc1jhf.undefined?ln=primefaces&v=4.0 HTTP/1.1" 200 53295
201.245.192.253 - - [12/Jun/2023:12:57:49 -0500] "GET /sipse/faces/javax.faces.resource/primefaces.js;jsessionid=TXeee6CuC5E2gSCeEkMc1jhf.undefined?ln=primefaces&v=4.0 HTTP/1.1" 200 276924
201.245.192.253 - - [12/Jun/2023:12:57:49 -0500] "GET /sipse/faces/javax.faces.resource/jquery/jquery-plugins.js;jsessionid=TXeee6CuC5E2gSCeEkMc1jhf.undefined?ln=primefaces&v=4.0 HTTP/1.1" 200 220526
201.245.192.253 - - [12/Jun/2023:12:57:49 -0500] "GET /sipse/faces/javax.faces.resource/layout/layout.js;jsessionid=TXeee6CuC5E2gSCeEkMc1jhf.undefined?ln=primefaces&v=4.0 HTTP/1.1" 200 87560
201.245.192.253 - - [12/Jun/2023:12:57:50 -0500] "GET /sipse/css/imagen/loginimg.png HTTP/1.1" 304 -
201.245.192.253 - - [12/Jun/2023:12:57:50 -0500] "GET /sipse/faces/javax.faces.resource/images/ui-icons_898989_256x240.png?ln=primefaces-aristo HTTP/1.1" 200 5355
201.245.192.253 - - [12/Jun/2023:12:57:50 -0500] "GET /sipse/css/imagen/logoSDG.png HTTP/1.1" 200 53064
201.245.192.253 - - [12/Jun/2023:12:57:50 -0500] "GET /favicon.ico HTTP/1.1" 200 7782
201.245.192.253 - - [12/Jun/2023:12:57:50 -0500] "GET /sipse/faces/faces/faces/index.xhtml HTTP/1.1" 200 677
201.245.192.253 - - [12/Jun/2023:12:57:50 -0500] "GET /sipse/faces/javax.faces.resource/theme.css?ln=primefaces-sipse HTTP/1.1" 304 -
201.245.192.253 - - [12/Jun/2023:12:57:50 -0500] "GET /sipse/faces/faces/faces/faces/autenticacion.xhtml HTTP/1.1" 200 12177
201.245.192.253 - - [12/Jun/2023:12:57:50 -0500] "GET /sipse/faces/javax.faces.resource/theme.css?ln=primefaces-sipse HTTP/1.1" 304 -
201.245.192.253 - - [12/Jun/2023:12:57:50 -0500] "GET /sipse/faces/javax.faces.resource/layout/layout.css?ln=primefaces&v=4.0 HTTP/1.1" 200 542
201.245.192.253 - - [12/Jun/2023:12:57:50 -0500] "GET /sipse/faces/javax.faces.resource/jquery/jquery.js?ln=primefaces&v=4.0 HTTP/1.1" 304 -
201.245.192.253 - - [12/Jun/2023:12:57:50 -0500] "GET /sipse/faces/javax.faces.resource/jquery/jquery-plugins.js?ln=primefaces&v=4.0 HTTP/1.1" 304 -
201.245.192.253 - - [12/Jun/2023:12:57:50 -0500] "GET /sipse/faces/javax.faces.resource/primefaces.js?ln=primefaces&v=4.0 HTTP/1.1" 304 -
201.245.192.253 - - [12/Jun/2023:12:57:50 -0500] "GET /sipse/faces/javax.faces.resource/layout/layout.js?ln=primefaces&v=4.0 HTTP/1.1" 304 -
201.245.192.253 - - [12/Jun/2023:12:57:50 -0500] "GET /sipse/faces/javax.faces.resource/primefaces.css?ln=primefaces&v=4.0 HTTP/1.1" 200 53295
201.245.192.253 - - [12/Jun/2023:12:57:50 -0500] "GET /sipse/faces/javax.faces.resource/images/ui-icons_898989_256x240.png?ln=primefaces-aristo HTTP/1.1" 200 5355
201.245.192.253 - - [12/Jun/2023:12:57:53 -0500] "POST /sipse/faces/autenticacion.xhtml HTTP/1.1" 200 11163
201.245.192.253 - - [12/Jun/2023:12:57:53 -0500] "GET /sipse/css/custom_css_sg_prime.css HTTP/1.1" 200 5201
201.245.192.253 - - [12/Jun/2023:12:57:53 -0500] "GET /sipse/faces/javax.faces.resource/jquery/jquery.js?ln=primefaces&v=4.0 HTTP/1.1" 304 -
201.245.192.253 - - [12/Jun/2023:12:57:53 -0500] "GET /sipse/faces/javax.faces.resource/jquery/jquery-plugins.js?ln=primefaces&v=4.0 HTTP/1.1" 304 -
201.245.192.253 - - [12/Jun/2023:12:57:53 -0500] "GET /sipse/faces/javax.faces.resource/primefaces.js?ln=primefaces&v=4.0 HTTP/1.1" 304 -
201.245.192.253 - - [12/Jun/2023:12:57:53 -0500] "GET /sipse/faces/javax.faces.resource/layout/layout.js?ln=primefaces&v=4.0 HTTP/1.1" 304 -
201.245.192.253 - - [12/Jun/2023:12:57:53 -0500] "GET /sipse/faces/javax.faces.resource/messages/messages.png?ln=primefaces&v=4.0 HTTP/1.1" 200 27209
201.245.192.253 - - [12/Jun/2023:12:57:56 -0500] "POST /sipse/faces/presentacion/sistema/seguridad/seleccionRol.xhtml HTTP/1.1" 200 5600
201.245.192.253 - - [12/Jun/2023:12:57:57 -0500] "POST /sipse/faces/presentacion/sistema/seguridad/seleccionRol.xhtml HTTP/1.1" 200 20180
201.245.192.253 - - [12/Jun/2023:12:57:57 -0500] "GET /sipse/js/jquery.min.js HTTP/1.1" 304 -
201.245.192.253 - - [12/Jun/2023:12:57:57 -0500] "GET /sipse/faces/javax.faces.resource/jquery/jquery.js?ln=primefaces&v=4.0 HTTP/1.1" 304 -
201.245.192.253 - - [12/Jun/2023:12:57:57 -0500] "GET /sipse/faces/javax.faces.resource/jquery/jquery-plugins.js?ln=primefaces&v=4.0 HTTP/1.1" 304 -
201.245.192.253 - - [12/Jun/2023:12:57:57 -0500] "GET /sipse/faces/javax.faces.resource/primefaces.js?ln=primefaces&v=4.0 HTTP/1.1" 304 -
201.245.192.253 - - [12/Jun/2023:12:57:57 -0500] "GET /sipse/faces/javax.faces.resource/layout/layout.js?ln=primefaces&v=4.0 HTTP/1.1" 304 -
201.245.192.253 - - [12/Jun/2023:12:57:57 -0500] "GET /sipse/css/v_mergente.css HTTP/1.1" 200 1505
201.245.192.253 - - [12/Jun/2023:12:57:57 -0500] "GET /sipse/imagenes/cargando.gif HTTP/1.1" 200 36959
201.245.192.253 - - [12/Jun/2023:12:57:57 -0500] "GET /sipse/imagenes/logoAplicacion.jpg HTTP/1.1" 200 155084
201.245.192.253 - - [12/Jun/2023:12:57:57 -0500] "GET /sipse/css/imagen/contrasena.png HTTP/1.1" 404 383
201.245.192.253 - - [12/Jun/2023:12:57:59 -0500] "GET /sipse/faces/javax.faces.resource/images/ui-bg_flat_0_2d5972_40x100.png?ln=primefaces-aristo HTTP/1.1" 200 183
201.245.192.253 - - [12/Jun/2023:12:57:59 -0500] "POST /sipse/faces/bienvenido.xhtml HTTP/1.1" 200 3182
201.245.192.253 - - [12/Jun/2023:12:58:01 -0500] "POST /sipse/faces/bienvenido.xhtml HTTP/1.1" 200 3850
172.22.2.4 - - [12/Jun/2023:12:56:21 -0500] "GET /BLA/boletinlegal/ HTTP/1.1" 200 55934
201.245.192.253 - - [12/Jun/2023:12:58:02 -0500] "POST /sipse/faces/bienvenido.xhtml HTTP/1.1" 200 34834
201.245.192.253 - - [12/Jun/2023:12:58:02 -0500] "GET /sipse/faces/javax.faces.resource/jquery/jquery.js?ln=primefaces&v=4.0 HTTP/1.1" 304 -
201.245.192.253 - - [12/Jun/2023:12:58:02 -0500] "GET /sipse/faces/javax.faces.resource/jquery/jquery-plugins.js?ln=primefaces&v=4.0 HTTP/1.1" 304 -
201.245.192.253 - - [12/Jun/2023:12:58:02 -0500] "GET /sipse/faces/javax.faces.resource/primefaces.js?ln=primefaces&v=4.0 HTTP/1.1" 304 -
201.245.192.253 - - [12/Jun/2023:12:58:02 -0500] "GET /sipse/faces/javax.faces.resource/layout/layout.js?ln=primefaces&v=4.0 HTTP/1.1" 304 -
201.245.192.253 - - [12/Jun/2023:12:58:02 -0500] "POST /sipse/faces/presentacion/financiero/solicitudProceso/listarSolicitudProceso.xhtml HTTP/1.1" 200 1376
201.245.192.253 - - [12/Jun/2023:12:58:04 -0500] "POST /sipse/faces/presentacion/financiero/solicitudProceso/listarSolicitudProceso.xhtml HTTP/1.1" 200 184
201.245.192.253 - - [12/Jun/2023:12:58:04 -0500] "POST /sipse/faces/presentacion/financiero/solicitudProceso/listarSolicitudProceso.xhtml HTTP/1.1" 200 184
201.245.192.253 - - [12/Jun/2023:12:58:04 -0500] "GET /sipse/faces/presentacion/financiero/solicitudAnulacion/solicitudAnulacion.xhtml HTTP/1.1" 200 15776
201.245.192.253 - - [12/Jun/2023:12:58:05 -0500] "GET /sipse/faces/presentacion/financiero/solicitudAnulacion/solicitudAnulacion.xhtml HTTP/1.1" 200 33452
201.245.192.253 - - [12/Jun/2023:12:58:05 -0500] "GET /sipse/faces/javax.faces.resource/theme.css?ln=primefaces-sipse HTTP/1.1" 304 -
201.245.192.253 - - [12/Jun/2023:12:58:05 -0500] "GET /sipse/faces/javax.faces.resource/layout/layout.css?ln=primefaces&v=4.0 HTTP/1.1" 304 -
201.245.192.253 - - [12/Jun/2023:12:58:05 -0500] "GET /sipse/faces/javax.faces.resource/jquery/jquery.js?ln=primefaces&v=4.0 HTTP/1.1" 304 -
201.245.192.253 - - [12/Jun/2023:12:58:05 -0500] "GET /sipse/faces/javax.faces.resource/primefaces.css?ln=primefaces&v=4.0 HTTP/1.1" 304 -
201.245.192.253 - - [12/Jun/2023:12:58:05 -0500] "GET /sipse/faces/javax.faces.resource/jquery/jquery-plugins.js?ln=primefaces&v=4.0 HTTP/1.1" 304 -
201.245.192.253 - - [12/Jun/2023:12:58:05 -0500] "GET /sipse/faces/javax.faces.resource/layout/layout.js?ln=primefaces&v=4.0 HTTP/1.1" 304 -
201.245.192.253 - - [12/Jun/2023:12:58:05 -0500] "GET /sipse/faces/javax.faces.resource/primefaces.js?ln=primefaces&v=4.0 HTTP/1.1" 304 -
201.245.192.253 - - [12/Jun/2023:12:58:05 -0500] "GET /sipse/faces/javax.faces.resource/images/ui-icons_898989_256x240.png?ln=primefaces-aristo HTTP/1.1" 304 -
201.245.192.253 - - [12/Jun/2023:12:58:05 -0500] "GET /sipse/faces/javax.faces.resource/images/ui-bg_flat_0_2d5972_40x100.png?ln=primefaces-aristo HTTP/1.1" 304 -
201.245.192.253 - - [12/Jun/2023:12:58:05 -0500] "POST /sipse/faces/presentacion/financiero/solicitudAnulacion/solicitudAnulacion.xhtml HTTP/1.1" 200 10464
201.245.192.253 - - [12/Jun/2023:12:58:05 -0500] "GET /sipse/faces/javax.faces.resource/messages/messages.png?ln=primefaces&v=4.0 HTTP/1.1" 304 -
201.245.192.253 - - [12/Jun/2023:12:58:07 -0500] "POST /sipse/faces/presentacion/financiero/solicitudAnulacion/solicitudAnulacion.xhtml HTTP/1.1" 200 28347
201.245.192.253 - - [12/Jun/2023:12:58:07 -0500] "GET /sipse/faces/javax.faces.resource/jquery/jquery.js?ln=primefaces&v=4.0 HTTP/1.1" 304 -
201.245.192.253 - - [12/Jun/2023:12:58:07 -0500] "GET /sipse/faces/javax.faces.resource/jquery/jquery-plugins.js?ln=primefaces&v=4.0 HTTP/1.1" 304 -
201.245.192.253 - - [12/Jun/2023:12:58:05 -0500] "POST /kwsrmcab/Wsrmcab  HTTP/1.1" 200 41606
201.245.192.253 - - [12/Jun/2023:12:58:07 -0500] "GET /sipse/faces/javax.faces.resource/primefaces.js?ln=primefaces&v=4.0 HTTP/1.1" 304 -
201.245.192.253 - - [12/Jun/2023:12:58:07 -0500] "GET /sipse/faces/javax.faces.resource/layout/layout.js?ln=primefaces&v=4.0 HTTP/1.1" 304 -
201.245.192.253 - - [12/Jun/2023:12:58:09 -0500] "POST /sipse/faces/presentacion/financiero/ordenPago/consultarOrdenPago.xhtml HTTP/1.1" 200 29633
201.245.192.253 - - [12/Jun/2023:12:58:09 -0500] "GET /sipse/faces/javax.faces.resource/jquery/jquery.js?ln=primefaces&v=4.0 HTTP/1.1" 304 -
201.245.192.253 - - [12/Jun/2023:12:58:09 -0500] "GET /sipse/faces/javax.faces.resource/jquery/jquery-plugins.js?ln=primefaces&v=4.0 HTTP/1.1" 304 -
201.245.192.253 - - [12/Jun/2023:12:58:09 -0500] "GET /sipse/faces/javax.faces.resource/primefaces.js?ln=primefaces&v=4.0 HTTP/1.1" 304 -
201.245.192.253 - - [12/Jun/2023:12:58:10 -0500] "GET /sipse/faces/javax.faces.resource/layout/layout.js?ln=primefaces&v=4.0 HTTP/1.1" 304 -
201.245.192.253 - - [12/Jun/2023:12:58:10 -0500] "POST /sipse/faces/presentacion/financiero/solicitudProceso/solicitudProcesoOtrosPagos.xhtml HTTP/1.1" 200 23027
216.245.221.92 - - [12/Jun/2023:13:00:36 -0500] "HEAD / HTTP/1.1" 200 -
172.22.2.4 - - [12/Jun/2023:13:00:13 -0500] "GET /BLA/boletinlegal/ HTTP/1.1" 200 28619
173.252.79.117 - - [12/Jun/2023:13:01:43 -0500] "GET /images/Acuerdos1.jpeg HTTP/1.1" 200 59889
66.249.79.101 - - [12/Jun/2023:13:02:15 -0500] "-" 408 -
168.119.52.80 - - [12/Jun/2023:13:02:32 -0500] "GET / HTTP/1.1" 200 319
168.119.52.80 - - [12/Jun/2023:13:02:35 -0500] "GET / HTTP/1.1" 200 4720
172.22.2.4 - - [12/Jun/2023:13:01:20 -0500] "HEAD /BLA/boletinlegal/ HTTP/1.1" 200 -
201.245.192.253 - - [12/Jun/2023:13:03:04 -0500] "POST /kwsrmcab/Wsrmcab  HTTP/1.1" 200 41606
162.55.175.144 - - [12/Jun/2023:13:03:16 -0500] "GET / HTTP/1.1" 200 4720
162.55.175.144 - - [12/Jun/2023:13:03:20 -0500] "GET / HTTP/1.1" 200 319
172.22.2.4 - - [12/Jun/2023:13:02:11 -0500] "GET /BLA/boletinlegal/ HTTP/1.1" 200 56754
172.22.2.4 - - [12/Jun/2023:13:04:55 -0500] "GET /BLA/boletinlegal/jurisprudencia.php HTTP/1.1" 200 17583
173.252.111.117 - - [12/Jun/2023:13:05:17 -0500] "GET /images/Secretarias%20Fondo%20carga%206%20de%20febrero.jpeg HTTP/1.1" 200 55460
173.252.111.17 - - [12/Jun/2023:13:05:18 -0500] "GET /images/Entrenubes%201%20(1)%20(1).jpeg HTTP/1.1" 200 70096
173.252.111.14 - - [12/Jun/2023:13:05:18 -0500] "GET /images/Aire%20Reyes%20(1)%20(1).jpeg HTTP/1.1" 200 59709
173.252.111.24 - - [12/Jun/2023:13:05:19 -0500] "GET /images/lluvias-arboles-4-junio.jpeg HTTP/1.1" 200 117524
216.245.221.92 - - [12/Jun/2023:13:05:36 -0500] "HEAD / HTTP/1.1" 200 -
40.77.167.97 - - [12/Jun/2023:13:06:32 -0500] "GET /bla/resoluciones/notificaciones/autos%202017/1117.pdf HTTP/1.1" 304 -
172.22.2.4 - - [12/Jun/2023:13:07:11 -0500] "GET /BLA/boletinlegal/ HTTP/1.1" 200 28619
201.245.192.253 - - [12/Jun/2023:13:08:03 -0500] "POST /kwsrmcab/Wsrmcab  HTTP/1.1" 200 41606
66.249.79.100 - - [12/Jun/2023:13:08:23 -0500] "-" 408 -
172.22.2.4 - - [12/Jun/2023:13:07:10 -0500] "HEAD /BLA/boletinlegal/ HTTP/1.1" 200 -
172.22.2.4 - - [12/Jun/2023:13:08:01 -0500] "GET /BLA/boletinlegal/ HTTP/1.1" 200 52326
216.245.221.92 - - [12/Jun/2023:13:10:36 -0500] "HEAD / HTTP/1.1" 200 -
173.252.95.16 - - [12/Jun/2023:13:11:03 -0500] "GET /empresas-con-impacto-ambiental-positivo-unanse-a-la-edicion-2023-de-negocios-verdes-mas-cerca-de-ti.html HTTP/1.1" 200 878
40.77.167.97 - - [12/Jun/2023:13:11:40 -0500] "GET / HTTP/1.1" 200 319
201.245.192.253 - - [12/Jun/2023:13:13:02 -0500] "POST /kwsrmcab/Wsrmcab  HTTP/1.1" 200 41606
173.252.107.117 - - [12/Jun/2023:13:14:05 -0500] "GET /images/liberacion-animales-silvestres.jpg HTTP/1.1" 200 57397
172.22.2.4 - - [12/Jun/2023:13:13:00 -0500] "HEAD /BLA/boletinlegal/ HTTP/1.1" 200 -
52.167.144.158 - - [12/Jun/2023:13:15:02 -0500] "GET /BLA/resoluciones/AUTOS%202021/2677.pdf HTTP/1.1" 304 -
52.167.144.158 - - [12/Jun/2023:13:15:03 -0500] "GET /BLA/resoluciones/RESOLUCIONES%202020/2689.pdf HTTP/1.1" 304 -
66.249.79.100 - - [12/Jun/2023:13:15:22 -0500] "-" 408 -
172.22.2.4 - - [12/Jun/2023:13:13:51 -0500] "GET /BLA/boletinlegal/ HTTP/1.1" 200 57945
216.245.221.92 - - [12/Jun/2023:13:15:36 -0500] "HEAD / HTTP/1.1" 200 -
173.252.95.23 - - [12/Jun/2023:13:15:57 -0500] "GET /chulo-o-gallinazo-un-carronero-que-cumple-un-papel-fundamental-en-los-ecosistemas.html HTTP/1.1" 200 784
201.245.192.253 - - [12/Jun/2023:13:18:01 -0500] "POST /kwsrmcab/Wsrmcab  HTTP/1.1" 200 41606
172.22.2.4 - - [12/Jun/2023:13:19:55 -0500] "GET /BLA/boletinlegal/jurisprudencia/analisis/AnalisisT-606-15.docx HTTP/1.1" 304 -
172.22.2.4 - - [12/Jun/2023:13:19:57 -0500] "GET /BLA/boletinlegal/actos.php HTTP/1.1" 200 9682
172.22.2.4 - - [12/Jun/2023:13:18:50 -0500] "HEAD /BLA/boletinlegal/ HTTP/1.1" 200 -
216.245.221.92 - - [12/Jun/2023:13:20:36 -0500] "HEAD / HTTP/1.1" 200 -
172.22.2.4 - - [12/Jun/2023:13:19:54 -0500] "GET /BLA/boletinlegal/ HTTP/1.1" 200 24523
201.245.192.253 - - [12/Jun/2023:13:20:48 -0500] "POST /kwsrmcab/Wsrmcab HTTP/1.1" 200 43038
201.245.192.253 - - [12/Jun/2023:13:20:50 -0500] "POST /kwsrmcab/Wsrmcab HTTP/1.1" 200 41847
31.13.127.8 - - [12/Jun/2023:13:21:06 -0500] "GET /images/liberacion-animales-silvestres.jpg HTTP/1.1" 200 57397
173.252.95.119 - - [12/Jun/2023:13:21:06 -0500] "GET /images/manos-reparadoras-plaza-americas-1.jpg HTTP/1.1" 200 47593
172.22.2.4 - - [12/Jun/2023:13:19:41 -0500] "GET /BLA/boletinlegal/ HTTP/1.1" 200 52326
87.218.195.5 - - [12/Jun/2023:13:21:25 -0500] "GET /manos-reparadoras-protagonistas-en-la-segunda-feria-de-moda-sostenible.html?fbclid=IwAR3tBt6KuHrekVyO5v7LIQwhQViRqknpR7LAV-a1m2GT2gBiOCAkoD4rAxU HTTP/1.1" 200 774
66.249.79.100 - - [12/Jun/2023:13:21:27 -0500] "-" 408 -
31.13.103.16 - - [12/Jun/2023:13:21:28 -0500] "GET /manos-reparadoras-protagonistas-en-la-segunda-feria-de-moda-sostenible.html HTTP/1.1" 200 774
31.13.103.3 - - [12/Jun/2023:13:21:28 -0500] "GET /manos-reparadoras-protagonistas-en-la-segunda-feria-de-moda-sostenible.html HTTP/1.1" 200 774
31.13.103.6 - - [12/Jun/2023:13:21:54 -0500] "GET /manos-reparadoras-protagonistas-en-la-segunda-feria-de-moda-sostenible.html HTTP/1.1" 206 774
31.13.115.23 - - [12/Jun/2023:13:22:11 -0500] "GET /images/manos-reparadoras-plaza-americas-1.jpg HTTP/1.1" 200 47593
40.77.167.97 - - [12/Jun/2023:13:22:31 -0500] "GET /BLA/resoluciones/AUTOS%202015/0329.pdf HTTP/1.1" 304 -
201.245.192.253 - - [12/Jun/2023:13:23:00 -0500] "POST /kwsrmcab/Wsrmcab  HTTP/1.1" 200 41606
31.13.103.1 - - [12/Jun/2023:13:24:05 -0500] "GET /ecourbanismo-estrategia-para-transformar-y-llevar-a-bogota-por-el-camino-de-la-sostenibilidad.html HTTP/1.1" 200 788
181.206.101.52 - - [12/Jun/2023:13:25:10 -0500] "GET /BLA/boletinlegal/js/jquery.scrollShow.js HTTP/1.1" 200 4586
181.206.101.52 - - [12/Jun/2023:13:25:10 -0500] "GET /galeria/galeria/jquery.fancybox.js?v=2.1.5 HTTP/1.1" 200 48706
181.206.101.52 - - [12/Jun/2023:13:25:10 -0500] "GET /galeria/galeria/jquery.fancybox.css?v=2.1.5 HTTP/1.1" 200 4895
216.245.221.92 - - [12/Jun/2023:13:25:36 -0500] "HEAD / HTTP/1.1" 200 -
172.22.2.4 - - [12/Jun/2023:13:24:40 -0500] "HEAD /BLA/boletinlegal/ HTTP/1.1" 200 -
173.252.95.15 - - [12/Jun/2023:13:26:38 -0500] "HEAD /conectores-ecosistemicos-espacios-naturales-ricos-en-biodiversidad.html HTTP/1.1" 206 -
66.249.73.68 - - [12/Jun/2023:13:26:51 -0500] "-" 408 -
172.22.2.4 - - [12/Jun/2023:13:25:31 -0500] "GET /BLA/boletinlegal/ HTTP/1.1" 200 59306
201.245.192.253 - - [12/Jun/2023:13:27:59 -0500] "POST /kwsrmcab/Wsrmcab  HTTP/1.1" 200 41606
190.27.182.224 - - [12/Jun/2023:13:28:12 -0500] "GET /BLA/resoluciones/AUTOS%202017/2174.pdf HTTP/1.1" 200 346793
172.22.2.4 - - [12/Jun/2023:13:28:12 -0500] "GET /BLA/boletinlegal/actos.php HTTP/1.1" 200 9682
172.22.2.4 - - [12/Jun/2023:13:28:13 -0500] "GET /BLA/boletinlegal/favicon.ico HTTP/1.1" 404 1326
186.155.12.220 - - [12/Jun/2023:13:28:15 -0500] "GET /BLA/resoluciones/ HTTP/1.1" 200 13502
186.155.12.220 - - [12/Jun/2023:13:28:18 -0500] "GET /BLA/resoluciones/index.php?dir=AUTOS+2022%2F HTTP/1.1" 200 12235
186.155.12.220 - - [12/Jun/2023:13:28:18 -0500] "GET /BLA/resoluciones/index.php?dir=AUTOS+2022%2F HTTP/1.1" 200 497370
172.22.2.4 - - [12/Jun/2023:13:28:11 -0500] "GET /BLA/boletinlegal/ HTTP/1.1" 200 24523
34.141.137.143 - - [12/Jun/2023:13:29:02 -0500] "GET /en-junio-conectate-con-la-naturaleza-y-el-medioambiente-a-traves-de-estas-caminatas-ecologicas.html HTTP/1.1" 200 900
31.13.103.7 - - [12/Jun/2023:13:29:50 -0500] "GET /secretaria-de-ambiente-unidos-por-un-nuevo-aire.html HTTP/1.1" 200 792
31.13.103.116 - - [12/Jun/2023:13:29:50 -0500] "GET /distrito-realizo-recorrido-por-los-bosques-santa-helena-y-brazo-salitre.html HTTP/1.1" 200 808
31.13.103.19 - - [12/Jun/2023:13:29:50 -0500] "GET /por-un-corazon-mas-verde-del-1-al-9-de-junio-se-celebrara-la-semana-ambiental-2023-en-bogota.html HTTP/1.1" 200 819
31.13.103.18 - - [12/Jun/2023:13:29:50 -0500] "GET /por-un-corazon-mas-verde-del-1-al-9-de-junio-se-celebrara-la-semana-ambiental-2023-en-bogota.html HTTP/1.1" 200 819
152.203.236.246 - - [12/Jun/2023:13:29:57 -0500] "GET /semana-ambiental-recorrido-por-el-camino-quebrada-la-vieja-una-joya-natural-de-la-ciudad.html?fbclid=IwAR1WnC9U-klpm0EnEExitvNx-ufjknoX_BEzfWgJ024MLBdxu5Wg7AgbBeM HTTP/1.1" 200 795
173.252.95.4 - - [12/Jun/2023:13:29:58 -0500] "GET /semana-ambiental-recorrido-por-el-camino-quebrada-la-vieja-una-joya-natural-de-la-ciudad.html HTTP/1.1" 200 795
173.252.95.120 - - [12/Jun/2023:13:29:59 -0500] "GET /semana-ambiental-recorrido-por-el-camino-quebrada-la-vieja-una-joya-natural-de-la-ciudad.html HTTP/1.1" 200 795
216.245.221.92 - - [12/Jun/2023:13:30:36 -0500] "HEAD / HTTP/1.1" 200 -
201.245.192.253 - - [12/Jun/2023:13:30:47 -0500] "POST /kwsrmcab/Wsrmcab HTTP/1.1" 200 43038
201.245.192.253 - - [12/Jun/2023:13:30:50 -0500] "POST /kwsrmcab/Wsrmcab HTTP/1.1" 200 41847
18.142.217.12 - - [12/Jun/2023:13:31:44 -0500] "GET /transparencia/General%20Asignado/? HTTP/1.1" 200 43229
172.22.2.4 - - [12/Jun/2023:13:30:30 -0500] "HEAD /BLA/boletinlegal/ HTTP/1.1" 200 -
190.147.228.22 - - [12/Jun/2023:13:32:48 -0500] "GET /BLA/resoluciones/RESOLUCIONES%202019/2304.pdf HTTP/1.1" 200 4328597
190.147.228.22 - - [12/Jun/2023:13:32:48 -0500] "GET /favicon.ico HTTP/1.1" 200 7782
201.245.192.253 - - [12/Jun/2023:13:32:58 -0500] "POST /kwsrmcab/Wsrmcab  HTTP/1.1" 200 41606
172.22.2.4 - - [12/Jun/2023:13:31:21 -0500] "GET /BLA/boletinlegal/ HTTP/1.1" 200 59306
216.245.221.92 - - [12/Jun/2023:13:35:36 -0500] "HEAD / HTTP/1.1" 200 -
172.22.2.4 - - [12/Jun/2023:13:35:01 -0500] "GET /BLA/boletinlegal/?XDEBUG_SESSION_START=phpstorm HTTP/1.1" 200 28619
201.245.192.253 - - [12/Jun/2023:13:37:55 -0500] "POST /kwsrmcab/Wsrmcab  HTTP/1.1" 200 41606
172.22.2.4 - - [12/Jun/2023:13:36:20 -0500] "HEAD /BLA/boletinlegal/ HTTP/1.1" 200 -
172.22.2.4 - - [12/Jun/2023:13:37:10 -0500] "GET /BLA/boletinlegal/ HTTP/1.1" 200 57151
216.245.221.92 - - [12/Jun/2023:13:40:36 -0500] "HEAD / HTTP/1.1" 200 -
201.245.192.253 - - [12/Jun/2023:13:40:47 -0500] "POST /kwsrmcab/Wsrmcab HTTP/1.1" 200 43038
201.245.192.253 - - [12/Jun/2023:13:40:50 -0500] "POST /kwsrmcab/Wsrmcab HTTP/1.1" 200 41847
66.249.65.4 - - [12/Jun/2023:13:42:44 -0500] "-" 408 -
201.245.192.253 - - [12/Jun/2023:13:42:55 -0500] "POST /kwsrmcab/Wsrmcab  HTTP/1.1" 200 41606
172.22.2.4 - - [12/Jun/2023:13:42:10 -0500] "HEAD /BLA/boletinlegal/ HTTP/1.1" 200 -
113.207.1.121 - - [12/Jun/2023:13:44:40 -0500] "GET /galeria/galeria/fotos/Entrenube4P.jpg HTTP/1.1" 200 10881
172.22.2.4 - - [12/Jun/2023:13:43:01 -0500] "GET /BLA/boletinlegal/ HTTP/1.1" 200 59306
193.35.18.52 - - [12/Jun/2023:13:44:48 -0500] "POST /boaform/admin/formLogin HTTP/1.1" 404 1186
186.81.237.153 - - [12/Jun/2023:13:45:12 -0500] "GET /reciclaton-empresarial-2023-como-inscribirse-a-la-primera-jornada-del-ano.html HTTP/1.1" 304 -
216.245.221.92 - - [12/Jun/2023:13:45:36 -0500] "HEAD / HTTP/1.1" 200 -
40.77.167.98 - - [12/Jun/2023:13:47:15 -0500] "GET /sipse/faces/faces/autenticacion.xhtml HTTP/1.1" 200 12499
201.245.192.253 - - [12/Jun/2023:13:47:54 -0500] "POST /kwsrmcab/Wsrmcab  HTTP/1.1" 200 41606
172.22.2.4 - - [12/Jun/2023:13:48:13 -0500] "GET /BLA/boletinlegal/actos.php HTTP/1.1" 200 9682
172.22.2.4 - - [12/Jun/2023:13:48:00 -0500] "HEAD /BLA/boletinlegal/ HTTP/1.1" 200 -
172.22.2.4 - - [12/Jun/2023:13:48:50 -0500] "GET /BLA/boletinlegal/ HTTP/1.1" 200 59306
216.245.221.92 - - [12/Jun/2023:13:50:36 -0500] "HEAD / HTTP/1.1" 200 -
201.245.192.253 - - [12/Jun/2023:13:52:52 -0500] "POST /kwsrmcab/Wsrmcab  HTTP/1.1" 200 41606
40.77.167.98 - - [12/Jun/2023:13:54:01 -0500] "GET /BLA/resoluciones/AUTOS%202021/1777.pdf HTTP/1.1" 304 -
172.22.2.4 - - [12/Jun/2023:13:53:50 -0500] "HEAD /BLA/boletinlegal/ HTTP/1.1" 200 -
216.245.221.92 - - [12/Jun/2023:13:55:36 -0500] "HEAD / HTTP/1.1" 200 -
172.22.2.4 - - [12/Jun/2023:13:54:40 -0500] "GET /BLA/boletinlegal/ HTTP/1.1" 200 57151
201.245.192.253 - - [12/Jun/2023:13:57:51 -0500] "POST /kwsrmcab/Wsrmcab  HTTP/1.1" 200 41606
172.22.2.4 - - [12/Jun/2023:13:58:46 -0500] "GET /BLA/boletinlegal/style.css HTTP/1.1" 200 9406
172.22.2.4 - - [12/Jun/2023:13:58:46 -0500] "GET /BLA/boletinlegal/styles2.css HTTP/1.1" 200 1838
172.22.2.4 - - [12/Jun/2023:13:58:46 -0500] "GET /BLA/boletinlegal/js/jquery.js HTTP/1.1" 200 57254
172.22.2.4 - - [12/Jun/2023:13:58:46 -0500] "GET /BLA/boletinlegal/js/jquery.scrollTo-min.js HTTP/1.1" 200 1150
172.22.2.4 - - [12/Jun/2023:13:58:46 -0500] "GET /BLA/boletinlegal/js/jquery.scrollShow.js HTTP/1.1" 200 4586
172.22.2.4 - - [12/Jun/2023:13:58:46 -0500] "GET /BLA/boletinlegal/images/cabezote%20BLEGAL.jpg HTTP/1.1" 200 118164
172.22.2.4 - - [12/Jun/2023:13:58:46 -0500] "GET /BLA/boletinlegal/images/subscribe-icon-big.png HTTP/1.1" 200 47702
172.22.2.4 - - [12/Jun/2023:13:58:46 -0500] "GET /BLA/boletinlegal/images/historia.png HTTP/1.1" 200 52775
172.22.2.4 - - [12/Jun/2023:13:58:46 -0500] "GET /BLA/boletinlegal/images/registro-usuarios.png HTTP/1.1" 200 8106
172.22.2.4 - - [12/Jun/2023:13:58:47 -0500] "GET /BLA/boletinlegal/images/arr_l.jpg HTTP/1.1" 200 1979
172.22.2.4 - - [12/Jun/2023:13:58:47 -0500] "GET /BLA/boletinlegal/images/body_bg.jpg HTTP/1.1" 200 1601
172.22.2.4 - - [12/Jun/2023:13:58:47 -0500] "GET /BLA/boletinlegal/images/screen_1.png HTTP/1.1" 200 202547
172.22.2.4 - - [12/Jun/2023:13:58:47 -0500] "GET /BLA/boletinlegal/images/menu_lft.gif HTTP/1.1" 200 1713
172.22.2.4 - - [12/Jun/2023:13:58:47 -0500] "GET /BLA/boletinlegal/images/launch.jpg HTTP/1.1" 200 14577
172.22.2.4 - - [12/Jun/2023:13:58:47 -0500] "GET /BLA/boletinlegal/images/menu_rght.gif HTTP/1.1" 200 1627
172.22.2.4 - - [12/Jun/2023:13:58:47 -0500] "GET /BLA/boletinlegal/images/bg_top.jpg HTTP/1.1" 200 522
172.22.2.4 - - [12/Jun/2023:13:58:47 -0500] "GET /BLA/boletinlegal/images/text.jpg HTTP/1.1" 200 568
172.22.2.4 - - [12/Jun/2023:13:58:47 -0500] "GET /BLA/boletinlegal/images/menu_bg.jpg HTTP/1.1" 200 620
172.22.2.4 - - [12/Jun/2023:13:58:47 -0500] "GET /BLA/boletinlegal/images/hover.jpg HTTP/1.1" 200 640
172.22.2.4 - - [12/Jun/2023:13:58:48 -0500] "GET /BLA/boletinlegal/actos.php HTTP/1.1" 200 9682
172.22.2.4 - - [12/Jun/2023:13:58:48 -0500] "GET /BLA/boletinlegal/js/ajax_actos.js HTTP/1.1" 200 1322
172.22.2.4 - - [12/Jun/2023:13:58:48 -0500] "GET /BLA/boletinlegal/niceforms-default.css HTTP/1.1" 200 6694
172.22.2.4 - - [12/Jun/2023:13:58:48 -0500] "GET /BLA/boletinlegal/niceforms.js HTTP/1.1" 200 22876
172.22.2.4 - - [12/Jun/2023:13:58:48 -0500] "GET /BLA/boletinlegal/js/popup.js HTTP/1.1" 200 1270
172.22.2.4 - - [12/Jun/2023:13:58:48 -0500] "GET /BLA/boletinlegal/js/lib.js HTTP/1.1" 200 6474
172.22.2.4 - - [12/Jun/2023:13:58:48 -0500] "GET /BLA/boletinlegal/js/jquery1.js HTTP/1.1" 200 29846
172.22.2.4 - - [12/Jun/2023:13:58:48 -0500] "GET /BLA/boletinlegal/images/green-yellow-blue-pink-th.png HTTP/1.1" 200 7394
172.22.2.4 - - [12/Jun/2023:13:58:48 -0500] "GET /BLA/boletinlegal/images/tel.png HTTP/1.1" 200 14477
172.22.2.4 - - [12/Jun/2023:13:58:48 -0500] "GET /BLA/boletinlegal/images/icono-email.png HTTP/1.1" 200 5544
172.22.2.4 - - [12/Jun/2023:13:58:48 -0500] "GET /BLA/boletinlegal/images/footer_bg.jpg HTTP/1.1" 200 586
172.22.2.4 - - [12/Jun/2023:13:58:48 -0500] "GET /BLA/boletinlegal/images/footer_bg_l.jpg HTTP/1.1" 200 776
172.22.2.4 - - [12/Jun/2023:13:58:48 -0500] "GET /BLA/boletinlegal/img/select-left.png HTTP/1.1" 200 263
172.22.2.4 - - [12/Jun/2023:13:58:48 -0500] "GET /BLA/boletinlegal/img/button.png HTTP/1.1" 200 43241
172.22.2.4 - - [12/Jun/2023:13:58:48 -0500] "GET /BLA/boletinlegal/img/0.png HTTP/1.1" 200 110
172.22.2.4 - - [12/Jun/2023:13:58:48 -0500] "GET /BLA/boletinlegal/img/button-left.png HTTP/1.1" 200 57071
172.22.2.4 - - [12/Jun/2023:13:58:48 -0500] "GET /BLA/boletinlegal/img/select-right.png HTTP/1.1" 200 44019
172.22.2.4 - - [12/Jun/2023:13:58:48 -0500] "GET /BLA/boletinlegal/img/button-right.png HTTP/1.1" 200 57878
172.22.2.4 - - [12/Jun/2023:13:59:18 -0500] "GET /BLA/boletinlegal/consulta_actos.php?tipo=autos&no=&usuario=&sector=VERTIMIENTOS&fecha=2023&resuelve=inicio%20sancionatoro HTTP/1.1" 200 626
172.22.2.4 - - [12/Jun/2023:13:58:46 -0500] "GET /BLA/boletinlegal/ HTTP/1.1" 200 24523
172.22.2.4 - - [12/Jun/2023:13:59:23 -0500] "GET /BLA/boletinlegal/consulta_actos.php?tipo=autos&no=&usuario=&sector=VERTIMIENTOS&fecha=2023&resuelve=sancionatoro HTTP/1.1" 200 626
172.22.2.4 - - [12/Jun/2023:13:59:34 -0500] "GET /BLA/boletinlegal/consulta_actos.php?tipo=autos&no=&usuario=&sector=VERTIMIENTOS&fecha=2023&resuelve=inicio HTTP/1.1" 200 48049
172.22.2.4 - - [12/Jun/2023:13:59:34 -0500] "GET /BLA/boletinlegal/images/pdf.gif HTTP/1.1" 200 567
172.22.2.4 - - [12/Jun/2023:13:59:34 -0500] "GET /BLA/boletinlegal/images/background.gif HTTP/1.1" 200 -
186.84.89.20 - - [12/Jun/2023:13:59:39 -0500] "GET /BLA/resoluciones/AUTOS%202023/2149.pdf HTTP/1.1" 200 1061767
186.84.89.20 - - [12/Jun/2023:13:59:39 -0500] "GET /favicon.ico HTTP/1.1" 200 7782
129.132.202.155 - - [12/Jun/2023:14:00:25 -0500] "HEAD /php/carreraadministrativa/lineamientos_plan_mejormiento_individual.doc HTTP/1.1" 404 -
186.84.89.20 - - [12/Jun/2023:14:00:30 -0500] "GET /BLA/resoluciones/AUTOS%202023/2107.pdf HTTP/1.1" 200 410204
216.245.221.92 - - [12/Jun/2023:14:00:36 -0500] "HEAD / HTTP/1.1" 200 -
186.84.89.20 - - [12/Jun/2023:14:00:58 -0500] "GET /BLA/resoluciones/AUTOS%202023/2106.pdf HTTP/1.1" 200 402475
186.84.89.20 - - [12/Jun/2023:14:01:08 -0500] "GET /BLA/resoluciones/AUTOS%202023/2056.pdf HTTP/1.1" 200 428167
172.22.2.4 - - [12/Jun/2023:13:59:40 -0500] "HEAD /BLA/boletinlegal/ HTTP/1.1" 200 -
31.13.127.6 - - [12/Jun/2023:14:01:50 -0500] "GET /images/Leandra-Marulanda-mujer-que-reverdece.jpg HTTP/1.1" 200 207099
173.252.127.14 - - [12/Jun/2023:14:02:09 -0500] "GET /asi-fue-el-reverdecer-de-leandra-marulanda-mujer-resiliente-que-ahora-emprende-con-el-compostaje.html HTTP/1.1" 200 842
172.22.2.4 - - [12/Jun/2023:14:00:31 -0500] "GET /BLA/boletinlegal/ HTTP/1.1" 200 57561
186.84.89.20 - - [12/Jun/2023:14:02:13 -0500] "GET /BLA/resoluciones/AUTOS%202023/2033.pdf HTTP/1.1" 200 635881
186.84.89.20 - - [12/Jun/2023:14:02:31 -0500] "GET /BLA/resoluciones/AUTOS%202023/2006.pdf HTTP/1.1" 200 680613
40.77.167.245 - - [12/Jun/2023:14:02:40 -0500] "GET /images/pieza-dia-humedales-31-enero.jpg HTTP/1.1" 200 29095
201.245.192.253 - - [12/Jun/2023:14:02:51 -0500] "POST /kwsrmcab/Wsrmcab  HTTP/1.1" 200 41606
186.84.89.20 - - [12/Jun/2023:14:03:00 -0500] "GET /BLA/resoluciones/AUTOS%202023/1973.pdf HTTP/1.1" 200 406666
186.84.89.20 - - [12/Jun/2023:14:03:26 -0500] "GET /BLA/resoluciones/AUTOS%202023/1915.pdf HTTP/1.1" 200 413969
173.252.95.120 - - [12/Jun/2023:14:03:32 -0500] "GET /asi-fue-el-reverdecer-de-leandra-marulanda-mujer-resiliente-que-ahora-emprende-con-el-compostaje.html HTTP/1.1" 200 842
69.63.184.3 - - [12/Jun/2023:14:03:38 -0500] "GET /asi-fue-el-reverdecer-de-leandra-marulanda-mujer-resiliente-que-ahora-emprende-con-el-compostaje.html HTTP/1.1" 200 842
186.84.89.20 - - [12/Jun/2023:14:03:40 -0500] "GET /BLA/resoluciones/AUTOS%202023/1914.pdf HTTP/1.1" 200 420228
186.84.89.20 - - [12/Jun/2023:14:03:58 -0500] "GET /BLA/resoluciones/AUTOS%202023/1903.pdf HTTP/1.1" 200 410310
186.84.89.20 - - [12/Jun/2023:14:04:14 -0500] "GET /BLA/resoluciones/AUTOS%202023/1809.pdf HTTP/1.1" 200 417925
186.84.89.20 - - [12/Jun/2023:14:04:36 -0500] "GET /BLA/resoluciones/AUTOS%202023/1521.pdf HTTP/1.1" 200 255847
181.49.182.135 - - [12/Jun/2023:14:04:37 -0500] "GET /BLA/resoluciones/AUTOS%202023/1521.pdf HTTP/1.1" 200 255847
186.84.89.20 - - [12/Jun/2023:14:04:57 -0500] "GET /BLA/resoluciones/AUTOS%202023/1703.pdf HTTP/1.1" 200 775057
216.245.221.92 - - [12/Jun/2023:14:05:36 -0500] "HEAD / HTTP/1.1" 200 -
173.252.111.2 - - [12/Jun/2023:14:05:57 -0500] "GET /images/Reciclaton-2023.jpg HTTP/1.1" 200 68883
186.84.89.20 - - [12/Jun/2023:14:06:13 -0500] "GET /BLA/resoluciones/AUTOS%202023/1437.pdf HTTP/1.1" 200 1117093
172.22.2.4 - - [12/Jun/2023:14:05:30 -0500] "HEAD /BLA/boletinlegal/ HTTP/1.1" 200 -
201.245.192.253 - - [12/Jun/2023:14:07:50 -0500] "POST /kwsrmcab/Wsrmcab  HTTP/1.1" 200 41606
172.22.2.4 - - [12/Jun/2023:14:06:20 -0500] "GET /BLA/boletinlegal/ HTTP/1.1" 200 57151
216.245.221.92 - - [12/Jun/2023:14:10:36 -0500] "HEAD / HTTP/1.1" 200 -
66.220.149.11 - - [12/Jun/2023:14:11:19 -0500] "GET /asi-festejamos-el-dia-mundial-y-la-semana-de-los-humedales.html HTTP/1.1" 200 796
186.154.31.74 - - [12/Jun/2023:14:11:28 -0500] "GET /ofensiva-conta-el-trafico-de-fauna-silvestre-durante-la-semana-ambiental-en-bogota.html HTTP/1.1" 200 989
172.22.2.4 - - [12/Jun/2023:14:12:46 -0500] "GET /BLA/boletinlegal/normativa.php HTTP/1.1" 200 8343
173.252.87.12 - - [12/Jun/2023:14:12:47 -0500] "GET /images/Acuerdos%2001%20(1)%20(1).jpeg HTTP/1.1" 200 32884
40.77.167.245 - - [12/Jun/2023:14:12:49 -0500] "GET /mujeres-que-reverdecen-secretaria-de-ambiente-anuncia-el-inicio-de-la-tercera-fase.html HTTP/1.1" 200 954
201.245.192.253 - - [12/Jun/2023:14:12:49 -0500] "POST /kwsrmcab/Wsrmcab  HTTP/1.1" 200 41606
172.22.2.4 - - [12/Jun/2023:14:11:20 -0500] "HEAD /BLA/boletinlegal/ HTTP/1.1" 200 -
172.22.2.4 - - [12/Jun/2023:14:12:11 -0500] "GET /BLA/boletinlegal/ HTTP/1.1" 200 57151
216.245.221.92 - - [12/Jun/2023:14:15:36 -0500] "HEAD / HTTP/1.1" 200 -
31.13.103.20 - - [12/Jun/2023:14:16:24 -0500] "GET /asi-fue-el-reverdecer-de-leandra-marulanda-mujer-resiliente-que-ahora-emprende-con-el-compostaje.html HTTP/1.1" 200 842
54.39.107.240 - - [12/Jun/2023:14:16:27 -0500] "GET /asi-fue-el-reverdecer-de-leandra-marulanda-mujer-resiliente-que-ahora-emprende-con-el-compostaje.html HTTP/1.1" 200 842
201.245.192.253 - - [12/Jun/2023:14:17:48 -0500] "POST /kwsrmcab/Wsrmcab  HTTP/1.1" 200 41606
191.156.154.36 - - [12/Jun/2023:14:18:38 -0500] "GET /ofensiva-conta-el-trafico-de-fauna-silvestre-durante-la-semana-ambiental-en-bogota.html?fbclid=IwAR26uiMOrF5GlLfm5SiDJ3PVw9j7HWTT-Dfwq6v4KICVs2f-bSH7J1FJWTQ_aem_th_ARhRaPJA-PHV8Ao0AKQfJ7o9v5V4X73PbtJ0EkTFetchKC21fEfd2aBKejFSm9HmMUA HTTP/1.1" 200 989
69.63.184.5 - - [12/Jun/2023:14:18:40 -0500] "GET /ofensiva-conta-el-trafico-de-fauna-silvestre-durante-la-semana-ambiental-en-bogota.html HTTP/1.1" 200 989
172.22.2.4 - - [12/Jun/2023:14:17:10 -0500] "HEAD /BLA/boletinlegal/ HTTP/1.1" 200 -
64.227.70.112 - - [12/Jun/2023:14:18:49 -0500] "GET /portaldeninos/ HTTP/1.1" 200 110197
192.133.77.17 - - [12/Jun/2023:14:19:35 -0500] "GET /ofensiva-conta-el-trafico-de-fauna-silvestre-durante-la-semana-ambiental-en-bogota.html HTTP/1.1" 200 989
172.22.2.4 - - [12/Jun/2023:14:18:01 -0500] "GET /BLA/boletinlegal/ HTTP/1.1" 200 57151
168.119.76.137 - - [12/Jun/2023:14:20:24 -0500] "GET /ofensiva-conta-el-trafico-de-fauna-silvestre-durante-la-semana-ambiental-en-bogota.html HTTP/1.1" 200 989
216.245.221.92 - - [12/Jun/2023:14:20:36 -0500] "HEAD / HTTP/1.1" 200 -
201.245.192.253 - - [12/Jun/2023:14:20:47 -0500] "POST /kwsrmcab/Wsrmcab HTTP/1.1" 200 43186
201.245.192.253 - - [12/Jun/2023:14:20:50 -0500] "POST /kwsrmcab/Wsrmcab HTTP/1.1" 200 41837
66.249.79.102 - - [12/Jun/2023:14:21:09 -0500] "-" 408 -
172.22.2.4 - - [12/Jun/2023:14:22:06 -0500] "GET /BLA/boletinlegal/Circulares/2023/CIRCULAR%20No.%2000001%20DEL%2020%20DE%20FEBRERO%20DEL%202023.pdf HTTP/1.1" 200 317520
172.22.2.4 - - [12/Jun/2023:14:22:06 -0500] "GET /BLA/boletinlegal/favicon.ico HTTP/1.1" 404 1502
201.245.192.253 - - [12/Jun/2023:14:22:47 -0500] "POST /kwsrmcab/Wsrmcab  HTTP/1.1" 200 41606
40.77.167.98 - - [12/Jun/2023:14:22:54 -0500] "GET /BLA/resoluciones/AUTOS%202021/5111.pdf HTTP/1.1" 304 -
172.22.2.4 - - [12/Jun/2023:14:23:00 -0500] "HEAD /BLA/boletinlegal/ HTTP/1.1" 200 -
172.22.2.4 - - [12/Jun/2023:14:23:50 -0500] "GET /BLA/boletinlegal/ HTTP/1.1" 200 57561
216.245.221.92 - - [12/Jun/2023:14:25:36 -0500] "HEAD / HTTP/1.1" 200 -
207.46.13.229 - - [12/Jun/2023:14:27:10 -0500] "-" 408 -
201.245.192.253 - - [12/Jun/2023:14:27:47 -0500] "POST /kwsrmcab/Wsrmcab  HTTP/1.1" 200 41606
181.140.76.31 - - [12/Jun/2023:14:29:06 -0500] "GET /galeria/galeria/jquery.fancybox.js?v=2.1.5 HTTP/1.1" 200 48706
181.140.76.31 - - [12/Jun/2023:14:29:06 -0500] "GET /galeria/galeria/jquery.fancybox.css?v=2.1.5 HTTP/1.1" 200 4895
181.140.76.31 - - [12/Jun/2023:14:29:06 -0500] "GET /BLA/boletinlegal/js/jquery.scrollShow.js HTTP/1.1" 200 4586
40.77.167.245 - - [12/Jun/2023:14:29:33 -0500] "GET /images/acuerdo-de-conservacion-biodiversidad.jpg HTTP/1.1" 200 76340
172.22.2.4 - - [12/Jun/2023:14:28:50 -0500] "HEAD /BLA/boletinlegal/ HTTP/1.1" 200 -
216.245.221.92 - - [12/Jun/2023:14:30:36 -0500] "HEAD / HTTP/1.1" 200 -
201.245.192.253 - - [12/Jun/2023:14:30:47 -0500] "POST /kwsrmcab/Wsrmcab HTTP/1.1" 200 43186
201.245.192.253 - - [12/Jun/2023:14:30:50 -0500] "POST /kwsrmcab/Wsrmcab HTTP/1.1" 200 41837
172.22.2.4 - - [12/Jun/2023:14:29:40 -0500] "GET /BLA/boletinlegal/ HTTP/1.1" 200 53561
172.22.2.4 - - [12/Jun/2023:14:31:26 -0500] "GET /BLA/boletinlegal/actos.php HTTP/1.1" 200 9682
181.56.64.186 - - [12/Jun/2023:14:31:38 -0500] "GET /BLA/resoluciones/ HTTP/1.1" 200 13502
181.56.64.186 - - [12/Jun/2023:14:31:44 -0500] "GET /BLA/resoluciones/index.php?dir=AUTOS+2019%2F HTTP/1.1" 200 380651
172.22.2.4 - - [12/Jun/2023:14:31:23 -0500] "GET /BLA/boletinlegal/ HTTP/1.1" 200 24523
201.245.192.253 - - [12/Jun/2023:14:32:46 -0500] "POST /kwsrmcab/Wsrmcab  HTTP/1.1" 200 41606
172.22.2.4 - - [12/Jun/2023:14:32:18 -0500] "GET /BLA/boletinlegal/ HTTP/1.1" 200 61759
172.22.2.4 - - [12/Jun/2023:14:35:19 -0500] "GET /BLA/boletinlegal/favicon.ico HTTP/1.1" 404 1018
216.245.221.92 - - [12/Jun/2023:14:35:36 -0500] "HEAD / HTTP/1.1" 200 -
172.22.2.4 - - [12/Jun/2023:14:34:40 -0500] "HEAD /BLA/boletinlegal/ HTTP/1.1" 200 -
172.22.2.4 - - [12/Jun/2023:14:35:30 -0500] "GET /BLA/boletinlegal/ HTTP/1.1" 200 59306
192.168.169.30 - - [12/Jun/2023:14:37:11 -0500] "GET /BLA/boletinlegal/admin/notificaciones/ingresar.php HTTP/1.1" 200 2408
192.168.169.30 - - [12/Jun/2023:14:37:23 -0500] "GET /BLA/boletinlegal/admin/notificaciones/ingresar.php HTTP/1.1" 200 2408
192.168.169.30 - - [12/Jun/2023:14:37:23 -0500] "GET /BLA/boletinlegal/admin/index_files/style.css HTTP/1.1" 200 6223
192.168.169.30 - - [12/Jun/2023:14:37:23 -0500] "GET /css/global/buttons.css HTTP/1.1" 404 1312
192.168.169.30 - - [12/Jun/2023:14:37:26 -0500] "GET /BLA/boletinlegal/admin/notificaciones/ingresar.php HTTP/1.1" 200 2408
192.168.169.30 - - [12/Jun/2023:14:37:26 -0500] "GET /css/global/buttons.css HTTP/1.1" 404 1312
192.168.169.30 - - [12/Jun/2023:14:37:29 -0500] "GET /BLA/boletinlegal/admin/notificaciones/ingresar.php HTTP/1.1" 200 2408
192.168.169.30 - - [12/Jun/2023:14:37:29 -0500] "GET /css/global/buttons.css HTTP/1.1" 404 1312
192.168.169.30 - - [12/Jun/2023:14:37:40 -0500] "GET /BLA/boletinlegal/admin/notificaciones/ingresar.php HTTP/1.1" 200 2408
192.168.169.30 - - [12/Jun/2023:14:37:40 -0500] "GET /css/global/buttons.css HTTP/1.1" 404 1312
201.245.192.253 - - [12/Jun/2023:14:37:45 -0500] "POST /kwsrmcab/Wsrmcab  HTTP/1.1" 200 41606
192.168.169.30 - - [12/Jun/2023:14:38:22 -0500] "GET /BLA/boletinlegal/admin/notificaciones/ingresar.php HTTP/1.1" 200 2408
192.168.169.30 - - [12/Jun/2023:14:38:22 -0500] "GET /css/global/buttons.css HTTP/1.1" 404 1312
192.168.169.30 - - [12/Jun/2023:14:38:28 -0500] "GET /BLA/boletinlegal/images/favicon.ico HTTP/1.1" 404 1116
192.168.169.30 - - [12/Jun/2023:14:38:36 -0500] "GET /BLA/boletinlegal/admin/notificaciones/ingresar.php HTTP/1.1" 200 2408
192.168.169.30 - - [12/Jun/2023:14:38:36 -0500] "GET /css/global/buttons.css HTTP/1.1" 404 1312
192.168.169.30 - - [12/Jun/2023:14:38:48 -0500] "GET /BLA/boletinlegal/admin/notificaciones/ingresar.php HTTP/1.1" 200 2408
192.168.169.30 - - [12/Jun/2023:14:38:48 -0500] "GET /css/global/buttons.css HTTP/1.1" 404 1312
172.22.2.4 - - [12/Jun/2023:14:39:26 -0500] "GET /BLA/boletinlegal/conceptos.php HTTP/1.1" 200 7496
172.22.2.4 - - [12/Jun/2023:14:39:27 -0500] "GET /BLA/boletinlegal/favicon.ico HTTP/1.1" 404 1334
216.245.221.92 - - [12/Jun/2023:14:40:36 -0500] "HEAD / HTTP/1.1" 200 -
40.77.167.245 - - [12/Jun/2023:14:40:42 -0500] "GET /metodos-para-el-conteo-de-particulas-un-trabajo-articulado-entre-bogota-y-la-region.html HTTP/1.1" 200 938
201.245.192.253 - - [12/Jun/2023:14:40:48 -0500] "POST /kwsrmcab/Wsrmcab HTTP/1.1" 200 43186
201.245.192.253 - - [12/Jun/2023:14:40:50 -0500] "POST /kwsrmcab/Wsrmcab HTTP/1.1" 200 41837
172.22.2.4 - - [12/Jun/2023:14:40:30 -0500] "HEAD /BLA/boletinlegal/ HTTP/1.1" 200 -
201.245.192.253 - - [12/Jun/2023:14:42:44 -0500] "POST /kwsrmcab/Wsrmcab  HTTP/1.1" 200 41606
172.22.2.4 - - [12/Jun/2023:14:41:21 -0500] "GET /BLA/boletinlegal/ HTTP/1.1" 200 59306
69.171.231.5 - - [12/Jun/2023:14:45:00 -0500] "GET /asi-fue-el-reverdecer-de-leandra-marulanda-mujer-resiliente-que-ahora-emprende-con-el-compostaje.html HTTP/1.1" 206 842
69.171.231.118 - - [12/Jun/2023:14:45:00 -0500] "GET /asi-fue-el-reverdecer-de-leandra-marulanda-mujer-resiliente-que-ahora-emprende-con-el-compostaje.html HTTP/1.1" 206 842
69.171.231.2 - - [12/Jun/2023:14:45:01 -0500] "GET /asi-fue-el-reverdecer-de-leandra-marulanda-mujer-resiliente-que-ahora-emprende-con-el-compostaje.html HTTP/1.1" 206 842
69.171.231.4 - - [12/Jun/2023:14:45:02 -0500] "GET /images/Acuerdos%2001%20(1)%20(1).jpeg HTTP/1.1" 200 32884
186.84.91.99 - - [12/Jun/2023:14:45:19 -0500] "GET /BLA/boletinlegal/js/jquery.scrollShow.js HTTP/1.1" 200 4586
186.84.91.99 - - [12/Jun/2023:14:45:19 -0500] "GET /galeria/galeria/jquery.fancybox.css?v=2.1.5 HTTP/1.1" 200 4895
186.84.91.99 - - [12/Jun/2023:14:45:19 -0500] "GET /galeria/galeria/jquery.fancybox.js?v=2.1.5 HTTP/1.1" 200 48706
172.22.2.4 - - [12/Jun/2023:14:45:21 -0500] "GET /BLA/boletinlegal/actos.php HTTP/1.1" 200 9682
181.54.228.54 - - [12/Jun/2023:14:45:29 -0500] "GET /BLA/resoluciones/ HTTP/1.1" 200 13502
181.54.228.54 - - [12/Jun/2023:14:45:29 -0500] "GET /BLA/resoluciones/dlf/styles.css HTTP/1.1" 200 3049
181.54.228.54 - - [12/Jun/2023:14:45:29 -0500] "GET /BLA/resoluciones/dlf/folder.png HTTP/1.1" 200 410
181.54.228.54 - - [12/Jun/2023:14:45:29 -0500] "GET /BLA/resoluciones/dlf/bg.gif HTTP/1.1" 200 54
216.245.221.92 - - [12/Jun/2023:14:45:36 -0500] "HEAD / HTTP/1.1" 200 -
181.54.228.54 - - [12/Jun/2023:14:45:40 -0500] "GET /BLA/resoluciones/index.php?dir=RESOLUCIONES+2003%2F HTTP/1.1" 200 31404
181.54.228.54 - - [12/Jun/2023:14:45:40 -0500] "GET /BLA/resoluciones/dlf/dirup.png HTTP/1.1" 200 644
181.54.228.54 - - [12/Jun/2023:14:45:40 -0500] "GET /BLA/resoluciones/dlf/pdf.gif HTTP/1.1" 200 272
181.54.228.54 - - [12/Jun/2023:14:45:40 -0500] "GET /BLA/resoluciones/dlf/unknown.png HTTP/1.1" 200 266
181.54.228.54 - - [12/Jun/2023:14:45:51 -0500] "GET /BLA/resoluciones/RESOLUCIONES%202003/0556.pdf HTTP/1.1" 200 831871
40.77.167.97 - - [12/Jun/2023:14:47:02 -0500] "GET /BLA/resoluciones/AUTOS%202021/0806.pdf HTTP/1.1" 304 -
201.245.192.253 - - [12/Jun/2023:14:47:43 -0500] "POST /kwsrmcab/Wsrmcab  HTTP/1.1" 200 41606
172.22.2.4 - - [12/Jun/2023:14:46:20 -0500] "HEAD /BLA/boletinlegal/ HTTP/1.1" 200 -
172.22.2.4 - - [12/Jun/2023:14:48:31 -0500] "POST /BLA/boletinlegal/mifs/.;/services/LogService HTTP/1.1" 404 1158
172.22.2.4 - - [12/Jun/2023:14:47:10 -0500] "GET /BLA/boletinlegal/ HTTP/1.1" 200 59306
52.167.144.158 - - [12/Jun/2023:14:49:15 -0500] "GET /BLA/resoluciones/RESOLUCIONES%202021/0473.pdf HTTP/1.1" 200 783083
202.59.138.131 - - [12/Jun/2023:14:49:38 -0500] "GET / HTTP/1.1" 200 319
216.245.221.92 - - [12/Jun/2023:14:50:36 -0500] "HEAD / HTTP/1.1" 200 -
172.22.2.4 - - [12/Jun/2023:14:52:38 -0500] "OPTIONS /BLA/boletinlegal/images/cabezote%20BLEGAL.jpg HTTP/1.1" 200 -
172.22.2.4 - - [12/Jun/2023:14:52:38 -0500] "OPTIONS /BLA/boletinlegal/images/subscribe-icon-big.png HTTP/1.1" 200 -
172.22.2.4 - - [12/Jun/2023:14:52:38 -0500] "OPTIONS /BLA/boletinlegal/images/registro-usuarios.png HTTP/1.1" 200 -
172.22.2.4 - - [12/Jun/2023:14:52:38 -0500] "OPTIONS /BLA/boletinlegal/images/historia.png HTTP/1.1" 200 -
172.22.2.4 - - [12/Jun/2023:14:52:38 -0500] "OPTIONS /BLA/boletinlegal/images/arr_l.jpg HTTP/1.1" 200 -
172.22.2.4 - - [12/Jun/2023:14:52:38 -0500] "OPTIONS /BLA/boletinlegal/images/bg_top.jpg HTTP/1.1" 200 -
172.22.2.4 - - [12/Jun/2023:14:52:38 -0500] "OPTIONS /BLA/boletinlegal/images/menu_bg.jpg HTTP/1.1" 200 -
172.22.2.4 - - [12/Jun/2023:14:52:39 -0500] "GET /BLA/boletinlegal/actos.php HTTP/1.1" 200 9682
172.22.2.4 - - [12/Jun/2023:14:52:40 -0500] "OPTIONS /BLA/boletinlegal/js/jquery1.js HTTP/1.1" 200 -
172.22.2.4 - - [12/Jun/2023:14:52:40 -0500] "OPTIONS /BLA/boletinlegal/niceforms.js HTTP/1.1" 200 -
172.22.2.4 - - [12/Jun/2023:14:52:40 -0500] "OPTIONS /BLA/boletinlegal/js/lib.js HTTP/1.1" 200 -
172.22.2.4 - - [12/Jun/2023:14:52:40 -0500] "OPTIONS /BLA/boletinlegal/js/ajax_actos.js HTTP/1.1" 200 -
172.22.2.4 - - [12/Jun/2023:14:52:40 -0500] "OPTIONS /BLA/boletinlegal/niceforms-default.css HTTP/1.1" 200 -
172.22.2.4 - - [12/Jun/2023:14:52:40 -0500] "OPTIONS /BLA/boletinlegal/js/popup.js HTTP/1.1" 200 -
172.22.2.4 - - [12/Jun/2023:14:52:40 -0500] "OPTIONS /BLA/boletinlegal/images/green-yellow-blue-pink-th.png HTTP/1.1" 200 -
172.22.2.4 - - [12/Jun/2023:14:52:40 -0500] "OPTIONS /BLA/boletinlegal/images/footer_bg.jpg HTTP/1.1" 200 -
172.22.2.4 - - [12/Jun/2023:14:52:40 -0500] "OPTIONS /BLA/boletinlegal/images/tel.png HTTP/1.1" 200 -
172.22.2.4 - - [12/Jun/2023:14:52:40 -0500] "OPTIONS /BLA/boletinlegal/images/footer_bg_l.jpg HTTP/1.1" 200 -
172.22.2.4 - - [12/Jun/2023:14:52:40 -0500] "OPTIONS /BLA/boletinlegal/images/icono-email.png HTTP/1.1" 200 -
172.22.2.4 - - [12/Jun/2023:14:52:40 -0500] "OPTIONS /BLA/boletinlegal/img/0.png HTTP/1.1" 200 -
172.22.2.4 - - [12/Jun/2023:14:52:40 -0500] "OPTIONS /BLA/boletinlegal/img/button-right.png HTTP/1.1" 200 -
172.22.2.4 - - [12/Jun/2023:14:52:40 -0500] "OPTIONS /BLA/boletinlegal/img/select-left.png HTTP/1.1" 200 -
172.22.2.4 - - [12/Jun/2023:14:52:40 -0500] "OPTIONS /BLA/boletinlegal/img/select-right.png HTTP/1.1" 200 -
172.22.2.4 - - [12/Jun/2023:14:52:40 -0500] "OPTIONS /BLA/boletinlegal/img/button-left.png HTTP/1.1" 200 -
172.22.2.4 - - [12/Jun/2023:14:52:40 -0500] "OPTIONS /BLA/boletinlegal/img/button.png HTTP/1.1" 200 -
172.22.2.4 - - [12/Jun/2023:14:52:41 -0500] "GET /BLA/boletinlegal/favicon.ico HTTP/1.1" 404 1326
172.22.2.4 - - [12/Jun/2023:14:52:42 -0500] "GET /BLA/boletinlegal/favicon.ico HTTP/1.1" 404 1038
201.245.192.253 - - [12/Jun/2023:14:52:41 -0500] "POST /kwsrmcab/Wsrmcab  HTTP/1.1" 200 41606
172.22.2.4 - - [12/Jun/2023:14:52:50 -0500] "GET /BLA/boletinlegal/consulta_actos.php?tipo=autos&no=5281&usuario=&sector=&fecha=2017&resuelve= HTTP/1.1" 200 1088
181.58.60.135 - - [12/Jun/2023:14:52:53 -0500] "GET /BLA/resoluciones/AUTOS%202017/5281.pdf HTTP/1.1" 200 332953
162.55.43.55 - - [12/Jun/2023:14:53:10 -0500] "GET / HTTP/1.1" 200 4720
162.55.43.55 - - [12/Jun/2023:14:53:13 -0500] "GET / HTTP/1.1" 200 319
172.22.2.4 - - [12/Jun/2023:14:52:38 -0500] "GET /BLA/boletinlegal/ HTTP/1.1" 200 24523
172.22.2.4 - - [12/Jun/2023:14:52:10 -0500] "HEAD /BLA/boletinlegal/ HTTP/1.1" 200 -
40.77.167.205 - - [12/Jun/2023:14:53:52 -0500] "GET /portaldeninos/2021/05/30/agua-3/ HTTP/1.1" 200 92909
172.22.2.4 - - [12/Jun/2023:14:53:00 -0500] "GET /BLA/boletinlegal/ HTTP/1.1" 200 57561
216.245.221.92 - - [12/Jun/2023:14:55:36 -0500] "HEAD / HTTP/1.1" 200 -
45.7.134.6 - - [12/Jun/2023:14:57:12 -0500] "GET /distrito-alcanza-meta-de-1000-hectareas-ya-con-pagos-por-servicios-ambientales.html?fbclid=IwAR1n8eIZ2XmAtr5RyR2XSfIc-KUiFfgA_U-LAGKV4SM7Bc8x19dlY7b8A6o HTTP/1.1" 200 828
40.77.167.245 - - [12/Jun/2023:14:57:38 -0500] "GET /images/jardines-verticales_optimized.jpeg HTTP/1.1" 200 138197
201.245.192.253 - - [12/Jun/2023:14:57:40 -0500] "POST /kwsrmcab/Wsrmcab  HTTP/1.1" 200 41606
172.22.2.4 - - [12/Jun/2023:14:58:00 -0500] "HEAD /BLA/boletinlegal/ HTTP/1.1" 200 -
138.117.86.154 - - [12/Jun/2023:14:59:52 -0500] "GET /BLA/boletinlegal/js/jquery.scrollShow.js HTTP/1.1" 200 4586
