40.77.167.97 - - [12/Jun/2023:04:57:11 -0500] "GET /BLA/resoluciones/AUTOS%202023/0347.pdf HTTP/1.1" 304 -
40.77.167.241 - - [12/Jun/2023:04:57:37 -0500] "GET /BLA/resoluciones/AUTOS%202021/5067.pdf HTTP/1.1" 304 -
40.77.167.205 - - [12/Jun/2023:04:58:33 -0500] "GET /portaldeninos/aulas-ambientales/aula-ambiental-sorotama/ HTTP/1.1" 200 89596
66.249.84.69 - - [12/Jun/2023:04:58:44 -0500] "GET /BLA/boletinlegal/js/jquery.scrollShow.js HTTP/1.1" 200 4586
66.249.84.68 - - [12/Jun/2023:04:58:44 -0500] "GET /galeria/galeria/jquery.fancybox.css?v=2.1.5 HTTP/1.1" 200 4895
40.77.167.205 - - [12/Jun/2023:04:58:43 -0500] "GET /portaldeninos/aulas-ambientales/aula-ambiental-sorotama/ HTTP/1.1" 200 89596
66.249.84.69 - - [12/Jun/2023:04:58:44 -0500] "GET /galeria/galeria/jquery.fancybox.js?v=2.1.5 HTTP/1.1" 200 48706
66.249.84.68 - - [12/Jun/2023:04:58:45 -0500] "GET /galeria/carrusel/Carrusel/jquery.thumbnailScroller.css HTTP/1.1" 200 2066
66.249.84.70 - - [12/Jun/2023:04:58:45 -0500] "GET /galeria/carrusel/Carrusel/jquery-ui-1.8.13.custom.min.js HTTP/1.1" 200 10800
66.249.84.69 - - [12/Jun/2023:04:58:45 -0500] "GET /galeria/carrusel/Carrusel/jquery.thumbnailScroller.js HTTP/1.1" 200 8157
66.249.84.70 - - [12/Jun/2023:04:58:46 -0500] "GET /galeria/nivo-slider/demo/banner.html HTTP/1.1" 200 5446
66.249.84.68 - - [12/Jun/2023:04:58:46 -0500] "GET /galeria/nivo-slider/themes/pascal/pascal.css HTTP/1.1" 200 2258
66.249.84.69 - - [12/Jun/2023:04:58:46 -0500] "GET /galeria/nivo-slider/themes/orman/orman.css HTTP/1.1" 200 2152
66.249.84.70 - - [12/Jun/2023:04:58:47 -0500] "GET /galeria/nivo-slider/demo/images/banneraire2021.jpg HTTP/1.1" 200 265101
66.249.84.69 - - [12/Jun/2023:04:58:47 -0500] "GET /galeria/nivo-slider/themes/default/default.css HTTP/1.1" 200 1569
66.249.84.70 - - [12/Jun/2023:04:58:48 -0500] "GET /galeria/nivo-slider/demo/images/Bannervirtualescanales.jpg HTTP/1.1" 200 174544
66.249.84.70 - - [12/Jun/2023:04:58:48 -0500] "GET /galeria/nivo-slider/nivo-slider.css HTTP/1.1" 200 1507
66.249.84.70 - - [12/Jun/2023:04:58:48 -0500] "GET /galeria/nivo-slider/demo/style.css HTTP/1.1" 200 2222
66.249.84.68 - - [12/Jun/2023:04:58:48 -0500] "GET /galeria/nivo-slider/demo/images/banneraccionpopularcrr68.jpg HTTP/1.1" 200 51887
66.249.84.70 - - [12/Jun/2023:04:58:48 -0500] "GET /galeria/nivo-slider/demo/images/bannertortuga_optimized.jpg HTTP/1.1" 200 39066
66.249.84.69 - - [12/Jun/2023:04:58:48 -0500] "GET /galeria/nivo-slider/demo/images/Bannerplasticosseptiembre.jpg HTTP/1.1" 200 45633
66.249.84.69 - - [12/Jun/2023:04:58:48 -0500] "GET /galeria/nivo-slider/demo/images/Bannerenvases.jpg HTTP/1.1" 200 37316
66.249.84.70 - - [12/Jun/2023:04:58:48 -0500] "GET /galeria/nivo-slider/demo/images/bannerrutaesperanza.jpg HTTP/1.1" 200 55560
66.249.84.68 - - [12/Jun/2023:04:58:48 -0500] "GET /galeria/nivo-slider/demo/images/bannertrafico_optimized.jpg HTTP/1.1" 200 42578
66.249.84.68 - - [12/Jun/2023:04:58:48 -0500] "GET /galeria/nivo-slider/demo/images/banneraccionpopular.jpeg HTTP/1.1" 200 41707
66.249.84.70 - - [12/Jun/2023:04:58:49 -0500] "GET /galeria/nivo-slider/demo/images/bannerclases2021.jpg HTTP/1.1" 200 68230
66.249.84.69 - - [12/Jun/2023:04:58:49 -0500] "GET /galeria/nivo-slider/demo/images/bannercapacitacionesbogota.jpg HTTP/1.1" 200 42416
66.249.84.68 - - [12/Jun/2023:04:58:49 -0500] "GET /galeria/nivo-slider/demo/images/bannerresiduoshospitalariosagosto.jpg HTTP/1.1" 200 36499
66.249.84.70 - - [12/Jun/2023:04:58:49 -0500] "GET /galeria/nivo-slider/demo/images/Bannersedeelectronica.jpg HTTP/1.1" 200 40383
172.22.2.4 - - [12/Jun/2023:04:57:09 -0500] "HEAD /BLA/boletinlegal/ HTTP/1.1" 200 -
66.249.84.70 - - [12/Jun/2023:04:58:50 -0500] "GET /galeria/nivo-slider/demo/scripts/jquery-1.7.1.min.js HTTP/1.1" 200 93868
66.249.84.68 - - [12/Jun/2023:04:58:50 -0500] "GET /galeria/nivo-slider/jquery.nivo.slider.pack.js HTTP/1.1" 200 11561
66.249.84.70 - - [12/Jun/2023:04:58:50 -0500] "GET /galeria/nivo-slider/demo/images/Bannermujeresquereverdecen.jpg HTTP/1.1" 200 46558
66.249.84.70 - - [12/Jun/2023:04:58:50 -0500] "GET /galeria/nivo-slider/themes/default/loading.gif HTTP/1.1" 200 1737
66.249.84.70 - - [12/Jun/2023:04:58:50 -0500] "GET /galeria/nivo-slider/demo/images/4Simple_Slider.png HTTP/1.1" 200 11722
66.249.84.69 - - [12/Jun/2023:04:58:51 -0500] "GET /galeria/nivo-slider/themes/default/arrows.png HTTP/1.1" 200 824
66.249.84.70 - - [12/Jun/2023:04:58:51 -0500] "GET /galeria/nivo-slider/themes/default/bullets.png HTTP/1.1" 200 1281
172.22.2.4 - - [12/Jun/2023:04:58:00 -0500] "GET /BLA/boletinlegal/ HTTP/1.1" 200 59306
201.245.192.253 - - [12/Jun/2023:04:59:50 -0500] "POST /kwsrmcab/Wsrmcab  HTTP/1.1" 200 41606
216.245.221.92 - - [12/Jun/2023:05:00:37 -0500] "HEAD / HTTP/1.1" 200 -
52.167.144.177 - - [12/Jun/2023:05:02:30 -0500] "GET /tinguas-azules-secretaria-de-ambiente-atiende-alto-numero-de-reportes-de-aves-migratorias.html HTTP/1.1" 200 923
201.245.192.253 - - [12/Jun/2023:05:04:49 -0500] "POST /kwsrmcab/Wsrmcab  HTTP/1.1" 200 41606
172.22.2.4 - - [12/Jun/2023:05:03:50 -0500] "GET /BLA/boletinlegal/ HTTP/1.1" 200 61759
216.245.221.92 - - [12/Jun/2023:05:05:37 -0500] "HEAD / HTTP/1.1" 200 -
107.170.238.10 - - [12/Jun/2023:05:07:57 -0500] "GET /hudson HTTP/1.1" 404 1018
40.77.167.98 - - [12/Jun/2023:05:08:01 -0500] "GET /BLA/resoluciones/AUTOS%202019/5874.pdf HTTP/1.1" 200 332624
18.141.245.248 - - [12/Jun/2023:05:09:38 -0500] "GET /transparencia/General%20Asignado/? HTTP/1.1" 200 43229
201.245.192.253 - - [12/Jun/2023:05:09:47 -0500] "POST /kwsrmcab/Wsrmcab  HTTP/1.1" 200 41606
172.22.2.4 - - [12/Jun/2023:05:08:49 -0500] "HEAD /BLA/boletinlegal/ HTTP/1.1" 200 -
216.245.221.92 - - [12/Jun/2023:05:10:37 -0500] "HEAD / HTTP/1.1" 200 -
172.22.2.4 - - [12/Jun/2023:05:09:40 -0500] "GET /BLA/boletinlegal/ HTTP/1.1" 200 57151
201.245.192.253 - - [12/Jun/2023:05:14:46 -0500] "POST /kwsrmcab/Wsrmcab  HTTP/1.1" 200 41606
216.245.221.92 - - [12/Jun/2023:05:15:37 -0500] "HEAD / HTTP/1.1" 200 -
216.153.63.102 - - [12/Jun/2023:05:16:03 -0500] "GET /galeria/galeria/fotos/GuaymaralTorca4P.jpg HTTP/1.1" 200 33981
172.22.2.4 - - [12/Jun/2023:05:14:39 -0500] "HEAD /BLA/boletinlegal/ HTTP/1.1" 200 -
172.22.2.4 - - [12/Jun/2023:05:15:30 -0500] "GET /BLA/boletinlegal/ HTTP/1.1" 200 57151
216.244.66.246 - - [12/Jun/2023:05:18:25 -0500] "-" 408 -
40.77.167.255 - - [12/Jun/2023:05:19:39 -0500] "GET /BLA/resoluciones/AUTOS%202021/2174.pdf HTTP/1.1" 304 -
201.245.192.253 - - [12/Jun/2023:05:19:46 -0500] "POST /kwsrmcab/Wsrmcab  HTTP/1.1" 200 41606
216.245.221.92 - - [12/Jun/2023:05:20:37 -0500] "HEAD / HTTP/1.1" 200 -
201.245.192.253 - - [12/Jun/2023:05:20:49 -0500] "POST /kwsrmcab/Wsrmcab HTTP/1.1" 200 43206
201.245.192.253 - - [12/Jun/2023:05:20:52 -0500] "POST /kwsrmcab/Wsrmcab HTTP/1.1" 200 41390
31.13.115.24 - - [12/Jun/2023:05:21:16 -0500] "GET /distrito-alcanza-meta-de-1000-hectareas-ya-con-pagos-por-servicios-ambientales.html HTTP/1.1" 200 828
172.22.2.4 - - [12/Jun/2023:05:20:29 -0500] "HEAD /BLA/boletinlegal/ HTTP/1.1" 200 -
172.22.2.4 - - [12/Jun/2023:05:21:20 -0500] "GET /BLA/boletinlegal/ HTTP/1.1" 200 57151
66.249.70.198 - - [12/Jun/2023:05:23:52 -0500] "-" 408 -
173.252.127.118 - - [12/Jun/2023:05:24:01 -0500] "GET /distrito-alcanza-meta-de-1000-hectareas-ya-con-pagos-por-servicios-ambientales.html?fbclid=IwAR0oiFqyguKhp8JoK2e74lyS-VRYLvdJOnKBCveVmWfL1UvCrkum1a_FZ0k HTTP/1.1" 200 828
201.245.192.253 - - [12/Jun/2023:05:24:45 -0500] "POST /kwsrmcab/Wsrmcab  HTTP/1.1" 200 41606
216.245.221.92 - - [12/Jun/2023:05:25:37 -0500] "HEAD / HTTP/1.1" 200 -
172.22.2.4 - - [12/Jun/2023:05:27:13 -0500] "GET /BLA/boletinlegal/ HTTP/1.1" 200 20427
172.22.2.4 - - [12/Jun/2023:05:26:19 -0500] "HEAD /BLA/boletinlegal/ HTTP/1.1" 200 -
18.138.85.212 - - [12/Jun/2023:05:28:40 -0500] "GET /galeria/galeria/jquery.fancybox.js?v=2.1.5 HTTP/1.1" 200 48706
172.22.2.4 - - [12/Jun/2023:05:27:10 -0500] "GET /BLA/boletinlegal/ HTTP/1.1" 200 53114
40.77.167.205 - - [12/Jun/2023:05:29:07 -0500] "GET /portaldeninos/parque-ecologico-distrital-humedal-santa-maria-del-lago/ HTTP/1.1" 200 90199
201.245.192.253 - - [12/Jun/2023:05:29:43 -0500] "POST /kwsrmcab/Wsrmcab  HTTP/1.1" 200 41606
216.245.221.92 - - [12/Jun/2023:05:30:37 -0500] "HEAD / HTTP/1.1" 200 -
201.245.192.253 - - [12/Jun/2023:05:30:49 -0500] "POST /kwsrmcab/Wsrmcab HTTP/1.1" 200 43206
201.245.192.253 - - [12/Jun/2023:05:30:52 -0500] "POST /kwsrmcab/Wsrmcab HTTP/1.1" 200 41390
31.13.115.24 - - [12/Jun/2023:05:32:06 -0500] "GET /dia-mundial-del-medio-ambiente-distrito-liberara-animales-silvestres-plantara-arboles-y-desarrollara-actividades-pedagogicas.html HTTP/1.1" 200 856
172.22.2.4 - - [12/Jun/2023:05:32:10 -0500] "HEAD /BLA/boletinlegal/ HTTP/1.1" 200 -
172.22.2.4 - - [12/Jun/2023:05:33:01 -0500] "GET /BLA/boletinlegal/ HTTP/1.1" 200 59306
201.245.192.253 - - [12/Jun/2023:05:34:42 -0500] "POST /kwsrmcab/Wsrmcab  HTTP/1.1" 200 41606
216.245.221.92 - - [12/Jun/2023:05:35:37 -0500] "HEAD / HTTP/1.1" 200 -
172.22.2.4 - - [12/Jun/2023:05:36:27 -0500] "GET /BLA/boletinlegal/ HTTP/1.1" 200 36811
52.167.144.158 - - [12/Jun/2023:05:37:46 -0500] "GET /BLA/resoluciones/AUTOS%202017/1417.pdf HTTP/1.1" 200 282158
172.22.2.4 - - [12/Jun/2023:05:38:00 -0500] "HEAD /BLA/boletinlegal/ HTTP/1.1" 200 -
201.245.192.253 - - [12/Jun/2023:05:39:41 -0500] "POST /kwsrmcab/Wsrmcab  HTTP/1.1" 200 41606
172.22.2.4 - - [12/Jun/2023:05:38:51 -0500] "GET /BLA/boletinlegal/ HTTP/1.1" 200 58307
216.245.221.92 - - [12/Jun/2023:05:40:37 -0500] "HEAD / HTTP/1.1" 200 -
201.245.192.253 - - [12/Jun/2023:05:40:49 -0500] "POST /kwsrmcab/Wsrmcab HTTP/1.1" 200 43206
201.245.192.253 - - [12/Jun/2023:05:40:52 -0500] "POST /kwsrmcab/Wsrmcab HTTP/1.1" 200 41390
40.77.167.97 - - [12/Jun/2023:05:41:08 -0500] "GET /BLA/resoluciones/RESOLUCIONES%202014/2205.pdf HTTP/1.1" 200 441292
185.180.143.136 - - [12/Jun/2023:05:41:42 -0500] "GET /favicon.ico HTTP/1.1" 200 7782
201.245.192.253 - - [12/Jun/2023:05:44:40 -0500] "POST /kwsrmcab/Wsrmcab  HTTP/1.1" 200 41606
172.22.2.4 - - [12/Jun/2023:05:43:50 -0500] "HEAD /BLA/boletinlegal/ HTTP/1.1" 200 -
216.245.221.92 - - [12/Jun/2023:05:45:37 -0500] "HEAD / HTTP/1.1" 200 -
172.22.2.4 - - [12/Jun/2023:05:44:41 -0500] "GET /BLA/boletinlegal/ HTTP/1.1" 200 57151
40.77.167.97 - - [12/Jun/2023:05:47:48 -0500] "GET /BLA/resoluciones/RESOLUCIONES%202020/1789.pdf HTTP/1.1" 200 469521
201.245.192.253 - - [12/Jun/2023:05:49:39 -0500] "POST /kwsrmcab/Wsrmcab  HTTP/1.1" 200 41606
216.245.221.92 - - [12/Jun/2023:05:50:37 -0500] "HEAD / HTTP/1.1" 200 -
172.22.2.4 - - [12/Jun/2023:05:49:40 -0500] "HEAD /BLA/boletinlegal/ HTTP/1.1" 200 -
172.22.2.4 - - [12/Jun/2023:05:50:31 -0500] "GET /BLA/boletinlegal/ HTTP/1.1" 200 57151
69.171.249.6 - - [12/Jun/2023:05:53:51 -0500] "GET /en-junio-conectate-con-la-naturaleza-y-el-medioambiente-a-traves-de-estas-caminatas-ecologicas.html HTTP/1.1" 200 900
201.245.192.253 - - [12/Jun/2023:05:54:38 -0500] "POST /kwsrmcab/Wsrmcab  HTTP/1.1" 200 41606
52.167.144.158 - - [12/Jun/2023:05:55:09 -0500] "GET /sendero/? HTTP/1.1" 200 36439
199.16.157.181 - - [12/Jun/2023:05:55:25 -0500] "GET /images/atencion-al-ciudadano-abril.jpg HTTP/1.1" 200 116523
216.245.221.92 - - [12/Jun/2023:05:55:37 -0500] "HEAD / HTTP/1.1" 200 -
172.22.2.4 - - [12/Jun/2023:05:55:30 -0500] "HEAD /BLA/boletinlegal/ HTTP/1.1" 200 -
66.249.66.72 - - [12/Jun/2023:05:57:44 -0500] "-" 408 -
40.77.167.241 - - [12/Jun/2023:05:57:46 -0500] "GET /BLA/resoluciones/AUTOS%202022/1332.pdf HTTP/1.1" 304 -
172.22.2.4 - - [12/Jun/2023:05:56:21 -0500] "GET /BLA/boletinlegal/ HTTP/1.1" 200 57151
201.245.192.253 - - [12/Jun/2023:05:59:37 -0500] "POST /kwsrmcab/Wsrmcab  HTTP/1.1" 200 41606
216.245.221.92 - - [12/Jun/2023:06:00:37 -0500] "HEAD / HTTP/1.1" 200 -
69.63.184.120 - - [12/Jun/2023:06:01:51 -0500] "GET /images/reunion-planta-termovalorizacion-11-mayo.jpg HTTP/1.1" 200 34782
172.22.2.4 - - [12/Jun/2023:06:01:20 -0500] "HEAD /BLA/boletinlegal/ HTTP/1.1" 200 -
173.252.107.119 - - [12/Jun/2023:06:03:46 -0500] "GET /distrito-firma-acuerdos-de-conservacion-con-academia-y-sociedad-civil-para-proteger-22-hectareas-en-suba-y-cerros-orientales.html HTTP/1.1" 200 1062
172.22.2.4 - - [12/Jun/2023:06:02:11 -0500] "GET /BLA/boletinlegal/ HTTP/1.1" 200 56754
201.245.192.253 - - [12/Jun/2023:06:04:36 -0500] "POST /kwsrmcab/Wsrmcab  HTTP/1.1" 200 41606
186.29.134.251 - - [12/Jun/2023:06:05:18 -0500] "GET /kwssiamovil/sm/ldap/au?x=U2FsdGVkX1+uNF/H49IiRSS1yWKLWYqSfwsYSDU3FurLtBs8CLddXXh/eRHqze92&y=U2FsdGVkX1+4J6kocC+S01/p1471IJLWe5U+nZuuBiKiMkBachx7NGyBn58azVFS HTTP/1.1" 200 30
186.29.134.251 - - [12/Jun/2023:06:05:18 -0500] "GET /kwssiamovil/sm/acme/s?s=U2FsdGVkX1+mhfX5KW8IV5mN4x34E8mKitZo0ZRwlgCnKZv1YXkkAIetpb3ubgBUFwRlZwitwTOTursM7gwafrdwZrFyNOfySpur3fRmAOc=&u=U2FsdGVkX1/H8tCfiW4clBrWpSWLU+kvwSyFWTmmg+a9Y9HsI7Uj0Wu+pyzxHoB1&y=U2FsdGVkX1+4J6kocC+S01/p1471IJLWe5U+nZuuBiKiMkBachx7NGyBn58azVFS HTTP/1.1" 200 97
186.29.134.251 - - [12/Jun/2023:06:05:18 -0500] "GET /kwssiamovil/sm/acme/s?s=U2FsdGVkX1+HQ9YTfsfjgqzCMDGpazD4usLiTQGD+u3HoPnK4b9BuaXPXYxfiJK89kxUh8xICfVxynKabmawJatQHQAO1Hm/V7WtQFlBViiXVaw4J7lvzAMBNYHYX5tSRKfCrGegt++C0q9KR2CRzCo1+jd/zLu/YlHwNpJrGdB7JqBE4aIZI6v9PPW1v2SoBCNlHCbXgYOVMWtzM2//U+kaGXmScSPNM1l9LTUuHWGlVfWxdTyoTV3jx31d167PjoqE4Igb5RpO1GAn41LgiKDtUW3pjV96Ptqwi4VBrLGPxJHilW4HCxCg9TJGuF9Gwx7UZsJYdS7XR9R4qUeBzJ7WQfJaBsIPcaOPuvLehPeBZ5YcRW2MoLSTF/DfzCC/ASkbZrYCQ7DHDTMMfLyef/EvdOsTjwDbtmxY1LDzMUzjPQf9pzE/xCTVUylBg9A/BEaNlX+xF8DTykzhEBuueAEUH4oF0tdtiZ0SVybuKuw+pe0pV2XqurIdK1s416OpkL5/pHmkLvYKf4ssOpRPfW06sVyvq13mddrKbPsE0H47CBgXp0+eRbEPb5RqqS+rZPddLs/2Jh3nDUdFrIWlEL/4j0X1rs9/UtDuvQZA1ot02KweFNhOF+Z3ESjiJDfwaZJfDNtlBTMlGoCbnmTinEWZ01rUACfRBLUeqUxAmhDWUcwl28rXk8V06qvsiHii0vutH0PwaGxnqTCDbQvV3deAc1U+DA3ADCyX8AUiQqdC12q/tKHk3CPF7TKz6qm+ClulL3LGzpIRzYmQ2LKlbHX1GAWcD5DyU/jRZBtxUCk1wdPimJ3s4wIpyGsZayGkX1OWMern3g/2tVUr3MdY19YUQEhL/CUkktCJkBCVbDB3/doJU9YT0k/tiepo++/PkX7Jro4iEx40ZmbazK7qQiPTWRgh0XA4Bn69D929jYg+AbHW0BP6/gtLYukOoCwmBF7fCFu1qnAvJdvVUPH4pPIrYjepiaUUY4Ppd7yccCChfZQ0BoFi703XwpibLyMCyRl8LxogZoo8hcMEeKNICYQg7Z7Z2wPPib5jFxSQ3Q6biUUGYM5Fxq57S77iL8vj3izdfMeeyoAJYgBxBJtIJBapMBLrR9tjVY0znGuPtoE+7OSjpSXZQga3+UKGtxH5rZslkZw9Ic/t/CVnQlqT1Leiy4hQU/n7sxc9wm24DMrG1zPCaasTPbjdEXHJQ3rB3Piv2yllvffm2Zm8ok60N+6UQwKpKPodcs7qG5koBxYY1yiHH5L+FfTMA60x3AgQFZ7Xo25twsA9mUfzQ8bJqfXKVAvr32fCYIV/2en24+va6BxjJvB2Z708D+cScYBve2dQuO/Zt0GBEzhC3KaIHpokgIRRZHvmN8H0CAa3L6yow5NdXsCyeEKDYN3fHEnLS2P7MSxhk7N4etIlBzbjNy9rRZeVjDvtEbfjiiQdEY4=&u=U2FsdGVkX1/H8tCfiW4clBrWpSWLU+kvwSyFWTmmg+a9Y9HsI7Uj0Wu+pyzxHoB1&y=U2FsdGVkX1+4J6kocC+S01/p1471IJLWe5U+nZuuBiKiMkBachx7NGyBn58azVFS HTTP/1.1" 200 1818
186.29.134.251 - - [12/Jun/2023:06:05:18 -0500] "GET /kwssiamovil/sm/acme/s?s=U2FsdGVkX1/EOuglfuPv9sQvRSYt9S8KcCezM0MoXfxTtUf+HAfYIgGE32nPOShOiEcwngbvpyqxzYkRatevgjjhlJyiFtcww/ItKuK8UT+jBS34nzb+IsH9Zz/JfkXOCwJK3X+lh2+oMCoQkPnW6D1k580e9oWnenbkN6YaDBp/lecvvEKIJsCVQQvBzXuTfVJPZAavch4aIbD23WeKar54uETgOChFBYFo3QfGymilHSoBcQW86vTCA3szR0/QcwcVISFV3s9h/WgA/WqvKfeCZLe1xQLLl0kMZ9xj3YclbBegtFjkeUdfKuWn+SipLpYFJq8T6P+aBRmdRG8VBPhmvMJQY6bSe1E6h94yaQw=&u=U2FsdGVkX1/H8tCfiW4clBrWpSWLU+kvwSyFWTmmg+a9Y9HsI7Uj0Wu+pyzxHoB1&y=U2FsdGVkX1+4J6kocC+S01/p1471IJLWe5U+nZuuBiKiMkBachx7NGyBn58azVFS HTTP/1.1" 200 196
186.29.134.251 - - [12/Jun/2023:06:05:18 -0500] "GET /kwssiamovil/sm/cjson/pre?f=1&x=U2FsdGVkX1+uNF/H49IiRSS1yWKLWYqSfwsYSDU3FurLtBs8CLddXXh/eRHqze92 HTTP/1.1" 200 31032
216.244.66.246 - - [12/Jun/2023:06:05:26 -0500] "-" 408 -
186.29.134.251 - - [12/Jun/2023:06:05:35 -0500] "GET /kwssiamovil/sm/acme/u?s=U2FsdGVkX1/OpHbYxiqPyC+/3W3VHR0CiYQ6LWykRN3jgNFYlfNyIaZeo8aKWJwzw17HJx3PZMxaBeTDcPsNstimdMPDuh+hlbW6pLOXxAfeY908mv8xk9tk0HKHkTfFZl7A+8eWioVPrxqzP1hlTkLZoUZPcG9mFO9u6BiRn7Q=&u=U2FsdGVkX1/H8tCfiW4clBrWpSWLU+kvwSyFWTmmg+a9Y9HsI7Uj0Wu+pyzxHoB1&y=U2FsdGVkX1+4J6kocC+S01/p1471IJLWe5U+nZuuBiKiMkBachx7NGyBn58azVFS HTTP/1.1" 200 60
216.245.221.92 - - [12/Jun/2023:06:05:37 -0500] "HEAD / HTTP/1.1" 200 -
186.29.134.251 - - [12/Jun/2023:06:05:47 -0500] "GET /kwssiamovil/sm/acme/u?s=U2FsdGVkX1+QomqSxIGQMyp4CnloGMEzUJ2ucAStMpwcdsrDfTIx2cF1Rp7zgCszRqezxM+EfmQGU4msmui1sOKyOd5y5Ycedxr4Rrs2I8PAD563VBDLsj2LK1wnMtSVj7M6mrhyD7Tk5b0RH/MOiMJWkQ3G8RpTs7qjbXvjS7o=&u=U2FsdGVkX1/H8tCfiW4clBrWpSWLU+kvwSyFWTmmg+a9Y9HsI7Uj0Wu+pyzxHoB1&y=U2FsdGVkX1+4J6kocC+S01/p1471IJLWe5U+nZuuBiKiMkBachx7NGyBn58azVFS HTTP/1.1" 200 60
186.29.134.251 - - [12/Jun/2023:06:06:03 -0500] "GET /kwssiamovil/sm/acme/u?s=U2FsdGVkX1//2vsiD70TYEjXeRHvzH+TKO7vhp1zX9kfL12IvdoADX6ndX2t9qboT8GdAUFZI715n+NaWdkFFcRzaAZIB2Xndq7OT7GI0iCZK2uI1FQ6fQHych1Nvdc9LLfZ3hdhv8BiF/bWe0QAMooV6Qu4Ti+oUwbxjeLVHi4=&u=U2FsdGVkX1/H8tCfiW4clBrWpSWLU+kvwSyFWTmmg+a9Y9HsI7Uj0Wu+pyzxHoB1&y=U2FsdGVkX1+4J6kocC+S01/p1471IJLWe5U+nZuuBiKiMkBachx7NGyBn58azVFS HTTP/1.1" 200 60
186.29.134.251 - - [12/Jun/2023:06:06:15 -0500] "GET /kwssiamovil/sm/acme/u?s=U2FsdGVkX19linjhD/WOccBvheEyxXdB9Yo3Ur7APka4HapNejRp3tAHtDQXTBV/VmBp/e10PRAVqT4juD5C8ChNYs8djaLt51+uF7m++roctHCIn41y1wZX0wC53nSXke7x8HoW6DZqShjSsnHcoGgABo3n4nG57J9DggXp9Q0=&u=U2FsdGVkX1/H8tCfiW4clBrWpSWLU+kvwSyFWTmmg+a9Y9HsI7Uj0Wu+pyzxHoB1&y=U2FsdGVkX1+4J6kocC+S01/p1471IJLWe5U+nZuuBiKiMkBachx7NGyBn58azVFS HTTP/1.1" 200 60
186.29.134.251 - - [12/Jun/2023:06:06:28 -0500] "GET /kwssiamovil/sm/acme/u?s=U2FsdGVkX1/lzA8hBzU3FuC5eMXvYEH4UpXeXiFMp9Eojj4val5e6EYgiexCCn5vt7PpfxE9Fzv4xZ6ZSeBAGPBM8rXHFn+5vu6jVST50DsOtD+FRhTr7tNr6IFfYEC3XXvAtNtZTZIUqdWKKTU63lCCi/tFrT4qNhWLV31/Ow8=&u=U2FsdGVkX1/H8tCfiW4clBrWpSWLU+kvwSyFWTmmg+a9Y9HsI7Uj0Wu+pyzxHoB1&y=U2FsdGVkX1+4J6kocC+S01/p1471IJLWe5U+nZuuBiKiMkBachx7NGyBn58azVFS HTTP/1.1" 200 60
95.119.160.39 - - [12/Jun/2023:06:08:22 -0500] "GET /sipse/faces/index.xhtml HTTP/1.1" 200 677
95.119.160.39 - - [12/Jun/2023:06:08:22 -0500] "GET /sipse/faces/javax.faces.resource/theme.css?ln=primefaces-sipse HTTP/1.1" 304 -
95.119.160.39 - - [12/Jun/2023:06:08:23 -0500] "GET /sipse/faces/faces/autenticacion.xhtml HTTP/1.1" 200 12177
95.119.160.39 - - [12/Jun/2023:06:08:23 -0500] "GET /sipse/faces/javax.faces.resource/theme.css?ln=primefaces-sipse HTTP/1.1" 304 -
95.119.160.39 - - [12/Jun/2023:06:08:23 -0500] "GET /sipse/css/custom_css_sg.css HTTP/1.1" 304 -
95.119.160.39 - - [12/Jun/2023:06:08:23 -0500] "GET /sipse/css/custom_css_sg_prime_login.css HTTP/1.1" 304 -
95.119.160.39 - - [12/Jun/2023:06:08:23 -0500] "GET /sipse/faces/javax.faces.resource/primefaces.css?ln=primefaces&v=4.0 HTTP/1.1" 304 -
95.119.160.39 - - [12/Jun/2023:06:08:23 -0500] "GET /sipse/faces/javax.faces.resource/layout/layout.css?ln=primefaces&v=4.0 HTTP/1.1" 304 -
95.119.160.39 - - [12/Jun/2023:06:08:23 -0500] "GET /sipse/js/disable_browser_buttons.js HTTP/1.1" 304 -
95.119.160.39 - - [12/Jun/2023:06:08:23 -0500] "GET /sipse/js/funciones.js HTTP/1.1" 304 -
95.119.160.39 - - [12/Jun/2023:06:08:23 -0500] "GET /sipse/faces/javax.faces.resource/jquery/jquery-plugins.js?ln=primefaces&v=4.0 HTTP/1.1" 304 -
95.119.160.39 - - [12/Jun/2023:06:08:23 -0500] "GET /sipse/faces/javax.faces.resource/jquery/jquery.js?ln=primefaces&v=4.0 HTTP/1.1" 304 -
95.119.160.39 - - [12/Jun/2023:06:08:23 -0500] "GET /sipse/faces/javax.faces.resource/layout/layout.js?ln=primefaces&v=4.0 HTTP/1.1" 304 -
95.119.160.39 - - [12/Jun/2023:06:08:23 -0500] "GET /sipse/faces/javax.faces.resource/primefaces.js?ln=primefaces&v=4.0 HTTP/1.1" 304 -
95.119.160.39 - - [12/Jun/2023:06:08:24 -0500] "GET /sipse/css/imagen/logoSDG.png HTTP/1.1" 304 -
95.119.160.39 - - [12/Jun/2023:06:08:24 -0500] "GET /sipse/css/imagen/loginimg.png HTTP/1.1" 304 -
95.119.160.39 - - [12/Jun/2023:06:08:24 -0500] "GET /sipse/faces/javax.faces.resource/images/ui-icons_898989_256x240.png?ln=primefaces-aristo HTTP/1.1" 304 -
95.119.160.39 - - [12/Jun/2023:06:08:27 -0500] "POST /sipse/faces/autenticacion.xhtml HTTP/1.1" 200 2224
95.119.160.39 - - [12/Jun/2023:06:08:27 -0500] "GET /sipse/faces/javax.faces.resource/messages/messages.png?ln=primefaces&v=4.0 HTTP/1.1" 304 -
95.119.160.39 - - [12/Jun/2023:06:08:28 -0500] "POST /sipse/faces/autenticacion.xhtml HTTP/1.1" 200 18976
95.119.160.39 - - [12/Jun/2023:06:08:29 -0500] "GET /sipse/faces/javax.faces.resource/primefaces.css?ln=primefaces&v=4.0 HTTP/1.1" 304 -
95.119.160.39 - - [12/Jun/2023:06:08:29 -0500] "GET /sipse/faces/javax.faces.resource/theme.css?ln=primefaces-sipse HTTP/1.1" 304 -
95.119.160.39 - - [12/Jun/2023:06:08:29 -0500] "GET /sipse/css/custom_css_sg_prime.css HTTP/1.1" 304 -
95.119.160.39 - - [12/Jun/2023:06:08:29 -0500] "GET /sipse/faces/javax.faces.resource/layout/layout.css?ln=primefaces&v=4.0 HTTP/1.1" 304 -
95.119.160.39 - - [12/Jun/2023:06:08:29 -0500] "GET /sipse/js/jquery.min.js HTTP/1.1" 304 -
95.119.160.39 - - [12/Jun/2023:06:08:29 -0500] "GET /sipse/faces/javax.faces.resource/jquery/jquery.js?ln=primefaces&v=4.0 HTTP/1.1" 304 -
95.119.160.39 - - [12/Jun/2023:06:08:29 -0500] "GET /sipse/faces/javax.faces.resource/jquery/jquery-plugins.js?ln=primefaces&v=4.0 HTTP/1.1" 304 -
95.119.160.39 - - [12/Jun/2023:06:08:30 -0500] "GET /sipse/faces/javax.faces.resource/primefaces.js?ln=primefaces&v=4.0 HTTP/1.1" 304 -
95.119.160.39 - - [12/Jun/2023:06:08:30 -0500] "GET /sipse/faces/javax.faces.resource/layout/layout.js?ln=primefaces&v=4.0 HTTP/1.1" 304 -
95.119.160.39 - - [12/Jun/2023:06:08:30 -0500] "GET /sipse/css/v_mergente.css HTTP/1.1" 304 -
95.119.160.39 - - [12/Jun/2023:06:08:30 -0500] "GET /sipse/css/imagen/contrasena.png HTTP/1.1" 404 383
95.119.160.39 - - [12/Jun/2023:06:08:30 -0500] "GET /sipse/imagenes/cargando.gif HTTP/1.1" 304 -
95.119.160.39 - - [12/Jun/2023:06:08:30 -0500] "GET /sipse/imagenes/logoAplicacion.jpg HTTP/1.1" 304 -
95.119.160.39 - - [12/Jun/2023:06:08:32 -0500] "GET /sipse/faces/javax.faces.resource/images/ui-bg_flat_0_2d5972_40x100.png?ln=primefaces-aristo HTTP/1.1" 304 -
95.119.160.39 - - [12/Jun/2023:06:08:32 -0500] "POST /sipse/faces/bienvenido.xhtml HTTP/1.1" 200 3182
95.119.160.39 - - [12/Jun/2023:06:08:35 -0500] "POST /sipse/faces/bienvenido.xhtml HTTP/1.1" 200 3262
95.119.160.39 - - [12/Jun/2023:06:08:36 -0500] "POST /sipse/faces/bienvenido.xhtml HTTP/1.1" 200 65354
95.119.160.39 - - [12/Jun/2023:06:08:41 -0500] "GET /sipse/faces/javax.faces.resource/layout/layout.css?ln=primefaces&v=4.0 HTTP/1.1" 304 -
95.119.160.39 - - [12/Jun/2023:06:08:41 -0500] "GET /sipse/faces/javax.faces.resource/theme.css?ln=primefaces-sipse HTTP/1.1" 304 -
95.119.160.39 - - [12/Jun/2023:06:08:41 -0500] "GET /sipse/faces/javax.faces.resource/primefaces.css?ln=primefaces&v=4.0 HTTP/1.1" 304 -
95.119.160.39 - - [12/Jun/2023:06:08:41 -0500] "GET /sipse/faces/javax.faces.resource/jquery/jquery.js?ln=primefaces&v=4.0 HTTP/1.1" 304 -
95.119.160.39 - - [12/Jun/2023:06:08:41 -0500] "GET /sipse/faces/javax.faces.resource/jquery/jquery-plugins.js?ln=primefaces&v=4.0 HTTP/1.1" 304 -
95.119.160.39 - - [12/Jun/2023:06:08:41 -0500] "GET /sipse/faces/javax.faces.resource/primefaces.js?ln=primefaces&v=4.0 HTTP/1.1" 304 -
95.119.160.39 - - [12/Jun/2023:06:08:41 -0500] "GET /sipse/faces/javax.faces.resource/layout/layout.js?ln=primefaces&v=4.0 HTTP/1.1" 304 -
95.119.160.39 - - [12/Jun/2023:06:08:42 -0500] "POST /sipse/faces/presentacion/financiero/solicitudProceso/listarSolicitudProceso.xhtml HTTP/1.1" 200 1556
172.22.2.4 - - [12/Jun/2023:06:07:10 -0500] "HEAD /BLA/boletinlegal/ HTTP/1.1" 200 -
95.119.160.39 - - [12/Jun/2023:06:08:50 -0500] "POST /sipse/faces/presentacion/financiero/solicitudProceso/listarSolicitudProceso.xhtml HTTP/1.1" 200 17809
95.119.160.39 - - [12/Jun/2023:06:08:55 -0500] "POST /sipse/faces/presentacion/financiero/solicitudProceso/listarSolicitudProceso.xhtml HTTP/1.1" 200 44684
95.119.160.39 - - [12/Jun/2023:06:08:57 -0500] "POST /sipse/faces/presentacion/financiero/solicitudProceso/listarSolicitudProceso.xhtml HTTP/1.1" 200 44652
95.119.160.39 - - [12/Jun/2023:06:09:00 -0500] "POST /sipse/faces/presentacion/financiero/solicitudProceso/listarSolicitudProceso.xhtml HTTP/1.1" 200 17757
95.119.160.39 - - [12/Jun/2023:06:09:04 -0500] "POST /sipse/faces/presentacion/financiero/solicitudProceso/listarSolicitudProceso.xhtml HTTP/1.1" 200 44777
95.119.160.39 - - [12/Jun/2023:06:09:06 -0500] "POST /sipse/faces/presentacion/financiero/solicitudProceso/listarSolicitudProceso.xhtml HTTP/1.1" 200 17854
95.119.160.39 - - [12/Jun/2023:06:09:07 -0500] "POST /sipse/faces/presentacion/financiero/solicitudProceso/listarSolicitudProceso.xhtml HTTP/1.1" 200 17822
95.119.160.39 - - [12/Jun/2023:06:09:13 -0500] "POST /sipse/faces/presentacion/financiero/solicitudProceso/listarSolicitudProceso.xhtml HTTP/1.1" 200 44809
95.119.160.39 - - [12/Jun/2023:06:09:15 -0500] "POST /sipse/faces/presentacion/financiero/solicitudProceso/listarSolicitudProceso.xhtml HTTP/1.1" 200 17691
95.119.160.39 - - [12/Jun/2023:06:09:16 -0500] "POST /sipse/faces/presentacion/financiero/solicitudProceso/listarSolicitudProceso.xhtml HTTP/1.1" 200 17723
95.119.160.39 - - [12/Jun/2023:06:09:20 -0500] "POST /sipse/faces/presentacion/financiero/solicitudProceso/listarSolicitudProceso.xhtml HTTP/1.1" 200 44777
95.119.160.39 - - [12/Jun/2023:06:09:23 -0500] "POST /sipse/faces/presentacion/financiero/solicitudProceso/listarSolicitudProceso.xhtml HTTP/1.1" 200 17840
95.119.160.39 - - [12/Jun/2023:06:09:29 -0500] "POST /sipse/faces/presentacion/financiero/solicitudProceso/listarSolicitudProceso.xhtml HTTP/1.1" 200 20812
95.119.160.39 - - [12/Jun/2023:06:09:32 -0500] "POST /sipse/faces/presentacion/financiero/solicitudProceso/listarSolicitudProceso.xhtml HTTP/1.1" 200 17801
201.245.192.253 - - [12/Jun/2023:06:09:35 -0500] "POST /kwsrmcab/Wsrmcab  HTTP/1.1" 200 41606
172.22.2.4 - - [12/Jun/2023:06:08:01 -0500] "GET /BLA/boletinlegal/ HTTP/1.1" 200 59306
3.0.191.60 - - [12/Jun/2023:06:09:52 -0500] "-" 408 -
172.22.2.4 - - [12/Jun/2023:06:10:03 -0500] "GET /BLA/boletinlegal/jurisprudencia/analisis/CUADRO%20ANALISIS%20SENTENCIA%20C-554%20DE%202007.doc HTTP/1.1" 200 35328
69.63.184.2 - - [12/Jun/2023:06:10:26 -0500] "GET /en-junio-conectate-con-la-naturaleza-y-el-medioambiente-a-traves-de-estas-caminatas-ecologicas.html HTTP/1.1" 200 900
86.15.196.60 - - [12/Jun/2023:06:10:31 -0500] "-" 408 -
216.245.221.92 - - [12/Jun/2023:06:10:37 -0500] "HEAD / HTTP/1.1" 200 -
172.22.2.4 - - [12/Jun/2023:06:13:27 -0500] "GET /BLA/boletinlegal/normativa.php HTTP/1.1" 200 8343
159.69.179.16 - - [12/Jun/2023:06:13:50 -0500] "GET / HTTP/1.1" 200 319
159.69.179.16 - - [12/Jun/2023:06:13:51 -0500] "GET / HTTP/1.1" 200 4720
201.245.192.253 - - [12/Jun/2023:06:14:34 -0500] "POST /kwsrmcab/Wsrmcab  HTTP/1.1" 200 41606
172.22.2.4 - - [12/Jun/2023:06:13:00 -0500] "HEAD /BLA/boletinlegal/ HTTP/1.1" 200 -
172.22.2.4 - - [12/Jun/2023:06:13:51 -0500] "GET /BLA/boletinlegal/ HTTP/1.1" 200 57151
216.245.221.92 - - [12/Jun/2023:06:15:37 -0500] "HEAD / HTTP/1.1" 200 -
5.255.231.202 - - [12/Jun/2023:06:16:19 -0500] "-" 408 -
40.77.167.98 - - [12/Jun/2023:06:17:07 -0500] "GET /sipse/faces/faces/autenticacion.xhtml HTTP/1.1" 200 12499
201.245.192.253 - - [12/Jun/2023:06:19:33 -0500] "POST /kwsrmcab/Wsrmcab  HTTP/1.1" 200 41606
172.22.2.4 - - [12/Jun/2023:06:18:50 -0500] "HEAD /BLA/boletinlegal/ HTTP/1.1" 200 -
216.245.221.92 - - [12/Jun/2023:06:20:37 -0500] "HEAD / HTTP/1.1" 200 -
201.245.192.253 - - [12/Jun/2023:06:20:49 -0500] "POST /kwsrmcab/Wsrmcab HTTP/1.1" 200 43228
201.245.192.253 - - [12/Jun/2023:06:20:52 -0500] "POST /kwsrmcab/Wsrmcab HTTP/1.1" 200 41573
173.252.107.21 - - [12/Jun/2023:06:21:04 -0500] "GET /en-junio-conectate-con-la-naturaleza-y-el-medioambiente-a-traves-de-estas-caminatas-ecologicas.html HTTP/1.1" 200 900
66.249.70.196 - - [12/Jun/2023:06:21:07 -0500] "-" 408 -
172.22.2.4 - - [12/Jun/2023:06:19:41 -0500] "GET /BLA/boletinlegal/ HTTP/1.1" 200 59306
191.108.36.9 - - [12/Jun/2023:06:21:33 -0500] "GET /en-junio-conectate-con-la-naturaleza-y-el-medioambiente-a-traves-de-estas-caminatas-ecologicas.html?fbclid=IwAR17Cvv8k5axk3SmxKzLfRFTVO-LmDGAas6_bwnFVxxLDf6dZmdHaxe71-g HTTP/1.1" 200 900
201.245.192.253 - - [12/Jun/2023:06:24:30 -0500] "POST /kwsrmcab/Wsrmcab  HTTP/1.1" 200 41606
216.245.221.92 - - [12/Jun/2023:06:25:37 -0500] "HEAD / HTTP/1.1" 200 -
172.22.2.4 - - [12/Jun/2023:06:24:40 -0500] "HEAD /BLA/boletinlegal/ HTTP/1.1" 200 -
172.22.2.4 - - [12/Jun/2023:06:25:31 -0500] "GET /BLA/boletinlegal/ HTTP/1.1" 200 54808
201.245.192.253 - - [12/Jun/2023:06:29:29 -0500] "POST /kwsrmcab/Wsrmcab  HTTP/1.1" 200 41606
216.245.221.92 - - [12/Jun/2023:06:30:37 -0500] "HEAD / HTTP/1.1" 200 -
201.245.192.253 - - [12/Jun/2023:06:30:49 -0500] "POST /kwsrmcab/Wsrmcab HTTP/1.1" 200 43228
201.245.192.253 - - [12/Jun/2023:06:30:51 -0500] "POST /kwsrmcab/Wsrmcab HTTP/1.1" 200 41573
172.22.2.4 - - [12/Jun/2023:06:30:30 -0500] "HEAD /BLA/boletinlegal/ HTTP/1.1" 200 -
173.252.87.119 - - [12/Jun/2023:06:32:58 -0500] "GET /images/reunion-planta-termovalorizacion-11-mayo.jpg HTTP/1.1" 200 34782
172.22.2.4 - - [12/Jun/2023:06:31:21 -0500] "GET /BLA/boletinlegal/ HTTP/1.1" 200 56287
201.245.192.253 - - [12/Jun/2023:06:34:28 -0500] "POST /kwsrmcab/Wsrmcab  HTTP/1.1" 200 41606
40.77.167.241 - - [12/Jun/2023:06:35:14 -0500] "GET /BLA/resoluciones/AUTOS%202021/3460.pdf HTTP/1.1" 304 -
34.90.7.144 - - [12/Jun/2023:06:35:33 -0500] "GET /en-junio-conectate-con-la-naturaleza-y-el-medioambiente-a-traves-de-estas-caminatas-ecologicas.html HTTP/1.1" 200 900
216.245.221.92 - - [12/Jun/2023:06:35:37 -0500] "HEAD / HTTP/1.1" 200 -
40.77.167.98 - - [12/Jun/2023:06:36:36 -0500] "GET /BLA/resoluciones/AUTOS%202021/4483.pdf HTTP/1.1" 304 -
173.252.83.18 - - [12/Jun/2023:06:37:16 -0500] "GET /images/Rmasar%2018%20de%20febrero%20Grupo.jpg HTTP/1.1" 200 68398
172.22.2.4 - - [12/Jun/2023:06:36:20 -0500] "HEAD /BLA/boletinlegal/ HTTP/1.1" 200 -
172.22.2.4 - - [12/Jun/2023:06:37:11 -0500] "GET /BLA/boletinlegal/ HTTP/1.1" 200 57151
173.252.107.12 - - [12/Jun/2023:06:39:05 -0500] "GET /secretaria-de-ambiente-y-car-firman-el-plan-de-manejo-ambiental-del-sitio-ramsar-complejo-de-humedales-urbanos-de-bogota-unico-en-america-latina.html HTTP/1.1" 200 1040
201.245.192.253 - - [12/Jun/2023:06:39:28 -0500] "POST /kwsrmcab/Wsrmcab  HTTP/1.1" 200 41606
216.245.221.92 - - [12/Jun/2023:06:40:37 -0500] "HEAD / HTTP/1.1" 200 -
201.245.192.253 - - [12/Jun/2023:06:40:49 -0500] "POST /kwsrmcab/Wsrmcab HTTP/1.1" 200 43228
201.245.192.253 - - [12/Jun/2023:06:40:51 -0500] "POST /kwsrmcab/Wsrmcab HTTP/1.1" 200 41573
172.22.2.4 - - [12/Jun/2023:06:42:58 -0500] "GET /BLA/boletinlegal/jurisprudencia/analisis/AnalisisC-035-16.docx HTTP/1.1" 200 25011
181.59.2.42 - - [12/Jun/2023:06:43:04 -0500] "GET /ofensiva-conta-el-trafico-de-fauna-silvestre-durante-la-semana-ambiental-en-bogota.html?fbclid=IwAR3rG8lkKQyyldzue1WfB5sBAudg3SKHJGskrADi3tVhK1WP4KqVsmE-4RA HTTP/1.1" 200 989
172.22.2.4 - - [12/Jun/2023:06:42:10 -0500] "HEAD /BLA/boletinlegal/ HTTP/1.1" 200 -
201.245.192.253 - - [12/Jun/2023:06:44:26 -0500] "POST /kwsrmcab/Wsrmcab  HTTP/1.1" 200 41606
172.22.2.4 - - [12/Jun/2023:06:43:01 -0500] "GET /BLA/boletinlegal/ HTTP/1.1" 200 57151
216.245.221.92 - - [12/Jun/2023:06:45:37 -0500] "HEAD / HTTP/1.1" 200 -
173.252.107.5 - - [12/Jun/2023:06:47:25 -0500] "GET /images/manos-reparadoras-plaza-americas-1.jpg HTTP/1.1" 200 47593
173.252.107.6 - - [12/Jun/2023:06:47:25 -0500] "GET /images/liberacion-animales-silvestres.jpg HTTP/1.1" 200 57397
172.22.2.4 - - [12/Jun/2023:06:48:12 -0500] "GET /BLA/boletinlegal/Directivas/2009/Directiva%20No.%20del%2023%20de%20Diciembre%20de%202009.pdf HTTP/1.1" 304 -
201.245.192.253 - - [12/Jun/2023:06:49:26 -0500] "POST /kwsrmcab/Wsrmcab  HTTP/1.1" 200 41606
172.22.2.4 - - [12/Jun/2023:06:48:00 -0500] "HEAD /BLA/boletinlegal/ HTTP/1.1" 200 -
52.167.144.158 - - [12/Jun/2023:06:50:03 -0500] "GET /BLA/resoluciones/AUTOS%202019/3580.pdf HTTP/1.1" 304 -
156.59.237.148 - - [12/Jun/2023:06:50:17 -0500] "GET /galeria/galeria/fotos/caminata2Peq.jpg HTTP/1.1" 200 40364
172.22.2.4 - - [12/Jun/2023:06:48:51 -0500] "GET /BLA/boletinlegal/ HTTP/1.1" 200 56287
216.245.221.92 - - [12/Jun/2023:06:50:37 -0500] "HEAD / HTTP/1.1" 200 -
40.77.167.97 - - [12/Jun/2023:06:53:28 -0500] "GET /BLA/resoluciones/AUTOS%202020/2090.pdf HTTP/1.1" 304 -
201.245.192.253 - - [12/Jun/2023:06:54:24 -0500] "POST /kwsrmcab/Wsrmcab  HTTP/1.1" 200 41606
172.22.2.4 - - [12/Jun/2023:06:55:03 -0500] "GET /BLA/boletinlegal/jurisprudencia/analisis/G__Jurisp.%20Junio%202014_Sent%20Tutela%20Drumond.docx HTTP/1.1" 304 -
172.22.2.4 - - [12/Jun/2023:06:53:50 -0500] "HEAD /BLA/boletinlegal/ HTTP/1.1" 200 -
216.245.221.92 - - [12/Jun/2023:06:55:37 -0500] "HEAD / HTTP/1.1" 200 -
172.22.2.4 - - [12/Jun/2023:06:54:41 -0500] "GET /BLA/boletinlegal/ HTTP/1.1" 200 59306
104.152.52.3 - - [12/Jun/2023:06:57:44 -0500] "GET / HTTP/1.0" 200 319
201.245.192.253 - - [12/Jun/2023:06:59:23 -0500] "POST /kwsrmcab/Wsrmcab  HTTP/1.1" 200 41606
66.249.73.68 - - [12/Jun/2023:07:00:17 -0500] "-" 408 -
216.245.221.92 - - [12/Jun/2023:07:00:37 -0500] "HEAD / HTTP/1.1" 200 -
172.22.2.4 - - [12/Jun/2023:06:59:40 -0500] "HEAD /BLA/boletinlegal/ HTTP/1.1" 200 -
40.77.167.98 - - [12/Jun/2023:07:01:42 -0500] "GET /Autoliquidacion/ HTTP/1.1" 200 7098
186.155.14.91 - - [12/Jun/2023:07:01:47 -0500] "GET /BLA/resoluciones/ HTTP/1.1" 200 13502
172.22.2.4 - - [12/Jun/2023:07:01:47 -0500] "GET /BLA/boletinlegal/Circulares/2011/Circular%20No.%202%20del%2031%20de%20Mayo%20de%202011.pdf HTTP/1.1" 200 496778
186.155.14.91 - - [12/Jun/2023:07:01:54 -0500] "GET /BLA/resoluciones/index.php?dir=AUTOS+2020%2F HTTP/1.1" 200 328938
172.22.2.4 - - [12/Jun/2023:07:00:30 -0500] "GET /BLA/boletinlegal/ HTTP/1.1" 200 57151
13.250.205.230 - - [12/Jun/2023:07:04:21 -0500] "GET /transparencia/financiera/Desagregado%20con%20modificaciones/? HTTP/1.1" 404 1296
201.245.192.253 - - [12/Jun/2023:07:04:23 -0500] "POST /kwsrmcab/Wsrmcab  HTTP/1.1" 200 41606
216.245.221.92 - - [12/Jun/2023:07:05:37 -0500] "HEAD / HTTP/1.1" 200 -
186.102.19.129 - - [12/Jun/2023:07:05:55 -0500] "OPTIONS /kwssiamovil/sm/setfile/f? HTTP/1.1" 200 13
186.102.19.129 - - [12/Jun/2023:07:05:55 -0500] "POST /kwssiamovil/sm/setfile/f? HTTP/1.1" 200 381
186.102.19.129 - - [12/Jun/2023:07:06:10 -0500] "GET /kwssiamovil/sm/acme/a?s=U2FsdGVkX19aBaoQMjDbMWrIhdW9B4w9XgK10uENzgXuu6QzfG+zUKqAkgx9qYpab5haYpNZUQFZm65kP4A3FkYAhHn8/L9rP+XXS88JAjdF+ojDcH6XLbL5bYlpitzBDZodD7KbZdANB/ZJ+q3BoA45bJjU5whrD2bWAGPNp9wMx5funCLCA6lcamai5549OO5KXSh0WoWzmVgL9S0YRMAJ0IRyeOk86lyeyheMFW893fIGnjJF95cvgCGfeYarfLWzyD4eW5TQ/4qsBR62qw==&u=U2FsdGVkX1/doEhmTEAWVQfUM3KsxKgD2FRmV15DejHhtt78MWoR9NBe/+0hVdHW&y=U2FsdGVkX18zk1KEinayV+rfrIV+QiabYQrm4870AQ1o0O6/GJFqwHFO+pfv6eZp HTTP/1.1" 200 26
186.102.19.129 - - [12/Jun/2023:07:06:10 -0500] "GET /kwssiamovil/sm/acme/a?s=U2FsdGVkX19ndg+y5XVGSPEfgSLVO9RRkbOqO5ijCt77HVIImDqbOD1yfxQhj2LWix8Q/VPeaY7XnlulleBNlwSknjzW6dHpBMv7wCgFVqdEQkg3nZKnd/t1ns2Y2o1QL4bvntDGbXyoPRG1bUsJYu30Nr1ryOWyqJx8LKd1ehTp3DQelsoWiHXeSOsfid297GcPKD4NW0uhRbmWC+SbITULpRW4bQXdiT/aEUbQZCrsyKxzAs1hyb+rs659jxOq8dC5CaDgxR5xY9fELTNpnAbTqUeNYY2zOOt9TeH5LqemGKoydd3AFy6UPzf8G3q+R+5NmtdTOhV7j0iihecoSLWJ0w5NXFDDeIJDGZiADKLs7wyT/RxASPMl/dWGqON8xQHabEzta/5a73XeeIuVSaJJuoA4ZO/sLAWTnbl9bhJzY2a73Z1DQFJE+7U5WzQWHGN6/wDN4jOYM7yEEwailkhKeBiiMsZL1Rp4UcCLWEnEkInhqC7+b+CsnELyTPhFzcZXeBQI/k7xKyg70ZG+EfmwFthQ8RoIwrqX1OHqO7JpLtKB2R1fEGGNVHSOuxo5SPpSI/U1qkrVrjjb711RSCXUav2EuV9Wh4mMcygGsprQCfTauzrq8ZDxa3eSRQSkKm1s3OYTZ3QewBquAh5PIlRjlH8wCujnRl632+F1vJ8M5OonNKfYA6vrHxcKndH+CyHvOGHa6ArQg14gDX+Vgsw6viA/hogD6FRfVvae4R32d43WviWfBtyaaS1ymoOYjPKUuco8o9riMX3iA6GDe4X8yXhlWreMBzR0adHKt9i4HtsJd03+upkW4ElhXs/YDFQgVG5q74fnCxwAUE+V0kRFGc6qB3zTh6jdAyVyXRrtpOlmFXB16Od1e1janQlIAEayKuHShB8eOCS33YftPCiXdul638ciMZ6V89tvo+jSUZgd6bb/YNtdSMfHpXlfiPDADVCKby3DJCVJnXXqN7UqIOyiy1pB7RwPui0K6wMt4OWVSqlRPWYJ++12TTMvxADKdwReh6uAJW5vW9WoOSNZqk7P1qWkQ9r20iemnAv0TgQLXtXMkKAJ3to3Yr1wja4fV+X64XJdzzyVzhbVgxEOCK0k0r2lLc/Aa6dwHReVZCWfBSM3pCUHvFzaJDKsM28DwnHmzXKACjIR6WdZ3r5Eo+tzrqWdNgw6eOsEpoRir2g5TS/MDjqIQ3JH/xLzBeJelMJqkxBVPvWz8JBg7PdigN9LXY6jCty40y4qb/V8y0htDBzkZQsXOrgVH+pjSIy+I12JGf4tQ1JUL7+abM+9Yak7IDXq3YYTp+ZTe5Y/Ky3aCoz7GgsUmkRhscrxSstDim8Z/PZ4otIT4y8WK7x8lUX5t/IO6q3sIjylr4AG5KAIE19ps5S1QmoEe29matp3A145rcGhngMPgZ+gTMp+jROzZECamfiOa/IDhCI0USHjx3z6j9hbbYeJL7N8F84cnmeRxwNRm/qzNAtAAso8eVnTa7xK2cUIM49r4T1GJoYoJMh5iAlqB1jgrzn3Q2q0/3Rry5t82d/mcAGzhxjmAf5umjpXqJvh3ozblrHrOfiZ7MPHXAdZ6XhC7bY5ml0EFEFlAkDXEEaliabptQsDwQEhLmO20Fb9Vme8wi2rcRlnoNg4/DkCYI6DlAaxVWg/P2Cn85UTvyky0exyQ6FtAqzrphQn5oa2xvKCa2zbDkZ3RMxY2ZJqiNaWaQJaOdtHAZcYy3/54I+el2iGjecEDg5lulZhlcDQAsZZ8hZMtBtKXuvPx8B1ObDOtzRPpCSxW4EHy7dQ69uXaEHiw2k5nBF9lnFnsd1iYP52v+a6mgS1JOv1Scq5ji7G3XWd+oolM7PzLhs+wMUGp0PX+w==&u=U2FsdGVkX1/doEhmTEAWVQfUM3KsxKgD2FRmV15DejHhtt78MWoR9NBe/+0hVdHW&y=U2FsdGVkX18zk1KEinayV+rfrIV+QiabYQrm4870AQ1o0O6/GJFqwHFO+pfv6eZp HTTP/1.1" 200 26
186.102.19.129 - - [12/Jun/2023:07:06:11 -0500] "GET /kwssiamovil/sm/acme/a?s=U2FsdGVkX191T2ZjnWSI4ftHovz38csp6yH6CSwvL31DXFn6haG/4d8oNaoVBddpQcGLzpGThJG6b8ARl1hHAH6Vd12qj5gZPOO57lA61uAB0lZGUJAsK+2Q1M7yqhlEqJ5KlxlFXimTNnrwZ023Ln1QPdTwTZ94PWqXYVH54m4=&u=U2FsdGVkX1/doEhmTEAWVQfUM3KsxKgD2FRmV15DejHhtt78MWoR9NBe/+0hVdHW&y=U2FsdGVkX18zk1KEinayV+rfrIV+QiabYQrm4870AQ1o0O6/GJFqwHFO+pfv6eZp HTTP/1.1" 200 26
186.102.19.129 - - [12/Jun/2023:07:06:11 -0500] "GET /kwssiamovil/sm/acme/a?s=U2FsdGVkX1+wV5zBMvUo6fpg3QA3dw36jpUpCkKmpOIO7t+cM5bqWw4I3/MsxmjFWxwG1x/eZWQN3IKIo0/Dx4go/GKChOu0yI8IPCM6fpG8YvbLnhtHwpHza8i6/SCYd6Pv6ZbezEX+BroZbuLHhTihJXORMG/J1Ot3VeDBGe4=&u=U2FsdGVkX1/doEhmTEAWVQfUM3KsxKgD2FRmV15DejHhtt78MWoR9NBe/+0hVdHW&y=U2FsdGVkX18zk1KEinayV+rfrIV+QiabYQrm4870AQ1o0O6/GJFqwHFO+pfv6eZp HTTP/1.1" 200 26
186.102.19.129 - - [12/Jun/2023:07:06:11 -0500] "GET /kwssiamovil/sm/acme/a?s=U2FsdGVkX19uJTuEbKLzwraes68rM/RPRzwi8zV7+45qTlvhD2t7HDEFgKvDvH0HeT8aN+Vkk5Yuk07nwY3FGuCFPCmss626VTDn6FuhPVF6MURDmgMLExLwkhpfOfHWhpgMWhQc+P5R0lK03hpBVUkaMre0HLJoc0jTlVH7b1Y=&u=U2FsdGVkX1/doEhmTEAWVQfUM3KsxKgD2FRmV15DejHhtt78MWoR9NBe/+0hVdHW&y=U2FsdGVkX18zk1KEinayV+rfrIV+QiabYQrm4870AQ1o0O6/GJFqwHFO+pfv6eZp HTTP/1.1" 200 26
186.102.19.129 - - [12/Jun/2023:07:06:11 -0500] "GET /kwssiamovil/sm/acme/a?s=U2FsdGVkX19tIVZAg26BgQoe7MTqfGnTytjVNPlwnVdQCZcDdEb2K88bXa7eqW0Itx821igQxLXz+kIiGJ4f8svFt6FF5FsRAIQy8kE2bxLvNXcgsYanbikK9RfV7SEeO4xHNUoLwR2F7UXviU3bN1Y65tNXz+XXKBJciE2XTaOkTblOHJh96oBHvffm9MQ/R9ITJdqw5mQSfha6dOwqUw==&u=U2FsdGVkX1/doEhmTEAWVQfUM3KsxKgD2FRmV15DejHhtt78MWoR9NBe/+0hVdHW&y=U2FsdGVkX18zk1KEinayV+rfrIV+QiabYQrm4870AQ1o0O6/GJFqwHFO+pfv6eZp HTTP/1.1" 200 26
186.102.19.129 - - [12/Jun/2023:07:06:11 -0500] "GET /kwssiamovil/sm/acme/a?s=U2FsdGVkX18YoA7WmVjgUl4jGJCTRodRGk2NzLJQ6zNDvSX8iF2+aOxiM2WpD+V/XFEsxzZlw255SRl5EpFcNwgpBp+PXPr3UMAS3MCmCfFRrFq+jmAQ+8YbHO5UduZxYRgDFYr+aal+Rper8SujO41f9F7ETfjC4ZnUwhGpuMZXuXRwDrjjSMS9zkUS/ZSQjC1m0hsD4xahu5px7OiGMA==&u=U2FsdGVkX1/doEhmTEAWVQfUM3KsxKgD2FRmV15DejHhtt78MWoR9NBe/+0hVdHW&y=U2FsdGVkX18zk1KEinayV+rfrIV+QiabYQrm4870AQ1o0O6/GJFqwHFO+pfv6eZp HTTP/1.1" 200 26
186.102.19.129 - - [12/Jun/2023:07:06:12 -0500] "GET /kwssiamovil/sm/acme/a?s=U2FsdGVkX1/F7e8EqWdqwsH8Jqj/MMpBx5oyFYZbzngej4KwWGMsS+zFVcB9MPFmIDJPHhkr/FnOM+xA70GjaDyjMwgnLoqVtrz/w/35iVvdXDtIfw8bDa8xeUBBrNthfZZAHdEUrWPk2+GjCT5uEbjyqXKnKcnGTW+2lWt8wm5L0wfpTra+7Q1C9RVUIZAN&u=U2FsdGVkX1/doEhmTEAWVQfUM3KsxKgD2FRmV15DejHhtt78MWoR9NBe/+0hVdHW&y=U2FsdGVkX18zk1KEinayV+rfrIV+QiabYQrm4870AQ1o0O6/GJFqwHFO+pfv6eZp HTTP/1.1" 200 26
172.22.2.4 - - [12/Jun/2023:07:05:06 -0500] "OPTIONS /BLA/boletinlegal/ HTTP/1.1" 200 45003
172.22.2.4 - - [12/Jun/2023:07:05:30 -0500] "HEAD /BLA/boletinlegal/ HTTP/1.1" 200 -
66.220.149.17 - - [12/Jun/2023:07:07:57 -0500] "GET /distrito-alcanza-meta-de-1000-hectareas-ya-con-pagos-por-servicios-ambientales.html?fbclid=IwAR2eDBypvOEryW9sxrO7Wd1zzTeq5uutgOU1Jn4dPv7B7tbWN6Z_nkFAppk HTTP/1.1" 200 828
172.22.2.4 - - [12/Jun/2023:07:06:20 -0500] "GET /BLA/boletinlegal/ HTTP/1.1" 200 55934
40.77.167.97 - - [12/Jun/2023:07:08:14 -0500] "GET /BLA/resoluciones/AUTOS%202021/5444.pdf HTTP/1.1" 304 -
201.245.192.253 - - [12/Jun/2023:07:09:22 -0500] "POST /kwsrmcab/Wsrmcab  HTTP/1.1" 200 41606
181.53.12.146 - - [12/Jun/2023:07:10:10 -0500] "GET /distrito-alcanza-meta-de-1000-hectareas-ya-con-pagos-por-servicios-ambientales.html?fbclid=IwAR0XlUhx0sQUwBBoqUQESuSShu6Uy-rtJNsUdMl-iwzU_QCTG2-eEVZnSE0_aem_th_AcWI7zGCzhywP7Aoryu9pZhj24YYd_rhWW3GYhi02n4YPpTPLpCPUHGMS3sBJTQARns HTTP/1.1" 200 828
69.63.184.3 - - [12/Jun/2023:07:10:11 -0500] "GET /distrito-alcanza-meta-de-1000-hectareas-ya-con-pagos-por-servicios-ambientales.html HTTP/1.1" 200 828
216.245.221.92 - - [12/Jun/2023:07:10:37 -0500] "HEAD / HTTP/1.1" 200 -
31.13.127.30 - - [12/Jun/2023:07:12:42 -0500] "GET /dia-mundial-del-medio-ambiente-distrito-liberara-animales-silvestres-plantara-arboles-y-desarrollara-actividades-pedagogicas.html HTTP/1.1" 200 856
191.95.52.250 - - [12/Jun/2023:07:12:54 -0500] "GET /ofensiva-conta-el-trafico-de-fauna-silvestre-durante-la-semana-ambiental-en-bogota.html?fbclid=IwAR3nWbTrfDb2ETNvvX3itaNi8BHVCVMCiD9RtAS8e4wjTexQHbEwrCjgNkQ_aem_th_AcVMAo2jtPv1MTuMpXDp4h5EK5C8WUKWznwKQNyLzRw4R7T73Xh3_No_PiG5AvOiwa4 HTTP/1.1" 200 989
69.171.249.11 - - [12/Jun/2023:07:12:54 -0500] "GET /ofensiva-conta-el-trafico-de-fauna-silvestre-durante-la-semana-ambiental-en-bogota.html HTTP/1.1" 200 989
69.171.249.20 - - [12/Jun/2023:07:12:54 -0500] "GET /ofensiva-conta-el-trafico-de-fauna-silvestre-durante-la-semana-ambiental-en-bogota.html HTTP/1.1" 200 989
172.22.2.4 - - [12/Jun/2023:07:11:20 -0500] "HEAD /BLA/boletinlegal/ HTTP/1.1" 200 -
172.22.2.4 - - [12/Jun/2023:07:12:11 -0500] "GET /BLA/boletinlegal/ HTTP/1.1" 200 56754
201.245.192.253 - - [12/Jun/2023:07:14:22 -0500] "POST /kwsrmcab/Wsrmcab  HTTP/1.1" 200 41606
216.245.221.92 - - [12/Jun/2023:07:15:37 -0500] "HEAD / HTTP/1.1" 200 -
173.252.107.3 - - [12/Jun/2023:07:16:08 -0500] "HEAD /ofensiva-conta-el-trafico-de-fauna-silvestre-durante-la-semana-ambiental-en-bogota.html HTTP/1.1" 206 -
162.55.35.116 - - [12/Jun/2023:07:16:26 -0500] "GET / HTTP/1.1" 200 319
162.55.35.116 - - [12/Jun/2023:07:16:28 -0500] "GET / HTTP/1.1" 200 4720
172.22.2.4 - - [12/Jun/2023:07:17:10 -0500] "HEAD /BLA/boletinlegal/ HTTP/1.1" 200 -
201.245.192.253 - - [12/Jun/2023:07:19:20 -0500] "POST /kwsrmcab/Wsrmcab  HTTP/1.1" 200 41606
172.22.2.4 - - [12/Jun/2023:07:18:00 -0500] "GET /BLA/boletinlegal/ HTTP/1.1" 200 55934
186.84.89.251 - - [12/Jun/2023:07:20:01 -0500] "GET /ofensiva-conta-el-trafico-de-fauna-silvestre-durante-la-semana-ambiental-en-bogota.html?fbclid=IwAR09sQWtLDBCxBnxTzwsefXOqygE1UXHl9cgsrav1MD0qtFct4YNqBfoP6o HTTP/1.1" 200 989
216.245.221.92 - - [12/Jun/2023:07:20:37 -0500] "HEAD / HTTP/1.1" 200 -
201.245.192.253 - - [12/Jun/2023:07:20:49 -0500] "POST /kwsrmcab/Wsrmcab HTTP/1.1" 200 43243
201.245.192.253 - - [12/Jun/2023:07:20:51 -0500] "POST /kwsrmcab/Wsrmcab HTTP/1.1" 200 41578
66.249.79.100 - - [12/Jun/2023:07:21:07 -0500] "-" 408 -
172.22.2.4 - - [12/Jun/2023:07:22:32 -0500] "GET /BLA/boletinlegal/ HTTP/1.1" 200 20427
201.245.192.253 - - [12/Jun/2023:07:24:20 -0500] "POST /kwsrmcab/Wsrmcab  HTTP/1.1" 200 41606
168.119.101.10 - - [12/Jun/2023:07:24:38 -0500] "GET / HTTP/1.1" 200 4720
172.22.2.4 - - [12/Jun/2023:07:23:00 -0500] "HEAD /BLA/boletinlegal/ HTTP/1.1" 200 -
168.119.101.10 - - [12/Jun/2023:07:24:40 -0500] "GET / HTTP/1.1" 200 319
172.22.2.4 - - [12/Jun/2023:07:23:50 -0500] "GET /BLA/boletinlegal/ HTTP/1.1" 200 57151
216.245.221.92 - - [12/Jun/2023:07:25:37 -0500] "HEAD / HTTP/1.1" 200 -
52.167.144.158 - - [12/Jun/2023:07:26:17 -0500] "GET /BLA/resoluciones/RESOLUCIONES%202018/2566.pdf HTTP/1.1" 304 -
173.252.107.23 - - [12/Jun/2023:07:26:55 -0500] "GET /en-el-dia-mundial-de-la-educacion-ambiental-bogota-condecora-a-docentes-lideres-artistas-organizaciones-y-empresas.html HTTP/1.1" 200 1075
173.252.107.3 - - [12/Jun/2023:07:26:55 -0500] "GET /en-el-dia-mundial-de-la-educacion-ambiental-bogota-condecora-a-docentes-lideres-artistas-organizaciones-y-empresas.html HTTP/1.1" 200 1075
66.249.73.69 - - [12/Jun/2023:07:27:44 -0500] "-" 408 -
173.252.107.14 - - [12/Jun/2023:07:28:09 -0500] "HEAD /ofensiva-conta-el-trafico-de-fauna-silvestre-durante-la-semana-ambiental-en-bogota.html HTTP/1.1" 206 -
201.245.192.253 - - [12/Jun/2023:07:29:19 -0500] "POST /kwsrmcab/Wsrmcab  HTTP/1.1" 200 41606
31.13.103.15 - - [12/Jun/2023:07:30:13 -0500] "HEAD /ofensiva-conta-el-trafico-de-fauna-silvestre-durante-la-semana-ambiental-en-bogota.html HTTP/1.1" 206 -
172.22.2.4 - - [12/Jun/2023:07:28:50 -0500] "HEAD /BLA/boletinlegal/ HTTP/1.1" 200 -
216.245.221.92 - - [12/Jun/2023:07:30:37 -0500] "HEAD / HTTP/1.1" 200 -
201.245.192.253 - - [12/Jun/2023:07:30:49 -0500] "POST /kwsrmcab/Wsrmcab HTTP/1.1" 200 43243
201.245.192.253 - - [12/Jun/2023:07:30:51 -0500] "POST /kwsrmcab/Wsrmcab HTTP/1.1" 200 41578
172.22.2.4 - - [12/Jun/2023:07:29:40 -0500] "GET /BLA/boletinlegal/ HTTP/1.1" 200 59306
173.252.107.10 - - [12/Jun/2023:07:31:38 -0500] "GET /dos-animales-silvestres-carne-y-huevos-de-tortuga-fueron-recuperados-en-semana-santa.html HTTP/1.1" 200 1092
201.245.192.253 - - [12/Jun/2023:07:34:17 -0500] "POST /kwsrmcab/Wsrmcab  HTTP/1.1" 200 41606
66.249.73.67 - - [12/Jun/2023:07:34:25 -0500] "-" 408 -
216.245.221.92 - - [12/Jun/2023:07:35:37 -0500] "HEAD / HTTP/1.1" 200 -
167.99.222.246 - - [12/Jun/2023:07:36:11 -0500] "\x16\x03\x01" 400 226
167.99.222.246 - - [12/Jun/2023:07:36:12 -0500] "\x16\x03\x01" 400 226
167.99.222.246 - - [12/Jun/2023:07:36:12 -0500] "GET / HTTP/1.1" 200 319
167.99.222.246 - - [12/Jun/2023:07:36:12 -0500] "GET /client/get_targets HTTP/1.1" 404 1018
167.99.222.246 - - [12/Jun/2023:07:36:13 -0500] "GET /upl.php HTTP/1.1" 404 1018
167.99.222.246 - - [12/Jun/2023:07:36:13 -0500] "\x16\x03\x01" 400 226
167.99.222.246 - - [12/Jun/2023:07:36:13 -0500] "GET /geoip/ HTTP/1.1" 404 1018
167.99.222.246 - - [12/Jun/2023:07:36:14 -0500] "GET / HTTP/1.1" 200 319
167.99.222.246 - - [12/Jun/2023:07:36:14 -0500] "GET /favicon.ico HTTP/1.1" 200 7782
167.99.222.246 - - [12/Jun/2023:07:36:15 -0500] "GET /1.php HTTP/1.1" 404 1018
167.99.222.246 - - [12/Jun/2023:07:36:15 -0500] "GET /bundle.js HTTP/1.1" 404 1018
167.99.222.246 - - [12/Jun/2023:07:36:15 -0500] "GET /files/ HTTP/1.1" 404 1018
172.22.2.4 - - [12/Jun/2023:07:34:40 -0500] "HEAD /BLA/boletinlegal/ HTTP/1.1" 200 -
186.102.57.216 - - [12/Jun/2023:07:36:53 -0500] "GET /ofensiva-conta-el-trafico-de-fauna-silvestre-durante-la-semana-ambiental-en-bogota.html?fbclid=IwAR2lvOHGx1DC9Eap9oWz_Wjy4ZqAX3qkVQcI24dwhon9PAUc5T1KpzEYWGs HTTP/1.1" 200 989
172.22.2.4 - - [12/Jun/2023:07:35:30 -0500] "GET /BLA/boletinlegal/ HTTP/1.1" 200 58663
201.245.192.253 - - [12/Jun/2023:07:39:16 -0500] "POST /kwsrmcab/Wsrmcab  HTTP/1.1" 200 41606
216.245.221.92 - - [12/Jun/2023:07:40:37 -0500] "HEAD / HTTP/1.1" 200 -
201.245.192.253 - - [12/Jun/2023:07:40:49 -0500] "POST /kwsrmcab/Wsrmcab HTTP/1.1" 200 43243
201.245.192.253 - - [12/Jun/2023:07:40:52 -0500] "POST /kwsrmcab/Wsrmcab HTTP/1.1" 200 41578
172.22.2.4 - - [12/Jun/2023:07:40:30 -0500] "HEAD /BLA/boletinlegal/ HTTP/1.1" 200 -
173.252.111.16 - - [12/Jun/2023:07:42:24 -0500] "GET /ofensiva-conta-el-trafico-de-fauna-silvestre-durante-la-semana-ambiental-en-bogota.html HTTP/1.1" 200 989
185.233.19.115 - - [12/Jun/2023:07:42:36 -0500] "GET / HTTP/1.1" 200 319
172.22.2.4 - - [12/Jun/2023:07:41:20 -0500] "GET /BLA/boletinlegal/ HTTP/1.1" 200 55571
186.102.19.129 - - [12/Jun/2023:07:43:08 -0500] "OPTIONS /kwssiamovil/sm/setfile/f? HTTP/1.1" 200 13
186.102.19.129 - - [12/Jun/2023:07:43:08 -0500] "POST /kwssiamovil/sm/setfile/f? HTTP/1.1" 200 381
186.102.19.129 - - [12/Jun/2023:07:43:22 -0500] "GET /kwssiamovil/sm/acme/a?s=U2FsdGVkX188pm61Wy7+Ndg2950za3m65lVjaSasXpVKI7cyqeUfazbNNlecc3/1/coDkj4svc8K4hT6w60XBDn8YkH8jgyF8vJYtzFumE67m44Blq6OQloq8YJwjgpv9Jne4KyNsTGguYFd/gDtNK6TfE4iu/o9g+Qdqsy4v+uGlwfXF6x0VxDZF0mkxFm9lYfkJNLmJatFMj6hxWCfrpOoofJvAgF1fgc7ZNF4gd1pX16CCSo14eBWbkS7XI70VgSlFp2EMlMAiYKoER0XHw==&u=U2FsdGVkX1/doEhmTEAWVQfUM3KsxKgD2FRmV15DejHhtt78MWoR9NBe/+0hVdHW&y=U2FsdGVkX18zk1KEinayV+rfrIV+QiabYQrm4870AQ1o0O6/GJFqwHFO+pfv6eZp HTTP/1.1" 200 26
186.102.19.129 - - [12/Jun/2023:07:43:23 -0500] "GET /kwssiamovil/sm/acme/a?s=U2FsdGVkX1/hooxCudhBSOxyPapuGcFxB0Yx4Rb8GZ5n4ZQCpkEDE5GCUSwAeGMY4qmwKWFstB0B++RGOaxINbuScGMZhbJ4n3IpEvwdx7cGrZVbV0BGPg86xqdUhnWAx6HE828JbYzXKzll7ClrH8M1gmlEtks1m5PRKAmujSI2d7ilY/u88vFLVLot+nyg1tCIAsmJVTPW2JUbltDlWr5Y9GWztK4osrboqCfjrYpGI0EOjylgeYfFVXovJYDN52JMtUxsJjpG1MXtp3In2+q2irSogLQjzjr84ngVs6MoCxjzn2iqKQ8oC4xoLpFivaWz57wgHG7gtYuFwVS4AXY9lW6oAEY8VxQ/VrfPUF11ID5sS0IM7IODU2b/avfbZjovMiFBs1Ha6RZLLgVEMd91LXR3wjXhB3vuCSjatYNOtei06ANt9L/KcwhF1Hn+lI38l3ktsSJJdvC7OuQ93GNSbj56F7+/01fMYm261sNdnL300tMaEkysqz9UNCdYlc3CYWnl0h+iAeIf4yG+ZsSFtM1VKFkPFaHhpBpy0Mz19l9eHR3YkUtWpkYEMBi/CC68d6LRpOeKkG1a1b8HQIPOFmfQrQ6ojJjUKJ+qwNqIhlOkySkv+Kz1pixlls8VURuDFcHebDBrp+YLEIYYMBdhuNhAaCIOtCnUqvGD+++K7Afc0hmC13Vun/z/ApmlW3T7N54ZXTncFvwkL2x7QeiFQ7r8hpX+TERRAu7sIb17i1fPEViChc6/Jnzi8sdOByXm9dZJ6N4Lj2rHZzx/hvPalnUxvYTMZb0K3+kDl+bE0iFMAsYlax7K81xVEkia5om9LvQXxMBtakzSvfLpZRQjsY7+6PZSqOhRoOPohJOoPnSwO61St8j96VJEfTWdx/4nVwxXiU5qCRhIa91GjPlUiKZkRLAhxyRziQEjWlVol3mNDb7NDxDzfVQxPbXYvt1EBvnM8pJbHTKbkEpr1Jwwu/Yx12CgH9H02CLlV7ueykBhrrpChuWUpBW3B3Bzw1yISZtOovKZ4ihQuessev9CJ9+K+D6ePpBQ1x5wG1Quaw6FS1zvAmtJUDHQBtELRAvxJJjw5rDZaJNP4E2uz1MM/bmc/oGHysaVKr+hFBZz1SEuGTysZaYpG4Npt6nmjgXoiCpfzggzMCLjFwBpFMNv4ajep+xQ4LxF5UKuXbhRWFYNWA4+Wocj1wQxpfAMRJaQZ2rCu63meZt+iMBJDtxgOP4E8Y/BzpXuVWnVnCAmFHY9or8mp+XMPNoKxfjEy2jtLOJ8d/RSwJtllheMaIA/rhdiVQdWzbZ+n9DY2uIeCI1pRN6bEKU/1udwvsrH9wnuGUApRSljENntgSYrMlP1VnYD1xoC2G9I8VgEFFM=&u=U2FsdGVkX1/doEhmTEAWVQfUM3KsxKgD2FRmV15DejHhtt78MWoR9NBe/+0hVdHW&y=U2FsdGVkX18zk1KEinayV+rfrIV+QiabYQrm4870AQ1o0O6/GJFqwHFO+pfv6eZp HTTP/1.1" 200 26
186.102.19.129 - - [12/Jun/2023:07:43:24 -0500] "GET /kwssiamovil/sm/acme/a?s=U2FsdGVkX19KJ0jAyf4DtYWRC0KHQwrih2NHsUTZvegHeSHJZ4l0tpPoX201aT6ciYRT9nVkPSmoX5ECU+aeqDrUJIkxEttc1NMJsQ+EtZCBxNXvs2OYp9VAJ6WIaUC9aA4KiRHLEQCsm8IQGLyRPFc8cVwp0/9U7D2ba6waczg=&u=U2FsdGVkX1/doEhmTEAWVQfUM3KsxKgD2FRmV15DejHhtt78MWoR9NBe/+0hVdHW&y=U2FsdGVkX18zk1KEinayV+rfrIV+QiabYQrm4870AQ1o0O6/GJFqwHFO+pfv6eZp HTTP/1.1" 200 26
