69.63.189.2 - - [13/Jun/2023:06:48:10 -0500] "GET /dia-mundial-del-medio-ambiente-distrito-liberara-animales-silvestres-plantara-arboles-y-desarrollara-actividades-pedagogicas.html HTTP/1.1" 206 856
201.245.192.253 - - [13/Jun/2023:06:48:07 -0500] "POST /kwsrmcab/Wsrmcab  HTTP/1.1" 200 213
40.77.167.98 - - [13/Jun/2023:06:50:12 -0500] "GET /sipse/faces/faces/autenticacion.xhtml HTTP/1.1" 200 12500
172.22.2.4 - - [13/Jun/2023:06:50:22 -0500] "GET /BLA/boletinlegal/consulta_actos.php?tipo=resoluciones&no=0112&usuario=&sector=&fecha=2017&resuelve= HTTP/1.1" 200 1083
191.156.146.233 - - [13/Jun/2023:06:50:25 -0500] "GET /BLA/resoluciones/RESOLUCIONES%202017/0112.pdf HTTP/1.1" 200 636388
172.22.2.4 - - [13/Jun/2023:06:48:49 -0500] "HEAD /BLA/boletinlegal/ HTTP/1.1" 200 -
216.245.221.92 - - [13/Jun/2023:06:50:33 -0500] "HEAD / HTTP/1.1" 200 -
177.237.60.230 - - [13/Jun/2023:06:50:37 -0500] "GET /BLA/boletinlegal/js/jquery.scrollShow.js HTTP/1.1" 200 4586
177.237.60.230 - - [13/Jun/2023:06:50:37 -0500] "GET /galeria/galeria/jquery.fancybox.css?v=2.1.5 HTTP/1.1" 200 4895
177.237.60.230 - - [13/Jun/2023:06:50:37 -0500] "GET /galeria/galeria/jquery.fancybox.js?v=2.1.5 HTTP/1.1" 200 48706
177.237.60.230 - - [13/Jun/2023:06:50:39 -0500] "GET /autoliquidacion2020 HTTP/1.1" 301 250
177.237.60.230 - - [13/Jun/2023:06:50:39 -0500] "GET /autoliquidacion2020/ HTTP/1.1" 200 6146
177.237.60.230 - - [13/Jun/2023:06:50:39 -0500] "GET /autoliquidacion2020/dlf/styles.css HTTP/1.1" 200 3045
177.237.60.230 - - [13/Jun/2023:06:50:39 -0500] "GET /autoliquidacion2020/dlf/folder.png HTTP/1.1" 200 410
177.237.60.230 - - [13/Jun/2023:06:50:39 -0500] "GET /autoliquidacion2020/dlf/bg.gif HTTP/1.1" 200 54
52.167.144.158 - - [13/Jun/2023:06:50:51 -0500] "GET /Publicaciones/2023EE63313.pdf HTTP/1.1" 404 227
177.237.60.230 - - [13/Jun/2023:06:50:52 -0500] "GET /autoliquidacion2020/index.php?dir=Grupo+Forestal+-+Silvicultura%2F HTTP/1.1" 200 2799
177.237.60.230 - - [13/Jun/2023:06:50:52 -0500] "GET /autoliquidacion2020/dlf/dirup.png HTTP/1.1" 200 644
177.237.60.230 - - [13/Jun/2023:06:50:52 -0500] "GET /autoliquidacion2020/dlf/html.gif HTTP/1.1" 200 632
177.237.60.230 - - [13/Jun/2023:06:50:55 -0500] "GET /autoliquidacion2020/index.php?dir=Grupo+Forestal+-+Silvicultura%2FPermiso+o+autorizaci%F3n+para+aprovechamiento+forestal+de+%E1rboles+aislados%2F HTTP/1.1" 200 3777
177.237.60.230 - - [13/Jun/2023:06:50:55 -0500] "GET /autoliquidacion2020/dlf/unknown.png HTTP/1.1" 200 266
177.237.60.230 - - [13/Jun/2023:06:50:55 -0500] "GET /autoliquidacion2020/dlf/xls.gif HTTP/1.1" 200 636
177.237.60.230 - - [13/Jun/2023:06:50:58 -0500] "GET /autoliquidacion2020/Grupo%20Forestal%20-%20Silvicultura/Permiso%20o%20autorizaci%C3%B3n%20para%20aprovechamiento%20forestal%20de%20%C3%A1rboles%20aislados/PM04-PR30-F1%20Formulario%20de%20solicitud%20de%20manejo%20o%20aprovechamiento%20forestal.xlsx HTTP/1.1" 200 69007
172.22.2.4 - - [13/Jun/2023:06:49:40 -0500] "GET /BLA/boletinlegal/ HTTP/1.1" 200 59306
201.245.192.253 - - [13/Jun/2023:06:53:05 -0500] "POST /kwsrmcab/Wsrmcab  HTTP/1.1" 200 213
216.245.221.92 - - [13/Jun/2023:06:55:33 -0500] "HEAD / HTTP/1.1" 200 -
172.22.2.4 - - [13/Jun/2023:06:54:39 -0500] "HEAD /BLA/boletinlegal/ HTTP/1.1" 200 -
173.252.107.5 - - [13/Jun/2023:06:56:38 -0500] "HEAD /ofensiva-conta-el-trafico-de-fauna-silvestre-durante-la-semana-ambiental-en-bogota.html HTTP/1.1" 206 -
172.22.2.4 - - [13/Jun/2023:06:55:30 -0500] "GET /BLA/boletinlegal/ HTTP/1.1" 200 56754
201.245.192.253 - - [13/Jun/2023:06:58:04 -0500] "POST /kwsrmcab/Wsrmcab  HTTP/1.1" 200 213
172.22.2.4 - - [13/Jun/2023:06:59:24 -0500] "GET /BLA/boletinlegal/actos.php HTTP/1.1" 200 9682
95.230.176.242 - - [13/Jun/2023:07:00:21 -0500] "GET / HTTP/1.0" 200 319
216.245.221.92 - - [13/Jun/2023:07:00:33 -0500] "HEAD / HTTP/1.1" 200 -
172.22.2.4 - - [13/Jun/2023:07:00:29 -0500] "HEAD /BLA/boletinlegal/ HTTP/1.1" 200 -
172.22.2.4 - - [13/Jun/2023:07:01:20 -0500] "GET /BLA/boletinlegal/ HTTP/1.1" 200 58307
201.245.192.253 - - [13/Jun/2023:07:03:02 -0500] "POST /kwsrmcab/Wsrmcab  HTTP/1.1" 200 213
172.22.2.4 - - [13/Jun/2023:07:04:06 -0500] "GET /BLA/boletinlegal/js/jquery.js HTTP/1.1" 200 57254
172.22.2.4 - - [13/Jun/2023:07:04:06 -0500] "GET /BLA/boletinlegal/js/jquery.scrollTo-min.js HTTP/1.1" 200 1150
172.22.2.4 - - [13/Jun/2023:07:04:06 -0500] "GET /BLA/boletinlegal/style.css HTTP/1.1" 200 9406
172.22.2.4 - - [13/Jun/2023:07:04:06 -0500] "GET /BLA/boletinlegal/styles2.css HTTP/1.1" 200 1838
172.22.2.4 - - [13/Jun/2023:07:04:06 -0500] "GET /BLA/boletinlegal/js/jquery.scrollShow.js HTTP/1.1" 200 4586
172.22.2.4 - - [13/Jun/2023:07:04:06 -0500] "GET /BLA/boletinlegal/images/cabezote%20BLEGAL.jpg HTTP/1.1" 200 118164
172.22.2.4 - - [13/Jun/2023:07:04:06 -0500] "GET /BLA/boletinlegal/images/subscribe-icon-big.png HTTP/1.1" 200 47702
172.22.2.4 - - [13/Jun/2023:07:04:06 -0500] "GET /BLA/boletinlegal/images/historia.png HTTP/1.1" 200 52775
172.22.2.4 - - [13/Jun/2023:07:04:07 -0500] "GET /BLA/boletinlegal/images/arr_l.jpg HTTP/1.1" 200 1979
172.22.2.4 - - [13/Jun/2023:07:04:07 -0500] "GET /BLA/boletinlegal/images/registro-usuarios.png HTTP/1.1" 200 8106
172.22.2.4 - - [13/Jun/2023:07:04:07 -0500] "GET /BLA/boletinlegal/images/screen_1.png HTTP/1.1" 200 202547
172.22.2.4 - - [13/Jun/2023:07:04:07 -0500] "GET /BLA/boletinlegal/images/launch.jpg HTTP/1.1" 200 14577
172.22.2.4 - - [13/Jun/2023:07:04:07 -0500] "GET /BLA/boletinlegal/images/menu_rght.gif HTTP/1.1" 200 1627
172.22.2.4 - - [13/Jun/2023:07:04:07 -0500] "GET /BLA/boletinlegal/images/menu_lft.gif HTTP/1.1" 200 1713
172.22.2.4 - - [13/Jun/2023:07:04:07 -0500] "GET /BLA/boletinlegal/images/body_bg.jpg HTTP/1.1" 200 1601
172.22.2.4 - - [13/Jun/2023:07:04:07 -0500] "GET /BLA/boletinlegal/images/bg_top.jpg HTTP/1.1" 200 522
172.22.2.4 - - [13/Jun/2023:07:04:07 -0500] "GET /BLA/boletinlegal/images/text.jpg HTTP/1.1" 200 568
172.22.2.4 - - [13/Jun/2023:07:04:07 -0500] "GET /BLA/boletinlegal/images/menu_bg.jpg HTTP/1.1" 200 620
172.22.2.4 - - [13/Jun/2023:07:04:07 -0500] "GET /BLA/boletinlegal/images/hover.jpg HTTP/1.1" 200 640
172.22.2.4 - - [13/Jun/2023:07:04:13 -0500] "GET /BLA/boletinlegal/actos.php HTTP/1.1" 200 9682
172.22.2.4 - - [13/Jun/2023:07:04:13 -0500] "GET /BLA/boletinlegal/js/ajax_actos.js HTTP/1.1" 200 1322
172.22.2.4 - - [13/Jun/2023:07:04:13 -0500] "GET /BLA/boletinlegal/niceforms-default.css HTTP/1.1" 200 6694
172.22.2.4 - - [13/Jun/2023:07:04:13 -0500] "GET /BLA/boletinlegal/js/jquery1.js HTTP/1.1" 200 29846
172.22.2.4 - - [13/Jun/2023:07:04:13 -0500] "GET /BLA/boletinlegal/js/popup.js HTTP/1.1" 200 1270
172.22.2.4 - - [13/Jun/2023:07:04:13 -0500] "GET /BLA/boletinlegal/niceforms.js HTTP/1.1" 200 22876
172.22.2.4 - - [13/Jun/2023:07:04:13 -0500] "GET /BLA/boletinlegal/js/lib.js HTTP/1.1" 200 6474
172.22.2.4 - - [13/Jun/2023:07:04:13 -0500] "GET /BLA/boletinlegal/images/green-yellow-blue-pink-th.png HTTP/1.1" 200 7394
172.22.2.4 - - [13/Jun/2023:07:04:14 -0500] "GET /BLA/boletinlegal/images/tel.png HTTP/1.1" 200 14477
172.22.2.4 - - [13/Jun/2023:07:04:14 -0500] "GET /BLA/boletinlegal/images/icono-email.png HTTP/1.1" 200 5544
172.22.2.4 - - [13/Jun/2023:07:04:14 -0500] "GET /BLA/boletinlegal/images/footer_bg.jpg HTTP/1.1" 200 586
172.22.2.4 - - [13/Jun/2023:07:04:14 -0500] "GET /BLA/boletinlegal/images/footer_bg_l.jpg HTTP/1.1" 200 776
172.22.2.4 - - [13/Jun/2023:07:04:14 -0500] "GET /BLA/boletinlegal/img/0.png HTTP/1.1" 200 110
172.22.2.4 - - [13/Jun/2023:07:04:14 -0500] "GET /BLA/boletinlegal/img/button.png HTTP/1.1" 200 43241
172.22.2.4 - - [13/Jun/2023:07:04:14 -0500] "GET /BLA/boletinlegal/img/select-left.png HTTP/1.1" 200 263
172.22.2.4 - - [13/Jun/2023:07:04:14 -0500] "GET /BLA/boletinlegal/img/select-right.png HTTP/1.1" 200 44019
172.22.2.4 - - [13/Jun/2023:07:04:14 -0500] "GET /BLA/boletinlegal/img/button-left.png HTTP/1.1" 200 57071
172.22.2.4 - - [13/Jun/2023:07:04:14 -0500] "GET /BLA/boletinlegal/img/button-right.png HTTP/1.1" 200 57878
190.27.158.108 - - [13/Jun/2023:07:04:16 -0500] "GET /BLA/resoluciones/ HTTP/1.1" 200 13502
190.27.158.108 - - [13/Jun/2023:07:04:16 -0500] "GET /BLA/resoluciones/dlf/styles.css HTTP/1.1" 200 3049
190.27.158.108 - - [13/Jun/2023:07:04:16 -0500] "GET /BLA/resoluciones/dlf/folder.png HTTP/1.1" 200 410
190.27.158.108 - - [13/Jun/2023:07:04:16 -0500] "GET /BLA/resoluciones/dlf/bg.gif HTTP/1.1" 200 54
190.27.158.108 - - [13/Jun/2023:07:04:27 -0500] "GET /BLA/resoluciones/dlf/dirup.png HTTP/1.1" 200 644
190.27.158.108 - - [13/Jun/2023:07:04:27 -0500] "GET /BLA/resoluciones/dlf/pdf.gif HTTP/1.1" 200 272
190.27.158.108 - - [13/Jun/2023:07:04:26 -0500] "GET /BLA/resoluciones/index.php?dir=RESOLUCIONES+2021%2F HTTP/1.1" 200 439986
201.245.192.253 - - [13/Jun/2023:07:04:28 -0500] "GET /sipse/faces/faces/autenticacion.xhtml HTTP/1.1" 200 12178
172.22.2.4 - - [13/Jun/2023:07:04:06 -0500] "GET /BLA/boletinlegal/ HTTP/1.1" 200 24523
69.171.231.3 - - [13/Jun/2023:07:04:53 -0500] "GET /ofensiva-conta-el-trafico-de-fauna-silvestre-durante-la-semana-ambiental-en-bogota.html HTTP/1.1" 200 989
216.245.221.92 - - [13/Jun/2023:07:05:33 -0500] "HEAD / HTTP/1.1" 200 -
201.245.192.253 - - [13/Jun/2023:07:06:23 -0500] "GET /sipse/css/custom_css_sg.css HTTP/1.1" 200 9694
201.245.192.253 - - [13/Jun/2023:07:06:23 -0500] "GET /sipse/js/disable_browser_buttons.js HTTP/1.1" 200 3230
69.171.249.19 - - [13/Jun/2023:07:07:13 -0500] "GET /images/camino-cerros-orientales-guadalupe.jpg HTTP/1.1" 200 68101
172.22.2.4 - - [13/Jun/2023:07:06:19 -0500] "HEAD /BLA/boletinlegal/ HTTP/1.1" 200 -
201.245.192.253 - - [13/Jun/2023:07:08:01 -0500] "POST /kwsrmcab/Wsrmcab  HTTP/1.1" 200 213
172.22.2.4 - - [13/Jun/2023:07:06:49 -0500] "GET /BLA/boletinlegal/ HTTP/1.1" 200 50664
172.22.2.4 - - [13/Jun/2023:07:07:10 -0500] "GET /BLA/boletinlegal/ HTTP/1.1" 200 51977
201.245.192.253 - - [13/Jun/2023:07:08:53 -0500] "GET /sipse/css/custom_css_sg_prime_login.css HTTP/1.1" 200 443
172.22.2.4 - - [13/Jun/2023:07:09:08 -0500] "GET /BLA/boletinlegal/consulta_actos.php?tipo=resoluciones&no=0333&usuario=&sector=&fecha=2022&resuelve= HTTP/1.1" 200 1094
191.156.144.23 - - [13/Jun/2023:07:09:10 -0500] "GET /BLA/resoluciones/RESOLUCIONES%202022/0333.pdf HTTP/1.1" 200 467989
201.245.192.253 - - [13/Jun/2023:07:06:23 -0500] "GET /sipse/js/funciones.js HTTP/1.1" 200 12592
201.245.192.253 - - [13/Jun/2023:07:09:38 -0500] "GET /sipse/faces/index.xhtml HTTP/1.1" 200 677
216.245.221.92 - - [13/Jun/2023:07:10:33 -0500] "HEAD / HTTP/1.1" 200 -
201.245.192.253 - - [13/Jun/2023:07:08:53 -0500] "GET /sipse/faces/javax.faces.resource/theme.css?ln=primefaces-sipse HTTP/1.1" 200 12202
172.22.2.4 - - [13/Jun/2023:07:12:00 -0500] "GET /BLA/boletinlegal/consulta_actos.php?tipo=resoluciones&no=1405&usuario=&sector=&fecha=2022&resuelve= HTTP/1.1" 200 1104
191.156.159.114 - - [13/Jun/2023:07:12:03 -0500] "GET /BLA/resoluciones/RESOLUCIONES%202022/1405.pdf HTTP/1.1" 200 687327
172.22.2.4 - - [13/Jun/2023:07:12:17 -0500] "GET /BLA/boletinlegal/Directivas/2013/Directiva%20No.%201%20del%2004%20de%20Abril%20de%202013.pdf HTTP/1.1" 304 -
201.245.192.253 - - [13/Jun/2023:07:09:58 -0500] "GET /sipse/faces/javax.faces.resource/theme.css?ln=primefaces-sipse HTTP/1.1" 200 17730
201.245.192.253 - - [13/Jun/2023:07:13:00 -0500] "POST /kwsrmcab/Wsrmcab  HTTP/1.1" 200 213
172.22.2.4 - - [13/Jun/2023:07:12:09 -0500] "HEAD /BLA/boletinlegal/ HTTP/1.1" 200 -
172.22.2.4 - - [13/Jun/2023:07:14:13 -0500] "GET /BLA/boletinlegal/consulta_actos.php?tipo=resoluciones&no=1518&usuario=&sector=&fecha=2022&resuelve= HTTP/1.1" 200 1100
172.22.2.4 - - [13/Jun/2023:07:13:00 -0500] "GET /BLA/boletinlegal/ HTTP/1.1" 200 58663
216.245.221.92 - - [13/Jun/2023:07:15:33 -0500] "HEAD / HTTP/1.1" 200 -
172.22.2.4 - - [13/Jun/2023:07:15:35 -0500] "GET /BLA/boletinlegal/consulta_actos.php?tipo=resoluciones&no=2799&usuario=&sector=&fecha=2022&resuelve= HTTP/1.1" 200 1109
191.156.148.194 - - [13/Jun/2023:07:15:38 -0500] "GET /BLA/resoluciones/RESOLUCIONES%202022/2799.pdf HTTP/1.1" 200 432723
172.22.2.4 - - [13/Jun/2023:07:16:49 -0500] "GET /BLA/boletinlegal/desktop/container/landing.jsp?locale=en_US HTTP/1.1" 404 1038
201.245.192.253 - - [13/Jun/2023:07:17:58 -0500] "POST /kwsrmcab/Wsrmcab  HTTP/1.1" 200 213
168.119.253.21 - - [13/Jun/2023:07:18:44 -0500] "GET / HTTP/1.1" 200 319
168.119.253.21 - - [13/Jun/2023:07:18:45 -0500] "GET / HTTP/1.1" 200 4720
27.44.203.5 - - [13/Jun/2023:07:19:30 -0500] "GET /galeria/galeria/fotos/2humedal-Burro2P.jpg HTTP/1.1" 200 8996
172.22.2.4 - - [13/Jun/2023:07:19:31 -0500] "GET /BLA/boletinlegal/consulta_actos.php?tipo=resoluciones&no=3938&usuario=&sector=&fecha=2022&resuelve= HTTP/1.1" 200 1096
191.156.146.78 - - [13/Jun/2023:07:19:34 -0500] "GET /BLA/resoluciones/RESOLUCIONES%202022/3938.pdf HTTP/1.1" 200 456737
172.22.2.4 - - [13/Jun/2023:07:17:59 -0500] "HEAD /BLA/boletinlegal/ HTTP/1.1" 200 -
172.22.2.4 - - [13/Jun/2023:07:18:50 -0500] "GET /BLA/boletinlegal/ HTTP/1.1" 200 56754
216.245.221.92 - - [13/Jun/2023:07:20:33 -0500] "HEAD / HTTP/1.1" 200 -
201.245.192.253 - - [13/Jun/2023:07:20:44 -0500] "POST /kwsrmcab/Wsrmcab HTTP/1.1" 200 43538
62.10.208.89 - - [13/Jun/2023:07:20:47 -0500] "GET / HTTP/1.1" 200 319
201.245.192.253 - - [13/Jun/2023:07:20:48 -0500] "POST /kwsrmcab/Wsrmcab HTTP/1.1" 200 41592
66.249.70.197 - - [13/Jun/2023:07:21:13 -0500] "-" 408 -
18.170.230.204 - - [13/Jun/2023:07:21:37 -0500] "GET / HTTP/1.0" 200 319
18.170.230.204 - - [13/Jun/2023:07:21:43 -0500] "\x16\x03\x01" 400 226
18.170.230.204 - - [13/Jun/2023:07:21:51 -0500] "GET /favicon.ico HTTP/1.1" 200 7782
18.170.230.204 - - [13/Jun/2023:07:21:57 -0500] "\x16\x03\x01" 400 226
18.170.230.204 - - [13/Jun/2023:07:22:05 -0500] "GET /manage/account/login HTTP/1.1" 404 1018
18.170.230.204 - - [13/Jun/2023:07:22:14 -0500] "\x16\x03\x01" 400 226
18.170.230.204 - - [13/Jun/2023:07:22:23 -0500] "GET /admin/index.html HTTP/1.1" 404 1018
172.22.2.4 - - [13/Jun/2023:07:22:24 -0500] "GET /BLA/boletinlegal/consulta_actos.php?tipo=resoluciones&no=0245&usuario=&sector=&fecha=2023&resuelve= HTTP/1.1" 200 1093
191.156.151.72 - - [13/Jun/2023:07:22:27 -0500] "GET /BLA/resoluciones/RESOLUCIONES%202023/0245.pdf HTTP/1.1" 200 510163
18.170.230.204 - - [13/Jun/2023:07:22:32 -0500] "\x16\x03\x01" 400 226
18.170.230.204 - - [13/Jun/2023:07:22:41 -0500] "GET /index.html HTTP/1.1" 200 319
18.170.230.204 - - [13/Jun/2023:07:22:50 -0500] "\x16\x03\x01" 400 226
18.170.230.204 - - [13/Jun/2023:07:22:59 -0500] "GET /+CSCOE+/logon.html HTTP/1.1" 404 1018
201.245.192.253 - - [13/Jun/2023:07:22:58 -0500] "POST /kwsrmcab/Wsrmcab  HTTP/1.1" 200 213
18.170.230.204 - - [13/Jun/2023:07:23:08 -0500] "\x16\x03\x01" 400 226
18.170.230.204 - - [13/Jun/2023:07:23:16 -0500] "GET /cgi-bin/login.cgi HTTP/1.1" 404 1018
18.170.230.204 - - [13/Jun/2023:07:23:25 -0500] "\x16\x03\x01" 400 226
18.170.230.204 - - [13/Jun/2023:07:23:34 -0500] "GET / HTTP/1.1" 200 319
18.136.138.90 - - [13/Jun/2023:07:23:43 -0500] "GET /transparencia/financiera/chrome-error://chromewebdata/ HTTP/1.1" 403 1020
18.136.138.90 - - [13/Jun/2023:07:23:43 -0500] "GET /transparencia/financiera/? HTTP/1.1" 200 40907
172.22.2.4 - - [13/Jun/2023:07:23:34 -0500] "GET /BLA/boletinlegal/ HTTP/1.1" 200 20427
35.204.247.143 - - [13/Jun/2023:07:24:33 -0500] "GET /en-junio-conectate-con-la-naturaleza-y-el-medioambiente-a-traves-de-estas-caminatas-ecologicas.html HTTP/1.1" 200 900
172.22.2.4 - - [13/Jun/2023:07:23:49 -0500] "HEAD /BLA/boletinlegal/ HTTP/1.1" 200 -
216.245.221.92 - - [13/Jun/2023:07:25:33 -0500] "HEAD / HTTP/1.1" 200 -
172.22.2.4 - - [13/Jun/2023:07:24:40 -0500] "GET /BLA/boletinlegal/ HTTP/1.1" 200 57151
173.252.83.21 - - [13/Jun/2023:07:26:29 -0500] "GET /images/caminatas-ecol\xc3\xb3gicas-marzo---1920x1080_optimized.jpg HTTP/1.1" 404 1034
45.128.232.62 - - [13/Jun/2023:07:27:03 -0500] "GET / HTTP/1.1" 200 319
40.77.167.97 - - [13/Jun/2023:07:27:10 -0500] "GET /BLA/resoluciones/AUTOS%202019/0270.pdf HTTP/1.1" 200 247487
181.51.34.155 - - [13/Jun/2023:07:27:32 -0500] "GET /appsia/controlador HTTP/1.1" 200 4799
181.51.34.155 - - [13/Jun/2023:07:27:32 -0500] "GET /appsia/css/estilos.css HTTP/1.1" 200 4804
181.51.34.155 - - [13/Jun/2023:07:27:33 -0500] "GET /appsia/scripts/validarIngreso.js HTTP/1.1" 200 851
181.51.34.155 - - [13/Jun/2023:07:27:33 -0500] "GET /appsia/images/cabezoteHojaVida.png HTTP/1.1" 200 32493
181.51.34.155 - - [13/Jun/2023:07:27:33 -0500] "GET /appsia/images/logo_bogota_p.png HTTP/1.1" 200 14951
181.51.34.155 - - [13/Jun/2023:07:27:33 -0500] "GET /favicon.ico HTTP/1.1" 200 7782
181.51.34.155 - - [13/Jun/2023:07:27:35 -0500] "POST /appsia/controlador HTTP/1.1" 200 5437
181.51.34.155 - - [13/Jun/2023:07:27:37 -0500] "POST /appsia/controlador HTTP/1.1" 200 7773
181.51.34.155 - - [13/Jun/2023:07:27:39 -0500] "POST /appsia/controlador HTTP/1.1" 200 5232
93.55.224.20 - - [13/Jun/2023:07:27:46 -0500] "GET / HTTP/1.0" 200 319
172.22.2.4 - - [13/Jun/2023:07:27:59 -0500] "GET /BLA/boletinlegal/consulta_actos.php?tipo=resoluciones&no=2979&usuario=&sector=&fecha=2017&resuelve= HTTP/1.1" 200 626
201.245.192.253 - - [13/Jun/2023:07:27:57 -0500] "POST /kwsrmcab/Wsrmcab  HTTP/1.1" 200 213
172.22.2.4 - - [13/Jun/2023:07:28:15 -0500] "GET /BLA/boletinlegal/consulta_actos.php?tipo=resoluciones&no=3219&usuario=&sector=&fecha=2017&resuelve= HTTP/1.1" 200 1072
191.156.154.186 - - [13/Jun/2023:07:28:17 -0500] "GET /BLA/resoluciones/RESOLUCIONES%202017/3219.pdf HTTP/1.1" 200 408801
173.252.107.4 - - [13/Jun/2023:07:28:19 -0500] "HEAD /ofensiva-conta-el-trafico-de-fauna-silvestre-durante-la-semana-ambiental-en-bogota.html HTTP/1.1" 206 -
172.22.2.4 - - [13/Jun/2023:07:28:28 -0500] "GET /BLA/boletinlegal/actos.php HTTP/1.1" 200 9682
190.27.158.108 - - [13/Jun/2023:07:28:31 -0500] "GET /BLA/resoluciones/ HTTP/1.1" 200 13502
190.27.158.108 - - [13/Jun/2023:07:28:34 -0500] "GET /BLA/resoluciones/index.php?dir=AUTOS+2022%2F HTTP/1.1" 200 497370
190.27.158.108 - - [13/Jun/2023:07:28:35 -0500] "GET /BLA/resoluciones/dlf/archive.png HTTP/1.1" 200 632
172.22.2.4 - - [13/Jun/2023:07:28:25 -0500] "GET /BLA/boletinlegal/ HTTP/1.1" 200 24523
172.22.2.4 - - [13/Jun/2023:07:28:58 -0500] "GET /BLA/boletinlegal/consulta_actos.php?tipo=resoluciones&no=3272&usuario=&sector=&fecha=2017&resuelve= HTTP/1.1" 200 1095
191.156.153.224 - - [13/Jun/2023:07:29:00 -0500] "GET /BLA/resoluciones/RESOLUCIONES%202017/3272.pdf HTTP/1.1" 200 347395
172.22.2.4 - - [13/Jun/2023:07:29:26 -0500] "GET /BLA/boletinlegal/consulta_actos.php?tipo=resoluciones&no=3273&usuario=&sector=&fecha=2017&resuelve= HTTP/1.1" 200 626
172.22.2.4 - - [13/Jun/2023:07:29:50 -0500] "GET /BLA/boletinlegal/consulta_actos.php?tipo=resoluciones&no=3426&usuario=&sector=&fecha=2017&resuelve= HTTP/1.1" 200 1192
18.136.176.192 - - [13/Jun/2023:07:29:52 -0500] "GET /galeria/nivo-slider/demo/images/Banner%20canales%20virtuales.jpg HTTP/1.1" 200 209438
191.156.146.78 - - [13/Jun/2023:07:29:53 -0500] "GET /BLA/resoluciones/RESOLUCIONES%202017/3426.pdf HTTP/1.1" 200 611253
186.102.17.43 - - [13/Jun/2023:07:30:32 -0500] "GET /kwssiamovil/sm/ldap/au?x=U2FsdGVkX18xPxnI3hTtLq17uyqo7Xe1AudM0lCgAEPpQfH26pnqXfL0a0t6YbKz&y=U2FsdGVkX1+eh7iqPrBQRJgPFfPoX8bWBUSmOgee9VcWrdB6ece7oM98NwIXG6YK HTTP/1.1" 200 30
186.102.17.43 - - [13/Jun/2023:07:30:32 -0500] "GET /kwssiamovil/sm/acme/s?s=U2FsdGVkX1+o7csHB46EN43DYtk1khm4/jKPaPS0jmZh9I+sq2hXcRMOpn11SPD/q8x1TOH53lxRb36nFw4SVuaGEL2PuTlAWa/U2qwBrZU=&u=U2FsdGVkX18FX11NSAvebZRFIpTxibvgLUslsw3bF4c=&y=U2FsdGVkX1+eh7iqPrBQRJgPFfPoX8bWBUSmOgee9VcWrdB6ece7oM98NwIXG6YK HTTP/1.1" 200 97
186.102.17.43 - - [13/Jun/2023:07:30:32 -0500] "GET /kwssiamovil/sm/acme/s?s=U2FsdGVkX1+gnEirUq7KgSeatq3GmJO6CmKftyJUyQ8c9gbUBW8pgsL6Jy9YNW88VzfBJi3qPI2Ri+RmJ2KbUkWjEdCby0Lf6GB3AEpyTXxWYtKC2qsQlrCE5mK/cwPUa0GZdbBD1EqYWOqj/MwBuSdfGAxdpALDiYCbMVCJBdN4MsbRfUl+BFvdsCtx0wwPjwMkSDc7dxAcUG9bFRZxI+wYD/B6w/PocPNSml8C9FhSHuNJlfeitZxyqK2L6P1dj6ACkW5qvoy5vBVEOrzdB2eY0LfrubNK/wK8gXrl66TORpXNqTHObEcmHSvgDrsR264N7ZZwjwYgsO4+QORQcCu8ekPyjxAdcgJhcp6yH3Yjsg01EpCHpoR1USbmxxkSm1dfroxcOQFB+qLY2MmnhLR4lxxUIHtv6Er/qpNZVgb50tNSvfxEPFIBlPxUUXmnY8nS9Fd0iBU9Fnz3UY6WzTC1ceEdDJZrMhzxZnsQtxCrq3tvH99LrpZfLUHahNsh7fqQdYDTWLJDratRTVFqSzxuz90njU/Wlpi64jQuIS+79t7Z3io0FYKnfgKz1eZJZ4P6hTxiUTmG7jc+Oe/ZOBdVXqleAe0QAMH01tWPO6t3bziPGqLIrnm4hYjK4okGjatR8qWl8R3kPFq5W+WgbnZPN0i4hBBRn8dnnqWI1FBjdaduJz/oTI+F7hppGfr+syHKwHySL8hOpJaj7Pg4ndTMSvndjrGDzF3e4LpFtGCARK/rzrKMo9l4qFjM258RqEqwHTxz6apEp7SUa8/TUsp0aG6hmbgFbhUtNHRfZ/Tk9hJ0M8VpuoeMEJ/p3yVxH1kcHCeD4weLzH3ukEyCKs56lTtWIOPHzYZ7a+RpWhRZzZBGKbBIQayU8N7Vo4fUM89PUKCMBJdi4vIKTYkujfaA+FrDuySNPAUZaQ2DAL7j3PiqZrjNhfks4J2t1cUqmxE/uNZfm7lKvYVDoGzh/pi5le6ODSXr45WtKTjD5CEDPfurJsfd2/ASw5W6RjZKre8/zoAO6kpmMcu48kcyqG0wQCsuwZYmT3suWUUyKR5FsgBccLIad3dhkGfp3ZcjwghfEI70LefmZhyqtfHoLJDUl0/4APwPh1lXzruoJo34Koew3QDit+ZL8rwYGyqYDP41c65Z+D7g8j3ZwL1cGksHV/SWFUgwBZ49QjvO1HhH3lPavNrKXfumJgqeOvZsgmlQ88l8Xo2yb2H/ym97uW8PNFnPdy5J2R9LDu714YvRFmhhZI7hGeNtr53bPasEOTqcAwnBgy7lVMnS0lVlM9AgxO5eqr3wV3/mU9oNZ8g8kBdYIxvLa8tFJ4QiYa/dd2zPBwTu/5unqn7wS5npwY6xNrcrky3JqcmXt6ram6c2KmcJXsYNVvvHEUDDG36ZzRogSXB28vhJBpVv4YND68+bmfqRX+qxSG04ZPZvm1/TkIR21KCIttrnhkZG7iTiShxt51ifkZUOc5FiKmT5CnZ88lGhVOUoIJ+qiwvmv43GLNlxH/g0sJCabQbrozYPGUBQQRYkfRBbnkSDpZPqOm2tomXQgcNUI8vHM1w/Su6iz9RRL/dKkLOvJIAg4IdE4MXvBAdhMMSJJuhV/LfT5CmcndfXdTqMV8PM65lmdCD+QYoxZKgxdg5222MraA8XHVlO0R0x6uNt5bk27q69TfPrYJks419cTKYyNlYHnCizyisxZfhCw5vHjDVmhWh/rvMnUtgJr+AVCAXNJyKHSK6xzBK4UIJKu5S8JvL2IYc=&u=U2FsdGVkX18FX11NSAvebZRFIpTxibvgLUslsw3bF4c=&y=U2FsdGVkX1+eh7iqPrBQRJgPFfPoX8bWBUSmOgee9VcWrdB6ece7oM98NwIXG6YK HTTP/1.1" 200 615
186.102.17.43 - - [13/Jun/2023:07:30:32 -0500] "GET /kwssiamovil/sm/acme/s?s=U2FsdGVkX19vOiKag7nNAgwImDLyKZbdVRG3wfTn5iS8k/C+4uys5njImKe27gDoFq37RHZ8zpX3C18JEsPFwgEHFzLSlkdqw9X0f79VQVim20zlnA3pXnWTmrTdAMpgYtAM//0nOKbrKvxN1Cm2UCKmx+bTHfwoGlOLG2lr77ivAoIcgReiygKjvwZ1WqYXtnkqM89iFz8UlRQnRQrBAzMJXamP3pgG1dozrS+aBL5Q5tborbGoziTO04T/tI4bAwcugXPbUvat2WAGANf3Zaf9oisic1QANpS5Y0gHnhgH/U9lfNttObR13yBnCbx4VXP/uJujMvtVwiyDmqt6iRnJXHXuYgARJrPuL8aCbUBHX2eQRbaasG5ED24ZsxLZVVRy563EJK7ZBqjRNEgjJ9LNy3IZRFtb/b2O0h2sbyqR3E0PbtBZvkyC4NGiQDn6EjT+Ie5pSV2q+G0PzVWxdbZs/0K46xbqSAQuOw8ycJ8sdldwXUC5+0tOc3wxcD9GrOi4OBwgDGkLAB7r+8Gqd2AonY8hFaMsrB54s0oUTGpe0FSikheF2HbNJmkG7/ZD6lCmu7aI/nF/AaKzCbQgJt2MnYPUAgiJ/u1O0vrWupohrj19SUFbTLfFCbVLBCeZqKF4S2Ae7rUSubH74qPHI6KNIBtzoNCpksgsRmZRlW2iOd4fNQPr6vpbrpU1HB8r2jQgQ0CEHCNV1IDicbS67vyV8YhbJCBFEc7ivigUED2fUeG+DCt5pqqCP68afRB2&u=U2FsdGVkX18FX11NSAvebZRFIpTxibvgLUslsw3bF4c=&y=U2FsdGVkX1+eh7iqPrBQRJgPFfPoX8bWBUSmOgee9VcWrdB6ece7oM98NwIXG6YK HTTP/1.1" 200 208
216.245.221.92 - - [13/Jun/2023:07:30:33 -0500] "HEAD / HTTP/1.1" 200 -
186.102.17.43 - - [13/Jun/2023:07:30:32 -0500] "GET /kwssiamovil/sm/cjson/pre?f=1&x=U2FsdGVkX18xPxnI3hTtLq17uyqo7Xe1AudM0lCgAEPpQfH26pnqXfL0a0t6YbKz HTTP/1.1" 200 31032
201.245.192.253 - - [13/Jun/2023:07:30:44 -0500] "POST /kwsrmcab/Wsrmcab HTTP/1.1" 200 43538
201.245.192.253 - - [13/Jun/2023:07:30:48 -0500] "POST /kwsrmcab/Wsrmcab HTTP/1.1" 200 41592
172.22.2.4 - - [13/Jun/2023:07:30:56 -0500] "GET /BLA/boletinlegal/consulta_actos.php?tipo=resoluciones&no=3781&usuario=&sector=&fecha=2017&resuelve= HTTP/1.1" 200 626
172.22.2.4 - - [13/Jun/2023:07:29:39 -0500] "HEAD /BLA/boletinlegal/ HTTP/1.1" 200 -
172.22.2.4 - - [13/Jun/2023:07:31:27 -0500] "GET /BLA/boletinlegal/consulta_actos.php?tipo=resoluciones&no=2666&usuario=&sector=&fecha=2018&resuelve= HTTP/1.1" 200 626
172.22.2.4 - - [13/Jun/2023:07:31:28 -0500] "GET /BLA/boletinlegal/consulta_actos.php?tipo=resoluciones&no=2666&usuario=&sector=&fecha=2018&resuelve= HTTP/1.1" 200 626
172.22.2.4 - - [13/Jun/2023:07:31:57 -0500] "GET /BLA/boletinlegal/consulta_actos.php?tipo=resoluciones&no=0145&usuario=&sector=&fecha=2019&resuelve= HTTP/1.1" 200 626
172.22.2.4 - - [13/Jun/2023:07:30:30 -0500] "GET /BLA/boletinlegal/ HTTP/1.1" 200 56287
172.22.2.4 - - [13/Jun/2023:07:32:16 -0500] "GET /BLA/boletinlegal/consulta_actos.php?tipo=resoluciones&no=0380&usuario=&sector=&fecha=2019&resuelve= HTTP/1.1" 200 626
172.22.2.4 - - [13/Jun/2023:07:32:36 -0500] "GET /BLA/boletinlegal/consulta_actos.php?tipo=resoluciones&no=1049&usuario=&sector=&fecha=2019&resuelve= HTTP/1.1" 200 626
172.22.2.4 - - [13/Jun/2023:07:32:54 -0500] "GET /BLA/boletinlegal/consulta_actos.php?tipo=resoluciones&no=1797&usuario=&sector=&fecha=2019&resuelve= HTTP/1.1" 200 626
172.22.2.4 - - [13/Jun/2023:07:32:56 -0500] "GET /BLA/boletinlegal/consulta_actos.php?tipo=resoluciones&no=1797&usuario=&sector=&fecha=2019&resuelve= HTTP/1.1" 200 626
201.245.192.253 - - [13/Jun/2023:07:32:57 -0500] "POST /kwsrmcab/Wsrmcab  HTTP/1.1" 200 213
172.22.2.4 - - [13/Jun/2023:07:33:19 -0500] "GET /BLA/boletinlegal/consulta_actos.php?tipo=resoluciones&no=1837&usuario=&sector=&fecha=2019&resuelve= HTTP/1.1" 200 626
172.22.2.4 - - [13/Jun/2023:07:33:20 -0500] "GET /BLA/boletinlegal/consulta_actos.php?tipo=resoluciones&no=1837&usuario=&sector=&fecha=2019&resuelve= HTTP/1.1" 200 626
172.22.2.4 - - [13/Jun/2023:07:33:37 -0500] "GET /BLA/boletinlegal/consulta_actos.php?tipo=resoluciones&no=2074&usuario=&sector=&fecha=2019&resuelve= HTTP/1.1" 200 626
172.22.2.4 - - [13/Jun/2023:07:33:53 -0500] "GET /BLA/boletinlegal/consulta_actos.php?tipo=resoluciones&no=2297&usuario=&sector=&fecha=2019&resuelve= HTTP/1.1" 200 626
172.22.2.4 - - [13/Jun/2023:07:33:54 -0500] "GET /BLA/boletinlegal/consulta_actos.php?tipo=resoluciones&no=2297&usuario=&sector=&fecha=2019&resuelve= HTTP/1.1" 200 626
172.22.2.4 - - [13/Jun/2023:07:34:11 -0500] "GET /BLA/boletinlegal/consulta_actos.php?tipo=resoluciones&no=3114&usuario=&sector=&fecha=2019&resuelve= HTTP/1.1" 200 626
172.22.2.4 - - [13/Jun/2023:07:34:12 -0500] "GET /BLA/boletinlegal/consulta_actos.php?tipo=resoluciones&no=3114&usuario=&sector=&fecha=2019&resuelve= HTTP/1.1" 200 626
172.22.2.4 - - [13/Jun/2023:07:34:37 -0500] "GET /BLA/boletinlegal/consulta_actos.php?tipo=resoluciones&no=1585&usuario=&sector=&fecha=2020&resuelve= HTTP/1.1" 200 626
172.22.2.4 - - [13/Jun/2023:07:34:53 -0500] "GET /BLA/boletinlegal/consulta_actos.php?tipo=resoluciones&no=1622&usuario=&sector=&fecha=2020&resuelve= HTTP/1.1" 200 626
172.22.2.4 - - [13/Jun/2023:07:35:12 -0500] "GET /BLA/boletinlegal/consulta_actos.php?tipo=resoluciones&no=1091&usuario=&sector=&fecha=2021&resuelve= HTTP/1.1" 200 626
216.245.221.92 - - [13/Jun/2023:07:35:33 -0500] "HEAD / HTTP/1.1" 200 -
172.22.2.4 - - [13/Jun/2023:07:35:34 -0500] "GET /BLA/boletinlegal/consulta_actos.php?tipo=resoluciones&no=1097&usuario=&sector=&fecha=2021&resuelve= HTTP/1.1" 200 626
31.13.115.16 - - [13/Jun/2023:07:35:36 -0500] "GET /ofensiva-conta-el-trafico-de-fauna-silvestre-durante-la-semana-ambiental-en-bogota.html?fbclid=IwAR355sMxx2DtXai5vx_DDg-cExkBcxTH5v804LWKvR6YlGGUTeFNS15K698 HTTP/1.1" 200 989
173.252.127.24 - - [13/Jun/2023:07:35:49 -0500] "GET /ofensiva-conta-el-trafico-de-fauna-silvestre-durante-la-semana-ambiental-en-bogota.html?fbclid=IwAR2fuQfbBSLBXtH0z2vaquM1AXj34teE3T2evYCb2yrJwpFK6ImhlYrwaQ4 HTTP/1.1" 200 989
172.22.2.4 - - [13/Jun/2023:07:35:52 -0500] "GET /BLA/boletinlegal/consulta_actos.php?tipo=resoluciones&no=1178&usuario=&sector=&fecha=2021&resuelve= HTTP/1.1" 200 1101
191.156.151.231 - - [13/Jun/2023:07:35:55 -0500] "GET /BLA/resoluciones/RESOLUCIONES%202021/1178.pdf HTTP/1.1" 200 631256
219.131.138.236 - - [13/Jun/2023:07:35:58 -0500] "GET /galeria/galeria/fotos/1humedal-Burro1P.jpg HTTP/1.1" 200 7921
172.22.2.4 - - [13/Jun/2023:07:36:48 -0500] "GET /BLA/boletinlegal/actos.php HTTP/1.1" 200 9682
172.22.2.4 - - [13/Jun/2023:07:36:49 -0500] "GET /BLA/boletinlegal/styles2.css HTTP/1.1" 200 1838
172.22.2.4 - - [13/Jun/2023:07:36:49 -0500] "GET /BLA/boletinlegal/js/ajax_actos.js HTTP/1.1" 200 1322
172.22.2.4 - - [13/Jun/2023:07:36:49 -0500] "GET /BLA/boletinlegal/niceforms-default.css HTTP/1.1" 200 6694
172.22.2.4 - - [13/Jun/2023:07:36:49 -0500] "GET /BLA/boletinlegal/style.css HTTP/1.1" 200 9406
172.22.2.4 - - [13/Jun/2023:07:36:49 -0500] "GET /BLA/boletinlegal/js/lib.js HTTP/1.1" 200 6474
172.22.2.4 - - [13/Jun/2023:07:36:49 -0500] "GET /BLA/boletinlegal/js/jquery1.js HTTP/1.1" 200 29846
172.22.2.4 - - [13/Jun/2023:07:36:49 -0500] "GET /BLA/boletinlegal/niceforms.js HTTP/1.1" 200 22876
172.22.2.4 - - [13/Jun/2023:07:36:49 -0500] "GET /BLA/boletinlegal/js/popup.js HTTP/1.1" 200 1270
172.22.2.4 - - [13/Jun/2023:07:36:49 -0500] "GET /BLA/boletinlegal/images/cabezote%20BLEGAL.jpg HTTP/1.1" 200 118164
172.22.2.4 - - [13/Jun/2023:07:36:49 -0500] "GET /BLA/boletinlegal/images/subscribe-icon-big.png HTTP/1.1" 200 47702
172.22.2.4 - - [13/Jun/2023:07:36:49 -0500] "GET /BLA/boletinlegal/images/historia.png HTTP/1.1" 200 52775
172.22.2.4 - - [13/Jun/2023:07:36:49 -0500] "GET /BLA/boletinlegal/images/registro-usuarios.png HTTP/1.1" 200 8106
172.22.2.4 - - [13/Jun/2023:07:36:49 -0500] "GET /BLA/boletinlegal/images/green-yellow-blue-pink-th.png HTTP/1.1" 200 7394
172.22.2.4 - - [13/Jun/2023:07:36:49 -0500] "GET /BLA/boletinlegal/images/tel.png HTTP/1.1" 200 14477
172.22.2.4 - - [13/Jun/2023:07:36:49 -0500] "GET /BLA/boletinlegal/images/footer_bg.jpg HTTP/1.1" 200 586
172.22.2.4 - - [13/Jun/2023:07:36:49 -0500] "GET /BLA/boletinlegal/images/body_bg.jpg HTTP/1.1" 200 1601
172.22.2.4 - - [13/Jun/2023:07:36:49 -0500] "GET /BLA/boletinlegal/images/menu_lft.gif HTTP/1.1" 200 1713
172.22.2.4 - - [13/Jun/2023:07:36:50 -0500] "GET /BLA/boletinlegal/images/menu_rght.gif HTTP/1.1" 200 1627
172.22.2.4 - - [13/Jun/2023:07:36:50 -0500] "GET /BLA/boletinlegal/images/menu_bg.jpg HTTP/1.1" 200 620
172.22.2.4 - - [13/Jun/2023:07:36:50 -0500] "GET /BLA/boletinlegal/images/bg_top.jpg HTTP/1.1" 200 522
172.22.2.4 - - [13/Jun/2023:07:36:50 -0500] "GET /BLA/boletinlegal/images/text.jpg HTTP/1.1" 200 568
172.22.2.4 - - [13/Jun/2023:07:36:50 -0500] "GET /BLA/boletinlegal/images/hover.jpg HTTP/1.1" 200 640
172.22.2.4 - - [13/Jun/2023:07:36:50 -0500] "GET /BLA/boletinlegal/images/footer_bg_l.jpg HTTP/1.1" 200 776
172.22.2.4 - - [13/Jun/2023:07:36:50 -0500] "GET /BLA/boletinlegal/images/icono-email.png HTTP/1.1" 200 5544
172.22.2.4 - - [13/Jun/2023:07:36:50 -0500] "GET /BLA/boletinlegal/img/select-left.png HTTP/1.1" 200 263
172.22.2.4 - - [13/Jun/2023:07:36:50 -0500] "GET /BLA/boletinlegal/img/button.png HTTP/1.1" 200 43241
172.22.2.4 - - [13/Jun/2023:07:36:50 -0500] "GET /BLA/boletinlegal/img/select-right.png HTTP/1.1" 200 44019
172.22.2.4 - - [13/Jun/2023:07:36:50 -0500] "GET /BLA/boletinlegal/img/button-right.png HTTP/1.1" 200 57878
172.22.2.4 - - [13/Jun/2023:07:36:50 -0500] "GET /BLA/boletinlegal/img/button-left.png HTTP/1.1" 200 57071
172.22.2.4 - - [13/Jun/2023:07:36:50 -0500] "GET /BLA/boletinlegal/favicon.ico HTTP/1.1" 404 1326
172.22.2.4 - - [13/Jun/2023:07:37:01 -0500] "GET /BLA/boletinlegal/consulta_actos.php?tipo=resoluciones&no=1837&usuario=&sector=&fecha=2019&resuelve= HTTP/1.1" 200 626
172.22.2.4 - - [13/Jun/2023:07:37:06 -0500] "GET /BLA/boletinlegal/consulta_actos.php?tipo=resoluciones&no=1837&usuario=&sector=&fecha=2019&resuelve= HTTP/1.1" 200 626
172.22.2.4 - - [13/Jun/2023:07:35:29 -0500] "HEAD /BLA/boletinlegal/ HTTP/1.1" 200 -
172.22.2.4 - - [13/Jun/2023:07:37:13 -0500] "GET /BLA/boletinlegal/consulta_actos.php?tipo=resoluciones&no=1837&usuario=&sector=&fecha=2019&resuelve= HTTP/1.1" 200 626
201.245.192.253 - - [13/Jun/2023:07:37:55 -0500] "POST /kwsrmcab/Wsrmcab  HTTP/1.1" 200 213
172.22.2.4 - - [13/Jun/2023:07:36:20 -0500] "GET /BLA/boletinlegal/ HTTP/1.1" 200 59306
216.245.221.92 - - [13/Jun/2023:07:40:33 -0500] "HEAD / HTTP/1.1" 200 -
201.245.192.253 - - [13/Jun/2023:07:40:44 -0500] "POST /kwsrmcab/Wsrmcab HTTP/1.1" 200 43538
201.245.192.253 - - [13/Jun/2023:07:40:48 -0500] "POST /kwsrmcab/Wsrmcab HTTP/1.1" 200 41592
40.77.167.85 - - [13/Jun/2023:07:41:38 -0500] "-" 408 -
201.245.192.253 - - [13/Jun/2023:07:42:55 -0500] "POST /kwsrmcab/Wsrmcab  HTTP/1.1" 200 213
172.22.2.4 - - [13/Jun/2023:07:41:19 -0500] "HEAD /BLA/boletinlegal/ HTTP/1.1" 200 -
172.22.2.4 - - [13/Jun/2023:07:42:10 -0500] "GET /BLA/boletinlegal/ HTTP/1.1" 200 59306
66.220.149.15 - - [13/Jun/2023:07:44:03 -0500] "GET /images/reunion-planta-termovalorizacion-11-mayo.jpg HTTP/1.1" 200 34782
172.22.2.4 - - [13/Jun/2023:07:44:47 -0500] "GET /BLA/boletinlegal/Directivas/2011/Directiva%20No.%206%20del%208%20de%20Septiembre%20de%202011.pdf HTTP/1.1" 304 -
216.245.221.92 - - [13/Jun/2023:07:45:33 -0500] "HEAD / HTTP/1.1" 200 -
173.252.87.18 - - [13/Jun/2023:07:46:25 -0500] "GET /distrito-alcanza-meta-de-1000-hectareas-ya-con-pagos-por-servicios-ambientales.html?fbclid=IwAR2PEVwaU1eNbPgOIQLwFTZF-4SxiQTn9pT4BAsb_cJDhC9G5yu2a0J263w HTTP/1.1" 200 828
186.102.40.43 - - [13/Jun/2023:07:47:44 -0500] "GET /kwssiamovil/sm/acme/a?s=U2FsdGVkX1/HN+WjVJwc7H8Ol8MBnbHbKSlw9v/AYmeGjMz0wUjDUvSgEElzS4oPd2Sm8AwR5dZUJoSIo+8TwcnqXD2tkopBxNywmBvhHa3RHjVfLi13cGAsyLT7vElqRJLFD5M54ap3Ty2Bjs5VqNM+AB16RAcBN9unFY+u9VWYPDGDajTleZmixO9SeivZG8SDHC+f3qx7XoN6iiHGhpAtR9RihzX8lKpfQoBd0+1lGefArHak0eoVMPaAZ39ss1lZkTFBM8ofpSNOXQd3Tg==&u=U2FsdGVkX18FX11NSAvebZRFIpTxibvgLUslsw3bF4c=&y=U2FsdGVkX1+eh7iqPrBQRJgPFfPoX8bWBUSmOgee9VcWrdB6ece7oM98NwIXG6YK HTTP/1.1" 200 26
186.102.40.43 - - [13/Jun/2023:07:47:45 -0500] "GET /kwssiamovil/sm/acme/a?s=U2FsdGVkX19aenpDJaP5KT8Eag0TjshRzeZoU6mXPBAPrXPffDrpevl65X73UcCiHdW8kxchSpW2/djEgy3u+85DX1HBNe/CAM2u2Uk4W0dTrv7+WUlPkMutNxMc0JW0fcUtmehn1YzH8S5o4J5ob/1BzKpLazO/tBqNRRk8UeAQxSPyYaP+LhuBHHicgOpwOy6dB4D254HOVRjbVANQaANdHR2rPp1XKXIw1Eb3E0IL93c1LhgYtIxLQMS+B3Nnl0h2OkEEP2KIxIphBG37UA5OwcPLv2QO20+Y0P+gPd+Sa3I1WMSl2dcxqrS3fiLx9x8OATt+Fl+Mlsh4tUedcLWpB0HljR5Anre773FzBtAmnGr7Sc8a7KwnUhmm5csrXrH1abV9RCzrHIZ2OfulpweDMJ6tXh4yX0v0ZiW9UOgL0LME0HzRIyixk7Fl/3whDtWD771B/B3UVPoWFzR0lmdKamlDF4/7InrQVWu8nYzpc5xDpp2a/+EkVqL3ehELZzbGUCLbEGo5EU6lV/j9kRhx0C1ioaDoLvFJ9CodHOIczRiyGzFG4irxd6Hv/cK2myAZOq487nnBLsz7Q81Z4mYiH5HZMy4u1vK+JQlRX59AoVazNkMaAylumbvdFuFmJsGfVhn6DmWlMTq5IW8grv3cKCgwW/wGMzEiJ7BuhKqNpGTkkB5VKc2/xk4pY2aadGpk6cHsyEz4X7orUkKX8DIJCaGywfgEB4WjhC3xpnn/TJR4TdDrKd8TPRQkdUQEXq8C2/AMOMta8h5W/lYQtdOy1v+UL+CRipiRK2l+IY8f5KGtz1tXvPgzpER6JNzY3+HILZhPiU+BqGfttQoSQEEehXssdFhy3tVLuSWpQJRllsQdD+Dz3e4EfcxtmyOK4YnucRYKZLyFdu+FlnHtn1sPG+SQhgYy8jcOr4TmCkrN2r1o0ZqC0Yf64vI24Uua1z2EcXOYgCyu1WXtBGnnYUS4H26aQtjoB+4xVXdHafZTGebOdWjPn2sHW6YckGWbOoB27XZtl9Th8yDVZUbjf+KjDnEHdJBmyFhC+s7XVusU9I1Yj1vyFCQ4Nq/RjCVBYZQEhz6X9JfewkPVm9VjT9nx9VOsPoWnb2LJZJKamsO3GJQJY6wJrI7FG1oTLB6OjJotormiqyrlacCDrdcogj9l9tgqsFluMMO1hNL9Nqig2GkAu6iivk+nBkeBQpnB19peRNJtkWUlA3HzoiLw62QgRd7VevNIcbVZBn+osyhso7WVguPFq0g4UQihSgakqCFASQqYSUXsBVHR0lGE8ctupXKDT0wypF3PLT1F2qxWaq8E7EJTl4uXngyTqyIoJIWr23grB0d7YFxc3v9By1idVNF/qv16bN0f5zg8hMCto4u+Mc+k8qK4yu1E3tgnomxgXmGIVuk4w1tjqwQ4PPyPZ5FkH8KE3sak8ZvQrMeN/qf5TSK2b8mRdndD36bRGLRGx3uTGKRs2zTDt0dGBppCBmwROGFH14b0OWiaGDiKDQF1/QIGMG2+mdVG3IZT&u=U2FsdGVkX18FX11NSAvebZRFIpTxibvgLUslsw3bF4c=&y=U2FsdGVkX1+eh7iqPrBQRJgPFfPoX8bWBUSmOgee9VcWrdB6ece7oM98NwIXG6YK HTTP/1.1" 200 26
186.102.40.43 - - [13/Jun/2023:07:47:45 -0500] "GET /kwssiamovil/sm/acme/a?s=U2FsdGVkX18Jhpt3sGYNeGellPnDBj31dILB3fEpZraDOfOmLPgD7hAmkAW7niorYpc9hXH0L7KTixD1s0rgFCuRIKV4UVZcALv9RYRLYKLIJFqpIPHZxSiO+Gufg8ZDJSHonFIbHSszbFGQry55x4GUOAl9Mn4qa0Zw+Emx+Z0=&u=U2FsdGVkX18FX11NSAvebZRFIpTxibvgLUslsw3bF4c=&y=U2FsdGVkX1+eh7iqPrBQRJgPFfPoX8bWBUSmOgee9VcWrdB6ece7oM98NwIXG6YK HTTP/1.1" 200 26
186.102.40.43 - - [13/Jun/2023:07:47:46 -0500] "GET /kwssiamovil/sm/acme/a?s=U2FsdGVkX196y8BXy1XJEDgAvHFMnF6D3MVmK05l0h6NE15pcBqsoHaOgsqLCvSJCgYTDMoMRtEhPTfb9k6kQKfhtQDyut/euJAWPyYdG6pDm8fYOfWUmVojaZtV3679H6m/QLL6Y0Ohd8ZnLdP6AQbl/gxYa3mtcpR7SzGlU2g=&u=U2FsdGVkX18FX11NSAvebZRFIpTxibvgLUslsw3bF4c=&y=U2FsdGVkX1+eh7iqPrBQRJgPFfPoX8bWBUSmOgee9VcWrdB6ece7oM98NwIXG6YK HTTP/1.1" 200 26
186.102.40.43 - - [13/Jun/2023:07:47:46 -0500] "GET /kwssiamovil/sm/acme/a?s=U2FsdGVkX1+56ZU1eQlNp1oTg0ogfx7HJw4hFNA+IZzgsk1s8MAtNLNKKhPI2ziQCyybE1RCHoShiLCsccHek2iA6CwzbkTI/gcy+0UIfNXxqoMN4s1tB7WRTFTjTV+mApRIUbdrbbVltQwMjPggmteMqXAcQ0f3kXBOgJJo58U=&u=U2FsdGVkX18FX11NSAvebZRFIpTxibvgLUslsw3bF4c=&y=U2FsdGVkX1+eh7iqPrBQRJgPFfPoX8bWBUSmOgee9VcWrdB6ece7oM98NwIXG6YK HTTP/1.1" 200 26
186.102.40.43 - - [13/Jun/2023:07:47:46 -0500] "GET /kwssiamovil/sm/acme/a?s=U2FsdGVkX1/yJ7qcxOEZChh03EGiG3JO46Mk0olJF+OJuqD5DxYRxSxmyfF2sy+D23sTrs7H+GGjdFaXXovQtVSyReC50DMMuZ82XPzeLy111GkJM9jF9g7Mj/hK4tWFPkhBwFUcgGaUBm/4k+oCTm/VEvjbe+zqgx+hiBYuCxhk3kGG0OUMJ+Ka6O8rNORkcnRU/pESVWfDs7o5g1ZJcA==&u=U2FsdGVkX18FX11NSAvebZRFIpTxibvgLUslsw3bF4c=&y=U2FsdGVkX1+eh7iqPrBQRJgPFfPoX8bWBUSmOgee9VcWrdB6ece7oM98NwIXG6YK HTTP/1.1" 200 26
201.245.192.253 - - [13/Jun/2023:07:47:54 -0500] "POST /kwsrmcab/Wsrmcab  HTTP/1.1" 200 213
66.249.73.68 - - [13/Jun/2023:07:48:31 -0500] "GET /bridgestone-la-secretaria-de-ambiente-y-rueda-verde-realizan-llantaton.html HTTP/1.1" 200 768
172.22.2.4 - - [13/Jun/2023:07:47:09 -0500] "HEAD /BLA/boletinlegal/ HTTP/1.1" 200 -
172.22.2.4 - - [13/Jun/2023:07:48:00 -0500] "GET /BLA/boletinlegal/ HTTP/1.1" 200 54424
52.76.80.185 - - [13/Jun/2023:07:49:43 -0500] "GET /galeria/nivo-slider/demo/images/Banner%20canales%20virtuales.jpg HTTP/1.1" 200 209438
52.76.80.185 - - [13/Jun/2023:07:50:15 -0500] "GET /galeria/nivo-slider/demo/images/Banner%20canales%20virtuales.jpg HTTP/1.1" 206 1
52.76.80.185 - - [13/Jun/2023:07:50:16 -0500] "GET /galeria/nivo-slider/demo/images/Banner%20canales%20virtuales.jpg HTTP/1.1" 206 62009
52.167.144.177 - - [13/Jun/2023:07:50:19 -0500] "GET /portaldeninos/residuos/ HTTP/1.1" 503 1037
216.245.221.92 - - [13/Jun/2023:07:50:33 -0500] "HEAD / HTTP/1.1" 200 -
201.245.192.253 - - [13/Jun/2023:07:52:52 -0500] "POST /kwsrmcab/Wsrmcab  HTTP/1.1" 200 213
172.22.2.4 - - [13/Jun/2023:07:52:59 -0500] "HEAD /BLA/boletinlegal/ HTTP/1.1" 200 -
201.245.192.253 - - [13/Jun/2023:07:54:48 -0500] "GET /forest/ HTTP/1.1" 200 12041
173.252.87.24 - - [13/Jun/2023:07:54:50 -0500] "GET /images/Puntos%20calientes%2024%20de%20febrero.jpeg HTTP/1.1" 200 42626
172.22.2.4 - - [13/Jun/2023:07:53:50 -0500] "GET /BLA/boletinlegal/ HTTP/1.1" 200 58663
172.22.2.4 - - [13/Jun/2023:07:55:31 -0500] "GET /BLA/boletinlegal/style.css HTTP/1.1" 200 9406
172.22.2.4 - - [13/Jun/2023:07:55:31 -0500] "GET /BLA/boletinlegal/styles2.css HTTP/1.1" 200 1838
172.22.2.4 - - [13/Jun/2023:07:55:31 -0500] "GET /BLA/boletinlegal/js/jquery.scrollTo-min.js HTTP/1.1" 200 1150
172.22.2.4 - - [13/Jun/2023:07:55:31 -0500] "GET /BLA/boletinlegal/js/jquery.js HTTP/1.1" 200 57254
172.22.2.4 - - [13/Jun/2023:07:55:31 -0500] "GET /BLA/boletinlegal/js/jquery.scrollShow.js HTTP/1.1" 200 4586
172.22.2.4 - - [13/Jun/2023:07:55:31 -0500] "GET /BLA/boletinlegal/images/registro-usuarios.png HTTP/1.1" 200 8106
172.22.2.4 - - [13/Jun/2023:07:55:31 -0500] "GET /BLA/boletinlegal/images/cabezote%20BLEGAL.jpg HTTP/1.1" 200 118164
172.22.2.4 - - [13/Jun/2023:07:55:31 -0500] "GET /BLA/boletinlegal/images/arr_l.jpg HTTP/1.1" 200 1979
172.22.2.4 - - [13/Jun/2023:07:55:31 -0500] "GET /BLA/boletinlegal/images/subscribe-icon-big.png HTTP/1.1" 200 47702
172.22.2.4 - - [13/Jun/2023:07:55:31 -0500] "GET /BLA/boletinlegal/images/historia.png HTTP/1.1" 200 52775
172.22.2.4 - - [13/Jun/2023:07:55:31 -0500] "GET /BLA/boletinlegal/images/screen_1.png HTTP/1.1" 200 202547
172.22.2.4 - - [13/Jun/2023:07:55:32 -0500] "GET /BLA/boletinlegal/images/body_bg.jpg HTTP/1.1" 200 1601
172.22.2.4 - - [13/Jun/2023:07:55:32 -0500] "GET /BLA/boletinlegal/images/launch.jpg HTTP/1.1" 200 14577
172.22.2.4 - - [13/Jun/2023:07:55:32 -0500] "GET /BLA/boletinlegal/images/bg_top.jpg HTTP/1.1" 200 522
172.22.2.4 - - [13/Jun/2023:07:55:32 -0500] "GET /BLA/boletinlegal/images/menu_lft.gif HTTP/1.1" 200 1713
172.22.2.4 - - [13/Jun/2023:07:55:32 -0500] "GET /BLA/boletinlegal/images/menu_rght.gif HTTP/1.1" 200 1627
172.22.2.4 - - [13/Jun/2023:07:55:32 -0500] "GET /BLA/boletinlegal/images/menu_bg.jpg HTTP/1.1" 200 620
172.22.2.4 - - [13/Jun/2023:07:55:32 -0500] "GET /BLA/boletinlegal/images/hover.jpg HTTP/1.1" 200 640
172.22.2.4 - - [13/Jun/2023:07:55:32 -0500] "GET /BLA/boletinlegal/images/text.jpg HTTP/1.1" 200 568
216.245.221.92 - - [13/Jun/2023:07:55:33 -0500] "HEAD / HTTP/1.1" 200 -
172.22.2.4 - - [13/Jun/2023:07:55:36 -0500] "GET /BLA/boletinlegal/images/screen_3.png HTTP/1.1" 200 210620
172.22.2.4 - - [13/Jun/2023:07:55:36 -0500] "GET /BLA/boletinlegal/images/arr_r.jpg HTTP/1.1" 200 1998
172.22.2.4 - - [13/Jun/2023:07:55:36 -0500] "GET /BLA/boletinlegal/images/footer_bg.jpg HTTP/1.1" 200 586
172.22.2.4 - - [13/Jun/2023:07:55:36 -0500] "GET /BLA/boletinlegal/images/screen_2.png HTTP/1.1" 200 362502
172.22.2.4 - - [13/Jun/2023:07:55:36 -0500] "GET /BLA/boletinlegal/images/screen_5.png HTTP/1.1" 200 368876
172.22.2.4 - - [13/Jun/2023:07:55:38 -0500] "GET /BLA/boletinlegal/actos.php HTTP/1.1" 200 9682
172.22.2.4 - - [13/Jun/2023:07:55:38 -0500] "GET /BLA/boletinlegal/niceforms-default.css HTTP/1.1" 200 6694
172.22.2.4 - - [13/Jun/2023:07:55:38 -0500] "GET /BLA/boletinlegal/js/ajax_actos.js HTTP/1.1" 200 1322
172.22.2.4 - - [13/Jun/2023:07:55:38 -0500] "GET /BLA/boletinlegal/niceforms.js HTTP/1.1" 200 22876
172.22.2.4 - - [13/Jun/2023:07:55:38 -0500] "GET /BLA/boletinlegal/js/popup.js HTTP/1.1" 200 1270
172.22.2.4 - - [13/Jun/2023:07:55:38 -0500] "GET /BLA/boletinlegal/js/lib.js HTTP/1.1" 200 6474
172.22.2.4 - - [13/Jun/2023:07:55:38 -0500] "GET /BLA/boletinlegal/js/jquery1.js HTTP/1.1" 200 29846
172.22.2.4 - - [13/Jun/2023:07:55:38 -0500] "GET /BLA/boletinlegal/images/green-yellow-blue-pink-th.png HTTP/1.1" 200 7394
172.22.2.4 - - [13/Jun/2023:07:55:39 -0500] "GET /BLA/boletinlegal/images/tel.png HTTP/1.1" 200 14477
172.22.2.4 - - [13/Jun/2023:07:55:39 -0500] "GET /BLA/boletinlegal/images/icono-email.png HTTP/1.1" 200 5544
172.22.2.4 - - [13/Jun/2023:07:55:39 -0500] "GET /BLA/boletinlegal/images/footer_bg_l.jpg HTTP/1.1" 200 776
172.22.2.4 - - [13/Jun/2023:07:55:39 -0500] "GET /BLA/boletinlegal/img/button.png HTTP/1.1" 200 43241
172.22.2.4 - - [13/Jun/2023:07:55:39 -0500] "GET /BLA/boletinlegal/img/select-left.png HTTP/1.1" 200 263
172.22.2.4 - - [13/Jun/2023:07:55:39 -0500] "GET /BLA/boletinlegal/img/button-left.png HTTP/1.1" 200 57071
172.22.2.4 - - [13/Jun/2023:07:55:39 -0500] "GET /BLA/boletinlegal/img/select-right.png HTTP/1.1" 200 44019
172.22.2.4 - - [13/Jun/2023:07:55:39 -0500] "GET /BLA/boletinlegal/img/0.png HTTP/1.1" 200 110
172.22.2.4 - - [13/Jun/2023:07:55:39 -0500] "GET /BLA/boletinlegal/img/button-right.png HTTP/1.1" 200 57878
172.22.2.4 - - [13/Jun/2023:07:55:39 -0500] "GET /BLA/boletinlegal/favicon.ico HTTP/1.1" 404 1326
172.22.2.4 - - [13/Jun/2023:07:55:43 -0500] "GET /BLA/boletinlegal/consulta_actos.php?tipo=autos&no=&usuario=&sector=&fecha=2023&resuelve= HTTP/1.1" 200 316776
172.22.2.4 - - [13/Jun/2023:07:55:43 -0500] "GET /BLA/boletinlegal/images/pdf.gif HTTP/1.1" 200 567
172.22.2.4 - - [13/Jun/2023:07:55:43 -0500] "GET /BLA/boletinlegal/images/background.gif HTTP/1.1" 200 -
172.22.2.4 - - [13/Jun/2023:07:55:28 -0500] "GET /BLA/boletinlegal/ HTTP/1.1" 200 28619
3.1.38.148 - - [13/Jun/2023:07:56:23 -0500] "GET /galeria/nivo-slider/demo/images/Banner%20canales%20virtuales.jpg HTTP/1.1" 200 209438
201.245.192.253 - - [13/Jun/2023:07:57:51 -0500] "POST /kwsrmcab/Wsrmcab  HTTP/1.1" 200 213
186.102.78.215 - - [13/Jun/2023:07:58:09 -0500] "GET /kwssiamovil/sm/ldap/au?x=U2FsdGVkX1/3nuc/gE+34h5qLBPYZGEOXLbva4VJE0vZDUcW3Cyh+jMgeFX5UpbqsepDWeoU6P+eaRoy5aFI6Q==&y=U2FsdGVkX19Z64EcZFr+JzKxjFdr3SWxMdzw9ZF2B464NmI+68kWtxN4izAGTlkh HTTP/1.1" 200 30
186.102.78.215 - - [13/Jun/2023:07:58:09 -0500] "GET /kwssiamovil/sm/acme/s?s=U2FsdGVkX18gMMVpVtRKu0jyoaTAPUbgc52BejtdUJz5TaEoavvT8oD7CblhKoXbMMkx6tuLbv/G1YQNvSuHz1qftZZT/71j9K05+MT9lNw=&u=U2FsdGVkX18wGIUDM3YZOg1Px190btTzSehIiaRa1+iqQB6PT4KR05+WmvHg/EPP&y=U2FsdGVkX19Z64EcZFr+JzKxjFdr3SWxMdzw9ZF2B464NmI+68kWtxN4izAGTlkh HTTP/1.1" 200 97
186.102.78.215 - - [13/Jun/2023:07:58:09 -0500] "GET /kwssiamovil/sm/acme/s?s=U2FsdGVkX1+TajGhM79oDPZzsvk1uPnVxK1I9ncvzwSLWsxw2TLQP4ajzPTP8fAU84kGrH/XHraCdeSIqhqT/oQQ7xyBf9FtYUdEPAhN/BGY2HtivGlymc/XzC7/hfF11EClYnR8PHo+iDlNTKJaBzDubP7nKgvCvCgOjR+JjyW8cjlIIAgh6hbAzyYqezreZaOnic9eyxZxZv46xEQVcHfFB83HfsyLiX7Xr1LjSAoFhcz6K6UhO2ELHLU5si9XPi15kAIgBc79I8IvGQVDlQtdMdCwfDjcO5kqdrTk/Poze1+r9CjbFmCGws+3e5rmp94LaW5OGn0KEj1ui/GXN9+Q88EP9gZEgNaZ3rB43zPYUyVt+56Glwo6cHxjtbDT3zqp5G7GR9xN9yACt0Zgfh3J2WbHBSyJijjmX3rCH7CQQ8nevDLoLkbdoJUrTgkhU1WUxpgp9h2Ybs3LB7RrRGag3GxIZ+69A9Wm9hqNvj9Cgmy4VtpbPKEySjcFhBYoBB+RkvH9vRC/JroYxpx+wPMC4soUCoyHEL5ENPhRf5Fqds5BgWDC3WC/sfcyvw2Ve+2gaBzL4/rpq7bX11SRScRvxWnAU4VdNTWOmbXOaHO7/aBoKgd7g4ECGpcFn4gwajWp91zHzI4ybl3agDnROrlyDGLDJZamxtV7GQ3CPHKKc/CIdsDqk7Ha1SdlNBmRGD1jqfHZI/yLIVg3Bpz70xws6PN71oltoFZuddqujnYJGN9pg55ld+ZEW26Hgtq3P1iW6SPggXP8MJ4/p+U2CLYxOFJZbWEax39qFCEC7GszwPOAvuBus0y8IBl8NJYwUT5TTZB7PKweB1XmGhd3EzkDbTU6DHtGzaokVL6DL9Fls+T6berJcIsUGSAblgzIUayY9ntUAPhB866OonaLtfnBNx/A/dj5wJa4tmuv4cZtpBHJx8wr3S+f05V6Hmwb3YsHiILaJPahvj46+0XHklim1UJHVjyXPeebiuVzs0EbL4bHu2f60Jeq5hlhpNYTRTJZKFcdc54gD3qTdCMDEW8PUebBDGigaTeU/PbyU7h8ptJzADgM7bFLgctBx9dpCb6+9WKXALMwIUmy3hZP47Thp8FkBOMD5IasHzghJah9HTiyHiWrkA2khDZ04NyhoK3K3pcWAw8wYn5jaDn3aQeYK9fcBAc+hPQw0c1LjNIOPwhl3cJ896IZ6wPVtNaEtQOYhN0vRLhgDrloSW9fW8N/JhyOAmwKYj9ZowtWPigcYL9Igt8s6ZkJs9lIwnh0B80kIIbTpfyT0RXZODlupVQEqiykX1zjOpXpKI3bU3pOtoraIA/mnM/OpDZ+N/8QBaTlOv/eR4iX2og9z9IxKNbzaU73HJKUAbtxJVJuPGhZHtqxtQyUfskMbAX2isOlX6EX669SoCeu7mbxTALO9er1l9Pp/u3Noc0RSTuIcxZxOm3kNfFGStrDVhYrcAMR+nb2EuP0/UqPt9gczbJA76TCuAihxK45AfwQbmfpfmmvxCaRIKUKWLx1FNn2WrP/lFDQHQXUXST5WI+teCmwAk4JNJdmHMHW88o1imKlvgnEX2i98eSZIMuBnAFFgWInefaeDIUDR6faolOhXHDlI7D6sWxw915L97hvty0lhzbZBDoSVaqLS/5j6E9qbVgeZk9gOakHvfxwHpbP94u0bBIHDt7D38GHVFnnJdzSeRvZLp+oCeUHlFAaYY4jv+iK3A8qpKIP/1V2cp+i/T7GeDGU4myofkLx2NG4+DjsMeqEkjY3/oPe8Kuco2BCB/vz&u=U2FsdGVkX18wGIUDM3YZOg1Px190btTzSehIiaRa1+iqQB6PT4KR05+WmvHg/EPP&y=U2FsdGVkX19Z64EcZFr+JzKxjFdr3SWxMdzw9ZF2B464NmI+68kWtxN4izAGTlkh HTTP/1.1" 200 2384
186.102.78.215 - - [13/Jun/2023:07:58:09 -0500] "GET /kwssiamovil/sm/acme/s?s=U2FsdGVkX1+4kEI5LCAGT8KnBZDYaOW6NGDGFW6STe33DtWVTfcfM5mCciEWeKHwTVoq5lstq89fZc/yEt3FuoVO1PbjXA/q7xt5JRio1SxKZDx+cYZ3CQ+qc2nek5TFvRQ+WbW795np97bODeiiKYcruK+q0brQmaYCRPTd7E+Nb36IaTQ0o7Y/l1IzGHhz07r5yM7mLH0LpOeUySWH/tEeu+DYbNgg8CT/myQQo1jYhaz59Z11n8emqcSlb8xCd6eQP2fcTl8nSfgo2SlTYtoU3In7LfRL2fFng9EjMmJSkCek70OHwnFz2i1VNV7LvkS23wum+pVt50YL9qStKlhNG2ANpHAKWp8BYYIhV0UGP8d09qK82f8RNXcGlDVTwuc/3lIVlgUu6gdK68Wqjf/lV2C2mXZbC0p+miA8i5v/TOJVm0egF8M+dCi0E3cK9A8GjBz8/OzdTZG/6L5EGfVoRs3eXO2AgM4dpgWjbGEFpSts9e2ULQ+W7R56ZbucjZ7cuKbtImBeRLzZs5WYFaHLQ6jiZA5YK3HPjdu8Uzrpo/y6K5t3WW5yu3HmxNVW5l/+asV0QmXbs/S0n51bLqKWNnfo4vLhdGij0r990iwaE/0PFxovRHrWW2ZAukMjn9NDXDot5uNSSXXicgauoi7jdlTNGWd+GMlTGjSYRBfAZFtY0QeRE8jRcfECAv5squUKl91A9GP0B0vLf0222SCZqz/QyfCo98dxNQuqi3AoA9IWpISsI6b0aNULW7QCWCcXTYDyUeV81/XnY4Qd4w==&u=U2FsdGVkX18wGIUDM3YZOg1Px190btTzSehIiaRa1+iqQB6PT4KR05+WmvHg/EPP&y=U2FsdGVkX19Z64EcZFr+JzKxjFdr3SWxMdzw9ZF2B464NmI+68kWtxN4izAGTlkh HTTP/1.1" 200 352
186.102.78.215 - - [13/Jun/2023:07:58:09 -0500] "GET /kwssiamovil/sm/cjson/pre?f=9&x=U2FsdGVkX1/3nuc/gE+34h5qLBPYZGEOXLbva4VJE0vZDUcW3Cyh+jMgeFX5UpbqsepDWeoU6P+eaRoy5aFI6Q== HTTP/1.1" 200 25142
186.102.78.215 - - [13/Jun/2023:07:58:10 -0500] "GET /kwssiamovil/sm/cjson/pre?f=18&x=U2FsdGVkX1/3nuc/gE+34h5qLBPYZGEOXLbva4VJE0vZDUcW3Cyh+jMgeFX5UpbqsepDWeoU6P+eaRoy5aFI6Q== HTTP/1.1" 200 32849
186.102.78.215 - - [13/Jun/2023:07:58:32 -0500] "GET /kwssiamovil/sm/acme/u?s=U2FsdGVkX1+Llj1oFELWJ4ye+IarRmBmA/7ZOjGVQ0fLHQ6n06ZUT43v7qY3cQ/uBDYYAkIiHNxZ8kgmFeZ7VKRd4qbZconIwotuQNkvtCiSXImXZEiuS9SojQ/jxxo1CjODvvvMgs1eUP9oGhfFhPDwHmFmwQYhhDRzvQl02VLBPuaO1GluL5LlzrlJ83nnXI0lPXvJPI8eZbhjHeGhm4ohAEUUNC9iceJruB2jOHtIX3jQhLdTyV7vei+EC6fD&u=U2FsdGVkX18wGIUDM3YZOg1Px190btTzSehIiaRa1+iqQB6PT4KR05+WmvHg/EPP&y=U2FsdGVkX19Z64EcZFr+JzKxjFdr3SWxMdzw9ZF2B464NmI+68kWtxN4izAGTlkh HTTP/1.1" 200 60
186.102.78.215 - - [13/Jun/2023:07:58:47 -0500] "GET /kwssiamovil/sm/acme/u?s=U2FsdGVkX19DksD3ScDdK0KWYxhd6SWwRMAJtYAL+8H9evJBa4USnaW8ULhYDFQV9tQGJZvNXO/MbF8kBSLuplyWK29gZcO0yvtXz23kDt50jS7uNuu6uT2wnecyEgIubZXym0g/BdIzvPa30s34tMxcWbyp2HAln8sp8ig9s3GKXG5QOOLeuJM7v5rDBI6xN4MXFxS0z4K3Omr9eNJZQx8og2KLi1EFe6VOhX1HHASuDlGKSCAy92J2JUkmcpjy&u=U2FsdGVkX18wGIUDM3YZOg1Px190btTzSehIiaRa1+iqQB6PT4KR05+WmvHg/EPP&y=U2FsdGVkX19Z64EcZFr+JzKxjFdr3SWxMdzw9ZF2B464NmI+68kWtxN4izAGTlkh HTTP/1.1" 200 60
186.102.93.86 - - [13/Jun/2023:08:00:26 -0500] "GET /en-junio-conectate-con-la-naturaleza-y-el-medioambiente-a-traves-de-estas-caminatas-ecologicas.html?fbclid=IwAR2ngpgDhmwAihjyzeSC3SNYcd8VYnBgCKT1-EGFs8hV2D-kXL6U_qG6Vmg HTTP/1.1" 200 900
172.22.2.4 - - [13/Jun/2023:07:58:49 -0500] "HEAD /BLA/boletinlegal/ HTTP/1.1" 200 -
216.245.221.92 - - [13/Jun/2023:08:00:33 -0500] "HEAD / HTTP/1.1" 200 -
45.128.232.159 - - [13/Jun/2023:08:00:37 -0500] "GET / HTTP/1.1" 200 319
172.22.2.4 - - [13/Jun/2023:07:59:40 -0500] "GET /BLA/boletinlegal/ HTTP/1.1" 200 55221
201.245.192.253 - - [13/Jun/2023:08:02:50 -0500] "POST /kwsrmcab/Wsrmcab  HTTP/1.1" 200 213
66.249.73.69 - - [13/Jun/2023:08:03:59 -0500] "GET /parque-bosque-san-carlos-33-arboles-en-inminente-riesgo-deberan-ser-intervenidos.html HTTP/1.1" 200 1101
69.171.231.1 - - [13/Jun/2023:08:04:18 -0500] "GET /distrito-alcanza-meta-de-1000-hectareas-ya-con-pagos-por-servicios-ambientales.html HTTP/1.1" 200 828
186.102.74.13 - - [13/Jun/2023:08:05:17 -0500] "GET /kwssiamovil/sm/ldap/au?x=U2FsdGVkX19GNCIkXfG5BAmkw/QQerJX3yySYCRApv0h9/67/ZQiU3s2lhlDo6pa&y=U2FsdGVkX1/AxywEiBV/F+QAMS3sdBYHqMrcbO5X+00= HTTP/1.1" 200 30
186.102.74.13 - - [13/Jun/2023:08:05:17 -0500] "GET /kwssiamovil/sm/acme/s?s=U2FsdGVkX191yH8yG2pNXW2ibNUzjBdrVfYN9dd8YSWQRaf7BKNkux7wPOEIfdDBzMWY4yGDhMVIgt093EW8b8OphPPanrB/A/S00iIFL6c=&u=U2FsdGVkX19Talk24oFMaOj9owBfWSAIS2ZpQCXJ/xg=&y=U2FsdGVkX1/AxywEiBV/F+QAMS3sdBYHqMrcbO5X+00= HTTP/1.1" 200 97
